2026-02-26 02:37:28.149 10 INFO neutron.api.wsgi [None req-13fc4cc5-2415-42c6-b9f3-12df9cb505cd bbf1c22f41b943158cd85a9bda41e907 6d914e61d5414143b27b9d384a9380e1 - - default default] 10.0.0.190 "GET /v2.0/subnetpools HTTP/1.1" status: 200 len: 193 time: 0.0047574
2026-02-26 02:37:28.162 10 INFO neutron.api.wsgi [None req-f1cc2d27-8091-469d-ab8d-f102a7f8f328 bbf1c22f41b943158cd85a9bda41e907 6d914e61d5414143b27b9d384a9380e1 - - default default] 10.0.0.190 "GET /v2.0/routers HTTP/1.1" status: 200 len: 189 time: 0.0116589
2026-02-26 02:37:28.181 10 INFO neutron.api.wsgi [None req-dbbccdfa-0714-41ed-8b1f-65541cf3f5a6 bbf1c22f41b943158cd85a9bda41e907 6d914e61d5414143b27b9d384a9380e1 - - default default] 10.0.0.190 "GET /v2.0/agents?binary=ovn-controller HTTP/1.1" status: 200 len: 591 time: 0.0184605
2026-02-26 02:37:28.194 10 INFO neutron.api.wsgi [None req-22d966d7-e11c-4ff2-98d9-09d38ff1c26b bbf1c22f41b943158cd85a9bda41e907 6d914e61d5414143b27b9d384a9380e1 - - default default] 10.0.0.190 "GET /v2.0/agents HTTP/1.1" status: 200 len: 1390 time: 0.0119922
2026-02-26 02:37:34.990 9 INFO neutron.api.wsgi [-] 10.0.0.144 "GET / HTTP/1.1" status: 200 len: 247 time: 0.0023479
2026-02-26 02:37:34.990 10 INFO neutron.api.wsgi [-] 10.0.0.144 "GET / HTTP/1.1" status: 200 len: 247 time: 0.0023375
2026-02-26 02:37:49.989 10 INFO neutron.api.wsgi [-] 10.0.0.144 "GET / HTTP/1.1" status: 200 len: 247 time: 0.0017593
2026-02-26 02:37:49.992 10 INFO neutron.api.wsgi [-] 10.0.0.144 "GET / HTTP/1.1" status: 200 len: 247 time: 0.0016747
2026-02-26 02:38:04.989 10 INFO neutron.api.wsgi [-] 10.0.0.144 "GET / HTTP/1.1" status: 200 len: 247 time: 0.0012264
2026-02-26 02:38:04.990 9 INFO neutron.api.wsgi [-] 10.0.0.144 "GET / HTTP/1.1" status: 200 len: 247 time: 0.0022619
2026-02-26 02:38:19.992 10 INFO neutron.api.wsgi [-] 10.0.0.144 "GET / HTTP/1.1" status: 200 len: 247 time: 0.0023689
2026-02-26 02:38:19.995 10 INFO neutron.api.wsgi [-] 10.0.0.144 "GET / HTTP/1.1" status: 200 len: 247 time: 0.0023267
2026-02-26 02:38:27.939 10 INFO neutron.api.wsgi [None req-89f1c727-78d9-466b-8be6-129a5438e1bc bbf1c22f41b943158cd85a9bda41e907 6d914e61d5414143b27b9d384a9380e1 - - default default] 10.0.0.190 "GET /v2.0/security-groups HTTP/1.1" status: 200 len: 17574 time: 0.1035130
2026-02-26 02:38:28.008 10 INFO neutron.api.wsgi [None req-d7379e6d-85a2-4b8c-a319-a19d073bd911 bbf1c22f41b943158cd85a9bda41e907 6d914e61d5414143b27b9d384a9380e1 - - default default] 10.0.0.190 "GET /v2.0/floatingips HTTP/1.1" status: 200 len: 193 time: 0.0640972
2026-02-26 02:38:28.031 10 INFO neutron.api.wsgi [None req-efd72da8-b21c-4e53-8606-ff2bb4c609a3 bbf1c22f41b943158cd85a9bda41e907 6d914e61d5414143b27b9d384a9380e1 - - default default] 10.0.0.190 "GET /v2.0/agents HTTP/1.1" status: 200 len: 1390 time: 0.0225875
2026-02-26 02:38:28.057 10 INFO neutron.api.wsgi [None req-0e1d52b9-e22b-43f4-975b-5d67dd5abc02 bbf1c22f41b943158cd85a9bda41e907 6d914e61d5414143b27b9d384a9380e1 - - default default] 10.0.0.190 "GET /v2.0/subnets HTTP/1.1" status: 200 len: 1484 time: 0.0252321
2026-02-26 02:38:28.066 10 INFO neutron.api.wsgi [None req-0ab02849-c3e7-491a-91ff-345a5d4dc598 bbf1c22f41b943158cd85a9bda41e907 6d914e61d5414143b27b9d384a9380e1 - - default default] 10.0.0.190 "GET /v2.0/subnetpools HTTP/1.1" status: 200 len: 193 time: 0.0079806
2026-02-26 02:38:28.117 10 INFO neutron.api.wsgi [None req-8e9f79bf-8da0-403c-8b6d-8cd435d20006 bbf1c22f41b943158cd85a9bda41e907 6d914e61d5414143b27b9d384a9380e1 - - default default] 10.0.0.190 "GET /v2.0/ports HTTP/1.1" status: 200 len: 5347 time: 0.0502689
2026-02-26 02:38:28.162 10 INFO neutron.api.wsgi [None req-9a6c5cac-3cd9-459c-8b22-e6de85f9954d bbf1c22f41b943158cd85a9bda41e907 6d914e61d5414143b27b9d384a9380e1 - - default default] 10.0.0.190 "GET /v2.0/networks HTTP/1.1" status: 200 len: 2350 time: 0.0409663
2026-02-26 02:38:28.186 10 INFO neutron.api.wsgi [None req-85542806-1256-4b7d-aea7-b9bf98da15f5 bbf1c22f41b943158cd85a9bda41e907 6d914e61d5414143b27b9d384a9380e1 - - default default] 10.0.0.190 "GET /v2.0/subnets HTTP/1.1" status: 200 len: 1484 time: 0.0213819
2026-02-26 02:38:28.202 10 INFO neutron.api.wsgi [None req-58996802-ac22-40a1-8085-a5b38f86600f bbf1c22f41b943158cd85a9bda41e907 6d914e61d5414143b27b9d384a9380e1 - - default default] 10.0.0.190 "GET /v2.0/routers HTTP/1.1" status: 200 len: 189 time: 0.0148907
2026-02-26 02:38:28.210 10 INFO neutron.api.wsgi [None req-62dea66e-617e-49b5-8bc6-8f41dcc35122 bbf1c22f41b943158cd85a9bda41e907 6d914e61d5414143b27b9d384a9380e1 - - default default] 10.0.0.190 "GET /v2.0/agents?binary=ovn-controller HTTP/1.1" status: 200 len: 591 time: 0.0069029
2026-02-26 02:38:28.221 10 INFO neutron.api.wsgi [None req-7424bf3f-d454-435e-a28d-e282f6d8a8a5 bbf1c22f41b943158cd85a9bda41e907 6d914e61d5414143b27b9d384a9380e1 - - default default] 10.0.0.190 "GET /v2.0/network-ip-availabilities HTTP/1.1" status: 200 len: 1280 time: 0.0101445
2026-02-26 02:38:34.990 10 INFO neutron.api.wsgi [-] 10.0.0.144 "GET / HTTP/1.1" status: 200 len: 247 time: 0.0017011
2026-02-26 02:38:34.991 9 INFO neutron.api.wsgi [-] 10.0.0.144 "GET / HTTP/1.1" status: 200 len: 247 time: 0.0024559
2026-02-26 02:38:49.990 9 INFO neutron.api.wsgi [-] 10.0.0.144 "GET / HTTP/1.1" status: 200 len: 247 time: 0.0022585
2026-02-26 02:38:49.991 10 INFO neutron.api.wsgi [-] 10.0.0.144 "GET / HTTP/1.1" status: 200 len: 247 time: 0.0023105
2026-02-26 02:39:04.990 9 INFO neutron.api.wsgi [-] 10.0.0.144 "GET / HTTP/1.1" status: 200 len: 247 time: 0.0023417
2026-02-26 02:39:04.993 10 INFO neutron.api.wsgi [-] 10.0.0.144 "GET / HTTP/1.1" status: 200 len: 247 time: 0.0024464
2026-02-26 02:39:19.989 9 INFO neutron.api.wsgi [-] 10.0.0.144 "GET / HTTP/1.1" status: 200 len: 247 time: 0.0014842
2026-02-26 02:39:19.990 10 INFO neutron.api.wsgi [-] 10.0.0.144 "GET / HTTP/1.1" status: 200 len: 247 time: 0.0029023
2026-02-26 02:39:28.073 10 INFO neutron.api.wsgi [None req-a03bf133-552f-4cbf-8927-6338be1433a9 bbf1c22f41b943158cd85a9bda41e907 6d914e61d5414143b27b9d384a9380e1 - - default default] 10.0.0.190 "GET /v2.0/floatingips HTTP/1.1" status: 200 len: 193 time: 0.2263060
2026-02-26 02:39:28.107 10 INFO neutron.api.wsgi [None req-24aa82ab-7e39-4f8a-931e-40acc8c5e13a bbf1c22f41b943158cd85a9bda41e907 6d914e61d5414143b27b9d384a9380e1 - - default default] 10.0.0.190 "GET /v2.0/agents HTTP/1.1" status: 200 len: 1390 time: 0.0339260
2026-02-26 02:39:28.121 10 INFO neutron.api.wsgi [None req-e08573df-f51f-4b86-ae39-9a1383c05031 bbf1c22f41b943158cd85a9bda41e907 6d914e61d5414143b27b9d384a9380e1 - - default default] 10.0.0.190 "GET /v2.0/routers HTTP/1.1" status: 200 len: 189 time: 0.0127473
2026-02-26 02:39:28.127 10 INFO neutron.api.wsgi [None req-919b7474-c719-4c9a-88e7-efe2ba1fd512 bbf1c22f41b943158cd85a9bda41e907 6d914e61d5414143b27b9d384a9380e1 - - default default] 10.0.0.190 "GET /v2.0/agents?binary=ovn-controller HTTP/1.1" status: 200 len: 591 time: 0.0060821
2026-02-26 02:39:28.170 10 INFO neutron.api.wsgi [None req-c7bd9b7d-74bb-4458-bdcc-67a54359fd26 bbf1c22f41b943158cd85a9bda41e907 6d914e61d5414143b27b9d384a9380e1 - - default default] 10.0.0.190 "GET /v2.0/networks HTTP/1.1" status: 200 len: 2350 time: 0.0420163
2026-02-26 02:39:28.200 10 INFO neutron.api.wsgi [None req-9e568a0b-a1da-477c-a49b-af2e75b819a1 bbf1c22f41b943158cd85a9bda41e907 6d914e61d5414143b27b9d384a9380e1 - - default default] 10.0.0.190 "GET /v2.0/security-groups HTTP/1.1" status: 200 len: 17574 time: 0.0271931
2026-02-26 02:39:28.225 10 INFO neutron.api.wsgi [None req-90e8d591-9558-4c5d-a6dd-738ac25b033f bbf1c22f41b943158cd85a9bda41e907 6d914e61d5414143b27b9d384a9380e1 - - default default] 10.0.0.190 "GET /v2.0/subnets HTTP/1.1" status: 200 len: 1484 time: 0.0194817
2026-02-26 02:39:28.234 10 INFO neutron.api.wsgi [None req-27b0250f-d44d-4a44-b744-a704b9ee99cf bbf1c22f41b943158cd85a9bda41e907 6d914e61d5414143b27b9d384a9380e1 - - default default] 10.0.0.190 "GET /v2.0/network-ip-availabilities HTTP/1.1" status: 200 len: 1280 time: 0.0083237
2026-02-26 02:39:28.255 10 INFO neutron.api.wsgi [None req-c4b52d8f-6017-4805-a653-181e313ae3d5 bbf1c22f41b943158cd85a9bda41e907 6d914e61d5414143b27b9d384a9380e1 - - default default] 10.0.0.190 "GET /v2.0/subnets HTTP/1.1" status: 200 len: 1484 time: 0.0205362
2026-02-26 02:39:28.262 10 INFO neutron.api.wsgi [None req-9646cc77-b7db-480b-94b2-234fe24e517c bbf1c22f41b943158cd85a9bda41e907 6d914e61d5414143b27b9d384a9380e1 - - default default] 10.0.0.190 "GET /v2.0/subnetpools HTTP/1.1" status: 200 len: 193 time: 0.0061984
2026-02-26 02:39:28.319 10 INFO neutron.api.wsgi [None req-410af94d-cbfa-4079-9bb5-ccc360aeccff bbf1c22f41b943158cd85a9bda41e907 6d914e61d5414143b27b9d384a9380e1 - - default default] 10.0.0.190 "GET /v2.0/ports HTTP/1.1" status: 200 len: 5347 time: 0.0567317
2026-02-26 02:39:34.989 10 INFO neutron.api.wsgi [-] 10.0.0.144 "GET / HTTP/1.1" status: 200 len: 247 time: 0.0016377
2026-02-26 02:39:34.991 10 INFO neutron.api.wsgi [-] 10.0.0.144 "GET / HTTP/1.1" status: 200 len: 247 time: 0.0013437
2026-02-26 02:39:49.993 10 INFO neutron.api.wsgi [-] 10.0.0.144 "GET / HTTP/1.1" status: 200 len: 247 time: 0.0043912
2026-02-26 02:39:49.995 10 INFO neutron.api.wsgi [-] 10.0.0.144 "GET / HTTP/1.1" status: 200 len: 247 time: 0.0013068
2026-02-26 02:40:04.993 9 INFO neutron.api.wsgi [-] 10.0.0.144 "GET / HTTP/1.1" status: 200 len: 247 time: 0.0035419
2026-02-26 02:40:04.998 9 INFO neutron.api.wsgi [-] 10.0.0.144 "GET / HTTP/1.1" status: 200 len: 247 time: 0.0041625
2026-02-26 02:40:19.988 10 INFO neutron.api.wsgi [-] 10.0.0.144 "GET / HTTP/1.1" status: 200 len: 247 time: 0.0013154
2026-02-26 02:40:19.990 9 INFO neutron.api.wsgi [-] 10.0.0.144 "GET / HTTP/1.1" status: 200 len: 247 time: 0.0027666
2026-02-26 02:40:27.983 10 INFO neutron.api.wsgi [None req-e7fb329d-11b2-4438-85a8-a26505eb343f bbf1c22f41b943158cd85a9bda41e907 6d914e61d5414143b27b9d384a9380e1 - - default default] 10.0.0.190 "GET /v2.0/floatingips HTTP/1.1" status: 200 len: 193 time: 0.1154017
2026-02-26 02:40:28.002 10 INFO neutron.api.wsgi [None req-ee75e498-a112-46b7-a845-b3915b660bdb bbf1c22f41b943158cd85a9bda41e907 6d914e61d5414143b27b9d384a9380e1 - - default default] 10.0.0.190 "GET /v2.0/network-ip-availabilities HTTP/1.1" status: 200 len: 1280 time: 0.0180495
2026-02-26 02:40:28.041 10 INFO neutron.api.wsgi [None req-0985103f-3dfe-4aa6-983f-7ec4ac17cdad bbf1c22f41b943158cd85a9bda41e907 6d914e61d5414143b27b9d384a9380e1 - - default default] 10.0.0.190 "GET /v2.0/ports HTTP/1.1" status: 200 len: 5347 time: 0.0385950
2026-02-26 02:40:28.114 10 INFO neutron.api.wsgi [None req-89b746f7-7600-4a8e-8873-a8ead6af2c44 bbf1c22f41b943158cd85a9bda41e907 6d914e61d5414143b27b9d384a9380e1 - - default default] 10.0.0.190 "GET /v2.0/networks HTTP/1.1" status: 200 len: 2350 time: 0.0690322
2026-02-26 02:40:28.126 10 INFO neutron.api.wsgi [None req-9f78c2fb-0679-47b7-88af-1fd43a9dbe0c bbf1c22f41b943158cd85a9bda41e907 6d914e61d5414143b27b9d384a9380e1 - - default default] 10.0.0.190 "GET /v2.0/routers HTTP/1.1" status: 200 len: 189 time: 0.0101974
2026-02-26 02:40:28.159 10 INFO neutron.api.wsgi [None req-820f0bde-2305-4ace-acbe-b633720bd417 bbf1c22f41b943158cd85a9bda41e907 6d914e61d5414143b27b9d384a9380e1 - - default default] 10.0.0.190 "GET /v2.0/agents?binary=ovn-controller HTTP/1.1" status: 200 len: 591 time: 0.0318043
2026-02-26 02:40:28.189 10 INFO neutron.api.wsgi [None req-30b71cf1-48fa-4645-bbeb-d40318b2bdde bbf1c22f41b943158cd85a9bda41e907 6d914e61d5414143b27b9d384a9380e1 - - default default] 10.0.0.190 "GET /v2.0/security-groups HTTP/1.1" status: 200 len: 17574 time: 0.0288918
2026-02-26 02:40:28.220 10 INFO neutron.api.wsgi [None req-878a2a56-22a2-494d-81b5-e0bb98200d37 bbf1c22f41b943158cd85a9bda41e907 6d914e61d5414143b27b9d384a9380e1 - - default default] 10.0.0.190 "GET /v2.0/subnets HTTP/1.1" status: 200 len: 1484 time: 0.0244279
2026-02-26 02:40:28.232 10 INFO neutron.api.wsgi [None req-6fc562df-fcd1-4ef1-9c98-bdf58af25e2a bbf1c22f41b943158cd85a9bda41e907 6d914e61d5414143b27b9d384a9380e1 - - default default] 10.0.0.190 "GET /v2.0/agents HTTP/1.1" status: 200 len: 1390 time: 0.0107477
2026-02-26 02:40:28.272 10 INFO neutron.api.wsgi [None req-4d3446f5-d209-4db0-b3a5-2657a415ed41 bbf1c22f41b943158cd85a9bda41e907 6d914e61d5414143b27b9d384a9380e1 - - default default] 10.0.0.190 "GET /v2.0/subnets HTTP/1.1" status: 200 len: 1484 time: 0.0258112
2026-02-26 02:40:28.287 10 INFO neutron.api.wsgi [None req-996d3fde-10f6-46d7-a9a2-6c5ee75111e5 bbf1c22f41b943158cd85a9bda41e907 6d914e61d5414143b27b9d384a9380e1 - - default default] 10.0.0.190 "GET /v2.0/subnetpools HTTP/1.1" status: 200 len: 193 time: 0.0130928
2026-02-26 02:40:34.990 9 INFO neutron.api.wsgi [-] 10.0.0.144 "GET / HTTP/1.1" status: 200 len: 247 time: 0.0014889
2026-02-26 02:40:34.992 10 INFO neutron.api.wsgi [-] 10.0.0.144 "GET / HTTP/1.1" status: 200 len: 247 time: 0.0037379
2026-02-26 02:40:49.991 10 INFO neutron.api.wsgi [-] 10.0.0.144 "GET / HTTP/1.1" status: 200 len: 247 time: 0.0023201
2026-02-26 02:40:49.991 9 INFO neutron.api.wsgi [-] 10.0.0.144 "GET / HTTP/1.1" status: 200 len: 247 time: 0.0032282
2026-02-26 02:41:01.865 10 INFO neutron.pecan_wsgi.hooks.translation [None req-66dc2c03-9529-4b0c-a505-ca9e55843303 bbf1c22f41b943158cd85a9bda41e907 6d914e61d5414143b27b9d384a9380e1 - - default default] GET failed (client error): The resource could not be found.
2026-02-26 02:41:01.866 10 INFO neutron.api.wsgi [None req-66dc2c03-9529-4b0c-a505-ca9e55843303 bbf1c22f41b943158cd85a9bda41e907 6d914e61d5414143b27b9d384a9380e1 - - default default] 162.253.55.43,10.0.0.144 "GET /v2.0/networks/public HTTP/1.1" status: 404 len: 290 time: 0.0404751
2026-02-26 02:41:01.911 10 INFO neutron.api.wsgi [None req-605bed93-5091-4d7d-844c-e29e24a1073d bbf1c22f41b943158cd85a9bda41e907 6d914e61d5414143b27b9d384a9380e1 - - default default] 162.253.55.43,10.0.0.144 "GET /v2.0/networks?name=public HTTP/1.1" status: 200 len: 928 time: 0.0412254
2026-02-26 02:41:03.035 10 INFO neutron.pecan_wsgi.hooks.translation [None req-546e37ef-5b36-4910-be63-aac2f7380eb7 bbf1c22f41b943158cd85a9bda41e907 6d914e61d5414143b27b9d384a9380e1 - - default default] GET failed (client error): The resource could not be found.
2026-02-26 02:41:03.036 10 INFO neutron.api.wsgi [None req-546e37ef-5b36-4910-be63-aac2f7380eb7 bbf1c22f41b943158cd85a9bda41e907 6d914e61d5414143b27b9d384a9380e1 - - default default] 162.253.55.43,10.0.0.144 "GET /v2.0/networks/public HTTP/1.1" status: 404 len: 290 time: 0.0404677
2026-02-26 02:41:03.078 10 INFO neutron.api.wsgi [None req-e2d54002-5215-43e8-b594-fd760a5eafba bbf1c22f41b943158cd85a9bda41e907 6d914e61d5414143b27b9d384a9380e1 - - default default] 162.253.55.43,10.0.0.144 "GET /v2.0/networks?name=public HTTP/1.1" status: 200 len: 928 time: 0.0381684
2026-02-26 02:41:03.095 10 INFO neutron.pecan_wsgi.hooks.translation [None req-19c5e92f-0585-4f23-be4d-eee08bd3a392 bbf1c22f41b943158cd85a9bda41e907 6d914e61d5414143b27b9d384a9380e1 - - default default] GET failed (client error): The resource could not be found.
2026-02-26 02:41:03.096 10 INFO neutron.api.wsgi [None req-19c5e92f-0585-4f23-be4d-eee08bd3a392 bbf1c22f41b943158cd85a9bda41e907 6d914e61d5414143b27b9d384a9380e1 - - default default] 162.253.55.43,10.0.0.144 "GET /v2.0/subnets/public-subnet?network_id=c583ca4c-ebf6-482f-8023-725b774ef642 HTTP/1.1" status: 404 len: 295 time: 0.0102432
2026-02-26 02:41:03.116 10 INFO neutron.api.wsgi [None req-fcb6fb91-746d-4029-9701-5365b9d36531 bbf1c22f41b943158cd85a9bda41e907 6d914e61d5414143b27b9d384a9380e1 - - default default] 162.253.55.43,10.0.0.144 "GET /v2.0/subnets?name=public-subnet&network_id=c583ca4c-ebf6-482f-8023-725b774ef642 HTTP/1.1" status: 200 len: 842 time: 0.0181544
2026-02-26 02:41:04.990 10 INFO neutron.api.wsgi [-] 10.0.0.144 "GET / HTTP/1.1" status: 200 len: 247 time: 0.0025580
2026-02-26 02:41:04.992 9 INFO neutron.api.wsgi [-] 10.0.0.144 "GET / HTTP/1.1" status: 200 len: 247 time: 0.0027053
2026-02-26 02:41:19.991 9 INFO neutron.api.wsgi [-] 10.0.0.144 "GET / HTTP/1.1" status: 200 len: 247 time: 0.0034432
2026-02-26 02:41:19.993 10 INFO neutron.api.wsgi [-] 10.0.0.144 "GET / HTTP/1.1" status: 200 len: 247 time: 0.0047774
2026-02-26 02:41:27.869 10 INFO neutron.api.wsgi [None req-2df17182-6eba-4a82-bfd4-7759c1c3a433 bbf1c22f41b943158cd85a9bda41e907 6d914e61d5414143b27b9d384a9380e1 - - default default] 10.0.0.190 "GET /v2.0/subnets HTTP/1.1" status: 200 len: 1484 time: 0.1082723
2026-02-26 02:41:27.877 10 INFO neutron.api.wsgi [None req-b93c62b4-d62a-4a3e-b5d9-0411a8eaeb5e bbf1c22f41b943158cd85a9bda41e907 6d914e61d5414143b27b9d384a9380e1 - - default default] 10.0.0.190 "GET /v2.0/subnetpools HTTP/1.1" status: 200 len: 193 time: 0.0067587
2026-02-26 02:41:27.899 10 INFO neutron.api.wsgi [None req-1c9cb482-fa5d-483a-9094-9c72b5676056 bbf1c22f41b943158cd85a9bda41e907 6d914e61d5414143b27b9d384a9380e1 - - default default] 10.0.0.190 "GET /v2.0/subnets HTTP/1.1" status: 200 len: 1484 time: 0.0210891
2026-02-26 02:41:27.935 10 INFO neutron.api.wsgi [None req-cdf3b66e-e595-49a1-8537-c19c64bd691f bbf1c22f41b943158cd85a9bda41e907 6d914e61d5414143b27b9d384a9380e1 - - default default] 10.0.0.190 "GET /v2.0/ports HTTP/1.1" status: 200 len: 5347 time: 0.0343201
2026-02-26 02:41:27.948 10 INFO neutron.api.wsgi [None req-5e472427-3051-48ad-85d9-5d21c3c74411 bbf1c22f41b943158cd85a9bda41e907 6d914e61d5414143b27b9d384a9380e1 - - default default] 10.0.0.190 "GET /v2.0/network-ip-availabilities HTTP/1.1" status: 200 len: 1280 time: 0.0111098
2026-02-26 02:41:27.983 10 INFO neutron.api.wsgi [None req-659fb044-c420-4911-986f-b97ad57ed38c bbf1c22f41b943158cd85a9bda41e907 6d914e61d5414143b27b9d384a9380e1 - - default default] 10.0.0.190 "GET /v2.0/networks HTTP/1.1" status: 200 len: 2350 time: 0.0343192
2026-02-26 02:41:28.017 10 INFO neutron.api.wsgi [None req-6fbadc7c-f7c9-4c15-833e-dab28103b033 bbf1c22f41b943158cd85a9bda41e907 6d914e61d5414143b27b9d384a9380e1 - - default default] 10.0.0.190 "GET /v2.0/security-groups HTTP/1.1" status: 200 len: 17574 time: 0.0304019
2026-02-26 02:41:28.040 10 INFO neutron.api.wsgi [None req-bb65475e-841f-4403-b618-62646eb5f1ed bbf1c22f41b943158cd85a9bda41e907 6d914e61d5414143b27b9d384a9380e1 - - default default] 10.0.0.190 "GET /v2.0/routers HTTP/1.1" status: 200 len: 189 time: 0.0151107
2026-02-26 02:41:28.067 10 INFO neutron.api.wsgi [None req-bd1931c3-3a4b-44b3-a0f8-bbcb541de0d7 bbf1c22f41b943158cd85a9bda41e907 6d914e61d5414143b27b9d384a9380e1 - - default default] 10.0.0.190 "GET /v2.0/agents?binary=ovn-controller HTTP/1.1" status: 200 len: 591 time: 0.0264289
2026-02-26 02:41:28.077 10 INFO neutron.api.wsgi [None req-7274ddc5-0329-4c21-9baa-f8d0187b1ae2 bbf1c22f41b943158cd85a9bda41e907 6d914e61d5414143b27b9d384a9380e1 - - default default] 10.0.0.190 "GET /v2.0/agents HTTP/1.1" status: 200 len: 1390 time: 0.0085309
2026-02-26 02:41:28.090 10 INFO neutron.api.wsgi [None req-e8bec1b3-c0e2-49f4-9904-2627d4524523 bbf1c22f41b943158cd85a9bda41e907 6d914e61d5414143b27b9d384a9380e1 - - default default] 10.0.0.190 "GET /v2.0/floatingips HTTP/1.1" status: 200 len: 193 time: 0.0118067
2026-02-26 02:41:28.560 10 INFO neutron.pecan_wsgi.hooks.translation [None req-97f2e6e7-2791-4a22-b689-674686a2b6fd bbf1c22f41b943158cd85a9bda41e907 6d914e61d5414143b27b9d384a9380e1 - - default default] GET failed (client error): The resource could not be found.
2026-02-26 02:41:28.561 10 INFO neutron.api.wsgi [None req-97f2e6e7-2791-4a22-b689-674686a2b6fd bbf1c22f41b943158cd85a9bda41e907 6d914e61d5414143b27b9d384a9380e1 - - default default] 162.253.55.43,10.0.0.144 "GET /v2.0/networks/lb-mgmt-net HTTP/1.1" status: 404 len: 295 time: 0.0531924
2026-02-26 02:41:28.604 10 INFO neutron.api.wsgi [None req-36941f9e-bb32-4a62-bf37-fc170d9f24bd bbf1c22f41b943158cd85a9bda41e907 6d914e61d5414143b27b9d384a9380e1 - - default default] 162.253.55.43,10.0.0.144 "GET /v2.0/networks?name=lb-mgmt-net HTTP/1.1" status: 200 len: 913 time: 0.0381684
2026-02-26 02:41:29.506 10 INFO neutron.pecan_wsgi.hooks.translation [None req-c1f5b4d2-d486-4e2e-9e96-30531f45dc06 bbf1c22f41b943158cd85a9bda41e907 6d914e61d5414143b27b9d384a9380e1 - - default default] GET failed (client error): The resource could not be found.
2026-02-26 02:41:29.508 10 INFO neutron.api.wsgi [None req-c1f5b4d2-d486-4e2e-9e96-30531f45dc06 bbf1c22f41b943158cd85a9bda41e907 6d914e61d5414143b27b9d384a9380e1 - - default default] 162.253.55.43,10.0.0.144 "GET /v2.0/networks/lb-mgmt-net HTTP/1.1" status: 404 len: 295 time: 0.0387325
2026-02-26 02:41:29.549 10 INFO neutron.api.wsgi [None req-d92d5f20-2b9e-4ff4-85a1-95c0f1d60364 bbf1c22f41b943158cd85a9bda41e907 6d914e61d5414143b27b9d384a9380e1 - - default default] 162.253.55.43,10.0.0.144 "GET /v2.0/networks?name=lb-mgmt-net HTTP/1.1" status: 200 len: 913 time: 0.0382609
2026-02-26 02:41:29.570 10 INFO neutron.pecan_wsgi.hooks.translation [None req-1e97b1cb-a2e2-435c-8295-e225d186b6e9 bbf1c22f41b943158cd85a9bda41e907 6d914e61d5414143b27b9d384a9380e1 - - default default] GET failed (client error): The resource could not be found.
2026-02-26 02:41:29.571 10 INFO neutron.api.wsgi [None req-1e97b1cb-a2e2-435c-8295-e225d186b6e9 bbf1c22f41b943158cd85a9bda41e907 6d914e61d5414143b27b9d384a9380e1 - - default default] 162.253.55.43,10.0.0.144 "GET /v2.0/subnets/lb-mgmt-subnet?network_id=077d21f0-7753-4461-9224-773ee638745a HTTP/1.1" status: 404 len: 296 time: 0.0123980
2026-02-26 02:41:29.601 10 INFO neutron.api.wsgi [None req-9931c5fb-a85d-4a79-a2b4-a4bc53e52f41 bbf1c22f41b943158cd85a9bda41e907 6d914e61d5414143b27b9d384a9380e1 - - default default] 162.253.55.43,10.0.0.144 "GET /v2.0/subnets?name=lb-mgmt-subnet&network_id=077d21f0-7753-4461-9224-773ee638745a HTTP/1.1" status: 200 len: 829 time: 0.0259285
2026-02-26 02:41:30.712 10 INFO neutron.api.v2.resource [None req-ded80e59-b221-4801-bd3c-aadd9aae9516 bbf1c22f41b943158cd85a9bda41e907 6d914e61d5414143b27b9d384a9380e1 - - default default] show failed (client error): The resource could not be found.
2026-02-26 02:41:30.713 10 INFO neutron.api.wsgi [None req-ded80e59-b221-4801-bd3c-aadd9aae9516 bbf1c22f41b943158cd85a9bda41e907 6d914e61d5414143b27b9d384a9380e1 - - default default] 162.253.55.43,10.0.0.144 "GET /v2.0/security-groups/lb-health-mgr-sec-grp HTTP/1.1" status: 404 len: 313 time: 0.0419493
2026-02-26 02:41:30.746 10 INFO neutron.api.wsgi [None req-52c88c36-55c8-46d5-a115-8ad285214dfb bbf1c22f41b943158cd85a9bda41e907 6d914e61d5414143b27b9d384a9380e1 - - default default] 162.253.55.43,10.0.0.144 "GET /v2.0/security-groups?name=lb-health-mgr-sec-grp HTTP/1.1" status: 200 len: 4866 time: 0.0299120
2026-02-26 02:41:31.892 10 INFO neutron.api.wsgi [None req-d12d38e8-9d14-4913-be63-f4b2c9dd5774 bbf1c22f41b943158cd85a9bda41e907 6d914e61d5414143b27b9d384a9380e1 - - default default] 162.253.55.43,10.0.0.144 "GET /v2.0/security-groups/638209d2-3b25-4a08-b941-2c11d7637c54 HTTP/1.1" status: 200 len: 4870 time: 0.0932145
2026-02-26 02:41:31.929 10 INFO neutron.api.wsgi [None req-dd35aa14-002c-4c3e-965c-e0cb4b309bc2 bbf1c22f41b943158cd85a9bda41e907 6d914e61d5414143b27b9d384a9380e1 - - default default] 162.253.55.43,10.0.0.144 "GET /v2.0/security-groups/638209d2-3b25-4a08-b941-2c11d7637c54 HTTP/1.1" status: 200 len: 4870 time: 0.0316732
2026-02-26 02:41:31.949 10 INFO neutron.api.wsgi [None req-47a31798-c4ea-4443-b083-a192440f8828 bbf1c22f41b943158cd85a9bda41e907 6d914e61d5414143b27b9d384a9380e1 - - default default] 162.253.55.43,10.0.0.144 "GET /v2.0/security-group-rules/dcdbf3f3-c824-4203-bdf7-c4ff94c36a18 HTTP/1.1" status: 200 len: 776 time: 0.0134344
2026-02-26 02:41:32.793 10 INFO neutron.api.wsgi [None req-6807ed1f-de6f-4b67-8849-44810ccbdb7c bbf1c22f41b943158cd85a9bda41e907 6d914e61d5414143b27b9d384a9380e1 - - default default] 162.253.55.43,10.0.0.144 "GET /v2.0/security-groups/638209d2-3b25-4a08-b941-2c11d7637c54 HTTP/1.1" status: 200 len: 4870 time: 0.0531824
2026-02-26 02:41:32.832 10 INFO neutron.api.wsgi [None req-aa939c81-f320-4dca-b4ec-5ee86c09b5a7 bbf1c22f41b943158cd85a9bda41e907 6d914e61d5414143b27b9d384a9380e1 - - default default] 162.253.55.43,10.0.0.144 "GET /v2.0/security-groups/638209d2-3b25-4a08-b941-2c11d7637c54 HTTP/1.1" status: 200 len: 4870 time: 0.0313964
2026-02-26 02:41:32.853 10 INFO neutron.api.wsgi [None req-d9e276dc-2c1e-4395-bc2d-01e5917f2b12 bbf1c22f41b943158cd85a9bda41e907 6d914e61d5414143b27b9d384a9380e1 - - default default] 162.253.55.43,10.0.0.144 "GET /v2.0/security-group-rules/2cbae4ce-c0b4-427f-bfef-c5192d49a59a HTTP/1.1" status: 200 len: 778 time: 0.0130658
2026-02-26 02:41:33.693 10 INFO neutron.api.wsgi [None req-222c5a40-6c1c-43ce-aeb2-5e7cd28f2c15 bbf1c22f41b943158cd85a9bda41e907 6d914e61d5414143b27b9d384a9380e1 - - default default] 162.253.55.43,10.0.0.144 "GET /v2.0/security-groups/638209d2-3b25-4a08-b941-2c11d7637c54 HTTP/1.1" status: 200 len: 4870 time: 0.0610363
2026-02-26 02:41:33.730 10 INFO neutron.api.wsgi [None req-1af7da05-dac7-4ed1-a94e-35c71a632ebe bbf1c22f41b943158cd85a9bda41e907 6d914e61d5414143b27b9d384a9380e1 - - default default] 162.253.55.43,10.0.0.144 "GET /v2.0/security-groups/638209d2-3b25-4a08-b941-2c11d7637c54 HTTP/1.1" status: 200 len: 4870 time: 0.0305867
2026-02-26 02:41:33.748 10 INFO neutron.api.wsgi [None req-3a9c3ca4-2546-4e2a-9059-3d22ce766ee2 bbf1c22f41b943158cd85a9bda41e907 6d914e61d5414143b27b9d384a9380e1 - - default default] 162.253.55.43,10.0.0.144 "GET /v2.0/security-group-rules/6f913dc3-e5ad-4953-b717-e99cc5e5c248 HTTP/1.1" status: 200 len: 778 time: 0.0131752
2026-02-26 02:41:34.622 10 INFO neutron.api.wsgi [None req-fe392f01-6543-462c-b319-ca3cf443c721 bbf1c22f41b943158cd85a9bda41e907 6d914e61d5414143b27b9d384a9380e1 - - default default] 162.253.55.43,10.0.0.144 "GET /v2.0/security-groups/638209d2-3b25-4a08-b941-2c11d7637c54 HTTP/1.1" status: 200 len: 4870 time: 0.0628512
2026-02-26 02:41:34.657 10 INFO neutron.api.wsgi [None req-0504a907-bd81-4dad-a5de-ae551ede6542 bbf1c22f41b943158cd85a9bda41e907 6d914e61d5414143b27b9d384a9380e1 - - default default] 162.253.55.43,10.0.0.144 "GET /v2.0/security-groups/638209d2-3b25-4a08-b941-2c11d7637c54 HTTP/1.1" status: 200 len: 4870 time: 0.0286000
2026-02-26 02:41:34.677 10 INFO neutron.api.wsgi [None req-b79898df-4a5d-4b8d-bd4e-a36a1dc1126a bbf1c22f41b943158cd85a9bda41e907 6d914e61d5414143b27b9d384a9380e1 - - default default] 162.253.55.43,10.0.0.144 "GET /v2.0/security-group-rules/69ca16af-ce2d-4f01-8072-de01b587fe90 HTTP/1.1" status: 200 len: 778 time: 0.0133307
2026-02-26 02:41:34.990 10 INFO neutron.api.wsgi [-] 10.0.0.144 "GET / HTTP/1.1" status: 200 len: 247 time: 0.0024011
2026-02-26 02:41:34.991 9 INFO neutron.api.wsgi [-] 10.0.0.144 "GET / HTTP/1.1" status: 200 len: 247 time: 0.0026510
2026-02-26 02:41:35.523 10 INFO neutron.api.wsgi [None req-7456a43c-8c2d-49eb-af5b-a23c448d6fcb bbf1c22f41b943158cd85a9bda41e907 6d914e61d5414143b27b9d384a9380e1 - - default default] 162.253.55.43,10.0.0.144 "GET /v2.0/security-groups/638209d2-3b25-4a08-b941-2c11d7637c54 HTTP/1.1" status: 200 len: 4870 time: 0.0562243
2026-02-26 02:41:35.560 10 INFO neutron.api.wsgi [None req-ac64f273-8421-4e8a-a420-3707c5c888cd bbf1c22f41b943158cd85a9bda41e907 6d914e61d5414143b27b9d384a9380e1 - - default default] 162.253.55.43,10.0.0.144 "GET /v2.0/security-groups/638209d2-3b25-4a08-b941-2c11d7637c54 HTTP/1.1" status: 200 len: 4870 time: 0.0291157
2026-02-26 02:41:35.578 10 INFO neutron.api.wsgi [None req-d651fae2-b8a3-4a21-872f-9268278c1d92 bbf1c22f41b943158cd85a9bda41e907 6d914e61d5414143b27b9d384a9380e1 - - default default] 162.253.55.43,10.0.0.144 "GET /v2.0/security-group-rules/a8563b8f-f6a0-4b17-8e6c-882152df4bb1 HTTP/1.1" status: 200 len: 778 time: 0.0120173
2026-02-26 02:41:36.718 10 INFO neutron.api.wsgi [None req-dfa33ff2-dbbd-4a4a-814d-bd4b2c24a7a9 bbf1c22f41b943158cd85a9bda41e907 6d914e61d5414143b27b9d384a9380e1 - - default default] 162.253.55.43,10.0.0.144 "GET /v2.0/networks/077d21f0-7753-4461-9224-773ee638745a HTTP/1.1" status: 200 len: 910 time: 0.0699697
2026-02-26 02:41:36.741 10 INFO neutron.pecan_wsgi.hooks.translation [None req-04f726bf-6cb6-46ea-bc60-08dfe0947e8e bbf1c22f41b943158cd85a9bda41e907 6d914e61d5414143b27b9d384a9380e1 - - default default] GET failed (client error): The resource could not be found.
2026-02-26 02:41:36.742 10 INFO neutron.api.wsgi [None req-04f726bf-6cb6-46ea-bc60-08dfe0947e8e bbf1c22f41b943158cd85a9bda41e907 6d914e61d5414143b27b9d384a9380e1 - - default default] 162.253.55.43,10.0.0.144 "GET /v2.0/ports/octavia-health-manager-port-instance?network_id=077d21f0-7753-4461-9224-773ee638745a HTTP/1.1" status: 404 len: 314 time: 0.0141640
2026-02-26 02:41:36.787 10 INFO neutron.api.wsgi [None req-a6515c05-117e-4cec-affa-a7f30f730c82 bbf1c22f41b943158cd85a9bda41e907 6d914e61d5414143b27b9d384a9380e1 - - default default] 162.253.55.43,10.0.0.144 "GET /v2.0/ports?name=octavia-health-manager-port-instance&network_id=077d21f0-7753-4461-9224-773ee638745a HTTP/1.1" status: 200 len: 1395 time: 0.0415721
2026-02-26 02:41:36.822 10 INFO neutron.api.wsgi [None req-4ad2bcb2-7b8a-476c-b007-41deb61150fe bbf1c22f41b943158cd85a9bda41e907 6d914e61d5414143b27b9d384a9380e1 - - default default] 162.253.55.43,10.0.0.144 "GET /v2.0/security-groups/638209d2-3b25-4a08-b941-2c11d7637c54 HTTP/1.1" status: 200 len: 4870 time: 0.0288785
2026-02-26 02:41:43.269 10 INFO neutron.pecan_wsgi.hooks.translation [None req-3646147d-5582-4930-b931-99b54f873b33 bbf1c22f41b943158cd85a9bda41e907 6d914e61d5414143b27b9d384a9380e1 - - default default] GET failed (client error): The resource could not be found.
2026-02-26 02:41:43.270 10 INFO neutron.api.wsgi [None req-3646147d-5582-4930-b931-99b54f873b33 bbf1c22f41b943158cd85a9bda41e907 6d914e61d5414143b27b9d384a9380e1 - - default default] 162.253.55.43,10.0.0.144 "GET /v2.0/ports/octavia-health-manager-port-instance HTTP/1.1" status: 404 len: 314 time: 0.0514793
2026-02-26 02:41:43.306 10 INFO neutron.api.wsgi [None req-d065fa55-3a6a-46bc-875e-f3653ef409fc bbf1c22f41b943158cd85a9bda41e907 6d914e61d5414143b27b9d384a9380e1 - - default default] 162.253.55.43,10.0.0.144 "GET /v2.0/ports?name=octavia-health-manager-port-instance HTTP/1.1" status: 200 len: 1395 time: 0.0306671
2026-02-26 02:41:44.884 10 INFO neutron.api.wsgi [None req-f97cd16b-0a43-46ed-9c74-076d95e00a29 bbf1c22f41b943158cd85a9bda41e907 6d914e61d5414143b27b9d384a9380e1 - - default default] 162.253.55.43,10.0.0.144 "GET /v2.0/ports HTTP/1.1" status: 200 len: 5347 time: 0.0678008
2026-02-26 02:41:45.892 10 INFO neutron.api.v2.resource [None req-57667464-7147-4cc0-b75a-0f19873c7228 bbf1c22f41b943158cd85a9bda41e907 6d914e61d5414143b27b9d384a9380e1 - - default default] show failed (client error): The resource could not be found.
2026-02-26 02:41:45.893 10 INFO neutron.api.wsgi [None req-57667464-7147-4cc0-b75a-0f19873c7228 bbf1c22f41b943158cd85a9bda41e907 6d914e61d5414143b27b9d384a9380e1 - - default default] 162.253.55.43,10.0.0.144 "GET /v2.0/security-groups/lb-mgmt-sec-grp HTTP/1.1" status: 404 len: 307 time: 0.0376353
2026-02-26 02:41:45.923 10 INFO neutron.api.wsgi [None req-b715f6b7-5255-44a1-8d65-ed5b1002321a bbf1c22f41b943158cd85a9bda41e907 6d914e61d5414143b27b9d384a9380e1 - - default default] 162.253.55.43,10.0.0.144 "GET /v2.0/security-groups?name=lb-mgmt-sec-grp HTTP/1.1" status: 200 len: 3057 time: 0.0267348
2026-02-26 02:41:46.873 10 INFO neutron.api.wsgi [None req-5e9469c7-5a94-403c-84c8-f00badd8fd2b bbf1c22f41b943158cd85a9bda41e907 6d914e61d5414143b27b9d384a9380e1 - - default default] 162.253.55.43,10.0.0.144 "GET /v2.0/security-groups/eecd0820-58d3-4034-81ff-b83eaa6462cf HTTP/1.1" status: 200 len: 3058 time: 0.0557988
2026-02-26 02:41:46.902 10 INFO neutron.api.wsgi [None req-4728b789-91ca-4091-8dd7-4cdd6fc8b6d5 bbf1c22f41b943158cd85a9bda41e907 6d914e61d5414143b27b9d384a9380e1 - - default default] 162.253.55.43,10.0.0.144 "GET /v2.0/security-groups/eecd0820-58d3-4034-81ff-b83eaa6462cf HTTP/1.1" status: 200 len: 3058 time: 0.0217738
2026-02-26 02:41:46.921 10 INFO neutron.api.wsgi [None req-196745b1-8288-4a99-a204-d827cb017e94 bbf1c22f41b943158cd85a9bda41e907 6d914e61d5414143b27b9d384a9380e1 - - default default] 162.253.55.43,10.0.0.144 "GET /v2.0/security-group-rules/8bb6d9a4-3fd8-4bc8-b84c-41ab656431d8 HTTP/1.1" status: 200 len: 796 time: 0.0122101
2026-02-26 02:41:47.802 10 INFO neutron.api.wsgi [None req-a0ecfab8-4d00-4914-b9a2-8f2e1a1ff37e bbf1c22f41b943158cd85a9bda41e907 6d914e61d5414143b27b9d384a9380e1 - - default default] 162.253.55.43,10.0.0.144 "GET /v2.0/security-groups/eecd0820-58d3-4034-81ff-b83eaa6462cf HTTP/1.1" status: 200 len: 3058 time: 0.0560246
2026-02-26 02:41:47.832 10 INFO neutron.api.wsgi [None req-46950f52-e399-4765-a2d3-463c553a4f93 bbf1c22f41b943158cd85a9bda41e907 6d914e61d5414143b27b9d384a9380e1 - - default default] 162.253.55.43,10.0.0.144 "GET /v2.0/security-groups/eecd0820-58d3-4034-81ff-b83eaa6462cf HTTP/1.1" status: 200 len: 3058 time: 0.0212514
2026-02-26 02:41:47.861 10 INFO neutron.api.wsgi [None req-352ef734-c5d9-4776-b0e7-2d9c42431e73 bbf1c22f41b943158cd85a9bda41e907 6d914e61d5414143b27b9d384a9380e1 - - default default] 162.253.55.43,10.0.0.144 "GET /v2.0/security-group-rules/28c7675e-fb46-4a59-a027-8d0c70229328 HTTP/1.1" status: 200 len: 800 time: 0.0209944
2026-02-26 02:41:49.991 9 INFO neutron.api.wsgi [-] 10.0.0.144 "GET / HTTP/1.1" status: 200 len: 247 time: 0.0026379
2026-02-26 02:41:49.993 10 INFO neutron.api.wsgi [-] 10.0.0.144 "GET / HTTP/1.1" status: 200 len: 247 time: 0.0052109
2026-02-26 02:41:58.677 10 INFO neutron.api.wsgi [None req-4ad46c4d-4ccc-45ef-ade8-93076fce68c2 bbf1c22f41b943158cd85a9bda41e907 6d914e61d5414143b27b9d384a9380e1 - - default default] 162.253.55.43,10.0.0.144 "GET /v2.0/quotas/6d914e61d5414143b27b9d384a9380e1 HTTP/1.1" status: 200 len: 466 time: 0.0097656
2026-02-26 02:42:04.990 10 INFO neutron.api.wsgi [-] 10.0.0.144 "GET / HTTP/1.1" status: 200 len: 247 time: 0.0023253
2026-02-26 02:42:04.991 9 INFO neutron.api.wsgi [-] 10.0.0.144 "GET / HTTP/1.1" status: 200 len: 247 time: 0.0030651
2026-02-26 02:42:19.992 10 INFO neutron.api.wsgi [-] 10.0.0.144 "GET / HTTP/1.1" status: 200 len: 247 time: 0.0037227
2026-02-26 02:42:19.995 10 INFO neutron.api.wsgi [-] 10.0.0.144 "GET / HTTP/1.1" status: 200 len: 247 time: 0.0020831
2026-02-26 02:42:27.929 10 INFO neutron.api.wsgi [None req-ee1a3c30-bfcc-465d-9864-bee0bf596d0e bbf1c22f41b943158cd85a9bda41e907 6d914e61d5414143b27b9d384a9380e1 - - default default] 10.0.0.190 "GET /v2.0/security-groups HTTP/1.1" status: 200 len: 17574 time: 0.1627398
2026-02-26 02:42:27.956 10 INFO neutron.api.wsgi [None req-75e823e7-a9b2-40cf-9405-9ba00369a15a bbf1c22f41b943158cd85a9bda41e907 6d914e61d5414143b27b9d384a9380e1 - - default default] 10.0.0.190 "GET /v2.0/subnets HTTP/1.1" status: 200 len: 1484 time: 0.0231619
2026-02-26 02:42:28.003 10 INFO neutron.api.wsgi [None req-0804bcdb-c18d-44c0-a693-304506a8e764 bbf1c22f41b943158cd85a9bda41e907 6d914e61d5414143b27b9d384a9380e1 - - default default] 10.0.0.190 "GET /v2.0/ports HTTP/1.1" status: 200 len: 5347 time: 0.0457275
2026-02-26 02:42:28.019 10 INFO neutron.api.wsgi [None req-bfac262f-a13c-4664-b1b4-d2c0299c46ba bbf1c22f41b943158cd85a9bda41e907 6d914e61d5414143b27b9d384a9380e1 - - default default] 10.0.0.190 "GET /v2.0/routers HTTP/1.1" status: 200 len: 189 time: 0.0136549
2026-02-26 02:42:28.051 10 INFO neutron.api.wsgi [None req-16069f8d-4654-41f5-92bb-6c78c4ee4b3d bbf1c22f41b943158cd85a9bda41e907 6d914e61d5414143b27b9d384a9380e1 - - default default] 10.0.0.190 "GET /v2.0/agents?binary=ovn-controller HTTP/1.1" status: 200 len: 591 time: 0.0314770
2026-02-26 02:42:28.079 10 INFO neutron.api.wsgi [None req-2c1b7fe1-b18a-4e9e-9742-55ee25277af7 bbf1c22f41b943158cd85a9bda41e907 6d914e61d5414143b27b9d384a9380e1 - - default default] 10.0.0.190 "GET /v2.0/subnets HTTP/1.1" status: 200 len: 1484 time: 0.0270596
2026-02-26 02:42:28.093 10 INFO neutron.api.wsgi [None req-62bbc84a-b788-4e21-a53d-85d52f44cb59 bbf1c22f41b943158cd85a9bda41e907 6d914e61d5414143b27b9d384a9380e1 - - default default] 10.0.0.190 "GET /v2.0/subnetpools HTTP/1.1" status: 200 len: 193 time: 0.0126300
2026-02-26 02:42:28.104 10 INFO neutron.api.wsgi [None req-cdce4d22-93e3-4ba0-bf04-057aa51383ba bbf1c22f41b943158cd85a9bda41e907 6d914e61d5414143b27b9d384a9380e1 - - default default] 10.0.0.190 "GET /v2.0/agents HTTP/1.1" status: 200 len: 1390 time: 0.0100203
2026-02-26 02:42:28.156 10 INFO neutron.api.wsgi [None req-1ad9a1db-b4b7-40c8-88b3-1d8651523b38 bbf1c22f41b943158cd85a9bda41e907 6d914e61d5414143b27b9d384a9380e1 - - default default] 10.0.0.190 "GET /v2.0/networks HTTP/1.1" status: 200 len: 2350 time: 0.0508578
2026-02-26 02:42:28.165 10 INFO neutron.api.wsgi [None req-50e90cb1-a3e9-4ccc-8868-2bd6db78ec50 bbf1c22f41b943158cd85a9bda41e907 6d914e61d5414143b27b9d384a9380e1 - - default default] 10.0.0.190 "GET /v2.0/network-ip-availabilities HTTP/1.1" status: 200 len: 1280 time: 0.0080149
2026-02-26 02:42:28.196 10 INFO neutron.api.wsgi [None req-7f10eccf-c5fc-4142-a03b-a148908fd9cd bbf1c22f41b943158cd85a9bda41e907 6d914e61d5414143b27b9d384a9380e1 - - default default] 10.0.0.190 "GET /v2.0/floatingips HTTP/1.1" status: 200 len: 193 time: 0.0298507
2026-02-26 02:42:34.991 10 INFO neutron.api.wsgi [-] 10.0.0.144 "GET / HTTP/1.1" status: 200 len: 247 time: 0.0026045
2026-02-26 02:42:34.991 9 INFO neutron.api.wsgi [-] 10.0.0.144 "GET / HTTP/1.1" status: 200 len: 247 time: 0.0025425
2026-02-26 02:42:45.982 10 INFO neutron.api.v2.resource [None req-52aabc9c-a186-4150-a1cd-5f18583e63d5 bbf1c22f41b943158cd85a9bda41e907 6d914e61d5414143b27b9d384a9380e1 - - default default] show failed (client error): The resource could not be found.
2026-02-26 02:42:45.983 10 INFO neutron.api.wsgi [None req-52aabc9c-a186-4150-a1cd-5f18583e63d5 bbf1c22f41b943158cd85a9bda41e907 6d914e61d5414143b27b9d384a9380e1 - - default default] 162.253.55.43,10.0.0.144 "GET /v2.0/security-groups/manila-service-security-group?project_id=be9abaf8ad7141e59d58a44111b259b0 HTTP/1.1" status: 404 len: 321 time: 0.0394158
2026-02-26 02:42:46.016 10 INFO neutron.api.wsgi [None req-3c591f17-925c-4217-8ea4-2957c2c51db2 bbf1c22f41b943158cd85a9bda41e907 6d914e61d5414143b27b9d384a9380e1 - - default default] 162.253.55.43,10.0.0.144 "GET /v2.0/security-groups?name=manila-service-security-group&project_id=be9abaf8ad7141e59d58a44111b259b0 HTTP/1.1" status: 200 len: 4248 time: 0.0293465
2026-02-26 02:42:47.016 10 INFO neutron.api.wsgi [None req-3fcb1423-a06d-462c-8b0a-86394fc026b8 bbf1c22f41b943158cd85a9bda41e907 6d914e61d5414143b27b9d384a9380e1 - - default default] 162.253.55.43,10.0.0.144 "GET /v2.0/security-groups/274da11e-201b-43fa-9e38-1d4b412f3be3?project_id=be9abaf8ad7141e59d58a44111b259b0 HTTP/1.1" status: 200 len: 4251 time: 0.0544574
2026-02-26 02:42:47.053 10 INFO neutron.api.wsgi [None req-df91ace5-45da-4167-9bdf-9c487720e65b bbf1c22f41b943158cd85a9bda41e907 6d914e61d5414143b27b9d384a9380e1 - - default default] 162.253.55.43,10.0.0.144 "GET /v2.0/security-groups/274da11e-201b-43fa-9e38-1d4b412f3be3 HTTP/1.1" status: 200 len: 4251 time: 0.0289450
2026-02-26 02:42:47.078 10 INFO neutron.api.wsgi [None req-a33dcaa1-8182-4f76-be86-fbff31f567bb bbf1c22f41b943158cd85a9bda41e907 6d914e61d5414143b27b9d384a9380e1 - - default default] 162.253.55.43,10.0.0.144 "GET /v2.0/security-group-rules/281085c0-b62e-4ddd-bd48-e2cb5c5a7da4 HTTP/1.1" status: 200 len: 772 time: 0.0174201
2026-02-26 02:42:48.015 10 INFO neutron.api.wsgi [None req-6c0aa39d-4d2d-448c-9516-fce6e11de767 bbf1c22f41b943158cd85a9bda41e907 6d914e61d5414143b27b9d384a9380e1 - - default default] 162.253.55.43,10.0.0.144 "GET /v2.0/security-groups/274da11e-201b-43fa-9e38-1d4b412f3be3?project_id=be9abaf8ad7141e59d58a44111b259b0 HTTP/1.1" status: 200 len: 4251 time: 0.0702457
2026-02-26 02:42:48.051 10 INFO neutron.api.wsgi [None req-69615256-1e66-4f84-9b0a-2ace4352bf98 bbf1c22f41b943158cd85a9bda41e907 6d914e61d5414143b27b9d384a9380e1 - - default default] 162.253.55.43,10.0.0.144 "GET /v2.0/security-groups/274da11e-201b-43fa-9e38-1d4b412f3be3 HTTP/1.1" status: 200 len: 4251 time: 0.0281787
2026-02-26 02:42:48.073 10 INFO neutron.api.wsgi [None req-5321b779-c047-4b2f-b20b-cbeac4f3a373 bbf1c22f41b943158cd85a9bda41e907 6d914e61d5414143b27b9d384a9380e1 - - default default] 162.253.55.43,10.0.0.144 "GET /v2.0/security-group-rules/3a6b9a88-2410-498b-8170-c473fdca2773 HTTP/1.1" status: 200 len: 774 time: 0.0162041
2026-02-26 02:42:48.950 10 INFO neutron.api.wsgi [None req-3ae8b6cd-9e7c-42f0-8f8f-e483e005bf9f bbf1c22f41b943158cd85a9bda41e907 6d914e61d5414143b27b9d384a9380e1 - - default default] 162.253.55.43,10.0.0.144 "GET /v2.0/security-groups/274da11e-201b-43fa-9e38-1d4b412f3be3?project_id=be9abaf8ad7141e59d58a44111b259b0 HTTP/1.1" status: 200 len: 4251 time: 0.0524843
2026-02-26 02:42:48.981 10 INFO neutron.api.wsgi [None req-0bc8ebbd-48b5-4905-8284-8a57ba0b4855 bbf1c22f41b943158cd85a9bda41e907 6d914e61d5414143b27b9d384a9380e1 - - default default] 162.253.55.43,10.0.0.144 "GET /v2.0/security-groups/274da11e-201b-43fa-9e38-1d4b412f3be3 HTTP/1.1" status: 200 len: 4251 time: 0.0245121
2026-02-26 02:42:49.001 10 INFO neutron.api.wsgi [None req-54bd95b9-d41a-4bd4-8010-319a30602fc3 bbf1c22f41b943158cd85a9bda41e907 6d914e61d5414143b27b9d384a9380e1 - - default default] 162.253.55.43,10.0.0.144 "GET /v2.0/security-group-rules/7c238ef7-0ab6-4e91-98d6-6bbaed04c6f2 HTTP/1.1" status: 200 len: 776 time: 0.0138328
2026-02-26 02:42:49.975 10 INFO neutron.api.wsgi [None req-cf977f0a-7fd0-4815-a7b2-987c5cba83bc bbf1c22f41b943158cd85a9bda41e907 6d914e61d5414143b27b9d384a9380e1 - - default default] 162.253.55.43,10.0.0.144 "GET /v2.0/security-groups/274da11e-201b-43fa-9e38-1d4b412f3be3?project_id=be9abaf8ad7141e59d58a44111b259b0 HTTP/1.1" status: 200 len: 4251 time: 0.0569139
2026-02-26 02:42:49.990 9 INFO neutron.api.wsgi [-] 10.0.0.144 "GET / HTTP/1.1" status: 200 len: 247 time: 0.0022268
2026-02-26 02:42:49.993 9 INFO neutron.api.wsgi [-] 10.0.0.144 "GET / HTTP/1.1" status: 200 len: 247 time: 0.0018482
2026-02-26 02:42:50.013 10 INFO neutron.api.wsgi [None req-46361f3a-1d91-4702-bb61-424fea04e822 bbf1c22f41b943158cd85a9bda41e907 6d914e61d5414143b27b9d384a9380e1 - - default default] 162.253.55.43,10.0.0.144 "GET /v2.0/security-groups/274da11e-201b-43fa-9e38-1d4b412f3be3 HTTP/1.1" status: 200 len: 4251 time: 0.0306289
2026-02-26 02:42:50.031 10 INFO neutron.api.wsgi [None req-b9b3ed38-2617-40c0-9989-998ca77ca8b2 bbf1c22f41b943158cd85a9bda41e907 6d914e61d5414143b27b9d384a9380e1 - - default default] 162.253.55.43,10.0.0.144 "GET /v2.0/security-group-rules/13d9143c-95ff-4e07-9458-ac9e507fc663 HTTP/1.1" status: 200 len: 777 time: 0.0101330
2026-02-26 02:42:56.914 10 INFO neutron.api.wsgi [None req-e2173499-f8cc-4e6f-b773-57961b5876c4 bbf1c22f41b943158cd85a9bda41e907 6d914e61d5414143b27b9d384a9380e1 - - default default] 162.253.55.43,10.0.0.144 "GET /v2.0/quotas/be9abaf8ad7141e59d58a44111b259b0 HTTP/1.1" status: 200 len: 466 time: 0.0100482
2026-02-26 02:43:04.990 9 INFO neutron.api.wsgi [-] 10.0.0.144 "GET / HTTP/1.1" status: 200 len: 247 time: 0.0022476
2026-02-26 02:43:04.991 10 INFO neutron.api.wsgi [-] 10.0.0.144 "GET / HTTP/1.1" status: 200 len: 247 time: 0.0025709
2026-02-26 02:43:19.990 10 INFO neutron.api.wsgi [-] 10.0.0.144 "GET / HTTP/1.1" status: 200 len: 247 time: 0.0018687
2026-02-26 02:43:19.990 9 INFO neutron.api.wsgi [-] 10.0.0.144 "GET / HTTP/1.1" status: 200 len: 247 time: 0.0026152
2026-02-26 02:43:27.931 10 INFO neutron.api.wsgi [None req-fe903326-d72a-406b-bdde-91282dafca92 bbf1c22f41b943158cd85a9bda41e907 6d914e61d5414143b27b9d384a9380e1 - - default default] 10.0.0.190 "GET /v2.0/routers HTTP/1.1" status: 200 len: 189 time: 0.0722160
2026-02-26 02:43:27.965 10 INFO neutron.api.wsgi [None req-d3956a31-d081-431b-bf24-31fe347662c4 bbf1c22f41b943158cd85a9bda41e907 6d914e61d5414143b27b9d384a9380e1 - - default default] 10.0.0.190 "GET /v2.0/agents?binary=ovn-controller HTTP/1.1" status: 200 len: 591 time: 0.0335553
2026-02-26 02:43:28.010 10 INFO neutron.api.wsgi [None req-6f564db4-3c7e-4292-a3d6-fe7f50f73680 bbf1c22f41b943158cd85a9bda41e907 6d914e61d5414143b27b9d384a9380e1 - - default default] 10.0.0.190 "GET /v2.0/security-groups HTTP/1.1" status: 200 len: 17574 time: 0.0444069
2026-02-26 02:43:28.047 10 INFO neutron.api.wsgi [None req-0c6fd1a8-899e-4c26-b2a3-5dd292fa0d78 bbf1c22f41b943158cd85a9bda41e907 6d914e61d5414143b27b9d384a9380e1 - - default default] 10.0.0.190 "GET /v2.0/ports HTTP/1.1" status: 200 len: 5347 time: 0.0337989
2026-02-26 02:43:28.063 10 INFO neutron.api.wsgi [None req-588ec763-cfec-4852-ab23-9ae47f524fd3 bbf1c22f41b943158cd85a9bda41e907 6d914e61d5414143b27b9d384a9380e1 - - default default] 10.0.0.190 "GET /v2.0/network-ip-availabilities HTTP/1.1" status: 200 len: 1280 time: 0.0112481
2026-02-26 02:43:28.072 10 INFO neutron.api.wsgi [None req-d884eb6e-ffb8-4786-833f-6d6736b8c4b2 bbf1c22f41b943158cd85a9bda41e907 6d914e61d5414143b27b9d384a9380e1 - - default default] 10.0.0.190 "GET /v2.0/agents HTTP/1.1" status: 200 len: 1390 time: 0.0093262
2026-02-26 02:43:28.097 10 INFO neutron.api.wsgi [None req-f327b692-3801-4377-b2d3-3a77b37be9ef bbf1c22f41b943158cd85a9bda41e907 6d914e61d5414143b27b9d384a9380e1 - - default default] 10.0.0.190 "GET /v2.0/subnets HTTP/1.1" status: 200 len: 1484 time: 0.0230882
2026-02-26 02:43:28.107 10 INFO neutron.api.wsgi [None req-ba0cfb36-655c-426f-ac8b-85a70e9dcf7f bbf1c22f41b943158cd85a9bda41e907 6d914e61d5414143b27b9d384a9380e1 - - default default] 10.0.0.190 "GET /v2.0/subnetpools HTTP/1.1" status: 200 len: 193 time: 0.0085819
2026-02-26 02:43:28.129 10 INFO neutron.api.wsgi [None req-24278718-9f1f-4881-a357-3e1fbaa0ae45 bbf1c22f41b943158cd85a9bda41e907 6d914e61d5414143b27b9d384a9380e1 - - default default] 10.0.0.190 "GET /v2.0/floatingips HTTP/1.1" status: 200 len: 193 time: 0.0209665
2026-02-26 02:43:28.155 10 INFO neutron.api.wsgi [None req-c767763f-bf87-4dc3-941c-7c87d231184f bbf1c22f41b943158cd85a9bda41e907 6d914e61d5414143b27b9d384a9380e1 - - default default] 10.0.0.190 "GET /v2.0/subnets HTTP/1.1" status: 200 len: 1484 time: 0.0258307
2026-02-26 02:43:28.207 10 INFO neutron.api.wsgi [None req-3f41e2c7-2ba5-4156-b329-b8f635fcb619 bbf1c22f41b943158cd85a9bda41e907 6d914e61d5414143b27b9d384a9380e1 - - default default] 10.0.0.190 "GET /v2.0/networks HTTP/1.1" status: 200 len: 2350 time: 0.0506513
2026-02-26 02:43:34.991 9 INFO neutron.api.wsgi [-] 10.0.0.144 "GET / HTTP/1.1" status: 200 len: 247 time: 0.0023687
2026-02-26 02:43:34.991 10 INFO neutron.api.wsgi [-] 10.0.0.144 "GET / HTTP/1.1" status: 200 len: 247 time: 0.0025966
2026-02-26 02:43:38.574 10 INFO neutron.api.wsgi [None req-268a93b0-fd1e-4894-a1bc-2ea8142c9bca bbf1c22f41b943158cd85a9bda41e907 6d914e61d5414143b27b9d384a9380e1 - - default default] 162.253.55.43,10.0.0.144 "GET /v2.0/networks?name=public HTTP/1.1" status: 200 len: 928 time: 0.0687270
2026-02-26 02:43:49.989 9 INFO neutron.api.wsgi [-] 10.0.0.144 "GET / HTTP/1.1" status: 200 len: 247 time: 0.0020781
2026-02-26 02:43:49.991 9 INFO neutron.api.wsgi [-] 10.0.0.144 "GET / HTTP/1.1" status: 200 len: 247 time: 0.0012047
2026-02-26 02:44:04.991 10 INFO neutron.api.wsgi [-] 10.0.0.144 "GET / HTTP/1.1" status: 200 len: 247 time: 0.0024447
2026-02-26 02:44:04.993 10 INFO neutron.api.wsgi [-] 10.0.0.144 "GET / HTTP/1.1" status: 200 len: 247 time: 0.0013132
2026-02-26 02:44:15.990 9 INFO neutron.api.wsgi [None req-7f926d48-5b2a-412d-8c98-f34719237eda bbf1c22f41b943158cd85a9bda41e907 6d914e61d5414143b27b9d384a9380e1 - - default default] 10.0.0.41 "GET /v2.0/networks HTTP/1.1" status: 200 len: 2369 time: 0.2056146
2026-02-26 02:44:17.036 9 INFO neutron.api.wsgi [None req-a3b3936d-eb83-46b6-9ad0-6c3cf47f1891 bbf1c22f41b943158cd85a9bda41e907 6d914e61d5414143b27b9d384a9380e1 - - default default] 10.0.0.41 "GET /v2.0/floatingips HTTP/1.1" status: 200 len: 212 time: 0.0303349
2026-02-26 02:44:17.132 9 INFO neutron.api.wsgi [None req-36a97ac1-1b84-4ff7-b057-c366bf599780 bbf1c22f41b943158cd85a9bda41e907 6d914e61d5414143b27b9d384a9380e1 - - default default] 10.0.0.41 "GET /v2.0/routers HTTP/1.1" status: 200 len: 208 time: 0.0908477
2026-02-26 02:44:17.174 9 INFO neutron.api.wsgi [None req-95511df7-3c2c-441b-8d0f-586910b47e10 bbf1c22f41b943158cd85a9bda41e907 6d914e61d5414143b27b9d384a9380e1 - - default default] 10.0.0.41 "GET /v2.0/ports HTTP/1.1" status: 200 len: 5366 time: 0.0369484
2026-02-26 02:44:17.218 9 INFO neutron.api.wsgi [None req-b79618db-854f-4dae-b27f-0e5c34c4553c bbf1c22f41b943158cd85a9bda41e907 6d914e61d5414143b27b9d384a9380e1 - - default default] 10.0.0.41 "GET /v2.0/subnets HTTP/1.1" status: 200 len: 1503 time: 0.0402396
2026-02-26 02:44:17.271 9 INFO neutron.api.wsgi [None req-439814e1-c558-4e87-b142-4089734eff40 bbf1c22f41b943158cd85a9bda41e907 6d914e61d5414143b27b9d384a9380e1 - - default default] 10.0.0.41 "GET /v2.0/networks HTTP/1.1" status: 200 len: 2369 time: 0.0480442
2026-02-26 02:44:17.317 9 INFO neutron.api.wsgi [None req-b2fefb11-4d24-4d33-94d2-6a4f735f5fd3 bbf1c22f41b943158cd85a9bda41e907 6d914e61d5414143b27b9d384a9380e1 - - default default] 10.0.0.41 "GET /v2.0/security-groups HTTP/1.1" status: 200 len: 17593 time: 0.0421338
2026-02-26 02:44:17.328 9 INFO neutron.api.wsgi [None req-b5273272-6aa3-4045-9893-3ed91683ccf4 bbf1c22f41b943158cd85a9bda41e907 6d914e61d5414143b27b9d384a9380e1 - - default default] 10.0.0.41 "GET /v2.0/subnetpools HTTP/1.1" status: 200 len: 212 time: 0.0069661
2026-02-26 02:44:19.990 9 INFO neutron.api.wsgi [-] 10.0.0.144 "GET / HTTP/1.1" status: 200 len: 247 time: 0.0024557
2026-02-26 02:44:19.990 10 INFO neutron.api.wsgi [-] 10.0.0.144 "GET / HTTP/1.1" status: 200 len: 247 time: 0.0021496
2026-02-26 02:44:28.200 10 INFO neutron.api.wsgi [None req-64ade671-9fa5-45e5-948c-4f530394dc82 bbf1c22f41b943158cd85a9bda41e907 6d914e61d5414143b27b9d384a9380e1 - - default default] 10.0.0.190 "GET /v2.0/floatingips HTTP/1.1" status: 200 len: 193 time: 0.2767556
