2026-02-26 02:45:01.773 9 INFO neutron.api.wsgi [req-cf67e72e-f400-4617-890c-e64f24db1c93 req-82a35220-a08f-47db-a39e-9ee938835ffb d892fce6ee744e3ca626bfc94fe1246b be9abaf8ad7141e59d58a44111b259b0 - - 2d7226f8ed1d40f98a6941b88a2fbe60 2d7226f8ed1d40f98a6941b88a2fbe60] 162.253.55.43 "GET /v2.0/networks/e207e639-645a-4fb9-84ff-10c109c0e383?fields=provider%3Aphysical_network&fields=provider%3Anetwork_type HTTP/1.1" status: 200 len: 277 time: 0.0412104
2026-02-26 02:45:01.955 10 INFO neutron.api.wsgi [req-ddc96204-3ddb-4e38-a004-bfdb053b3295 req-ea4a675f-fd9b-40ef-8d79-aa4dc9748f60 d457d525be7b4ea1a843da2f02e479c2 f8608bbfe6bf44109ba644bd21f7c526 - - default default] 10.0.0.56 "GET /v2.0/ports?device_id=f2a1b4a7-d7da-4b30-a656-363fa5538ec5 HTTP/1.1" status: 200 len: 1174 time: 0.0818429
2026-02-26 02:45:02.005 10 INFO neutron.api.wsgi [req-ddc96204-3ddb-4e38-a004-bfdb053b3295 req-da29c88d-4952-4d50-9a6e-97e5ddb001f3 d457d525be7b4ea1a843da2f02e479c2 f8608bbfe6bf44109ba644bd21f7c526 - - default default] 10.0.0.56 "GET /v2.0/security-groups?id=4b634564-6ad7-48e0-9a2f-5c680df6ee0c&fields=id&fields=name HTTP/1.1" status: 200 len: 313 time: 0.0470850
2026-02-26 02:45:02.115 10 INFO neutron.api.wsgi [req-e444c596-5ba7-4da3-851a-f80086a42392 req-31e4a9e2-1d07-4e07-ba9d-7440ccc774fe 3f9d67d74b9c42c9b4d9acd3348deeb7 aba737128d0c445f885ee1c96e5b65b2 - - default default] 10.0.0.56 "GET /v2.0/ports?device_id=fb6b1fca-5255-4d40-8b54-2c4aa2ed042a HTTP/1.1" status: 200 len: 1168 time: 0.0562320
2026-02-26 02:45:02.153 10 INFO neutron.api.wsgi [req-e444c596-5ba7-4da3-851a-f80086a42392 req-717713a1-2447-4df8-af49-bc877e6bcdaf 3f9d67d74b9c42c9b4d9acd3348deeb7 aba737128d0c445f885ee1c96e5b65b2 - - default default] 10.0.0.56 "GET /v2.0/security-groups?id=ad3683db-4607-4e58-8ab0-3c69e924d788&fields=id&fields=name HTTP/1.1" status: 200 len: 313 time: 0.0309231
2026-02-26 02:45:02.184 9 INFO neutron.api.wsgi [None req-4c3aee1e-81a9-4434-b1cc-8655deb63438 bbf1c22f41b943158cd85a9bda41e907 6d914e61d5414143b27b9d384a9380e1 - - default default] 10.0.0.41 "GET /v2.0/security-groups?tenant_id=dd6b878f4f4a4b6fa205a0c2639ac2e4&name=default HTTP/1.1" status: 200 len: 3120 time: 0.1455259
2026-02-26 02:45:02.313 9 INFO neutron.services.segments.plugin [-] Segment 83c12708-e022-4f32-8ed7-c7d5911b0e1c resource provider aggregate not found
2026-02-26 02:45:02.320 9 INFO neutron.services.segments.plugin [-] Segment 83c12708-e022-4f32-8ed7-c7d5911b0e1c resource provider aggregate not found
2026-02-26 02:45:02.336 9 INFO neutron.services.segments.plugin [-] Segment 83c12708-e022-4f32-8ed7-c7d5911b0e1c resource provider not found; error: Placement Client Error (4xx): {"errors": [{"status": 404, "title": "Not Found", "detail": "The resource could not be found.\n\n No resource provider with uuid 83c12708-e022-4f32-8ed7-c7d5911b0e1c found for delete ", "request_id": "req-7380fee2-ba75-4368-bac2-ae03281a3915"}]}
2026-02-26 02:45:02.342 9 INFO neutron.services.segments.plugin [-] Segment 83c12708-e022-4f32-8ed7-c7d5911b0e1c resource provider not found; error: Placement Client Error (4xx): {"errors": [{"status": 404, "title": "Not Found", "detail": "The resource could not be found.\n\n No resource provider with uuid 83c12708-e022-4f32-8ed7-c7d5911b0e1c found for delete ", "request_id": "req-d657f5da-5fb0-4478-b4df-a97764ff2826"}]}
2026-02-26 02:45:02.356 9 INFO neutron.services.segments.plugin [-] Segment 647973a0-7d33-4bc7-9d51-4c51c57d6317 resource provider aggregate not found
2026-02-26 02:45:02.364 9 INFO neutron.services.segments.plugin [-] Segment 647973a0-7d33-4bc7-9d51-4c51c57d6317 resource provider aggregate not found
2026-02-26 02:45:02.372 9 INFO neutron.services.segments.plugin [-] Segment 647973a0-7d33-4bc7-9d51-4c51c57d6317 resource provider not found; error: Placement Client Error (4xx): {"errors": [{"status": 404, "title": "Not Found", "detail": "The resource could not be found.\n\n No resource provider with uuid 647973a0-7d33-4bc7-9d51-4c51c57d6317 found for delete ", "request_id": "req-58678a61-a9ba-4f37-a32f-f381edfbc993"}]}
2026-02-26 02:45:02.377 9 INFO neutron.services.segments.plugin [-] Segment 647973a0-7d33-4bc7-9d51-4c51c57d6317 resource provider not found; error: Placement Client Error (4xx): {"errors": [{"status": 404, "title": "Not Found", "detail": "The resource could not be found.\n\n No resource provider with uuid 647973a0-7d33-4bc7-9d51-4c51c57d6317 found for delete ", "request_id": "req-7bafa547-b2c2-44cb-a469-eb3f28dfbd7a"}]}
2026-02-26 02:45:02.399 9 INFO neutron.services.segments.plugin [-] Segment b13ed7c1-2ad6-4537-95c7-f65abc7ccd55 resource provider aggregate not found
2026-02-26 02:45:02.406 9 INFO neutron.services.segments.plugin [-] Segment b13ed7c1-2ad6-4537-95c7-f65abc7ccd55 resource provider aggregate not found
2026-02-26 02:45:02.414 9 INFO neutron.services.segments.plugin [-] Segment b13ed7c1-2ad6-4537-95c7-f65abc7ccd55 resource provider not found; error: Placement Client Error (4xx): {"errors": [{"status": 404, "title": "Not Found", "detail": "The resource could not be found.\n\n No resource provider with uuid b13ed7c1-2ad6-4537-95c7-f65abc7ccd55 found for delete ", "request_id": "req-0f836009-204e-466a-8666-2a456f2c65cb"}]}
2026-02-26 02:45:02.426 9 INFO neutron.services.segments.plugin [-] Segment b13ed7c1-2ad6-4537-95c7-f65abc7ccd55 resource provider not found; error: Placement Client Error (4xx): {"errors": [{"status": 404, "title": "Not Found", "detail": "The resource could not be found.\n\n No resource provider with uuid b13ed7c1-2ad6-4537-95c7-f65abc7ccd55 found for delete ", "request_id": "req-1789b199-c9a9-4615-81ce-ffc19084df2c"}]}
2026-02-26 02:45:02.464 9 INFO neutron.api.wsgi [None req-67527273-2c97-497f-8326-24f82064dfc1 bbf1c22f41b943158cd85a9bda41e907 6d914e61d5414143b27b9d384a9380e1 - - default default] 10.0.0.41 "DELETE /v2.0/security-groups/7239a7c9-fc93-4029-9623-c8eb5f276909 HTTP/1.1" status: 204 len: 168 time: 0.2753217
2026-02-26 02:45:03.008 10 INFO neutron.notifiers.nova [-] Nova event matching ['req-667356e6-8dd7-486c-b793-1faeb5fe0b88'] response: {'server_uuid': 'f2a1b4a7-d7da-4b30-a656-363fa5538ec5', 'name': 'network-vif-plugged', 'status': 'completed', 'tag': 'b7764a08-b51f-45db-8157-91d10a9b6fdb', 'code': 200}
2026-02-26 02:45:03.008 10 INFO neutron.notifiers.nova [-] Nova event matching ['req-667356e6-8dd7-486c-b793-1faeb5fe0b88'] response: {'name': 'network-changed', 'server_uuid': '22176f47-73ed-40d7-9a50-db6beeaebc86', 'tag': '8a0ea4b2-db6b-4ed0-a5e8-0bc16b7afc66', 'status': 'completed', 'code': 200}
2026-02-26 02:45:03.096 10 INFO neutron.api.wsgi [req-1a294fd7-f1d2-4459-a1e5-2824eda50780 req-d2e040f2-e3bd-4069-af44-c294a1473407 d457d525be7b4ea1a843da2f02e479c2 f8608bbfe6bf44109ba644bd21f7c526 - - default default] 10.0.0.56 "GET /v2.0/ports?device_id=f2a1b4a7-d7da-4b30-a656-363fa5538ec5 HTTP/1.1" status: 200 len: 1174 time: 0.0332458
2026-02-26 02:45:03.134 10 INFO neutron.api.wsgi [req-1a294fd7-f1d2-4459-a1e5-2824eda50780 req-a20e5cdc-7605-475e-8d7d-aaf8ebe5f96c d457d525be7b4ea1a843da2f02e479c2 f8608bbfe6bf44109ba644bd21f7c526 - - default default] 10.0.0.56 "GET /v2.0/security-groups?id=4b634564-6ad7-48e0-9a2f-5c680df6ee0c&fields=id&fields=name HTTP/1.1" status: 200 len: 313 time: 0.0312865
2026-02-26 02:45:03.225 10 INFO neutron.api.wsgi [req-0ac12bfd-36b4-42cf-9c21-510848b8e52d req-6b528d0c-d4cf-4762-83fd-f33dafc2fff4 d457d525be7b4ea1a843da2f02e479c2 f8608bbfe6bf44109ba644bd21f7c526 - - default default] 10.0.0.56 "GET /v2.0/ports?device_id=f2a1b4a7-d7da-4b30-a656-363fa5538ec5 HTTP/1.1" status: 200 len: 1174 time: 0.0404530
2026-02-26 02:45:03.256 10 INFO neutron.api.wsgi [req-1d2295af-9fca-41de-9631-34ca07ea4524 req-012f4cb5-d491-445e-97bc-848afec7392f 3f9d67d74b9c42c9b4d9acd3348deeb7 aba737128d0c445f885ee1c96e5b65b2 - - default default] 10.0.0.56 "GET /v2.0/ports?device_id=fb6b1fca-5255-4d40-8b54-2c4aa2ed042a HTTP/1.1" status: 200 len: 1168 time: 0.0449612
2026-02-26 02:45:03.303 10 INFO neutron.api.wsgi [req-1d2295af-9fca-41de-9631-34ca07ea4524 req-f4a318d3-e9d1-4672-95f5-42b1729538b9 3f9d67d74b9c42c9b4d9acd3348deeb7 aba737128d0c445f885ee1c96e5b65b2 - - default default] 10.0.0.56 "GET /v2.0/security-groups?id=ad3683db-4607-4e58-8ab0-3c69e924d788&fields=id&fields=name HTTP/1.1" status: 200 len: 313 time: 0.0374048
2026-02-26 02:45:03.552 9 INFO neutron.api.wsgi [req-8aac3c38-dd03-49c2-b468-b72eb47b1298 req-a8f94725-bb72-4685-9480-ccabf788bfaf d892fce6ee744e3ca626bfc94fe1246b be9abaf8ad7141e59d58a44111b259b0 - - 2d7226f8ed1d40f98a6941b88a2fbe60 2d7226f8ed1d40f98a6941b88a2fbe60] 162.253.55.43 "GET /v2.0/ports?tenant_id=c9d70fd2babe4a948005c9eb0ae89fc9&device_id=22176f47-73ed-40d7-9a50-db6beeaebc86 HTTP/1.1" status: 200 len: 1413 time: 0.0317636
2026-02-26 02:45:03.595 9 INFO neutron.api.wsgi [req-8aac3c38-dd03-49c2-b468-b72eb47b1298 req-af1eb642-51d5-4418-9439-a0b5e51a326a d892fce6ee744e3ca626bfc94fe1246b be9abaf8ad7141e59d58a44111b259b0 - - 2d7226f8ed1d40f98a6941b88a2fbe60 2d7226f8ed1d40f98a6941b88a2fbe60] 162.253.55.43 "GET /v2.0/networks?id=545d3e7d-0904-410e-adbe-7965f5bfa0f0 HTTP/1.1" status: 200 len: 981 time: 0.0397270
2026-02-26 02:45:03.644 9 INFO neutron.api.wsgi [req-8aac3c38-dd03-49c2-b468-b72eb47b1298 req-84e54800-4e35-41c1-bd8d-f908aa4fa9a1 d892fce6ee744e3ca626bfc94fe1246b be9abaf8ad7141e59d58a44111b259b0 - - 2d7226f8ed1d40f98a6941b88a2fbe60 2d7226f8ed1d40f98a6941b88a2fbe60] 162.253.55.43 "GET /v2.0/floatingips?fixed_ip_address=10.100.0.12&port_id=8a0ea4b2-db6b-4ed0-a5e8-0bc16b7afc66 HTTP/1.1" status: 200 len: 1060 time: 0.0447028
2026-02-26 02:45:03.672 9 INFO neutron.api.wsgi [req-8aac3c38-dd03-49c2-b468-b72eb47b1298 req-5b39df68-f37d-4d93-b384-76b8c23c5573 d892fce6ee744e3ca626bfc94fe1246b be9abaf8ad7141e59d58a44111b259b0 - - 2d7226f8ed1d40f98a6941b88a2fbe60 2d7226f8ed1d40f98a6941b88a2fbe60] 162.253.55.43 "GET /v2.0/subnets?id=6e9493d3-1375-4054-8d19-367132ea42a5 HTTP/1.1" status: 200 len: 900 time: 0.0220184
2026-02-26 02:45:03.696 9 INFO neutron.api.wsgi [req-8aac3c38-dd03-49c2-b468-b72eb47b1298 req-d45694f5-edd2-4f3e-88a6-1e5818b59816 d892fce6ee744e3ca626bfc94fe1246b be9abaf8ad7141e59d58a44111b259b0 - - 2d7226f8ed1d40f98a6941b88a2fbe60 2d7226f8ed1d40f98a6941b88a2fbe60] 162.253.55.43 "GET /v2.0/ports?network_id=545d3e7d-0904-410e-adbe-7965f5bfa0f0&device_owner=network%3Adhcp HTTP/1.1" status: 200 len: 210 time: 0.0187635
2026-02-26 02:45:03.766 9 INFO neutron.api.wsgi [req-8aac3c38-dd03-49c2-b468-b72eb47b1298 req-97bd014c-a142-4c4f-b2ab-7d44b557789b d892fce6ee744e3ca626bfc94fe1246b be9abaf8ad7141e59d58a44111b259b0 - - 2d7226f8ed1d40f98a6941b88a2fbe60 2d7226f8ed1d40f98a6941b88a2fbe60] 162.253.55.43 "GET /v2.0/networks/545d3e7d-0904-410e-adbe-7965f5bfa0f0?fields=segments HTTP/1.1" status: 200 len: 212 time: 0.0656879 /var/lib/openstack/lib/python3.12/site-packages/pycadf/identifier.py:71: UserWarning: Invalid uuid: neutron. To ensure interoperability, identifiers should be a valid uuid. warnings.warn(('Invalid uuid: %s. To ensure interoperability, '
2026-02-26 02:45:03.775 10 INFO neutron.db.ovn_revision_numbers_db [None req-dc4b8210-17f0-4fe8-95e3-d6286e2daf89 d457d525be7b4ea1a843da2f02e479c2 f8608bbfe6bf44109ba644bd21f7c526 - - default default] Successfully bumped revision number for resource 173c1876-c1ff-4541-bcc8-648d61f67d9d (type: floatingips) to 1
2026-02-26 02:45:03.809 9 INFO neutron.api.wsgi [req-8aac3c38-dd03-49c2-b468-b72eb47b1298 req-e8e397b9-14ea-45fc-a4d4-ee0e002357f0 d892fce6ee744e3ca626bfc94fe1246b be9abaf8ad7141e59d58a44111b259b0 - - 2d7226f8ed1d40f98a6941b88a2fbe60 2d7226f8ed1d40f98a6941b88a2fbe60] 162.253.55.43 "GET /v2.0/networks/545d3e7d-0904-410e-adbe-7965f5bfa0f0?fields=provider%3Aphysical_network&fields=provider%3Anetwork_type HTTP/1.1" status: 200 len: 277 time: 0.0365791
2026-02-26 02:45:04.069 10 INFO neutron.db.ovn_revision_numbers_db [None req-dc4b8210-17f0-4fe8-95e3-d6286e2daf89 d457d525be7b4ea1a843da2f02e479c2 f8608bbfe6bf44109ba644bd21f7c526 - - default default] Successfully bumped revision number for resource 173c1876-c1ff-4541-bcc8-648d61f67d9d (type: floatingips) to 2
2026-02-26 02:45:04.070 10 INFO neutron.db.l3_db [None req-dc4b8210-17f0-4fe8-95e3-d6286e2daf89 d457d525be7b4ea1a843da2f02e479c2 f8608bbfe6bf44109ba644bd21f7c526 - - default default] Floating IP 173c1876-c1ff-4541-bcc8-648d61f67d9d associated. External IP: 10.96.250.212, port: b7764a08-b51f-45db-8157-91d10a9b6fdb.
2026-02-26 02:45:04.097 10 INFO neutron.api.wsgi [None req-dc4b8210-17f0-4fe8-95e3-d6286e2daf89 d457d525be7b4ea1a843da2f02e479c2 f8608bbfe6bf44109ba644bd21f7c526 - - default default] 10.0.0.41 "PUT /v2.0/floatingips/173c1876-c1ff-4541-bcc8-648d61f67d9d HTTP/1.1" status: 200 len: 1050 time: 0.8627806
2026-02-26 02:45:04.187 10 INFO neutron.api.wsgi [req-e94b64f3-d6b5-471a-b1b8-aaafaec1be65 req-d84594c4-10e7-4365-b99e-7215efc0403d d457d525be7b4ea1a843da2f02e479c2 f8608bbfe6bf44109ba644bd21f7c526 - - default default] 10.0.0.56 "GET /v2.0/ports?device_id=f2a1b4a7-d7da-4b30-a656-363fa5538ec5 HTTP/1.1" status: 200 len: 1174 time: 0.0356648
2026-02-26 02:45:04.224 10 INFO neutron.api.wsgi [req-e94b64f3-d6b5-471a-b1b8-aaafaec1be65 req-d2649478-d28f-4200-85cc-9d44841e72a2 d457d525be7b4ea1a843da2f02e479c2 f8608bbfe6bf44109ba644bd21f7c526 - - default default] 10.0.0.56 "GET /v2.0/security-groups?id=4b634564-6ad7-48e0-9a2f-5c680df6ee0c&fields=id&fields=name HTTP/1.1" status: 200 len: 313 time: 0.0303991
2026-02-26 02:45:04.395 10 INFO neutron.api.wsgi [req-c0e255ab-2e06-42fd-991b-d18f1f7a52ff req-97d19fee-6d9e-45e6-ac17-da7025b90421 3f9d67d74b9c42c9b4d9acd3348deeb7 aba737128d0c445f885ee1c96e5b65b2 - - default default] 10.0.0.56 "GET /v2.0/ports?device_id=fb6b1fca-5255-4d40-8b54-2c4aa2ed042a HTTP/1.1" status: 200 len: 1168 time: 0.0296834
2026-02-26 02:45:04.406 10 WARNING neutron_lib.context [None req-3fc64d61-3621-4371-9324-dfb7b8b7a47d 3bca881b3635426d921feeeaa3980a32 467e642f3f164067a056c59d09e6df66 - - default default] Method 'is_advsvc' is deprecated since 2023.2 release (neutron-lib 3.8.0) and will be removed once support for the old RBAC API policies will be removed from Neutron. Please use method 'is_service_role' instead.
2026-02-26 02:45:04.441 10 INFO neutron.api.wsgi [req-c0e255ab-2e06-42fd-991b-d18f1f7a52ff req-0d92b7aa-0f19-45cc-bd7f-3bf63a6f7da1 3f9d67d74b9c42c9b4d9acd3348deeb7 aba737128d0c445f885ee1c96e5b65b2 - - default default] 10.0.0.56 "GET /v2.0/security-groups?id=ad3683db-4607-4e58-8ab0-3c69e924d788&fields=id&fields=name HTTP/1.1" status: 200 len: 313 time: 0.0428641
2026-02-26 02:45:04.554 10 INFO neutron.db.ovn_revision_numbers_db [None req-3fc64d61-3621-4371-9324-dfb7b8b7a47d 3bca881b3635426d921feeeaa3980a32 467e642f3f164067a056c59d09e6df66 - - default default] Successfully bumped revision number for resource 90819dfd-16c0-4180-bfcc-62c86e8c374d (type: security_groups) to 1
2026-02-26 02:45:04.571 10 INFO neutron.db.ovn_revision_numbers_db [None req-3fc64d61-3621-4371-9324-dfb7b8b7a47d 3bca881b3635426d921feeeaa3980a32 467e642f3f164067a056c59d09e6df66 - - default default] Successfully bumped revision number for resource 2c1f69ac-3809-4ad2-9956-214ce90e470d (type: security_group_rules) to 0
2026-02-26 02:45:04.587 10 INFO neutron.db.ovn_revision_numbers_db [None req-3fc64d61-3621-4371-9324-dfb7b8b7a47d 3bca881b3635426d921feeeaa3980a32 467e642f3f164067a056c59d09e6df66 - - default default] Successfully bumped revision number for resource 54ac2c22-943d-4f21-a2d2-6b530b8ebd56 (type: security_group_rules) to 0
2026-02-26 02:45:04.600 10 INFO neutron.db.ovn_revision_numbers_db [None req-3fc64d61-3621-4371-9324-dfb7b8b7a47d 3bca881b3635426d921feeeaa3980a32 467e642f3f164067a056c59d09e6df66 - - default default] Successfully bumped revision number for resource 8d7f7a78-b323-4f02-9e27-b605daf02478 (type: security_group_rules) to 0
2026-02-26 02:45:04.613 10 INFO neutron.db.ovn_revision_numbers_db [None req-3fc64d61-3621-4371-9324-dfb7b8b7a47d 3bca881b3635426d921feeeaa3980a32 467e642f3f164067a056c59d09e6df66 - - default default] Successfully bumped revision number for resource aa09ac2a-ab35-45e4-b5d7-9beec07898be (type: security_group_rules) to 0
2026-02-26 02:45:04.692 10 INFO neutron.db.segments_db [None req-3fc64d61-3621-4371-9324-dfb7b8b7a47d 3bca881b3635426d921feeeaa3980a32 467e642f3f164067a056c59d09e6df66 - - default default] Added segment 77926013-637c-4b3b-a414-cf9d7c787e79 of type geneve for network a433dbc0-84da-445d-a994-462934db26c2
2026-02-26 02:45:04.729 10 INFO neutron.api.wsgi [req-2db4ebe8-8c31-4578-afd6-d6097407e9d9 req-b6f9c9b0-89a4-4643-8571-0546564fcb20 d457d525be7b4ea1a843da2f02e479c2 f8608bbfe6bf44109ba644bd21f7c526 - - default default] 10.0.0.56 "GET /v2.0/ports?device_id=f2a1b4a7-d7da-4b30-a656-363fa5538ec5 HTTP/1.1" status: 200 len: 1174 time: 0.0338979
2026-02-26 02:45:04.778 10 INFO neutron.api.wsgi [req-2db4ebe8-8c31-4578-afd6-d6097407e9d9 req-c9a0941e-0fe2-46ee-9a3a-4a5be0e29539 d457d525be7b4ea1a843da2f02e479c2 f8608bbfe6bf44109ba644bd21f7c526 - - default default] 10.0.0.56 "GET /v2.0/security-groups?id=4b634564-6ad7-48e0-9a2f-5c680df6ee0c&fields=id&fields=name HTTP/1.1" status: 200 len: 313 time: 0.0433712
2026-02-26 02:45:04.820 10 INFO neutron.db.ovn_revision_numbers_db [None req-3fc64d61-3621-4371-9324-dfb7b8b7a47d 3bca881b3635426d921feeeaa3980a32 467e642f3f164067a056c59d09e6df66 - - default default] Successfully bumped revision number for resource a433dbc0-84da-445d-a994-462934db26c2 (type: networks) to 1
2026-02-26 02:45:04.970 10 WARNING neutron.scheduler.dhcp_agent_scheduler [None req-3fc64d61-3621-4371-9324-dfb7b8b7a47d 3bca881b3635426d921feeeaa3980a32 467e642f3f164067a056c59d09e6df66 - - default default] No more DHCP agents
2026-02-26 02:45:04.971 10 WARNING neutron.api.rpc.agentnotifiers.dhcp_rpc_agent_api [None req-3fc64d61-3621-4371-9324-dfb7b8b7a47d 3bca881b3635426d921feeeaa3980a32 467e642f3f164067a056c59d09e6df66 - - default default] Unable to schedule network a433dbc0-84da-445d-a994-462934db26c2: no agents available; will retry on subsequent port and subnet creation events.
2026-02-26 02:45:04.990 10 INFO neutron.api.wsgi [-] 10.0.0.144 "GET / HTTP/1.1" status: 200 len: 247 time: 0.0025382
2026-02-26 02:45:04.992 9 INFO neutron.api.wsgi [-] 10.0.0.144 "GET / HTTP/1.1" status: 200 len: 247 time: 0.0023670
2026-02-26 02:45:05.042 10 INFO neutron.db.ovn_revision_numbers_db [None req-3fc64d61-3621-4371-9324-dfb7b8b7a47d 3bca881b3635426d921feeeaa3980a32 467e642f3f164067a056c59d09e6df66 - - default default] Successfully bumped revision number for resource bbb362a7-9c9e-4e39-ae0c-2d306db77c32 (type: ports) to 1
2026-02-26 02:45:05.061 10 INFO neutron.notifiers.nova [-] Nova event matching ['req-12667247-1cd9-4541-b496-5e0b2a3a62eb'] response: {'name': 'network-changed', 'server_uuid': 'f2a1b4a7-d7da-4b30-a656-363fa5538ec5', 'tag': 'b7764a08-b51f-45db-8157-91d10a9b6fdb', 'status': 'completed', 'code': 200}
2026-02-26 02:45:05.066 10 INFO neutron.api.wsgi [None req-3fc64d61-3621-4371-9324-dfb7b8b7a47d 3bca881b3635426d921feeeaa3980a32 467e642f3f164067a056c59d09e6df66 - - default default] 10.0.0.41 "POST /v2.0/networks HTTP/1.1" status: 201 len: 847 time: 0.8214238
2026-02-26 02:45:05.270 10 INFO neutron.plugins.ml2.drivers.ovn.mech_driver.mech_driver [None req-1a2bb7a9-0e69-4e2f-8177-44063aeb20e9 - - - - - -] OVN reports status down for port: b7764a08-b51f-45db-8157-91d10a9b6fdb
2026-02-26 02:45:05.513 9 WARNING neutron_lib.context [None req-6dfc0c58-28d1-45d8-8b63-be21eef3ceac 3bca881b3635426d921feeeaa3980a32 467e642f3f164067a056c59d09e6df66 - - default default] Method 'is_advsvc' is deprecated since 2023.2 release (neutron-lib 3.8.0) and will be removed once support for the old RBAC API policies will be removed from Neutron. Please use method 'is_service_role' instead.
2026-02-26 02:45:05.545 10 INFO neutron.db.ovn_revision_numbers_db [None req-1a2bb7a9-0e69-4e2f-8177-44063aeb20e9 - - - - - -] Successfully bumped revision number for resource b7764a08-b51f-45db-8157-91d10a9b6fdb (type: ports) to 6
2026-02-26 02:45:05.591 10 INFO neutron.api.wsgi [req-05ea5433-d325-418d-8e85-63508063b74d req-eee27a91-20d3-4d96-85cc-9c050c1d5687 3f9d67d74b9c42c9b4d9acd3348deeb7 aba737128d0c445f885ee1c96e5b65b2 - - default default] 10.0.0.56 "GET /v2.0/ports?device_id=fb6b1fca-5255-4d40-8b54-2c4aa2ed042a HTTP/1.1" status: 200 len: 1168 time: 0.0828946
2026-02-26 02:45:05.608 9 INFO neutron.api.wsgi [req-b4a95980-1559-40a5-a1f0-99b49b3086d2 req-ae87d2b0-b379-4f8c-a3bc-27a0ebc39a81 d892fce6ee744e3ca626bfc94fe1246b be9abaf8ad7141e59d58a44111b259b0 - - 2d7226f8ed1d40f98a6941b88a2fbe60 2d7226f8ed1d40f98a6941b88a2fbe60] 162.253.55.43 "GET /v2.0/ports?tenant_id=f8608bbfe6bf44109ba644bd21f7c526&device_id=f2a1b4a7-d7da-4b30-a656-363fa5538ec5 HTTP/1.1" status: 200 len: 1411 time: 0.0377853
2026-02-26 02:45:05.623 10 INFO neutron.api.wsgi [req-05ea5433-d325-418d-8e85-63508063b74d req-5cdbb670-3e0d-4c60-a662-badb3a724f06 3f9d67d74b9c42c9b4d9acd3348deeb7 aba737128d0c445f885ee1c96e5b65b2 - - default default] 10.0.0.56 "GET /v2.0/security-groups?id=ad3683db-4607-4e58-8ab0-3c69e924d788&fields=id&fields=name HTTP/1.1" status: 200 len: 313 time: 0.0282607
2026-02-26 02:45:05.658 9 INFO neutron.api.wsgi [req-b4a95980-1559-40a5-a1f0-99b49b3086d2 req-004ec2e7-d9c4-4241-93d8-6ef921bb01d7 d892fce6ee744e3ca626bfc94fe1246b be9abaf8ad7141e59d58a44111b259b0 - - 2d7226f8ed1d40f98a6941b88a2fbe60 2d7226f8ed1d40f98a6941b88a2fbe60] 162.253.55.43 "GET /v2.0/networks?id=c4a310d0-0529-441d-94fc-6c8392c040cb HTTP/1.1" status: 200 len: 967 time: 0.0440741
2026-02-26 02:45:05.705 9 INFO neutron.api.wsgi [req-b4a95980-1559-40a5-a1f0-99b49b3086d2 req-b968a3e4-df6b-4276-bcd2-9a18e85750fc d892fce6ee744e3ca626bfc94fe1246b be9abaf8ad7141e59d58a44111b259b0 - - 2d7226f8ed1d40f98a6941b88a2fbe60 2d7226f8ed1d40f98a6941b88a2fbe60] 162.253.55.43 "GET /v2.0/floatingips?fixed_ip_address=10.100.0.12&port_id=b7764a08-b51f-45db-8157-91d10a9b6fdb HTTP/1.1" status: 200 len: 1058 time: 0.0404243
2026-02-26 02:45:05.726 9 WARNING neutron.scheduler.dhcp_agent_scheduler [None req-6dfc0c58-28d1-45d8-8b63-be21eef3ceac 3bca881b3635426d921feeeaa3980a32 467e642f3f164067a056c59d09e6df66 - - default default] No more DHCP agents
2026-02-26 02:45:05.730 9 WARNING neutron.api.rpc.agentnotifiers.dhcp_rpc_agent_api [None req-6dfc0c58-28d1-45d8-8b63-be21eef3ceac 3bca881b3635426d921feeeaa3980a32 467e642f3f164067a056c59d09e6df66 - - default default] Unable to schedule network a433dbc0-84da-445d-a994-462934db26c2: no agents available; will retry on subsequent port and subnet creation events.
2026-02-26 02:45:05.749 9 INFO neutron.api.wsgi [req-b4a95980-1559-40a5-a1f0-99b49b3086d2 req-70ae551f-6957-4260-b8db-373b77fdebea d892fce6ee744e3ca626bfc94fe1246b be9abaf8ad7141e59d58a44111b259b0 - - 2d7226f8ed1d40f98a6941b88a2fbe60 2d7226f8ed1d40f98a6941b88a2fbe60] 162.253.55.43 "GET /v2.0/subnets?id=66eef141-195e-43a2-95cf-52b53da68242 HTTP/1.1" status: 200 len: 886 time: 0.0351431
2026-02-26 02:45:05.770 9 INFO neutron.api.wsgi [req-b4a95980-1559-40a5-a1f0-99b49b3086d2 req-df8c01b2-73fc-4907-84cc-34ba9ff0aa26 d892fce6ee744e3ca626bfc94fe1246b be9abaf8ad7141e59d58a44111b259b0 - - 2d7226f8ed1d40f98a6941b88a2fbe60 2d7226f8ed1d40f98a6941b88a2fbe60] 162.253.55.43 "GET /v2.0/ports?network_id=c4a310d0-0529-441d-94fc-6c8392c040cb&device_owner=network%3Adhcp HTTP/1.1" status: 200 len: 210 time: 0.0143819
2026-02-26 02:45:05.771 9 INFO neutron.db.ovn_revision_numbers_db [None req-6dfc0c58-28d1-45d8-8b63-be21eef3ceac 3bca881b3635426d921feeeaa3980a32 467e642f3f164067a056c59d09e6df66 - - default default] Successfully bumped revision number for resource 85584a4a-06da-490a-8fbf-5e555a675cfe (type: subnets) to 0
2026-02-26 02:45:05.786 9 INFO neutron.api.wsgi [None req-6dfc0c58-28d1-45d8-8b63-be21eef3ceac 3bca881b3635426d921feeeaa3980a32 467e642f3f164067a056c59d09e6df66 - - default default] 10.0.0.41 "POST /v2.0/subnets HTTP/1.1" status: 201 len: 872 time: 0.2780244 /var/lib/openstack/lib/python3.12/site-packages/pycadf/identifier.py:71: UserWarning: Invalid uuid: neutron. To ensure interoperability, identifiers should be a valid uuid. warnings.warn(('Invalid uuid: %s. To ensure interoperability, '
2026-02-26 02:45:05.799 10 WARNING neutron_lib.context [None req-ff8bb008-5391-4c8a-8f87-1d02088fd664 3bca881b3635426d921feeeaa3980a32 467e642f3f164067a056c59d09e6df66 - - default default] Method 'is_advsvc' is deprecated since 2023.2 release (neutron-lib 3.8.0) and will be removed once support for the old RBAC API policies will be removed from Neutron. Please use method 'is_service_role' instead.
2026-02-26 02:45:05.818 9 INFO neutron.api.wsgi [req-b4a95980-1559-40a5-a1f0-99b49b3086d2 req-420b71fe-474e-458c-aeb8-00d7a6e23947 d892fce6ee744e3ca626bfc94fe1246b be9abaf8ad7141e59d58a44111b259b0 - - 2d7226f8ed1d40f98a6941b88a2fbe60 2d7226f8ed1d40f98a6941b88a2fbe60] 162.253.55.43 "GET /v2.0/networks/c4a310d0-0529-441d-94fc-6c8392c040cb?fields=segments HTTP/1.1" status: 200 len: 212 time: 0.0410600
2026-02-26 02:45:05.857 9 INFO neutron.api.wsgi [req-b4a95980-1559-40a5-a1f0-99b49b3086d2 req-880ddf2a-be66-465e-a039-21e9bdcb399b d892fce6ee744e3ca626bfc94fe1246b be9abaf8ad7141e59d58a44111b259b0 - - 2d7226f8ed1d40f98a6941b88a2fbe60 2d7226f8ed1d40f98a6941b88a2fbe60] 162.253.55.43 "GET /v2.0/networks/c4a310d0-0529-441d-94fc-6c8392c040cb?fields=provider%3Aphysical_network&fields=provider%3Anetwork_type HTTP/1.1" status: 200 len: 277 time: 0.0340617
2026-02-26 02:45:05.883 10 INFO neutron.db.segments_db [None req-ff8bb008-5391-4c8a-8f87-1d02088fd664 3bca881b3635426d921feeeaa3980a32 467e642f3f164067a056c59d09e6df66 - - default default] Added segment 3cb06695-993f-406b-94af-9741b1389386 of type geneve for network 8a65409b-2bd2-4b0f-b75b-704760cd872d
2026-02-26 02:45:06.000 10 INFO neutron.db.ovn_revision_numbers_db [None req-ff8bb008-5391-4c8a-8f87-1d02088fd664 3bca881b3635426d921feeeaa3980a32 467e642f3f164067a056c59d09e6df66 - - default default] Successfully bumped revision number for resource 8a65409b-2bd2-4b0f-b75b-704760cd872d (type: networks) to 1
2026-02-26 02:45:06.103 10 INFO neutron.api.wsgi [req-20da6cb3-1510-4aa0-a88a-3dbb614cbdb1 req-012126cb-4da7-470b-acb9-017b31abc7e9 d457d525be7b4ea1a843da2f02e479c2 f8608bbfe6bf44109ba644bd21f7c526 - - default default] 10.0.0.56 "GET /v2.0/ports?device_id=f2a1b4a7-d7da-4b30-a656-363fa5538ec5 HTTP/1.1" status: 200 len: 1172 time: 0.0528440
2026-02-26 02:45:06.145 10 INFO neutron.api.wsgi [req-20da6cb3-1510-4aa0-a88a-3dbb614cbdb1 req-141448c2-afec-4005-8c44-56aaed1f9a81 d457d525be7b4ea1a843da2f02e479c2 f8608bbfe6bf44109ba644bd21f7c526 - - default default] 10.0.0.56 "GET /v2.0/security-groups?id=4b634564-6ad7-48e0-9a2f-5c680df6ee0c&fields=id&fields=name HTTP/1.1" status: 200 len: 313 time: 0.0362515
2026-02-26 02:45:06.213 10 WARNING neutron.scheduler.dhcp_agent_scheduler [None req-ff8bb008-5391-4c8a-8f87-1d02088fd664 3bca881b3635426d921feeeaa3980a32 467e642f3f164067a056c59d09e6df66 - - default default] No more DHCP agents
2026-02-26 02:45:06.214 10 WARNING neutron.api.rpc.agentnotifiers.dhcp_rpc_agent_api [None req-ff8bb008-5391-4c8a-8f87-1d02088fd664 3bca881b3635426d921feeeaa3980a32 467e642f3f164067a056c59d09e6df66 - - default default] Unable to schedule network 8a65409b-2bd2-4b0f-b75b-704760cd872d: no agents available; will retry on subsequent port and subnet creation events.
2026-02-26 02:45:06.285 10 INFO neutron.db.ovn_revision_numbers_db [None req-ff8bb008-5391-4c8a-8f87-1d02088fd664 3bca881b3635426d921feeeaa3980a32 467e642f3f164067a056c59d09e6df66 - - default default] Successfully bumped revision number for resource 22bf13e9-f23d-47e1-b20f-d782067bb6e6 (type: ports) to 1
2026-02-26 02:45:06.306 10 INFO neutron.api.wsgi [None req-ff8bb008-5391-4c8a-8f87-1d02088fd664 3bca881b3635426d921feeeaa3980a32 467e642f3f164067a056c59d09e6df66 - - default default] 10.0.0.41 "POST /v2.0/networks HTTP/1.1" status: 201 len: 847 time: 0.5138118
2026-02-26 02:45:06.437 10 INFO neutron.db.ovn_revision_numbers_db [None req-e0b85f93-389c-4d82-9f5c-d9992abd3204 3bca881b3635426d921feeeaa3980a32 467e642f3f164067a056c59d09e6df66 - - default default] Successfully bumped revision number for resource 8a65409b-2bd2-4b0f-b75b-704760cd872d (type: networks) to 2
2026-02-26 02:45:06.441 10 INFO neutron.api.wsgi [None req-e0b85f93-389c-4d82-9f5c-d9992abd3204 3bca881b3635426d921feeeaa3980a32 467e642f3f164067a056c59d09e6df66 - - default default] 10.0.0.41 "PUT /v2.0/networks/8a65409b-2bd2-4b0f-b75b-704760cd872d HTTP/1.1" status: 200 len: 792 time: 0.1293890
2026-02-26 02:45:06.448 10 WARNING neutron_lib.context [None req-8b26d0df-1853-4aa9-8572-d733cb29061a 3bca881b3635426d921feeeaa3980a32 467e642f3f164067a056c59d09e6df66 - - default default] Method 'is_advsvc' is deprecated since 2023.2 release (neutron-lib 3.8.0) and will be removed once support for the old RBAC API policies will be removed from Neutron. Please use method 'is_service_role' instead.
2026-02-26 02:45:06.564 9 INFO neutron.api.wsgi [req-f7d36f1d-6db0-4a98-9da8-09092b2609e5 req-4bceeb40-8046-465c-af73-ba8ab98059ef d457d525be7b4ea1a843da2f02e479c2 f8608bbfe6bf44109ba644bd21f7c526 - - default default] 162.253.55.43 "GET /v2.0/ports?device_id=f2a1b4a7-d7da-4b30-a656-363fa5538ec5 HTTP/1.1" status: 200 len: 1172 time: 0.1289957
2026-02-26 02:45:06.679 10 WARNING neutron.scheduler.dhcp_agent_scheduler [None req-8b26d0df-1853-4aa9-8572-d733cb29061a 3bca881b3635426d921feeeaa3980a32 467e642f3f164067a056c59d09e6df66 - - default default] No more DHCP agents
2026-02-26 02:45:06.681 10 WARNING neutron.api.rpc.agentnotifiers.dhcp_rpc_agent_api [None req-8b26d0df-1853-4aa9-8572-d733cb29061a 3bca881b3635426d921feeeaa3980a32 467e642f3f164067a056c59d09e6df66 - - default default] Unable to schedule network 8a65409b-2bd2-4b0f-b75b-704760cd872d: no agents available; will retry on subsequent port and subnet creation events.
2026-02-26 02:45:06.715 10 INFO neutron.db.ovn_revision_numbers_db [None req-8b26d0df-1853-4aa9-8572-d733cb29061a 3bca881b3635426d921feeeaa3980a32 467e642f3f164067a056c59d09e6df66 - - default default] Successfully bumped revision number for resource b3c4feb9-e82d-4787-9476-7f2b72b3c8de (type: subnets) to 0
2026-02-26 02:45:06.730 10 INFO neutron.api.wsgi [req-7f375678-f124-4c45-ae0e-4461769b0a00 req-440eec95-e15e-48bf-9310-ea4c9a8ddaab 3f9d67d74b9c42c9b4d9acd3348deeb7 aba737128d0c445f885ee1c96e5b65b2 - - default default] 10.0.0.56 "GET /v2.0/ports?device_id=fb6b1fca-5255-4d40-8b54-2c4aa2ed042a HTTP/1.1" status: 200 len: 1168 time: 0.0416958
2026-02-26 02:45:06.734 10 INFO neutron.api.wsgi [None req-8b26d0df-1853-4aa9-8572-d733cb29061a 3bca881b3635426d921feeeaa3980a32 467e642f3f164067a056c59d09e6df66 - - default default] 10.0.0.41 "POST /v2.0/subnets HTTP/1.1" status: 201 len: 845 time: 0.2888107
2026-02-26 02:45:06.783 10 INFO neutron.api.wsgi [req-7f375678-f124-4c45-ae0e-4461769b0a00 req-c4a7363f-4f29-4e76-bba4-4a57782e014f 3f9d67d74b9c42c9b4d9acd3348deeb7 aba737128d0c445f885ee1c96e5b65b2 - - default default] 10.0.0.56 "GET /v2.0/security-groups?id=ad3683db-4607-4e58-8ab0-3c69e924d788&fields=id&fields=name HTTP/1.1" status: 200 len: 313 time: 0.0461380
2026-02-26 02:45:06.821 9 INFO neutron.plugins.ml2.drivers.ovn.mech_driver.mech_driver [None req-0c64ba4a-fd35-47cd-86d4-95de0a96863b - - - - - -] OVN reports status up for port: 4f3126e9-35db-455c-a5d6-6cb5261c9965
2026-02-26 02:45:06.838 9 INFO neutron.plugins.ml2.plugin [None req-0c64ba4a-fd35-47cd-86d4-95de0a96863b - - - - - -] Attempt 1 to provision port 4f3126e9-35db-455c-a5d6-6cb5261c9965
2026-02-26 02:45:06.980 9 INFO neutron.db.l3_db [req-f7d36f1d-6db0-4a98-9da8-09092b2609e5 req-70240940-261b-44ba-8410-d8c28da60b8a d457d525be7b4ea1a843da2f02e479c2 f8608bbfe6bf44109ba644bd21f7c526 - - default default] Floating IP 173c1876-c1ff-4541-bcc8-648d61f67d9d disassociated. External IP: 10.96.250.212, port: b7764a08-b51f-45db-8157-91d10a9b6fdb.
2026-02-26 02:45:07.000 9 INFO neutron.notifiers.nova [-] Nova event matching ['req-b8f4c474-9933-4618-8077-bfcf773f4f80'] response: {'server_uuid': 'fb6b1fca-5255-4d40-8b54-2c4aa2ed042a', 'name': 'network-vif-plugged', 'status': 'completed', 'tag': '4f3126e9-35db-455c-a5d6-6cb5261c9965', 'code': 200}
2026-02-26 02:45:07.096 9 INFO neutron.api.wsgi [req-f7d36f1d-6db0-4a98-9da8-09092b2609e5 req-70240940-261b-44ba-8410-d8c28da60b8a d457d525be7b4ea1a843da2f02e479c2 f8608bbfe6bf44109ba644bd21f7c526 - - default default] 162.253.55.43 "DELETE /v2.0/ports/b7764a08-b51f-45db-8157-91d10a9b6fdb HTTP/1.1" status: 204 len: 173 time: 0.5237684
2026-02-26 02:45:07.099 10 INFO neutron.notifiers.nova [-] Nova event matching ['req-a9d9480c-ce0b-4cea-90d0-5b31c54d0a4a'] response: {'server_uuid': 'f2a1b4a7-d7da-4b30-a656-363fa5538ec5', 'name': 'network-vif-unplugged', 'status': 'completed', 'tag': 'b7764a08-b51f-45db-8157-91d10a9b6fdb', 'code': 200}
2026-02-26 02:45:07.100 10 INFO neutron.notifiers.nova [-] Nova event matching ['req-a9d9480c-ce0b-4cea-90d0-5b31c54d0a4a'] response: {'server_uuid': 'f2a1b4a7-d7da-4b30-a656-363fa5538ec5', 'name': 'network-vif-unplugged', 'status': 'completed', 'tag': 'b7764a08-b51f-45db-8157-91d10a9b6fdb', 'code': 200}
2026-02-26 02:45:07.119 9 INFO neutron.db.ovn_revision_numbers_db [None req-0c64ba4a-fd35-47cd-86d4-95de0a96863b - - - - - -] Successfully bumped revision number for resource 4f3126e9-35db-455c-a5d6-6cb5261c9965 (type: ports) to 5
2026-02-26 02:45:07.232 10 INFO neutron.api.wsgi [req-c789fc16-e09e-4307-8d37-23ea6e5d917a req-86e81e1d-b4d9-4ece-8cf6-62313bd6f32b d457d525be7b4ea1a843da2f02e479c2 f8608bbfe6bf44109ba644bd21f7c526 - - default default] 10.0.0.56 "GET /v2.0/ports?device_id=f2a1b4a7-d7da-4b30-a656-363fa5538ec5 HTTP/1.1" status: 200 len: 210 time: 0.0160003
2026-02-26 02:45:07.327 10 INFO neutron.db.ovn_revision_numbers_db [None req-6e470639-60e1-47af-878c-24657ddce402 - - - - - -] Successfully bumped revision number for resource 22bf13e9-f23d-47e1-b20f-d782067bb6e6 (type: ports) to 2
2026-02-26 02:45:07.362 10 INFO neutron.db.ovn_revision_numbers_db [None req-6e470639-60e1-47af-878c-24657ddce402 - - - - - -] Successfully bumped revision number for resource b3c4feb9-e82d-4787-9476-7f2b72b3c8de (type: subnets) to 1
2026-02-26 02:45:07.365 10 INFO neutron.api.wsgi [None req-8672a0b2-44ca-49e7-b615-e87f78137961 3bca881b3635426d921feeeaa3980a32 467e642f3f164067a056c59d09e6df66 - - default default] 10.0.0.41 "PUT /v2.0/subnets/b3c4feb9-e82d-4787-9476-7f2b72b3c8de HTTP/1.1" status: 200 len: 850 time: 0.6230655
2026-02-26 02:45:07.891 10 INFO neutron.services.segments.plugin [-] Segment 3cb06695-993f-406b-94af-9741b1389386 resource provider aggregate not found
2026-02-26 02:45:07.895 10 INFO neutron.services.segments.plugin [-] Segment 3cb06695-993f-406b-94af-9741b1389386 resource provider aggregate not found
2026-02-26 02:45:07.905 10 INFO neutron.api.wsgi [req-ead0afbe-89a6-444e-a0c1-329d32ab1000 req-828debd4-99ba-47ba-a2de-0a31b0951a7c 3f9d67d74b9c42c9b4d9acd3348deeb7 aba737128d0c445f885ee1c96e5b65b2 - - default default] 10.0.0.56 "GET /v2.0/ports?device_id=fb6b1fca-5255-4d40-8b54-2c4aa2ed042a HTTP/1.1" status: 200 len: 1170 time: 0.0500624
2026-02-26 02:45:07.915 10 INFO neutron.services.segments.plugin [-] Segment 3cb06695-993f-406b-94af-9741b1389386 resource provider not found; error: Placement Client Error (4xx): {"errors": [{"status": 404, "title": "Not Found", "detail": "The resource could not be found.\n\n No resource provider with uuid 3cb06695-993f-406b-94af-9741b1389386 found for delete ", "request_id": "req-c1617f16-5f88-4f09-8af2-c55bf9bf88aa"}]}
2026-02-26 02:45:07.916 10 INFO neutron.services.segments.plugin [-] Segment 3cb06695-993f-406b-94af-9741b1389386 resource provider not found; error: Placement Client Error (4xx): {"errors": [{"status": 404, "title": "Not Found", "detail": "The resource could not be found.\n\n No resource provider with uuid 3cb06695-993f-406b-94af-9741b1389386 found for delete ", "request_id": "req-7cafcc44-c182-45e2-9ad0-c66bec453873"}]}
2026-02-26 02:45:07.932 10 INFO neutron.api.wsgi [None req-2b032b7d-6612-4295-8f7c-192ad5d2581d 3bca881b3635426d921feeeaa3980a32 467e642f3f164067a056c59d09e6df66 - - default default] 10.0.0.41 "DELETE /v2.0/networks/8a65409b-2bd2-4b0f-b75b-704760cd872d HTTP/1.1" status: 204 len: 168 time: 0.5603578 /var/lib/openstack/lib/python3.12/site-packages/pycadf/identifier.py:71: UserWarning: Invalid uuid: neutron. To ensure interoperability, identifiers should be a valid uuid. warnings.warn(('Invalid uuid: %s. To ensure interoperability, '
2026-02-26 02:45:07.947 10 INFO neutron.api.wsgi [req-ead0afbe-89a6-444e-a0c1-329d32ab1000 req-c7fbec21-7482-4668-b508-946249b09384 3f9d67d74b9c42c9b4d9acd3348deeb7 aba737128d0c445f885ee1c96e5b65b2 - - default default] 10.0.0.56 "GET /v2.0/security-groups?id=ad3683db-4607-4e58-8ab0-3c69e924d788&fields=id&fields=name HTTP/1.1" status: 200 len: 313 time: 0.0377321
2026-02-26 02:45:07.964 9 INFO neutron.pecan_wsgi.hooks.translation [None req-5918539a-3086-409c-a8c3-bb20a0a63176 3bca881b3635426d921feeeaa3980a32 467e642f3f164067a056c59d09e6df66 - - default default] DELETE failed (client error): The resource could not be found.
2026-02-26 02:45:07.970 9 INFO neutron.api.wsgi [None req-5918539a-3086-409c-a8c3-bb20a0a63176 3bca881b3635426d921feeeaa3980a32 467e642f3f164067a056c59d09e6df66 - - default default] 10.0.0.41 "DELETE /v2.0/networks/8a65409b-2bd2-4b0f-b75b-704760cd872d HTTP/1.1" status: 404 len: 339 time: 0.0308409
2026-02-26 02:45:08.042 9 INFO neutron.api.wsgi [None req-bb0cd5e3-aae2-42e2-9de1-b03ddbb14625 3bca881b3635426d921feeeaa3980a32 467e642f3f164067a056c59d09e6df66 - - default default] 10.0.0.41 "GET /v2.0/networks?router%3Aexternal=True HTTP/1.1" status: 200 len: 845 time: 0.0629840
2026-02-26 02:45:08.091 9 INFO neutron.api.wsgi [None req-05d182eb-1fe0-4fee-9b93-409335670189 3bca881b3635426d921feeeaa3980a32 467e642f3f164067a056c59d09e6df66 - - default default] 10.0.0.41 "GET /v2.0/subnets?network_id=c583ca4c-ebf6-482f-8023-725b774ef642 HTTP/1.1" status: 200 len: 843 time: 0.0440705
2026-02-26 02:45:08.102 9 INFO neutron.api.wsgi [None req-3543078a-8bdf-45c1-9b84-0537f03dea09 3bca881b3635426d921feeeaa3980a32 467e642f3f164067a056c59d09e6df66 - - default default] 10.0.0.41 "GET /v2.0/extensions HTTP/1.1" status: 200 len: 19293 time: 0.0058737
2026-02-26 02:45:08.165 9 INFO neutron.api.wsgi [None req-c3cee77c-b8e2-4ef9-9ecc-99e8bfa3162e 3bca881b3635426d921feeeaa3980a32 467e642f3f164067a056c59d09e6df66 - - default default] 10.0.0.41 "GET /v2.0/networks HTTP/1.1" status: 200 len: 1508 time: 0.0506804
2026-02-26 02:45:08.201 9 INFO neutron.api.wsgi [None req-59bca092-992b-4b99-ac70-6143751e6188 3bca881b3635426d921feeeaa3980a32 467e642f3f164067a056c59d09e6df66 - - default default] 10.0.0.41 "GET /v2.0/subnets HTTP/1.1" status: 200 len: 1507 time: 0.0296102
2026-02-26 02:45:08.248 10 INFO neutron.api.wsgi [None req-d0cf9db0-4b57-4388-99a3-12fd003e8866 3bca881b3635426d921feeeaa3980a32 467e642f3f164067a056c59d09e6df66 - - default default] 10.0.0.41 "GET /v2.0/networks/a433dbc0-84da-445d-a994-462934db26c2 HTTP/1.1" status: 200 len: 867 time: 0.0400982
2026-02-26 02:45:08.279 10 INFO neutron.api.wsgi [None req-5bfef8c9-1015-4b38-b78f-081c80508aed 3bca881b3635426d921feeeaa3980a32 467e642f3f164067a056c59d09e6df66 - - default default] 10.0.0.41 "GET /v2.0/subnets/85584a4a-06da-490a-8fbf-5e555a675cfe HTTP/1.1" status: 200 len: 867 time: 0.0245130
2026-02-26 02:45:08.296 10 INFO neutron.pecan_wsgi.hooks.translation [None req-67b8c332-49bc-4edd-8daf-c8ae641eb999 3bca881b3635426d921feeeaa3980a32 467e642f3f164067a056c59d09e6df66 - - default default] DELETE failed (client error): The resource could not be found.
2026-02-26 02:45:08.299 10 INFO neutron.api.wsgi [None req-67b8c332-49bc-4edd-8daf-c8ae641eb999 3bca881b3635426d921feeeaa3980a32 467e642f3f164067a056c59d09e6df66 - - default default] 10.0.0.41 "DELETE /v2.0/subnets/b3c4feb9-e82d-4787-9476-7f2b72b3c8de HTTP/1.1" status: 404 len: 337 time: 0.0134094
2026-02-26 02:45:08.314 10 INFO neutron.pecan_wsgi.hooks.translation [None req-730c0944-f178-4337-940b-20466397d896 3bca881b3635426d921feeeaa3980a32 467e642f3f164067a056c59d09e6df66 - - default default] DELETE failed (client error): The resource could not be found.
2026-02-26 02:45:08.317 10 INFO neutron.api.wsgi [None req-730c0944-f178-4337-940b-20466397d896 3bca881b3635426d921feeeaa3980a32 467e642f3f164067a056c59d09e6df66 - - default default] 10.0.0.41 "DELETE /v2.0/networks/8a65409b-2bd2-4b0f-b75b-704760cd872d HTTP/1.1" status: 404 len: 339 time: 0.0133684
2026-02-26 02:45:08.343 10 INFO neutron.api.wsgi [req-415e0727-dcf6-4ecc-af17-6d4b5d9d150d req-ff12a202-b183-4115-b7bd-27dfff825a41 d457d525be7b4ea1a843da2f02e479c2 f8608bbfe6bf44109ba644bd21f7c526 - - default default] 10.0.0.56 "GET /v2.0/ports?device_id=f2a1b4a7-d7da-4b30-a656-363fa5538ec5 HTTP/1.1" status: 200 len: 210 time: 0.0149586
2026-02-26 02:45:08.481 10 INFO neutron.api.wsgi [None req-7d3a5f30-2b38-45b5-8286-49776210d41b 3bca881b3635426d921feeeaa3980a32 467e642f3f164067a056c59d09e6df66 - - default default] 10.0.0.41 "DELETE /v2.0/subnets/85584a4a-06da-490a-8fbf-5e555a675cfe HTTP/1.1" status: 204 len: 168 time: 0.1591978
2026-02-26 02:45:08.800 10 INFO neutron.api.wsgi [None req-8b149c38-30ba-47e0-951b-279b201f663f 3bca881b3635426d921feeeaa3980a32 467e642f3f164067a056c59d09e6df66 - - default default] 10.0.0.41 "DELETE /v2.0/networks/a433dbc0-84da-445d-a994-462934db26c2 HTTP/1.1" status: 204 len: 168 time: 0.3142912
2026-02-26 02:45:09.048 10 INFO neutron.api.wsgi [req-5dc311ac-60ca-4e48-a5e9-80bc2d5b1ca2 req-c67e0d6c-8eb4-4bdb-810f-c7717caa22aa 3f9d67d74b9c42c9b4d9acd3348deeb7 aba737128d0c445f885ee1c96e5b65b2 - - default default] 10.0.0.56 "GET /v2.0/ports?device_id=fb6b1fca-5255-4d40-8b54-2c4aa2ed042a HTTP/1.1" status: 200 len: 1170 time: 0.0466523
2026-02-26 02:45:09.059 9 INFO neutron.notifiers.nova [-] Nova event matching ['req-05c7a1fb-c339-4f0d-87a4-2ef8303941a4'] response: {'server_uuid': 'f2a1b4a7-d7da-4b30-a656-363fa5538ec5', 'name': 'network-vif-deleted', 'tag': 'b7764a08-b51f-45db-8157-91d10a9b6fdb', 'status': 'completed', 'code': 200}
2026-02-26 02:45:09.059 9 INFO neutron.notifiers.nova [-] Nova event matching ['req-05c7a1fb-c339-4f0d-87a4-2ef8303941a4'] response: {'server_uuid': 'fb6b1fca-5255-4d40-8b54-2c4aa2ed042a', 'name': 'network-vif-plugged', 'status': 'completed', 'tag': '4f3126e9-35db-455c-a5d6-6cb5261c9965', 'code': 200}
2026-02-26 02:45:09.083 10 INFO neutron.api.wsgi [req-5dc311ac-60ca-4e48-a5e9-80bc2d5b1ca2 req-037825bc-95e6-40a8-b8bc-a7a5242a1800 3f9d67d74b9c42c9b4d9acd3348deeb7 aba737128d0c445f885ee1c96e5b65b2 - - default default] 10.0.0.56 "GET /v2.0/security-groups?id=ad3683db-4607-4e58-8ab0-3c69e924d788&fields=id&fields=name HTTP/1.1" status: 200 len: 313 time: 0.0296783
2026-02-26 02:45:09.171 10 INFO neutron.api.wsgi [req-1223b623-7e91-40fc-a031-be78eae07968 req-8292a72f-a037-4d87-8e83-5b5942a424f4 3f9d67d74b9c42c9b4d9acd3348deeb7 aba737128d0c445f885ee1c96e5b65b2 - - default default] 10.0.0.56 "GET /v2.0/ports?device_id=fb6b1fca-5255-4d40-8b54-2c4aa2ed042a HTTP/1.1" status: 200 len: 1170 time: 0.0382097
2026-02-26 02:45:09.441 10 INFO neutron.api.wsgi [req-249bde2c-aecb-45e1-8e99-3cc583d2d8ec req-eb68fbb3-79e3-422f-b7d7-1274e40635de d457d525be7b4ea1a843da2f02e479c2 f8608bbfe6bf44109ba644bd21f7c526 - - default default] 10.0.0.56 "GET /v2.0/ports?device_id=f2a1b4a7-d7da-4b30-a656-363fa5538ec5 HTTP/1.1" status: 200 len: 210 time: 0.0172276
2026-02-26 02:45:09.507 9 INFO neutron.api.wsgi [None req-d0af9b2b-6866-47f0-97d4-3a4bca1a22f2 bbf1c22f41b943158cd85a9bda41e907 6d914e61d5414143b27b9d384a9380e1 - - default default] 10.0.0.41 "GET /v2.0/security-groups?tenant_id=467e642f3f164067a056c59d09e6df66&name=default HTTP/1.1" status: 200 len: 3120 time: 0.1361618
2026-02-26 02:45:09.663 10 INFO neutron.db.ovn_revision_numbers_db [None req-20dc2658-59d1-4bf0-aac7-37da774de31e 3f9d67d74b9c42c9b4d9acd3348deeb7 aba737128d0c445f885ee1c96e5b65b2 - - default default] Successfully bumped revision number for resource 8d6a8277-2306-411f-937b-ab6bc48b33e0 (type: floatingips) to 1
2026-02-26 02:45:09.784 9 INFO neutron.api.wsgi [None req-b08c7d37-0da0-4ecb-b07c-ec557f9255a9 bbf1c22f41b943158cd85a9bda41e907 6d914e61d5414143b27b9d384a9380e1 - - default default] 10.0.0.41 "DELETE /v2.0/security-groups/90819dfd-16c0-4180-bfcc-62c86e8c374d HTTP/1.1" status: 204 len: 168 time: 0.2726090
2026-02-26 02:45:09.795 10 INFO neutron.db.ovn_revision_numbers_db [None req-20dc2658-59d1-4bf0-aac7-37da774de31e 3f9d67d74b9c42c9b4d9acd3348deeb7 aba737128d0c445f885ee1c96e5b65b2 - - default default] Successfully bumped revision number for resource 8d6a8277-2306-411f-937b-ab6bc48b33e0 (type: floatingips) to 2
2026-02-26 02:45:09.796 10 INFO neutron.db.l3_db [None req-20dc2658-59d1-4bf0-aac7-37da774de31e 3f9d67d74b9c42c9b4d9acd3348deeb7 aba737128d0c445f885ee1c96e5b65b2 - - default default] Floating IP 8d6a8277-2306-411f-937b-ab6bc48b33e0 associated. External IP: 10.96.250.213, port: 4f3126e9-35db-455c-a5d6-6cb5261c9965.
2026-02-26 02:45:09.829 10 INFO neutron.api.wsgi [None req-20dc2658-59d1-4bf0-aac7-37da774de31e 3f9d67d74b9c42c9b4d9acd3348deeb7 aba737128d0c445f885ee1c96e5b65b2 - - default default] 10.0.0.41 "PUT /v2.0/floatingips/8d6a8277-2306-411f-937b-ab6bc48b33e0 HTTP/1.1" status: 200 len: 1049 time: 0.6476150
2026-02-26 02:45:09.855 10 INFO neutron.notifiers.nova [-] Nova event matching ['req-ad7d4e17-6c84-4f5b-b39c-349312340d53'] response: {'name': 'network-changed', 'server_uuid': 'fb6b1fca-5255-4d40-8b54-2c4aa2ed042a', 'tag': '4f3126e9-35db-455c-a5d6-6cb5261c9965', 'status': 'completed', 'code': 200} /var/lib/openstack/lib/python3.12/site-packages/pycadf/identifier.py:71: UserWarning: Invalid uuid: neutron. To ensure interoperability, identifiers should be a valid uuid. warnings.warn(('Invalid uuid: %s. To ensure interoperability, '
2026-02-26 02:45:09.911 10 INFO neutron.api.wsgi [req-0f27d461-5807-4c86-b7f7-f0fb97f51283 req-b5851e82-3d68-41cd-a57e-2ec397edbe47 3f9d67d74b9c42c9b4d9acd3348deeb7 aba737128d0c445f885ee1c96e5b65b2 - - default default] 10.0.0.56 "GET /v2.0/ports?device_id=fb6b1fca-5255-4d40-8b54-2c4aa2ed042a HTTP/1.1" status: 200 len: 1170 time: 0.0355270
2026-02-26 02:45:09.930 10 INFO neutron.services.segments.plugin [-] Segment 77926013-637c-4b3b-a414-cf9d7c787e79 resource provider aggregate not found
2026-02-26 02:45:09.937 10 INFO neutron.services.segments.plugin [-] Segment 77926013-637c-4b3b-a414-cf9d7c787e79 resource provider aggregate not found
2026-02-26 02:45:09.948 10 INFO neutron.services.segments.plugin [-] Segment 77926013-637c-4b3b-a414-cf9d7c787e79 resource provider not found; error: Placement Client Error (4xx): {"errors": [{"status": 404, "title": "Not Found", "detail": "The resource could not be found.\n\n No resource provider with uuid 77926013-637c-4b3b-a414-cf9d7c787e79 found for delete ", "request_id": "req-f0a1b232-924b-4059-92ff-ceb15cf24820"}]}
2026-02-26 02:45:09.951 10 INFO neutron.services.segments.plugin [-] Segment 77926013-637c-4b3b-a414-cf9d7c787e79 resource provider not found; error: Placement Client Error (4xx): {"errors": [{"status": 404, "title": "Not Found", "detail": "The resource could not be found.\n\n No resource provider with uuid 77926013-637c-4b3b-a414-cf9d7c787e79 found for delete ", "request_id": "req-25f21f1f-19ad-4e5e-985b-3be43fd6e89d"}]}
2026-02-26 02:45:09.976 10 INFO neutron.api.wsgi [req-0f27d461-5807-4c86-b7f7-f0fb97f51283 req-a1028517-ce0c-4978-923e-c05602530fa2 3f9d67d74b9c42c9b4d9acd3348deeb7 aba737128d0c445f885ee1c96e5b65b2 - - default default] 10.0.0.56 "GET /v2.0/security-groups?id=ad3683db-4607-4e58-8ab0-3c69e924d788&fields=id&fields=name HTTP/1.1" status: 200 len: 313 time: 0.0570641
2026-02-26 02:45:10.219 10 INFO neutron.api.wsgi [req-c6b6b4a4-7e43-4946-a559-20bd02398077 req-e5a63553-1853-459a-8cfa-afd82cb88994 3f9d67d74b9c42c9b4d9acd3348deeb7 aba737128d0c445f885ee1c96e5b65b2 - - default default] 10.0.0.56 "GET /v2.0/ports?device_id=fb6b1fca-5255-4d40-8b54-2c4aa2ed042a HTTP/1.1" status: 200 len: 1170 time: 0.0286503
2026-02-26 02:45:10.256 10 INFO neutron.api.wsgi [req-c6b6b4a4-7e43-4946-a559-20bd02398077 req-c49ce3af-1f13-4581-a0bf-3040284f3d7a 3f9d67d74b9c42c9b4d9acd3348deeb7 aba737128d0c445f885ee1c96e5b65b2 - - default default] 10.0.0.56 "GET /v2.0/security-groups?id=ad3683db-4607-4e58-8ab0-3c69e924d788&fields=id&fields=name HTTP/1.1" status: 200 len: 313 time: 0.0310209
2026-02-26 02:45:10.399 9 INFO neutron.api.wsgi [req-fd35e550-1ab4-4d78-acf8-dd044135df3c req-6f4f51dc-3cc5-4b87-a571-0d8f7721768b d892fce6ee744e3ca626bfc94fe1246b be9abaf8ad7141e59d58a44111b259b0 - - 2d7226f8ed1d40f98a6941b88a2fbe60 2d7226f8ed1d40f98a6941b88a2fbe60] 162.253.55.43 "GET /v2.0/ports?tenant_id=aba737128d0c445f885ee1c96e5b65b2&device_id=fb6b1fca-5255-4d40-8b54-2c4aa2ed042a HTTP/1.1" status: 200 len: 1409 time: 0.0343823
2026-02-26 02:45:10.441 9 INFO neutron.api.wsgi [req-fd35e550-1ab4-4d78-acf8-dd044135df3c req-f4bb79ed-9dca-48e6-a210-2aa1cfbc9d60 d892fce6ee744e3ca626bfc94fe1246b be9abaf8ad7141e59d58a44111b259b0 - - 2d7226f8ed1d40f98a6941b88a2fbe60 2d7226f8ed1d40f98a6941b88a2fbe60] 162.253.55.43 "GET /v2.0/networks?id=e207e639-645a-4fb9-84ff-10c109c0e383 HTTP/1.1" status: 200 len: 977 time: 0.0366619
2026-02-26 02:45:10.478 9 INFO neutron.api.wsgi [req-fd35e550-1ab4-4d78-acf8-dd044135df3c req-c9a83a68-6b0f-4b16-8476-0b6a5111725e d892fce6ee744e3ca626bfc94fe1246b be9abaf8ad7141e59d58a44111b259b0 - - 2d7226f8ed1d40f98a6941b88a2fbe60 2d7226f8ed1d40f98a6941b88a2fbe60] 162.253.55.43 "GET /v2.0/floatingips?fixed_ip_address=10.100.0.7&port_id=4f3126e9-35db-455c-a5d6-6cb5261c9965 HTTP/1.1" status: 200 len: 1059 time: 0.0306110
