2026-02-26 02:47:46.506 10 INFO neutron.api.wsgi [None req-74ccb253-05ab-4447-8a1c-031cfd079ec1 fa37630f849f40068c2791ead375de9d 733ea7f026cd4592842389b4e6bb4175 - - default default] 10.0.0.41 "POST /v2.0/networks HTTP/1.1" status: 201 len: 831 time: 0.5627863 /var/lib/openstack/lib/python3.12/site-packages/pycadf/identifier.py:71: UserWarning: Invalid uuid: neutron. To ensure interoperability, identifiers should be a valid uuid. warnings.warn(('Invalid uuid: %s. To ensure interoperability, '
2026-02-26 02:47:46.516 10 INFO neutron.api.wsgi [None req-f5668929-5639-4903-9f39-0f3c43573c48 30a4d3eac02a49e2bdd7e7399200f90f 419473964dab4e568700eb238de79837 - - default default] 10.0.0.41 "GET /v2.0/security-groups?not-tags=red%2Cblue HTTP/1.1" status: 200 len: 7875 time: 0.0479319
2026-02-26 02:47:46.516 9 WARNING neutron_lib.context [None req-07761aba-a3f1-481b-a2a9-af35a199aa07 fa37630f849f40068c2791ead375de9d 733ea7f026cd4592842389b4e6bb4175 - - default default] Method 'is_advsvc' is deprecated since 2023.2 release (neutron-lib 3.8.0) and will be removed once support for the old RBAC API policies will be removed from Neutron. Please use method 'is_service_role' instead.
2026-02-26 02:47:46.559 10 INFO neutron.api.wsgi [None req-bbd23b27-70bc-4664-9e08-ce015b59b5f3 30a4d3eac02a49e2bdd7e7399200f90f 419473964dab4e568700eb238de79837 - - default default] 10.0.0.41 "GET /v2.0/security-groups?not-tags-any=blue HTTP/1.1" status: 200 len: 7875 time: 0.0387318
2026-02-26 02:47:46.600 10 INFO neutron.api.wsgi [None req-0127c465-ea48-420f-b22e-8e6588644120 30a4d3eac02a49e2bdd7e7399200f90f 419473964dab4e568700eb238de79837 - - default default] 10.0.0.41 "GET /v2.0/security-groups?not-tags-any=red%2Cblue HTTP/1.1" status: 200 len: 6289 time: 0.0347545
2026-02-26 02:47:46.703 9 WARNING neutron.scheduler.dhcp_agent_scheduler [None req-07761aba-a3f1-481b-a2a9-af35a199aa07 fa37630f849f40068c2791ead375de9d 733ea7f026cd4592842389b4e6bb4175 - - default default] No more DHCP agents
2026-02-26 02:47:46.704 9 WARNING neutron.api.rpc.agentnotifiers.dhcp_rpc_agent_api [None req-07761aba-a3f1-481b-a2a9-af35a199aa07 fa37630f849f40068c2791ead375de9d 733ea7f026cd4592842389b4e6bb4175 - - default default] Unable to schedule network 5b00b89d-62b4-45a7-9ccf-805441c72406: no agents available; will retry on subsequent port and subnet creation events.
2026-02-26 02:47:46.708 9 INFO neutron.api.wsgi [None req-9eca7bea-8c91-4221-a893-ef47d28b9b49 30a4d3eac02a49e2bdd7e7399200f90f 419473964dab4e568700eb238de79837 - - default default] 10.0.0.41 "DELETE /v2.0/security-groups/48955068-5dd7-4acb-88ce-3a3238fda8f8 HTTP/1.1" status: 204 len: 168 time: 0.1024148
2026-02-26 02:47:46.816 10 INFO neutron.api.wsgi [None req-ff25becb-a373-4204-9a56-a4b438a63a05 30a4d3eac02a49e2bdd7e7399200f90f 419473964dab4e568700eb238de79837 - - default default] 10.0.0.41 "DELETE /v2.0/security-groups/81b101c5-9566-4f40-b080-e4622612b48f HTTP/1.1" status: 204 len: 168 time: 0.1023426
2026-02-26 02:47:46.934 10 INFO neutron.api.wsgi [None req-ae25934b-434d-4e36-96a3-401b067f855b 30a4d3eac02a49e2bdd7e7399200f90f 419473964dab4e568700eb238de79837 - - default default] 10.0.0.41 "DELETE /v2.0/security-groups/a9da95e5-6546-4dc0-9a6d-e3f06c7281de HTTP/1.1" status: 204 len: 168 time: 0.1112895
2026-02-26 02:47:47.031 10 INFO neutron.api.wsgi [None req-c3a0563f-b03f-45b2-ba50-3f008984ef44 30a4d3eac02a49e2bdd7e7399200f90f 419473964dab4e568700eb238de79837 - - default default] 10.0.0.41 "DELETE /v2.0/security-groups/6cb53111-6e00-42a3-8be4-42aa02cec98c HTTP/1.1" status: 204 len: 168 time: 0.0921228
2026-02-26 02:47:47.129 10 INFO neutron.api.wsgi [None req-5de9f4b3-dd80-40ea-9c76-d4912584101c 30a4d3eac02a49e2bdd7e7399200f90f 419473964dab4e568700eb238de79837 - - default default] 10.0.0.41 "DELETE /v2.0/security-groups/69e6375c-246d-4fdb-8363-8c870e483950 HTTP/1.1" status: 204 len: 168 time: 0.0940969
2026-02-26 02:47:47.135 9 INFO neutron.db.ovn_revision_numbers_db [None req-33d9ca9d-8086-448b-8e72-056d12fbdcfb - - - - - -] Successfully bumped revision number for resource 84eedc0b-a9d1-4769-8143-5ed3a7efcb8f (type: ports) to 2
2026-02-26 02:47:47.163 9 INFO neutron.db.ovn_revision_numbers_db [None req-33d9ca9d-8086-448b-8e72-056d12fbdcfb - - - - - -] Successfully bumped revision number for resource b9b91816-d645-4c1d-b750-9972a04c9ce9 (type: subnets) to 0
2026-02-26 02:47:47.175 9 INFO neutron.api.wsgi [None req-07761aba-a3f1-481b-a2a9-af35a199aa07 fa37630f849f40068c2791ead375de9d 733ea7f026cd4592842389b4e6bb4175 - - default default] 10.0.0.41 "POST /v2.0/subnets HTTP/1.1" status: 201 len: 825 time: 0.6639068
2026-02-26 02:47:47.184 9 WARNING neutron_lib.context [None req-5996aba4-5379-45c3-975a-43f5affe9127 fa37630f849f40068c2791ead375de9d 733ea7f026cd4592842389b4e6bb4175 - - default default] Method 'is_advsvc' is deprecated since 2023.2 release (neutron-lib 3.8.0) and will be removed once support for the old RBAC API policies will be removed from Neutron. Please use method 'is_service_role' instead.
2026-02-26 02:47:47.454 9 WARNING neutron.scheduler.dhcp_agent_scheduler [None req-5996aba4-5379-45c3-975a-43f5affe9127 fa37630f849f40068c2791ead375de9d 733ea7f026cd4592842389b4e6bb4175 - - default default] No more DHCP agents
2026-02-26 02:47:47.456 9 WARNING neutron.api.rpc.agentnotifiers.dhcp_rpc_agent_api [None req-5996aba4-5379-45c3-975a-43f5affe9127 fa37630f849f40068c2791ead375de9d 733ea7f026cd4592842389b4e6bb4175 - - default default] Unable to schedule network 5b00b89d-62b4-45a7-9ccf-805441c72406: no agents available; will retry on subsequent port and subnet creation events.
2026-02-26 02:47:47.579 9 INFO neutron.db.ovn_revision_numbers_db [None req-5996aba4-5379-45c3-975a-43f5affe9127 fa37630f849f40068c2791ead375de9d 733ea7f026cd4592842389b4e6bb4175 - - default default] Successfully bumped revision number for resource 32570b8d-d78c-4f14-8b8b-bd11d99a4d6e (type: ports) to 1
2026-02-26 02:47:47.587 10 INFO neutron.api.wsgi [req-dabd1a6c-aefd-4db6-a1e2-ae34cc4f19cf req-c308b83f-2ba8-474c-9248-6a978d704dc7 bbf1c22f41b943158cd85a9bda41e907 6d914e61d5414143b27b9d384a9380e1 - - default default] 10.0.0.56 "GET /v2.0/ports?device_id=d3eac6a4-7d00-4299-bea1-49c6a5e87e2b HTTP/1.1" status: 200 len: 1417 time: 0.0367250
2026-02-26 02:47:47.603 9 INFO neutron.api.wsgi [None req-5996aba4-5379-45c3-975a-43f5affe9127 fa37630f849f40068c2791ead375de9d 733ea7f026cd4592842389b4e6bb4175 - - default default] 10.0.0.41 "POST /v2.0/ports HTTP/1.1" status: 201 len: 1153 time: 0.4222338
2026-02-26 02:47:47.656 10 INFO neutron.api.wsgi [req-dabd1a6c-aefd-4db6-a1e2-ae34cc4f19cf req-7d41966f-a716-46b2-a10e-23bb6139c35d bbf1c22f41b943158cd85a9bda41e907 6d914e61d5414143b27b9d384a9380e1 - - default default] 10.0.0.56 "GET /v2.0/security-groups?id=eecd0820-58d3-4034-81ff-b83eaa6462cf&fields=id&fields=name HTTP/1.1" status: 200 len: 294 time: 0.0640268
2026-02-26 02:47:47.737 10 INFO neutron.api.wsgi [req-03c4cbc3-5b03-470f-a2be-624aaa747b53 req-6bc215aa-ad1d-4786-96c3-22d524864545 bbf1c22f41b943158cd85a9bda41e907 6d914e61d5414143b27b9d384a9380e1 - - default default] 10.0.0.56 "GET /v2.0/ports?device_id=d3eac6a4-7d00-4299-bea1-49c6a5e87e2b HTTP/1.1" status: 200 len: 1417 time: 0.0263097 /var/lib/openstack/lib/python3.12/site-packages/pycadf/identifier.py:71: UserWarning: Invalid uuid: neutron. To ensure interoperability, identifiers should be a valid uuid. warnings.warn(('Invalid uuid: %s. To ensure interoperability, '
2026-02-26 02:47:47.870 9 INFO neutron.api.wsgi [req-9d33ecbb-2aca-4805-955b-fe8e3d184d18 req-312bd861-d5e4-42c9-8b30-44983db1d89b d892fce6ee744e3ca626bfc94fe1246b be9abaf8ad7141e59d58a44111b259b0 - - 2d7226f8ed1d40f98a6941b88a2fbe60 2d7226f8ed1d40f98a6941b88a2fbe60] 10.0.0.93 "GET /v2.0/ports?device_id=c1e4672d-7fd7-4c6d-b478-7ccdd94ea32c HTTP/1.1" status: 200 len: 1413 time: 0.0298386
2026-02-26 02:47:47.907 9 INFO neutron.api.wsgi [req-9d33ecbb-2aca-4805-955b-fe8e3d184d18 req-70fd03d4-986a-4271-b3dd-5b25176d2177 d892fce6ee744e3ca626bfc94fe1246b be9abaf8ad7141e59d58a44111b259b0 - - 2d7226f8ed1d40f98a6941b88a2fbe60 2d7226f8ed1d40f98a6941b88a2fbe60] 10.0.0.93 "GET /v2.0/security-groups?id=080ff14c-f570-4bc5-babb-dae7fa51f337&fields=id&fields=name HTTP/1.1" status: 200 len: 312 time: 0.0326719
2026-02-26 02:47:48.246 10 INFO neutron.api.wsgi [None req-259855af-e1e6-4350-b963-a5415ddfa0d5 fa37630f849f40068c2791ead375de9d 733ea7f026cd4592842389b4e6bb4175 - - default default] 10.0.0.41 "DELETE /v2.0/ports/32570b8d-d78c-4f14-8b8b-bd11d99a4d6e HTTP/1.1" status: 204 len: 168 time: 0.6346850
2026-02-26 02:47:48.265 10 INFO neutron.pecan_wsgi.hooks.translation [None req-9695d583-1986-4ad9-8e5a-57936170f7f7 fa37630f849f40068c2791ead375de9d 733ea7f026cd4592842389b4e6bb4175 - - default default] DELETE failed (client error): The resource could not be found.
2026-02-26 02:47:48.267 10 INFO neutron.api.wsgi [None req-9695d583-1986-4ad9-8e5a-57936170f7f7 fa37630f849f40068c2791ead375de9d 733ea7f026cd4592842389b4e6bb4175 - - default default] 10.0.0.41 "DELETE /v2.0/ports/32570b8d-d78c-4f14-8b8b-bd11d99a4d6e HTTP/1.1" status: 404 len: 333 time: 0.0163224
2026-02-26 02:47:48.288 10 INFO neutron.pecan_wsgi.hooks.translation [None req-60000224-7ab3-4b71-b8b3-a6c30638bf59 fa37630f849f40068c2791ead375de9d 733ea7f026cd4592842389b4e6bb4175 - - default default] GET failed (client error): The resource could not be found.
2026-02-26 02:47:48.289 10 INFO neutron.api.wsgi [None req-60000224-7ab3-4b71-b8b3-a6c30638bf59 fa37630f849f40068c2791ead375de9d 733ea7f026cd4592842389b4e6bb4175 - - default default] 10.0.0.41 "GET /v2.0/ports/32570b8d-d78c-4f14-8b8b-bd11d99a4d6e HTTP/1.1" status: 404 len: 333 time: 0.0167077
2026-02-26 02:47:48.293 10 INFO neutron.db.ovn_revision_numbers_db [None req-57462ddc-b732-408c-96fa-7e67a3667e4c bbf1c22f41b943158cd85a9bda41e907 6d914e61d5414143b27b9d384a9380e1 - - default default] Successfully bumped revision number for resource cf0307e5-bb86-4248-86ff-561cf4f821ab (type: security_groups) to 1
2026-02-26 02:47:48.317 10 INFO neutron.db.ovn_revision_numbers_db [None req-57462ddc-b732-408c-96fa-7e67a3667e4c bbf1c22f41b943158cd85a9bda41e907 6d914e61d5414143b27b9d384a9380e1 - - default default] Successfully bumped revision number for resource 3036adf2-0c7e-453b-9b45-e2b5497aa37c (type: security_group_rules) to 0
2026-02-26 02:47:48.344 10 INFO neutron.db.ovn_revision_numbers_db [None req-57462ddc-b732-408c-96fa-7e67a3667e4c bbf1c22f41b943158cd85a9bda41e907 6d914e61d5414143b27b9d384a9380e1 - - default default] Successfully bumped revision number for resource 47fdf998-0ee8-4a4d-9ec6-4d37dbeb5464 (type: security_group_rules) to 0
2026-02-26 02:47:48.358 10 INFO neutron.db.ovn_revision_numbers_db [None req-57462ddc-b732-408c-96fa-7e67a3667e4c bbf1c22f41b943158cd85a9bda41e907 6d914e61d5414143b27b9d384a9380e1 - - default default] Successfully bumped revision number for resource b81bde39-2e0c-4096-89b8-696b19388437 (type: security_group_rules) to 0
2026-02-26 02:47:48.359 9 INFO neutron.notifiers.nova [-] Nova event matching ['req-e75b4cd6-f76c-4dfa-98a6-36902118c93b'] response: {'server_uuid': 'd3eac6a4-7d00-4299-bea1-49c6a5e87e2b', 'name': 'network-vif-plugged', 'status': 'completed', 'tag': '8d6b5542-3f8b-4012-9622-dd0fddc6b093', 'code': 200}
2026-02-26 02:47:48.372 10 INFO neutron.db.ovn_revision_numbers_db [None req-57462ddc-b732-408c-96fa-7e67a3667e4c bbf1c22f41b943158cd85a9bda41e907 6d914e61d5414143b27b9d384a9380e1 - - default default] Successfully bumped revision number for resource ee8d5332-9208-467b-8ad9-df2c46687825 (type: security_group_rules) to 0
2026-02-26 02:47:48.414 10 INFO neutron.api.wsgi [None req-57462ddc-b732-408c-96fa-7e67a3667e4c bbf1c22f41b943158cd85a9bda41e907 6d914e61d5414143b27b9d384a9380e1 - - default default] 10.0.0.41 "GET /v2.0/security-groups?tenant_id=ebf0520e196348ccabd21e08ac6e3491&name=default HTTP/1.1" status: 200 len: 3120 time: 0.4106567
2026-02-26 02:47:48.455 9 INFO neutron.api.wsgi [None req-5fdadc76-9767-4611-b37e-ca7bac3c4ddc fa37630f849f40068c2791ead375de9d 733ea7f026cd4592842389b4e6bb4175 - - default default] 10.0.0.41 "DELETE /v2.0/subnets/b9b91816-d645-4c1d-b750-9972a04c9ce9 HTTP/1.1" status: 204 len: 168 time: 0.1609883
2026-02-26 02:47:48.662 9 INFO neutron.api.wsgi [None req-04b74c9b-7d3d-46b7-bf05-479b8d7aaccd bbf1c22f41b943158cd85a9bda41e907 6d914e61d5414143b27b9d384a9380e1 - - default default] 10.0.0.41 "DELETE /v2.0/security-groups/cf0307e5-bb86-4248-86ff-561cf4f821ab HTTP/1.1" status: 204 len: 168 time: 0.2425776
2026-02-26 02:47:48.758 9 INFO neutron.services.segments.plugin [-] Segment 0d28f1b8-8964-4938-9699-59c258ba58cd resource provider aggregate not found
2026-02-26 02:47:48.761 9 INFO neutron.services.segments.plugin [-] Segment 0d28f1b8-8964-4938-9699-59c258ba58cd resource provider aggregate not found
2026-02-26 02:47:48.775 9 INFO neutron.services.segments.plugin [-] Segment 0d28f1b8-8964-4938-9699-59c258ba58cd resource provider not found; error: Placement Client Error (4xx): {"errors": [{"status": 404, "title": "Not Found", "detail": "The resource could not be found.\n\n No resource provider with uuid 0d28f1b8-8964-4938-9699-59c258ba58cd found for delete ", "request_id": "req-4bfe539e-f64b-4eab-89f4-1655c9afd683"}]}
2026-02-26 02:47:48.777 9 INFO neutron.services.segments.plugin [-] Segment 0d28f1b8-8964-4938-9699-59c258ba58cd resource provider not found; error: Placement Client Error (4xx): {"errors": [{"status": 404, "title": "Not Found", "detail": "The resource could not be found.\n\n No resource provider with uuid 0d28f1b8-8964-4938-9699-59c258ba58cd found for delete ", "request_id": "req-f3fa4fd7-4e51-4360-aae8-a65a3eb18a7a"}]}
2026-02-26 02:47:48.797 9 INFO neutron.api.wsgi [None req-72b070c2-edf1-4d05-8d9f-73b1388962ed fa37630f849f40068c2791ead375de9d 733ea7f026cd4592842389b4e6bb4175 - - default default] 10.0.0.41 "DELETE /v2.0/networks/5b00b89d-62b4-45a7-9ccf-805441c72406 HTTP/1.1" status: 204 len: 168 time: 0.3342679
2026-02-26 02:47:48.812 10 WARNING neutron_lib.context [None req-e1372e9f-c7aa-4e66-85f0-b14472099a2e fa37630f849f40068c2791ead375de9d 733ea7f026cd4592842389b4e6bb4175 - - default default] Method 'is_advsvc' is deprecated since 2023.2 release (neutron-lib 3.8.0) and will be removed once support for the old RBAC API policies will be removed from Neutron. Please use method 'is_service_role' instead.
2026-02-26 02:47:48.891 10 INFO neutron.db.segments_db [None req-e1372e9f-c7aa-4e66-85f0-b14472099a2e fa37630f849f40068c2791ead375de9d 733ea7f026cd4592842389b4e6bb4175 - - default default] Added segment 1f894bfa-d709-4d72-80c5-e10ab30dffd6 of type geneve for network 18daf210-006d-4101-86f6-3cea1de27e8d
2026-02-26 02:47:48.899 9 INFO neutron.db.ovn_revision_numbers_db [None req-36f5a542-bf1d-43d0-aebc-3be315e61868 bbf1c22f41b943158cd85a9bda41e907 6d914e61d5414143b27b9d384a9380e1 - - default default] Successfully bumped revision number for resource 5dfcf3b0-ad35-4085-bc48-003b8ed39463 (type: security_groups) to 1
2026-02-26 02:47:48.911 9 INFO neutron.db.ovn_revision_numbers_db [None req-36f5a542-bf1d-43d0-aebc-3be315e61868 bbf1c22f41b943158cd85a9bda41e907 6d914e61d5414143b27b9d384a9380e1 - - default default] Successfully bumped revision number for resource 78a99d56-2250-4f5e-9d64-272829d91540 (type: security_group_rules) to 0
2026-02-26 02:47:48.927 9 INFO neutron.db.ovn_revision_numbers_db [None req-36f5a542-bf1d-43d0-aebc-3be315e61868 bbf1c22f41b943158cd85a9bda41e907 6d914e61d5414143b27b9d384a9380e1 - - default default] Successfully bumped revision number for resource c57977af-6332-4d73-9e77-aa6875cddd04 (type: security_group_rules) to 0
2026-02-26 02:47:48.940 9 INFO neutron.db.ovn_revision_numbers_db [None req-36f5a542-bf1d-43d0-aebc-3be315e61868 bbf1c22f41b943158cd85a9bda41e907 6d914e61d5414143b27b9d384a9380e1 - - default default] Successfully bumped revision number for resource e34275dd-be43-45f2-b4b8-30e143d6351f (type: security_group_rules) to 0
2026-02-26 02:47:48.952 9 INFO neutron.db.ovn_revision_numbers_db [None req-36f5a542-bf1d-43d0-aebc-3be315e61868 bbf1c22f41b943158cd85a9bda41e907 6d914e61d5414143b27b9d384a9380e1 - - default default] Successfully bumped revision number for resource f08913f7-c931-49f3-aeb9-199890844489 (type: security_group_rules) to 0
2026-02-26 02:47:48.991 9 INFO neutron.api.wsgi [None req-36f5a542-bf1d-43d0-aebc-3be315e61868 bbf1c22f41b943158cd85a9bda41e907 6d914e61d5414143b27b9d384a9380e1 - - default default] 10.0.0.41 "GET /v2.0/security-groups?tenant_id=29ea8820429e46638fff0abf27981128&name=default HTTP/1.1" status: 200 len: 3120 time: 0.1936893
2026-02-26 02:47:48.993 10 INFO neutron.db.ovn_revision_numbers_db [None req-e1372e9f-c7aa-4e66-85f0-b14472099a2e fa37630f849f40068c2791ead375de9d 733ea7f026cd4592842389b4e6bb4175 - - default default] Successfully bumped revision number for resource 18daf210-006d-4101-86f6-3cea1de27e8d (type: networks) to 1
2026-02-26 02:47:49.155 10 WARNING neutron.scheduler.dhcp_agent_scheduler [None req-e1372e9f-c7aa-4e66-85f0-b14472099a2e fa37630f849f40068c2791ead375de9d 733ea7f026cd4592842389b4e6bb4175 - - default default] No more DHCP agents
2026-02-26 02:47:49.157 10 WARNING neutron.api.rpc.agentnotifiers.dhcp_rpc_agent_api [None req-e1372e9f-c7aa-4e66-85f0-b14472099a2e fa37630f849f40068c2791ead375de9d 733ea7f026cd4592842389b4e6bb4175 - - default default] Unable to schedule network 18daf210-006d-4101-86f6-3cea1de27e8d: no agents available; will retry on subsequent port and subnet creation events.
2026-02-26 02:47:49.211 10 INFO neutron.api.wsgi [None req-f9b6f456-81ab-4649-ad23-cf41be70daf0 bbf1c22f41b943158cd85a9bda41e907 6d914e61d5414143b27b9d384a9380e1 - - default default] 10.0.0.41 "DELETE /v2.0/security-groups/5dfcf3b0-ad35-4085-bc48-003b8ed39463 HTTP/1.1" status: 204 len: 168 time: 0.2155159
2026-02-26 02:47:49.212 10 INFO neutron.db.ovn_revision_numbers_db [None req-e1372e9f-c7aa-4e66-85f0-b14472099a2e fa37630f849f40068c2791ead375de9d 733ea7f026cd4592842389b4e6bb4175 - - default default] Successfully bumped revision number for resource a085fe87-876c-4965-b8b7-f3f486ebb820 (type: ports) to 1
2026-02-26 02:47:49.232 10 INFO neutron.api.wsgi [None req-e1372e9f-c7aa-4e66-85f0-b14472099a2e fa37630f849f40068c2791ead375de9d 733ea7f026cd4592842389b4e6bb4175 - - default default] 10.0.0.41 "POST /v2.0/networks HTTP/1.1" status: 201 len: 831 time: 0.4278791
2026-02-26 02:47:49.243 10 WARNING neutron_lib.context [None req-09913562-ec1d-4a75-bded-015d795933ea fa37630f849f40068c2791ead375de9d 733ea7f026cd4592842389b4e6bb4175 - - default default] Method 'is_advsvc' is deprecated since 2023.2 release (neutron-lib 3.8.0) and will be removed once support for the old RBAC API policies will be removed from Neutron. Please use method 'is_service_role' instead.
2026-02-26 02:47:49.401 10 WARNING neutron.scheduler.dhcp_agent_scheduler [None req-09913562-ec1d-4a75-bded-015d795933ea fa37630f849f40068c2791ead375de9d 733ea7f026cd4592842389b4e6bb4175 - - default default] No more DHCP agents
2026-02-26 02:47:49.403 10 WARNING neutron.api.rpc.agentnotifiers.dhcp_rpc_agent_api [None req-09913562-ec1d-4a75-bded-015d795933ea fa37630f849f40068c2791ead375de9d 733ea7f026cd4592842389b4e6bb4175 - - default default] Unable to schedule network 18daf210-006d-4101-86f6-3cea1de27e8d: no agents available; will retry on subsequent port and subnet creation events.
2026-02-26 02:47:49.441 10 INFO neutron.api.wsgi [None req-d2031381-ecff-4b36-90a6-026558ef6fcf bbf1c22f41b943158cd85a9bda41e907 6d914e61d5414143b27b9d384a9380e1 - - default default] 10.0.0.41 "GET /v2.0/security-groups?tenant_id=419473964dab4e568700eb238de79837&name=default HTTP/1.1" status: 200 len: 3120 time: 0.0384786
2026-02-26 02:47:49.659 10 INFO neutron.api.wsgi [None req-8df99bd8-ebda-4311-8f91-c46af0ef11d4 bbf1c22f41b943158cd85a9bda41e907 6d914e61d5414143b27b9d384a9380e1 - - default default] 10.0.0.41 "DELETE /v2.0/security-groups/14d49f0d-d38d-4c3f-86b9-8b023c896c19 HTTP/1.1" status: 204 len: 168 time: 0.2131946
2026-02-26 02:47:49.777 10 INFO neutron.db.ovn_revision_numbers_db [None req-506d550f-becc-4127-92ba-f0872384ed42 - - - - - -] Successfully bumped revision number for resource a085fe87-876c-4965-b8b7-f3f486ebb820 (type: ports) to 2
2026-02-26 02:47:49.807 10 INFO neutron.db.ovn_revision_numbers_db [None req-506d550f-becc-4127-92ba-f0872384ed42 - - - - - -] Successfully bumped revision number for resource dcac4b5f-74d9-4a3a-9ccd-9ae77a029aa3 (type: subnets) to 0
2026-02-26 02:47:49.827 10 INFO neutron.api.wsgi [None req-09913562-ec1d-4a75-bded-015d795933ea fa37630f849f40068c2791ead375de9d 733ea7f026cd4592842389b4e6bb4175 - - default default] 10.0.0.41 "POST /v2.0/subnets HTTP/1.1" status: 201 len: 825 time: 0.5881262
2026-02-26 02:47:49.836 10 WARNING neutron_lib.context [None req-9f10756e-8919-4453-a5a5-15119cd80033 fa37630f849f40068c2791ead375de9d 733ea7f026cd4592842389b4e6bb4175 - - default default] Method 'is_advsvc' is deprecated since 2023.2 release (neutron-lib 3.8.0) and will be removed once support for the old RBAC API policies will be removed from Neutron. Please use method 'is_service_role' instead.
2026-02-26 02:47:49.989 9 INFO neutron.api.wsgi [-] 10.0.0.144 "GET / HTTP/1.1" status: 200 len: 247 time: 0.0014462
2026-02-26 02:47:49.991 9 INFO neutron.api.wsgi [-] 10.0.0.144 "GET / HTTP/1.1" status: 200 len: 247 time: 0.0009189
2026-02-26 02:47:50.078 10 WARNING neutron.scheduler.dhcp_agent_scheduler [None req-9f10756e-8919-4453-a5a5-15119cd80033 fa37630f849f40068c2791ead375de9d 733ea7f026cd4592842389b4e6bb4175 - - default default] No more DHCP agents
2026-02-26 02:47:50.079 10 WARNING neutron.api.rpc.agentnotifiers.dhcp_rpc_agent_api [None req-9f10756e-8919-4453-a5a5-15119cd80033 fa37630f849f40068c2791ead375de9d 733ea7f026cd4592842389b4e6bb4175 - - default default] Unable to schedule network 18daf210-006d-4101-86f6-3cea1de27e8d: no agents available; will retry on subsequent port and subnet creation events.
2026-02-26 02:47:50.194 10 INFO neutron.db.ovn_revision_numbers_db [None req-9f10756e-8919-4453-a5a5-15119cd80033 fa37630f849f40068c2791ead375de9d 733ea7f026cd4592842389b4e6bb4175 - - default default] Successfully bumped revision number for resource ebe969be-191a-45c3-85fe-395efe965663 (type: ports) to 1
2026-02-26 02:47:50.214 10 INFO neutron.api.wsgi [None req-9f10756e-8919-4453-a5a5-15119cd80033 fa37630f849f40068c2791ead375de9d 733ea7f026cd4592842389b4e6bb4175 - - default default] 10.0.0.41 "POST /v2.0/ports HTTP/1.1" status: 201 len: 1111 time: 0.3811185
2026-02-26 02:47:50.493 10 INFO neutron.api.wsgi [req-59b2191b-6088-4e6f-8450-bbd74c8f6623 req-05158872-c31b-4ad2-b450-0132053757ac bbf1c22f41b943158cd85a9bda41e907 6d914e61d5414143b27b9d384a9380e1 - - default default] 10.0.0.56 "GET /v2.0/ports?device_id=d3eac6a4-7d00-4299-bea1-49c6a5e87e2b HTTP/1.1" status: 200 len: 1417 time: 0.0341280
2026-02-26 02:47:50.519 10 INFO neutron.api.wsgi [None req-a6fdb93e-35b5-4f7c-813d-e4d7f67c3bf7 fa37630f849f40068c2791ead375de9d 733ea7f026cd4592842389b4e6bb4175 - - default default] 10.0.0.41 "DELETE /v2.0/ports/ebe969be-191a-45c3-85fe-395efe965663 HTTP/1.1" status: 204 len: 168 time: 0.2994726
2026-02-26 02:47:50.530 10 INFO neutron.api.wsgi [req-59b2191b-6088-4e6f-8450-bbd74c8f6623 req-ccff12db-4f92-4c2f-9920-5d19a85c8a07 bbf1c22f41b943158cd85a9bda41e907 6d914e61d5414143b27b9d384a9380e1 - - default default] 10.0.0.56 "GET /v2.0/security-groups?id=eecd0820-58d3-4034-81ff-b83eaa6462cf&fields=id&fields=name HTTP/1.1" status: 200 len: 294 time: 0.0313680
2026-02-26 02:47:50.541 9 INFO neutron.pecan_wsgi.hooks.translation [None req-a4360a26-8e15-4f8c-a00c-c65dc18b14f8 fa37630f849f40068c2791ead375de9d 733ea7f026cd4592842389b4e6bb4175 - - default default] GET failed (client error): The resource could not be found.
2026-02-26 02:47:50.542 9 INFO neutron.api.wsgi [None req-a4360a26-8e15-4f8c-a00c-c65dc18b14f8 fa37630f849f40068c2791ead375de9d 733ea7f026cd4592842389b4e6bb4175 - - default default] 10.0.0.41 "GET /v2.0/ports/ebe969be-191a-45c3-85fe-395efe965663 HTTP/1.1" status: 404 len: 333 time: 0.0187511
2026-02-26 02:47:50.622 10 INFO neutron.api.wsgi [req-cc799214-a428-457c-bc7e-57a1c8d0df8d req-fd704b36-a928-43ae-81c8-3fddd1e02599 bbf1c22f41b943158cd85a9bda41e907 6d914e61d5414143b27b9d384a9380e1 - - default default] 10.0.0.56 "GET /v2.0/ports?device_id=d3eac6a4-7d00-4299-bea1-49c6a5e87e2b HTTP/1.1" status: 200 len: 1417 time: 0.0414255
2026-02-26 02:47:50.690 9 INFO neutron.api.wsgi [None req-38a5a5cb-f6e7-472c-82f5-45ec87f900b5 92b57d1695a5447485b0fd9446f1b2bb dbdaa9813ee64de6ab7e904ad56eaf18 - - default default] 10.0.0.41 "GET /v2.0/ports?project_id=744f39641c7747879321699d4724bb5d&network_id=c8a6c45f-684f-4a82-8e32-ff767fb5766c HTTP/1.1" status: 200 len: 3514 time: 0.0754738
2026-02-26 02:47:50.760 9 INFO neutron.api.wsgi [None req-8dc71011-7732-4722-a30f-6cec7aba2f8c fa37630f849f40068c2791ead375de9d 733ea7f026cd4592842389b4e6bb4175 - - default default] 10.0.0.41 "DELETE /v2.0/subnets/dcac4b5f-74d9-4a3a-9ccd-9ae77a029aa3 HTTP/1.1" status: 204 len: 168 time: 0.2097995
2026-02-26 02:47:51.011 10 INFO neutron.api.wsgi [None req-9799d233-56ae-48ac-a45f-7d8e5df1203b 92b57d1695a5447485b0fd9446f1b2bb dbdaa9813ee64de6ab7e904ad56eaf18 - - default default] 10.0.0.41 "GET /v2.0/subnets?network_id=c583ca4c-ebf6-482f-8023-725b774ef642 HTTP/1.1" status: 200 len: 861 time: 0.0415626
2026-02-26 02:47:51.049 9 INFO neutron.services.segments.plugin [-] Segment 1f894bfa-d709-4d72-80c5-e10ab30dffd6 resource provider aggregate not found
2026-02-26 02:47:51.055 9 INFO neutron.services.segments.plugin [-] Segment 1f894bfa-d709-4d72-80c5-e10ab30dffd6 resource provider aggregate not found
2026-02-26 02:47:51.073 9 INFO neutron.services.segments.plugin [-] Segment 1f894bfa-d709-4d72-80c5-e10ab30dffd6 resource provider not found; error: Placement Client Error (4xx): {"errors": [{"status": 404, "title": "Not Found", "detail": "The resource could not be found.\n\n No resource provider with uuid 1f894bfa-d709-4d72-80c5-e10ab30dffd6 found for delete ", "request_id": "req-123abef7-101e-4870-9976-b1d4cc33b785"}]}
2026-02-26 02:47:51.076 9 INFO neutron.services.segments.plugin [-] Segment 1f894bfa-d709-4d72-80c5-e10ab30dffd6 resource provider not found; error: Placement Client Error (4xx): {"errors": [{"status": 404, "title": "Not Found", "detail": "The resource could not be found.\n\n No resource provider with uuid 1f894bfa-d709-4d72-80c5-e10ab30dffd6 found for delete ", "request_id": "req-5dcab374-a2bb-4020-8a4e-7354224d0a43"}]}
2026-02-26 02:47:51.096 9 INFO neutron.api.wsgi [None req-729bc396-ee3e-4d19-aa7c-833388a1d2bf fa37630f849f40068c2791ead375de9d 733ea7f026cd4592842389b4e6bb4175 - - default default] 10.0.0.41 "DELETE /v2.0/networks/18daf210-006d-4101-86f6-3cea1de27e8d HTTP/1.1" status: 204 len: 168 time: 0.3317156
2026-02-26 02:47:51.105 9 WARNING neutron_lib.context [None req-b98f90d5-5041-4e4a-a067-1e89bfe77a49 fa37630f849f40068c2791ead375de9d 733ea7f026cd4592842389b4e6bb4175 - - default default] Method 'is_advsvc' is deprecated since 2023.2 release (neutron-lib 3.8.0) and will be removed once support for the old RBAC API policies will be removed from Neutron. Please use method 'is_service_role' instead.
2026-02-26 02:47:51.587 9 WARNING neutron.scheduler.dhcp_agent_scheduler [None req-b98f90d5-5041-4e4a-a067-1e89bfe77a49 fa37630f849f40068c2791ead375de9d 733ea7f026cd4592842389b4e6bb4175 - - default default] No more DHCP agents
2026-02-26 02:47:51.588 9 WARNING neutron.api.rpc.agentnotifiers.dhcp_rpc_agent_api [None req-b98f90d5-5041-4e4a-a067-1e89bfe77a49 fa37630f849f40068c2791ead375de9d 733ea7f026cd4592842389b4e6bb4175 - - default default] Unable to schedule network 05664210-4811-4f97-b180-882efc314208: no agents available; will retry on subsequent port and subnet creation events.
2026-02-26 02:47:51.589 9 INFO neutron.db.ovn_revision_numbers_db [None req-e3e0b9c6-3149-415f-a159-bc4e5b004331 8c00c9c4725f40d7b4c05aa4e7cb99c7 744f39641c7747879321699d4724bb5d - - default default] Successfully bumped revision number for resource 1b0e1594-5543-48c5-9d17-a32b460dbf92 (type: floatingips) to 2
2026-02-26 02:47:51.645 9 INFO neutron.db.l3_db [None req-e3e0b9c6-3149-415f-a159-bc4e5b004331 8c00c9c4725f40d7b4c05aa4e7cb99c7 744f39641c7747879321699d4724bb5d - - default default] Floating IP 1b0e1594-5543-48c5-9d17-a32b460dbf92 disassociated. External IP: 10.96.250.201, port: 86078040-7996-4e32-b6a9-8a52828ad3cd.
2026-02-26 02:47:51.670 9 INFO neutron.api.wsgi [None req-e3e0b9c6-3149-415f-a159-bc4e5b004331 8c00c9c4725f40d7b4c05aa4e7cb99c7 744f39641c7747879321699d4724bb5d - - default default] 10.0.0.41 "PUT /v2.0/floatingips/1b0e1594-5543-48c5-9d17-a32b460dbf92 HTTP/1.1" status: 200 len: 748 time: 0.4714553 /var/lib/openstack/lib/python3.12/site-packages/pycadf/identifier.py:71: UserWarning: Invalid uuid: neutron. To ensure interoperability, identifiers should be a valid uuid. warnings.warn(('Invalid uuid: %s. To ensure interoperability, '
2026-02-26 02:47:51.680 9 INFO neutron.db.ovn_revision_numbers_db [None req-b98f90d5-5041-4e4a-a067-1e89bfe77a49 fa37630f849f40068c2791ead375de9d 733ea7f026cd4592842389b4e6bb4175 - - default default] Successfully bumped revision number for resource 2aef39ef-ca95-4e40-bf3f-953f10887345 (type: ports) to 1
2026-02-26 02:47:51.699 9 INFO neutron.api.wsgi [None req-827de114-645d-461d-9fb4-843ad0a8a8ac 8c00c9c4725f40d7b4c05aa4e7cb99c7 744f39641c7747879321699d4724bb5d - - default default] 10.0.0.41 "GET /v2.0/floatingips/1b0e1594-5543-48c5-9d17-a32b460dbf92 HTTP/1.1" status: 200 len: 746 time: 0.0221810
2026-02-26 02:47:51.701 9 INFO neutron.notifiers.nova [-] Nova event matching ['req-d8e5d13a-78d6-4f19-8356-3ffac7036490'] response: {'name': 'network-changed', 'server_uuid': 'c1e4672d-7fd7-4c6d-b478-7ccdd94ea32c', 'tag': '86078040-7996-4e32-b6a9-8a52828ad3cd', 'status': 'completed', 'code': 200}
2026-02-26 02:47:51.735 9 INFO neutron.api.wsgi [None req-b98f90d5-5041-4e4a-a067-1e89bfe77a49 fa37630f849f40068c2791ead375de9d 733ea7f026cd4592842389b4e6bb4175 - - default default] 10.0.0.41 "POST /v2.0/ports HTTP/1.1" status: 201 len: 973 time: 0.6333904
2026-02-26 02:47:51.935 9 INFO neutron.plugins.ml2.drivers.ovn.mech_driver.mech_driver [None req-d5b3d5c6-74f2-4719-9cd8-1cc7f9bffdf1 - - - - - -] OVN reports status down for port: 2aef39ef-ca95-4e40-bf3f-953f10887345
2026-02-26 02:47:51.982 9 INFO neutron.db.ovn_revision_numbers_db [None req-979f99c2-592d-42a0-aab4-94c4113bdbd6 fa37630f849f40068c2791ead375de9d 733ea7f026cd4592842389b4e6bb4175 - - default default] Successfully bumped revision number for resource 2aef39ef-ca95-4e40-bf3f-953f10887345 (type: ports) to 2
2026-02-26 02:47:52.007 9 INFO neutron.api.wsgi [None req-979f99c2-592d-42a0-aab4-94c4113bdbd6 fa37630f849f40068c2791ead375de9d 733ea7f026cd4592842389b4e6bb4175 - - default default] 10.0.0.41 "PUT /v2.0/ports/2aef39ef-ca95-4e40-bf3f-953f10887345 HTTP/1.1" status: 200 len: 946 time: 0.2676127 /var/lib/openstack/lib/python3.12/site-packages/pycadf/identifier.py:71: UserWarning: Invalid uuid: neutron. To ensure interoperability, identifiers should be a valid uuid. warnings.warn(('Invalid uuid: %s. To ensure interoperability, '
2026-02-26 02:47:52.238 9 INFO neutron.api.wsgi [req-6862b856-121c-4464-bded-a0ef74e0e6c6 req-4ffac059-d0f5-420d-8b43-23bb2c005359 d892fce6ee744e3ca626bfc94fe1246b be9abaf8ad7141e59d58a44111b259b0 - - 2d7226f8ed1d40f98a6941b88a2fbe60 2d7226f8ed1d40f98a6941b88a2fbe60] 162.253.55.43 "GET /v2.0/ports?tenant_id=744f39641c7747879321699d4724bb5d&device_id=c1e4672d-7fd7-4c6d-b478-7ccdd94ea32c HTTP/1.1" status: 200 len: 1413 time: 0.0287015
2026-02-26 02:47:52.255 9 INFO neutron.api.wsgi [None req-e226339e-e415-47e5-bfd6-47eadf0f5ec3 fa37630f849f40068c2791ead375de9d 733ea7f026cd4592842389b4e6bb4175 - - default default] 10.0.0.41 "DELETE /v2.0/ports/2aef39ef-ca95-4e40-bf3f-953f10887345 HTTP/1.1" status: 204 len: 168 time: 0.2415004 /var/lib/openstack/lib/python3.12/site-packages/pycadf/identifier.py:71: UserWarning: Invalid uuid: neutron. To ensure interoperability, identifiers should be a valid uuid. warnings.warn(('Invalid uuid: %s. To ensure interoperability, '
2026-02-26 02:47:52.287 9 INFO neutron.api.wsgi [req-6862b856-121c-4464-bded-a0ef74e0e6c6 req-8e1f56d6-e636-4d1d-9886-e14fe84c9b7a d892fce6ee744e3ca626bfc94fe1246b be9abaf8ad7141e59d58a44111b259b0 - - 2d7226f8ed1d40f98a6941b88a2fbe60 2d7226f8ed1d40f98a6941b88a2fbe60] 162.253.55.43 "GET /v2.0/networks?id=c8a6c45f-684f-4a82-8e32-ff767fb5766c HTTP/1.1" status: 200 len: 958 time: 0.0403354
2026-02-26 02:47:52.301 9 INFO neutron.api.wsgi [req-6862b856-121c-4464-bded-a0ef74e0e6c6 req-b7d32981-1fcf-408f-8fa4-60155deb8388 d892fce6ee744e3ca626bfc94fe1246b be9abaf8ad7141e59d58a44111b259b0 - - 2d7226f8ed1d40f98a6941b88a2fbe60 2d7226f8ed1d40f98a6941b88a2fbe60] 162.253.55.43 "GET /v2.0/floatingips?fixed_ip_address=10.100.0.11&port_id=86078040-7996-4e32-b6a9-8a52828ad3cd HTTP/1.1" status: 200 len: 217 time: 0.0112228
2026-02-26 02:47:52.324 9 INFO neutron.api.wsgi [req-6862b856-121c-4464-bded-a0ef74e0e6c6 req-0311d608-dfef-4171-aacc-8983557a3117 d892fce6ee744e3ca626bfc94fe1246b be9abaf8ad7141e59d58a44111b259b0 - - 2d7226f8ed1d40f98a6941b88a2fbe60 2d7226f8ed1d40f98a6941b88a2fbe60] 162.253.55.43 "GET /v2.0/subnets?id=41af9284-2e51-4407-ac65-320b9beed852 HTTP/1.1" status: 200 len: 877 time: 0.0173016
2026-02-26 02:47:52.333 10 INFO neutron.api.wsgi [None req-d4377166-ab82-49dc-b06e-2a0e3ef55813 fa37630f849f40068c2791ead375de9d 733ea7f026cd4592842389b4e6bb4175 - - default default] 10.0.0.41 "GET /v2.0/ports HTTP/1.1" status: 200 len: 1728 time: 0.0719786
2026-02-26 02:47:52.342 9 INFO neutron.api.wsgi [req-6862b856-121c-4464-bded-a0ef74e0e6c6 req-011aa9b7-ced4-4c79-8dd5-1567553c6bc9 d892fce6ee744e3ca626bfc94fe1246b be9abaf8ad7141e59d58a44111b259b0 - - 2d7226f8ed1d40f98a6941b88a2fbe60 2d7226f8ed1d40f98a6941b88a2fbe60] 162.253.55.43 "GET /v2.0/ports?network_id=c8a6c45f-684f-4a82-8e32-ff767fb5766c&device_owner=network%3Adhcp HTTP/1.1" status: 200 len: 210 time: 0.0108438
2026-02-26 02:47:52.348 10 INFO neutron.pecan_wsgi.hooks.translation [None req-4bb1b5cd-bf05-4356-a060-4028465afdf2 fa37630f849f40068c2791ead375de9d 733ea7f026cd4592842389b4e6bb4175 - - default default] GET failed (client error): The resource could not be found.
2026-02-26 02:47:52.349 10 INFO neutron.api.wsgi [None req-4bb1b5cd-bf05-4356-a060-4028465afdf2 fa37630f849f40068c2791ead375de9d 733ea7f026cd4592842389b4e6bb4175 - - default default] 10.0.0.41 "GET /v2.0/ports/2aef39ef-ca95-4e40-bf3f-953f10887345 HTTP/1.1" status: 404 len: 333 time: 0.0130448
2026-02-26 02:47:52.379 9 INFO neutron.api.wsgi [req-6862b856-121c-4464-bded-a0ef74e0e6c6 req-35305ed6-53e8-4f4b-968a-e6beb7c94cc0 d892fce6ee744e3ca626bfc94fe1246b be9abaf8ad7141e59d58a44111b259b0 - - 2d7226f8ed1d40f98a6941b88a2fbe60 2d7226f8ed1d40f98a6941b88a2fbe60] 162.253.55.43 "GET /v2.0/networks/c8a6c45f-684f-4a82-8e32-ff767fb5766c?fields=segments HTTP/1.1" status: 200 len: 212 time: 0.0330346
2026-02-26 02:47:52.395 10 INFO neutron.api.wsgi [None req-194df807-5ccf-4fdb-aca5-cb40a8d55bfb fa37630f849f40068c2791ead375de9d 733ea7f026cd4592842389b4e6bb4175 - - default default] 10.0.0.41 "GET /v2.0/ports HTTP/1.1" status: 200 len: 1728 time: 0.0404944
2026-02-26 02:47:52.433 9 INFO neutron.api.wsgi [None req-3777e726-29a3-4b88-b594-2a0e85d3f1a1 fa37630f849f40068c2791ead375de9d 733ea7f026cd4592842389b4e6bb4175 - - default default] 10.0.0.41 "GET /v2.0/ports/d767a0a1-a4dc-4fc1-90f6-b9c66c9e1320 HTTP/1.1" status: 200 len: 968 time: 0.0318501
2026-02-26 02:47:52.436 9 INFO neutron.api.wsgi [req-6862b856-121c-4464-bded-a0ef74e0e6c6 req-46fbd192-047f-4290-970a-9e3fa6c47883 d892fce6ee744e3ca626bfc94fe1246b be9abaf8ad7141e59d58a44111b259b0 - - 2d7226f8ed1d40f98a6941b88a2fbe60 2d7226f8ed1d40f98a6941b88a2fbe60] 162.253.55.43 "GET /v2.0/networks/c8a6c45f-684f-4a82-8e32-ff767fb5766c?fields=provider%3Aphysical_network&fields=provider%3Anetwork_type HTTP/1.1" status: 200 len: 277 time: 0.0519578
2026-02-26 02:47:52.455 10 INFO neutron.pecan_wsgi.hooks.translation [None req-a0d8e662-6ace-497a-a141-2702f591fdb8 fa37630f849f40068c2791ead375de9d 733ea7f026cd4592842389b4e6bb4175 - - default default] DELETE failed (client error): The resource could not be found.
2026-02-26 02:47:52.457 10 INFO neutron.api.wsgi [None req-a0d8e662-6ace-497a-a141-2702f591fdb8 fa37630f849f40068c2791ead375de9d 733ea7f026cd4592842389b4e6bb4175 - - default default] 10.0.0.41 "DELETE /v2.0/ports/ebe969be-191a-45c3-85fe-395efe965663 HTTP/1.1" status: 404 len: 333 time: 0.0165825
2026-02-26 02:47:52.472 10 INFO neutron.pecan_wsgi.hooks.translation [None req-1ac80439-adc9-4b3c-af36-72da045b1fe0 fa37630f849f40068c2791ead375de9d 733ea7f026cd4592842389b4e6bb4175 - - default default] DELETE failed (client error): The resource could not be found.
2026-02-26 02:47:52.475 10 INFO neutron.api.wsgi [None req-1ac80439-adc9-4b3c-af36-72da045b1fe0 fa37630f849f40068c2791ead375de9d 733ea7f026cd4592842389b4e6bb4175 - - default default] 10.0.0.41 "DELETE /v2.0/subnets/dcac4b5f-74d9-4a3a-9ccd-9ae77a029aa3 HTTP/1.1" status: 404 len: 337 time: 0.0124314
2026-02-26 02:47:52.486 9 INFO neutron.pecan_wsgi.hooks.translation [None req-e8490fab-12da-4768-a016-f56cc2d45f7a fa37630f849f40068c2791ead375de9d 733ea7f026cd4592842389b4e6bb4175 - - default default] DELETE failed (client error): The resource could not be found.
2026-02-26 02:47:52.488 9 INFO neutron.api.wsgi [None req-e8490fab-12da-4768-a016-f56cc2d45f7a fa37630f849f40068c2791ead375de9d 733ea7f026cd4592842389b4e6bb4175 - - default default] 10.0.0.41 "DELETE /v2.0/subnets/b9b91816-d645-4c1d-b750-9972a04c9ce9 HTTP/1.1" status: 404 len: 337 time: 0.0098548
2026-02-26 02:47:52.669 9 INFO neutron.api.wsgi [None req-8faf27dd-9e6c-45dc-8215-9e7d0fcffe71 fa37630f849f40068c2791ead375de9d 733ea7f026cd4592842389b4e6bb4175 - - default default] 10.0.0.41 "DELETE /v2.0/ports/d767a0a1-a4dc-4fc1-90f6-b9c66c9e1320 HTTP/1.1" status: 204 len: 168 time: 0.1764066
2026-02-26 02:47:52.791 10 WARNING neutron_lib.context [None req-98597e5c-5296-4e9e-904e-be12fdf283ed 8c00c9c4725f40d7b4c05aa4e7cb99c7 744f39641c7747879321699d4724bb5d - - default default] Method 'is_advsvc' is deprecated since 2023.2 release (neutron-lib 3.8.0) and will be removed once support for the old RBAC API policies will be removed from Neutron. Please use method 'is_service_role' instead.
2026-02-26 02:47:52.926 10 INFO neutron.db.ovn_revision_numbers_db [None req-98597e5c-5296-4e9e-904e-be12fdf283ed 8c00c9c4725f40d7b4c05aa4e7cb99c7 744f39641c7747879321699d4724bb5d - - default default] Successfully bumped revision number for resource c64f4915-5198-492c-8a83-983a7304f0d9 (type: security_groups) to 1
2026-02-26 02:47:52.942 10 INFO neutron.db.ovn_revision_numbers_db [None req-98597e5c-5296-4e9e-904e-be12fdf283ed 8c00c9c4725f40d7b4c05aa4e7cb99c7 744f39641c7747879321699d4724bb5d - - default default] Successfully bumped revision number for resource 98e52dde-d35f-459f-89d0-9047529e62df (type: security_group_rules) to 0
2026-02-26 02:47:52.955 10 INFO neutron.db.ovn_revision_numbers_db [None req-98597e5c-5296-4e9e-904e-be12fdf283ed 8c00c9c4725f40d7b4c05aa4e7cb99c7 744f39641c7747879321699d4724bb5d - - default default] Successfully bumped revision number for resource ccce98a4-2d97-40e7-aea6-2cd1e307b5a9 (type: security_group_rules) to 0
2026-02-26 02:47:52.992 10 INFO neutron.api.wsgi [None req-98597e5c-5296-4e9e-904e-be12fdf283ed 8c00c9c4725f40d7b4c05aa4e7cb99c7 744f39641c7747879321699d4724bb5d - - default default] 10.0.0.41 "POST /v2.0/security-groups HTTP/1.1" status: 201 len: 1875 time: 0.2085032
2026-02-26 02:47:53.003 9 WARNING neutron_lib.context [None req-a65af0fc-59b9-4508-8fb8-cc4a2deb77c2 8c00c9c4725f40d7b4c05aa4e7cb99c7 744f39641c7747879321699d4724bb5d - - default default] Method 'is_advsvc' is deprecated since 2023.2 release (neutron-lib 3.8.0) and will be removed once support for the old RBAC API policies will be removed from Neutron. Please use method 'is_service_role' instead.
2026-02-26 02:47:53.030 9 INFO neutron.api.wsgi [None req-390f537d-de19-4d24-a480-a0c951b584cf fa37630f849f40068c2791ead375de9d 733ea7f026cd4592842389b4e6bb4175 - - default default] 10.0.0.41 "DELETE /v2.0/networks/05664210-4811-4f97-b180-882efc314208 HTTP/1.1" status: 204 len: 168 time: 0.3559911
2026-02-26 02:47:53.091 9 INFO neutron.services.segments.plugin [-] Segment ec0261cb-dfe3-485c-b92c-6f558f0bccc4 resource provider aggregate not found
2026-02-26 02:47:53.094 9 INFO neutron.services.segments.plugin [-] Segment ec0261cb-dfe3-485c-b92c-6f558f0bccc4 resource provider aggregate not found
2026-02-26 02:47:53.114 9 INFO neutron.services.segments.plugin [-] Segment ec0261cb-dfe3-485c-b92c-6f558f0bccc4 resource provider not found; error: Placement Client Error (4xx): {"errors": [{"status": 404, "title": "Not Found", "detail": "The resource could not be found.\n\n No resource provider with uuid ec0261cb-dfe3-485c-b92c-6f558f0bccc4 found for delete ", "request_id": "req-f149fbd4-3f36-45bc-ba36-ff1ec6e47360"}]}
2026-02-26 02:47:53.116 9 INFO neutron.services.segments.plugin [-] Segment ec0261cb-dfe3-485c-b92c-6f558f0bccc4 resource provider not found; error: Placement Client Error (4xx): {"errors": [{"status": 404, "title": "Not Found", "detail": "The resource could not be found.\n\n No resource provider with uuid ec0261cb-dfe3-485c-b92c-6f558f0bccc4 found for delete ", "request_id": "req-e89e07aa-7748-4549-9a45-b5611ffbf94c"}]}
2026-02-26 02:47:53.155 9 INFO neutron.db.ovn_revision_numbers_db [None req-a65af0fc-59b9-4508-8fb8-cc4a2deb77c2 8c00c9c4725f40d7b4c05aa4e7cb99c7 744f39641c7747879321699d4724bb5d - - default default] Successfully bumped revision number for resource 087eee3b-9324-4119-a7b0-eb84dfe1c7d6 (type: security_group_rules) to 0
2026-02-26 02:47:53.182 9 INFO neutron.api.wsgi [None req-a65af0fc-59b9-4508-8fb8-cc4a2deb77c2 8c00c9c4725f40d7b4c05aa4e7cb99c7 744f39641c7747879321699d4724bb5d - - default default] 10.0.0.41 "POST /v2.0/security-group-rules HTTP/1.1" status: 201 len: 796 time: 0.1846476
2026-02-26 02:47:53.191 9 WARNING neutron_lib.context [None req-33c93c89-9917-4bb4-8417-b5bc913ce0d1 8c00c9c4725f40d7b4c05aa4e7cb99c7 744f39641c7747879321699d4724bb5d - - default default] Method 'is_advsvc' is deprecated since 2023.2 release (neutron-lib 3.8.0) and will be removed once support for the old RBAC API policies will be removed from Neutron. Please use method 'is_service_role' instead.
2026-02-26 02:47:53.289 9 INFO neutron.db.ovn_revision_numbers_db [None req-33c93c89-9917-4bb4-8417-b5bc913ce0d1 8c00c9c4725f40d7b4c05aa4e7cb99c7 744f39641c7747879321699d4724bb5d - - default default] Successfully bumped revision number for resource 20e5a756-9050-4475-a012-8b3427141b40 (type: security_group_rules) to 0
2026-02-26 02:47:53.315 9 INFO neutron.api.wsgi [None req-33c93c89-9917-4bb4-8417-b5bc913ce0d1 8c00c9c4725f40d7b4c05aa4e7cb99c7 744f39641c7747879321699d4724bb5d - - default default] 10.0.0.41 "POST /v2.0/security-group-rules HTTP/1.1" status: 201 len: 795 time: 0.1268890
2026-02-26 02:47:53.324 9 WARNING neutron_lib.context [None req-59f1d17c-3ab4-42e4-82a0-58648988b543 8c00c9c4725f40d7b4c05aa4e7cb99c7 744f39641c7747879321699d4724bb5d - - default default] Method 'is_advsvc' is deprecated since 2023.2 release (neutron-lib 3.8.0) and will be removed once support for the old RBAC API policies will be removed from Neutron. Please use method 'is_service_role' instead.
2026-02-26 02:47:53.432 9 INFO neutron.db.ovn_revision_numbers_db [None req-59f1d17c-3ab4-42e4-82a0-58648988b543 8c00c9c4725f40d7b4c05aa4e7cb99c7 744f39641c7747879321699d4724bb5d - - default default] Successfully bumped revision number for resource 8cb30edf-8351-4b7b-bf4f-52d28eb27cbb (type: security_group_rules) to 0
2026-02-26 02:47:53.471 9 INFO neutron.api.wsgi [None req-59f1d17c-3ab4-42e4-82a0-58648988b543 8c00c9c4725f40d7b4c05aa4e7cb99c7 744f39641c7747879321699d4724bb5d - - default default] 10.0.0.41 "POST /v2.0/security-group-rules HTTP/1.1" status: 201 len: 801 time: 0.1508772
2026-02-26 02:47:53.486 9 WARNING neutron_lib.context [None req-06e19d13-b00e-4306-aba7-6346979b05b7 8c00c9c4725f40d7b4c05aa4e7cb99c7 744f39641c7747879321699d4724bb5d - - default default] Method 'is_advsvc' is deprecated since 2023.2 release (neutron-lib 3.8.0) and will be removed once support for the old RBAC API policies will be removed from Neutron. Please use method 'is_service_role' instead.
2026-02-26 02:47:53.622 9 INFO neutron.db.ovn_revision_numbers_db [None req-06e19d13-b00e-4306-aba7-6346979b05b7 8c00c9c4725f40d7b4c05aa4e7cb99c7 744f39641c7747879321699d4724bb5d - - default default] Successfully bumped revision number for resource 8e5b9180-efe9-4ab8-9f98-c171c41e31ea (type: security_group_rules) to 0
2026-02-26 02:47:53.661 9 INFO neutron.api.wsgi [None req-06e19d13-b00e-4306-aba7-6346979b05b7 8c00c9c4725f40d7b4c05aa4e7cb99c7 744f39641c7747879321699d4724bb5d - - default default] 10.0.0.41 "POST /v2.0/security-group-rules HTTP/1.1" status: 201 len: 800 time: 0.1809814
2026-02-26 02:47:53.675 9 WARNING neutron_lib.context [None req-fa1bc053-f250-4a69-8db0-6c5d223fb2de 8c00c9c4725f40d7b4c05aa4e7cb99c7 744f39641c7747879321699d4724bb5d - - default default] Method 'is_advsvc' is deprecated since 2023.2 release (neutron-lib 3.8.0) and will be removed once support for the old RBAC API policies will be removed from Neutron. Please use method 'is_service_role' instead.
2026-02-26 02:47:53.714 9 INFO neutron.db.securitygroups_db [None req-fa1bc053-f250-4a69-8db0-6c5d223fb2de 8c00c9c4725f40d7b4c05aa4e7cb99c7 744f39641c7747879321699d4724bb5d - - default default] Project 744f39641c7747879321699d4724bb5d added a security group rule with legacy IPv6 ICMP protocol name icmp, ipv6-icmp should be used instead. It was automatically converted.
2026-02-26 02:47:53.740 10 INFO neutron.api.wsgi [None req-6c27f10a-9590-4e71-96cc-7bb5568717a8 bbf1c22f41b943158cd85a9bda41e907 6d914e61d5414143b27b9d384a9380e1 - - default default] 10.0.0.41 "GET /v2.0/security-groups?tenant_id=733ea7f026cd4592842389b4e6bb4175&name=default HTTP/1.1" status: 200 len: 3120 time: 0.1707559
2026-02-26 02:47:53.849 9 INFO neutron.db.ovn_revision_numbers_db [None req-fa1bc053-f250-4a69-8db0-6c5d223fb2de 8c00c9c4725f40d7b4c05aa4e7cb99c7 744f39641c7747879321699d4724bb5d - - default default] Successfully bumped revision number for resource 541d1ba2-25ba-4111-a7d9-4fad7280f17c (type: security_group_rules) to 0
2026-02-26 02:47:53.889 9 INFO neutron.api.wsgi [None req-fa1bc053-f250-4a69-8db0-6c5d223fb2de 8c00c9c4725f40d7b4c05aa4e7cb99c7 744f39641c7747879321699d4724bb5d - - default default] 10.0.0.41 "POST /v2.0/security-group-rules HTTP/1.1" status: 201 len: 806 time: 0.2200761
2026-02-26 02:47:53.906 10 WARNING neutron_lib.context [None req-4883610d-8681-4158-a81a-7e2a4bca29d6 8c00c9c4725f40d7b4c05aa4e7cb99c7 744f39641c7747879321699d4724bb5d - - default default] Method 'is_advsvc' is deprecated since 2023.2 release (neutron-lib 3.8.0) and will be removed once support for the old RBAC API policies will be removed from Neutron. Please use method 'is_service_role' instead.
2026-02-26 02:47:53.956 9 WARNING neutron_lib.context [None req-f6386d43-b72a-4c8c-89b6-bc6b2c8daec4 e7f179083aa941afb877f4447855a0a8 074ec4e5b29d474db2bec8ceac6eb8e1 - - default default] Method 'is_advsvc' is deprecated since 2023.2 release (neutron-lib 3.8.0) and will be removed once support for the old RBAC API policies will be removed from Neutron. Please use method 'is_service_role' instead.
2026-02-26 02:47:53.969 10 INFO neutron.db.securitygroups_db [None req-4883610d-8681-4158-a81a-7e2a4bca29d6 8c00c9c4725f40d7b4c05aa4e7cb99c7 744f39641c7747879321699d4724bb5d - - default default] Project 744f39641c7747879321699d4724bb5d added a security group rule with legacy IPv6 ICMP protocol name icmp, ipv6-icmp should be used instead. It was automatically converted.
2026-02-26 02:47:54.000 9 INFO neutron.api.wsgi [None req-d0732cbf-ab16-4c6f-8b7f-d371ec314bfb bbf1c22f41b943158cd85a9bda41e907 6d914e61d5414143b27b9d384a9380e1 - - default default] 10.0.0.41 "DELETE /v2.0/security-groups/88891d98-0f6c-4743-b4f7-8eb4e51b535c HTTP/1.1" status: 204 len: 168 time: 0.2522383
2026-02-26 02:47:54.023 9 INFO neutron.api.wsgi [None req-f6386d43-b72a-4c8c-89b6-bc6b2c8daec4 e7f179083aa941afb877f4447855a0a8 074ec4e5b29d474db2bec8ceac6eb8e1 - - default default] 10.0.0.41 "POST /v2.0/subnetpools HTTP/1.1" status: 201 len: 715 time: 0.1264589
2026-02-26 02:47:54.038 9 WARNING neutron_lib.context [None req-b1628945-a836-4f5a-bc46-fd552c36955e e7f179083aa941afb877f4447855a0a8 074ec4e5b29d474db2bec8ceac6eb8e1 - - default default] Method 'is_advsvc' is deprecated since 2023.2 release (neutron-lib 3.8.0) and will be removed once support for the old RBAC API policies will be removed from Neutron. Please use method 'is_service_role' instead.
2026-02-26 02:47:54.116 9 INFO neutron.api.wsgi [None req-b1628945-a836-4f5a-bc46-fd552c36955e e7f179083aa941afb877f4447855a0a8 074ec4e5b29d474db2bec8ceac6eb8e1 - - default default] 10.0.0.41 "POST /v2.0/subnetpools HTTP/1.1" status: 201 len: 715 time: 0.0856736
2026-02-26 02:47:54.121 10 INFO neutron.db.ovn_revision_numbers_db [None req-4883610d-8681-4158-a81a-7e2a4bca29d6 8c00c9c4725f40d7b4c05aa4e7cb99c7 744f39641c7747879321699d4724bb5d - - default default] Successfully bumped revision number for resource 655d2aaf-2780-4c84-925a-701e7442548a (type: security_group_rules) to 0
2026-02-26 02:47:54.124 9 WARNING neutron_lib.context [None req-8df26892-2efd-4726-af45-6708a89180cd e7f179083aa941afb877f4447855a0a8 074ec4e5b29d474db2bec8ceac6eb8e1 - - default default] Method 'is_advsvc' is deprecated since 2023.2 release (neutron-lib 3.8.0) and will be removed once support for the old RBAC API policies will be removed from Neutron. Please use method 'is_service_role' instead.
