2026-02-26 02:44:55.172 9 INFO neutron.db.ovn_revision_numbers_db [None req-c239ed70-c590-40f2-8250-9efcd249dcc5 1a5d84d42c884ef8950b330291db1bcd dd6b878f4f4a4b6fa205a0c2639ac2e4 - - default default] Successfully bumped revision number for resource e4ab6e6f-5778-4168-954e-b9bd87fa2bd7 (type: ports) to 1
2026-02-26 02:44:55.194 9 INFO neutron.api.wsgi [None req-c239ed70-c590-40f2-8250-9efcd249dcc5 1a5d84d42c884ef8950b330291db1bcd dd6b878f4f4a4b6fa205a0c2639ac2e4 - - default default] 10.0.0.41 "POST /v2.0/networks HTTP/1.1" status: 201 len: 848 time: 0.4834683
2026-02-26 02:44:55.204 10 WARNING neutron_lib.context [None req-0c9a015f-05c7-45f7-b71f-9a769251a0b8 1a5d84d42c884ef8950b330291db1bcd dd6b878f4f4a4b6fa205a0c2639ac2e4 - - default default] Method 'is_advsvc' is deprecated since 2023.2 release (neutron-lib 3.8.0) and will be removed once support for the old RBAC API policies will be removed from Neutron. Please use method 'is_service_role' instead.
2026-02-26 02:44:55.282 10 INFO neutron.db.segments_db [None req-0c9a015f-05c7-45f7-b71f-9a769251a0b8 1a5d84d42c884ef8950b330291db1bcd dd6b878f4f4a4b6fa205a0c2639ac2e4 - - default default] Added segment 647973a0-7d33-4bc7-9d51-4c51c57d6317 of type geneve for network b26f3510-f718-49ed-95eb-004f4c68cd85
2026-02-26 02:44:55.342 9 WARNING neutron.scheduler.dhcp_agent_scheduler [req-1cd33ab5-19c4-45a5-8bc6-174295f16347 req-72281dcc-f8e9-4731-bfb0-dfc14cf46d2b d457d525be7b4ea1a843da2f02e479c2 f8608bbfe6bf44109ba644bd21f7c526 - - default default] No more DHCP agents
2026-02-26 02:44:55.343 9 WARNING neutron.api.rpc.agentnotifiers.dhcp_rpc_agent_api [req-1cd33ab5-19c4-45a5-8bc6-174295f16347 req-72281dcc-f8e9-4731-bfb0-dfc14cf46d2b d457d525be7b4ea1a843da2f02e479c2 f8608bbfe6bf44109ba644bd21f7c526 - - default default] Unable to schedule network c4a310d0-0529-441d-94fc-6c8392c040cb: no agents available; will retry on subsequent port and subnet creation events.
2026-02-26 02:44:55.354 10 INFO neutron.api.wsgi [req-fd90654b-1c7f-4426-ac5c-df21996874ad req-d4afd174-80c1-41ac-97e9-aaaf2f01c3f2 3f9d67d74b9c42c9b4d9acd3348deeb7 aba737128d0c445f885ee1c96e5b65b2 - - default default] 10.0.0.56 "GET /v2.0/ports?device_id=fb6b1fca-5255-4d40-8b54-2c4aa2ed042a HTTP/1.1" status: 200 len: 210 time: 0.0155275
2026-02-26 02:44:55.388 10 INFO neutron.db.ovn_revision_numbers_db [None req-0c9a015f-05c7-45f7-b71f-9a769251a0b8 1a5d84d42c884ef8950b330291db1bcd dd6b878f4f4a4b6fa205a0c2639ac2e4 - - default default] Successfully bumped revision number for resource b26f3510-f718-49ed-95eb-004f4c68cd85 (type: networks) to 1
2026-02-26 02:44:55.469 9 INFO neutron.db.ovn_revision_numbers_db [req-1cd33ab5-19c4-45a5-8bc6-174295f16347 req-72281dcc-f8e9-4731-bfb0-dfc14cf46d2b d457d525be7b4ea1a843da2f02e479c2 f8608bbfe6bf44109ba644bd21f7c526 - - default default] Successfully bumped revision number for resource b7764a08-b51f-45db-8157-91d10a9b6fdb (type: ports) to 1
2026-02-26 02:44:55.494 9 INFO neutron.api.wsgi [req-1cd33ab5-19c4-45a5-8bc6-174295f16347 req-72281dcc-f8e9-4731-bfb0-dfc14cf46d2b d457d525be7b4ea1a843da2f02e479c2 f8608bbfe6bf44109ba644bd21f7c526 - - default default] 162.253.55.43 "POST /v2.0/ports HTTP/1.1" status: 201 len: 1162 time: 0.4133461 /var/lib/openstack/lib/python3.12/site-packages/pycadf/identifier.py:71: UserWarning: Invalid uuid: neutron. To ensure interoperability, identifiers should be a valid uuid. warnings.warn(('Invalid uuid: %s. To ensure interoperability, '
2026-02-26 02:44:55.526 10 INFO neutron.api.wsgi [req-477b6be4-1de2-4b9a-99e7-f9cc01b27990 req-6b46357e-103d-41ee-a140-8996f0b479b0 90025ebc87484c97b0421cd95bf21f16 c9d70fd2babe4a948005c9eb0ae89fc9 - - default default] 10.0.0.56 "GET /v2.0/ports?device_id=22176f47-73ed-40d7-9a50-db6beeaebc86 HTTP/1.1" status: 200 len: 1172 time: 0.0359809
2026-02-26 02:44:55.567 10 INFO neutron.api.wsgi [req-477b6be4-1de2-4b9a-99e7-f9cc01b27990 req-5c2fae32-97d8-47a3-b0f0-1299609985f9 90025ebc87484c97b0421cd95bf21f16 c9d70fd2babe4a948005c9eb0ae89fc9 - - default default] 10.0.0.56 "GET /v2.0/security-groups?id=e863772e-098e-4efb-bb7f-0f253a9b957c&fields=id&fields=name HTTP/1.1" status: 200 len: 311 time: 0.0329490
2026-02-26 02:44:55.568 10 WARNING neutron.scheduler.dhcp_agent_scheduler [None req-0c9a015f-05c7-45f7-b71f-9a769251a0b8 1a5d84d42c884ef8950b330291db1bcd dd6b878f4f4a4b6fa205a0c2639ac2e4 - - default default] No more DHCP agents
2026-02-26 02:44:55.569 10 WARNING neutron.api.rpc.agentnotifiers.dhcp_rpc_agent_api [None req-0c9a015f-05c7-45f7-b71f-9a769251a0b8 1a5d84d42c884ef8950b330291db1bcd dd6b878f4f4a4b6fa205a0c2639ac2e4 - - default default] Unable to schedule network b26f3510-f718-49ed-95eb-004f4c68cd85: no agents available; will retry on subsequent port and subnet creation events.
2026-02-26 02:44:55.621 10 INFO neutron.db.ovn_revision_numbers_db [None req-0c9a015f-05c7-45f7-b71f-9a769251a0b8 1a5d84d42c884ef8950b330291db1bcd dd6b878f4f4a4b6fa205a0c2639ac2e4 - - default default] Successfully bumped revision number for resource 15a3417b-b751-4459-b39e-81c88392cc89 (type: ports) to 1
2026-02-26 02:44:55.641 10 INFO neutron.api.wsgi [None req-0c9a015f-05c7-45f7-b71f-9a769251a0b8 1a5d84d42c884ef8950b330291db1bcd dd6b878f4f4a4b6fa205a0c2639ac2e4 - - default default] 10.0.0.41 "POST /v2.0/networks HTTP/1.1" status: 201 len: 849 time: 0.4416223
2026-02-26 02:44:55.650 10 WARNING neutron_lib.context [None req-82c608aa-f46d-402d-89a7-e160be8f64ff 1a5d84d42c884ef8950b330291db1bcd dd6b878f4f4a4b6fa205a0c2639ac2e4 - - default default] Method 'is_advsvc' is deprecated since 2023.2 release (neutron-lib 3.8.0) and will be removed once support for the old RBAC API policies will be removed from Neutron. Please use method 'is_service_role' instead.
2026-02-26 02:44:55.670 10 WARNING neutron_lib.context [None req-82c608aa-f46d-402d-89a7-e160be8f64ff 1a5d84d42c884ef8950b330291db1bcd dd6b878f4f4a4b6fa205a0c2639ac2e4 - - default default] Method 'is_advsvc' is deprecated since 2023.2 release (neutron-lib 3.8.0) and will be removed once support for the old RBAC API policies will be removed from Neutron. Please use method 'is_service_role' instead.
2026-02-26 02:44:55.824 9 INFO neutron.db.ovn_revision_numbers_db [req-1cd33ab5-19c4-45a5-8bc6-174295f16347 req-37137dde-3a1e-4004-ae92-601ca719e338 d892fce6ee744e3ca626bfc94fe1246b be9abaf8ad7141e59d58a44111b259b0 - - 2d7226f8ed1d40f98a6941b88a2fbe60 2d7226f8ed1d40f98a6941b88a2fbe60] Successfully bumped revision number for resource b7764a08-b51f-45db-8157-91d10a9b6fdb (type: ports) to 2 /var/lib/openstack/lib/python3.12/site-packages/pycadf/identifier.py:71: UserWarning: Invalid uuid: neutron. To ensure interoperability, identifiers should be a valid uuid. warnings.warn(('Invalid uuid: %s. To ensure interoperability, '
2026-02-26 02:44:56.016 10 WARNING neutron.scheduler.dhcp_agent_scheduler [None req-82c608aa-f46d-402d-89a7-e160be8f64ff 1a5d84d42c884ef8950b330291db1bcd dd6b878f4f4a4b6fa205a0c2639ac2e4 - - default default] No more DHCP agents
2026-02-26 02:44:56.018 10 WARNING neutron.api.rpc.agentnotifiers.dhcp_rpc_agent_api [None req-82c608aa-f46d-402d-89a7-e160be8f64ff 1a5d84d42c884ef8950b330291db1bcd dd6b878f4f4a4b6fa205a0c2639ac2e4 - - default default] Unable to schedule network 626918c7-70d4-49d3-988b-6ca64acde986: no agents available; will retry on subsequent port and subnet creation events.
2026-02-26 02:44:56.077 9 INFO neutron.db.ovn_revision_numbers_db [req-1cd33ab5-19c4-45a5-8bc6-174295f16347 req-37137dde-3a1e-4004-ae92-601ca719e338 d892fce6ee744e3ca626bfc94fe1246b be9abaf8ad7141e59d58a44111b259b0 - - 2d7226f8ed1d40f98a6941b88a2fbe60 2d7226f8ed1d40f98a6941b88a2fbe60] Successfully bumped revision number for resource b7764a08-b51f-45db-8157-91d10a9b6fdb (type: ports) to 4
2026-02-26 02:44:56.088 10 INFO neutron.api.wsgi [req-523bdc1f-a908-4548-823e-8f1d29f76caf req-2fbf8ddc-19d9-4be6-89fe-2cc99261ed6b d457d525be7b4ea1a843da2f02e479c2 f8608bbfe6bf44109ba644bd21f7c526 - - default default] 10.0.0.56 "GET /v2.0/ports?device_id=f2a1b4a7-d7da-4b30-a656-363fa5538ec5 HTTP/1.1" status: 200 len: 1172 time: 0.0991976
2026-02-26 02:44:56.094 9 INFO neutron.api.wsgi [req-1cd33ab5-19c4-45a5-8bc6-174295f16347 req-37137dde-3a1e-4004-ae92-601ca719e338 d892fce6ee744e3ca626bfc94fe1246b be9abaf8ad7141e59d58a44111b259b0 - - 2d7226f8ed1d40f98a6941b88a2fbe60 2d7226f8ed1d40f98a6941b88a2fbe60] 162.253.55.43 "PUT /v2.0/ports/b7764a08-b51f-45db-8157-91d10a9b6fdb HTTP/1.1" status: 200 len: 1408 time: 0.5930836
2026-02-26 02:44:56.099 10 INFO neutron.db.ovn_revision_numbers_db [None req-82c608aa-f46d-402d-89a7-e160be8f64ff 1a5d84d42c884ef8950b330291db1bcd dd6b878f4f4a4b6fa205a0c2639ac2e4 - - default default] Successfully bumped revision number for resource 46a71e99-7fa1-48a0-8b8c-31f2044d40fd (type: ports) to 1
2026-02-26 02:44:56.134 10 WARNING neutron.scheduler.dhcp_agent_scheduler [None req-82c608aa-f46d-402d-89a7-e160be8f64ff 1a5d84d42c884ef8950b330291db1bcd dd6b878f4f4a4b6fa205a0c2639ac2e4 - - default default] No more DHCP agents
2026-02-26 02:44:56.136 10 WARNING neutron.api.rpc.agentnotifiers.dhcp_rpc_agent_api [None req-82c608aa-f46d-402d-89a7-e160be8f64ff 1a5d84d42c884ef8950b330291db1bcd dd6b878f4f4a4b6fa205a0c2639ac2e4 - - default default] Unable to schedule network b26f3510-f718-49ed-95eb-004f4c68cd85: no agents available; will retry on subsequent port and subnet creation events.
2026-02-26 02:44:56.139 10 INFO neutron.api.wsgi [req-523bdc1f-a908-4548-823e-8f1d29f76caf req-a3d1450e-0b2e-49df-b70b-98f916315f87 d457d525be7b4ea1a843da2f02e479c2 f8608bbfe6bf44109ba644bd21f7c526 - - default default] 10.0.0.56 "GET /v2.0/security-groups?id=4b634564-6ad7-48e0-9a2f-5c680df6ee0c&fields=id&fields=name HTTP/1.1" status: 200 len: 313 time: 0.0444212
2026-02-26 02:44:56.142 9 INFO neutron.notifiers.nova [-] Nova event matching ['req-48f36ec1-4d20-4d77-81a7-bc3a47737b96'] response: {'name': 'network-changed', 'server_uuid': 'f2a1b4a7-d7da-4b30-a656-363fa5538ec5', 'tag': 'b7764a08-b51f-45db-8157-91d10a9b6fdb', 'status': 'completed', 'code': 200}
2026-02-26 02:44:56.203 10 INFO neutron.db.ovn_revision_numbers_db [None req-82c608aa-f46d-402d-89a7-e160be8f64ff 1a5d84d42c884ef8950b330291db1bcd dd6b878f4f4a4b6fa205a0c2639ac2e4 - - default default] Successfully bumped revision number for resource b030d5b7-0e70-4111-a6ea-1e9e0032b455 (type: ports) to 1
2026-02-26 02:44:56.235 10 INFO neutron.api.wsgi [None req-82c608aa-f46d-402d-89a7-e160be8f64ff 1a5d84d42c884ef8950b330291db1bcd dd6b878f4f4a4b6fa205a0c2639ac2e4 - - default default] 10.0.0.41 "POST /v2.0/ports HTTP/1.1" status: 201 len: 1705 time: 0.5891769 /var/lib/openstack/lib/python3.12/site-packages/pycadf/identifier.py:71: UserWarning: Invalid uuid: neutron. To ensure interoperability, identifiers should be a valid uuid. warnings.warn(('Invalid uuid: %s. To ensure interoperability, '
2026-02-26 02:44:56.350 9 INFO neutron.api.wsgi [None req-0334fdcd-f1ac-41b4-a570-36a021980486 1a5d84d42c884ef8950b330291db1bcd dd6b878f4f4a4b6fa205a0c2639ac2e4 - - default default] 10.0.0.41 "GET /v2.0/ports HTTP/1.1" status: 200 len: 3212 time: 0.1099396
2026-02-26 02:44:56.352 9 INFO neutron.services.segments.plugin [-] Segment 32fef10b-39c1-496e-a87d-cea3303385b9 resource provider aggregate not found
2026-02-26 02:44:56.355 9 INFO neutron.services.segments.plugin [-] Segment 32fef10b-39c1-496e-a87d-cea3303385b9 resource provider aggregate not found
2026-02-26 02:44:56.381 9 INFO neutron.services.segments.plugin [-] Segment 32fef10b-39c1-496e-a87d-cea3303385b9 resource provider not found; error: Placement Client Error (4xx): {"errors": [{"status": 404, "title": "Not Found", "detail": "The resource could not be found.\n\n No resource provider with uuid 32fef10b-39c1-496e-a87d-cea3303385b9 found for delete ", "request_id": "req-05aadcf7-250f-469b-9273-ea1d5ce4bdbe"}]}
2026-02-26 02:44:56.382 9 INFO neutron.services.segments.plugin [-] Segment 32fef10b-39c1-496e-a87d-cea3303385b9 resource provider not found; error: Placement Client Error (4xx): {"errors": [{"status": 404, "title": "Not Found", "detail": "The resource could not be found.\n\n No resource provider with uuid 32fef10b-39c1-496e-a87d-cea3303385b9 found for delete ", "request_id": "req-7e7e7c11-9180-4d42-9298-392924171923"}]} /var/lib/openstack/lib/python3.12/site-packages/pycadf/identifier.py:71: UserWarning: Invalid uuid: neutron. To ensure interoperability, identifiers should be a valid uuid. warnings.warn(('Invalid uuid: %s. To ensure interoperability, '
2026-02-26 02:44:56.437 10 INFO neutron.api.wsgi [req-63f1fba6-13c4-4fe5-92ff-8a4f7c497c2c req-4076b8c3-1fb6-4b6c-b142-b15857108a2c 3f9d67d74b9c42c9b4d9acd3348deeb7 aba737128d0c445f885ee1c96e5b65b2 - - default default] 10.0.0.56 "GET /v2.0/ports?device_id=fb6b1fca-5255-4d40-8b54-2c4aa2ed042a HTTP/1.1" status: 200 len: 210 time: 0.0175049
2026-02-26 02:44:56.632 9 INFO neutron.api.wsgi [None req-1842cd15-43f8-47e5-82b1-21f8cab5abe7 1a5d84d42c884ef8950b330291db1bcd dd6b878f4f4a4b6fa205a0c2639ac2e4 - - default default] 10.0.0.41 "DELETE /v2.0/ports/46a71e99-7fa1-48a0-8b8c-31f2044d40fd HTTP/1.1" status: 204 len: 168 time: 0.2775593
2026-02-26 02:44:56.667 10 INFO neutron.api.wsgi [req-15d9fb2c-084a-4b3b-bc42-398d2c80ed9b req-ac14ac88-e56f-4785-8992-6d0faaf9c535 90025ebc87484c97b0421cd95bf21f16 c9d70fd2babe4a948005c9eb0ae89fc9 - - default default] 10.0.0.56 "GET /v2.0/ports?device_id=22176f47-73ed-40d7-9a50-db6beeaebc86 HTTP/1.1" status: 200 len: 1172 time: 0.0338717
2026-02-26 02:44:56.701 10 INFO neutron.api.wsgi [req-15d9fb2c-084a-4b3b-bc42-398d2c80ed9b req-cd5f429f-5a00-43fd-9daa-9bc0273bd89c 90025ebc87484c97b0421cd95bf21f16 c9d70fd2babe4a948005c9eb0ae89fc9 - - default default] 10.0.0.56 "GET /v2.0/security-groups?id=e863772e-098e-4efb-bb7f-0f253a9b957c&fields=id&fields=name HTTP/1.1" status: 200 len: 311 time: 0.0277455
2026-02-26 02:44:56.810 9 INFO neutron.api.wsgi [req-d5382a22-fcdb-4c0d-9f0d-a39c4f56ce85 req-deeb247c-4557-4db1-9147-40bc4a021d8e d892fce6ee744e3ca626bfc94fe1246b be9abaf8ad7141e59d58a44111b259b0 - - 2d7226f8ed1d40f98a6941b88a2fbe60 2d7226f8ed1d40f98a6941b88a2fbe60] 162.253.55.43 "GET /v2.0/ports?tenant_id=f8608bbfe6bf44109ba644bd21f7c526&device_id=f2a1b4a7-d7da-4b30-a656-363fa5538ec5 HTTP/1.1" status: 200 len: 1411 time: 0.1591237
2026-02-26 02:44:56.862 9 INFO neutron.api.wsgi [req-d5382a22-fcdb-4c0d-9f0d-a39c4f56ce85 req-28f72694-9c49-4d5e-a353-4f83dabb122f d892fce6ee744e3ca626bfc94fe1246b be9abaf8ad7141e59d58a44111b259b0 - - 2d7226f8ed1d40f98a6941b88a2fbe60 2d7226f8ed1d40f98a6941b88a2fbe60] 162.253.55.43 "GET /v2.0/networks?tenant_id=f8608bbfe6bf44109ba644bd21f7c526&shared=False HTTP/1.1" status: 200 len: 967 time: 0.0471973
2026-02-26 02:44:56.913 9 INFO neutron.api.wsgi [req-d5382a22-fcdb-4c0d-9f0d-a39c4f56ce85 req-e095ff1f-9a36-43b2-9737-f204e4afba70 d892fce6ee744e3ca626bfc94fe1246b be9abaf8ad7141e59d58a44111b259b0 - - 2d7226f8ed1d40f98a6941b88a2fbe60 2d7226f8ed1d40f98a6941b88a2fbe60] 162.253.55.43 "GET /v2.0/networks?shared=True HTTP/1.1" status: 200 len: 952 time: 0.0453167
2026-02-26 02:44:56.990 9 INFO neutron.api.wsgi [None req-f059b0fe-126b-4cb7-9da6-7d82fa2d180d 1a5d84d42c884ef8950b330291db1bcd dd6b878f4f4a4b6fa205a0c2639ac2e4 - - default default] 10.0.0.41 "DELETE /v2.0/ports/b030d5b7-0e70-4111-a6ea-1e9e0032b455 HTTP/1.1" status: 204 len: 168 time: 0.3528123
2026-02-26 02:44:57.033 9 INFO neutron.api.wsgi [None req-710debc9-f4eb-4d38-916b-2d3b4d9d9232 1a5d84d42c884ef8950b330291db1bcd dd6b878f4f4a4b6fa205a0c2639ac2e4 - - default default] 10.0.0.41 "GET /v2.0/ports HTTP/1.1" status: 200 len: 1718 time: 0.0351958
2026-02-26 02:44:57.044 9 WARNING neutron_lib.context [None req-7bf9a64f-1fed-4109-a641-53fe76e45c8f 1a5d84d42c884ef8950b330291db1bcd dd6b878f4f4a4b6fa205a0c2639ac2e4 - - default default] Method 'is_advsvc' is deprecated since 2023.2 release (neutron-lib 3.8.0) and will be removed once support for the old RBAC API policies will be removed from Neutron. Please use method 'is_service_role' instead.
2026-02-26 02:44:57.120 9 INFO neutron.db.segments_db [None req-7bf9a64f-1fed-4109-a641-53fe76e45c8f 1a5d84d42c884ef8950b330291db1bcd dd6b878f4f4a4b6fa205a0c2639ac2e4 - - default default] Added segment 83c12708-e022-4f32-8ed7-c7d5911b0e1c of type geneve for network c6068f8a-4ea8-4179-ba86-c15e050ae8bf
2026-02-26 02:44:57.232 10 INFO neutron.api.wsgi [req-bea700ac-cfde-4152-9d2e-736cc673d0e2 req-db7336fe-480e-4cee-bc86-31d63abf2114 d457d525be7b4ea1a843da2f02e479c2 f8608bbfe6bf44109ba644bd21f7c526 - - default default] 10.0.0.56 "GET /v2.0/ports?device_id=f2a1b4a7-d7da-4b30-a656-363fa5538ec5 HTTP/1.1" status: 200 len: 1172 time: 0.0292971
2026-02-26 02:44:57.234 9 INFO neutron.db.ovn_revision_numbers_db [None req-7bf9a64f-1fed-4109-a641-53fe76e45c8f 1a5d84d42c884ef8950b330291db1bcd dd6b878f4f4a4b6fa205a0c2639ac2e4 - - default default] Successfully bumped revision number for resource c6068f8a-4ea8-4179-ba86-c15e050ae8bf (type: networks) to 1
2026-02-26 02:44:57.267 10 INFO neutron.api.wsgi [req-bea700ac-cfde-4152-9d2e-736cc673d0e2 req-b15c456b-48c0-4e64-a410-6d34a814f2f9 d457d525be7b4ea1a843da2f02e479c2 f8608bbfe6bf44109ba644bd21f7c526 - - default default] 10.0.0.56 "GET /v2.0/security-groups?id=4b634564-6ad7-48e0-9a2f-5c680df6ee0c&fields=id&fields=name HTTP/1.1" status: 200 len: 313 time: 0.0288360
2026-02-26 02:44:57.383 9 WARNING neutron.scheduler.dhcp_agent_scheduler [None req-7bf9a64f-1fed-4109-a641-53fe76e45c8f 1a5d84d42c884ef8950b330291db1bcd dd6b878f4f4a4b6fa205a0c2639ac2e4 - - default default] No more DHCP agents
2026-02-26 02:44:57.384 9 WARNING neutron.api.rpc.agentnotifiers.dhcp_rpc_agent_api [None req-7bf9a64f-1fed-4109-a641-53fe76e45c8f 1a5d84d42c884ef8950b330291db1bcd dd6b878f4f4a4b6fa205a0c2639ac2e4 - - default default] Unable to schedule network c6068f8a-4ea8-4179-ba86-c15e050ae8bf: no agents available; will retry on subsequent port and subnet creation events.
2026-02-26 02:44:57.442 9 INFO neutron.db.ovn_revision_numbers_db [None req-7bf9a64f-1fed-4109-a641-53fe76e45c8f 1a5d84d42c884ef8950b330291db1bcd dd6b878f4f4a4b6fa205a0c2639ac2e4 - - default default] Successfully bumped revision number for resource d713b054-4762-415c-aa3a-eee21ddea70c (type: ports) to 1
2026-02-26 02:44:57.462 9 INFO neutron.api.wsgi [None req-7bf9a64f-1fed-4109-a641-53fe76e45c8f 1a5d84d42c884ef8950b330291db1bcd dd6b878f4f4a4b6fa205a0c2639ac2e4 - - default default] 10.0.0.41 "POST /v2.0/networks HTTP/1.1" status: 201 len: 848 time: 0.4220932
2026-02-26 02:44:57.469 9 WARNING neutron_lib.context [None req-3d7c7c6b-8c5a-4722-a7d9-a0d243f9635c 1a5d84d42c884ef8950b330291db1bcd dd6b878f4f4a4b6fa205a0c2639ac2e4 - - default default] Method 'is_advsvc' is deprecated since 2023.2 release (neutron-lib 3.8.0) and will be removed once support for the old RBAC API policies will be removed from Neutron. Please use method 'is_service_role' instead.
2026-02-26 02:44:57.499 10 INFO neutron.api.wsgi [req-171519e0-f8a8-428e-8997-d4278e4439fd req-420feb81-1b55-4118-9d8e-f35a2e5907a3 3f9d67d74b9c42c9b4d9acd3348deeb7 aba737128d0c445f885ee1c96e5b65b2 - - default default] 10.0.0.56 "GET /v2.0/ports?device_id=fb6b1fca-5255-4d40-8b54-2c4aa2ed042a HTTP/1.1" status: 200 len: 210 time: 0.0137272
2026-02-26 02:44:57.571 9 INFO neutron.db.segments_db [None req-3d7c7c6b-8c5a-4722-a7d9-a0d243f9635c 1a5d84d42c884ef8950b330291db1bcd dd6b878f4f4a4b6fa205a0c2639ac2e4 - - default default] Added segment 24c0f237-aa89-40bb-b67a-7af84db90cee of type geneve for network 09fea725-5ed6-4191-8200-c68ef60256f4
2026-02-26 02:44:57.689 9 INFO neutron.db.ovn_revision_numbers_db [None req-3d7c7c6b-8c5a-4722-a7d9-a0d243f9635c 1a5d84d42c884ef8950b330291db1bcd dd6b878f4f4a4b6fa205a0c2639ac2e4 - - default default] Successfully bumped revision number for resource 09fea725-5ed6-4191-8200-c68ef60256f4 (type: networks) to 1
2026-02-26 02:44:57.828 10 INFO neutron.api.wsgi [req-045a0771-44ee-418a-8b91-dd77e93c8c22 req-a38d5b45-602a-4455-a5d7-a892f700e036 90025ebc87484c97b0421cd95bf21f16 c9d70fd2babe4a948005c9eb0ae89fc9 - - default default] 10.0.0.56 "GET /v2.0/ports?device_id=22176f47-73ed-40d7-9a50-db6beeaebc86 HTTP/1.1" status: 200 len: 1172 time: 0.0361688
2026-02-26 02:44:57.849 9 WARNING neutron.scheduler.dhcp_agent_scheduler [None req-3d7c7c6b-8c5a-4722-a7d9-a0d243f9635c 1a5d84d42c884ef8950b330291db1bcd dd6b878f4f4a4b6fa205a0c2639ac2e4 - - default default] No more DHCP agents
2026-02-26 02:44:57.851 9 WARNING neutron.api.rpc.agentnotifiers.dhcp_rpc_agent_api [None req-3d7c7c6b-8c5a-4722-a7d9-a0d243f9635c 1a5d84d42c884ef8950b330291db1bcd dd6b878f4f4a4b6fa205a0c2639ac2e4 - - default default] Unable to schedule network 09fea725-5ed6-4191-8200-c68ef60256f4: no agents available; will retry on subsequent port and subnet creation events.
2026-02-26 02:44:57.861 10 INFO neutron.api.wsgi [req-045a0771-44ee-418a-8b91-dd77e93c8c22 req-3d80bf50-79d7-43ae-976f-fea046154750 90025ebc87484c97b0421cd95bf21f16 c9d70fd2babe4a948005c9eb0ae89fc9 - - default default] 10.0.0.56 "GET /v2.0/security-groups?id=e863772e-098e-4efb-bb7f-0f253a9b957c&fields=id&fields=name HTTP/1.1" status: 200 len: 311 time: 0.0284281
2026-02-26 02:44:57.934 9 INFO neutron.db.ovn_revision_numbers_db [None req-3d7c7c6b-8c5a-4722-a7d9-a0d243f9635c 1a5d84d42c884ef8950b330291db1bcd dd6b878f4f4a4b6fa205a0c2639ac2e4 - - default default] Successfully bumped revision number for resource 8fa09a8c-440b-4ba1-b4c0-5effc75b9d55 (type: ports) to 1
2026-02-26 02:44:57.957 9 INFO neutron.api.wsgi [req-1cd33ab5-19c4-45a5-8bc6-174295f16347 req-8fc66231-cbd6-4c7f-9736-6d458aabeeee d892fce6ee744e3ca626bfc94fe1246b be9abaf8ad7141e59d58a44111b259b0 - - 2d7226f8ed1d40f98a6941b88a2fbe60 2d7226f8ed1d40f98a6941b88a2fbe60] 162.253.55.43 "GET /v2.0/ports?tenant_id=f8608bbfe6bf44109ba644bd21f7c526&device_id=f2a1b4a7-d7da-4b30-a656-363fa5538ec5 HTTP/1.1" status: 200 len: 1411 time: 0.0304649
2026-02-26 02:44:57.960 9 INFO neutron.api.wsgi [None req-3d7c7c6b-8c5a-4722-a7d9-a0d243f9635c 1a5d84d42c884ef8950b330291db1bcd dd6b878f4f4a4b6fa205a0c2639ac2e4 - - default default] 10.0.0.41 "POST /v2.0/networks HTTP/1.1" status: 201 len: 848 time: 0.4950676
2026-02-26 02:44:57.993 9 INFO neutron.api.wsgi [req-1cd33ab5-19c4-45a5-8bc6-174295f16347 req-ca73d2e4-0c74-455c-bf02-e4af889a56af d892fce6ee744e3ca626bfc94fe1246b be9abaf8ad7141e59d58a44111b259b0 - - 2d7226f8ed1d40f98a6941b88a2fbe60 2d7226f8ed1d40f98a6941b88a2fbe60] 162.253.55.43 "GET /v2.0/floatingips?fixed_ip_address=10.100.0.12&port_id=b7764a08-b51f-45db-8157-91d10a9b6fdb HTTP/1.1" status: 200 len: 217 time: 0.0298481
2026-02-26 02:44:58.000 10 WARNING neutron_lib.context [None req-73a60cf2-0f40-426d-b99c-f84d540f3478 1a5d84d42c884ef8950b330291db1bcd dd6b878f4f4a4b6fa205a0c2639ac2e4 - - default default] Method 'is_advsvc' is deprecated since 2023.2 release (neutron-lib 3.8.0) and will be removed once support for the old RBAC API policies will be removed from Neutron. Please use method 'is_service_role' instead.
2026-02-26 02:44:58.020 10 WARNING neutron_lib.context [None req-73a60cf2-0f40-426d-b99c-f84d540f3478 1a5d84d42c884ef8950b330291db1bcd dd6b878f4f4a4b6fa205a0c2639ac2e4 - - default default] Method 'is_advsvc' is deprecated since 2023.2 release (neutron-lib 3.8.0) and will be removed once support for the old RBAC API policies will be removed from Neutron. Please use method 'is_service_role' instead.
2026-02-26 02:44:58.020 9 INFO neutron.api.wsgi [req-1cd33ab5-19c4-45a5-8bc6-174295f16347 req-bc0dde4f-f6cc-4fad-9ee8-919dbea53c18 d892fce6ee744e3ca626bfc94fe1246b be9abaf8ad7141e59d58a44111b259b0 - - 2d7226f8ed1d40f98a6941b88a2fbe60 2d7226f8ed1d40f98a6941b88a2fbe60] 162.253.55.43 "GET /v2.0/subnets?id=66eef141-195e-43a2-95cf-52b53da68242 HTTP/1.1" status: 200 len: 886 time: 0.0226557
2026-02-26 02:44:58.039 9 INFO neutron.api.wsgi [req-1cd33ab5-19c4-45a5-8bc6-174295f16347 req-8584d96b-e2a6-46de-909a-7d654a58ccac d892fce6ee744e3ca626bfc94fe1246b be9abaf8ad7141e59d58a44111b259b0 - - 2d7226f8ed1d40f98a6941b88a2fbe60 2d7226f8ed1d40f98a6941b88a2fbe60] 162.253.55.43 "GET /v2.0/ports?network_id=c4a310d0-0529-441d-94fc-6c8392c040cb&device_owner=network%3Adhcp HTTP/1.1" status: 200 len: 210 time: 0.0135536
2026-02-26 02:44:58.083 9 INFO neutron.api.wsgi [req-1cd33ab5-19c4-45a5-8bc6-174295f16347 req-e1f755c9-97f4-44e9-b288-beed14e21571 d892fce6ee744e3ca626bfc94fe1246b be9abaf8ad7141e59d58a44111b259b0 - - 2d7226f8ed1d40f98a6941b88a2fbe60 2d7226f8ed1d40f98a6941b88a2fbe60] 162.253.55.43 "GET /v2.0/networks/c4a310d0-0529-441d-94fc-6c8392c040cb?fields=segments HTTP/1.1" status: 200 len: 212 time: 0.0381207
2026-02-26 02:44:58.123 9 INFO neutron.api.wsgi [req-1cd33ab5-19c4-45a5-8bc6-174295f16347 req-31144f53-861f-4148-ad44-981d4aa288ae d892fce6ee744e3ca626bfc94fe1246b be9abaf8ad7141e59d58a44111b259b0 - - 2d7226f8ed1d40f98a6941b88a2fbe60 2d7226f8ed1d40f98a6941b88a2fbe60] 162.253.55.43 "GET /v2.0/networks/c4a310d0-0529-441d-94fc-6c8392c040cb?fields=provider%3Aphysical_network&fields=provider%3Anetwork_type HTTP/1.1" status: 200 len: 277 time: 0.0360787
2026-02-26 02:44:58.153 10 WARNING neutron.plugins.ml2.drivers.ovn.mech_driver.ovsdb.ovn_client [None req-cf73788e-e71e-48ec-a339-72e77ed04538 - - - - - -] No hosting information found for port 6334a1f6-459e-4781-98f7-5565f532825a: RuntimeError: No hosting information found for port 6334a1f6-459e-4781-98f7-5565f532825a
2026-02-26 02:44:58.236 10 INFO neutron.db.ovn_revision_numbers_db [None req-cf73788e-e71e-48ec-a339-72e77ed04538 - - - - - -] Successfully bumped revision number for resource 6334a1f6-459e-4781-98f7-5565f532825a (type: router_ports) to 2
2026-02-26 02:44:58.236 10 INFO neutron.plugins.ml2.drivers.ovn.mech_driver.mech_driver [None req-cf73788e-e71e-48ec-a339-72e77ed04538 - - - - - -] OVN reports status up for port: 8a0ea4b2-db6b-4ed0-a5e8-0bc16b7afc66
2026-02-26 02:44:58.247 10 INFO neutron.plugins.ml2.plugin [None req-cf73788e-e71e-48ec-a339-72e77ed04538 - - - - - -] Attempt 1 to provision port 8a0ea4b2-db6b-4ed0-a5e8-0bc16b7afc66
2026-02-26 02:44:58.305 10 WARNING neutron.scheduler.dhcp_agent_scheduler [None req-73a60cf2-0f40-426d-b99c-f84d540f3478 1a5d84d42c884ef8950b330291db1bcd dd6b878f4f4a4b6fa205a0c2639ac2e4 - - default default] No more DHCP agents
2026-02-26 02:44:58.306 10 WARNING neutron.api.rpc.agentnotifiers.dhcp_rpc_agent_api [None req-73a60cf2-0f40-426d-b99c-f84d540f3478 1a5d84d42c884ef8950b330291db1bcd dd6b878f4f4a4b6fa205a0c2639ac2e4 - - default default] Unable to schedule network c6068f8a-4ea8-4179-ba86-c15e050ae8bf: no agents available; will retry on subsequent port and subnet creation events.
2026-02-26 02:44:58.370 10 INFO neutron.api.wsgi [req-5f9d999c-441a-42ad-9304-afce34b3c06e req-fe4f8a42-8f22-4c9e-b0e6-335acd923184 d457d525be7b4ea1a843da2f02e479c2 f8608bbfe6bf44109ba644bd21f7c526 - - default default] 10.0.0.56 "GET /v2.0/ports?device_id=f2a1b4a7-d7da-4b30-a656-363fa5538ec5 HTTP/1.1" status: 200 len: 1172 time: 0.0483899
2026-02-26 02:44:58.414 10 INFO neutron.api.wsgi [req-5f9d999c-441a-42ad-9304-afce34b3c06e req-29698975-e90d-4081-a8e2-3c0646901b0b d457d525be7b4ea1a843da2f02e479c2 f8608bbfe6bf44109ba644bd21f7c526 - - default default] 10.0.0.56 "GET /v2.0/security-groups?id=4b634564-6ad7-48e0-9a2f-5c680df6ee0c&fields=id&fields=name HTTP/1.1" status: 200 len: 313 time: 0.0376010
2026-02-26 02:44:58.585 10 INFO neutron.api.wsgi [req-887a8cfe-84e7-4e79-8c4d-32c5d0edd0b7 req-6f53957e-52b6-46be-b302-7f62117c9736 3f9d67d74b9c42c9b4d9acd3348deeb7 aba737128d0c445f885ee1c96e5b65b2 - - default default] 10.0.0.56 "GET /v2.0/ports?device_id=fb6b1fca-5255-4d40-8b54-2c4aa2ed042a HTTP/1.1" status: 200 len: 210 time: 0.0199311
2026-02-26 02:44:58.622 10 INFO neutron.db.ovn_revision_numbers_db [None req-cf73788e-e71e-48ec-a339-72e77ed04538 - - - - - -] Successfully bumped revision number for resource 8a0ea4b2-db6b-4ed0-a5e8-0bc16b7afc66 (type: ports) to 5
2026-02-26 02:44:58.627 9 INFO neutron.api.wsgi [req-cf67e72e-f400-4617-890c-e64f24db1c93 req-d403a8a0-045c-4828-aafa-174ae3455ea6 3f9d67d74b9c42c9b4d9acd3348deeb7 aba737128d0c445f885ee1c96e5b65b2 - - default default] 162.253.55.43 "GET /v2.0/networks?id=e207e639-645a-4fb9-84ff-10c109c0e383 HTTP/1.1" status: 200 len: 878 time: 0.0475950
2026-02-26 02:44:58.679 9 INFO neutron.api.wsgi [req-cf67e72e-f400-4617-890c-e64f24db1c93 req-77057204-f67d-4128-bd61-ab5c36bd48e2 3f9d67d74b9c42c9b4d9acd3348deeb7 aba737128d0c445f885ee1c96e5b65b2 - - default default] 162.253.55.43 "GET /v2.0/security-groups?fields=id&fields=name&tenant_id=aba737128d0c445f885ee1c96e5b65b2 HTTP/1.1" status: 200 len: 380 time: 0.0420628
2026-02-26 02:44:58.688 9 WARNING neutron_lib.context [req-cf67e72e-f400-4617-890c-e64f24db1c93 req-1efa6296-93be-44b8-b15d-dbcc28bcc02b 3f9d67d74b9c42c9b4d9acd3348deeb7 aba737128d0c445f885ee1c96e5b65b2 - - default default] Method 'is_advsvc' is deprecated since 2023.2 release (neutron-lib 3.8.0) and will be removed once support for the old RBAC API policies will be removed from Neutron. Please use method 'is_service_role' instead.
2026-02-26 02:44:58.870 10 INFO neutron.db.ovn_revision_numbers_db [None req-c93f77db-fb02-4e76-9fe8-951d8faaf59a - - - - - -] Successfully bumped revision number for resource d713b054-4762-415c-aa3a-eee21ddea70c (type: ports) to 2
2026-02-26 02:44:58.900 10 INFO neutron.notifiers.nova [-] Nova event matching ['req-f709d759-1d18-4975-a52c-06c60fe456ed'] response: {'server_uuid': '22176f47-73ed-40d7-9a50-db6beeaebc86', 'name': 'network-vif-plugged', 'status': 'completed', 'tag': '8a0ea4b2-db6b-4ed0-a5e8-0bc16b7afc66', 'code': 200} /var/lib/openstack/lib/python3.12/site-packages/pycadf/identifier.py:71: UserWarning: Invalid uuid: neutron. To ensure interoperability, identifiers should be a valid uuid. warnings.warn(('Invalid uuid: %s. To ensure interoperability, '
2026-02-26 02:44:58.979 10 INFO neutron.db.ovn_revision_numbers_db [None req-c93f77db-fb02-4e76-9fe8-951d8faaf59a - - - - - -] Successfully bumped revision number for resource 96da4aa3-d7dc-4ce0-b0b6-03efb43006c1 (type: subnets) to 0
2026-02-26 02:44:58.996 10 INFO neutron.api.wsgi [req-476f510b-c895-455b-8db6-135220223139 req-880bc8c4-cb86-4977-8a2e-89e006b4238d 90025ebc87484c97b0421cd95bf21f16 c9d70fd2babe4a948005c9eb0ae89fc9 - - default default] 10.0.0.56 "GET /v2.0/ports?device_id=22176f47-73ed-40d7-9a50-db6beeaebc86 HTTP/1.1" status: 200 len: 1174 time: 0.0348928
2026-02-26 02:44:59.024 10 WARNING neutron.scheduler.dhcp_agent_scheduler [None req-73a60cf2-0f40-426d-b99c-f84d540f3478 1a5d84d42c884ef8950b330291db1bcd dd6b878f4f4a4b6fa205a0c2639ac2e4 - - default default] No more DHCP agents
2026-02-26 02:44:59.025 10 WARNING neutron.api.rpc.agentnotifiers.dhcp_rpc_agent_api [None req-73a60cf2-0f40-426d-b99c-f84d540f3478 1a5d84d42c884ef8950b330291db1bcd dd6b878f4f4a4b6fa205a0c2639ac2e4 - - default default] Unable to schedule network 09fea725-5ed6-4191-8200-c68ef60256f4: no agents available; will retry on subsequent port and subnet creation events.
2026-02-26 02:44:59.041 10 INFO neutron.api.wsgi [req-476f510b-c895-455b-8db6-135220223139 req-f75000ff-6647-4437-8af3-3563b27acaf0 90025ebc87484c97b0421cd95bf21f16 c9d70fd2babe4a948005c9eb0ae89fc9 - - default default] 10.0.0.56 "GET /v2.0/security-groups?id=e863772e-098e-4efb-bb7f-0f253a9b957c&fields=id&fields=name HTTP/1.1" status: 200 len: 311 time: 0.0406075
2026-02-26 02:44:59.069 9 WARNING neutron.scheduler.dhcp_agent_scheduler [req-cf67e72e-f400-4617-890c-e64f24db1c93 req-1efa6296-93be-44b8-b15d-dbcc28bcc02b 3f9d67d74b9c42c9b4d9acd3348deeb7 aba737128d0c445f885ee1c96e5b65b2 - - default default] No more DHCP agents
2026-02-26 02:44:59.070 9 WARNING neutron.api.rpc.agentnotifiers.dhcp_rpc_agent_api [req-cf67e72e-f400-4617-890c-e64f24db1c93 req-1efa6296-93be-44b8-b15d-dbcc28bcc02b 3f9d67d74b9c42c9b4d9acd3348deeb7 aba737128d0c445f885ee1c96e5b65b2 - - default default] Unable to schedule network e207e639-645a-4fb9-84ff-10c109c0e383: no agents available; will retry on subsequent port and subnet creation events.
2026-02-26 02:44:59.175 9 INFO neutron.db.ovn_revision_numbers_db [req-cf67e72e-f400-4617-890c-e64f24db1c93 req-1efa6296-93be-44b8-b15d-dbcc28bcc02b 3f9d67d74b9c42c9b4d9acd3348deeb7 aba737128d0c445f885ee1c96e5b65b2 - - default default] Successfully bumped revision number for resource 4f3126e9-35db-455c-a5d6-6cb5261c9965 (type: ports) to 1
2026-02-26 02:44:59.195 9 INFO neutron.api.wsgi [req-cf67e72e-f400-4617-890c-e64f24db1c93 req-1efa6296-93be-44b8-b15d-dbcc28bcc02b 3f9d67d74b9c42c9b4d9acd3348deeb7 aba737128d0c445f885ee1c96e5b65b2 - - default default] 162.253.55.43 "POST /v2.0/ports HTTP/1.1" status: 201 len: 1158 time: 0.5108583 /var/lib/openstack/lib/python3.12/site-packages/pycadf/identifier.py:71: UserWarning: Invalid uuid: neutron. To ensure interoperability, identifiers should be a valid uuid. warnings.warn(('Invalid uuid: %s. To ensure interoperability, '
2026-02-26 02:44:59.432 10 INFO neutron.db.ovn_revision_numbers_db [None req-d3ca455d-f59a-40f6-825d-4a6cee5667c0 - - - - - -] Successfully bumped revision number for resource 8fa09a8c-440b-4ba1-b4c0-5effc75b9d55 (type: ports) to 2
2026-02-26 02:44:59.465 10 INFO neutron.db.ovn_revision_numbers_db [None req-d3ca455d-f59a-40f6-825d-4a6cee5667c0 - - - - - -] Successfully bumped revision number for resource 0ed62b89-3c6d-454d-a17d-784fd1f811af (type: subnets) to 0
2026-02-26 02:44:59.484 10 INFO neutron.api.wsgi [None req-73a60cf2-0f40-426d-b99c-f84d540f3478 1a5d84d42c884ef8950b330291db1bcd dd6b878f4f4a4b6fa205a0c2639ac2e4 - - default default] 10.0.0.41 "POST /v2.0/subnets HTTP/1.1" status: 201 len: 1472 time: 1.4902766 /var/lib/openstack/lib/python3.12/site-packages/pycadf/identifier.py:71: UserWarning: Invalid uuid: neutron. To ensure interoperability, identifiers should be a valid uuid. warnings.warn(('Invalid uuid: %s. To ensure interoperability, '
2026-02-26 02:44:59.518 10 INFO neutron.api.wsgi [req-af4d89b6-ce55-468a-a214-7911ed03c341 req-bcc7136c-238d-4aae-8a2a-f6e06f37a429 d457d525be7b4ea1a843da2f02e479c2 f8608bbfe6bf44109ba644bd21f7c526 - - default default] 10.0.0.56 "GET /v2.0/ports?device_id=f2a1b4a7-d7da-4b30-a656-363fa5538ec5 HTTP/1.1" status: 200 len: 1172 time: 0.0338087
2026-02-26 02:44:59.536 9 INFO neutron.api.wsgi [None req-1637cd4f-af70-4649-9bbc-c2a688883787 1a5d84d42c884ef8950b330291db1bcd dd6b878f4f4a4b6fa205a0c2639ac2e4 - - default default] 10.0.0.41 "GET /v2.0/subnets HTTP/1.1" status: 200 len: 2103 time: 0.0431442
2026-02-26 02:44:59.544 9 INFO neutron.db.ovn_revision_numbers_db [req-cf67e72e-f400-4617-890c-e64f24db1c93 req-eae23b1a-4bab-4b39-949c-d25c7f99e8b7 d892fce6ee744e3ca626bfc94fe1246b be9abaf8ad7141e59d58a44111b259b0 - - 2d7226f8ed1d40f98a6941b88a2fbe60 2d7226f8ed1d40f98a6941b88a2fbe60] Successfully bumped revision number for resource 4f3126e9-35db-455c-a5d6-6cb5261c9965 (type: ports) to 2
2026-02-26 02:44:59.557 10 INFO neutron.api.wsgi [req-af4d89b6-ce55-468a-a214-7911ed03c341 req-9c18ce83-3898-40c6-bff3-ebf1922c9410 d457d525be7b4ea1a843da2f02e479c2 f8608bbfe6bf44109ba644bd21f7c526 - - default default] 10.0.0.56 "GET /v2.0/security-groups?id=4b634564-6ad7-48e0-9a2f-5c680df6ee0c&fields=id&fields=name HTTP/1.1" status: 200 len: 313 time: 0.0329728
2026-02-26 02:44:59.729 9 INFO neutron.api.wsgi [None req-4402a0c8-dda6-404b-ba48-3ec0d218e00a 1a5d84d42c884ef8950b330291db1bcd dd6b878f4f4a4b6fa205a0c2639ac2e4 - - default default] 10.0.0.41 "DELETE /v2.0/subnets/96da4aa3-d7dc-4ce0-b0b6-03efb43006c1 HTTP/1.1" status: 204 len: 168 time: 0.1789317 /var/lib/openstack/lib/python3.12/site-packages/pycadf/identifier.py:71: UserWarning: Invalid uuid: neutron. To ensure interoperability, identifiers should be a valid uuid. warnings.warn(('Invalid uuid: %s. To ensure interoperability, '
2026-02-26 02:44:59.746 10 INFO neutron.api.wsgi [req-e5d049ea-dd40-4c5a-a35f-451a763ca3c7 req-2f155fcc-4c15-4662-84f8-320f36a81360 3f9d67d74b9c42c9b4d9acd3348deeb7 aba737128d0c445f885ee1c96e5b65b2 - - default default] 10.0.0.56 "GET /v2.0/ports?device_id=fb6b1fca-5255-4d40-8b54-2c4aa2ed042a HTTP/1.1" status: 200 len: 1168 time: 0.0925863
2026-02-26 02:44:59.787 9 INFO neutron.db.ovn_revision_numbers_db [req-cf67e72e-f400-4617-890c-e64f24db1c93 req-eae23b1a-4bab-4b39-949c-d25c7f99e8b7 d892fce6ee744e3ca626bfc94fe1246b be9abaf8ad7141e59d58a44111b259b0 - - 2d7226f8ed1d40f98a6941b88a2fbe60 2d7226f8ed1d40f98a6941b88a2fbe60] Successfully bumped revision number for resource 4f3126e9-35db-455c-a5d6-6cb5261c9965 (type: ports) to 4
2026-02-26 02:44:59.790 10 INFO neutron.api.wsgi [req-e5d049ea-dd40-4c5a-a35f-451a763ca3c7 req-fbc9f475-b48d-4f76-9bb0-58291de79a61 3f9d67d74b9c42c9b4d9acd3348deeb7 aba737128d0c445f885ee1c96e5b65b2 - - default default] 10.0.0.56 "GET /v2.0/security-groups?id=ad3683db-4607-4e58-8ab0-3c69e924d788&fields=id&fields=name HTTP/1.1" status: 200 len: 313 time: 0.0362992
2026-02-26 02:44:59.806 9 INFO neutron.api.wsgi [req-cf67e72e-f400-4617-890c-e64f24db1c93 req-eae23b1a-4bab-4b39-949c-d25c7f99e8b7 d892fce6ee744e3ca626bfc94fe1246b be9abaf8ad7141e59d58a44111b259b0 - - 2d7226f8ed1d40f98a6941b88a2fbe60 2d7226f8ed1d40f98a6941b88a2fbe60] 162.253.55.43 "PUT /v2.0/ports/4f3126e9-35db-455c-a5d6-6cb5261c9965 HTTP/1.1" status: 200 len: 1404 time: 0.6028719
2026-02-26 02:44:59.833 9 INFO neutron.notifiers.nova [-] Nova event matching ['req-027b2650-72b1-4f58-a73a-32cf6cd6dd67'] response: {'name': 'network-changed', 'server_uuid': 'fb6b1fca-5255-4d40-8b54-2c4aa2ed042a', 'tag': '4f3126e9-35db-455c-a5d6-6cb5261c9965', 'status': 'completed', 'code': 200}
2026-02-26 02:44:59.888 9 INFO neutron.api.wsgi [None req-badb5fc3-1b3f-4405-8339-afc135b97c18 1a5d84d42c884ef8950b330291db1bcd dd6b878f4f4a4b6fa205a0c2639ac2e4 - - default default] 10.0.0.41 "DELETE /v2.0/subnets/0ed62b89-3c6d-454d-a17d-784fd1f811af HTTP/1.1" status: 204 len: 168 time: 0.1550746
2026-02-26 02:44:59.918 9 INFO neutron.api.wsgi [None req-3106435e-591e-4589-b49f-d3faca776710 1a5d84d42c884ef8950b330291db1bcd dd6b878f4f4a4b6fa205a0c2639ac2e4 - - default default] 10.0.0.41 "GET /v2.0/subnets HTTP/1.1" status: 200 len: 843 time: 0.0247614
2026-02-26 02:45:00.171 10 INFO neutron.api.wsgi [req-b4460cc2-ccaa-4403-9f58-a0240a91aa98 req-c970f343-7d56-4d05-99b1-a5b135594246 90025ebc87484c97b0421cd95bf21f16 c9d70fd2babe4a948005c9eb0ae89fc9 - - default default] 10.0.0.56 "GET /v2.0/ports?device_id=22176f47-73ed-40d7-9a50-db6beeaebc86 HTTP/1.1" status: 200 len: 1174 time: 0.0753574
2026-02-26 02:45:00.203 10 INFO neutron.api.wsgi [req-b4460cc2-ccaa-4403-9f58-a0240a91aa98 req-761d3f7c-3d2e-49d5-848d-37b56252428f 90025ebc87484c97b0421cd95bf21f16 c9d70fd2babe4a948005c9eb0ae89fc9 - - default default] 10.0.0.56 "GET /v2.0/security-groups?id=e863772e-098e-4efb-bb7f-0f253a9b957c&fields=id&fields=name HTTP/1.1" status: 200 len: 311 time: 0.0262764
2026-02-26 02:45:00.265 9 INFO neutron.services.segments.plugin [-] Segment 24c0f237-aa89-40bb-b67a-7af84db90cee resource provider aggregate not found
2026-02-26 02:45:00.275 9 INFO neutron.services.segments.plugin [-] Segment 24c0f237-aa89-40bb-b67a-7af84db90cee resource provider aggregate not found
2026-02-26 02:45:00.280 10 INFO neutron.plugins.ml2.drivers.ovn.mech_driver.mech_driver [None req-8466bd8a-6f91-43ab-bd22-f3d54b454748 - - - - - -] OVN reports status up for port: b7764a08-b51f-45db-8157-91d10a9b6fdb
2026-02-26 02:45:00.291 9 INFO neutron.services.segments.plugin [-] Segment 24c0f237-aa89-40bb-b67a-7af84db90cee resource provider not found; error: Placement Client Error (4xx): {"errors": [{"status": 404, "title": "Not Found", "detail": "The resource could not be found.\n\n No resource provider with uuid 24c0f237-aa89-40bb-b67a-7af84db90cee found for delete ", "request_id": "req-440fb9c1-b904-4175-ad4e-da242451086b"}]}
2026-02-26 02:45:00.295 9 INFO neutron.services.segments.plugin [-] Segment 24c0f237-aa89-40bb-b67a-7af84db90cee resource provider not found; error: Placement Client Error (4xx): {"errors": [{"status": 404, "title": "Not Found", "detail": "The resource could not be found.\n\n No resource provider with uuid 24c0f237-aa89-40bb-b67a-7af84db90cee found for delete ", "request_id": "req-67d0606f-c270-41da-8995-bed25bdcc046"}]}
2026-02-26 02:45:00.303 10 INFO neutron.plugins.ml2.plugin [None req-8466bd8a-6f91-43ab-bd22-f3d54b454748 - - - - - -] Attempt 1 to provision port b7764a08-b51f-45db-8157-91d10a9b6fdb
2026-02-26 02:45:00.313 9 INFO neutron.api.wsgi [None req-e9632777-4029-4603-a642-e86503cf9a39 1a5d84d42c884ef8950b330291db1bcd dd6b878f4f4a4b6fa205a0c2639ac2e4 - - default default] 10.0.0.41 "DELETE /v2.0/networks/09fea725-5ed6-4191-8200-c68ef60256f4 HTTP/1.1" status: 204 len: 168 time: 0.3866010
2026-02-26 02:45:00.330 10 INFO neutron.api.wsgi [req-ecf12d17-e342-45f6-9bb9-386853b1b6ec req-a78d70a0-3ebf-41b0-8e9a-2b01c1f2c4d4 90025ebc87484c97b0421cd95bf21f16 c9d70fd2babe4a948005c9eb0ae89fc9 - - default default] 10.0.0.56 "GET /v2.0/ports?device_id=22176f47-73ed-40d7-9a50-db6beeaebc86 HTTP/1.1" status: 200 len: 1174 time: 0.0505342
2026-02-26 02:45:00.395 9 INFO neutron.api.wsgi [req-48ff46ce-8c9b-4fea-9cd5-e5dc81f60d2f req-71c65e08-49e4-4d97-be1a-cd932f0c8b4e d892fce6ee744e3ca626bfc94fe1246b be9abaf8ad7141e59d58a44111b259b0 - - 2d7226f8ed1d40f98a6941b88a2fbe60 2d7226f8ed1d40f98a6941b88a2fbe60] 162.253.55.43 "GET /v2.0/ports?tenant_id=aba737128d0c445f885ee1c96e5b65b2&device_id=fb6b1fca-5255-4d40-8b54-2c4aa2ed042a HTTP/1.1" status: 200 len: 1407 time: 0.0499732
2026-02-26 02:45:00.470 9 INFO neutron.api.wsgi [req-48ff46ce-8c9b-4fea-9cd5-e5dc81f60d2f req-d25c4f5b-98b3-4751-a280-6584dbf72709 d892fce6ee744e3ca626bfc94fe1246b be9abaf8ad7141e59d58a44111b259b0 - - 2d7226f8ed1d40f98a6941b88a2fbe60 2d7226f8ed1d40f98a6941b88a2fbe60] 162.253.55.43 "GET /v2.0/networks?tenant_id=aba737128d0c445f885ee1c96e5b65b2&shared=False HTTP/1.1" status: 200 len: 977 time: 0.0708556
2026-02-26 02:45:00.533 9 INFO neutron.api.wsgi [req-48ff46ce-8c9b-4fea-9cd5-e5dc81f60d2f req-6e662f59-aef7-44aa-beee-64ac067db6de d892fce6ee744e3ca626bfc94fe1246b be9abaf8ad7141e59d58a44111b259b0 - - 2d7226f8ed1d40f98a6941b88a2fbe60 2d7226f8ed1d40f98a6941b88a2fbe60] 162.253.55.43 "GET /v2.0/networks?shared=True HTTP/1.1" status: 200 len: 952 time: 0.0581827
2026-02-26 02:45:00.716 10 INFO neutron.api.wsgi [req-76c6ea18-29c6-4cba-a5ac-1939829b58a3 req-59e4aac3-0ca0-40be-aff5-7fa9dec46054 d457d525be7b4ea1a843da2f02e479c2 f8608bbfe6bf44109ba644bd21f7c526 - - default default] 10.0.0.56 "GET /v2.0/ports?device_id=f2a1b4a7-d7da-4b30-a656-363fa5538ec5 HTTP/1.1" status: 200 len: 1174 time: 0.0916600
2026-02-26 02:45:00.768 9 INFO neutron.api.wsgi [None req-840b32bb-d4b0-4514-9663-d017b3ed8a64 1a5d84d42c884ef8950b330291db1bcd dd6b878f4f4a4b6fa205a0c2639ac2e4 - - default default] 10.0.0.41 "DELETE /v2.0/networks/c6068f8a-4ea8-4179-ba86-c15e050ae8bf HTTP/1.1" status: 204 len: 168 time: 0.4459066
2026-02-26 02:45:00.800 10 INFO neutron.api.wsgi [req-76c6ea18-29c6-4cba-a5ac-1939829b58a3 req-fbf00e18-d33d-43cc-9baa-dd8488e19d5b d457d525be7b4ea1a843da2f02e479c2 f8608bbfe6bf44109ba644bd21f7c526 - - default default] 10.0.0.56 "GET /v2.0/security-groups?id=4b634564-6ad7-48e0-9a2f-5c680df6ee0c&fields=id&fields=name HTTP/1.1" status: 200 len: 313 time: 0.0752363
2026-02-26 02:45:00.912 10 INFO neutron.api.wsgi [req-957379bb-ea01-42c5-860b-770b9eeaf6ff req-8da8265d-804f-45ff-86b0-04e4500ce67e 3f9d67d74b9c42c9b4d9acd3348deeb7 aba737128d0c445f885ee1c96e5b65b2 - - default default] 10.0.0.56 "GET /v2.0/ports?device_id=fb6b1fca-5255-4d40-8b54-2c4aa2ed042a HTTP/1.1" status: 200 len: 1168 time: 0.0596886
2026-02-26 02:45:00.926 10 INFO neutron.db.ovn_revision_numbers_db [None req-8466bd8a-6f91-43ab-bd22-f3d54b454748 - - - - - -] Successfully bumped revision number for resource b7764a08-b51f-45db-8157-91d10a9b6fdb (type: ports) to 5
2026-02-26 02:45:00.959 10 INFO neutron.notifiers.nova [-] Nova event matching ['req-bbe6e702-0621-4190-9725-71d95b76adbc'] response: {'server_uuid': '22176f47-73ed-40d7-9a50-db6beeaebc86', 'name': 'network-vif-plugged', 'status': 'completed', 'tag': '8a0ea4b2-db6b-4ed0-a5e8-0bc16b7afc66', 'code': 200}
2026-02-26 02:45:00.960 10 INFO neutron.notifiers.nova [-] Nova event matching ['req-bbe6e702-0621-4190-9725-71d95b76adbc'] response: {'server_uuid': 'f2a1b4a7-d7da-4b30-a656-363fa5538ec5', 'name': 'network-vif-plugged', 'status': 'completed', 'tag': 'b7764a08-b51f-45db-8157-91d10a9b6fdb', 'code': 200}
2026-02-26 02:45:00.990 10 INFO neutron.api.wsgi [req-957379bb-ea01-42c5-860b-770b9eeaf6ff req-0e131c09-25fa-455e-a2f6-beaefa352b79 3f9d67d74b9c42c9b4d9acd3348deeb7 aba737128d0c445f885ee1c96e5b65b2 - - default default] 10.0.0.56 "GET /v2.0/security-groups?id=ad3683db-4607-4e58-8ab0-3c69e924d788&fields=id&fields=name HTTP/1.1" status: 200 len: 313 time: 0.0713327
2026-02-26 02:45:01.097 9 INFO neutron.api.wsgi [None req-7701d35b-6ed7-4a8e-b832-b28a41397c27 1a5d84d42c884ef8950b330291db1bcd dd6b878f4f4a4b6fa205a0c2639ac2e4 - - default default] 10.0.0.41 "DELETE /v2.0/networks/b26f3510-f718-49ed-95eb-004f4c68cd85 HTTP/1.1" status: 204 len: 168 time: 0.3248968
2026-02-26 02:45:01.185 10 INFO neutron.db.ovn_revision_numbers_db [None req-6694aeff-9213-4299-8260-b27cef19c57f 90025ebc87484c97b0421cd95bf21f16 c9d70fd2babe4a948005c9eb0ae89fc9 - - default default] Successfully bumped revision number for resource 2c8841d5-5b6b-402c-a950-af6828e977d7 (type: floatingips) to 1
2026-02-26 02:45:01.295 10 INFO neutron.db.ovn_revision_numbers_db [None req-6694aeff-9213-4299-8260-b27cef19c57f 90025ebc87484c97b0421cd95bf21f16 c9d70fd2babe4a948005c9eb0ae89fc9 - - default default] Successfully bumped revision number for resource 2c8841d5-5b6b-402c-a950-af6828e977d7 (type: floatingips) to 2
2026-02-26 02:45:01.296 10 INFO neutron.db.l3_db [None req-6694aeff-9213-4299-8260-b27cef19c57f 90025ebc87484c97b0421cd95bf21f16 c9d70fd2babe4a948005c9eb0ae89fc9 - - default default] Floating IP 2c8841d5-5b6b-402c-a950-af6828e977d7 associated. External IP: 10.96.250.204, port: 8a0ea4b2-db6b-4ed0-a5e8-0bc16b7afc66.
2026-02-26 02:45:01.337 10 INFO neutron.api.wsgi [None req-6694aeff-9213-4299-8260-b27cef19c57f 90025ebc87484c97b0421cd95bf21f16 c9d70fd2babe4a948005c9eb0ae89fc9 - - default default] 10.0.0.41 "PUT /v2.0/floatingips/2c8841d5-5b6b-402c-a950-af6828e977d7 HTTP/1.1" status: 200 len: 1050 time: 0.9979110 /var/lib/openstack/lib/python3.12/site-packages/pycadf/identifier.py:71: UserWarning: Invalid uuid: neutron. To ensure interoperability, identifiers should be a valid uuid. warnings.warn(('Invalid uuid: %s. To ensure interoperability, '
2026-02-26 02:45:01.428 10 INFO neutron.api.wsgi [req-f1f3c325-c9bf-4da7-9206-cd14501e98a0 req-f71172bd-3a18-4c0e-a3f4-5b6b0c4768f3 90025ebc87484c97b0421cd95bf21f16 c9d70fd2babe4a948005c9eb0ae89fc9 - - default default] 10.0.0.56 "GET /v2.0/ports?device_id=22176f47-73ed-40d7-9a50-db6beeaebc86 HTTP/1.1" status: 200 len: 1174 time: 0.0320399
2026-02-26 02:45:01.466 10 INFO neutron.api.wsgi [req-f1f3c325-c9bf-4da7-9206-cd14501e98a0 req-cdfb6da5-1189-43fb-8014-276e8c268a1c 90025ebc87484c97b0421cd95bf21f16 c9d70fd2babe4a948005c9eb0ae89fc9 - - default default] 10.0.0.56 "GET /v2.0/security-groups?id=e863772e-098e-4efb-bb7f-0f253a9b957c&fields=id&fields=name HTTP/1.1" status: 200 len: 311 time: 0.0307496
2026-02-26 02:45:01.486 9 INFO neutron.api.wsgi [None req-eacf3247-bcc3-4af6-95fe-6bdb6d8fa906 1a5d84d42c884ef8950b330291db1bcd dd6b878f4f4a4b6fa205a0c2639ac2e4 - - default default] 10.0.0.41 "DELETE /v2.0/networks/626918c7-70d4-49d3-988b-6ca64acde986 HTTP/1.1" status: 204 len: 168 time: 0.3810153 /var/lib/openstack/lib/python3.12/site-packages/pycadf/identifier.py:71: UserWarning: Invalid uuid: neutron. To ensure interoperability, identifiers should be a valid uuid. warnings.warn(('Invalid uuid: %s. To ensure interoperability, '
2026-02-26 02:45:01.581 9 INFO neutron.api.wsgi [req-cf67e72e-f400-4617-890c-e64f24db1c93 req-eadc1532-94dd-49eb-89bb-6377e456dd05 d892fce6ee744e3ca626bfc94fe1246b be9abaf8ad7141e59d58a44111b259b0 - - 2d7226f8ed1d40f98a6941b88a2fbe60 2d7226f8ed1d40f98a6941b88a2fbe60] 162.253.55.43 "GET /v2.0/ports?tenant_id=aba737128d0c445f885ee1c96e5b65b2&device_id=fb6b1fca-5255-4d40-8b54-2c4aa2ed042a HTTP/1.1" status: 200 len: 1407 time: 0.0323410
2026-02-26 02:45:01.602 9 INFO neutron.api.wsgi [req-cf67e72e-f400-4617-890c-e64f24db1c93 req-2e4f5378-0597-4d83-a03a-3b0a895e19cb d892fce6ee744e3ca626bfc94fe1246b be9abaf8ad7141e59d58a44111b259b0 - - 2d7226f8ed1d40f98a6941b88a2fbe60 2d7226f8ed1d40f98a6941b88a2fbe60] 162.253.55.43 "GET /v2.0/floatingips?fixed_ip_address=10.100.0.7&port_id=4f3126e9-35db-455c-a5d6-6cb5261c9965 HTTP/1.1" status: 200 len: 217 time: 0.0148151
2026-02-26 02:45:01.660 9 INFO neutron.api.wsgi [req-cf67e72e-f400-4617-890c-e64f24db1c93 req-7a489c1c-c285-4f41-aefe-b941c37b94fd d892fce6ee744e3ca626bfc94fe1246b be9abaf8ad7141e59d58a44111b259b0 - - 2d7226f8ed1d40f98a6941b88a2fbe60 2d7226f8ed1d40f98a6941b88a2fbe60] 162.253.55.43 "GET /v2.0/subnets?id=cb1a21d1-1965-49c9-9bd9-841ab66069fd HTTP/1.1" status: 200 len: 896 time: 0.0508068
2026-02-26 02:45:01.678 9 INFO neutron.api.wsgi [req-cf67e72e-f400-4617-890c-e64f24db1c93 req-5c1715b5-5921-48f6-a16c-b4e917a544a6 d892fce6ee744e3ca626bfc94fe1246b be9abaf8ad7141e59d58a44111b259b0 - - 2d7226f8ed1d40f98a6941b88a2fbe60 2d7226f8ed1d40f98a6941b88a2fbe60] 162.253.55.43 "GET /v2.0/ports?network_id=e207e639-645a-4fb9-84ff-10c109c0e383&device_owner=network%3Adhcp HTTP/1.1" status: 200 len: 210 time: 0.0137343
2026-02-26 02:45:01.726 9 INFO neutron.api.wsgi [req-cf67e72e-f400-4617-890c-e64f24db1c93 req-2a6bd1c4-1167-4bde-884f-3b485ce47067 d892fce6ee744e3ca626bfc94fe1246b be9abaf8ad7141e59d58a44111b259b0 - - 2d7226f8ed1d40f98a6941b88a2fbe60 2d7226f8ed1d40f98a6941b88a2fbe60] 162.253.55.43 "GET /v2.0/networks/e207e639-645a-4fb9-84ff-10c109c0e383?fields=segments HTTP/1.1" status: 200 len: 212 time: 0.0423536
