2026-02-26 02:48:54.533 9 WARNING neutron.scheduler.dhcp_agent_scheduler [None req-e8954c43-0b76-42d7-90df-4b1867d19521 2575454bb5724922a0b13954e7d5b2f4 6291fe0522434ad3ab4c88224fb05531 - - default default] No more DHCP agents
2026-02-26 02:48:54.534 9 WARNING neutron.api.rpc.agentnotifiers.dhcp_rpc_agent_api [None req-e8954c43-0b76-42d7-90df-4b1867d19521 2575454bb5724922a0b13954e7d5b2f4 6291fe0522434ad3ab4c88224fb05531 - - default default] Unable to schedule network c583ca4c-ebf6-482f-8023-725b774ef642: no agents available; will retry on subsequent port and subnet creation events.
2026-02-26 02:48:54.790 9 INFO neutron.api.wsgi [None req-e8954c43-0b76-42d7-90df-4b1867d19521 2575454bb5724922a0b13954e7d5b2f4 6291fe0522434ad3ab4c88224fb05531 - - default default] 10.0.0.41 "POST /v2.0/floatingips HTTP/1.1" status: 201 len: 751 time: 0.5960853
2026-02-26 02:48:54.825 9 INFO neutron.api.wsgi [None req-649c41e2-a232-42d7-80f1-6a12cb6cb5bc 2575454bb5724922a0b13954e7d5b2f4 6291fe0522434ad3ab4c88224fb05531 - - default default] 10.0.0.41 "PUT /v2.0/floatingips/7623992e-0e37-453e-904d-1c94cf4af918/tags HTTP/1.1" status: 200 len: 218 time: 0.0288947
2026-02-26 02:48:54.851 9 INFO neutron.api.wsgi [None req-f6d3585e-22ea-49de-b926-75503079df79 2575454bb5724922a0b13954e7d5b2f4 6291fe0522434ad3ab4c88224fb05531 - - default default] 10.0.0.41 "GET /v2.0/floatingips/7623992e-0e37-453e-904d-1c94cf4af918/tags HTTP/1.1" status: 200 len: 218 time: 0.0218134
2026-02-26 02:48:54.885 9 INFO neutron.api.wsgi [None req-5135ae66-64a1-4409-a91e-7406f5eb5372 2575454bb5724922a0b13954e7d5b2f4 6291fe0522434ad3ab4c88224fb05531 - - default default] 10.0.0.41 "PUT /v2.0/floatingips/7623992e-0e37-453e-904d-1c94cf4af918/tags/green HTTP/1.1" status: 201 len: 201 time: 0.0295510
2026-02-26 02:48:54.910 9 INFO neutron.api.wsgi [None req-7d7fa18a-cebe-407f-b51b-777187965619 2575454bb5724922a0b13954e7d5b2f4 6291fe0522434ad3ab4c88224fb05531 - - default default] 10.0.0.41 "GET /v2.0/floatingips/7623992e-0e37-453e-904d-1c94cf4af918/tags HTTP/1.1" status: 200 len: 227 time: 0.0210416
2026-02-26 02:48:54.936 9 INFO neutron.api.wsgi [None req-37b8e5f0-8ccb-4e7e-922a-04f3518327df 2575454bb5724922a0b13954e7d5b2f4 6291fe0522434ad3ab4c88224fb05531 - - default default] 10.0.0.41 "PUT /v2.0/floatingips/7623992e-0e37-453e-904d-1c94cf4af918/tags/red HTTP/1.1" status: 201 len: 201 time: 0.0207341
2026-02-26 02:48:54.959 9 INFO neutron.api.wsgi [None req-5aa2502e-5b78-49c6-bee2-c5aa79aa72d1 2575454bb5724922a0b13954e7d5b2f4 6291fe0522434ad3ab4c88224fb05531 - - default default] 10.0.0.41 "GET /v2.0/floatingips/7623992e-0e37-453e-904d-1c94cf4af918/tags HTTP/1.1" status: 200 len: 227 time: 0.0188208
2026-02-26 02:48:54.992 9 INFO neutron.api.wsgi [None req-84057b9f-2ea9-4f7d-95b0-b0599fae5209 2575454bb5724922a0b13954e7d5b2f4 6291fe0522434ad3ab4c88224fb05531 - - default default] 10.0.0.41 "PUT /v2.0/floatingips/7623992e-0e37-453e-904d-1c94cf4af918/tags/black.or.white HTTP/1.1" status: 201 len: 201 time: 0.0288548
2026-02-26 02:48:55.015 9 INFO neutron.api.wsgi [None req-ecb78805-45ea-4e7f-9dc6-8058f92dc433 2575454bb5724922a0b13954e7d5b2f4 6291fe0522434ad3ab4c88224fb05531 - - default default] 10.0.0.41 "GET /v2.0/floatingips/7623992e-0e37-453e-904d-1c94cf4af918/tags HTTP/1.1" status: 200 len: 245 time: 0.0187771
2026-02-26 02:48:55.053 9 INFO neutron.api.wsgi [None req-eb237e49-43c6-41d9-b74a-30c8ec113606 2575454bb5724922a0b13954e7d5b2f4 6291fe0522434ad3ab4c88224fb05531 - - default default] 10.0.0.41 "PUT /v2.0/floatingips/7623992e-0e37-453e-904d-1c94cf4af918/tags HTTP/1.1" status: 200 len: 230 time: 0.0349283
2026-02-26 02:48:55.079 9 INFO neutron.api.wsgi [None req-aef4bc1e-9277-4eed-b875-72b034a546c4 2575454bb5724922a0b13954e7d5b2f4 6291fe0522434ad3ab4c88224fb05531 - - default default] 10.0.0.41 "GET /v2.0/floatingips/7623992e-0e37-453e-904d-1c94cf4af918/tags HTTP/1.1" status: 200 len: 230 time: 0.0217769
2026-02-26 02:48:55.104 9 INFO neutron.api.wsgi [None req-33432eb9-2948-492e-955a-282e954b6b6e 2575454bb5724922a0b13954e7d5b2f4 6291fe0522434ad3ab4c88224fb05531 - - default default] 10.0.0.41 "GET /v2.0/floatingips/7623992e-0e37-453e-904d-1c94cf4af918/tags/red HTTP/1.1" status: 204 len: 168 time: 0.0219202
2026-02-26 02:48:55.131 9 INFO neutron.api.v2.resource [None req-13cd00b0-ae55-4b71-8fbc-c62514d2b5ce 2575454bb5724922a0b13954e7d5b2f4 6291fe0522434ad3ab4c88224fb05531 - - default default] show failed (client error): The resource could not be found.
2026-02-26 02:48:55.132 9 INFO neutron.api.wsgi [None req-13cd00b0-ae55-4b71-8fbc-c62514d2b5ce 2575454bb5724922a0b13954e7d5b2f4 6291fe0522434ad3ab4c88224fb05531 - - default default] 10.0.0.41 "GET /v2.0/floatingips/7623992e-0e37-453e-904d-1c94cf4af918/tags/green HTTP/1.1" status: 404 len: 299 time: 0.0243366
2026-02-26 02:48:55.172 9 INFO neutron.api.wsgi [None req-459f564e-baaf-45bc-9e86-d8c5fc196e10 2575454bb5724922a0b13954e7d5b2f4 6291fe0522434ad3ab4c88224fb05531 - - default default] 10.0.0.41 "DELETE /v2.0/floatingips/7623992e-0e37-453e-904d-1c94cf4af918/tags/red HTTP/1.1" status: 204 len: 168 time: 0.0354505
2026-02-26 02:48:55.196 9 INFO neutron.api.wsgi [None req-0e8b9491-e01f-4fc5-a96d-d644cccfe311 2575454bb5724922a0b13954e7d5b2f4 6291fe0522434ad3ab4c88224fb05531 - - default default] 10.0.0.41 "GET /v2.0/floatingips/7623992e-0e37-453e-904d-1c94cf4af918/tags HTTP/1.1" status: 200 len: 223 time: 0.0189204
2026-02-26 02:48:55.223 9 INFO neutron.api.v2.resource [None req-d85786eb-a4b6-41be-baf9-612db25ebe78 2575454bb5724922a0b13954e7d5b2f4 6291fe0522434ad3ab4c88224fb05531 - - default default] delete failed (client error): The resource could not be found.
2026-02-26 02:48:55.225 9 INFO neutron.api.wsgi [None req-d85786eb-a4b6-41be-baf9-612db25ebe78 2575454bb5724922a0b13954e7d5b2f4 6291fe0522434ad3ab4c88224fb05531 - - default default] 10.0.0.41 "DELETE /v2.0/floatingips/7623992e-0e37-453e-904d-1c94cf4af918/tags/green HTTP/1.1" status: 404 len: 299 time: 0.0244787
2026-02-26 02:48:55.260 9 INFO neutron.api.wsgi [None req-047e096c-e44c-433f-99eb-3d2011832293 2575454bb5724922a0b13954e7d5b2f4 6291fe0522434ad3ab4c88224fb05531 - - default default] 10.0.0.41 "DELETE /v2.0/floatingips/7623992e-0e37-453e-904d-1c94cf4af918/tags HTTP/1.1" status: 204 len: 168 time: 0.0314727
2026-02-26 02:48:55.283 9 INFO neutron.api.wsgi [None req-867c8106-c862-4862-ba4f-22216cb97bd8 2575454bb5724922a0b13954e7d5b2f4 6291fe0522434ad3ab4c88224fb05531 - - default default] 10.0.0.41 "GET /v2.0/floatingips/7623992e-0e37-453e-904d-1c94cf4af918/tags HTTP/1.1" status: 200 len: 205 time: 0.0189345
2026-02-26 02:48:55.530 9 INFO neutron.api.wsgi [None req-ba0925c0-c501-499f-ae56-4763b91c38ae 2575454bb5724922a0b13954e7d5b2f4 6291fe0522434ad3ab4c88224fb05531 - - default default] 10.0.0.41 "DELETE /v2.0/floatingips/7623992e-0e37-453e-904d-1c94cf4af918 HTTP/1.1" status: 204 len: 168 time: 0.2408488
2026-02-26 02:48:56.320 10 INFO neutron.db.ovn_revision_numbers_db [None req-c7ad4c37-df8e-46f1-8e3a-443f2757ddf9 bbf1c22f41b943158cd85a9bda41e907 6d914e61d5414143b27b9d384a9380e1 - - default default] Successfully bumped revision number for resource 5c109140-0c61-4a3e-9f90-73b1a57fa5bf (type: security_groups) to 1
2026-02-26 02:48:56.331 10 INFO neutron.db.ovn_revision_numbers_db [None req-c7ad4c37-df8e-46f1-8e3a-443f2757ddf9 bbf1c22f41b943158cd85a9bda41e907 6d914e61d5414143b27b9d384a9380e1 - - default default] Successfully bumped revision number for resource 07cd80a3-d359-4c00-8905-fd91338dc2ba (type: security_group_rules) to 0
2026-02-26 02:48:56.344 10 INFO neutron.db.ovn_revision_numbers_db [None req-c7ad4c37-df8e-46f1-8e3a-443f2757ddf9 bbf1c22f41b943158cd85a9bda41e907 6d914e61d5414143b27b9d384a9380e1 - - default default] Successfully bumped revision number for resource 18e6596d-3d51-4fb6-a996-17f7ea6afb98 (type: security_group_rules) to 0
2026-02-26 02:48:56.356 10 INFO neutron.db.ovn_revision_numbers_db [None req-c7ad4c37-df8e-46f1-8e3a-443f2757ddf9 bbf1c22f41b943158cd85a9bda41e907 6d914e61d5414143b27b9d384a9380e1 - - default default] Successfully bumped revision number for resource 4392b905-c188-40e3-9ed9-030debd8eb67 (type: security_group_rules) to 0
2026-02-26 02:48:56.367 10 INFO neutron.db.ovn_revision_numbers_db [None req-c7ad4c37-df8e-46f1-8e3a-443f2757ddf9 bbf1c22f41b943158cd85a9bda41e907 6d914e61d5414143b27b9d384a9380e1 - - default default] Successfully bumped revision number for resource c22df252-1732-4775-a348-98b7be3bdf2f (type: security_group_rules) to 0
2026-02-26 02:48:56.397 10 INFO neutron.api.wsgi [None req-c7ad4c37-df8e-46f1-8e3a-443f2757ddf9 bbf1c22f41b943158cd85a9bda41e907 6d914e61d5414143b27b9d384a9380e1 - - default default] 10.0.0.41 "GET /v2.0/security-groups?tenant_id=cfa6cfcff0274f3ba8f2cd47e73e2284&name=default HTTP/1.1" status: 200 len: 3124 time: 0.2723536
2026-02-26 02:48:56.589 10 INFO neutron.api.wsgi [None req-ede0b35c-d099-4d4b-9947-8ae8cff81a73 bbf1c22f41b943158cd85a9bda41e907 6d914e61d5414143b27b9d384a9380e1 - - default default] 10.0.0.41 "DELETE /v2.0/security-groups/5c109140-0c61-4a3e-9f90-73b1a57fa5bf HTTP/1.1" status: 204 len: 168 time: 0.1868176
2026-02-26 02:48:56.781 9 INFO neutron.db.ovn_revision_numbers_db [None req-61e00bbb-e9be-4650-b58c-919e781a1810 bbf1c22f41b943158cd85a9bda41e907 6d914e61d5414143b27b9d384a9380e1 - - default default] Successfully bumped revision number for resource 60fe92af-f024-4eb7-bb76-1a1bec4b3384 (type: security_groups) to 1
2026-02-26 02:48:56.793 9 INFO neutron.db.ovn_revision_numbers_db [None req-61e00bbb-e9be-4650-b58c-919e781a1810 bbf1c22f41b943158cd85a9bda41e907 6d914e61d5414143b27b9d384a9380e1 - - default default] Successfully bumped revision number for resource 21e663d2-ce94-4da5-adaf-10d718879d31 (type: security_group_rules) to 0
2026-02-26 02:48:56.830 9 INFO neutron.db.ovn_revision_numbers_db [None req-61e00bbb-e9be-4650-b58c-919e781a1810 bbf1c22f41b943158cd85a9bda41e907 6d914e61d5414143b27b9d384a9380e1 - - default default] Successfully bumped revision number for resource 4898cc60-86fd-46c5-8e54-fc36e76d4468 (type: security_group_rules) to 0
2026-02-26 02:48:56.842 9 INFO neutron.db.ovn_revision_numbers_db [None req-61e00bbb-e9be-4650-b58c-919e781a1810 bbf1c22f41b943158cd85a9bda41e907 6d914e61d5414143b27b9d384a9380e1 - - default default] Successfully bumped revision number for resource be208637-f4f2-4b97-9658-bb57b33b2324 (type: security_group_rules) to 0
2026-02-26 02:48:56.854 9 INFO neutron.db.ovn_revision_numbers_db [None req-61e00bbb-e9be-4650-b58c-919e781a1810 bbf1c22f41b943158cd85a9bda41e907 6d914e61d5414143b27b9d384a9380e1 - - default default] Successfully bumped revision number for resource e3810832-5a6a-4542-8f81-0d9d2fa551fd (type: security_group_rules) to 0
2026-02-26 02:48:56.890 9 INFO neutron.api.wsgi [None req-61e00bbb-e9be-4650-b58c-919e781a1810 bbf1c22f41b943158cd85a9bda41e907 6d914e61d5414143b27b9d384a9380e1 - - default default] 10.0.0.41 "GET /v2.0/security-groups?tenant_id=6291fe0522434ad3ab4c88224fb05531&name=default HTTP/1.1" status: 200 len: 3124 time: 0.2162409
2026-02-26 02:48:57.097 9 INFO neutron.api.wsgi [None req-dcf8a5b4-9738-4c22-a542-cf8cd21e478b bbf1c22f41b943158cd85a9bda41e907 6d914e61d5414143b27b9d384a9380e1 - - default default] 10.0.0.41 "DELETE /v2.0/security-groups/60fe92af-f024-4eb7-bb76-1a1bec4b3384 HTTP/1.1" status: 204 len: 168 time: 0.2023344
2026-02-26 02:48:57.335 9 INFO neutron.api.wsgi [None req-67e03e3b-4baf-48f9-a5ec-de18f00cd590 bbf1c22f41b943158cd85a9bda41e907 6d914e61d5414143b27b9d384a9380e1 - - default default] 10.0.0.198 "GET /v2.0/extensions/security-group HTTP/1.1" status: 200 len: 369 time: 0.2059262
2026-02-26 02:48:57.345 9 INFO neutron.api.wsgi [None req-2742a4a5-b059-4df7-b01e-9b955f50223d bbf1c22f41b943158cd85a9bda41e907 6d914e61d5414143b27b9d384a9380e1 - - default default] 10.0.0.198 "GET /v2.0/extensions/dns-integration HTTP/1.1" status: 200 len: 371 time: 0.0027964
2026-02-26 02:48:57.354 9 INFO neutron.api.wsgi [None req-7b574564-b54b-4e4e-9829-07b59130e34f bbf1c22f41b943158cd85a9bda41e907 6d914e61d5414143b27b9d384a9380e1 - - default default] 10.0.0.198 "GET /v2.0/extensions/qos HTTP/1.1" status: 200 len: 365 time: 0.0047112
2026-02-26 02:48:57.365 9 INFO neutron.api.wsgi [None req-9e96df93-f4e1-4eae-970d-6b54abe6c4ae bbf1c22f41b943158cd85a9bda41e907 6d914e61d5414143b27b9d384a9380e1 - - default default] 10.0.0.198 "GET /v2.0/extensions/allowed-address-pairs HTTP/1.1" status: 200 len: 383 time: 0.0066409
2026-02-26 02:48:57.850 9 INFO neutron.api.wsgi [-] 10.0.0.198 "GET / HTTP/1.1" status: 200 len: 284 time: 0.0024867
2026-02-26 02:48:57.890 9 INFO neutron.api.wsgi [None req-bc05da0f-ae50-4c64-8bed-331dbac1efae 299809e92c5443f895650aa2cae9a91f 107dc06654c34fedbd6abce68917b586 - - default default] 10.0.0.198 "GET /v2.0/subnets/220ac78d-d692-4964-b07b-fdc8a5b0a8a4 HTTP/1.1" status: 200 len: 855 time: 0.0242271
2026-02-26 02:48:59.136 10 INFO neutron.api.wsgi [None req-f2c85476-32f6-4ccc-8c23-b8b094fe04ee bbf1c22f41b943158cd85a9bda41e907 6d914e61d5414143b27b9d384a9380e1 - - default default] 162.253.55.43 "GET /v2.0/extensions/security-group HTTP/1.1" status: 200 len: 369 time: 0.0057635
2026-02-26 02:48:59.145 10 INFO neutron.api.wsgi [None req-12f86f9c-b0e9-4dd8-97dd-7e6112753d37 bbf1c22f41b943158cd85a9bda41e907 6d914e61d5414143b27b9d384a9380e1 - - default default] 162.253.55.43 "GET /v2.0/extensions/dns-integration HTTP/1.1" status: 200 len: 371 time: 0.0037301
2026-02-26 02:48:59.152 10 INFO neutron.api.wsgi [None req-bedf4df9-20a4-4646-949d-58631609bcef bbf1c22f41b943158cd85a9bda41e907 6d914e61d5414143b27b9d384a9380e1 - - default default] 162.253.55.43 "GET /v2.0/extensions/qos HTTP/1.1" status: 200 len: 365 time: 0.0035861
2026-02-26 02:48:59.158 10 INFO neutron.api.wsgi [None req-95d113f4-0adf-456a-8ebe-3ce585dcb1f6 bbf1c22f41b943158cd85a9bda41e907 6d914e61d5414143b27b9d384a9380e1 - - default default] 162.253.55.43 "GET /v2.0/extensions/allowed-address-pairs HTTP/1.1" status: 200 len: 383 time: 0.0035894
2026-02-26 02:48:59.184 10 INFO neutron.api.wsgi [None req-65f0a6fe-ca77-48e3-9046-6e13048193ae bbf1c22f41b943158cd85a9bda41e907 6d914e61d5414143b27b9d384a9380e1 - - default default] 162.253.55.43 "GET /v2.0/subnets/220ac78d-d692-4964-b07b-fdc8a5b0a8a4 HTTP/1.1" status: 200 len: 873 time: 0.0222566
2026-02-26 02:48:59.221 10 INFO neutron.api.wsgi [None req-681ec12a-3635-4b42-93c5-250081c6fb54 bbf1c22f41b943158cd85a9bda41e907 6d914e61d5414143b27b9d384a9380e1 - - default default] 162.253.55.43 "GET /v2.0/ports?device_id=d3eac6a4-7d00-4299-bea1-49c6a5e87e2b HTTP/1.1" status: 200 len: 2727 time: 0.0321598
2026-02-26 02:48:59.347 10 INFO neutron.api.wsgi [None req-9cd3c44b-26ee-44b5-9f6e-e2c9bc5e2a31 bbf1c22f41b943158cd85a9bda41e907 6d914e61d5414143b27b9d384a9380e1 - - default default] 162.253.55.43 "GET /v2.0/extensions/security-group HTTP/1.1" status: 200 len: 369 time: 0.0052981
2026-02-26 02:48:59.353 10 INFO neutron.api.wsgi [None req-4a446f0c-a216-4c7e-935e-69b0944d7a81 bbf1c22f41b943158cd85a9bda41e907 6d914e61d5414143b27b9d384a9380e1 - - default default] 162.253.55.43 "GET /v2.0/extensions/dns-integration HTTP/1.1" status: 200 len: 371 time: 0.0036035
2026-02-26 02:48:59.361 10 INFO neutron.api.wsgi [None req-b01a198d-beba-4236-baeb-5317ce37a04c bbf1c22f41b943158cd85a9bda41e907 6d914e61d5414143b27b9d384a9380e1 - - default default] 162.253.55.43 "GET /v2.0/extensions/qos HTTP/1.1" status: 200 len: 365 time: 0.0051548
2026-02-26 02:48:59.366 10 INFO neutron.api.wsgi [None req-23d1e022-46dd-4015-bbc8-37e56371c33e bbf1c22f41b943158cd85a9bda41e907 6d914e61d5414143b27b9d384a9380e1 - - default default] 162.253.55.43 "GET /v2.0/extensions/allowed-address-pairs HTTP/1.1" status: 200 len: 383 time: 0.0035377
2026-02-26 02:49:00.070 10 WARNING neutron_lib.context [None req-794b30d6-5cac-4844-a56c-4b33b44f6628 2253bcccd0d94b93a2492b2bec16ffb6 68f83f14a09c4908b9efe2ec4fbfd6e2 - - default default] Method 'is_advsvc' is deprecated since 2023.2 release (neutron-lib 3.8.0) and will be removed once support for the old RBAC API policies will be removed from Neutron. Please use method 'is_service_role' instead.
2026-02-26 02:49:00.154 10 INFO neutron.db.ovn_revision_numbers_db [None req-794b30d6-5cac-4844-a56c-4b33b44f6628 2253bcccd0d94b93a2492b2bec16ffb6 68f83f14a09c4908b9efe2ec4fbfd6e2 - - default default] Successfully bumped revision number for resource be29f524-c66b-417d-94b1-e245629e66fb (type: routers) to 1
2026-02-26 02:49:00.167 10 INFO neutron.api.wsgi [None req-794b30d6-5cac-4844-a56c-4b33b44f6628 2253bcccd0d94b93a2492b2bec16ffb6 68f83f14a09c4908b9efe2ec4fbfd6e2 - - default default] 10.0.0.41 "POST /v2.0/routers HTTP/1.1" status: 201 len: 769 time: 0.2468793
2026-02-26 02:49:00.210 10 INFO neutron.api.wsgi [None req-0f57ba45-88a2-4c5c-915d-b334809ebc97 2253bcccd0d94b93a2492b2bec16ffb6 68f83f14a09c4908b9efe2ec4fbfd6e2 - - default default] 10.0.0.41 "PUT /v2.0/routers/be29f524-c66b-417d-94b1-e245629e66fb/tags HTTP/1.1" status: 200 len: 218 time: 0.0373473
2026-02-26 02:49:00.251 10 INFO neutron.api.wsgi [None req-5c1002c4-a773-4f3b-9c3e-14d4af7c06aa 2253bcccd0d94b93a2492b2bec16ffb6 68f83f14a09c4908b9efe2ec4fbfd6e2 - - default default] 10.0.0.41 "GET /v2.0/routers/be29f524-c66b-417d-94b1-e245629e66fb/tags HTTP/1.1" status: 200 len: 218 time: 0.0371292
2026-02-26 02:49:00.298 10 INFO neutron.api.wsgi [None req-8eeac38f-2ab3-43d9-8c0d-43e14dedfdf3 2253bcccd0d94b93a2492b2bec16ffb6 68f83f14a09c4908b9efe2ec4fbfd6e2 - - default default] 10.0.0.41 "PUT /v2.0/routers/be29f524-c66b-417d-94b1-e245629e66fb/tags/green HTTP/1.1" status: 201 len: 201 time: 0.0429730
2026-02-26 02:49:00.329 10 INFO neutron.api.wsgi [None req-8b035583-a2be-4eb7-b3e6-23dce5493670 2253bcccd0d94b93a2492b2bec16ffb6 68f83f14a09c4908b9efe2ec4fbfd6e2 - - default default] 10.0.0.41 "GET /v2.0/routers/be29f524-c66b-417d-94b1-e245629e66fb/tags HTTP/1.1" status: 200 len: 227 time: 0.0259769
2026-02-26 02:49:00.359 10 INFO neutron.api.wsgi [None req-d459530e-baa5-4ce7-80b5-a061de86b70d 2253bcccd0d94b93a2492b2bec16ffb6 68f83f14a09c4908b9efe2ec4fbfd6e2 - - default default] 10.0.0.41 "PUT /v2.0/routers/be29f524-c66b-417d-94b1-e245629e66fb/tags/red HTTP/1.1" status: 201 len: 201 time: 0.0259461
2026-02-26 02:49:00.394 10 INFO neutron.api.wsgi [None req-4c698e95-35f0-47d6-b7d0-509a7ec7d8d2 2253bcccd0d94b93a2492b2bec16ffb6 68f83f14a09c4908b9efe2ec4fbfd6e2 - - default default] 10.0.0.41 "GET /v2.0/routers/be29f524-c66b-417d-94b1-e245629e66fb/tags HTTP/1.1" status: 200 len: 227 time: 0.0312510
2026-02-26 02:49:00.444 10 INFO neutron.api.wsgi [None req-5820ccc2-62fa-43d8-a2d9-802cff720f18 2253bcccd0d94b93a2492b2bec16ffb6 68f83f14a09c4908b9efe2ec4fbfd6e2 - - default default] 10.0.0.41 "PUT /v2.0/routers/be29f524-c66b-417d-94b1-e245629e66fb/tags/black.or.white HTTP/1.1" status: 201 len: 201 time: 0.0458183
2026-02-26 02:49:00.485 10 INFO neutron.api.wsgi [None req-e1a92c2b-bda1-4636-8af6-5b9365b56527 2253bcccd0d94b93a2492b2bec16ffb6 68f83f14a09c4908b9efe2ec4fbfd6e2 - - default default] 10.0.0.41 "GET /v2.0/routers/be29f524-c66b-417d-94b1-e245629e66fb/tags HTTP/1.1" status: 200 len: 245 time: 0.0366054
2026-02-26 02:49:00.541 10 INFO neutron.api.wsgi [None req-ef027e34-6284-4bc1-b026-51531e065614 2253bcccd0d94b93a2492b2bec16ffb6 68f83f14a09c4908b9efe2ec4fbfd6e2 - - default default] 10.0.0.41 "PUT /v2.0/routers/be29f524-c66b-417d-94b1-e245629e66fb/tags HTTP/1.1" status: 200 len: 230 time: 0.0500309
2026-02-26 02:49:00.575 10 INFO neutron.api.wsgi [None req-2c44ef06-e16f-4168-b565-b6e648e53ee7 2253bcccd0d94b93a2492b2bec16ffb6 68f83f14a09c4908b9efe2ec4fbfd6e2 - - default default] 10.0.0.41 "GET /v2.0/routers/be29f524-c66b-417d-94b1-e245629e66fb/tags HTTP/1.1" status: 200 len: 230 time: 0.0280728
2026-02-26 02:49:00.607 9 INFO neutron.api.wsgi [None req-6df2fa66-3f70-4cab-a4d9-11996a0082de 2253bcccd0d94b93a2492b2bec16ffb6 68f83f14a09c4908b9efe2ec4fbfd6e2 - - default default] 10.0.0.41 "GET /v2.0/routers/be29f524-c66b-417d-94b1-e245629e66fb/tags/red HTTP/1.1" status: 204 len: 168 time: 0.0279908
2026-02-26 02:49:00.643 9 INFO neutron.api.v2.resource [None req-6e356a53-8d17-4d8b-839b-8e486f7bd715 2253bcccd0d94b93a2492b2bec16ffb6 68f83f14a09c4908b9efe2ec4fbfd6e2 - - default default] show failed (client error): The resource could not be found.
2026-02-26 02:49:00.644 9 INFO neutron.api.wsgi [None req-6e356a53-8d17-4d8b-839b-8e486f7bd715 2253bcccd0d94b93a2492b2bec16ffb6 68f83f14a09c4908b9efe2ec4fbfd6e2 - - default default] 10.0.0.41 "GET /v2.0/routers/be29f524-c66b-417d-94b1-e245629e66fb/tags/green HTTP/1.1" status: 404 len: 299 time: 0.0296953
2026-02-26 02:49:00.663 9 INFO neutron.api.wsgi [req-86560c77-e0c4-46e1-a0b5-20a5a092bd94 req-9e0befdf-582e-4636-a040-855b7da77736 d892fce6ee744e3ca626bfc94fe1246b be9abaf8ad7141e59d58a44111b259b0 - - 2d7226f8ed1d40f98a6941b88a2fbe60 2d7226f8ed1d40f98a6941b88a2fbe60] 162.253.55.43 "GET /v2.0/networks/091b283c-a0a1-4913-a165-acc99a2c614b?fields=segments HTTP/1.1" status: 200 len: 212 time: 0.0319223
2026-02-26 02:49:00.699 10 INFO neutron.api.wsgi [None req-b653f7b7-11da-4544-a116-c83bddb1aeeb 2253bcccd0d94b93a2492b2bec16ffb6 68f83f14a09c4908b9efe2ec4fbfd6e2 - - default default] 10.0.0.41 "DELETE /v2.0/routers/be29f524-c66b-417d-94b1-e245629e66fb/tags/red HTTP/1.1" status: 204 len: 168 time: 0.0482891
2026-02-26 02:49:00.702 9 INFO neutron.api.wsgi [req-86560c77-e0c4-46e1-a0b5-20a5a092bd94 req-3041b395-7ad0-4d32-8092-34f48db03dd9 d892fce6ee744e3ca626bfc94fe1246b be9abaf8ad7141e59d58a44111b259b0 - - 2d7226f8ed1d40f98a6941b88a2fbe60 2d7226f8ed1d40f98a6941b88a2fbe60] 162.253.55.43 "GET /v2.0/networks/091b283c-a0a1-4913-a165-acc99a2c614b?fields=provider%3Aphysical_network&fields=provider%3Anetwork_type HTTP/1.1" status: 200 len: 277 time: 0.0319409
2026-02-26 02:49:00.737 10 INFO neutron.api.wsgi [None req-b3b0ee81-f653-4f51-8929-a9512f9b900e 2253bcccd0d94b93a2492b2bec16ffb6 68f83f14a09c4908b9efe2ec4fbfd6e2 - - default default] 10.0.0.41 "GET /v2.0/routers/be29f524-c66b-417d-94b1-e245629e66fb/tags HTTP/1.1" status: 200 len: 223 time: 0.0324554
2026-02-26 02:49:00.775 10 INFO neutron.api.v2.resource [None req-5e3914a7-b960-4489-a577-6a25c5aeac98 2253bcccd0d94b93a2492b2bec16ffb6 68f83f14a09c4908b9efe2ec4fbfd6e2 - - default default] delete failed (client error): The resource could not be found.
2026-02-26 02:49:00.777 10 INFO neutron.api.wsgi [None req-5e3914a7-b960-4489-a577-6a25c5aeac98 2253bcccd0d94b93a2492b2bec16ffb6 68f83f14a09c4908b9efe2ec4fbfd6e2 - - default default] 10.0.0.41 "DELETE /v2.0/routers/be29f524-c66b-417d-94b1-e245629e66fb/tags/green HTTP/1.1" status: 404 len: 299 time: 0.0354180
2026-02-26 02:49:00.830 10 INFO neutron.api.wsgi [None req-21d18395-0078-4368-9517-2b970fb4591f 2253bcccd0d94b93a2492b2bec16ffb6 68f83f14a09c4908b9efe2ec4fbfd6e2 - - default default] 10.0.0.41 "DELETE /v2.0/routers/be29f524-c66b-417d-94b1-e245629e66fb/tags HTTP/1.1" status: 204 len: 168 time: 0.0474780
2026-02-26 02:49:00.867 10 INFO neutron.api.wsgi [None req-9a57e0cc-d2b7-4b52-a1c2-8db254bbe386 2253bcccd0d94b93a2492b2bec16ffb6 68f83f14a09c4908b9efe2ec4fbfd6e2 - - default default] 10.0.0.41 "GET /v2.0/routers/be29f524-c66b-417d-94b1-e245629e66fb/tags HTTP/1.1" status: 200 len: 205 time: 0.0334196
2026-02-26 02:49:00.916 10 INFO neutron.api.wsgi [None req-f7f755a7-6af0-429f-972c-341c5f1f7c4a 2253bcccd0d94b93a2492b2bec16ffb6 68f83f14a09c4908b9efe2ec4fbfd6e2 - - default default] 10.0.0.41 "GET /v2.0/routers/be29f524-c66b-417d-94b1-e245629e66fb HTTP/1.1" status: 200 len: 770 time: 0.0375783
2026-02-26 02:49:01.209 10 INFO neutron.db.ovn_revision_numbers_db [None req-60ddd747-4ea9-47c9-854d-70c91a470270 2253bcccd0d94b93a2492b2bec16ffb6 68f83f14a09c4908b9efe2ec4fbfd6e2 - - default default] Successfully bumped revision number for resource be29f524-c66b-417d-94b1-e245629e66fb (type: routers) to 7
2026-02-26 02:49:01.216 10 INFO neutron.api.wsgi [None req-60ddd747-4ea9-47c9-854d-70c91a470270 2253bcccd0d94b93a2492b2bec16ffb6 68f83f14a09c4908b9efe2ec4fbfd6e2 - - default default] 10.0.0.41 "PUT /v2.0/routers/be29f524-c66b-417d-94b1-e245629e66fb HTTP/1.1" status: 200 len: 770 time: 0.2941804
2026-02-26 02:49:01.240 10 INFO neutron.api.wsgi [None req-edc1e245-336f-47e8-b338-b0e028949252 2253bcccd0d94b93a2492b2bec16ffb6 68f83f14a09c4908b9efe2ec4fbfd6e2 - - default default] 10.0.0.41 "GET /v2.0/ports?device_id=be29f524-c66b-417d-94b1-e245629e66fb HTTP/1.1" status: 200 len: 205 time: 0.0179849
2026-02-26 02:49:01.258 9 INFO neutron.api.wsgi [req-86560c77-e0c4-46e1-a0b5-20a5a092bd94 req-efc98b5b-f47d-409f-b179-4dc92b9adfaa bbf1c22f41b943158cd85a9bda41e907 6d914e61d5414143b27b9d384a9380e1 - - default default] 162.253.55.43 "GET /v2.0/networks?id=091b283c-a0a1-4913-a165-acc99a2c614b HTTP/1.1" status: 200 len: 1001 time: 0.0470366
2026-02-26 02:49:01.415 10 INFO neutron.api.wsgi [None req-74962f93-d996-4ce8-a989-814a71289d7a 2253bcccd0d94b93a2492b2bec16ffb6 68f83f14a09c4908b9efe2ec4fbfd6e2 - - default default] 10.0.0.41 "DELETE /v2.0/routers/be29f524-c66b-417d-94b1-e245629e66fb HTTP/1.1" status: 204 len: 168 time: 0.1690860
2026-02-26 02:49:01.528 9 WARNING neutron.scheduler.dhcp_agent_scheduler [req-86560c77-e0c4-46e1-a0b5-20a5a092bd94 req-3ba0b355-ac24-4548-910e-19fcf6d1b4b4 bbf1c22f41b943158cd85a9bda41e907 6d914e61d5414143b27b9d384a9380e1 - - default default] No more DHCP agents
2026-02-26 02:49:01.530 9 WARNING neutron.api.rpc.agentnotifiers.dhcp_rpc_agent_api [req-86560c77-e0c4-46e1-a0b5-20a5a092bd94 req-3ba0b355-ac24-4548-910e-19fcf6d1b4b4 bbf1c22f41b943158cd85a9bda41e907 6d914e61d5414143b27b9d384a9380e1 - - default default] Unable to schedule network 091b283c-a0a1-4913-a165-acc99a2c614b: no agents available; will retry on subsequent port and subnet creation events.
2026-02-26 02:49:01.658 9 INFO neutron.db.ovn_revision_numbers_db [req-86560c77-e0c4-46e1-a0b5-20a5a092bd94 req-3ba0b355-ac24-4548-910e-19fcf6d1b4b4 bbf1c22f41b943158cd85a9bda41e907 6d914e61d5414143b27b9d384a9380e1 - - default default] Successfully bumped revision number for resource fb037cd0-59f7-4d7d-a31a-d7cd530a41a3 (type: ports) to 1
2026-02-26 02:49:01.675 9 INFO neutron.api.wsgi [req-86560c77-e0c4-46e1-a0b5-20a5a092bd94 req-3ba0b355-ac24-4548-910e-19fcf6d1b4b4 bbf1c22f41b943158cd85a9bda41e907 6d914e61d5414143b27b9d384a9380e1 - - default default] 162.253.55.43 "POST /v2.0/ports HTTP/1.1" status: 201 len: 1504 time: 0.4112246 /var/lib/openstack/lib/python3.12/site-packages/pycadf/identifier.py:71: UserWarning: Invalid uuid: neutron. To ensure interoperability, identifiers should be a valid uuid. warnings.warn(('Invalid uuid: %s. To ensure interoperability, '
2026-02-26 02:49:02.012 9 INFO neutron.db.ovn_revision_numbers_db [req-86560c77-e0c4-46e1-a0b5-20a5a092bd94 req-52e45e29-24e0-4f2f-a76a-d4e6bb168a44 d892fce6ee744e3ca626bfc94fe1246b be9abaf8ad7141e59d58a44111b259b0 - - 2d7226f8ed1d40f98a6941b88a2fbe60 2d7226f8ed1d40f98a6941b88a2fbe60] Successfully bumped revision number for resource fb037cd0-59f7-4d7d-a31a-d7cd530a41a3 (type: ports) to 2
2026-02-26 02:49:02.239 9 INFO neutron.db.ovn_revision_numbers_db [req-86560c77-e0c4-46e1-a0b5-20a5a092bd94 req-52e45e29-24e0-4f2f-a76a-d4e6bb168a44 d892fce6ee744e3ca626bfc94fe1246b be9abaf8ad7141e59d58a44111b259b0 - - 2d7226f8ed1d40f98a6941b88a2fbe60 2d7226f8ed1d40f98a6941b88a2fbe60] Successfully bumped revision number for resource fb037cd0-59f7-4d7d-a31a-d7cd530a41a3 (type: ports) to 4
2026-02-26 02:49:02.263 9 INFO neutron.api.wsgi [req-86560c77-e0c4-46e1-a0b5-20a5a092bd94 req-52e45e29-24e0-4f2f-a76a-d4e6bb168a44 d892fce6ee744e3ca626bfc94fe1246b be9abaf8ad7141e59d58a44111b259b0 - - 2d7226f8ed1d40f98a6941b88a2fbe60 2d7226f8ed1d40f98a6941b88a2fbe60] 162.253.55.43 "PUT /v2.0/ports/fb037cd0-59f7-4d7d-a31a-d7cd530a41a3 HTTP/1.1" status: 200 len: 1629 time: 0.5824664
2026-02-26 02:49:02.301 9 INFO neutron.notifiers.nova [-] Nova event matching ['req-041cf624-f175-46e5-9e34-855b0e9c0ee6'] response: {'name': 'network-changed', 'server_uuid': 'd3eac6a4-7d00-4299-bea1-49c6a5e87e2b', 'tag': 'fb037cd0-59f7-4d7d-a31a-d7cd530a41a3', 'status': 'completed', 'code': 200}
2026-02-26 02:49:02.307 10 INFO neutron.db.ovn_revision_numbers_db [None req-a02ed93d-60c5-474b-a46f-291a7d60b47d bbf1c22f41b943158cd85a9bda41e907 6d914e61d5414143b27b9d384a9380e1 - - default default] Successfully bumped revision number for resource c14f49e9-6209-49ba-a92e-bded78e89a3d (type: security_groups) to 1
2026-02-26 02:49:02.320 10 INFO neutron.db.ovn_revision_numbers_db [None req-a02ed93d-60c5-474b-a46f-291a7d60b47d bbf1c22f41b943158cd85a9bda41e907 6d914e61d5414143b27b9d384a9380e1 - - default default] Successfully bumped revision number for resource 38a8e91b-8cf1-44e4-93ba-2b04d7198137 (type: security_group_rules) to 0
2026-02-26 02:49:02.332 10 INFO neutron.db.ovn_revision_numbers_db [None req-a02ed93d-60c5-474b-a46f-291a7d60b47d bbf1c22f41b943158cd85a9bda41e907 6d914e61d5414143b27b9d384a9380e1 - - default default] Successfully bumped revision number for resource 4f630bef-b410-4cd6-af24-3c4519b3f0d4 (type: security_group_rules) to 0
2026-02-26 02:49:02.344 10 INFO neutron.db.ovn_revision_numbers_db [None req-a02ed93d-60c5-474b-a46f-291a7d60b47d bbf1c22f41b943158cd85a9bda41e907 6d914e61d5414143b27b9d384a9380e1 - - default default] Successfully bumped revision number for resource aff41a21-cef4-45c7-b5cc-d8bf5a1740f3 (type: security_group_rules) to 0
2026-02-26 02:49:02.447 10 INFO neutron.db.ovn_revision_numbers_db [None req-a02ed93d-60c5-474b-a46f-291a7d60b47d bbf1c22f41b943158cd85a9bda41e907 6d914e61d5414143b27b9d384a9380e1 - - default default] Successfully bumped revision number for resource f6b28b2d-1c86-42ea-a5ae-e7855046357f (type: security_group_rules) to 0
2026-02-26 02:49:02.484 10 INFO neutron.api.wsgi [None req-a02ed93d-60c5-474b-a46f-291a7d60b47d bbf1c22f41b943158cd85a9bda41e907 6d914e61d5414143b27b9d384a9380e1 - - default default] 10.0.0.41 "GET /v2.0/security-groups?tenant_id=68f83f14a09c4908b9efe2ec4fbfd6e2&name=default HTTP/1.1" status: 200 len: 3124 time: 0.4021490
2026-02-26 02:49:02.735 10 INFO neutron.api.wsgi [None req-840cb7f4-b40b-4902-89f2-cc56ec890468 bbf1c22f41b943158cd85a9bda41e907 6d914e61d5414143b27b9d384a9380e1 - - default default] 10.0.0.41 "DELETE /v2.0/security-groups/c14f49e9-6209-49ba-a92e-bded78e89a3d HTTP/1.1" status: 204 len: 168 time: 0.2442842 /var/lib/openstack/lib/python3.12/site-packages/pycadf/identifier.py:71: UserWarning: Invalid uuid: neutron. To ensure interoperability, identifiers should be a valid uuid. warnings.warn(('Invalid uuid: %s. To ensure interoperability, '
2026-02-26 02:49:02.850 9 INFO neutron.api.wsgi [req-db0fc5f3-b923-49cc-8292-b12aaaa4c2b9 req-8c221a52-540c-4b21-9432-24913eb691e8 d892fce6ee744e3ca626bfc94fe1246b be9abaf8ad7141e59d58a44111b259b0 - - 2d7226f8ed1d40f98a6941b88a2fbe60 2d7226f8ed1d40f98a6941b88a2fbe60] 162.253.55.43 "GET /v2.0/ports?tenant_id=6d914e61d5414143b27b9d384a9380e1&device_id=d3eac6a4-7d00-4299-bea1-49c6a5e87e2b HTTP/1.1" status: 200 len: 4148 time: 0.0420086
2026-02-26 02:49:02.912 9 INFO neutron.api.wsgi [req-db0fc5f3-b923-49cc-8292-b12aaaa4c2b9 req-49e56385-e41e-4245-a1ee-7c48398a5f44 d892fce6ee744e3ca626bfc94fe1246b be9abaf8ad7141e59d58a44111b259b0 - - 2d7226f8ed1d40f98a6941b88a2fbe60 2d7226f8ed1d40f98a6941b88a2fbe60] 162.253.55.43 "GET /v2.0/networks?id=091b283c-a0a1-4913-a165-acc99a2c614b HTTP/1.1" status: 200 len: 1001 time: 0.0552042
2026-02-26 02:49:02.948 9 INFO neutron.api.wsgi [req-db0fc5f3-b923-49cc-8292-b12aaaa4c2b9 req-41b976db-d9bf-455c-89dc-798391d0605d d892fce6ee744e3ca626bfc94fe1246b be9abaf8ad7141e59d58a44111b259b0 - - 2d7226f8ed1d40f98a6941b88a2fbe60 2d7226f8ed1d40f98a6941b88a2fbe60] 162.253.55.43 "GET /v2.0/floatingips?fixed_ip_address=10.2.1.11&port_id=fb037cd0-59f7-4d7d-a31a-d7cd530a41a3 HTTP/1.1" status: 200 len: 217 time: 0.0309587
2026-02-26 02:49:02.971 9 INFO neutron.api.wsgi [req-db0fc5f3-b923-49cc-8292-b12aaaa4c2b9 req-edc75328-6e10-48f3-aab8-e22570cbb007 d892fce6ee744e3ca626bfc94fe1246b be9abaf8ad7141e59d58a44111b259b0 - - 2d7226f8ed1d40f98a6941b88a2fbe60 2d7226f8ed1d40f98a6941b88a2fbe60] 162.253.55.43 "GET /v2.0/floatingips?fixed_ip_address=fd7b%3Af9f7%3Afff%3A4eca%3A%3A1b1&port_id=fb037cd0-59f7-4d7d-a31a-d7cd530a41a3 HTTP/1.1" status: 200 len: 217 time: 0.0140004
2026-02-26 02:49:02.990 10 INFO neutron.db.ovn_revision_numbers_db [None req-8974b9fb-a9ae-4d16-a679-9452f8b6dc1e bbf1c22f41b943158cd85a9bda41e907 6d914e61d5414143b27b9d384a9380e1 - - default default] Successfully bumped revision number for resource 8aca318e-55d9-42a2-9a6d-262e5fe4269b (type: security_groups) to 1
2026-02-26 02:49:03.003 10 INFO neutron.db.ovn_revision_numbers_db [None req-8974b9fb-a9ae-4d16-a679-9452f8b6dc1e bbf1c22f41b943158cd85a9bda41e907 6d914e61d5414143b27b9d384a9380e1 - - default default] Successfully bumped revision number for resource 09f0e83b-35c0-443b-94b9-add9b9109f28 (type: security_group_rules) to 0
2026-02-26 02:49:03.007 9 INFO neutron.api.wsgi [req-db0fc5f3-b923-49cc-8292-b12aaaa4c2b9 req-b9e89815-c7b0-4c71-a97b-e2b6ba3c9eda d892fce6ee744e3ca626bfc94fe1246b be9abaf8ad7141e59d58a44111b259b0 - - 2d7226f8ed1d40f98a6941b88a2fbe60 2d7226f8ed1d40f98a6941b88a2fbe60] 162.253.55.43 "GET /v2.0/subnets?id=220ac78d-d692-4964-b07b-fdc8a5b0a8a4&id=266bb08b-fb45-4769-bc3b-b1efc11f43db HTTP/1.1" status: 200 len: 1610 time: 0.0299325
2026-02-26 02:49:03.014 10 INFO neutron.db.ovn_revision_numbers_db [None req-8974b9fb-a9ae-4d16-a679-9452f8b6dc1e bbf1c22f41b943158cd85a9bda41e907 6d914e61d5414143b27b9d384a9380e1 - - default default] Successfully bumped revision number for resource 969ff722-94b1-4d52-b038-92c2d34d12b5 (type: security_group_rules) to 0
2026-02-26 02:49:03.029 9 INFO neutron.api.wsgi [req-db0fc5f3-b923-49cc-8292-b12aaaa4c2b9 req-89ce2afb-b138-4622-8b1b-facc398786e9 d892fce6ee744e3ca626bfc94fe1246b be9abaf8ad7141e59d58a44111b259b0 - - 2d7226f8ed1d40f98a6941b88a2fbe60 2d7226f8ed1d40f98a6941b88a2fbe60] 162.253.55.43 "GET /v2.0/ports?network_id=091b283c-a0a1-4913-a165-acc99a2c614b&device_owner=network%3Adhcp HTTP/1.1" status: 200 len: 210 time: 0.0176764
2026-02-26 02:49:03.030 10 INFO neutron.db.ovn_revision_numbers_db [None req-8974b9fb-a9ae-4d16-a679-9452f8b6dc1e bbf1c22f41b943158cd85a9bda41e907 6d914e61d5414143b27b9d384a9380e1 - - default default] Successfully bumped revision number for resource d959d4aa-6b19-4e47-8d6e-7df2831e43d0 (type: security_group_rules) to 0
2026-02-26 02:49:03.044 10 INFO neutron.db.ovn_revision_numbers_db [None req-8974b9fb-a9ae-4d16-a679-9452f8b6dc1e bbf1c22f41b943158cd85a9bda41e907 6d914e61d5414143b27b9d384a9380e1 - - default default] Successfully bumped revision number for resource e74d2884-e8e9-43ef-b340-43c70166a6a9 (type: security_group_rules) to 0
2026-02-26 02:49:03.056 9 INFO neutron.api.wsgi [req-db0fc5f3-b923-49cc-8292-b12aaaa4c2b9 req-63401720-f248-4d33-8e1d-84f95df566ec d892fce6ee744e3ca626bfc94fe1246b be9abaf8ad7141e59d58a44111b259b0 - - 2d7226f8ed1d40f98a6941b88a2fbe60 2d7226f8ed1d40f98a6941b88a2fbe60] 162.253.55.43 "GET /v2.0/ports?network_id=091b283c-a0a1-4913-a165-acc99a2c614b&device_owner=network%3Adhcp HTTP/1.1" status: 200 len: 210 time: 0.0215304
2026-02-26 02:49:03.078 10 INFO neutron.api.wsgi [None req-8974b9fb-a9ae-4d16-a679-9452f8b6dc1e bbf1c22f41b943158cd85a9bda41e907 6d914e61d5414143b27b9d384a9380e1 - - default default] 10.0.0.41 "GET /v2.0/security-groups?tenant_id=e379a940f25b422aacd051ad7dae56b8&name=default HTTP/1.1" status: 200 len: 3124 time: 0.2292664
2026-02-26 02:49:03.101 9 INFO neutron.api.wsgi [req-db0fc5f3-b923-49cc-8292-b12aaaa4c2b9 req-1e4a85d9-d908-4cb5-a52c-0cc850df29c6 d892fce6ee744e3ca626bfc94fe1246b be9abaf8ad7141e59d58a44111b259b0 - - 2d7226f8ed1d40f98a6941b88a2fbe60 2d7226f8ed1d40f98a6941b88a2fbe60] 162.253.55.43 "GET /v2.0/networks/091b283c-a0a1-4913-a165-acc99a2c614b?fields=segments HTTP/1.1" status: 200 len: 212 time: 0.0402846
2026-02-26 02:49:03.158 9 INFO neutron.api.wsgi [req-db0fc5f3-b923-49cc-8292-b12aaaa4c2b9 req-3d011ba2-4934-48fd-b7ec-3582d6cd551d d892fce6ee744e3ca626bfc94fe1246b be9abaf8ad7141e59d58a44111b259b0 - - 2d7226f8ed1d40f98a6941b88a2fbe60 2d7226f8ed1d40f98a6941b88a2fbe60] 162.253.55.43 "GET /v2.0/networks/091b283c-a0a1-4913-a165-acc99a2c614b?fields=provider%3Aphysical_network&fields=provider%3Anetwork_type HTTP/1.1" status: 200 len: 277 time: 0.0510373
2026-02-26 02:49:03.283 10 INFO neutron.api.wsgi [None req-61d11735-fb1a-481e-8ac3-09099edbdf0e bbf1c22f41b943158cd85a9bda41e907 6d914e61d5414143b27b9d384a9380e1 - - default default] 10.0.0.41 "DELETE /v2.0/security-groups/8aca318e-55d9-42a2-9a6d-262e5fe4269b HTTP/1.1" status: 204 len: 168 time: 0.1996779
2026-02-26 02:49:04.209 9 INFO neutron.api.wsgi [req-86560c77-e0c4-46e1-a0b5-20a5a092bd94 req-484ca63b-8e92-4a80-b557-c087bf36dfe4 d892fce6ee744e3ca626bfc94fe1246b be9abaf8ad7141e59d58a44111b259b0 - - 2d7226f8ed1d40f98a6941b88a2fbe60 2d7226f8ed1d40f98a6941b88a2fbe60] 162.253.55.43 "GET /v2.0/ports?tenant_id=6d914e61d5414143b27b9d384a9380e1&device_id=d3eac6a4-7d00-4299-bea1-49c6a5e87e2b HTTP/1.1" status: 200 len: 4148 time: 0.0349245
2026-02-26 02:49:04.231 9 INFO neutron.api.wsgi [req-86560c77-e0c4-46e1-a0b5-20a5a092bd94 req-2b44fde4-5624-400a-bc71-9784f4497777 d892fce6ee744e3ca626bfc94fe1246b be9abaf8ad7141e59d58a44111b259b0 - - 2d7226f8ed1d40f98a6941b88a2fbe60 2d7226f8ed1d40f98a6941b88a2fbe60] 162.253.55.43 "GET /v2.0/floatingips?fixed_ip_address=172.24.3.123&port_id=8d6b5542-3f8b-4012-9622-dd0fddc6b093 HTTP/1.1" status: 200 len: 217 time: 0.0151608
2026-02-26 02:49:04.261 9 INFO neutron.api.wsgi [req-86560c77-e0c4-46e1-a0b5-20a5a092bd94 req-72527448-eb94-4713-a587-af9f01554c92 d892fce6ee744e3ca626bfc94fe1246b be9abaf8ad7141e59d58a44111b259b0 - - 2d7226f8ed1d40f98a6941b88a2fbe60 2d7226f8ed1d40f98a6941b88a2fbe60] 162.253.55.43 "GET /v2.0/subnets?id=773c4eb6-a00e-43fa-a711-2230c9bbbeb9 HTTP/1.1" status: 200 len: 853 time: 0.0256481
2026-02-26 02:49:04.282 9 INFO neutron.api.wsgi [req-86560c77-e0c4-46e1-a0b5-20a5a092bd94 req-d20aebe5-36c5-4049-8ecf-8808c3e04f9c d892fce6ee744e3ca626bfc94fe1246b be9abaf8ad7141e59d58a44111b259b0 - - 2d7226f8ed1d40f98a6941b88a2fbe60 2d7226f8ed1d40f98a6941b88a2fbe60] 162.253.55.43 "GET /v2.0/ports?network_id=077d21f0-7753-4461-9224-773ee638745a&device_owner=network%3Adhcp HTTP/1.1" status: 200 len: 210 time: 0.0151308
2026-02-26 02:49:04.323 9 INFO neutron.api.wsgi [req-86560c77-e0c4-46e1-a0b5-20a5a092bd94 req-cf272e9f-4435-4f80-af13-fe703084c60e d892fce6ee744e3ca626bfc94fe1246b be9abaf8ad7141e59d58a44111b259b0 - - 2d7226f8ed1d40f98a6941b88a2fbe60 2d7226f8ed1d40f98a6941b88a2fbe60] 162.253.55.43 "GET /v2.0/networks/077d21f0-7753-4461-9224-773ee638745a?fields=segments HTTP/1.1" status: 200 len: 212 time: 0.0361674
2026-02-26 02:49:04.371 9 INFO neutron.api.wsgi [req-86560c77-e0c4-46e1-a0b5-20a5a092bd94 req-d4e50563-7c9f-4cfc-9ac0-47ced68c56c8 d892fce6ee744e3ca626bfc94fe1246b be9abaf8ad7141e59d58a44111b259b0 - - 2d7226f8ed1d40f98a6941b88a2fbe60 2d7226f8ed1d40f98a6941b88a2fbe60] 162.253.55.43 "GET /v2.0/networks/077d21f0-7753-4461-9224-773ee638745a?fields=provider%3Aphysical_network&fields=provider%3Anetwork_type HTTP/1.1" status: 200 len: 277 time: 0.0422719
2026-02-26 02:49:04.392 9 INFO neutron.api.wsgi [req-86560c77-e0c4-46e1-a0b5-20a5a092bd94 req-ebfb2bb0-0817-43c2-95ad-ac154e0a34ae d892fce6ee744e3ca626bfc94fe1246b be9abaf8ad7141e59d58a44111b259b0 - - 2d7226f8ed1d40f98a6941b88a2fbe60 2d7226f8ed1d40f98a6941b88a2fbe60] 162.253.55.43 "GET /v2.0/floatingips?fixed_ip_address=10.1.1.101&port_id=57448f58-0797-414a-8fd5-060615e9431b HTTP/1.1" status: 200 len: 217 time: 0.0148046
2026-02-26 02:49:04.419 9 INFO neutron.api.wsgi [req-86560c77-e0c4-46e1-a0b5-20a5a092bd94 req-ac952236-2288-411c-b987-4292cbb7761d d892fce6ee744e3ca626bfc94fe1246b be9abaf8ad7141e59d58a44111b259b0 - - 2d7226f8ed1d40f98a6941b88a2fbe60 2d7226f8ed1d40f98a6941b88a2fbe60] 162.253.55.43 "GET /v2.0/subnets?id=6debd36a-48df-4590-ab76-30fb3d429aff HTTP/1.1" status: 200 len: 877 time: 0.0226784
2026-02-26 02:49:04.442 9 INFO neutron.api.wsgi [req-86560c77-e0c4-46e1-a0b5-20a5a092bd94 req-be075960-cba1-4cff-901a-c8815c9c1903 d892fce6ee744e3ca626bfc94fe1246b be9abaf8ad7141e59d58a44111b259b0 - - 2d7226f8ed1d40f98a6941b88a2fbe60 2d7226f8ed1d40f98a6941b88a2fbe60] 162.253.55.43 "GET /v2.0/ports?network_id=d2dc6e31-66d3-4f75-9738-433acd141c0e&device_owner=network%3Adhcp HTTP/1.1" status: 200 len: 210 time: 0.0184503
2026-02-26 02:49:04.488 9 INFO neutron.api.wsgi [req-86560c77-e0c4-46e1-a0b5-20a5a092bd94 req-5bdb6e36-4c27-40ac-bf28-960cda7e485e d892fce6ee744e3ca626bfc94fe1246b be9abaf8ad7141e59d58a44111b259b0 - - 2d7226f8ed1d40f98a6941b88a2fbe60 2d7226f8ed1d40f98a6941b88a2fbe60] 162.253.55.43 "GET /v2.0/networks/d2dc6e31-66d3-4f75-9738-433acd141c0e?fields=segments HTTP/1.1" status: 200 len: 212 time: 0.0419891
2026-02-26 02:49:04.528 9 INFO neutron.api.wsgi [req-86560c77-e0c4-46e1-a0b5-20a5a092bd94 req-8eb060e2-82b8-4afe-a52e-eed05e90c678 d892fce6ee744e3ca626bfc94fe1246b be9abaf8ad7141e59d58a44111b259b0 - - 2d7226f8ed1d40f98a6941b88a2fbe60 2d7226f8ed1d40f98a6941b88a2fbe60] 162.253.55.43 "GET /v2.0/networks/d2dc6e31-66d3-4f75-9738-433acd141c0e?fields=provider%3Aphysical_network&fields=provider%3Anetwork_type HTTP/1.1" status: 200 len: 277 time: 0.0361829
2026-02-26 02:49:04.551 9 INFO neutron.api.wsgi [req-86560c77-e0c4-46e1-a0b5-20a5a092bd94 req-894bc6ec-c1bb-4de5-ba42-5d96999a445d d892fce6ee744e3ca626bfc94fe1246b be9abaf8ad7141e59d58a44111b259b0 - - 2d7226f8ed1d40f98a6941b88a2fbe60 2d7226f8ed1d40f98a6941b88a2fbe60] 162.253.55.43 "GET /v2.0/floatingips?fixed_ip_address=10.2.1.11&port_id=fb037cd0-59f7-4d7d-a31a-d7cd530a41a3 HTTP/1.1" status: 200 len: 217 time: 0.0155814
2026-02-26 02:49:04.571 9 INFO neutron.api.wsgi [req-86560c77-e0c4-46e1-a0b5-20a5a092bd94 req-a67b8ca3-f0d2-4ccc-a0d1-515a6d096444 d892fce6ee744e3ca626bfc94fe1246b be9abaf8ad7141e59d58a44111b259b0 - - 2d7226f8ed1d40f98a6941b88a2fbe60 2d7226f8ed1d40f98a6941b88a2fbe60] 162.253.55.43 "GET /v2.0/floatingips?fixed_ip_address=fd7b%3Af9f7%3Afff%3A4eca%3A%3A1b1&port_id=fb037cd0-59f7-4d7d-a31a-d7cd530a41a3 HTTP/1.1" status: 200 len: 217 time: 0.0157480
2026-02-26 02:49:04.604 9 INFO neutron.api.wsgi [req-86560c77-e0c4-46e1-a0b5-20a5a092bd94 req-6f8790f3-af7b-4261-b58f-c1b471056807 d892fce6ee744e3ca626bfc94fe1246b be9abaf8ad7141e59d58a44111b259b0 - - 2d7226f8ed1d40f98a6941b88a2fbe60 2d7226f8ed1d40f98a6941b88a2fbe60] 162.253.55.43 "GET /v2.0/subnets?id=220ac78d-d692-4964-b07b-fdc8a5b0a8a4&id=266bb08b-fb45-4769-bc3b-b1efc11f43db HTTP/1.1" status: 200 len: 1610 time: 0.0267756
2026-02-26 02:49:04.624 9 INFO neutron.api.wsgi [req-86560c77-e0c4-46e1-a0b5-20a5a092bd94 req-11d620a4-bd8b-4556-9398-62b5d4d84682 d892fce6ee744e3ca626bfc94fe1246b be9abaf8ad7141e59d58a44111b259b0 - - 2d7226f8ed1d40f98a6941b88a2fbe60 2d7226f8ed1d40f98a6941b88a2fbe60] 162.253.55.43 "GET /v2.0/ports?network_id=091b283c-a0a1-4913-a165-acc99a2c614b&device_owner=network%3Adhcp HTTP/1.1" status: 200 len: 210 time: 0.0143259
2026-02-26 02:49:04.643 9 INFO neutron.api.wsgi [req-86560c77-e0c4-46e1-a0b5-20a5a092bd94 req-01a56a0e-7b01-4379-ad0c-42043fe8d0dc d892fce6ee744e3ca626bfc94fe1246b be9abaf8ad7141e59d58a44111b259b0 - - 2d7226f8ed1d40f98a6941b88a2fbe60 2d7226f8ed1d40f98a6941b88a2fbe60] 162.253.55.43 "GET /v2.0/ports?network_id=091b283c-a0a1-4913-a165-acc99a2c614b&device_owner=network%3Adhcp HTTP/1.1" status: 200 len: 210 time: 0.0148072
2026-02-26 02:49:04.686 9 INFO neutron.api.wsgi [req-86560c77-e0c4-46e1-a0b5-20a5a092bd94 req-96ca0bba-2509-47c7-9a55-428de62536f0 d892fce6ee744e3ca626bfc94fe1246b be9abaf8ad7141e59d58a44111b259b0 - - 2d7226f8ed1d40f98a6941b88a2fbe60 2d7226f8ed1d40f98a6941b88a2fbe60] 162.253.55.43 "GET /v2.0/networks/091b283c-a0a1-4913-a165-acc99a2c614b?fields=segments HTTP/1.1" status: 200 len: 212 time: 0.0371258
2026-02-26 02:49:04.729 9 INFO neutron.api.wsgi [req-86560c77-e0c4-46e1-a0b5-20a5a092bd94 req-efff9633-98c9-42c5-a958-86a77c607f50 d892fce6ee744e3ca626bfc94fe1246b be9abaf8ad7141e59d58a44111b259b0 - - 2d7226f8ed1d40f98a6941b88a2fbe60 2d7226f8ed1d40f98a6941b88a2fbe60] 162.253.55.43 "GET /v2.0/networks/091b283c-a0a1-4913-a165-acc99a2c614b?fields=provider%3Aphysical_network&fields=provider%3Anetwork_type HTTP/1.1" status: 200 len: 277 time: 0.0388329
2026-02-26 02:49:04.991 10 INFO neutron.api.wsgi [-] 10.0.0.144 "GET / HTTP/1.1" status: 200 len: 247 time: 0.0024912
2026-02-26 02:49:04.991 9 INFO neutron.api.wsgi [-] 10.0.0.144 "GET / HTTP/1.1" status: 200 len: 247 time: 0.0030229
2026-02-26 02:49:05.314 9 INFO neutron.plugins.ml2.drivers.ovn.mech_driver.mech_driver [None req-d099e87b-4ff7-49cf-ba00-e4ab0c8ad0fc - - - - - -] OVN reports status up for port: fb037cd0-59f7-4d7d-a31a-d7cd530a41a3
2026-02-26 02:49:05.333 9 INFO neutron.plugins.ml2.plugin [None req-d099e87b-4ff7-49cf-ba00-e4ab0c8ad0fc - - - - - -] Attempt 1 to provision port fb037cd0-59f7-4d7d-a31a-d7cd530a41a3
2026-02-26 02:49:05.463 9 INFO neutron.notifiers.nova [-] Nova event matching ['req-4434b150-7c97-43dc-a300-c2a486a3668a'] response: {'server_uuid': 'd3eac6a4-7d00-4299-bea1-49c6a5e87e2b', 'name': 'network-vif-plugged', 'status': 'completed', 'tag': 'fb037cd0-59f7-4d7d-a31a-d7cd530a41a3', 'code': 200}
2026-02-26 02:49:05.552 9 INFO neutron.db.ovn_revision_numbers_db [None req-d099e87b-4ff7-49cf-ba00-e4ab0c8ad0fc - - - - - -] Successfully bumped revision number for resource fb037cd0-59f7-4d7d-a31a-d7cd530a41a3 (type: ports) to 5
2026-02-26 02:49:06.407 10 WARNING neutron_lib.context [None req-28b70960-586b-420a-99d1-3043ed916644 f997bf7da79d4d0da72192af0f044b4b 52f0471a6c364db98ec683dba5a64f94 - - default default] Method 'is_advsvc' is deprecated since 2023.2 release (neutron-lib 3.8.0) and will be removed once support for the old RBAC API policies will be removed from Neutron. Please use method 'is_service_role' instead.
2026-02-26 02:49:06.527 10 INFO neutron.db.ovn_revision_numbers_db [None req-28b70960-586b-420a-99d1-3043ed916644 f997bf7da79d4d0da72192af0f044b4b 52f0471a6c364db98ec683dba5a64f94 - - default default] Successfully bumped revision number for resource 416db50a-2cfc-48eb-88f9-60d78d644bad (type: security_groups) to 1
2026-02-26 02:49:06.543 10 INFO neutron.db.ovn_revision_numbers_db [None req-28b70960-586b-420a-99d1-3043ed916644 f997bf7da79d4d0da72192af0f044b4b 52f0471a6c364db98ec683dba5a64f94 - - default default] Successfully bumped revision number for resource 003df4df-cce7-422b-bb45-ac71bb8c7e87 (type: security_group_rules) to 0
2026-02-26 02:49:06.559 10 INFO neutron.db.ovn_revision_numbers_db [None req-28b70960-586b-420a-99d1-3043ed916644 f997bf7da79d4d0da72192af0f044b4b 52f0471a6c364db98ec683dba5a64f94 - - default default] Successfully bumped revision number for resource 38928b66-221f-4f10-8fd3-97c602e46e2a (type: security_group_rules) to 0
2026-02-26 02:49:06.572 10 INFO neutron.db.ovn_revision_numbers_db [None req-28b70960-586b-420a-99d1-3043ed916644 f997bf7da79d4d0da72192af0f044b4b 52f0471a6c364db98ec683dba5a64f94 - - default default] Successfully bumped revision number for resource e106c8f4-5b66-4b6b-801e-ca185b36effa (type: security_group_rules) to 0
2026-02-26 02:49:06.584 10 INFO neutron.db.ovn_revision_numbers_db [None req-28b70960-586b-420a-99d1-3043ed916644 f997bf7da79d4d0da72192af0f044b4b 52f0471a6c364db98ec683dba5a64f94 - - default default] Successfully bumped revision number for resource e55d6180-668d-4768-a854-365ee94b06ba (type: security_group_rules) to 0
2026-02-26 02:49:06.652 10 INFO neutron.db.segments_db [None req-28b70960-586b-420a-99d1-3043ed916644 f997bf7da79d4d0da72192af0f044b4b 52f0471a6c364db98ec683dba5a64f94 - - default default] Added segment ae228e74-b788-4bbb-ba17-89db9d0c01e4 of type geneve for network 9ba7f643-ca58-41c5-bb77-25441ebf80be
2026-02-26 02:49:06.745 10 INFO neutron.db.ovn_revision_numbers_db [None req-28b70960-586b-420a-99d1-3043ed916644 f997bf7da79d4d0da72192af0f044b4b 52f0471a6c364db98ec683dba5a64f94 - - default default] Successfully bumped revision number for resource 9ba7f643-ca58-41c5-bb77-25441ebf80be (type: networks) to 1
2026-02-26 02:49:06.888 10 WARNING neutron.scheduler.dhcp_agent_scheduler [None req-28b70960-586b-420a-99d1-3043ed916644 f997bf7da79d4d0da72192af0f044b4b 52f0471a6c364db98ec683dba5a64f94 - - default default] No more DHCP agents
2026-02-26 02:49:06.889 10 WARNING neutron.api.rpc.agentnotifiers.dhcp_rpc_agent_api [None req-28b70960-586b-420a-99d1-3043ed916644 f997bf7da79d4d0da72192af0f044b4b 52f0471a6c364db98ec683dba5a64f94 - - default default] Unable to schedule network 9ba7f643-ca58-41c5-bb77-25441ebf80be: no agents available; will retry on subsequent port and subnet creation events.
2026-02-26 02:49:06.949 10 INFO neutron.db.ovn_revision_numbers_db [None req-28b70960-586b-420a-99d1-3043ed916644 f997bf7da79d4d0da72192af0f044b4b 52f0471a6c364db98ec683dba5a64f94 - - default default] Successfully bumped revision number for resource 2526fcea-01cb-4982-b3a0-74e3383f517e (type: ports) to 1
2026-02-26 02:49:06.972 10 INFO neutron.api.wsgi [None req-28b70960-586b-420a-99d1-3043ed916644 f997bf7da79d4d0da72192af0f044b4b 52f0471a6c364db98ec683dba5a64f94 - - default default] 10.0.0.41 "POST /v2.0/networks HTTP/1.1" status: 201 len: 826 time: 0.7333474
2026-02-26 02:49:06.980 10 WARNING neutron_lib.context [None req-0c7cc2b7-f4ba-4082-b974-37c7903aaa4b f997bf7da79d4d0da72192af0f044b4b 52f0471a6c364db98ec683dba5a64f94 - - default default] Method 'is_advsvc' is deprecated since 2023.2 release (neutron-lib 3.8.0) and will be removed once support for the old RBAC API policies will be removed from Neutron. Please use method 'is_service_role' instead.
2026-02-26 02:49:07.115 10 WARNING neutron.scheduler.dhcp_agent_scheduler [None req-0c7cc2b7-f4ba-4082-b974-37c7903aaa4b f997bf7da79d4d0da72192af0f044b4b 52f0471a6c364db98ec683dba5a64f94 - - default default] No more DHCP agents
