2026-02-26 02:46:15.432 9 INFO neutron.db.ovn_revision_numbers_db [None req-485bd6f8-9c57-491e-90bc-a344d6b5832f bbf1c22f41b943158cd85a9bda41e907 6d914e61d5414143b27b9d384a9380e1 - - default default] Successfully bumped revision number for resource 87b735ae-c5bc-48e6-a0ca-d0280d8bbe43 (type: security_group_rules) to 0
2026-02-26 02:46:15.450 9 INFO neutron.db.ovn_revision_numbers_db [None req-485bd6f8-9c57-491e-90bc-a344d6b5832f bbf1c22f41b943158cd85a9bda41e907 6d914e61d5414143b27b9d384a9380e1 - - default default] Successfully bumped revision number for resource aa5c64cb-f0f3-41d4-9fc0-71d40b039495 (type: security_group_rules) to 0
2026-02-26 02:46:15.474 9 INFO neutron.db.ovn_revision_numbers_db [None req-485bd6f8-9c57-491e-90bc-a344d6b5832f bbf1c22f41b943158cd85a9bda41e907 6d914e61d5414143b27b9d384a9380e1 - - default default] Successfully bumped revision number for resource b3f73566-9430-4c04-93e8-8086160667fb (type: security_group_rules) to 0
2026-02-26 02:46:15.487 9 INFO neutron.db.ovn_revision_numbers_db [None req-485bd6f8-9c57-491e-90bc-a344d6b5832f bbf1c22f41b943158cd85a9bda41e907 6d914e61d5414143b27b9d384a9380e1 - - default default] Successfully bumped revision number for resource e3779fef-9481-47de-9f1e-2ff78399caed (type: security_group_rules) to 0
2026-02-26 02:46:15.489 9 INFO neutron.db.ovn_revision_numbers_db [None req-7ecae8d8-3afc-41aa-9253-e6d4d30b2b1a 1189b775fe67467f87087513d2f5e815 6270b4a418d7463393c4868f38939307 - - default default] Successfully bumped revision number for resource 96adebd4-5def-49a7-a8fa-67aa36661d11 (type: ports) to 1
2026-02-26 02:46:15.510 9 INFO neutron.api.wsgi [None req-7ecae8d8-3afc-41aa-9253-e6d4d30b2b1a 1189b775fe67467f87087513d2f5e815 6270b4a418d7463393c4868f38939307 - - default default] 10.0.0.41 "POST /v2.0/networks HTTP/1.1" status: 201 len: 828 time: 0.7434595
2026-02-26 02:46:15.518 9 WARNING neutron_lib.context [None req-40888542-e197-44d3-af0b-e663b5af196a 1189b775fe67467f87087513d2f5e815 6270b4a418d7463393c4868f38939307 - - default default] Method 'is_advsvc' is deprecated since 2023.2 release (neutron-lib 3.8.0) and will be removed once support for the old RBAC API policies will be removed from Neutron. Please use method 'is_service_role' instead.
2026-02-26 02:46:15.526 9 INFO neutron.api.wsgi [None req-485bd6f8-9c57-491e-90bc-a344d6b5832f bbf1c22f41b943158cd85a9bda41e907 6d914e61d5414143b27b9d384a9380e1 - - default default] 10.0.0.41 "GET /v2.0/security-groups?tenant_id=f4cef4f5d5f44addbbcd19ea12f54406&name=default HTTP/1.1" status: 200 len: 3120 time: 0.3253181
2026-02-26 02:46:15.611 9 INFO neutron.db.segments_db [None req-40888542-e197-44d3-af0b-e663b5af196a 1189b775fe67467f87087513d2f5e815 6270b4a418d7463393c4868f38939307 - - default default] Added segment ce654be7-2f2f-4298-afd7-3545dafad09c of type geneve for network 76d43b5b-7245-49d2-8caa-c3c0089370de
2026-02-26 02:46:15.728 9 INFO neutron.db.ovn_revision_numbers_db [None req-40888542-e197-44d3-af0b-e663b5af196a 1189b775fe67467f87087513d2f5e815 6270b4a418d7463393c4868f38939307 - - default default] Successfully bumped revision number for resource 76d43b5b-7245-49d2-8caa-c3c0089370de (type: networks) to 1
2026-02-26 02:46:15.759 9 INFO neutron.api.wsgi [None req-7d8a516b-fd5d-477a-bdc7-2b1efcbc9e74 bbf1c22f41b943158cd85a9bda41e907 6d914e61d5414143b27b9d384a9380e1 - - default default] 10.0.0.41 "DELETE /v2.0/security-groups/6e174728-c1fe-43ee-bc8d-b85a76f4a361 HTTP/1.1" status: 204 len: 168 time: 0.2280116
2026-02-26 02:46:15.887 9 WARNING neutron.scheduler.dhcp_agent_scheduler [None req-40888542-e197-44d3-af0b-e663b5af196a 1189b775fe67467f87087513d2f5e815 6270b4a418d7463393c4868f38939307 - - default default] No more DHCP agents
2026-02-26 02:46:15.888 9 WARNING neutron.api.rpc.agentnotifiers.dhcp_rpc_agent_api [None req-40888542-e197-44d3-af0b-e663b5af196a 1189b775fe67467f87087513d2f5e815 6270b4a418d7463393c4868f38939307 - - default default] Unable to schedule network 76d43b5b-7245-49d2-8caa-c3c0089370de: no agents available; will retry on subsequent port and subnet creation events.
2026-02-26 02:46:15.945 9 INFO neutron.db.ovn_revision_numbers_db [None req-40888542-e197-44d3-af0b-e663b5af196a 1189b775fe67467f87087513d2f5e815 6270b4a418d7463393c4868f38939307 - - default default] Successfully bumped revision number for resource fb9d852b-48b9-44e0-b0b9-3a3e1c847692 (type: ports) to 1
2026-02-26 02:46:15.982 9 INFO neutron.api.wsgi [None req-40888542-e197-44d3-af0b-e663b5af196a 1189b775fe67467f87087513d2f5e815 6270b4a418d7463393c4868f38939307 - - default default] 10.0.0.41 "POST /v2.0/networks HTTP/1.1" status: 201 len: 828 time: 0.4674654
2026-02-26 02:46:15.991 9 WARNING neutron_lib.context [None req-df5d72dd-f5da-41ea-ba1a-291b35a4d406 1189b775fe67467f87087513d2f5e815 6270b4a418d7463393c4868f38939307 - - default default] Method 'is_advsvc' is deprecated since 2023.2 release (neutron-lib 3.8.0) and will be removed once support for the old RBAC API policies will be removed from Neutron. Please use method 'is_service_role' instead.
2026-02-26 02:46:16.169 9 WARNING neutron.scheduler.dhcp_agent_scheduler [None req-df5d72dd-f5da-41ea-ba1a-291b35a4d406 1189b775fe67467f87087513d2f5e815 6270b4a418d7463393c4868f38939307 - - default default] No more DHCP agents
2026-02-26 02:46:16.170 9 WARNING neutron.api.rpc.agentnotifiers.dhcp_rpc_agent_api [None req-df5d72dd-f5da-41ea-ba1a-291b35a4d406 1189b775fe67467f87087513d2f5e815 6270b4a418d7463393c4868f38939307 - - default default] Unable to schedule network 5f1d9e37-e68b-42c3-821b-f05e0fd31b71: no agents available; will retry on subsequent port and subnet creation events.
2026-02-26 02:46:16.192 10 INFO neutron.plugins.ml2.drivers.ovn.mech_driver.mech_driver [None req-571299ae-ae62-456d-b496-bc17beab19ee - - - - - -] OVN reports status down for port: 6ccfa208-6348-4cea-9b6f-dbda7ae946d0
2026-02-26 02:46:16.307 10 INFO neutron.notifiers.nova [-] Nova event matching ['req-9a5f9557-36ab-4f62-a642-2e386c19aaac'] response: {'server_uuid': '262a461f-6029-49fa-9467-a9add6e02a58', 'name': 'network-vif-unplugged', 'status': 'completed', 'tag': '6ccfa208-6348-4cea-9b6f-dbda7ae946d0', 'code': 200}
2026-02-26 02:46:16.340 10 INFO neutron.api.wsgi [req-ba8145f9-bb19-4eb3-a9ed-6796b4340b71 req-700961c8-5733-4805-bb6e-83271f05a8d6 a3cfcf6f1517419091c5069069bf67c5 28e47617a90c41ad9bcc8939855426cc - - default default] 10.0.0.56 "GET /v2.0/ports?device_id=262a461f-6029-49fa-9467-a9add6e02a58 HTTP/1.1" status: 200 len: 1168 time: 0.0456762
2026-02-26 02:46:16.390 10 INFO neutron.api.wsgi [req-ba8145f9-bb19-4eb3-a9ed-6796b4340b71 req-e238f656-8892-49cb-b13e-b85852ce1e23 a3cfcf6f1517419091c5069069bf67c5 28e47617a90c41ad9bcc8939855426cc - - default default] 10.0.0.56 "GET /v2.0/security-groups?id=3bbf02bf-103d-4405-b586-ffe2ccb5a22a&fields=id&fields=name HTTP/1.1" status: 200 len: 312 time: 0.0462408
2026-02-26 02:46:16.471 10 INFO neutron.db.ovn_revision_numbers_db [None req-571299ae-ae62-456d-b496-bc17beab19ee - - - - - -] Successfully bumped revision number for resource 6ccfa208-6348-4cea-9b6f-dbda7ae946d0 (type: ports) to 6
2026-02-26 02:46:16.593 9 INFO neutron.db.ovn_revision_numbers_db [None req-31d6d63a-e191-4a08-a23d-2a3fae053321 - - - - - -] Successfully bumped revision number for resource 96adebd4-5def-49a7-a8fa-67aa36661d11 (type: ports) to 2
2026-02-26 02:46:16.626 9 INFO neutron.db.ovn_revision_numbers_db [None req-31d6d63a-e191-4a08-a23d-2a3fae053321 - - - - - -] Successfully bumped revision number for resource 8818b10b-ad1d-4d45-a72b-8e1974cc7934 (type: subnets) to 0
2026-02-26 02:46:16.643 9 INFO neutron.api.wsgi [None req-df5d72dd-f5da-41ea-ba1a-291b35a4d406 1189b775fe67467f87087513d2f5e815 6270b4a418d7463393c4868f38939307 - - default default] 10.0.0.41 "POST /v2.0/subnets HTTP/1.1" status: 201 len: 825 time: 0.6561825
2026-02-26 02:46:16.652 9 WARNING neutron_lib.context [None req-208bf029-9caf-42e9-92a1-8bab51b1b3d9 1189b775fe67467f87087513d2f5e815 6270b4a418d7463393c4868f38939307 - - default default] Method 'is_advsvc' is deprecated since 2023.2 release (neutron-lib 3.8.0) and will be removed once support for the old RBAC API policies will be removed from Neutron. Please use method 'is_service_role' instead.
2026-02-26 02:46:16.808 9 WARNING neutron.scheduler.dhcp_agent_scheduler [None req-208bf029-9caf-42e9-92a1-8bab51b1b3d9 1189b775fe67467f87087513d2f5e815 6270b4a418d7463393c4868f38939307 - - default default] No more DHCP agents
2026-02-26 02:46:16.809 9 WARNING neutron.api.rpc.agentnotifiers.dhcp_rpc_agent_api [None req-208bf029-9caf-42e9-92a1-8bab51b1b3d9 1189b775fe67467f87087513d2f5e815 6270b4a418d7463393c4868f38939307 - - default default] Unable to schedule network 76d43b5b-7245-49d2-8caa-c3c0089370de: no agents available; will retry on subsequent port and subnet creation events.
2026-02-26 02:46:17.164 9 INFO neutron.db.ovn_revision_numbers_db [None req-80ba54c6-1c8d-47f2-8928-15fcf4683653 - - - - - -] Successfully bumped revision number for resource fb9d852b-48b9-44e0-b0b9-3a3e1c847692 (type: ports) to 2
2026-02-26 02:46:17.190 9 INFO neutron.db.ovn_revision_numbers_db [None req-80ba54c6-1c8d-47f2-8928-15fcf4683653 - - - - - -] Successfully bumped revision number for resource 31d01edc-993a-49ba-8813-d81158e88f17 (type: subnets) to 0
2026-02-26 02:46:17.207 9 INFO neutron.api.wsgi [None req-208bf029-9caf-42e9-92a1-8bab51b1b3d9 1189b775fe67467f87087513d2f5e815 6270b4a418d7463393c4868f38939307 - - default default] 10.0.0.41 "POST /v2.0/subnets HTTP/1.1" status: 201 len: 825 time: 0.5595474
2026-02-26 02:46:17.216 9 WARNING neutron_lib.context [None req-f4422ec9-2edc-472d-829e-a6083706f118 1189b775fe67467f87087513d2f5e815 6270b4a418d7463393c4868f38939307 - - default default] Method 'is_advsvc' is deprecated since 2023.2 release (neutron-lib 3.8.0) and will be removed once support for the old RBAC API policies will be removed from Neutron. Please use method 'is_service_role' instead.
2026-02-26 02:46:17.312 9 INFO neutron.db.ovn_revision_numbers_db [None req-f4422ec9-2edc-472d-829e-a6083706f118 1189b775fe67467f87087513d2f5e815 6270b4a418d7463393c4868f38939307 - - default default] Successfully bumped revision number for resource 54103601-8a83-4190-b303-c3146199a9eb (type: routers) to 1
2026-02-26 02:46:17.327 9 INFO neutron.api.wsgi [None req-f4422ec9-2edc-472d-829e-a6083706f118 1189b775fe67467f87087513d2f5e815 6270b4a418d7463393c4868f38939307 - - default default] 10.0.0.41 "POST /v2.0/routers HTTP/1.1" status: 201 len: 801 time: 0.1164825 /var/lib/openstack/lib/python3.12/site-packages/pycadf/identifier.py:71: UserWarning: Invalid uuid: neutron. To ensure interoperability, identifiers should be a valid uuid. warnings.warn(('Invalid uuid: %s. To ensure interoperability, '
2026-02-26 02:46:17.500 10 INFO neutron.api.wsgi [req-1af9fac4-237d-40cf-9074-15c63259725f req-72a28030-8b55-4d59-9ef3-0cf173a7dae6 a3cfcf6f1517419091c5069069bf67c5 28e47617a90c41ad9bcc8939855426cc - - default default] 10.0.0.56 "GET /v2.0/ports?device_id=262a461f-6029-49fa-9467-a9add6e02a58 HTTP/1.1" status: 200 len: 1168 time: 0.0588880
2026-02-26 02:46:17.534 10 INFO neutron.api.wsgi [req-1af9fac4-237d-40cf-9074-15c63259725f req-2ee90c54-30ee-45de-93a6-69d583101b23 a3cfcf6f1517419091c5069069bf67c5 28e47617a90c41ad9bcc8939855426cc - - default default] 10.0.0.56 "GET /v2.0/security-groups?id=3bbf02bf-103d-4405-b586-ffe2ccb5a22a&fields=id&fields=name HTTP/1.1" status: 200 len: 312 time: 0.0280752
2026-02-26 02:46:17.663 9 WARNING neutron.scheduler.dhcp_agent_scheduler [None req-2f358848-8799-44c6-bfa1-bac264ac72f6 1189b775fe67467f87087513d2f5e815 6270b4a418d7463393c4868f38939307 - - default default] No more DHCP agents
2026-02-26 02:46:17.665 9 WARNING neutron.api.rpc.agentnotifiers.dhcp_rpc_agent_api [None req-2f358848-8799-44c6-bfa1-bac264ac72f6 1189b775fe67467f87087513d2f5e815 6270b4a418d7463393c4868f38939307 - - default default] Unable to schedule network 5f1d9e37-e68b-42c3-821b-f05e0fd31b71: no agents available; will retry on subsequent port and subnet creation events.
2026-02-26 02:46:17.724 9 INFO neutron.db.ovn_revision_numbers_db [None req-e99ecb87-4010-4e25-8ad1-3cd51c36b98f bbf1c22f41b943158cd85a9bda41e907 6d914e61d5414143b27b9d384a9380e1 - - default default] Successfully bumped revision number for resource 17c93724-48c2-40b2-947d-4be9915ae8d1 (type: security_groups) to 1
2026-02-26 02:46:17.747 9 INFO neutron.db.ovn_revision_numbers_db [None req-e99ecb87-4010-4e25-8ad1-3cd51c36b98f bbf1c22f41b943158cd85a9bda41e907 6d914e61d5414143b27b9d384a9380e1 - - default default] Successfully bumped revision number for resource 5c0d0db6-a6fd-48bd-9ebe-d406067217f6 (type: security_group_rules) to 0
2026-02-26 02:46:17.774 9 INFO neutron.db.ovn_revision_numbers_db [None req-e99ecb87-4010-4e25-8ad1-3cd51c36b98f bbf1c22f41b943158cd85a9bda41e907 6d914e61d5414143b27b9d384a9380e1 - - default default] Successfully bumped revision number for resource 79af249d-053d-4b2f-90d5-ce83cfe1ab2f (type: security_group_rules) to 0
2026-02-26 02:46:17.791 9 INFO neutron.db.ovn_revision_numbers_db [None req-e99ecb87-4010-4e25-8ad1-3cd51c36b98f bbf1c22f41b943158cd85a9bda41e907 6d914e61d5414143b27b9d384a9380e1 - - default default] Successfully bumped revision number for resource a85b57af-9d7b-4120-b54e-69c7595fa6aa (type: security_group_rules) to 0
2026-02-26 02:46:17.795 9 INFO neutron.db.ovn_revision_numbers_db [None req-2f358848-8799-44c6-bfa1-bac264ac72f6 1189b775fe67467f87087513d2f5e815 6270b4a418d7463393c4868f38939307 - - default default] Successfully bumped revision number for resource 74e90289-8cc5-41f9-ac2a-684dd48573dc (type: ports) to 1
2026-02-26 02:46:17.812 9 INFO neutron.db.ovn_revision_numbers_db [None req-e99ecb87-4010-4e25-8ad1-3cd51c36b98f bbf1c22f41b943158cd85a9bda41e907 6d914e61d5414143b27b9d384a9380e1 - - default default] Successfully bumped revision number for resource fcb9b0e8-74a4-4967-8340-93041bfe0167 (type: security_group_rules) to 0
2026-02-26 02:46:17.900 9 INFO neutron.db.segments_db [None req-e99ecb87-4010-4e25-8ad1-3cd51c36b98f bbf1c22f41b943158cd85a9bda41e907 6d914e61d5414143b27b9d384a9380e1 - - default default] Added segment ed86c7bf-f898-4fa3-bfd3-2d482b97ce78 of type geneve for network 0c5c3394-1c08-412e-92f8-a71475e22c98
2026-02-26 02:46:18.053 9 INFO neutron.db.ovn_revision_numbers_db [None req-e99ecb87-4010-4e25-8ad1-3cd51c36b98f bbf1c22f41b943158cd85a9bda41e907 6d914e61d5414143b27b9d384a9380e1 - - default default] Successfully bumped revision number for resource 0c5c3394-1c08-412e-92f8-a71475e22c98 (type: networks) to 1
2026-02-26 02:46:18.227 9 WARNING neutron.scheduler.dhcp_agent_scheduler [None req-e99ecb87-4010-4e25-8ad1-3cd51c36b98f bbf1c22f41b943158cd85a9bda41e907 6d914e61d5414143b27b9d384a9380e1 - - default default] No more DHCP agents
2026-02-26 02:46:18.229 9 WARNING neutron.api.rpc.agentnotifiers.dhcp_rpc_agent_api [None req-e99ecb87-4010-4e25-8ad1-3cd51c36b98f bbf1c22f41b943158cd85a9bda41e907 6d914e61d5414143b27b9d384a9380e1 - - default default] Unable to schedule network 0c5c3394-1c08-412e-92f8-a71475e22c98: no agents available; will retry on subsequent port and subnet creation events.
2026-02-26 02:46:18.294 9 INFO neutron.db.ovn_revision_numbers_db [None req-e99ecb87-4010-4e25-8ad1-3cd51c36b98f bbf1c22f41b943158cd85a9bda41e907 6d914e61d5414143b27b9d384a9380e1 - - default default] Successfully bumped revision number for resource a8b2ed0b-330c-4310-83e3-69c6c1d304a9 (type: ports) to 1
2026-02-26 02:46:18.312 9 INFO neutron.api.wsgi [None req-e99ecb87-4010-4e25-8ad1-3cd51c36b98f bbf1c22f41b943158cd85a9bda41e907 6d914e61d5414143b27b9d384a9380e1 - - default default] 10.0.0.41 "POST /v2.0/networks HTTP/1.1" status: 201 len: 943 time: 0.8552942
2026-02-26 02:46:18.344 10 INFO neutron.notifiers.nova [-] Nova event matching ['req-fc906391-e4a2-495f-b2cc-7cefb8207588'] response: {'server_uuid': '262a461f-6029-49fa-9467-a9add6e02a58', 'name': 'network-vif-unplugged', 'status': 'completed', 'tag': '6ccfa208-6348-4cea-9b6f-dbda7ae946d0', 'code': 200}
2026-02-26 02:46:18.371 10 INFO neutron.plugins.ml2.drivers.ovn.mech_driver.mech_driver [None req-4e23dc7a-9dc6-4caf-9091-f8602711748a - - - - - -] OVN reports status up for port: 74e90289-8cc5-41f9-ac2a-684dd48573dc
2026-02-26 02:46:18.378 10 INFO neutron.plugins.ml2.plugin [None req-4e23dc7a-9dc6-4caf-9091-f8602711748a - - - - - -] Attempt 1 to provision port 74e90289-8cc5-41f9-ac2a-684dd48573dc
2026-02-26 02:46:18.385 9 INFO neutron.db.ovn_revision_numbers_db [None req-2f358848-8799-44c6-bfa1-bac264ac72f6 1189b775fe67467f87087513d2f5e815 6270b4a418d7463393c4868f38939307 - - default default] Successfully bumped revision number for resource 74e90289-8cc5-41f9-ac2a-684dd48573dc (type: ports) to 1
2026-02-26 02:46:18.442 9 WARNING neutron.scheduler.dhcp_agent_scheduler [None req-2f358848-8799-44c6-bfa1-bac264ac72f6 1189b775fe67467f87087513d2f5e815 6270b4a418d7463393c4868f38939307 - - default default] No more DHCP agents
2026-02-26 02:46:18.444 9 WARNING neutron.api.rpc.agentnotifiers.dhcp_rpc_agent_api [None req-2f358848-8799-44c6-bfa1-bac264ac72f6 1189b775fe67467f87087513d2f5e815 6270b4a418d7463393c4868f38939307 - - default default] Unable to schedule network 5f1d9e37-e68b-42c3-821b-f05e0fd31b71: no agents available; will retry on subsequent port and subnet creation events.
2026-02-26 02:46:18.487 10 WARNING neutron.scheduler.dhcp_agent_scheduler [None req-8e56264f-f37a-4158-ace3-99ac1835dca1 bbf1c22f41b943158cd85a9bda41e907 6d914e61d5414143b27b9d384a9380e1 - - default default] No more DHCP agents
2026-02-26 02:46:18.493 10 WARNING neutron.api.rpc.agentnotifiers.dhcp_rpc_agent_api [None req-8e56264f-f37a-4158-ace3-99ac1835dca1 bbf1c22f41b943158cd85a9bda41e907 6d914e61d5414143b27b9d384a9380e1 - - default default] Unable to schedule network 0c5c3394-1c08-412e-92f8-a71475e22c98: no agents available; will retry on subsequent port and subnet creation events.
2026-02-26 02:46:18.625 9 INFO neutron.db.ovn_revision_numbers_db [None req-2f358848-8799-44c6-bfa1-bac264ac72f6 1189b775fe67467f87087513d2f5e815 6270b4a418d7463393c4868f38939307 - - default default] Successfully bumped revision number for resource 74e90289-8cc5-41f9-ac2a-684dd48573dc (type: router_ports) to 1
2026-02-26 02:46:18.630 9 INFO neutron.api.wsgi [None req-2f358848-8799-44c6-bfa1-bac264ac72f6 1189b775fe67467f87087513d2f5e815 6270b4a418d7463393c4868f38939307 - - default default] 10.0.0.41 "PUT /v2.0/routers/54103601-8a83-4190-b303-c3146199a9eb/add_router_interface HTTP/1.1" status: 200 len: 503 time: 1.2974446
2026-02-26 02:46:18.657 10 INFO neutron.api.wsgi [req-ea9502de-9f2b-4f8c-bf77-f613170eea9a req-1c449f09-46f8-4a20-bee0-96c201f7eb92 a3cfcf6f1517419091c5069069bf67c5 28e47617a90c41ad9bcc8939855426cc - - default default] 10.0.0.56 "GET /v2.0/ports?device_id=262a461f-6029-49fa-9467-a9add6e02a58 HTTP/1.1" status: 200 len: 1168 time: 0.0559397
2026-02-26 02:46:18.660 9 INFO neutron.api.wsgi [None req-390b72b6-c7a2-4e3e-a44b-7bf90013d2ab 1189b775fe67467f87087513d2f5e815 6270b4a418d7463393c4868f38939307 - - default default] 10.0.0.41 "GET /v2.0/ports/74e90289-8cc5-41f9-ac2a-684dd48573dc HTTP/1.1" status: 200 len: 1137 time: 0.0259426
2026-02-26 02:46:18.722 10 INFO neutron.api.wsgi [req-ea9502de-9f2b-4f8c-bf77-f613170eea9a req-9f7c497e-97d5-46e1-b1c8-8e13b0bf8554 a3cfcf6f1517419091c5069069bf67c5 28e47617a90c41ad9bcc8939855426cc - - default default] 10.0.0.56 "GET /v2.0/security-groups?id=3bbf02bf-103d-4405-b586-ffe2ccb5a22a&fields=id&fields=name HTTP/1.1" status: 200 len: 312 time: 0.0591896
2026-02-26 02:46:18.853 10 INFO neutron.db.ovn_revision_numbers_db [None req-4e23dc7a-9dc6-4caf-9091-f8602711748a - - - - - -] Successfully bumped revision number for resource 74e90289-8cc5-41f9-ac2a-684dd48573dc (type: ports) to 2
2026-02-26 02:46:18.992 10 INFO neutron.db.ovn_revision_numbers_db [None req-1c4fa60a-0d3d-4969-b840-84760d19d885 - - - - - -] Successfully bumped revision number for resource a8b2ed0b-330c-4310-83e3-69c6c1d304a9 (type: ports) to 2
2026-02-26 02:46:19.019 10 INFO neutron.db.ovn_revision_numbers_db [None req-1c4fa60a-0d3d-4969-b840-84760d19d885 - - - - - -] Successfully bumped revision number for resource 27b382a5-991a-4ba8-8650-0e8ac5c99ebc (type: subnets) to 0
2026-02-26 02:46:19.033 10 INFO neutron.api.wsgi [None req-8e56264f-f37a-4158-ace3-99ac1835dca1 bbf1c22f41b943158cd85a9bda41e907 6d914e61d5414143b27b9d384a9380e1 - - default default] 10.0.0.41 "POST /v2.0/subnets HTTP/1.1" status: 201 len: 887 time: 0.7154231
2026-02-26 02:46:19.063 9 WARNING neutron.scheduler.dhcp_agent_scheduler [None req-d082c344-c044-4471-8e48-061062f6b808 1189b775fe67467f87087513d2f5e815 6270b4a418d7463393c4868f38939307 - - default default] No more DHCP agents
2026-02-26 02:46:19.066 9 WARNING neutron.api.rpc.agentnotifiers.dhcp_rpc_agent_api [None req-d082c344-c044-4471-8e48-061062f6b808 1189b775fe67467f87087513d2f5e815 6270b4a418d7463393c4868f38939307 - - default default] Unable to schedule network 76d43b5b-7245-49d2-8caa-c3c0089370de: no agents available; will retry on subsequent port and subnet creation events.
2026-02-26 02:46:19.181 9 INFO neutron.db.ovn_revision_numbers_db [None req-d082c344-c044-4471-8e48-061062f6b808 1189b775fe67467f87087513d2f5e815 6270b4a418d7463393c4868f38939307 - - default default] Successfully bumped revision number for resource 87c7e734-880a-4765-bb3d-d9e61957e2fb (type: ports) to 1
2026-02-26 02:46:19.442 10 WARNING neutron.scheduler.dhcp_agent_scheduler [None req-e437dce8-8683-4142-b0e0-2c2f2e47adb3 bbf1c22f41b943158cd85a9bda41e907 6d914e61d5414143b27b9d384a9380e1 - - default default] No more DHCP agents
2026-02-26 02:46:19.445 10 WARNING neutron.api.rpc.agentnotifiers.dhcp_rpc_agent_api [None req-e437dce8-8683-4142-b0e0-2c2f2e47adb3 bbf1c22f41b943158cd85a9bda41e907 6d914e61d5414143b27b9d384a9380e1 - - default default] Unable to schedule network c583ca4c-ebf6-482f-8023-725b774ef642: no agents available; will retry on subsequent port and subnet creation events.
2026-02-26 02:46:19.550 10 INFO neutron.db.ovn_revision_numbers_db [None req-e437dce8-8683-4142-b0e0-2c2f2e47adb3 bbf1c22f41b943158cd85a9bda41e907 6d914e61d5414143b27b9d384a9380e1 - - default default] Successfully bumped revision number for resource bd2fc2ba-5c56-41f7-854f-ea7dd700179d (type: ports) to 1
2026-02-26 02:46:19.875 10 INFO neutron.api.wsgi [req-44383f84-67df-47aa-a023-a2bd6a6cd371 req-4f95c7c9-d59d-4340-9ff0-dc1f31d63953 a3cfcf6f1517419091c5069069bf67c5 28e47617a90c41ad9bcc8939855426cc - - default default] 10.0.0.56 "GET /v2.0/ports?device_id=262a461f-6029-49fa-9467-a9add6e02a58 HTTP/1.1" status: 200 len: 1168 time: 0.0318034
2026-02-26 02:46:19.921 10 INFO neutron.api.wsgi [req-44383f84-67df-47aa-a023-a2bd6a6cd371 req-ef462727-d79a-4413-8628-61a61df7758f a3cfcf6f1517419091c5069069bf67c5 28e47617a90c41ad9bcc8939855426cc - - default default] 10.0.0.56 "GET /v2.0/security-groups?id=3bbf02bf-103d-4405-b586-ffe2ccb5a22a&fields=id&fields=name HTTP/1.1" status: 200 len: 312 time: 0.0398695
2026-02-26 02:46:19.933 9 INFO neutron.plugins.ml2.drivers.ovn.mech_driver.mech_driver [None req-16417147-bcfe-481d-ab1e-3d75606f72df - - - - - -] OVN reports status up for port: 87c7e734-880a-4765-bb3d-d9e61957e2fb
2026-02-26 02:46:19.942 9 INFO neutron.plugins.ml2.plugin [None req-16417147-bcfe-481d-ab1e-3d75606f72df - - - - - -] Attempt 1 to provision port 87c7e734-880a-4765-bb3d-d9e61957e2fb
2026-02-26 02:46:19.956 9 INFO neutron.db.ovn_revision_numbers_db [None req-d082c344-c044-4471-8e48-061062f6b808 1189b775fe67467f87087513d2f5e815 6270b4a418d7463393c4868f38939307 - - default default] Successfully bumped revision number for resource 87c7e734-880a-4765-bb3d-d9e61957e2fb (type: ports) to 1
2026-02-26 02:46:19.989 10 INFO neutron.api.wsgi [-] 10.0.0.144 "GET / HTTP/1.1" status: 200 len: 247 time: 0.0015843
2026-02-26 02:46:19.989 9 INFO neutron.api.wsgi [-] 10.0.0.144 "GET / HTTP/1.1" status: 200 len: 247 time: 0.0013499
2026-02-26 02:46:20.014 9 WARNING neutron.scheduler.dhcp_agent_scheduler [None req-d082c344-c044-4471-8e48-061062f6b808 1189b775fe67467f87087513d2f5e815 6270b4a418d7463393c4868f38939307 - - default default] No more DHCP agents
2026-02-26 02:46:20.015 9 WARNING neutron.api.rpc.agentnotifiers.dhcp_rpc_agent_api [None req-d082c344-c044-4471-8e48-061062f6b808 1189b775fe67467f87087513d2f5e815 6270b4a418d7463393c4868f38939307 - - default default] Unable to schedule network 76d43b5b-7245-49d2-8caa-c3c0089370de: no agents available; will retry on subsequent port and subnet creation events.
2026-02-26 02:46:20.226 9 INFO neutron.db.ovn_revision_numbers_db [None req-d082c344-c044-4471-8e48-061062f6b808 1189b775fe67467f87087513d2f5e815 6270b4a418d7463393c4868f38939307 - - default default] Successfully bumped revision number for resource 87c7e734-880a-4765-bb3d-d9e61957e2fb (type: router_ports) to 1
2026-02-26 02:46:20.231 9 INFO neutron.api.wsgi [None req-d082c344-c044-4471-8e48-061062f6b808 1189b775fe67467f87087513d2f5e815 6270b4a418d7463393c4868f38939307 - - default default] 10.0.0.41 "PUT /v2.0/routers/54103601-8a83-4190-b303-c3146199a9eb/add_router_interface HTTP/1.1" status: 200 len: 503 time: 1.5644922
2026-02-26 02:46:20.312 10 INFO neutron.plugins.ml2.drivers.ovn.mech_driver.ovsdb.commands [None req-e780091b-fbde-45fb-af19-aa22641f9e23 - - - - - -] Schedule LRP lrp-bd2fc2ba-5c56-41f7-854f-ea7dd700179d on gateway 81e7f5e7-e13f-4d7a-8aa7-ec11d0d76856 with priority 1
2026-02-26 02:46:20.320 10 INFO neutron.api.wsgi [None req-889a6fbe-1146-4304-823c-3dc13ed95951 1189b775fe67467f87087513d2f5e815 6270b4a418d7463393c4868f38939307 - - default default] 10.0.0.41 "GET /v2.0/ports/87c7e734-880a-4765-bb3d-d9e61957e2fb HTTP/1.1" status: 200 len: 1137 time: 0.0815437
2026-02-26 02:46:20.330 9 INFO neutron.db.ovn_revision_numbers_db [None req-16417147-bcfe-481d-ab1e-3d75606f72df - - - - - -] Successfully bumped revision number for resource 87c7e734-880a-4765-bb3d-d9e61957e2fb (type: ports) to 2
2026-02-26 02:46:20.338 9 INFO neutron.plugins.ml2.drivers.ovn.mech_driver.ovsdb.ovsdb_monitor [None req-c1e2da48-33e6-4486-83ab-2e76f680929e - - - - - -] Router db981fe0-2939-4bf1-ae5f-bfa740484276 is bound to host instance
2026-02-26 02:46:20.357 10 INFO neutron.api.wsgi [None req-72eb9110-fba9-4e5f-bbbc-0d33aed15700 1189b775fe67467f87087513d2f5e815 6270b4a418d7463393c4868f38939307 - - default default] 10.0.0.41 "GET /v2.0/ports/87c7e734-880a-4765-bb3d-d9e61957e2fb HTTP/1.1" status: 200 len: 1137 time: 0.0329757
2026-02-26 02:46:20.397 10 INFO neutron.db.ovn_revision_numbers_db [None req-e437dce8-8683-4142-b0e0-2c2f2e47adb3 bbf1c22f41b943158cd85a9bda41e907 6d914e61d5414143b27b9d384a9380e1 - - default default] Successfully bumped revision number for resource bd2fc2ba-5c56-41f7-854f-ea7dd700179d (type: router_ports) to 1
2026-02-26 02:46:20.475 10 INFO neutron.db.ovn_revision_numbers_db [None req-e437dce8-8683-4142-b0e0-2c2f2e47adb3 bbf1c22f41b943158cd85a9bda41e907 6d914e61d5414143b27b9d384a9380e1 - - default default] Successfully bumped revision number for resource db981fe0-2939-4bf1-ae5f-bfa740484276 (type: routers) to 2
2026-02-26 02:46:20.493 10 INFO neutron.api.wsgi [None req-e437dce8-8683-4142-b0e0-2c2f2e47adb3 bbf1c22f41b943158cd85a9bda41e907 6d914e61d5414143b27b9d384a9380e1 - - default default] 10.0.0.41 "POST /v2.0/routers HTTP/1.1" status: 201 len: 1165 time: 1.4549980
2026-02-26 02:46:20.752 9 INFO neutron.db.ovn_revision_numbers_db [None req-3e898a05-45c5-41a0-89ba-c657057ebbf1 - - - - - -] Successfully bumped revision number for resource bd2fc2ba-5c56-41f7-854f-ea7dd700179d (type: ports) to 1
2026-02-26 02:46:20.945 9 WARNING neutron.scheduler.dhcp_agent_scheduler [None req-47cd3d44-10de-4b5c-97fd-debdaa143854 bbf1c22f41b943158cd85a9bda41e907 6d914e61d5414143b27b9d384a9380e1 - - default default] No more DHCP agents
2026-02-26 02:46:20.947 9 WARNING neutron.api.rpc.agentnotifiers.dhcp_rpc_agent_api [None req-47cd3d44-10de-4b5c-97fd-debdaa143854 bbf1c22f41b943158cd85a9bda41e907 6d914e61d5414143b27b9d384a9380e1 - - default default] Unable to schedule network 0c5c3394-1c08-412e-92f8-a71475e22c98: no agents available; will retry on subsequent port and subnet creation events.
2026-02-26 02:46:20.962 10 INFO neutron.api.wsgi [None req-a4b3195b-ba85-4343-922d-a05d01100eb9 1189b775fe67467f87087513d2f5e815 6270b4a418d7463393c4868f38939307 - - default default] 10.0.0.41 "PUT /v2.0/routers/54103601-8a83-4190-b303-c3146199a9eb/remove_router_interface HTTP/1.1" status: 200 len: 503 time: 0.5995433 /var/lib/openstack/lib/python3.12/site-packages/pycadf/identifier.py:71: UserWarning: Invalid uuid: neutron. To ensure interoperability, identifiers should be a valid uuid. warnings.warn(('Invalid uuid: %s. To ensure interoperability, '
2026-02-26 02:46:21.037 10 INFO neutron.api.wsgi [None req-1d448a07-e91d-4b8b-934f-ba8cc73318db 1189b775fe67467f87087513d2f5e815 6270b4a418d7463393c4868f38939307 - - default default] 10.0.0.41 "GET /v2.0/ports/74e90289-8cc5-41f9-ac2a-684dd48573dc HTTP/1.1" status: 200 len: 1137 time: 0.0678053
2026-02-26 02:46:21.082 9 INFO neutron.db.ovn_revision_numbers_db [None req-3e898a05-45c5-41a0-89ba-c657057ebbf1 - - - - - -] Successfully bumped revision number for resource bd2fc2ba-5c56-41f7-854f-ea7dd700179d (type: ports) to 4
2026-02-26 02:46:21.095 9 INFO neutron.db.ovn_revision_numbers_db [None req-47cd3d44-10de-4b5c-97fd-debdaa143854 bbf1c22f41b943158cd85a9bda41e907 6d914e61d5414143b27b9d384a9380e1 - - default default] Successfully bumped revision number for resource fc72884f-380d-4f9f-8233-9e8411d46951 (type: ports) to 1
2026-02-26 02:46:21.395 9 INFO neutron.db.ovn_revision_numbers_db [None req-3e898a05-45c5-41a0-89ba-c657057ebbf1 - - - - - -] Successfully bumped revision number for resource bd2fc2ba-5c56-41f7-854f-ea7dd700179d (type: ports) to 5
2026-02-26 02:46:21.564 10 INFO neutron.api.wsgi [None req-5af728a1-8428-49a0-ba53-94a3e490e884 1189b775fe67467f87087513d2f5e815 6270b4a418d7463393c4868f38939307 - - default default] 10.0.0.41 "PUT /v2.0/routers/54103601-8a83-4190-b303-c3146199a9eb/remove_router_interface HTTP/1.1" status: 200 len: 503 time: 0.5206077 /var/lib/openstack/lib/python3.12/site-packages/pycadf/identifier.py:71: UserWarning: Invalid uuid: neutron. To ensure interoperability, identifiers should be a valid uuid. warnings.warn(('Invalid uuid: %s. To ensure interoperability, '
2026-02-26 02:46:21.587 10 INFO neutron.api.wsgi [None req-d7a49449-ef0c-48ef-9058-407494799274 1189b775fe67467f87087513d2f5e815 6270b4a418d7463393c4868f38939307 - - default default] 10.0.0.41 "GET /v2.0/ports?device_id=54103601-8a83-4190-b303-c3146199a9eb HTTP/1.1" status: 200 len: 205 time: 0.0171125
2026-02-26 02:46:21.607 9 INFO neutron.db.ovn_revision_numbers_db [None req-47cd3d44-10de-4b5c-97fd-debdaa143854 bbf1c22f41b943158cd85a9bda41e907 6d914e61d5414143b27b9d384a9380e1 - - default default] Successfully bumped revision number for resource fc72884f-380d-4f9f-8233-9e8411d46951 (type: ports) to 1
2026-02-26 02:46:21.664 9 WARNING neutron.scheduler.dhcp_agent_scheduler [None req-47cd3d44-10de-4b5c-97fd-debdaa143854 bbf1c22f41b943158cd85a9bda41e907 6d914e61d5414143b27b9d384a9380e1 - - default default] No more DHCP agents
2026-02-26 02:46:21.665 9 WARNING neutron.api.rpc.agentnotifiers.dhcp_rpc_agent_api [None req-47cd3d44-10de-4b5c-97fd-debdaa143854 bbf1c22f41b943158cd85a9bda41e907 6d914e61d5414143b27b9d384a9380e1 - - default default] Unable to schedule network 0c5c3394-1c08-412e-92f8-a71475e22c98: no agents available; will retry on subsequent port and subnet creation events.
2026-02-26 02:46:21.756 10 INFO neutron.api.wsgi [None req-a2af746d-8c80-4318-ab3f-850f3a651b7a 1189b775fe67467f87087513d2f5e815 6270b4a418d7463393c4868f38939307 - - default default] 10.0.0.41 "DELETE /v2.0/routers/54103601-8a83-4190-b303-c3146199a9eb HTTP/1.1" status: 204 len: 168 time: 0.1634822
2026-02-26 02:46:21.910 10 INFO neutron.api.wsgi [None req-1cc4abe7-0a83-4f69-92b3-aacafda81a5c 1189b775fe67467f87087513d2f5e815 6270b4a418d7463393c4868f38939307 - - default default] 10.0.0.41 "DELETE /v2.0/subnets/31d01edc-993a-49ba-8813-d81158e88f17 HTTP/1.1" status: 204 len: 168 time: 0.1490283
2026-02-26 02:46:22.064 10 INFO neutron.api.wsgi [None req-6aaaddf8-da98-49e7-9c71-9490942bbcef 1189b775fe67467f87087513d2f5e815 6270b4a418d7463393c4868f38939307 - - default default] 10.0.0.41 "DELETE /v2.0/subnets/8818b10b-ad1d-4d45-a72b-8e1974cc7934 HTTP/1.1" status: 204 len: 168 time: 0.1485624
2026-02-26 02:46:22.212 9 INFO neutron.db.ovn_revision_numbers_db [None req-47cd3d44-10de-4b5c-97fd-debdaa143854 bbf1c22f41b943158cd85a9bda41e907 6d914e61d5414143b27b9d384a9380e1 - - default default] Successfully bumped revision number for resource fc72884f-380d-4f9f-8233-9e8411d46951 (type: router_ports) to 1
2026-02-26 02:46:22.218 9 INFO neutron.api.wsgi [None req-47cd3d44-10de-4b5c-97fd-debdaa143854 bbf1c22f41b943158cd85a9bda41e907 6d914e61d5414143b27b9d384a9380e1 - - default default] 10.0.0.41 "PUT /v2.0/routers/db981fe0-2939-4bf1-ae5f-bfa740484276/add_router_interface HTTP/1.1" status: 200 len: 503 time: 1.7199292
2026-02-26 02:46:22.397 10 INFO neutron.services.segments.plugin [-] Segment ce654be7-2f2f-4298-afd7-3545dafad09c resource provider aggregate not found
2026-02-26 02:46:22.401 10 INFO neutron.services.segments.plugin [-] Segment ce654be7-2f2f-4298-afd7-3545dafad09c resource provider aggregate not found
2026-02-26 02:46:22.416 10 INFO neutron.services.segments.plugin [-] Segment ce654be7-2f2f-4298-afd7-3545dafad09c resource provider not found; error: Placement Client Error (4xx): {"errors": [{"status": 404, "title": "Not Found", "detail": "The resource could not be found.\n\n No resource provider with uuid ce654be7-2f2f-4298-afd7-3545dafad09c found for delete ", "request_id": "req-2410666e-6acf-47fe-9258-282d2d68b568"}]}
2026-02-26 02:46:22.419 10 INFO neutron.services.segments.plugin [-] Segment ce654be7-2f2f-4298-afd7-3545dafad09c resource provider not found; error: Placement Client Error (4xx): {"errors": [{"status": 404, "title": "Not Found", "detail": "The resource could not be found.\n\n No resource provider with uuid ce654be7-2f2f-4298-afd7-3545dafad09c found for delete ", "request_id": "req-8a82bafc-ab6e-4f7f-9fa0-26bdab579577"}]}
2026-02-26 02:46:22.432 10 INFO neutron.api.wsgi [None req-8d38e110-e095-4b78-ab55-9422df8a9db6 1189b775fe67467f87087513d2f5e815 6270b4a418d7463393c4868f38939307 - - default default] 10.0.0.41 "DELETE /v2.0/networks/76d43b5b-7245-49d2-8caa-c3c0089370de HTTP/1.1" status: 204 len: 168 time: 0.3608186
2026-02-26 02:46:22.689 9 INFO neutron.services.segments.plugin [-] Segment c6f50813-41d6-4fa3-86ae-1fe17813035a resource provider aggregate not found
2026-02-26 02:46:22.693 9 INFO neutron.services.segments.plugin [-] Segment c6f50813-41d6-4fa3-86ae-1fe17813035a resource provider aggregate not found
2026-02-26 02:46:22.706 9 INFO neutron.services.segments.plugin [-] Segment c6f50813-41d6-4fa3-86ae-1fe17813035a resource provider not found; error: Placement Client Error (4xx): {"errors": [{"status": 404, "title": "Not Found", "detail": "The resource could not be found.\n\n No resource provider with uuid c6f50813-41d6-4fa3-86ae-1fe17813035a found for delete ", "request_id": "req-6168cff0-77b0-40fc-9308-5d4c156828c7"}]}
2026-02-26 02:46:22.710 9 INFO neutron.services.segments.plugin [-] Segment c6f50813-41d6-4fa3-86ae-1fe17813035a resource provider not found; error: Placement Client Error (4xx): {"errors": [{"status": 404, "title": "Not Found", "detail": "The resource could not be found.\n\n No resource provider with uuid c6f50813-41d6-4fa3-86ae-1fe17813035a found for delete ", "request_id": "req-634ee323-cded-4c59-9f3b-94cdfc7f7575"}]}
2026-02-26 02:46:22.718 9 INFO neutron.api.wsgi [None req-8b4bb5f4-61f6-436e-b8d8-ce1fb9391cae 1189b775fe67467f87087513d2f5e815 6270b4a418d7463393c4868f38939307 - - default default] 10.0.0.41 "DELETE /v2.0/networks/5f1d9e37-e68b-42c3-821b-f05e0fd31b71 HTTP/1.1" status: 204 len: 168 time: 0.2816131
2026-02-26 02:46:22.729 9 WARNING neutron_lib.context [None req-ee3e0503-03e3-49cc-b3d2-07398dd985d1 1189b775fe67467f87087513d2f5e815 6270b4a418d7463393c4868f38939307 - - default default] Method 'is_advsvc' is deprecated since 2023.2 release (neutron-lib 3.8.0) and will be removed once support for the old RBAC API policies will be removed from Neutron. Please use method 'is_service_role' instead.
2026-02-26 02:46:22.794 9 INFO neutron.db.segments_db [None req-ee3e0503-03e3-49cc-b3d2-07398dd985d1 1189b775fe67467f87087513d2f5e815 6270b4a418d7463393c4868f38939307 - - default default] Added segment 3016f488-c5cd-4140-a32a-16d8e411b797 of type geneve for network 669edfef-f09e-4d10-a2f9-f6afaf30c7d2
2026-02-26 02:46:22.921 9 INFO neutron.db.ovn_revision_numbers_db [None req-ee3e0503-03e3-49cc-b3d2-07398dd985d1 1189b775fe67467f87087513d2f5e815 6270b4a418d7463393c4868f38939307 - - default default] Successfully bumped revision number for resource 669edfef-f09e-4d10-a2f9-f6afaf30c7d2 (type: networks) to 1
2026-02-26 02:46:23.070 9 WARNING neutron.scheduler.dhcp_agent_scheduler [None req-ee3e0503-03e3-49cc-b3d2-07398dd985d1 1189b775fe67467f87087513d2f5e815 6270b4a418d7463393c4868f38939307 - - default default] No more DHCP agents
2026-02-26 02:46:23.072 9 WARNING neutron.api.rpc.agentnotifiers.dhcp_rpc_agent_api [None req-ee3e0503-03e3-49cc-b3d2-07398dd985d1 1189b775fe67467f87087513d2f5e815 6270b4a418d7463393c4868f38939307 - - default default] Unable to schedule network 669edfef-f09e-4d10-a2f9-f6afaf30c7d2: no agents available; will retry on subsequent port and subnet creation events.
2026-02-26 02:46:23.128 9 INFO neutron.db.ovn_revision_numbers_db [None req-ee3e0503-03e3-49cc-b3d2-07398dd985d1 1189b775fe67467f87087513d2f5e815 6270b4a418d7463393c4868f38939307 - - default default] Successfully bumped revision number for resource 1c9bf949-4c59-4af2-b797-bd24fa63104e (type: ports) to 1
2026-02-26 02:46:23.150 9 INFO neutron.api.wsgi [None req-ee3e0503-03e3-49cc-b3d2-07398dd985d1 1189b775fe67467f87087513d2f5e815 6270b4a418d7463393c4868f38939307 - - default default] 10.0.0.41 "POST /v2.0/networks HTTP/1.1" status: 201 len: 829 time: 0.4245811
2026-02-26 02:46:23.158 9 WARNING neutron_lib.context [None req-cc6a5cc9-a2d3-4393-8d71-29369aacc519 1189b775fe67467f87087513d2f5e815 6270b4a418d7463393c4868f38939307 - - default default] Method 'is_advsvc' is deprecated since 2023.2 release (neutron-lib 3.8.0) and will be removed once support for the old RBAC API policies will be removed from Neutron. Please use method 'is_service_role' instead.
2026-02-26 02:46:23.318 9 WARNING neutron.scheduler.dhcp_agent_scheduler [None req-cc6a5cc9-a2d3-4393-8d71-29369aacc519 1189b775fe67467f87087513d2f5e815 6270b4a418d7463393c4868f38939307 - - default default] No more DHCP agents
2026-02-26 02:46:23.319 9 WARNING neutron.api.rpc.agentnotifiers.dhcp_rpc_agent_api [None req-cc6a5cc9-a2d3-4393-8d71-29369aacc519 1189b775fe67467f87087513d2f5e815 6270b4a418d7463393c4868f38939307 - - default default] Unable to schedule network 669edfef-f09e-4d10-a2f9-f6afaf30c7d2: no agents available; will retry on subsequent port and subnet creation events.
2026-02-26 02:46:23.432 10 INFO neutron.db.ovn_revision_numbers_db [None req-800fe9ce-1588-4d64-ba57-80489abe2679 bbf1c22f41b943158cd85a9bda41e907 6d914e61d5414143b27b9d384a9380e1 - - default default] Successfully bumped revision number for resource 8f0960c9-204f-49a2-9d52-4d94e1c9a810 (type: security_groups) to 1
2026-02-26 02:46:23.444 10 INFO neutron.db.ovn_revision_numbers_db [None req-800fe9ce-1588-4d64-ba57-80489abe2679 bbf1c22f41b943158cd85a9bda41e907 6d914e61d5414143b27b9d384a9380e1 - - default default] Successfully bumped revision number for resource 07eda43c-0776-4d52-9f63-2081a186d740 (type: security_group_rules) to 0
2026-02-26 02:46:23.457 10 INFO neutron.db.ovn_revision_numbers_db [None req-800fe9ce-1588-4d64-ba57-80489abe2679 bbf1c22f41b943158cd85a9bda41e907 6d914e61d5414143b27b9d384a9380e1 - - default default] Successfully bumped revision number for resource 46274dfa-e1b2-40df-a383-c7309238ba01 (type: security_group_rules) to 0
2026-02-26 02:46:23.469 10 INFO neutron.db.ovn_revision_numbers_db [None req-800fe9ce-1588-4d64-ba57-80489abe2679 bbf1c22f41b943158cd85a9bda41e907 6d914e61d5414143b27b9d384a9380e1 - - default default] Successfully bumped revision number for resource a388e5c5-0a9c-4c66-8792-b7580a855f53 (type: security_group_rules) to 0
2026-02-26 02:46:23.487 10 INFO neutron.db.ovn_revision_numbers_db [None req-800fe9ce-1588-4d64-ba57-80489abe2679 bbf1c22f41b943158cd85a9bda41e907 6d914e61d5414143b27b9d384a9380e1 - - default default] Successfully bumped revision number for resource a8eec7e1-b9f7-4a06-8815-6ef7fac9478a (type: security_group_rules) to 0
2026-02-26 02:46:23.551 10 WARNING neutron.plugins.ml2.drivers.ovn.mech_driver.ovsdb.ovn_client [None req-86dfb587-b276-4054-899c-14cf7e2b8bdf - - - - - -] No port found with ID 74e90289-8cc5-41f9-ac2a-684dd48573dc: RuntimeError: No port found with ID 74e90289-8cc5-41f9-ac2a-684dd48573dc
2026-02-26 02:46:23.566 10 WARNING neutron_lib.context [None req-6c9fd159-bb22-4c31-8bcb-cbbd1c878e58 299809e92c5443f895650aa2cae9a91f 107dc06654c34fedbd6abce68917b586 - - default default] Method 'is_advsvc' is deprecated since 2023.2 release (neutron-lib 3.8.0) and will be removed once support for the old RBAC API policies will be removed from Neutron. Please use method 'is_service_role' instead.
2026-02-26 02:46:23.576 10 INFO neutron.plugins.ml2.drivers.ovn.mech_driver.mech_driver [None req-86dfb587-b276-4054-899c-14cf7e2b8bdf - - - - - -] OVN reports status up for port: 6ccfa208-6348-4cea-9b6f-dbda7ae946d0
2026-02-26 02:46:23.577 10 INFO neutron.db.segments_db [None req-800fe9ce-1588-4d64-ba57-80489abe2679 bbf1c22f41b943158cd85a9bda41e907 6d914e61d5414143b27b9d384a9380e1 - - default default] Added segment 0e41926b-5627-48be-aebc-ffa0ba00d5aa of type geneve for network 0e8220dd-b251-48af-88ba-16beeba21ba6
2026-02-26 02:46:23.591 10 INFO neutron.plugins.ml2.plugin [None req-86dfb587-b276-4054-899c-14cf7e2b8bdf - - - - - -] Attempt 1 to provision port 6ccfa208-6348-4cea-9b6f-dbda7ae946d0
2026-02-26 02:46:23.729 9 INFO neutron.db.ovn_revision_numbers_db [None req-5f054b94-460d-4009-afa2-9d4e056ccee1 - - - - - -] Successfully bumped revision number for resource 1c9bf949-4c59-4af2-b797-bd24fa63104e (type: ports) to 2
2026-02-26 02:46:23.742 10 INFO neutron.db.ovn_revision_numbers_db [None req-800fe9ce-1588-4d64-ba57-80489abe2679 bbf1c22f41b943158cd85a9bda41e907 6d914e61d5414143b27b9d384a9380e1 - - default default] Successfully bumped revision number for resource 0e8220dd-b251-48af-88ba-16beeba21ba6 (type: networks) to 1
2026-02-26 02:46:23.759 10 INFO neutron.db.ovn_revision_numbers_db [None req-6c9fd159-bb22-4c31-8bcb-cbbd1c878e58 299809e92c5443f895650aa2cae9a91f 107dc06654c34fedbd6abce68917b586 - - default default] Successfully bumped revision number for resource 04db0f80-acb4-4fae-9b02-02edc7b85417 (type: security_groups) to 1
2026-02-26 02:46:23.761 9 INFO neutron.db.ovn_revision_numbers_db [None req-5f054b94-460d-4009-afa2-9d4e056ccee1 - - - - - -] Successfully bumped revision number for resource 9045aace-6324-4c4e-a97f-80e7b2785f6a (type: subnets) to 0
2026-02-26 02:46:23.763 10 INFO neutron.notifiers.nova [-] Nova event matching ['req-a78711fc-442d-4818-b49e-90ef4d438b00'] response: {'server_uuid': '262a461f-6029-49fa-9467-a9add6e02a58', 'name': 'network-vif-plugged', 'status': 'completed', 'tag': '6ccfa208-6348-4cea-9b6f-dbda7ae946d0', 'code': 200}
2026-02-26 02:46:23.776 9 INFO neutron.api.wsgi [None req-cc6a5cc9-a2d3-4393-8d71-29369aacc519 1189b775fe67467f87087513d2f5e815 6270b4a418d7463393c4868f38939307 - - default default] 10.0.0.41 "POST /v2.0/subnets HTTP/1.1" status: 201 len: 825 time: 0.6214023
2026-02-26 02:46:23.783 10 INFO neutron.db.ovn_revision_numbers_db [None req-6c9fd159-bb22-4c31-8bcb-cbbd1c878e58 299809e92c5443f895650aa2cae9a91f 107dc06654c34fedbd6abce68917b586 - - default default] Successfully bumped revision number for resource 502c00db-b882-42b4-b8c2-a98b4ced486b (type: security_group_rules) to 0
2026-02-26 02:46:23.787 9 WARNING neutron_lib.context [None req-ec346b11-d8e0-4452-a0a1-245149fb492a 1189b775fe67467f87087513d2f5e815 6270b4a418d7463393c4868f38939307 - - default default] Method 'is_advsvc' is deprecated since 2023.2 release (neutron-lib 3.8.0) and will be removed once support for the old RBAC API policies will be removed from Neutron. Please use method 'is_service_role' instead.
2026-02-26 02:46:23.804 10 INFO neutron.db.ovn_revision_numbers_db [None req-6c9fd159-bb22-4c31-8bcb-cbbd1c878e58 299809e92c5443f895650aa2cae9a91f 107dc06654c34fedbd6abce68917b586 - - default default] Successfully bumped revision number for resource 6e9f7ac0-0e15-4479-b169-9dd9f69e7cfa (type: security_group_rules) to 0
2026-02-26 02:46:23.820 10 INFO neutron.db.ovn_revision_numbers_db [None req-6c9fd159-bb22-4c31-8bcb-cbbd1c878e58 299809e92c5443f895650aa2cae9a91f 107dc06654c34fedbd6abce68917b586 - - default default] Successfully bumped revision number for resource 8b3437ac-387b-4868-a873-e74f4398072c (type: security_group_rules) to 0
2026-02-26 02:46:23.849 10 INFO neutron.db.ovn_revision_numbers_db [None req-6c9fd159-bb22-4c31-8bcb-cbbd1c878e58 299809e92c5443f895650aa2cae9a91f 107dc06654c34fedbd6abce68917b586 - - default default] Successfully bumped revision number for resource 9329135e-fd84-4ba0-81b9-cf60d0bbedb6 (type: security_group_rules) to 0
2026-02-26 02:46:23.883 9 INFO neutron.db.ovn_revision_numbers_db [None req-ec346b11-d8e0-4452-a0a1-245149fb492a 1189b775fe67467f87087513d2f5e815 6270b4a418d7463393c4868f38939307 - - default default] Successfully bumped revision number for resource 7b5ce9ee-3148-4b14-b946-435ffc8dd7a5 (type: routers) to 1
2026-02-26 02:46:23.904 9 INFO neutron.api.wsgi [None req-ec346b11-d8e0-4452-a0a1-245149fb492a 1189b775fe67467f87087513d2f5e815 6270b4a418d7463393c4868f38939307 - - default default] 10.0.0.41 "POST /v2.0/routers HTTP/1.1" status: 201 len: 801 time: 0.1219616
2026-02-26 02:46:23.914 9 WARNING neutron_lib.context [None req-d18c1140-8c71-4904-a614-500d8f8fec4c 1189b775fe67467f87087513d2f5e815 6270b4a418d7463393c4868f38939307 - - default default] Method 'is_advsvc' is deprecated since 2023.2 release (neutron-lib 3.8.0) and will be removed once support for the old RBAC API policies will be removed from Neutron. Please use method 'is_service_role' instead.
2026-02-26 02:46:23.921 10 INFO neutron.db.ovn_revision_numbers_db [None req-86dfb587-b276-4054-899c-14cf7e2b8bdf - - - - - -] Successfully bumped revision number for resource 6ccfa208-6348-4cea-9b6f-dbda7ae946d0 (type: ports) to 7
2026-02-26 02:46:23.923 10 WARNING neutron.scheduler.dhcp_agent_scheduler [None req-800fe9ce-1588-4d64-ba57-80489abe2679 bbf1c22f41b943158cd85a9bda41e907 6d914e61d5414143b27b9d384a9380e1 - - default default] No more DHCP agents
2026-02-26 02:46:23.925 10 WARNING neutron.api.rpc.agentnotifiers.dhcp_rpc_agent_api [None req-800fe9ce-1588-4d64-ba57-80489abe2679 bbf1c22f41b943158cd85a9bda41e907 6d914e61d5414143b27b9d384a9380e1 - - default default] Unable to schedule network 0e8220dd-b251-48af-88ba-16beeba21ba6: no agents available; will retry on subsequent port and subnet creation events.
2026-02-26 02:46:23.949 10 INFO neutron.db.segments_db [None req-6c9fd159-bb22-4c31-8bcb-cbbd1c878e58 299809e92c5443f895650aa2cae9a91f 107dc06654c34fedbd6abce68917b586 - - default default] Added segment 8861941a-e05b-401d-9020-b7082abc68cc of type geneve for network d2dc6e31-66d3-4f75-9738-433acd141c0e
2026-02-26 02:46:24.012 10 INFO neutron.db.ovn_revision_numbers_db [None req-800fe9ce-1588-4d64-ba57-80489abe2679 bbf1c22f41b943158cd85a9bda41e907 6d914e61d5414143b27b9d384a9380e1 - - default default] Successfully bumped revision number for resource 6a569e2d-0115-4ad6-940c-ea13454680cd (type: ports) to 1
2026-02-26 02:46:24.017 10 INFO neutron.plugins.ml2.drivers.ovn.mech_driver.mech_driver [None req-cea3e143-91ce-4d46-a911-bb43db787886 - - - - - -] OVN reports status up for port: fc72884f-380d-4f9f-8233-9e8411d46951
2026-02-26 02:46:24.026 10 INFO neutron.plugins.ml2.plugin [None req-cea3e143-91ce-4d46-a911-bb43db787886 - - - - - -] Attempt 1 to provision port fc72884f-380d-4f9f-8233-9e8411d46951
2026-02-26 02:46:24.042 10 INFO neutron.api.wsgi [None req-800fe9ce-1588-4d64-ba57-80489abe2679 bbf1c22f41b943158cd85a9bda41e907 6d914e61d5414143b27b9d384a9380e1 - - default default] 10.0.0.41 "POST /v2.0/networks HTTP/1.1" status: 201 len: 943 time: 0.7402375
2026-02-26 02:46:24.117 10 INFO neutron.db.ovn_revision_numbers_db [None req-6c9fd159-bb22-4c31-8bcb-cbbd1c878e58 299809e92c5443f895650aa2cae9a91f 107dc06654c34fedbd6abce68917b586 - - default default] Successfully bumped revision number for resource d2dc6e31-66d3-4f75-9738-433acd141c0e (type: networks) to 1
2026-02-26 02:46:24.215 9 WARNING neutron.scheduler.dhcp_agent_scheduler [None req-100519d2-6772-4466-a32c-a4752d566522 bbf1c22f41b943158cd85a9bda41e907 6d914e61d5414143b27b9d384a9380e1 - - default default] No more DHCP agents
2026-02-26 02:46:24.217 9 WARNING neutron.api.rpc.agentnotifiers.dhcp_rpc_agent_api [None req-100519d2-6772-4466-a32c-a4752d566522 bbf1c22f41b943158cd85a9bda41e907 6d914e61d5414143b27b9d384a9380e1 - - default default] Unable to schedule network 0e8220dd-b251-48af-88ba-16beeba21ba6: no agents available; will retry on subsequent port and subnet creation events.
2026-02-26 02:46:24.229 9 WARNING neutron.scheduler.dhcp_agent_scheduler [None req-d18c1140-8c71-4904-a614-500d8f8fec4c 1189b775fe67467f87087513d2f5e815 6270b4a418d7463393c4868f38939307 - - default default] No more DHCP agents
2026-02-26 02:46:24.231 9 WARNING neutron.api.rpc.agentnotifiers.dhcp_rpc_agent_api [None req-d18c1140-8c71-4904-a614-500d8f8fec4c 1189b775fe67467f87087513d2f5e815 6270b4a418d7463393c4868f38939307 - - default default] Unable to schedule network 669edfef-f09e-4d10-a2f9-f6afaf30c7d2: no agents available; will retry on subsequent port and subnet creation events.
