2026-02-26 02:11:25.656 9 INFO neutron.db.ovn_revision_numbers_db [None req-ee0d33c0-4077-4ca3-8248-3f993cf364ac bbf1c22f41b943158cd85a9bda41e907 6d914e61d5414143b27b9d384a9380e1 - - default default] Successfully bumped revision number for resource e89e87c3-4db7-4e2a-9e31-4f2f6520502d (type: security_group_rules) to 0
2026-02-26 02:11:25.668 9 INFO neutron.db.ovn_revision_numbers_db [None req-ee0d33c0-4077-4ca3-8248-3f993cf364ac bbf1c22f41b943158cd85a9bda41e907 6d914e61d5414143b27b9d384a9380e1 - - default default] Successfully bumped revision number for resource ec62e64a-0551-4a4e-8cb4-f5710b5e8ae4 (type: security_group_rules) to 0
2026-02-26 02:11:25.738 9 WARNING neutron.services.revisions.revision_plugin [None req-ee0d33c0-4077-4ca3-8248-3f993cf364ac bbf1c22f41b943158cd85a9bda41e907 6d914e61d5414143b27b9d384a9380e1 - - default default] Could not find related network for resource to bump revision.
2026-02-26 02:11:25.766 9 INFO neutron.db.segments_db [None req-ee0d33c0-4077-4ca3-8248-3f993cf364ac bbf1c22f41b943158cd85a9bda41e907 6d914e61d5414143b27b9d384a9380e1 - - default default] Added segment edcf32fa-a9fa-452e-822a-1c75205ed88f of type flat for network c583ca4c-ebf6-482f-8023-725b774ef642
2026-02-26 02:11:25.909 9 INFO neutron.db.ovn_revision_numbers_db [None req-ee0d33c0-4077-4ca3-8248-3f993cf364ac bbf1c22f41b943158cd85a9bda41e907 6d914e61d5414143b27b9d384a9380e1 - - default default] Successfully bumped revision number for resource c583ca4c-ebf6-482f-8023-725b774ef642 (type: networks) to 1
2026-02-26 02:11:26.152 9 WARNING neutron.scheduler.dhcp_agent_scheduler [None req-ee0d33c0-4077-4ca3-8248-3f993cf364ac bbf1c22f41b943158cd85a9bda41e907 6d914e61d5414143b27b9d384a9380e1 - - default default] No more DHCP agents
2026-02-26 02:11:26.154 9 WARNING neutron.api.rpc.agentnotifiers.dhcp_rpc_agent_api [None req-ee0d33c0-4077-4ca3-8248-3f993cf364ac bbf1c22f41b943158cd85a9bda41e907 6d914e61d5414143b27b9d384a9380e1 - - default default] Unable to schedule network c583ca4c-ebf6-482f-8023-725b774ef642: no agents available; will retry on subsequent port and subnet creation events.
2026-02-26 02:11:26.243 9 INFO neutron.db.ovn_revision_numbers_db [None req-ee0d33c0-4077-4ca3-8248-3f993cf364ac bbf1c22f41b943158cd85a9bda41e907 6d914e61d5414143b27b9d384a9380e1 - - default default] Successfully bumped revision number for resource 2637340e-7e1c-41f3-a551-a498eac45748 (type: ports) to 1
2026-02-26 02:11:26.265 9 INFO neutron.api.wsgi [None req-ee0d33c0-4077-4ca3-8248-3f993cf364ac bbf1c22f41b943158cd85a9bda41e907 6d914e61d5414143b27b9d384a9380e1 - - default default] 162.253.55.43,10.0.0.144 "POST /v2.0/networks HTTP/1.1" status: 201 len: 886 time: 0.9091575 /var/lib/openstack/lib/python3.12/site-packages/pycadf/identifier.py:71: UserWarning: Invalid uuid: unknown. To ensure interoperability, identifiers should be a valid uuid. warnings.warn(('Invalid uuid: %s. To ensure interoperability, '
2026-02-26 02:11:27.896 10 INFO neutron.pecan_wsgi.hooks.translation [None req-4d32e91d-0361-40a9-b876-c3dd2cf30aaa bbf1c22f41b943158cd85a9bda41e907 6d914e61d5414143b27b9d384a9380e1 - - default default] GET failed (client error): The resource could not be found.
2026-02-26 02:11:27.897 10 INFO neutron.api.wsgi [None req-4d32e91d-0361-40a9-b876-c3dd2cf30aaa bbf1c22f41b943158cd85a9bda41e907 6d914e61d5414143b27b9d384a9380e1 - - default default] 162.253.55.43,10.0.0.144 "GET /v2.0/networks/public HTTP/1.1" status: 404 len: 290 time: 0.5401952
2026-02-26 02:11:28.061 10 INFO neutron.api.wsgi [None req-53d61613-4ac7-4bf1-965f-8e7592b613f8 bbf1c22f41b943158cd85a9bda41e907 6d914e61d5414143b27b9d384a9380e1 - - default default] 162.253.55.43,10.0.0.144 "GET /v2.0/networks?name=public HTTP/1.1" status: 200 len: 890 time: 0.1601267
2026-02-26 02:11:28.088 10 INFO neutron.pecan_wsgi.hooks.translation [None req-9591c5d8-8e8d-4fec-8bc5-d676a7cdf4c9 bbf1c22f41b943158cd85a9bda41e907 6d914e61d5414143b27b9d384a9380e1 - - default default] GET failed (client error): The resource could not be found.
2026-02-26 02:11:28.089 10 INFO neutron.api.wsgi [None req-9591c5d8-8e8d-4fec-8bc5-d676a7cdf4c9 bbf1c22f41b943158cd85a9bda41e907 6d914e61d5414143b27b9d384a9380e1 - - default default] 162.253.55.43,10.0.0.144 "GET /v2.0/subnets/public-subnet?network_id=c583ca4c-ebf6-482f-8023-725b774ef642 HTTP/1.1" status: 404 len: 295 time: 0.0184102
2026-02-26 02:11:28.109 10 INFO neutron.api.wsgi [None req-15a02900-f525-46d6-8f3b-86f482b85305 bbf1c22f41b943158cd85a9bda41e907 6d914e61d5414143b27b9d384a9380e1 - - default default] 162.253.55.43,10.0.0.144 "GET /v2.0/subnets?name=public-subnet&network_id=c583ca4c-ebf6-482f-8023-725b774ef642 HTTP/1.1" status: 200 len: 188 time: 0.0163128
2026-02-26 02:11:28.380 10 WARNING neutron.scheduler.dhcp_agent_scheduler [None req-8d481f6f-59c1-46b4-a6e7-60b2a3213da0 bbf1c22f41b943158cd85a9bda41e907 6d914e61d5414143b27b9d384a9380e1 - - default default] No more DHCP agents
2026-02-26 02:11:28.382 10 WARNING neutron.api.rpc.agentnotifiers.dhcp_rpc_agent_api [None req-8d481f6f-59c1-46b4-a6e7-60b2a3213da0 bbf1c22f41b943158cd85a9bda41e907 6d914e61d5414143b27b9d384a9380e1 - - default default] Unable to schedule network c583ca4c-ebf6-482f-8023-725b774ef642: no agents available; will retry on subsequent port and subnet creation events.
2026-02-26 02:11:28.382 10 INFO neutron.plugins.ml2.drivers.ovn.mech_driver.ovsdb.extensions.qos [None req-8d481f6f-59c1-46b4-a6e7-60b2a3213da0 bbf1c22f41b943158cd85a9bda41e907 6d914e61d5414143b27b9d384a9380e1 - - default default] Starting OVNClientQosExtension
2026-02-26 02:11:28.382 10 INFO neutron.plugins.ml2.drivers.ovn.mech_driver.ovsdb.extensions.placement [None req-8d481f6f-59c1-46b4-a6e7-60b2a3213da0 bbf1c22f41b943158cd85a9bda41e907 6d914e61d5414143b27b9d384a9380e1 - - default default] Starting OVNClientPlacementExtension
2026-02-26 02:11:28.923 10 INFO neutron.db.ovn_revision_numbers_db [None req-f2fe95ea-c696-49ac-b39f-3fbfd5dbd537 - - - - - -] Successfully bumped revision number for resource 2637340e-7e1c-41f3-a551-a498eac45748 (type: ports) to 2
2026-02-26 02:11:28.954 10 INFO neutron.db.ovn_revision_numbers_db [None req-f2fe95ea-c696-49ac-b39f-3fbfd5dbd537 - - - - - -] Successfully bumped revision number for resource 8614b194-2c03-4dff-be9c-574c6b813d2f (type: subnets) to 0
2026-02-26 02:11:28.971 10 INFO neutron.api.wsgi [None req-8d481f6f-59c1-46b4-a6e7-60b2a3213da0 bbf1c22f41b943158cd85a9bda41e907 6d914e61d5414143b27b9d384a9380e1 - - default default] 162.253.55.43,10.0.0.144 "POST /v2.0/subnets HTTP/1.1" status: 201 len: 844 time: 0.8558941
2026-02-26 02:11:34.991 9 INFO neutron.api.wsgi [-] 10.0.0.144 "GET / HTTP/1.1" status: 200 len: 247 time: 0.0028214
2026-02-26 02:11:49.994 9 INFO neutron.api.wsgi [-] 10.0.0.144 "GET / HTTP/1.1" status: 200 len: 247 time: 0.0018599
2026-02-26 02:12:04.992 10 INFO neutron.api.wsgi [-] 10.0.0.144 "GET / HTTP/1.1" status: 200 len: 247 time: 0.0014856
2026-02-26 02:12:04.993 10 INFO neutron.api.wsgi [-] 10.0.0.144 "GET / HTTP/1.1" status: 200 len: 247 time: 0.0009191
2026-02-26 02:12:19.989 10 INFO neutron.api.wsgi [-] 10.0.0.144 "GET / HTTP/1.1" status: 200 len: 247 time: 0.0015502
2026-02-26 02:12:19.989 9 INFO neutron.api.wsgi [-] 10.0.0.144 "GET / HTTP/1.1" status: 200 len: 247 time: 0.0012038
2026-02-26 02:12:34.991 9 INFO neutron.api.wsgi [-] 10.0.0.144 "GET / HTTP/1.1" status: 200 len: 247 time: 0.0023723
2026-02-26 02:12:34.993 9 INFO neutron.api.wsgi [-] 10.0.0.144 "GET / HTTP/1.1" status: 200 len: 247 time: 0.0011067
2026-02-26 02:12:49.989 9 INFO neutron.api.wsgi [-] 10.0.0.144 "GET / HTTP/1.1" status: 200 len: 247 time: 0.0015872
2026-02-26 02:12:49.991 10 INFO neutron.api.wsgi [-] 10.0.0.144 "GET / HTTP/1.1" status: 200 len: 247 time: 0.0026572
2026-02-26 02:13:04.994 10 INFO neutron.api.wsgi [-] 10.0.0.144 "GET / HTTP/1.1" status: 200 len: 247 time: 0.0037053
2026-02-26 02:13:04.997 10 INFO neutron.api.wsgi [-] 10.0.0.144 "GET / HTTP/1.1" status: 200 len: 247 time: 0.0022116
2026-02-26 02:13:19.991 10 INFO neutron.api.wsgi [-] 10.0.0.144 "GET / HTTP/1.1" status: 200 len: 247 time: 0.0024354
2026-02-26 02:13:19.994 10 INFO neutron.api.wsgi [-] 10.0.0.144 "GET / HTTP/1.1" status: 200 len: 247 time: 0.0020385
2026-02-26 02:13:34.992 9 INFO neutron.api.wsgi [-] 10.0.0.144 "GET / HTTP/1.1" status: 200 len: 247 time: 0.0037587
2026-02-26 02:13:34.994 9 INFO neutron.api.wsgi [-] 10.0.0.144 "GET / HTTP/1.1" status: 200 len: 247 time: 0.0012589
2026-02-26 02:13:49.990 9 INFO neutron.api.wsgi [-] 10.0.0.144 "GET / HTTP/1.1" status: 200 len: 247 time: 0.0017996
2026-02-26 02:13:49.990 10 INFO neutron.api.wsgi [-] 10.0.0.144 "GET / HTTP/1.1" status: 200 len: 247 time: 0.0021582
2026-02-26 02:14:04.988 10 INFO neutron.api.wsgi [-] 10.0.0.144 "GET / HTTP/1.1" status: 200 len: 247 time: 0.0011330
2026-02-26 02:14:04.992 9 INFO neutron.api.wsgi [-] 10.0.0.144 "GET / HTTP/1.1" status: 200 len: 247 time: 0.0041137
2026-02-26 02:14:19.990 10 INFO neutron.api.wsgi [-] 10.0.0.144 "GET / HTTP/1.1" status: 200 len: 247 time: 0.0023987
2026-02-26 02:14:19.992 10 INFO neutron.api.wsgi [-] 10.0.0.144 "GET / HTTP/1.1" status: 200 len: 247 time: 0.0013144
2026-02-26 02:14:34.991 10 INFO neutron.api.wsgi [-] 10.0.0.144 "GET / HTTP/1.1" status: 200 len: 247 time: 0.0024116
2026-02-26 02:14:34.992 9 INFO neutron.api.wsgi [-] 10.0.0.144 "GET / HTTP/1.1" status: 200 len: 247 time: 0.0026677
2026-02-26 02:14:49.992 9 INFO neutron.api.wsgi [-] 10.0.0.144 "GET / HTTP/1.1" status: 200 len: 247 time: 0.0030208
2026-02-26 02:14:49.995 9 INFO neutron.api.wsgi [-] 10.0.0.144 "GET / HTTP/1.1" status: 200 len: 247 time: 0.0026219
2026-02-26 02:15:04.992 9 INFO neutron.api.wsgi [-] 10.0.0.144 "GET / HTTP/1.1" status: 200 len: 247 time: 0.0033467
2026-02-26 02:15:04.994 9 INFO neutron.api.wsgi [-] 10.0.0.144 "GET / HTTP/1.1" status: 200 len: 247 time: 0.0010841
2026-02-26 02:15:19.989 10 INFO neutron.api.wsgi [-] 10.0.0.144 "GET / HTTP/1.1" status: 200 len: 247 time: 0.0012200
2026-02-26 02:15:19.991 9 INFO neutron.api.wsgi [-] 10.0.0.144 "GET / HTTP/1.1" status: 200 len: 247 time: 0.0031028
2026-02-26 02:15:34.989 9 INFO neutron.api.wsgi [-] 10.0.0.144 "GET / HTTP/1.1" status: 200 len: 247 time: 0.0011508
2026-02-26 02:15:34.990 9 INFO neutron.api.wsgi [-] 10.0.0.144 "GET / HTTP/1.1" status: 200 len: 247 time: 0.0010040
2026-02-26 02:15:49.990 10 INFO neutron.api.wsgi [-] 10.0.0.144 "GET / HTTP/1.1" status: 200 len: 247 time: 0.0017083
2026-02-26 02:15:49.991 9 INFO neutron.api.wsgi [-] 10.0.0.144 "GET / HTTP/1.1" status: 200 len: 247 time: 0.0032256
2026-02-26 02:16:04.258 9 INFO neutron.pecan_wsgi.hooks.translation [None req-be4df2dd-b7dc-4aa4-85ff-8b4ed7631d43 bbf1c22f41b943158cd85a9bda41e907 6d914e61d5414143b27b9d384a9380e1 - - default default] GET failed (client error): The resource could not be found.
2026-02-26 02:16:04.259 9 INFO neutron.api.wsgi [None req-be4df2dd-b7dc-4aa4-85ff-8b4ed7631d43 bbf1c22f41b943158cd85a9bda41e907 6d914e61d5414143b27b9d384a9380e1 - - default default] 162.253.55.43,10.0.0.144 "GET /v2.0/networks/lb-mgmt-net HTTP/1.1" status: 404 len: 295 time: 0.1109374
2026-02-26 02:16:04.275 9 INFO neutron.api.wsgi [None req-8312c95b-65e1-4086-abd3-ec636ab73523 bbf1c22f41b943158cd85a9bda41e907 6d914e61d5414143b27b9d384a9380e1 - - default default] 162.253.55.43,10.0.0.144 "GET /v2.0/networks?name=lb-mgmt-net HTTP/1.1" status: 200 len: 189 time: 0.0125954
2026-02-26 02:16:04.375 9 INFO neutron.db.segments_db [None req-c58a3e5c-d14c-408a-af24-eaa729db349d bbf1c22f41b943158cd85a9bda41e907 6d914e61d5414143b27b9d384a9380e1 - - default default] Added segment 5e1849e1-01b4-407a-a9f9-040533e33a3a of type geneve for network 077d21f0-7753-4461-9224-773ee638745a
2026-02-26 02:16:04.508 9 INFO neutron.db.ovn_revision_numbers_db [None req-c58a3e5c-d14c-408a-af24-eaa729db349d bbf1c22f41b943158cd85a9bda41e907 6d914e61d5414143b27b9d384a9380e1 - - default default] Successfully bumped revision number for resource 077d21f0-7753-4461-9224-773ee638745a (type: networks) to 1
2026-02-26 02:16:04.648 9 WARNING neutron.scheduler.dhcp_agent_scheduler [None req-c58a3e5c-d14c-408a-af24-eaa729db349d bbf1c22f41b943158cd85a9bda41e907 6d914e61d5414143b27b9d384a9380e1 - - default default] No more DHCP agents
2026-02-26 02:16:04.649 9 WARNING neutron.api.rpc.agentnotifiers.dhcp_rpc_agent_api [None req-c58a3e5c-d14c-408a-af24-eaa729db349d bbf1c22f41b943158cd85a9bda41e907 6d914e61d5414143b27b9d384a9380e1 - - default default] Unable to schedule network 077d21f0-7753-4461-9224-773ee638745a: no agents available; will retry on subsequent port and subnet creation events.
2026-02-26 02:16:04.706 9 INFO neutron.db.ovn_revision_numbers_db [None req-c58a3e5c-d14c-408a-af24-eaa729db349d bbf1c22f41b943158cd85a9bda41e907 6d914e61d5414143b27b9d384a9380e1 - - default default] Successfully bumped revision number for resource 642eb09a-54c0-4e44-bbb8-00f18afbe877 (type: ports) to 1
2026-02-26 02:16:04.725 9 INFO neutron.api.wsgi [None req-c58a3e5c-d14c-408a-af24-eaa729db349d bbf1c22f41b943158cd85a9bda41e907 6d914e61d5414143b27b9d384a9380e1 - - default default] 162.253.55.43,10.0.0.144 "POST /v2.0/networks HTTP/1.1" status: 201 len: 890 time: 0.4421744
2026-02-26 02:16:04.990 9 INFO neutron.api.wsgi [-] 10.0.0.144 "GET / HTTP/1.1" status: 200 len: 247 time: 0.0023289
2026-02-26 02:16:04.993 9 INFO neutron.api.wsgi [-] 10.0.0.144 "GET / HTTP/1.1" status: 200 len: 247 time: 0.0019867
2026-02-26 02:16:05.628 10 INFO neutron.pecan_wsgi.hooks.translation [None req-22bf49e2-2532-483e-8827-2738f35e41ae bbf1c22f41b943158cd85a9bda41e907 6d914e61d5414143b27b9d384a9380e1 - - default default] GET failed (client error): The resource could not be found.
2026-02-26 02:16:05.629 10 INFO neutron.api.wsgi [None req-22bf49e2-2532-483e-8827-2738f35e41ae bbf1c22f41b943158cd85a9bda41e907 6d914e61d5414143b27b9d384a9380e1 - - default default] 162.253.55.43,10.0.0.144 "GET /v2.0/networks/lb-mgmt-net HTTP/1.1" status: 404 len: 295 time: 0.0570912
2026-02-26 02:16:05.664 10 INFO neutron.api.wsgi [None req-e674d1bd-8491-44a0-b7bb-c94676a293f7 bbf1c22f41b943158cd85a9bda41e907 6d914e61d5414143b27b9d384a9380e1 - - default default] 162.253.55.43,10.0.0.144 "GET /v2.0/networks?name=lb-mgmt-net HTTP/1.1" status: 200 len: 875 time: 0.0307052
2026-02-26 02:16:05.678 10 INFO neutron.pecan_wsgi.hooks.translation [None req-f79bef6f-5645-47cc-9968-9b685e27e4e9 bbf1c22f41b943158cd85a9bda41e907 6d914e61d5414143b27b9d384a9380e1 - - default default] GET failed (client error): The resource could not be found.
2026-02-26 02:16:05.679 10 INFO neutron.api.wsgi [None req-f79bef6f-5645-47cc-9968-9b685e27e4e9 bbf1c22f41b943158cd85a9bda41e907 6d914e61d5414143b27b9d384a9380e1 - - default default] 162.253.55.43,10.0.0.144 "GET /v2.0/subnets/lb-mgmt-subnet?network_id=077d21f0-7753-4461-9224-773ee638745a HTTP/1.1" status: 404 len: 296 time: 0.0093071
2026-02-26 02:16:05.691 10 INFO neutron.api.wsgi [None req-2f12dd74-fc00-4f75-9d19-ac040253099f bbf1c22f41b943158cd85a9bda41e907 6d914e61d5414143b27b9d384a9380e1 - - default default] 162.253.55.43,10.0.0.144 "GET /v2.0/subnets?name=lb-mgmt-subnet&network_id=077d21f0-7753-4461-9224-773ee638745a HTTP/1.1" status: 200 len: 188 time: 0.0091660
2026-02-26 02:16:05.822 10 WARNING neutron.scheduler.dhcp_agent_scheduler [None req-64ba5590-120f-473b-8987-85a38fa2b26c bbf1c22f41b943158cd85a9bda41e907 6d914e61d5414143b27b9d384a9380e1 - - default default] No more DHCP agents
2026-02-26 02:16:05.823 10 WARNING neutron.api.rpc.agentnotifiers.dhcp_rpc_agent_api [None req-64ba5590-120f-473b-8987-85a38fa2b26c bbf1c22f41b943158cd85a9bda41e907 6d914e61d5414143b27b9d384a9380e1 - - default default] Unable to schedule network 077d21f0-7753-4461-9224-773ee638745a: no agents available; will retry on subsequent port and subnet creation events.
2026-02-26 02:16:06.200 10 INFO neutron.db.ovn_revision_numbers_db [None req-626573d4-f0f7-46e9-b71f-4702c725e182 - - - - - -] Successfully bumped revision number for resource 642eb09a-54c0-4e44-bbb8-00f18afbe877 (type: ports) to 2
2026-02-26 02:16:06.226 10 INFO neutron.db.ovn_revision_numbers_db [None req-626573d4-f0f7-46e9-b71f-4702c725e182 - - - - - -] Successfully bumped revision number for resource 773c4eb6-a00e-43fa-a711-2230c9bbbeb9 (type: subnets) to 0
2026-02-26 02:16:06.245 10 INFO neutron.api.wsgi [None req-64ba5590-120f-473b-8987-85a38fa2b26c bbf1c22f41b943158cd85a9bda41e907 6d914e61d5414143b27b9d384a9380e1 - - default default] 162.253.55.43,10.0.0.144 "POST /v2.0/subnets HTTP/1.1" status: 201 len: 831 time: 0.5501206
2026-02-26 02:16:07.371 9 INFO neutron.api.v2.resource [None req-8ab8123e-f310-4cac-9b8d-0b4806fb5f20 bbf1c22f41b943158cd85a9bda41e907 6d914e61d5414143b27b9d384a9380e1 - - default default] show failed (client error): The resource could not be found.
2026-02-26 02:16:07.373 9 INFO neutron.api.wsgi [None req-8ab8123e-f310-4cac-9b8d-0b4806fb5f20 bbf1c22f41b943158cd85a9bda41e907 6d914e61d5414143b27b9d384a9380e1 - - default default] 162.253.55.43,10.0.0.144 "GET /v2.0/security-groups/lb-health-mgr-sec-grp HTTP/1.1" status: 404 len: 313 time: 0.0415316
2026-02-26 02:16:07.416 9 INFO neutron.api.wsgi [None req-a4e12967-e436-4772-a9c1-e2f28ac3f68a bbf1c22f41b943158cd85a9bda41e907 6d914e61d5414143b27b9d384a9380e1 - - default default] 162.253.55.43,10.0.0.144 "GET /v2.0/security-groups?name=lb-health-mgr-sec-grp HTTP/1.1" status: 200 len: 197 time: 0.0373771
2026-02-26 02:16:07.519 9 INFO neutron.db.ovn_revision_numbers_db [None req-222325de-eb5e-4fe3-8adc-f8264cff768a bbf1c22f41b943158cd85a9bda41e907 6d914e61d5414143b27b9d384a9380e1 - - default default] Successfully bumped revision number for resource 638209d2-3b25-4a08-b941-2c11d7637c54 (type: security_groups) to 1
2026-02-26 02:16:07.530 9 INFO neutron.db.ovn_revision_numbers_db [None req-222325de-eb5e-4fe3-8adc-f8264cff768a bbf1c22f41b943158cd85a9bda41e907 6d914e61d5414143b27b9d384a9380e1 - - default default] Successfully bumped revision number for resource b656c043-e0e7-4295-b51e-b0e1378be297 (type: security_group_rules) to 0
2026-02-26 02:16:07.551 9 INFO neutron.db.ovn_revision_numbers_db [None req-222325de-eb5e-4fe3-8adc-f8264cff768a bbf1c22f41b943158cd85a9bda41e907 6d914e61d5414143b27b9d384a9380e1 - - default default] Successfully bumped revision number for resource e8fee681-4e60-451a-83b1-b583762ba753 (type: security_group_rules) to 0
2026-02-26 02:16:07.585 9 INFO neutron.api.wsgi [None req-222325de-eb5e-4fe3-8adc-f8264cff768a bbf1c22f41b943158cd85a9bda41e907 6d914e61d5414143b27b9d384a9380e1 - - default default] 162.253.55.43,10.0.0.144 "POST /v2.0/security-groups HTTP/1.1" status: 201 len: 1797 time: 0.1638589
2026-02-26 02:16:08.671 9 INFO neutron.api.wsgi [None req-26d33920-2737-4c2f-bca3-9c962e715ae8 bbf1c22f41b943158cd85a9bda41e907 6d914e61d5414143b27b9d384a9380e1 - - default default] 162.253.55.43,10.0.0.144 "GET /v2.0/security-groups/638209d2-3b25-4a08-b941-2c11d7637c54 HTTP/1.1" status: 200 len: 1792 time: 0.0454822
2026-02-26 02:16:08.697 9 INFO neutron.api.wsgi [None req-780cce77-a5a5-4975-8020-17f1ae2e54dd bbf1c22f41b943158cd85a9bda41e907 6d914e61d5414143b27b9d384a9380e1 - - default default] 162.253.55.43,10.0.0.144 "GET /v2.0/security-groups/638209d2-3b25-4a08-b941-2c11d7637c54 HTTP/1.1" status: 200 len: 1792 time: 0.0197561
2026-02-26 02:16:08.723 9 INFO neutron.api.wsgi [None req-9c5bb160-8a85-4a21-bccc-3db1b7a0da5b bbf1c22f41b943158cd85a9bda41e907 6d914e61d5414143b27b9d384a9380e1 - - default default] 162.253.55.43,10.0.0.144 "GET /v2.0/security-groups/638209d2-3b25-4a08-b941-2c11d7637c54 HTTP/1.1" status: 200 len: 1792 time: 0.0192664
2026-02-26 02:16:08.840 9 INFO neutron.db.ovn_revision_numbers_db [None req-0880a4a6-a895-422c-afa3-3fa644c5aa84 bbf1c22f41b943158cd85a9bda41e907 6d914e61d5414143b27b9d384a9380e1 - - default default] Successfully bumped revision number for resource dcdbf3f3-c824-4203-bdf7-c4ff94c36a18 (type: security_group_rules) to 0
2026-02-26 02:16:08.872 9 INFO neutron.api.wsgi [None req-0880a4a6-a895-422c-afa3-3fa644c5aa84 bbf1c22f41b943158cd85a9bda41e907 6d914e61d5414143b27b9d384a9380e1 - - default default] 162.253.55.43,10.0.0.144 "POST /v2.0/security-group-rules HTTP/1.1" status: 201 len: 781 time: 0.1422429
2026-02-26 02:16:09.693 10 INFO neutron.api.wsgi [None req-4e5952b0-6c56-41e3-8610-37417362d734 bbf1c22f41b943158cd85a9bda41e907 6d914e61d5414143b27b9d384a9380e1 - - default default] 162.253.55.43,10.0.0.144 "GET /v2.0/security-groups/638209d2-3b25-4a08-b941-2c11d7637c54 HTTP/1.1" status: 200 len: 2406 time: 0.0666223
2026-02-26 02:16:09.725 10 INFO neutron.api.wsgi [None req-79207527-62a8-4657-8288-57e4e4b91394 bbf1c22f41b943158cd85a9bda41e907 6d914e61d5414143b27b9d384a9380e1 - - default default] 162.253.55.43,10.0.0.144 "GET /v2.0/security-groups/638209d2-3b25-4a08-b941-2c11d7637c54 HTTP/1.1" status: 200 len: 2406 time: 0.0254683
2026-02-26 02:16:09.752 10 INFO neutron.api.wsgi [None req-540c3fa5-76c5-404e-b6ac-478e4b73dc3f bbf1c22f41b943158cd85a9bda41e907 6d914e61d5414143b27b9d384a9380e1 - - default default] 162.253.55.43,10.0.0.144 "GET /v2.0/security-groups/638209d2-3b25-4a08-b941-2c11d7637c54 HTTP/1.1" status: 200 len: 2406 time: 0.0206907
2026-02-26 02:16:09.860 10 INFO neutron.db.ovn_revision_numbers_db [None req-864fa85e-6209-405f-9af2-bb2fc8044be9 bbf1c22f41b943158cd85a9bda41e907 6d914e61d5414143b27b9d384a9380e1 - - default default] Successfully bumped revision number for resource 2cbae4ce-c0b4-427f-bfef-c5192d49a59a (type: security_group_rules) to 0
2026-02-26 02:16:09.889 10 INFO neutron.api.wsgi [None req-864fa85e-6209-405f-9af2-bb2fc8044be9 bbf1c22f41b943158cd85a9bda41e907 6d914e61d5414143b27b9d384a9380e1 - - default default] 162.253.55.43,10.0.0.144 "POST /v2.0/security-group-rules HTTP/1.1" status: 201 len: 783 time: 0.1326649
2026-02-26 02:16:10.687 10 INFO neutron.api.wsgi [None req-93e62386-fb63-474e-aeb7-6e35f8155e03 bbf1c22f41b943158cd85a9bda41e907 6d914e61d5414143b27b9d384a9380e1 - - default default] 162.253.55.43,10.0.0.144 "GET /v2.0/security-groups/638209d2-3b25-4a08-b941-2c11d7637c54 HTTP/1.1" status: 200 len: 3022 time: 0.0465209
2026-02-26 02:16:10.717 10 INFO neutron.api.wsgi [None req-dbe6495b-d0ab-4ee2-90a0-694523b25718 bbf1c22f41b943158cd85a9bda41e907 6d914e61d5414143b27b9d384a9380e1 - - default default] 162.253.55.43,10.0.0.144 "GET /v2.0/security-groups/638209d2-3b25-4a08-b941-2c11d7637c54 HTTP/1.1" status: 200 len: 3022 time: 0.0221419
2026-02-26 02:16:10.746 10 INFO neutron.api.wsgi [None req-2e797f71-0a5a-4178-aaeb-6bd5873ff78a bbf1c22f41b943158cd85a9bda41e907 6d914e61d5414143b27b9d384a9380e1 - - default default] 162.253.55.43,10.0.0.144 "GET /v2.0/security-groups/638209d2-3b25-4a08-b941-2c11d7637c54 HTTP/1.1" status: 200 len: 3022 time: 0.0222962
2026-02-26 02:16:10.861 10 INFO neutron.db.ovn_revision_numbers_db [None req-574aeea1-c2cc-4e41-b4b4-0a9652ae9572 bbf1c22f41b943158cd85a9bda41e907 6d914e61d5414143b27b9d384a9380e1 - - default default] Successfully bumped revision number for resource 6f913dc3-e5ad-4953-b717-e99cc5e5c248 (type: security_group_rules) to 0
2026-02-26 02:16:10.892 10 INFO neutron.api.wsgi [None req-574aeea1-c2cc-4e41-b4b4-0a9652ae9572 bbf1c22f41b943158cd85a9bda41e907 6d914e61d5414143b27b9d384a9380e1 - - default default] 162.253.55.43,10.0.0.144 "POST /v2.0/security-group-rules HTTP/1.1" status: 201 len: 783 time: 0.1378405
2026-02-26 02:16:11.709 10 INFO neutron.api.wsgi [None req-11fa07d3-404d-466b-a0fd-b7fdc37e5041 bbf1c22f41b943158cd85a9bda41e907 6d914e61d5414143b27b9d384a9380e1 - - default default] 162.253.55.43,10.0.0.144 "GET /v2.0/security-groups/638209d2-3b25-4a08-b941-2c11d7637c54 HTTP/1.1" status: 200 len: 3638 time: 0.0468612
2026-02-26 02:16:11.740 10 INFO neutron.api.wsgi [None req-072b4fc2-4efa-4111-9479-711f12aed232 bbf1c22f41b943158cd85a9bda41e907 6d914e61d5414143b27b9d384a9380e1 - - default default] 162.253.55.43,10.0.0.144 "GET /v2.0/security-groups/638209d2-3b25-4a08-b941-2c11d7637c54 HTTP/1.1" status: 200 len: 3638 time: 0.0242651
2026-02-26 02:16:11.765 15 INFO neutron.db.ovn_revision_numbers_db [None req-6d244616-61fe-4ac0-9214-95c96850cacc - - - - - -] Successfully bumped revision number for resource c583ca4c-ebf6-482f-8023-725b774ef642 (type: networks) to 2
2026-02-26 02:16:11.765 15 INFO neutron.plugins.ml2.drivers.ovn.mech_driver.ovsdb.maintenance [None req-6d244616-61fe-4ac0-9214-95c96850cacc - - - - - -] Maintenance task: Synchronization completed (took 0.10 seconds)
2026-02-26 02:16:11.773 10 INFO neutron.api.wsgi [None req-b55d05d5-eca4-425c-ae1b-def06747919b bbf1c22f41b943158cd85a9bda41e907 6d914e61d5414143b27b9d384a9380e1 - - default default] 162.253.55.43,10.0.0.144 "GET /v2.0/security-groups/638209d2-3b25-4a08-b941-2c11d7637c54 HTTP/1.1" status: 200 len: 3638 time: 0.0257838
2026-02-26 02:16:11.890 10 INFO neutron.db.ovn_revision_numbers_db [None req-c29d4a05-691d-4304-a9e8-35ffd77b1ff1 bbf1c22f41b943158cd85a9bda41e907 6d914e61d5414143b27b9d384a9380e1 - - default default] Successfully bumped revision number for resource 69ca16af-ce2d-4f01-8072-de01b587fe90 (type: security_group_rules) to 0
2026-02-26 02:16:11.917 10 INFO neutron.api.wsgi [None req-c29d4a05-691d-4304-a9e8-35ffd77b1ff1 bbf1c22f41b943158cd85a9bda41e907 6d914e61d5414143b27b9d384a9380e1 - - default default] 162.253.55.43,10.0.0.144 "POST /v2.0/security-group-rules HTTP/1.1" status: 201 len: 783 time: 0.1370122
2026-02-26 02:16:12.779 10 INFO neutron.api.wsgi [None req-ec2caa88-f840-483e-918b-39660ac6ddb3 bbf1c22f41b943158cd85a9bda41e907 6d914e61d5414143b27b9d384a9380e1 - - default default] 162.253.55.43,10.0.0.144 "GET /v2.0/security-groups/638209d2-3b25-4a08-b941-2c11d7637c54 HTTP/1.1" status: 200 len: 4254 time: 0.0860791
2026-02-26 02:16:12.817 10 INFO neutron.api.wsgi [None req-d18a64f1-9924-4595-8c2c-2a6a34853c9a bbf1c22f41b943158cd85a9bda41e907 6d914e61d5414143b27b9d384a9380e1 - - default default] 162.253.55.43,10.0.0.144 "GET /v2.0/security-groups/638209d2-3b25-4a08-b941-2c11d7637c54 HTTP/1.1" status: 200 len: 4254 time: 0.0300324
2026-02-26 02:16:12.852 10 INFO neutron.api.wsgi [None req-69b02997-5f7f-452e-8459-d392b827ba5d bbf1c22f41b943158cd85a9bda41e907 6d914e61d5414143b27b9d384a9380e1 - - default default] 162.253.55.43,10.0.0.144 "GET /v2.0/security-groups/638209d2-3b25-4a08-b941-2c11d7637c54 HTTP/1.1" status: 200 len: 4254 time: 0.0269799
2026-02-26 02:16:12.985 10 INFO neutron.db.ovn_revision_numbers_db [None req-424418c2-dca4-4dee-aa9e-292b967e831b bbf1c22f41b943158cd85a9bda41e907 6d914e61d5414143b27b9d384a9380e1 - - default default] Successfully bumped revision number for resource a8563b8f-f6a0-4b17-8e6c-882152df4bb1 (type: security_group_rules) to 0
2026-02-26 02:16:13.016 10 INFO neutron.api.wsgi [None req-424418c2-dca4-4dee-aa9e-292b967e831b bbf1c22f41b943158cd85a9bda41e907 6d914e61d5414143b27b9d384a9380e1 - - default default] 162.253.55.43,10.0.0.144 "POST /v2.0/security-group-rules HTTP/1.1" status: 201 len: 783 time: 0.1576378
2026-02-26 02:16:14.160 9 INFO neutron.api.wsgi [None req-d56391f5-a6e8-4524-94b2-5dcbbeea3574 bbf1c22f41b943158cd85a9bda41e907 6d914e61d5414143b27b9d384a9380e1 - - default default] 162.253.55.43,10.0.0.144 "GET /v2.0/networks/077d21f0-7753-4461-9224-773ee638745a HTTP/1.1" status: 200 len: 910 time: 0.0695100
2026-02-26 02:16:14.194 9 INFO neutron.pecan_wsgi.hooks.translation [None req-e804c587-fcaa-4297-b2d3-6f8c1ac54f7a bbf1c22f41b943158cd85a9bda41e907 6d914e61d5414143b27b9d384a9380e1 - - default default] GET failed (client error): The resource could not be found.
2026-02-26 02:16:14.195 9 INFO neutron.api.wsgi [None req-e804c587-fcaa-4297-b2d3-6f8c1ac54f7a bbf1c22f41b943158cd85a9bda41e907 6d914e61d5414143b27b9d384a9380e1 - - default default] 162.253.55.43,10.0.0.144 "GET /v2.0/ports/octavia-health-manager-port-instance?network_id=077d21f0-7753-4461-9224-773ee638745a HTTP/1.1" status: 404 len: 314 time: 0.0246904
2026-02-26 02:16:14.225 9 INFO neutron.api.wsgi [None req-d3ce071b-85a2-46e2-a9ca-3dde475ef4ee bbf1c22f41b943158cd85a9bda41e907 6d914e61d5414143b27b9d384a9380e1 - - default default] 162.253.55.43,10.0.0.144 "GET /v2.0/ports?name=octavia-health-manager-port-instance&network_id=077d21f0-7753-4461-9224-773ee638745a HTTP/1.1" status: 200 len: 186 time: 0.0267513
2026-02-26 02:16:14.261 9 INFO neutron.api.wsgi [None req-dd680c38-187b-4c07-811e-32e56d1c5567 bbf1c22f41b943158cd85a9bda41e907 6d914e61d5414143b27b9d384a9380e1 - - default default] 162.253.55.43,10.0.0.144 "GET /v2.0/security-groups/638209d2-3b25-4a08-b941-2c11d7637c54 HTTP/1.1" status: 200 len: 4870 time: 0.0306201
2026-02-26 02:16:14.529 9 WARNING neutron.scheduler.dhcp_agent_scheduler [None req-8e873281-7870-4675-be5b-b260dbd9450f bbf1c22f41b943158cd85a9bda41e907 6d914e61d5414143b27b9d384a9380e1 - - default default] No more DHCP agents
2026-02-26 02:16:14.530 9 WARNING neutron.api.rpc.agentnotifiers.dhcp_rpc_agent_api [None req-8e873281-7870-4675-be5b-b260dbd9450f bbf1c22f41b943158cd85a9bda41e907 6d914e61d5414143b27b9d384a9380e1 - - default default] Unable to schedule network 077d21f0-7753-4461-9224-773ee638745a: no agents available; will retry on subsequent port and subnet creation events.
2026-02-26 02:16:14.632 9 INFO neutron.db.ovn_revision_numbers_db [None req-8e873281-7870-4675-be5b-b260dbd9450f bbf1c22f41b943158cd85a9bda41e907 6d914e61d5414143b27b9d384a9380e1 - - default default] Successfully bumped revision number for resource 0c5ddd70-c1e0-42d5-9ecb-5ffd85c15474 (type: ports) to 1
2026-02-26 02:16:14.652 9 INFO neutron.api.wsgi [None req-8e873281-7870-4675-be5b-b260dbd9450f bbf1c22f41b943158cd85a9bda41e907 6d914e61d5414143b27b9d384a9380e1 - - default default] 162.253.55.43,10.0.0.144 "POST /v2.0/ports HTTP/1.1" status: 201 len: 1277 time: 0.3809776
2026-02-26 02:16:19.989 9 INFO neutron.api.wsgi [-] 10.0.0.144 "GET / HTTP/1.1" status: 200 len: 247 time: 0.0016391
2026-02-26 02:16:19.991 10 INFO neutron.api.wsgi [-] 10.0.0.144 "GET / HTTP/1.1" status: 200 len: 247 time: 0.0027182
2026-02-26 02:16:20.579 10 INFO neutron.pecan_wsgi.hooks.translation [None req-84043d03-296c-4c8e-a599-2c500d56ac7d bbf1c22f41b943158cd85a9bda41e907 6d914e61d5414143b27b9d384a9380e1 - - default default] GET failed (client error): The resource could not be found.
2026-02-26 02:16:20.581 10 INFO neutron.api.wsgi [None req-84043d03-296c-4c8e-a599-2c500d56ac7d bbf1c22f41b943158cd85a9bda41e907 6d914e61d5414143b27b9d384a9380e1 - - default default] 162.253.55.43,10.0.0.144 "GET /v2.0/ports/octavia-health-manager-port-instance HTTP/1.1" status: 404 len: 314 time: 0.0730977
2026-02-26 02:16:20.622 10 INFO neutron.api.wsgi [None req-44801f68-37e2-4622-90bf-ae7b273f86be bbf1c22f41b943158cd85a9bda41e907 6d914e61d5414143b27b9d384a9380e1 - - default default] 162.253.55.43,10.0.0.144 "GET /v2.0/ports?name=octavia-health-manager-port-instance HTTP/1.1" status: 200 len: 1275 time: 0.0375080
2026-02-26 02:16:20.924 10 INFO neutron.db.ovn_revision_numbers_db [None req-d03317c1-8c8d-4bc2-99ca-a933a512a0d9 bbf1c22f41b943158cd85a9bda41e907 6d914e61d5414143b27b9d384a9380e1 - - default default] Successfully bumped revision number for resource 0c5ddd70-c1e0-42d5-9ecb-5ffd85c15474 (type: ports) to 1
2026-02-26 02:16:21.120 10 INFO neutron.db.ovn_revision_numbers_db [None req-d03317c1-8c8d-4bc2-99ca-a933a512a0d9 bbf1c22f41b943158cd85a9bda41e907 6d914e61d5414143b27b9d384a9380e1 - - default default] Successfully bumped revision number for resource 0c5ddd70-c1e0-42d5-9ecb-5ffd85c15474 (type: ports) to 4
2026-02-26 02:16:21.136 10 INFO neutron.api.wsgi [None req-d03317c1-8c8d-4bc2-99ca-a933a512a0d9 bbf1c22f41b943158cd85a9bda41e907 6d914e61d5414143b27b9d384a9380e1 - - default default] 162.253.55.43,10.0.0.144 "PUT /v2.0/ports/0c5ddd70-c1e0-42d5-9ecb-5ffd85c15474 HTTP/1.1" status: 200 len: 1390 time: 0.5069928 /var/lib/openstack/lib/python3.12/site-packages/pycadf/identifier.py:71: UserWarning: Invalid uuid: unknown. To ensure interoperability, identifiers should be a valid uuid. warnings.warn(('Invalid uuid: %s. To ensure interoperability, '
2026-02-26 02:16:22.610 9 INFO neutron.api.wsgi [None req-7cb4e72b-bbeb-4580-b4f4-8f5b048cc1be bbf1c22f41b943158cd85a9bda41e907 6d914e61d5414143b27b9d384a9380e1 - - default default] 162.253.55.43,10.0.0.144 "GET /v2.0/ports HTTP/1.1" status: 200 len: 3507 time: 0.0886841 /var/lib/openstack/lib/python3.12/site-packages/pycadf/identifier.py:71: UserWarning: Invalid uuid: unknown. To ensure interoperability, identifiers should be a valid uuid. warnings.warn(('Invalid uuid: %s. To ensure interoperability, '
2026-02-26 02:16:23.790 10 INFO neutron.api.v2.resource [None req-80702eb3-7cc1-43d8-ab82-3ec924ab1635 bbf1c22f41b943158cd85a9bda41e907 6d914e61d5414143b27b9d384a9380e1 - - default default] show failed (client error): The resource could not be found.
2026-02-26 02:16:23.791 10 INFO neutron.api.wsgi [None req-80702eb3-7cc1-43d8-ab82-3ec924ab1635 bbf1c22f41b943158cd85a9bda41e907 6d914e61d5414143b27b9d384a9380e1 - - default default] 162.253.55.43,10.0.0.144 "GET /v2.0/security-groups/lb-mgmt-sec-grp HTTP/1.1" status: 404 len: 307 time: 0.0370927
2026-02-26 02:16:23.821 10 INFO neutron.api.wsgi [None req-06474bf0-2314-4967-9f6c-67a162b4bf1c bbf1c22f41b943158cd85a9bda41e907 6d914e61d5414143b27b9d384a9380e1 - - default default] 162.253.55.43,10.0.0.144 "GET /v2.0/security-groups?name=lb-mgmt-sec-grp HTTP/1.1" status: 200 len: 197 time: 0.0254796
2026-02-26 02:16:23.944 10 INFO neutron.db.ovn_revision_numbers_db [None req-5264d822-cbcd-4090-a61a-7358b972e221 bbf1c22f41b943158cd85a9bda41e907 6d914e61d5414143b27b9d384a9380e1 - - default default] Successfully bumped revision number for resource eecd0820-58d3-4034-81ff-b83eaa6462cf (type: security_groups) to 1
2026-02-26 02:16:23.963 10 INFO neutron.db.ovn_revision_numbers_db [None req-5264d822-cbcd-4090-a61a-7358b972e221 bbf1c22f41b943158cd85a9bda41e907 6d914e61d5414143b27b9d384a9380e1 - - default default] Successfully bumped revision number for resource 02c5dd67-1481-40cf-9dbb-82f63b008487 (type: security_group_rules) to 0
2026-02-26 02:16:23.976 10 INFO neutron.db.ovn_revision_numbers_db [None req-5264d822-cbcd-4090-a61a-7358b972e221 bbf1c22f41b943158cd85a9bda41e907 6d914e61d5414143b27b9d384a9380e1 - - default default] Successfully bumped revision number for resource 7c005339-76cb-4614-87c2-bf773ae1bbae (type: security_group_rules) to 0
2026-02-26 02:16:24.011 10 INFO neutron.api.wsgi [None req-5264d822-cbcd-4090-a61a-7358b972e221 bbf1c22f41b943158cd85a9bda41e907 6d914e61d5414143b27b9d384a9380e1 - - default default] 162.253.55.43,10.0.0.144 "POST /v2.0/security-groups HTTP/1.1" status: 201 len: 1791 time: 0.1848028
2026-02-26 02:16:24.917 10 INFO neutron.api.wsgi [None req-21524252-ecf4-4b34-8366-f53f39d526d0 bbf1c22f41b943158cd85a9bda41e907 6d914e61d5414143b27b9d384a9380e1 - - default default] 162.253.55.43,10.0.0.144 "GET /v2.0/security-groups/eecd0820-58d3-4034-81ff-b83eaa6462cf HTTP/1.1" status: 200 len: 1786 time: 0.0492566
2026-02-26 02:16:24.945 10 INFO neutron.api.wsgi [None req-c401d825-164c-44a3-a0cf-34a3e8099574 bbf1c22f41b943158cd85a9bda41e907 6d914e61d5414143b27b9d384a9380e1 - - default default] 162.253.55.43,10.0.0.144 "GET /v2.0/security-groups/eecd0820-58d3-4034-81ff-b83eaa6462cf HTTP/1.1" status: 200 len: 1786 time: 0.0203960
2026-02-26 02:16:24.971 10 INFO neutron.api.wsgi [None req-682b52cc-e589-4010-9285-217990316141 bbf1c22f41b943158cd85a9bda41e907 6d914e61d5414143b27b9d384a9380e1 - - default default] 162.253.55.43,10.0.0.144 "GET /v2.0/security-groups/eecd0820-58d3-4034-81ff-b83eaa6462cf HTTP/1.1" status: 200 len: 1786 time: 0.0196881
2026-02-26 02:16:25.112 10 INFO neutron.db.ovn_revision_numbers_db [None req-71f2c14f-dcb8-4510-bbeb-6d667c57fe7c bbf1c22f41b943158cd85a9bda41e907 6d914e61d5414143b27b9d384a9380e1 - - default default] Successfully bumped revision number for resource 8bb6d9a4-3fd8-4bc8-b84c-41ab656431d8 (type: security_group_rules) to 0
2026-02-26 02:16:25.159 10 INFO neutron.api.wsgi [None req-71f2c14f-dcb8-4510-bbeb-6d667c57fe7c bbf1c22f41b943158cd85a9bda41e907 6d914e61d5414143b27b9d384a9380e1 - - default default] 162.253.55.43,10.0.0.144 "POST /v2.0/security-group-rules HTTP/1.1" status: 201 len: 801 time: 0.1799638
2026-02-26 02:16:26.020 9 INFO neutron.api.wsgi [None req-b82b78bb-4f94-49b4-a089-362e54767f99 bbf1c22f41b943158cd85a9bda41e907 6d914e61d5414143b27b9d384a9380e1 - - default default] 162.253.55.43,10.0.0.144 "GET /v2.0/security-groups/eecd0820-58d3-4034-81ff-b83eaa6462cf HTTP/1.1" status: 200 len: 2420 time: 0.0526707
2026-02-26 02:16:26.052 9 INFO neutron.api.wsgi [None req-21cb0394-81f0-4f53-a079-7d19defb9e00 bbf1c22f41b943158cd85a9bda41e907 6d914e61d5414143b27b9d384a9380e1 - - default default] 162.253.55.43,10.0.0.144 "GET /v2.0/security-groups/eecd0820-58d3-4034-81ff-b83eaa6462cf HTTP/1.1" status: 200 len: 2420 time: 0.0243182
2026-02-26 02:16:26.091 9 INFO neutron.api.wsgi [None req-76e762c7-2da8-48ba-8fe9-579b7dc30963 bbf1c22f41b943158cd85a9bda41e907 6d914e61d5414143b27b9d384a9380e1 - - default default] 162.253.55.43,10.0.0.144 "GET /v2.0/security-groups/eecd0820-58d3-4034-81ff-b83eaa6462cf HTTP/1.1" status: 200 len: 2420 time: 0.0322809
2026-02-26 02:16:26.253 9 INFO neutron.db.ovn_revision_numbers_db [None req-b626c407-87c9-43a2-b16f-a5723ec6bb3b bbf1c22f41b943158cd85a9bda41e907 6d914e61d5414143b27b9d384a9380e1 - - default default] Successfully bumped revision number for resource 28c7675e-fb46-4a59-a027-8d0c70229328 (type: security_group_rules) to 0
2026-02-26 02:16:26.340 9 INFO neutron.api.wsgi [None req-b626c407-87c9-43a2-b16f-a5723ec6bb3b bbf1c22f41b943158cd85a9bda41e907 6d914e61d5414143b27b9d384a9380e1 - - default default] 162.253.55.43,10.0.0.144 "POST /v2.0/security-group-rules HTTP/1.1" status: 201 len: 805 time: 0.2419467
2026-02-26 02:16:34.990 10 INFO neutron.api.wsgi [-] 10.0.0.144 "GET / HTTP/1.1" status: 200 len: 247 time: 0.0016589
2026-02-26 02:16:34.991 9 INFO neutron.api.wsgi [-] 10.0.0.144 "GET / HTTP/1.1" status: 200 len: 247 time: 0.0029206
2026-02-26 02:16:49.990 9 INFO neutron.api.wsgi [-] 10.0.0.144 "GET / HTTP/1.1" status: 200 len: 247 time: 0.0016656
2026-02-26 02:16:49.992 9 INFO neutron.api.wsgi [-] 10.0.0.144 "GET / HTTP/1.1" status: 200 len: 247 time: 0.0012283
2026-02-26 02:17:04.992 10 INFO neutron.api.wsgi [-] 10.0.0.144 "GET / HTTP/1.1" status: 200 len: 247 time: 0.0030007
2026-02-26 02:17:04.995 10 INFO neutron.api.wsgi [-] 10.0.0.144 "GET / HTTP/1.1" status: 200 len: 247 time: 0.0020800
2026-02-26 02:17:19.991 10 INFO neutron.api.wsgi [-] 10.0.0.144 "GET / HTTP/1.1" status: 200 len: 247 time: 0.0025399
2026-02-26 02:17:20.026 9 INFO neutron.api.wsgi [-] 10.0.0.144 "GET / HTTP/1.1" status: 200 len: 247 time: 0.0015290
2026-02-26 02:17:34.991 9 INFO neutron.api.wsgi [-] 10.0.0.144 "GET / HTTP/1.1" status: 200 len: 247 time: 0.0022817
2026-02-26 02:17:34.991 10 INFO neutron.api.wsgi [-] 10.0.0.144 "GET / HTTP/1.1" status: 200 len: 247 time: 0.0023913
2026-02-26 02:17:47.288 10 INFO neutron.api.wsgi [None req-ed28ff13-d52a-4c6b-bba7-987cb2a894df bbf1c22f41b943158cd85a9bda41e907 6d914e61d5414143b27b9d384a9380e1 - - default default] 162.253.55.43,10.0.0.144 "GET /v2.0/quotas/6d914e61d5414143b27b9d384a9380e1 HTTP/1.1" status: 200 len: 467 time: 0.0154479 /var/lib/openstack/lib/python3.12/site-packages/neutron/extensions/quotasv2.py:139: UserWarning: Neutron quota engine will require "--force" parameter to set a quota limit without checking the resource usage. warnings.warn('Neutron quota engine will require "--force" '
2026-02-26 02:17:47.666 10 INFO neutron.api.wsgi [None req-02d8d6a2-e505-402a-85d1-240303746318 bbf1c22f41b943158cd85a9bda41e907 6d914e61d5414143b27b9d384a9380e1 - - default default] 162.253.55.43,10.0.0.144 "PUT /v2.0/quotas/6d914e61d5414143b27b9d384a9380e1 HTTP/1.1" status: 200 len: 466 time: 0.0398195
2026-02-26 02:17:49.992 10 INFO neutron.api.wsgi [-] 10.0.0.144 "GET / HTTP/1.1" status: 200 len: 247 time: 0.0013502
2026-02-26 02:17:49.995 9 INFO neutron.api.wsgi [-] 10.0.0.144 "GET / HTTP/1.1" status: 200 len: 247 time: 0.0023029
2026-02-26 02:18:04.990 10 INFO neutron.api.wsgi [-] 10.0.0.144 "GET / HTTP/1.1" status: 200 len: 247 time: 0.0021551
2026-02-26 02:18:04.992 10 INFO neutron.api.wsgi [-] 10.0.0.144 "GET / HTTP/1.1" status: 200 len: 247 time: 0.0015173
2026-02-26 02:18:19.991 10 INFO neutron.api.wsgi [-] 10.0.0.144 "GET / HTTP/1.1" status: 200 len: 247 time: 0.0026262
2026-02-26 02:18:19.992 10 INFO neutron.api.wsgi [-] 10.0.0.144 "GET / HTTP/1.1" status: 200 len: 247 time: 0.0012195
2026-02-26 02:18:34.990 10 INFO neutron.api.wsgi [-] 10.0.0.144 "GET / HTTP/1.1" status: 200 len: 247 time: 0.0023196
2026-02-26 02:18:34.992 9 INFO neutron.api.wsgi [-] 10.0.0.144 "GET / HTTP/1.1" status: 200 len: 247 time: 0.0015132
2026-02-26 02:18:49.991 9 INFO neutron.api.wsgi [-] 10.0.0.144 "GET / HTTP/1.1" status: 200 len: 247 time: 0.0031788
2026-02-26 02:18:49.994 9 INFO neutron.api.wsgi [-] 10.0.0.144 "GET / HTTP/1.1" status: 200 len: 247 time: 0.0019336
2026-02-26 02:19:04.995 10 INFO neutron.api.wsgi [-] 10.0.0.144 "GET / HTTP/1.1" status: 200 len: 247 time: 0.0069542
2026-02-26 02:19:04.997 10 INFO neutron.api.wsgi [-] 10.0.0.144 "GET / HTTP/1.1" status: 200 len: 247 time: 0.0008247
2026-02-26 02:19:19.990 9 INFO neutron.api.wsgi [-] 10.0.0.144 "GET / HTTP/1.1" status: 200 len: 247 time: 0.0025361
2026-02-26 02:19:19.991 10 INFO neutron.api.wsgi [-] 10.0.0.144 "GET / HTTP/1.1" status: 200 len: 247 time: 0.0031447
2026-02-26 02:19:34.991 10 INFO neutron.api.wsgi [-] 10.0.0.144 "GET / HTTP/1.1" status: 200 len: 247 time: 0.0024612
2026-02-26 02:19:34.994 10 INFO neutron.api.wsgi [-] 10.0.0.144 "GET / HTTP/1.1" status: 200 len: 247 time: 0.0022933
2026-02-26 02:19:49.989 10 INFO neutron.api.wsgi [-] 10.0.0.144 "GET / HTTP/1.1" status: 200 len: 247 time: 0.0020735
2026-02-26 02:19:49.989 9 INFO neutron.api.wsgi [-] 10.0.0.144 "GET / HTTP/1.1" status: 200 len: 247 time: 0.0019436 /var/lib/openstack/lib/python3.12/site-packages/pycadf/identifier.py:71: UserWarning: Invalid uuid: neutron. To ensure interoperability, identifiers should be a valid uuid. warnings.warn(('Invalid uuid: %s. To ensure interoperability, '
2026-02-26 02:19:59.052 10 INFO neutron.pecan_wsgi.hooks.translation [None req-e326244b-d6e8-4c23-995d-0fac16a0e1ba bbf1c22f41b943158cd85a9bda41e907 6d914e61d5414143b27b9d384a9380e1 - - default default] GET failed (client error): The resource could not be found.
2026-02-26 02:19:59.053 10 INFO neutron.api.wsgi [None req-e326244b-d6e8-4c23-995d-0fac16a0e1ba bbf1c22f41b943158cd85a9bda41e907 6d914e61d5414143b27b9d384a9380e1 - - default default] 162.253.55.43 "GET /v2.0/ports/octavia-health-manager-port-instance HTTP/1.1" status: 404 len: 338 time: 0.1361232
2026-02-26 02:19:59.086 10 INFO neutron.api.wsgi [None req-def94e77-a467-490d-b2f2-9c43c0b19c8b bbf1c22f41b943158cd85a9bda41e907 6d914e61d5414143b27b9d384a9380e1 - - default default] 162.253.55.43 "GET /v2.0/ports?name=octavia-health-manager-port-instance HTTP/1.1" status: 200 len: 1417 time: 0.0300746 /var/lib/openstack/lib/python3.12/site-packages/pycadf/identifier.py:71: UserWarning: Invalid uuid: neutron. To ensure interoperability, identifiers should be a valid uuid. warnings.warn(('Invalid uuid: %s. To ensure interoperability, '
2026-02-26 02:20:00.958 9 INFO neutron.pecan_wsgi.hooks.translation [None req-0c06a30c-bd7a-454d-94ae-142054476f70 bbf1c22f41b943158cd85a9bda41e907 6d914e61d5414143b27b9d384a9380e1 - - default default] GET failed (client error): The resource could not be found.
2026-02-26 02:20:00.959 9 INFO neutron.api.wsgi [None req-0c06a30c-bd7a-454d-94ae-142054476f70 bbf1c22f41b943158cd85a9bda41e907 6d914e61d5414143b27b9d384a9380e1 - - default default] 162.253.55.43 "GET /v2.0/ports/octavia-health-manager-port-instance HTTP/1.1" status: 404 len: 338 time: 0.1433184
2026-02-26 02:20:01.016 9 INFO neutron.api.wsgi [None req-32131374-0c54-47e7-b45b-8c987c773c95 bbf1c22f41b943158cd85a9bda41e907 6d914e61d5414143b27b9d384a9380e1 - - default default] 162.253.55.43 "GET /v2.0/ports?name=octavia-health-manager-port-instance HTTP/1.1" status: 200 len: 1417 time: 0.0532265
2026-02-26 02:20:02.558 9 INFO neutron.plugins.ml2.drivers.ovn.mech_driver.mech_driver [-] OVN reports status up for port: 0c5ddd70-c1e0-42d5-9ecb-5ffd85c15474
2026-02-26 02:20:02.572 9 INFO neutron.plugins.ml2.plugin [None req-809067bd-9aac-4161-bd41-0d98c52e38ce - - - - - -] Attempt 1 to provision port 0c5ddd70-c1e0-42d5-9ecb-5ffd85c15474
2026-02-26 02:20:02.819 9 INFO neutron.db.ovn_revision_numbers_db [None req-809067bd-9aac-4161-bd41-0d98c52e38ce - - - - - -] Successfully bumped revision number for resource 0c5ddd70-c1e0-42d5-9ecb-5ffd85c15474 (type: ports) to 5
2026-02-26 02:20:04.989 10 INFO neutron.api.wsgi [-] 10.0.0.144 "GET / HTTP/1.1" status: 200 len: 247 time: 0.0015316
2026-02-26 02:20:04.991 10 INFO neutron.api.wsgi [-] 10.0.0.144 "GET / HTTP/1.1" status: 200 len: 247 time: 0.0012488
2026-02-26 02:20:19.991 9 INFO neutron.api.wsgi [-] 10.0.0.144 "GET / HTTP/1.1" status: 200 len: 247 time: 0.0023563
2026-02-26 02:20:19.994 10 INFO neutron.api.wsgi [-] 10.0.0.144 "GET / HTTP/1.1" status: 200 len: 247 time: 0.0041032
2026-02-26 02:20:34.993 10 INFO neutron.api.wsgi [-] 10.0.0.144 "GET / HTTP/1.1" status: 200 len: 247 time: 0.0033090
2026-02-26 02:20:34.999 10 INFO neutron.api.wsgi [-] 10.0.0.144 "GET / HTTP/1.1" status: 200 len: 247 time: 0.0013456
2026-02-26 02:20:49.991 10 INFO neutron.api.wsgi [-] 10.0.0.144 "GET / HTTP/1.1" status: 200 len: 247 time: 0.0028832
2026-02-26 02:20:49.990 9 INFO neutron.api.wsgi [-] 10.0.0.144 "GET / HTTP/1.1" status: 200 len: 247 time: 0.0026081
2026-02-26 02:21:04.991 9 INFO neutron.api.wsgi [-] 10.0.0.144 "GET / HTTP/1.1" status: 200 len: 247 time: 0.0035427
2026-02-26 02:21:04.994 9 INFO neutron.api.wsgi [-] 10.0.0.144 "GET / HTTP/1.1" status: 200 len: 247 time: 0.0019934
2026-02-26 02:21:11.749 15 INFO neutron.db.ovn_revision_numbers_db [None req-6d244616-61fe-4ac0-9214-95c96850cacc - - - - - -] Successfully bumped revision number for resource 077d21f0-7753-4461-9224-773ee638745a (type: networks) to 2
2026-02-26 02:21:11.804 15 INFO neutron.db.ovn_revision_numbers_db [None req-6d244616-61fe-4ac0-9214-95c96850cacc - - - - - -] Successfully bumped revision number for resource 638209d2-3b25-4a08-b941-2c11d7637c54 (type: security_groups) to 6
2026-02-26 02:21:11.836 15 INFO neutron.db.ovn_revision_numbers_db [None req-6d244616-61fe-4ac0-9214-95c96850cacc - - - - - -] Successfully bumped revision number for resource eecd0820-58d3-4034-81ff-b83eaa6462cf (type: security_groups) to 3
2026-02-26 02:21:11.836 15 INFO neutron.plugins.ml2.drivers.ovn.mech_driver.ovsdb.maintenance [None req-6d244616-61fe-4ac0-9214-95c96850cacc - - - - - -] Maintenance task: Synchronization completed (took 0.16 seconds)
2026-02-26 02:21:19.992 9 INFO neutron.api.wsgi [-] 10.0.0.144 "GET / HTTP/1.1" status: 200 len: 247 time: 0.0030775
2026-02-26 02:21:19.995 10 INFO neutron.api.wsgi [-] 10.0.0.144 "GET / HTTP/1.1" status: 200 len: 247 time: 0.0032318
2026-02-26 02:21:34.990 10 INFO neutron.api.wsgi [-] 10.0.0.144 "GET / HTTP/1.1" status: 200 len: 247 time: 0.0022886
2026-02-26 02:21:34.995 9 INFO neutron.api.wsgi [-] 10.0.0.144 "GET / HTTP/1.1" status: 200 len: 247 time: 0.0063417
2026-02-26 02:21:49.989 10 INFO neutron.api.wsgi [-] 10.0.0.144 "GET / HTTP/1.1" status: 200 len: 247 time: 0.0013006
2026-02-26 02:21:49.990 9 INFO neutron.api.wsgi [-] 10.0.0.144 "GET / HTTP/1.1" status: 200 len: 247 time: 0.0022287
2026-02-26 02:22:04.989 9 INFO neutron.api.wsgi [-] 10.0.0.144 "GET / HTTP/1.1" status: 200 len: 247 time: 0.0011511
2026-02-26 02:22:04.990 9 INFO neutron.api.wsgi [-] 10.0.0.144 "GET / HTTP/1.1" status: 200 len: 247 time: 0.0008755
2026-02-26 02:22:19.990 9 INFO neutron.api.wsgi [-] 10.0.0.144 "GET / HTTP/1.1" status: 200 len: 247 time: 0.0017719
2026-02-26 02:22:19.992 9 INFO neutron.api.wsgi [-] 10.0.0.144 "GET / HTTP/1.1" status: 200 len: 247 time: 0.0009181
2026-02-26 02:22:34.989 9 INFO neutron.api.wsgi [-] 10.0.0.144 "GET / HTTP/1.1" status: 200 len: 247 time: 0.0012176
2026-02-26 02:22:34.990 10 INFO neutron.api.wsgi [-] 10.0.0.144 "GET / HTTP/1.1" status: 200 len: 247 time: 0.0018806
2026-02-26 02:22:49.990 9 INFO neutron.api.wsgi [-] 10.0.0.144 "GET / HTTP/1.1" status: 200 len: 247 time: 0.0016077
2026-02-26 02:22:49.992 9 INFO neutron.api.wsgi [-] 10.0.0.144 "GET / HTTP/1.1" status: 200 len: 247 time: 0.0012856
2026-02-26 02:23:04.990 10 INFO neutron.api.wsgi [-] 10.0.0.144 "GET / HTTP/1.1" status: 200 len: 247 time: 0.0019517
2026-02-26 02:23:04.990 9 INFO neutron.api.wsgi [-] 10.0.0.144 "GET / HTTP/1.1" status: 200 len: 247 time: 0.0021315
2026-02-26 02:23:19.992 9 INFO neutron.api.wsgi [-] 10.0.0.144 "GET / HTTP/1.1" status: 200 len: 247 time: 0.0028512
2026-02-26 02:23:19.994 9 INFO neutron.api.wsgi [-] 10.0.0.144 "GET / HTTP/1.1" status: 200 len: 247 time: 0.0008554
2026-02-26 02:23:34.991 10 INFO neutron.api.wsgi [-] 10.0.0.144 "GET / HTTP/1.1" status: 200 len: 247 time: 0.0029354
2026-02-26 02:23:34.995 10 INFO neutron.api.wsgi [-] 10.0.0.144 "GET / HTTP/1.1" status: 200 len: 247 time: 0.0032976
2026-02-26 02:23:49.990 9 INFO neutron.api.wsgi [-] 10.0.0.144 "GET / HTTP/1.1" status: 200 len: 247 time: 0.0012648
2026-02-26 02:23:49.993 10 INFO neutron.api.wsgi [-] 10.0.0.144 "GET / HTTP/1.1" status: 200 len: 247 time: 0.0050535
2026-02-26 02:24:04.990 10 INFO neutron.api.wsgi [-] 10.0.0.144 "GET / HTTP/1.1" status: 200 len: 247 time: 0.0022926
2026-02-26 02:24:04.991 9 INFO neutron.api.wsgi [-] 10.0.0.144 "GET / HTTP/1.1" status: 200 len: 247 time: 0.0029154
2026-02-26 02:24:19.990 9 INFO neutron.api.wsgi [-] 10.0.0.144 "GET / HTTP/1.1" status: 200 len: 247 time: 0.0019042
2026-02-26 02:24:19.992 10 INFO neutron.api.wsgi [-] 10.0.0.144 "GET / HTTP/1.1" status: 200 len: 247 time: 0.0043380
2026-02-26 02:24:34.990 10 INFO neutron.api.wsgi [-] 10.0.0.144 "GET / HTTP/1.1" status: 200 len: 247 time: 0.0021138
