2026-02-26 02:46:30.070 10 INFO neutron.api.wsgi [None req-d2efab6a-167e-4aa2-889d-8a1b2ce2ff23 f46e6a30f5964311989598bc48d69533 1c24e5f5c32b4d7b8c898867ad3c366f - - default default] 10.0.0.41 "POST /v2.0/security-group-rules HTTP/1.1" status: 201 len: 806 time: 0.2494695
2026-02-26 02:46:30.081 9 WARNING neutron_lib.context [None req-d45d70c2-b1e4-462c-8d45-45da02df500c f46e6a30f5964311989598bc48d69533 1c24e5f5c32b4d7b8c898867ad3c366f - - default default] Method 'is_advsvc' is deprecated since 2023.2 release (neutron-lib 3.8.0) and will be removed once support for the old RBAC API policies will be removed from Neutron. Please use method 'is_service_role' instead.
2026-02-26 02:46:30.116 9 INFO neutron.db.securitygroups_db [None req-d45d70c2-b1e4-462c-8d45-45da02df500c f46e6a30f5964311989598bc48d69533 1c24e5f5c32b4d7b8c898867ad3c366f - - default default] Project 1c24e5f5c32b4d7b8c898867ad3c366f added a security group rule with legacy IPv6 ICMP protocol name icmp, ipv6-icmp should be used instead. It was automatically converted.
2026-02-26 02:46:30.242 10 INFO neutron.api.wsgi [req-3a989261-9e5c-44aa-a2e5-ba588273762a req-28fdd937-702b-4c7e-a671-31b14f55e546 d892fce6ee744e3ca626bfc94fe1246b be9abaf8ad7141e59d58a44111b259b0 - - 2d7226f8ed1d40f98a6941b88a2fbe60 2d7226f8ed1d40f98a6941b88a2fbe60] 162.253.55.43 "GET /v2.0/ports?tenant_id=28e47617a90c41ad9bcc8939855426cc&device_id=262a461f-6029-49fa-9467-a9add6e02a58 HTTP/1.1" status: 200 len: 1409 time: 0.0545349
2026-02-26 02:46:30.255 9 INFO neutron.db.ovn_revision_numbers_db [None req-d45d70c2-b1e4-462c-8d45-45da02df500c f46e6a30f5964311989598bc48d69533 1c24e5f5c32b4d7b8c898867ad3c366f - - default default] Successfully bumped revision number for resource 9b9a3462-21a6-4c29-b717-aadbe2dd8acd (type: security_group_rules) to 0
2026-02-26 02:46:30.288 9 INFO neutron.api.wsgi [None req-d45d70c2-b1e4-462c-8d45-45da02df500c f46e6a30f5964311989598bc48d69533 1c24e5f5c32b4d7b8c898867ad3c366f - - default default] 10.0.0.41 "POST /v2.0/security-group-rules HTTP/1.1" status: 201 len: 805 time: 0.2119114
2026-02-26 02:46:30.409 10 INFO neutron.db.ovn_revision_numbers_db [None req-bbb9df8f-1bc4-46ec-836c-8e7d77493a8d 1189b775fe67467f87087513d2f5e815 6270b4a418d7463393c4868f38939307 - - default default] Successfully bumped revision number for resource 3d801202-87f4-46b9-82d1-55352a5c28bb (type: ports) to 1
2026-02-26 02:46:30.450 9 WARNING neutron.plugins.ml2.drivers.ovn.mech_driver.ovsdb.ovn_client [None req-6b23fcf2-eb3e-40c4-8c11-41027db92feb - - - - - -] No port found with ID 49884c68-4b33-40ac-be31-4c6259adc943: RuntimeError: No port found with ID 49884c68-4b33-40ac-be31-4c6259adc943
2026-02-26 02:46:30.456 10 WARNING neutron.scheduler.dhcp_agent_scheduler [None req-bbb9df8f-1bc4-46ec-836c-8e7d77493a8d 1189b775fe67467f87087513d2f5e815 6270b4a418d7463393c4868f38939307 - - default default] No more DHCP agents
2026-02-26 02:46:30.456 9 INFO neutron.plugins.ml2.drivers.ovn.mech_driver.mech_driver [None req-6b23fcf2-eb3e-40c4-8c11-41027db92feb - - - - - -] OVN reports status up for port: 191d5aae-f268-4ca9-bb4d-d6d4bccc18a6
2026-02-26 02:46:30.457 10 WARNING neutron.api.rpc.agentnotifiers.dhcp_rpc_agent_api [None req-bbb9df8f-1bc4-46ec-836c-8e7d77493a8d 1189b775fe67467f87087513d2f5e815 6270b4a418d7463393c4868f38939307 - - default default] Unable to schedule network 0b321d92-67d4-46cf-9623-f25eca382485: no agents available; will retry on subsequent port and subnet creation events.
2026-02-26 02:46:30.467 9 INFO neutron.plugins.ml2.plugin [None req-6b23fcf2-eb3e-40c4-8c11-41027db92feb - - - - - -] Attempt 1 to provision port 191d5aae-f268-4ca9-bb4d-d6d4bccc18a6
2026-02-26 02:46:30.538 9 INFO neutron.plugins.ml2.drivers.ovn.mech_driver.ovsdb.commands [None req-0ce5eec3-8b26-42b6-9ef9-4732a6fe266d - - - - - -] Schedule LRP lrp-abacd315-5229-4b37-87ab-db9e8186bcf9 on gateway 81e7f5e7-e13f-4d7a-8aa7-ec11d0d76856 with priority 1
2026-02-26 02:46:30.583 10 INFO neutron.plugins.ml2.drivers.ovn.mech_driver.ovsdb.ovsdb_monitor [None req-f31c5fa7-9dda-47ad-87a6-a15ee93a3fbe - - - - - -] Router a11e9aee-1067-44f8-9488-b0fd272040af is bound to host instance
2026-02-26 02:46:30.603 9 INFO neutron.db.ovn_revision_numbers_db [None req-88ebe4e4-286f-417e-9223-53ebfae47f74 299809e92c5443f895650aa2cae9a91f 107dc06654c34fedbd6abce68917b586 - - default default] Successfully bumped revision number for resource abacd315-5229-4b37-87ab-db9e8186bcf9 (type: router_ports) to 1
2026-02-26 02:46:30.655 10 WARNING neutron_lib.context [None req-88df1191-2d90-4d5a-95d4-87c97b7a3699 f46e6a30f5964311989598bc48d69533 1c24e5f5c32b4d7b8c898867ad3c366f - - default default] Method 'is_advsvc' is deprecated since 2023.2 release (neutron-lib 3.8.0) and will be removed once support for the old RBAC API policies will be removed from Neutron. Please use method 'is_service_role' instead.
2026-02-26 02:46:30.669 10 INFO neutron.db.ovn_revision_numbers_db [None req-bbb9df8f-1bc4-46ec-836c-8e7d77493a8d 1189b775fe67467f87087513d2f5e815 6270b4a418d7463393c4868f38939307 - - default default] Successfully bumped revision number for resource 3d801202-87f4-46b9-82d1-55352a5c28bb (type: router_ports) to 1
2026-02-26 02:46:30.673 10 INFO neutron.api.wsgi [None req-bbb9df8f-1bc4-46ec-836c-8e7d77493a8d 1189b775fe67467f87087513d2f5e815 6270b4a418d7463393c4868f38939307 - - default default] 10.0.0.41 "PUT /v2.0/routers/159a1947-6d42-4dc5-86b4-bbae3839adb2/add_router_interface HTTP/1.1" status: 200 len: 503 time: 1.2463932
2026-02-26 02:46:30.687 9 INFO neutron.db.ovn_revision_numbers_db [None req-88ebe4e4-286f-417e-9223-53ebfae47f74 299809e92c5443f895650aa2cae9a91f 107dc06654c34fedbd6abce68917b586 - - default default] Successfully bumped revision number for resource a11e9aee-1067-44f8-9488-b0fd272040af (type: routers) to 2
2026-02-26 02:46:30.710 9 INFO neutron.api.wsgi [None req-62039bcd-b91c-441d-b247-0b691f2acc23 1189b775fe67467f87087513d2f5e815 6270b4a418d7463393c4868f38939307 - - default default] 10.0.0.41 "GET /v2.0/ports/3d801202-87f4-46b9-82d1-55352a5c28bb HTTP/1.1" status: 200 len: 1135 time: 0.0294244
2026-02-26 02:46:30.713 9 INFO neutron.api.wsgi [None req-88ebe4e4-286f-417e-9223-53ebfae47f74 299809e92c5443f895650aa2cae9a91f 107dc06654c34fedbd6abce68917b586 - - default default] 10.0.0.41 "POST /v2.0/routers HTTP/1.1" status: 201 len: 1143 time: 1.2678370
2026-02-26 02:46:30.763 9 INFO neutron.api.wsgi [None req-6451647e-f013-4423-a599-dcb8ca98a5c5 1189b775fe67467f87087513d2f5e815 6270b4a418d7463393c4868f38939307 - - default default] 10.0.0.41 "GET /v2.0/ports/3d801202-87f4-46b9-82d1-55352a5c28bb HTTP/1.1" status: 200 len: 1135 time: 0.0470936
2026-02-26 02:46:30.797 10 INFO neutron.db.ovn_revision_numbers_db [None req-88df1191-2d90-4d5a-95d4-87c97b7a3699 f46e6a30f5964311989598bc48d69533 1c24e5f5c32b4d7b8c898867ad3c366f - - default default] Successfully bumped revision number for resource 22ad0ad5-c308-4d94-af80-92bcd83192ac (type: security_groups) to 1
2026-02-26 02:46:30.818 10 INFO neutron.api.wsgi [req-3a989261-9e5c-44aa-a2e5-ba588273762a req-34d24361-e552-4525-ac62-b44cf2f82c40 d892fce6ee744e3ca626bfc94fe1246b be9abaf8ad7141e59d58a44111b259b0 - - 2d7226f8ed1d40f98a6941b88a2fbe60 2d7226f8ed1d40f98a6941b88a2fbe60] 162.253.55.43 "GET /v2.0/networks?id=9ea28c7d-c77d-4399-aaf6-bc050ea1b11b HTTP/1.1" status: 200 len: 974 time: 0.0665648
2026-02-26 02:46:30.823 10 INFO neutron.db.ovn_revision_numbers_db [None req-88df1191-2d90-4d5a-95d4-87c97b7a3699 f46e6a30f5964311989598bc48d69533 1c24e5f5c32b4d7b8c898867ad3c366f - - default default] Successfully bumped revision number for resource 9e7eb010-f47f-4e2f-9668-3cf7b506b127 (type: security_group_rules) to 0
2026-02-26 02:46:30.843 10 INFO neutron.db.ovn_revision_numbers_db [None req-88df1191-2d90-4d5a-95d4-87c97b7a3699 f46e6a30f5964311989598bc48d69533 1c24e5f5c32b4d7b8c898867ad3c366f - - default default] Successfully bumped revision number for resource cd470b64-c4d3-475a-a7ab-444a72c904a5 (type: security_group_rules) to 0
2026-02-26 02:46:30.873 10 INFO neutron.api.wsgi [req-3a989261-9e5c-44aa-a2e5-ba588273762a req-46eee86a-2dce-423f-a968-298d2939f980 d892fce6ee744e3ca626bfc94fe1246b be9abaf8ad7141e59d58a44111b259b0 - - 2d7226f8ed1d40f98a6941b88a2fbe60 2d7226f8ed1d40f98a6941b88a2fbe60] 162.253.55.43 "GET /v2.0/floatingips?fixed_ip_address=10.100.0.4&port_id=6ccfa208-6348-4cea-9b6f-dbda7ae946d0 HTTP/1.1" status: 200 len: 1059 time: 0.0489547
2026-02-26 02:46:30.896 10 INFO neutron.api.wsgi [None req-88df1191-2d90-4d5a-95d4-87c97b7a3699 f46e6a30f5964311989598bc48d69533 1c24e5f5c32b4d7b8c898867ad3c366f - - default default] 10.0.0.41 "POST /v2.0/security-groups HTTP/1.1" status: 201 len: 1860 time: 0.2467518
2026-02-26 02:46:30.905 9 WARNING neutron_lib.context [None req-91ab4714-1878-47f3-bce8-05bfa7cd8417 f46e6a30f5964311989598bc48d69533 1c24e5f5c32b4d7b8c898867ad3c366f - - default default] Method 'is_advsvc' is deprecated since 2023.2 release (neutron-lib 3.8.0) and will be removed once support for the old RBAC API policies will be removed from Neutron. Please use method 'is_service_role' instead.
2026-02-26 02:46:30.910 10 INFO neutron.api.wsgi [req-3a989261-9e5c-44aa-a2e5-ba588273762a req-6288c15f-44e2-46fa-b931-f13a5af65f82 d892fce6ee744e3ca626bfc94fe1246b be9abaf8ad7141e59d58a44111b259b0 - - 2d7226f8ed1d40f98a6941b88a2fbe60 2d7226f8ed1d40f98a6941b88a2fbe60] 162.253.55.43 "GET /v2.0/subnets?id=fcc25c10-c3be-4412-8818-30bf76793fc5 HTTP/1.1" status: 200 len: 893 time: 0.0290191
2026-02-26 02:46:30.930 10 INFO neutron.api.wsgi [req-3a989261-9e5c-44aa-a2e5-ba588273762a req-835d5db9-64a9-4883-bcc1-c57f2107fa41 d892fce6ee744e3ca626bfc94fe1246b be9abaf8ad7141e59d58a44111b259b0 - - 2d7226f8ed1d40f98a6941b88a2fbe60 2d7226f8ed1d40f98a6941b88a2fbe60] 162.253.55.43 "GET /v2.0/ports?network_id=9ea28c7d-c77d-4399-aaf6-bc050ea1b11b&device_owner=network%3Adhcp HTTP/1.1" status: 200 len: 210 time: 0.0141220
2026-02-26 02:46:30.983 10 INFO neutron.api.wsgi [req-3a989261-9e5c-44aa-a2e5-ba588273762a req-044c68fc-2eff-4775-bd4e-14cd54f6bf3e d892fce6ee744e3ca626bfc94fe1246b be9abaf8ad7141e59d58a44111b259b0 - - 2d7226f8ed1d40f98a6941b88a2fbe60 2d7226f8ed1d40f98a6941b88a2fbe60] 162.253.55.43 "GET /v2.0/networks/9ea28c7d-c77d-4399-aaf6-bc050ea1b11b?fields=segments HTTP/1.1" status: 200 len: 212 time: 0.0477581
2026-02-26 02:46:30.989 9 INFO neutron.db.ovn_revision_numbers_db [None req-6b23fcf2-eb3e-40c4-8c11-41027db92feb - - - - - -] Successfully bumped revision number for resource 191d5aae-f268-4ca9-bb4d-d6d4bccc18a6 (type: ports) to 2
2026-02-26 02:46:31.041 10 INFO neutron.api.wsgi [req-3a989261-9e5c-44aa-a2e5-ba588273762a req-d97b0390-7b05-461b-8242-d7667eea4557 d892fce6ee744e3ca626bfc94fe1246b be9abaf8ad7141e59d58a44111b259b0 - - 2d7226f8ed1d40f98a6941b88a2fbe60 2d7226f8ed1d40f98a6941b88a2fbe60] 162.253.55.43 "GET /v2.0/networks/9ea28c7d-c77d-4399-aaf6-bc050ea1b11b?fields=provider%3Aphysical_network&fields=provider%3Anetwork_type HTTP/1.1" status: 200 len: 277 time: 0.0520797
2026-02-26 02:46:31.076 10 INFO neutron.db.ovn_revision_numbers_db [None req-eb2ecbb1-0595-4b5f-ba63-7dca4ab7a942 - - - - - -] Successfully bumped revision number for resource abacd315-5229-4b37-87ab-db9e8186bcf9 (type: ports) to 1
2026-02-26 02:46:31.092 9 INFO neutron.db.ovn_revision_numbers_db [None req-91ab4714-1878-47f3-bce8-05bfa7cd8417 f46e6a30f5964311989598bc48d69533 1c24e5f5c32b4d7b8c898867ad3c366f - - default default] Successfully bumped revision number for resource baa8ba3b-56a7-44aa-8e56-922a6bd127a0 (type: security_group_rules) to 0
2026-02-26 02:46:31.138 9 INFO neutron.api.wsgi [None req-91ab4714-1878-47f3-bce8-05bfa7cd8417 f46e6a30f5964311989598bc48d69533 1c24e5f5c32b4d7b8c898867ad3c366f - - default default] 10.0.0.41 "POST /v2.0/security-group-rules HTTP/1.1" status: 201 len: 796 time: 0.2367980
2026-02-26 02:46:31.150 10 WARNING neutron_lib.context [None req-38c0adea-5849-4926-85a5-396c9a38316b f46e6a30f5964311989598bc48d69533 1c24e5f5c32b4d7b8c898867ad3c366f - - default default] Method 'is_advsvc' is deprecated since 2023.2 release (neutron-lib 3.8.0) and will be removed once support for the old RBAC API policies will be removed from Neutron. Please use method 'is_service_role' instead.
2026-02-26 02:46:31.281 9 WARNING neutron.scheduler.dhcp_agent_scheduler [None req-30b4882a-39f7-4949-a886-96a043fe490f 299809e92c5443f895650aa2cae9a91f 107dc06654c34fedbd6abce68917b586 - - default default] No more DHCP agents
2026-02-26 02:46:31.283 9 WARNING neutron.api.rpc.agentnotifiers.dhcp_rpc_agent_api [None req-30b4882a-39f7-4949-a886-96a043fe490f 299809e92c5443f895650aa2cae9a91f 107dc06654c34fedbd6abce68917b586 - - default default] Unable to schedule network d2dc6e31-66d3-4f75-9738-433acd141c0e: no agents available; will retry on subsequent port and subnet creation events.
2026-02-26 02:46:31.297 10 INFO neutron.db.ovn_revision_numbers_db [None req-38c0adea-5849-4926-85a5-396c9a38316b f46e6a30f5964311989598bc48d69533 1c24e5f5c32b4d7b8c898867ad3c366f - - default default] Successfully bumped revision number for resource d08eaaa7-2765-478d-9d1a-009f95463c47 (type: security_group_rules) to 0
2026-02-26 02:46:31.337 10 INFO neutron.api.wsgi [None req-38c0adea-5849-4926-85a5-396c9a38316b f46e6a30f5964311989598bc48d69533 1c24e5f5c32b4d7b8c898867ad3c366f - - default default] 10.0.0.41 "POST /v2.0/security-group-rules HTTP/1.1" status: 201 len: 801 time: 0.1910474
2026-02-26 02:46:31.349 9 WARNING neutron_lib.context [None req-e2e493a2-7c4c-43a4-bfec-1758e883c2a8 f46e6a30f5964311989598bc48d69533 1c24e5f5c32b4d7b8c898867ad3c366f - - default default] Method 'is_advsvc' is deprecated since 2023.2 release (neutron-lib 3.8.0) and will be removed once support for the old RBAC API policies will be removed from Neutron. Please use method 'is_service_role' instead.
2026-02-26 02:46:31.401 10 INFO neutron.db.ovn_revision_numbers_db [None req-eb2ecbb1-0595-4b5f-ba63-7dca4ab7a942 - - - - - -] Successfully bumped revision number for resource abacd315-5229-4b37-87ab-db9e8186bcf9 (type: ports) to 4
2026-02-26 02:46:31.404 9 INFO neutron.db.ovn_revision_numbers_db [None req-30b4882a-39f7-4949-a886-96a043fe490f 299809e92c5443f895650aa2cae9a91f 107dc06654c34fedbd6abce68917b586 - - default default] Successfully bumped revision number for resource bdcdd7c2-9e7e-40e5-85c8-fb9bb370fb7b (type: ports) to 1
2026-02-26 02:46:31.688 10 INFO neutron.db.ovn_revision_numbers_db [None req-eb2ecbb1-0595-4b5f-ba63-7dca4ab7a942 - - - - - -] Successfully bumped revision number for resource abacd315-5229-4b37-87ab-db9e8186bcf9 (type: ports) to 5
2026-02-26 02:46:31.771 9 WARNING neutron.scheduler.dhcp_agent_scheduler [None req-e2e493a2-7c4c-43a4-bfec-1758e883c2a8 f46e6a30f5964311989598bc48d69533 1c24e5f5c32b4d7b8c898867ad3c366f - - default default] No more DHCP agents
2026-02-26 02:46:31.774 9 WARNING neutron.api.rpc.agentnotifiers.dhcp_rpc_agent_api [None req-e2e493a2-7c4c-43a4-bfec-1758e883c2a8 f46e6a30f5964311989598bc48d69533 1c24e5f5c32b4d7b8c898867ad3c366f - - default default] Unable to schedule network c583ca4c-ebf6-482f-8023-725b774ef642: no agents available; will retry on subsequent port and subnet creation events.
2026-02-26 02:46:31.834 10 INFO neutron.api.wsgi [None req-d4cb3040-f37a-4c42-97dd-45a09e59001d 1189b775fe67467f87087513d2f5e815 6270b4a418d7463393c4868f38939307 - - default default] 10.0.0.41 "GET /v2.0/ports/3d801202-87f4-46b9-82d1-55352a5c28bb HTTP/1.1" status: 200 len: 1135 time: 0.0658801
2026-02-26 02:46:32.071 9 INFO neutron.api.wsgi [None req-e2e493a2-7c4c-43a4-bfec-1758e883c2a8 f46e6a30f5964311989598bc48d69533 1c24e5f5c32b4d7b8c898867ad3c366f - - default default] 10.0.0.41 "POST /v2.0/floatingips HTTP/1.1" status: 201 len: 751 time: 0.7268956
2026-02-26 02:46:32.163 10 INFO neutron.plugins.ml2.drivers.ovn.mech_driver.mech_driver [None req-983ee180-b038-4c18-884f-c2570bf29ab9 - - - - - -] OVN reports status up for port: bdcdd7c2-9e7e-40e5-85c8-fb9bb370fb7b
2026-02-26 02:46:32.173 10 INFO neutron.plugins.ml2.plugin [None req-983ee180-b038-4c18-884f-c2570bf29ab9 - - - - - -] Attempt 1 to provision port bdcdd7c2-9e7e-40e5-85c8-fb9bb370fb7b
2026-02-26 02:46:32.177 9 INFO neutron.db.ovn_revision_numbers_db [None req-30b4882a-39f7-4949-a886-96a043fe490f 299809e92c5443f895650aa2cae9a91f 107dc06654c34fedbd6abce68917b586 - - default default] Successfully bumped revision number for resource bdcdd7c2-9e7e-40e5-85c8-fb9bb370fb7b (type: ports) to 1
2026-02-26 02:46:32.193 10 INFO neutron.api.wsgi [req-cc920b96-ddc3-4bf1-84ae-2d452222ca11 req-592a6a7b-e437-48ef-b1de-1c10f7512a81 f46e6a30f5964311989598bc48d69533 1c24e5f5c32b4d7b8c898867ad3c366f - - default default] 10.0.0.56 "GET /v2.0/security-groups?name=tempest-securitygroup--2096915797&fields=id&tenant_id=1c24e5f5c32b4d7b8c898867ad3c366f HTTP/1.1" status: 200 len: 267 time: 0.0495076
2026-02-26 02:46:32.234 9 WARNING neutron.scheduler.dhcp_agent_scheduler [None req-30b4882a-39f7-4949-a886-96a043fe490f 299809e92c5443f895650aa2cae9a91f 107dc06654c34fedbd6abce68917b586 - - default default] No more DHCP agents
2026-02-26 02:46:32.235 9 WARNING neutron.api.rpc.agentnotifiers.dhcp_rpc_agent_api [None req-30b4882a-39f7-4949-a886-96a043fe490f 299809e92c5443f895650aa2cae9a91f 107dc06654c34fedbd6abce68917b586 - - default default] Unable to schedule network d2dc6e31-66d3-4f75-9738-433acd141c0e: no agents available; will retry on subsequent port and subnet creation events.
2026-02-26 02:46:32.239 10 INFO neutron.api.wsgi [req-cc920b96-ddc3-4bf1-84ae-2d452222ca11 req-090fd474-d8ae-4dae-a0d1-b6431ec7c23e f46e6a30f5964311989598bc48d69533 1c24e5f5c32b4d7b8c898867ad3c366f - - default default] 10.0.0.56 "GET /v2.0/security-groups?name=tempest-secgroup-smoke-1273234678&fields=id&tenant_id=1c24e5f5c32b4d7b8c898867ad3c366f HTTP/1.1" status: 200 len: 267 time: 0.0399852
2026-02-26 02:46:32.305 10 INFO neutron.api.wsgi [req-cc920b96-ddc3-4bf1-84ae-2d452222ca11 req-3952f42b-c418-4f61-9276-6a41b375d076 f46e6a30f5964311989598bc48d69533 1c24e5f5c32b4d7b8c898867ad3c366f - - default default] 10.0.0.56 "GET /v2.0/networks?id=0c5c3394-1c08-412e-92f8-a71475e22c98 HTTP/1.1" status: 200 len: 872 time: 0.0599442
2026-02-26 02:46:32.330 10 INFO neutron.api.wsgi [req-cc920b96-ddc3-4bf1-84ae-2d452222ca11 req-96336e82-78cc-4311-8b6c-9bfaca0d97ae f46e6a30f5964311989598bc48d69533 1c24e5f5c32b4d7b8c898867ad3c366f - - default default] 10.0.0.56 "GET /v2.0/quotas/1c24e5f5c32b4d7b8c898867ad3c366f HTTP/1.1" status: 200 len: 491 time: 0.0127904
2026-02-26 02:46:32.401 10 INFO neutron.api.wsgi [req-cc920b96-ddc3-4bf1-84ae-2d452222ca11 req-325610b3-720d-4510-b090-4033b11f9594 f46e6a30f5964311989598bc48d69533 1c24e5f5c32b4d7b8c898867ad3c366f - - default default] 10.0.0.56 "GET /v2.0/ports?tenant_id=1c24e5f5c32b4d7b8c898867ad3c366f&fields=id HTTP/1.1" status: 200 len: 302 time: 0.0654163
2026-02-26 02:46:32.452 10 INFO neutron.api.wsgi [req-cc920b96-ddc3-4bf1-84ae-2d452222ca11 req-663b8532-ec70-4109-8543-9b163c280f8f d892fce6ee744e3ca626bfc94fe1246b be9abaf8ad7141e59d58a44111b259b0 - - 2d7226f8ed1d40f98a6941b88a2fbe60 2d7226f8ed1d40f98a6941b88a2fbe60] 10.0.0.56 "GET /v2.0/networks/0c5c3394-1c08-412e-92f8-a71475e22c98?fields=segments HTTP/1.1" status: 200 len: 212 time: 0.0391371
2026-02-26 02:46:32.476 9 INFO neutron.api.wsgi [req-e2b9b155-02c6-4220-acba-34f2824f7284 req-5b8342d6-90ae-4c70-92fc-9a3a9d731ab7 d892fce6ee744e3ca626bfc94fe1246b be9abaf8ad7141e59d58a44111b259b0 - - 2d7226f8ed1d40f98a6941b88a2fbe60 2d7226f8ed1d40f98a6941b88a2fbe60] 10.0.0.93 "GET /v2.0/ports?device_id=262a461f-6029-49fa-9467-a9add6e02a58 HTTP/1.1" status: 200 len: 1409 time: 0.1122890
2026-02-26 02:46:32.512 10 INFO neutron.api.wsgi [req-cc920b96-ddc3-4bf1-84ae-2d452222ca11 req-2b0fe850-9fdd-4284-8548-1d0c93eaebb6 d892fce6ee744e3ca626bfc94fe1246b be9abaf8ad7141e59d58a44111b259b0 - - 2d7226f8ed1d40f98a6941b88a2fbe60 2d7226f8ed1d40f98a6941b88a2fbe60] 10.0.0.56 "GET /v2.0/networks/0c5c3394-1c08-412e-92f8-a71475e22c98?fields=provider%3Aphysical_network&fields=provider%3Anetwork_type HTTP/1.1" status: 200 len: 277 time: 0.0517101
2026-02-26 02:46:32.519 9 INFO neutron.api.wsgi [req-e2b9b155-02c6-4220-acba-34f2824f7284 req-934bf27d-ba47-4daa-887a-8634b3055491 d892fce6ee744e3ca626bfc94fe1246b be9abaf8ad7141e59d58a44111b259b0 - - 2d7226f8ed1d40f98a6941b88a2fbe60 2d7226f8ed1d40f98a6941b88a2fbe60] 10.0.0.93 "GET /v2.0/security-groups?id=3bbf02bf-103d-4405-b586-ffe2ccb5a22a&fields=id&fields=name HTTP/1.1" status: 200 len: 312 time: 0.0327370
2026-02-26 02:46:32.554 9 INFO neutron.db.ovn_revision_numbers_db [None req-30b4882a-39f7-4949-a886-96a043fe490f 299809e92c5443f895650aa2cae9a91f 107dc06654c34fedbd6abce68917b586 - - default default] Successfully bumped revision number for resource bdcdd7c2-9e7e-40e5-85c8-fb9bb370fb7b (type: router_ports) to 1
2026-02-26 02:46:32.559 9 INFO neutron.api.wsgi [None req-30b4882a-39f7-4949-a886-96a043fe490f 299809e92c5443f895650aa2cae9a91f 107dc06654c34fedbd6abce68917b586 - - default default] 10.0.0.41 "PUT /v2.0/routers/a11e9aee-1067-44f8-9488-b0fd272040af/add_router_interface HTTP/1.1" status: 200 len: 503 time: 1.8363330
2026-02-26 02:46:32.647 10 INFO neutron.db.ovn_revision_numbers_db [None req-983ee180-b038-4c18-884f-c2570bf29ab9 - - - - - -] Successfully bumped revision number for resource bdcdd7c2-9e7e-40e5-85c8-fb9bb370fb7b (type: ports) to 2
2026-02-26 02:46:32.676 10 INFO neutron.api.wsgi [req-a0a9acdc-1121-4e2e-be49-2ed426c59536 req-dde47f5c-feb4-4a35-9cb5-6a660b63ec82 f46e6a30f5964311989598bc48d69533 1c24e5f5c32b4d7b8c898867ad3c366f - - default default] 10.0.0.56 "GET /v2.0/ports?device_id=e2a9bcda-42f3-41a7-bdb1-a29843cfc629 HTTP/1.1" status: 200 len: 210 time: 0.0207884
2026-02-26 02:46:32.872 10 INFO neutron.api.wsgi [None req-87b495a8-6fe8-4db6-9450-8715840c8de6 1189b775fe67467f87087513d2f5e815 6270b4a418d7463393c4868f38939307 - - default default] 10.0.0.41 "GET /v2.0/ports/3d801202-87f4-46b9-82d1-55352a5c28bb HTTP/1.1" status: 200 len: 1135 time: 0.0318141
2026-02-26 02:46:33.056 9 WARNING neutron.scheduler.dhcp_agent_scheduler [None req-8b80d91b-d286-4e2d-9b94-b42e4281092d 299809e92c5443f895650aa2cae9a91f 107dc06654c34fedbd6abce68917b586 - - default default] No more DHCP agents
2026-02-26 02:46:33.057 9 WARNING neutron.api.rpc.agentnotifiers.dhcp_rpc_agent_api [None req-8b80d91b-d286-4e2d-9b94-b42e4281092d 299809e92c5443f895650aa2cae9a91f 107dc06654c34fedbd6abce68917b586 - - default default] Unable to schedule network 091b283c-a0a1-4913-a165-acc99a2c614b: no agents available; will retry on subsequent port and subnet creation events.
2026-02-26 02:46:33.162 9 INFO neutron.db.ovn_revision_numbers_db [None req-8b80d91b-d286-4e2d-9b94-b42e4281092d 299809e92c5443f895650aa2cae9a91f 107dc06654c34fedbd6abce68917b586 - - default default] Successfully bumped revision number for resource b25f92a4-9a7e-4ed7-8a5b-4be80d8383d1 (type: ports) to 1
2026-02-26 02:46:33.754 10 INFO neutron.api.wsgi [req-0d19db61-3cb7-40a4-aa95-0efdda60e1a2 req-6ea23683-529e-4a51-a722-bbbb8789f6ff f46e6a30f5964311989598bc48d69533 1c24e5f5c32b4d7b8c898867ad3c366f - - default default] 10.0.0.56 "GET /v2.0/ports?device_id=e2a9bcda-42f3-41a7-bdb1-a29843cfc629 HTTP/1.1" status: 200 len: 210 time: 0.0183747
2026-02-26 02:46:33.798 9 INFO neutron.db.ovn_revision_numbers_db [None req-8b80d91b-d286-4e2d-9b94-b42e4281092d 299809e92c5443f895650aa2cae9a91f 107dc06654c34fedbd6abce68917b586 - - default default] Successfully bumped revision number for resource b25f92a4-9a7e-4ed7-8a5b-4be80d8383d1 (type: ports) to 1
2026-02-26 02:46:33.847 9 WARNING neutron.scheduler.dhcp_agent_scheduler [None req-8b80d91b-d286-4e2d-9b94-b42e4281092d 299809e92c5443f895650aa2cae9a91f 107dc06654c34fedbd6abce68917b586 - - default default] No more DHCP agents
2026-02-26 02:46:33.849 9 WARNING neutron.api.rpc.agentnotifiers.dhcp_rpc_agent_api [None req-8b80d91b-d286-4e2d-9b94-b42e4281092d 299809e92c5443f895650aa2cae9a91f 107dc06654c34fedbd6abce68917b586 - - default default] Unable to schedule network 091b283c-a0a1-4913-a165-acc99a2c614b: no agents available; will retry on subsequent port and subnet creation events.
2026-02-26 02:46:33.917 10 INFO neutron.api.wsgi [None req-6c3035ee-e675-4aff-ab3a-4091efd59e65 1189b775fe67467f87087513d2f5e815 6270b4a418d7463393c4868f38939307 - - default default] 10.0.0.41 "GET /v2.0/ports/3d801202-87f4-46b9-82d1-55352a5c28bb HTTP/1.1" status: 200 len: 1135 time: 0.0377083
2026-02-26 02:46:34.224 9 INFO neutron.db.ovn_revision_numbers_db [None req-8b80d91b-d286-4e2d-9b94-b42e4281092d 299809e92c5443f895650aa2cae9a91f 107dc06654c34fedbd6abce68917b586 - - default default] Successfully bumped revision number for resource b25f92a4-9a7e-4ed7-8a5b-4be80d8383d1 (type: router_ports) to 1
2026-02-26 02:46:34.229 9 INFO neutron.api.wsgi [None req-8b80d91b-d286-4e2d-9b94-b42e4281092d 299809e92c5443f895650aa2cae9a91f 107dc06654c34fedbd6abce68917b586 - - default default] 10.0.0.41 "PUT /v2.0/routers/a11e9aee-1067-44f8-9488-b0fd272040af/add_router_interface HTTP/1.1" status: 200 len: 503 time: 1.6661050
2026-02-26 02:46:34.724 9 WARNING neutron.scheduler.dhcp_agent_scheduler [None req-f98869d7-f11d-4143-91ec-1922a5e7d8c0 299809e92c5443f895650aa2cae9a91f 107dc06654c34fedbd6abce68917b586 - - default default] No more DHCP agents
2026-02-26 02:46:34.725 9 WARNING neutron.api.rpc.agentnotifiers.dhcp_rpc_agent_api [None req-f98869d7-f11d-4143-91ec-1922a5e7d8c0 299809e92c5443f895650aa2cae9a91f 107dc06654c34fedbd6abce68917b586 - - default default] Unable to schedule network 7e3f1256-787d-48da-b1bc-f614ca5a0ec8: no agents available; will retry on subsequent port and subnet creation events.
2026-02-26 02:46:34.829 10 INFO neutron.api.wsgi [req-a0f5c451-c354-4e8c-863e-90f688a90c76 req-82b84a85-2b3b-4540-9990-d72e7d1dd39c f46e6a30f5964311989598bc48d69533 1c24e5f5c32b4d7b8c898867ad3c366f - - default default] 10.0.0.56 "GET /v2.0/ports?device_id=e2a9bcda-42f3-41a7-bdb1-a29843cfc629 HTTP/1.1" status: 200 len: 210 time: 0.0165827
2026-02-26 02:46:34.834 9 INFO neutron.db.ovn_revision_numbers_db [None req-f98869d7-f11d-4143-91ec-1922a5e7d8c0 299809e92c5443f895650aa2cae9a91f 107dc06654c34fedbd6abce68917b586 - - default default] Successfully bumped revision number for resource 1af924b2-075a-4d7d-b657-32cc565ba9f9 (type: ports) to 1
2026-02-26 02:46:34.953 10 INFO neutron.api.wsgi [None req-30dd016b-7df5-422b-b4fc-3e15235823d8 1189b775fe67467f87087513d2f5e815 6270b4a418d7463393c4868f38939307 - - default default] 10.0.0.41 "GET /v2.0/ports/3d801202-87f4-46b9-82d1-55352a5c28bb HTTP/1.1" status: 200 len: 1135 time: 0.0310204
2026-02-26 02:46:34.990 10 INFO neutron.api.wsgi [-] 10.0.0.144 "GET / HTTP/1.1" status: 200 len: 247 time: 0.0022273
2026-02-26 02:46:34.993 10 INFO neutron.api.wsgi [-] 10.0.0.144 "GET / HTTP/1.1" status: 200 len: 247 time: 0.0018759
2026-02-26 02:46:35.466 9 INFO neutron.db.ovn_revision_numbers_db [None req-f98869d7-f11d-4143-91ec-1922a5e7d8c0 299809e92c5443f895650aa2cae9a91f 107dc06654c34fedbd6abce68917b586 - - default default] Successfully bumped revision number for resource 1af924b2-075a-4d7d-b657-32cc565ba9f9 (type: ports) to 1
2026-02-26 02:46:35.515 9 WARNING neutron.scheduler.dhcp_agent_scheduler [None req-f98869d7-f11d-4143-91ec-1922a5e7d8c0 299809e92c5443f895650aa2cae9a91f 107dc06654c34fedbd6abce68917b586 - - default default] No more DHCP agents
2026-02-26 02:46:35.517 9 WARNING neutron.api.rpc.agentnotifiers.dhcp_rpc_agent_api [None req-f98869d7-f11d-4143-91ec-1922a5e7d8c0 299809e92c5443f895650aa2cae9a91f 107dc06654c34fedbd6abce68917b586 - - default default] Unable to schedule network 7e3f1256-787d-48da-b1bc-f614ca5a0ec8: no agents available; will retry on subsequent port and subnet creation events.
2026-02-26 02:46:35.582 10 INFO neutron.api.wsgi [req-05692663-e3ee-43c4-97b0-bf4391d567db req-fc3cc99a-d774-4b82-88a5-709b648a6816 a3cfcf6f1517419091c5069069bf67c5 28e47617a90c41ad9bcc8939855426cc - - default default] 10.0.0.56 "GET /v2.0/ports?device_id=262a461f-6029-49fa-9467-a9add6e02a58 HTTP/1.1" status: 200 len: 1170 time: 0.0687859
2026-02-26 02:46:35.616 10 INFO neutron.api.wsgi [req-05692663-e3ee-43c4-97b0-bf4391d567db req-eb436c49-b1f4-408a-ad2f-68e60807859e a3cfcf6f1517419091c5069069bf67c5 28e47617a90c41ad9bcc8939855426cc - - default default] 10.0.0.56 "GET /v2.0/security-groups?id=3bbf02bf-103d-4405-b586-ffe2ccb5a22a&fields=id&fields=name HTTP/1.1" status: 200 len: 312 time: 0.0286558
2026-02-26 02:46:35.805 10 INFO neutron.api.wsgi [req-5157ca55-ec95-4c5e-871c-03a0606f7b1c req-52e2e183-23d1-4e4c-9bc0-20c0ad19d902 a3cfcf6f1517419091c5069069bf67c5 28e47617a90c41ad9bcc8939855426cc - - default default] 10.0.0.56 "GET /v2.0/ports?device_id=262a461f-6029-49fa-9467-a9add6e02a58 HTTP/1.1" status: 200 len: 1170 time: 0.0406752
2026-02-26 02:46:35.842 10 INFO neutron.api.wsgi [req-5157ca55-ec95-4c5e-871c-03a0606f7b1c req-2142f1e9-0a5d-4ade-b726-48e66a5fab67 a3cfcf6f1517419091c5069069bf67c5 28e47617a90c41ad9bcc8939855426cc - - default default] 10.0.0.56 "GET /v2.0/security-groups?id=3bbf02bf-103d-4405-b586-ffe2ccb5a22a&fields=id&fields=name HTTP/1.1" status: 200 len: 312 time: 0.0292397
2026-02-26 02:46:35.845 9 INFO neutron.db.ovn_revision_numbers_db [None req-f98869d7-f11d-4143-91ec-1922a5e7d8c0 299809e92c5443f895650aa2cae9a91f 107dc06654c34fedbd6abce68917b586 - - default default] Successfully bumped revision number for resource 1af924b2-075a-4d7d-b657-32cc565ba9f9 (type: router_ports) to 1
2026-02-26 02:46:35.850 9 INFO neutron.api.wsgi [None req-f98869d7-f11d-4143-91ec-1922a5e7d8c0 299809e92c5443f895650aa2cae9a91f 107dc06654c34fedbd6abce68917b586 - - default default] 10.0.0.41 "PUT /v2.0/routers/a11e9aee-1067-44f8-9488-b0fd272040af/add_router_interface HTTP/1.1" status: 200 len: 503 time: 1.6150846
2026-02-26 02:46:35.905 10 INFO neutron.api.wsgi [req-2f83de2d-12ae-42ea-95bc-5c31d4b69ec2 req-5e27cf5c-4f43-41ff-8de8-8819078fa5db f46e6a30f5964311989598bc48d69533 1c24e5f5c32b4d7b8c898867ad3c366f - - default default] 10.0.0.56 "GET /v2.0/ports?device_id=e2a9bcda-42f3-41a7-bdb1-a29843cfc629 HTTP/1.1" status: 200 len: 210 time: 0.0178652
2026-02-26 02:46:35.908 9 WARNING neutron_lib.context [None req-bdebb88a-5be4-469a-823f-4193b9913ddf 299809e92c5443f895650aa2cae9a91f 107dc06654c34fedbd6abce68917b586 - - default default] Method 'is_advsvc' is deprecated since 2023.2 release (neutron-lib 3.8.0) and will be removed once support for the old RBAC API policies will be removed from Neutron. Please use method 'is_service_role' instead.
2026-02-26 02:46:36.027 9 INFO neutron.api.wsgi [None req-cdfbc7de-4bbb-4829-9b0f-fe53217b2f60 1189b775fe67467f87087513d2f5e815 6270b4a418d7463393c4868f38939307 - - default default] 10.0.0.41 "GET /v2.0/ports/3d801202-87f4-46b9-82d1-55352a5c28bb HTTP/1.1" status: 200 len: 1135 time: 0.0692799
2026-02-26 02:46:36.037 9 INFO neutron.db.ovn_revision_numbers_db [None req-bdebb88a-5be4-469a-823f-4193b9913ddf 299809e92c5443f895650aa2cae9a91f 107dc06654c34fedbd6abce68917b586 - - default default] Successfully bumped revision number for resource 32e26d67-e385-4c78-8063-218c5b312158 (type: security_groups) to 1
2026-02-26 02:46:36.050 9 INFO neutron.db.ovn_revision_numbers_db [None req-bdebb88a-5be4-469a-823f-4193b9913ddf 299809e92c5443f895650aa2cae9a91f 107dc06654c34fedbd6abce68917b586 - - default default] Successfully bumped revision number for resource 86cd26f6-76f7-4d45-9eed-b88766cae391 (type: security_group_rules) to 0
2026-02-26 02:46:36.058 9 INFO neutron.db.ovn_revision_numbers_db [None req-bdebb88a-5be4-469a-823f-4193b9913ddf 299809e92c5443f895650aa2cae9a91f 107dc06654c34fedbd6abce68917b586 - - default default] Successfully bumped revision number for resource 92fafac4-f2bf-4a6e-8205-540ddb3cae5a (type: security_group_rules) to 0
2026-02-26 02:46:36.091 9 INFO neutron.api.wsgi [None req-bdebb88a-5be4-469a-823f-4193b9913ddf 299809e92c5443f895650aa2cae9a91f 107dc06654c34fedbd6abce68917b586 - - default default] 10.0.0.41 "POST /v2.0/security-groups HTTP/1.1" status: 201 len: 1828 time: 0.1873357
2026-02-26 02:46:36.098 9 WARNING neutron_lib.context [None req-eb53451a-ba56-4f33-b1f1-c72373a49679 299809e92c5443f895650aa2cae9a91f 107dc06654c34fedbd6abce68917b586 - - default default] Method 'is_advsvc' is deprecated since 2023.2 release (neutron-lib 3.8.0) and will be removed once support for the old RBAC API policies will be removed from Neutron. Please use method 'is_service_role' instead.
2026-02-26 02:46:36.140 9 WARNING neutron.plugins.ml2.drivers.ovn.mech_driver.ovsdb.ovn_client [None req-d6d46306-112d-4198-88b7-41aa9a338811 - - - - - -] No hosting information found for port 191d5aae-f268-4ca9-bb4d-d6d4bccc18a6: RuntimeError: No hosting information found for port 191d5aae-f268-4ca9-bb4d-d6d4bccc18a6
2026-02-26 02:46:36.220 9 INFO neutron.db.ovn_revision_numbers_db [None req-d6d46306-112d-4198-88b7-41aa9a338811 - - - - - -] Successfully bumped revision number for resource 191d5aae-f268-4ca9-bb4d-d6d4bccc18a6 (type: router_ports) to 2
2026-02-26 02:46:36.220 9 INFO neutron.plugins.ml2.drivers.ovn.mech_driver.mech_driver [None req-d6d46306-112d-4198-88b7-41aa9a338811 - - - - - -] OVN reports status up for port: 3d801202-87f4-46b9-82d1-55352a5c28bb
2026-02-26 02:46:36.227 9 INFO neutron.plugins.ml2.plugin [None req-d6d46306-112d-4198-88b7-41aa9a338811 - - - - - -] Attempt 1 to provision port 3d801202-87f4-46b9-82d1-55352a5c28bb
2026-02-26 02:46:36.232 9 INFO neutron.db.ovn_revision_numbers_db [None req-eb53451a-ba56-4f33-b1f1-c72373a49679 299809e92c5443f895650aa2cae9a91f 107dc06654c34fedbd6abce68917b586 - - default default] Successfully bumped revision number for resource 09e184e8-0139-4430-b6b9-86c483ce516a (type: security_group_rules) to 0
2026-02-26 02:46:36.261 9 INFO neutron.api.wsgi [None req-eb53451a-ba56-4f33-b1f1-c72373a49679 299809e92c5443f895650aa2cae9a91f 107dc06654c34fedbd6abce68917b586 - - default default] 10.0.0.41 "POST /v2.0/security-group-rules HTTP/1.1" status: 201 len: 796 time: 0.1667359
2026-02-26 02:46:36.272 10 WARNING neutron_lib.context [None req-008f6ada-6972-4225-8ab3-50c31515fcdd 299809e92c5443f895650aa2cae9a91f 107dc06654c34fedbd6abce68917b586 - - default default] Method 'is_advsvc' is deprecated since 2023.2 release (neutron-lib 3.8.0) and will be removed once support for the old RBAC API policies will be removed from Neutron. Please use method 'is_service_role' instead.
2026-02-26 02:46:36.397 10 INFO neutron.db.ovn_revision_numbers_db [None req-008f6ada-6972-4225-8ab3-50c31515fcdd 299809e92c5443f895650aa2cae9a91f 107dc06654c34fedbd6abce68917b586 - - default default] Successfully bumped revision number for resource 2cc96b3a-fdff-45d1-9b9e-29ba11561f0e (type: security_group_rules) to 0
2026-02-26 02:46:36.425 10 INFO neutron.api.wsgi [None req-008f6ada-6972-4225-8ab3-50c31515fcdd 299809e92c5443f895650aa2cae9a91f 107dc06654c34fedbd6abce68917b586 - - default default] 10.0.0.41 "POST /v2.0/security-group-rules HTTP/1.1" status: 201 len: 796 time: 0.1595089
2026-02-26 02:46:36.434 10 WARNING neutron_lib.context [None req-bcd490d3-2084-4416-beef-b781a3023256 299809e92c5443f895650aa2cae9a91f 107dc06654c34fedbd6abce68917b586 - - default default] Method 'is_advsvc' is deprecated since 2023.2 release (neutron-lib 3.8.0) and will be removed once support for the old RBAC API policies will be removed from Neutron. Please use method 'is_service_role' instead.
2026-02-26 02:46:36.538 9 INFO neutron.db.ovn_revision_numbers_db [None req-d6d46306-112d-4198-88b7-41aa9a338811 - - - - - -] Successfully bumped revision number for resource 3d801202-87f4-46b9-82d1-55352a5c28bb (type: ports) to 2
2026-02-26 02:46:36.561 10 INFO neutron.db.ovn_revision_numbers_db [None req-bcd490d3-2084-4416-beef-b781a3023256 299809e92c5443f895650aa2cae9a91f 107dc06654c34fedbd6abce68917b586 - - default default] Successfully bumped revision number for resource 387ae5a0-913d-479e-af3a-078bca25a6de (type: security_group_rules) to 0
2026-02-26 02:46:36.605 10 INFO neutron.api.wsgi [None req-bcd490d3-2084-4416-beef-b781a3023256 299809e92c5443f895650aa2cae9a91f 107dc06654c34fedbd6abce68917b586 - - default default] 10.0.0.41 "POST /v2.0/security-group-rules HTTP/1.1" status: 201 len: 798 time: 0.1749594
2026-02-26 02:46:36.621 10 WARNING neutron_lib.context [None req-0f37c4a8-1542-47ad-a674-f9b6fac0846c 299809e92c5443f895650aa2cae9a91f 107dc06654c34fedbd6abce68917b586 - - default default] Method 'is_advsvc' is deprecated since 2023.2 release (neutron-lib 3.8.0) and will be removed once support for the old RBAC API policies will be removed from Neutron. Please use method 'is_service_role' instead.
2026-02-26 02:46:36.793 10 INFO neutron.db.ovn_revision_numbers_db [None req-0f37c4a8-1542-47ad-a674-f9b6fac0846c 299809e92c5443f895650aa2cae9a91f 107dc06654c34fedbd6abce68917b586 - - default default] Successfully bumped revision number for resource 22255759-cbeb-4e90-bd33-442efdd5dd54 (type: security_group_rules) to 0
2026-02-26 02:46:36.829 10 INFO neutron.api.wsgi [None req-0f37c4a8-1542-47ad-a674-f9b6fac0846c 299809e92c5443f895650aa2cae9a91f 107dc06654c34fedbd6abce68917b586 - - default default] 10.0.0.41 "POST /v2.0/security-group-rules HTTP/1.1" status: 201 len: 800 time: 0.2148261
2026-02-26 02:46:36.836 10 WARNING neutron_lib.context [None req-f7b0f02a-4788-4447-95b2-60b0ee2330dd 299809e92c5443f895650aa2cae9a91f 107dc06654c34fedbd6abce68917b586 - - default default] Method 'is_advsvc' is deprecated since 2023.2 release (neutron-lib 3.8.0) and will be removed once support for the old RBAC API policies will be removed from Neutron. Please use method 'is_service_role' instead.
2026-02-26 02:46:36.950 10 INFO neutron.api.wsgi [req-c4b222ff-e5ae-40cf-9944-fc760a299d55 req-e5ff5ff6-8d94-4841-8bb7-f0ee2b63290a a3cfcf6f1517419091c5069069bf67c5 28e47617a90c41ad9bcc8939855426cc - - default default] 10.0.0.56 "GET /v2.0/ports?device_id=262a461f-6029-49fa-9467-a9add6e02a58 HTTP/1.1" status: 200 len: 1170 time: 0.0515733
2026-02-26 02:46:36.975 10 INFO neutron.db.ovn_revision_numbers_db [None req-f7b0f02a-4788-4447-95b2-60b0ee2330dd 299809e92c5443f895650aa2cae9a91f 107dc06654c34fedbd6abce68917b586 - - default default] Successfully bumped revision number for resource 14dc491c-51fb-46d4-a153-c4b962b1b20e (type: security_group_rules) to 0
2026-02-26 02:46:36.984 10 INFO neutron.api.wsgi [req-cc920b96-ddc3-4bf1-84ae-2d452222ca11 req-7456240d-e4b6-4d48-80c2-472580261c8e f46e6a30f5964311989598bc48d69533 1c24e5f5c32b4d7b8c898867ad3c366f - - default default] 162.253.55.43 "GET /v2.0/networks?id=0c5c3394-1c08-412e-92f8-a71475e22c98 HTTP/1.1" status: 200 len: 872 time: 0.0781863
2026-02-26 02:46:36.985 10 INFO neutron.api.wsgi [req-fcdb5d58-1935-4153-ad79-c44a6e993e09 req-4632b1a6-80ea-400e-9885-a2846ee8a5d8 f46e6a30f5964311989598bc48d69533 1c24e5f5c32b4d7b8c898867ad3c366f - - default default] 10.0.0.56 "GET /v2.0/ports?device_id=e2a9bcda-42f3-41a7-bdb1-a29843cfc629 HTTP/1.1" status: 200 len: 210 time: 0.0212522
2026-02-26 02:46:37.021 10 INFO neutron.api.wsgi [req-c4b222ff-e5ae-40cf-9944-fc760a299d55 req-3514e7b7-8024-4d65-ae79-9e63e3888221 a3cfcf6f1517419091c5069069bf67c5 28e47617a90c41ad9bcc8939855426cc - - default default] 10.0.0.56 "GET /v2.0/security-groups?id=3bbf02bf-103d-4405-b586-ffe2ccb5a22a&fields=id&fields=name HTTP/1.1" status: 200 len: 312 time: 0.0651708
2026-02-26 02:46:37.029 10 INFO neutron.api.wsgi [None req-f7b0f02a-4788-4447-95b2-60b0ee2330dd 299809e92c5443f895650aa2cae9a91f 107dc06654c34fedbd6abce68917b586 - - default default] 10.0.0.41 "POST /v2.0/security-group-rules HTTP/1.1" status: 201 len: 800 time: 0.1969118
2026-02-26 02:46:37.038 10 INFO neutron.api.wsgi [req-cc920b96-ddc3-4bf1-84ae-2d452222ca11 req-ef86bc56-3456-4f90-a6d4-3ab57d4443b2 f46e6a30f5964311989598bc48d69533 1c24e5f5c32b4d7b8c898867ad3c366f - - default default] 162.253.55.43 "GET /v2.0/security-groups?fields=id&fields=name&tenant_id=1c24e5f5c32b4d7b8c898867ad3c366f HTTP/1.1" status: 200 len: 473 time: 0.0433865
2026-02-26 02:46:37.043 10 WARNING neutron_lib.context [None req-caeb57a5-a20f-4a2a-b6e2-5f0d566d68bc 299809e92c5443f895650aa2cae9a91f 107dc06654c34fedbd6abce68917b586 - - default default] Method 'is_advsvc' is deprecated since 2023.2 release (neutron-lib 3.8.0) and will be removed once support for the old RBAC API policies will be removed from Neutron. Please use method 'is_service_role' instead.
2026-02-26 02:46:37.060 9 INFO neutron.api.wsgi [None req-bcbcf707-4db8-4a61-bcc7-0c8e40d72ea8 1189b775fe67467f87087513d2f5e815 6270b4a418d7463393c4868f38939307 - - default default] 10.0.0.41 "GET /v2.0/ports/3d801202-87f4-46b9-82d1-55352a5c28bb HTTP/1.1" status: 200 len: 1137 time: 0.0271261
2026-02-26 02:46:37.255 10 WARNING neutron_lib.context [req-cc920b96-ddc3-4bf1-84ae-2d452222ca11 req-45df1d5e-d052-4631-bd09-7200d427a9cd f46e6a30f5964311989598bc48d69533 1c24e5f5c32b4d7b8c898867ad3c366f - - default default] Method 'is_advsvc' is deprecated since 2023.2 release (neutron-lib 3.8.0) and will be removed once support for the old RBAC API policies will be removed from Neutron. Please use method 'is_service_role' instead.
2026-02-26 02:46:37.386 10 INFO neutron.db.ovn_revision_numbers_db [None req-caeb57a5-a20f-4a2a-b6e2-5f0d566d68bc 299809e92c5443f895650aa2cae9a91f 107dc06654c34fedbd6abce68917b586 - - default default] Successfully bumped revision number for resource e1d45adf-3b20-44e7-b6a5-d4a85857dd42 (type: security_group_rules) to 0
2026-02-26 02:46:37.435 10 INFO neutron.api.wsgi [None req-caeb57a5-a20f-4a2a-b6e2-5f0d566d68bc 299809e92c5443f895650aa2cae9a91f 107dc06654c34fedbd6abce68917b586 - - default default] 10.0.0.41 "POST /v2.0/security-group-rules HTTP/1.1" status: 201 len: 796 time: 0.3966565
2026-02-26 02:46:37.445 10 WARNING neutron_lib.context [None req-bc4a603c-e2c6-4d7a-81f8-49466079a2ee 299809e92c5443f895650aa2cae9a91f 107dc06654c34fedbd6abce68917b586 - - default default] Method 'is_advsvc' is deprecated since 2023.2 release (neutron-lib 3.8.0) and will be removed once support for the old RBAC API policies will be removed from Neutron. Please use method 'is_service_role' instead.
2026-02-26 02:46:37.565 10 WARNING neutron.scheduler.dhcp_agent_scheduler [req-cc920b96-ddc3-4bf1-84ae-2d452222ca11 req-45df1d5e-d052-4631-bd09-7200d427a9cd f46e6a30f5964311989598bc48d69533 1c24e5f5c32b4d7b8c898867ad3c366f - - default default] No more DHCP agents
2026-02-26 02:46:37.568 10 WARNING neutron.api.rpc.agentnotifiers.dhcp_rpc_agent_api [req-cc920b96-ddc3-4bf1-84ae-2d452222ca11 req-45df1d5e-d052-4631-bd09-7200d427a9cd f46e6a30f5964311989598bc48d69533 1c24e5f5c32b4d7b8c898867ad3c366f - - default default] Unable to schedule network 0c5c3394-1c08-412e-92f8-a71475e22c98: no agents available; will retry on subsequent port and subnet creation events.
2026-02-26 02:46:37.587 10 INFO neutron.db.ovn_revision_numbers_db [None req-bc4a603c-e2c6-4d7a-81f8-49466079a2ee 299809e92c5443f895650aa2cae9a91f 107dc06654c34fedbd6abce68917b586 - - default default] Successfully bumped revision number for resource 94f96156-7a58-4f07-b54e-8e35afe54434 (type: security_group_rules) to 0
2026-02-26 02:46:37.604 9 INFO neutron.api.wsgi [None req-6143f12c-2e65-4a3f-afbc-8d7ecf9ccfac 1189b775fe67467f87087513d2f5e815 6270b4a418d7463393c4868f38939307 - - default default] 10.0.0.41 "PUT /v2.0/routers/159a1947-6d42-4dc5-86b4-bbae3839adb2/remove_router_interface HTTP/1.1" status: 200 len: 503 time: 0.5385759 /var/lib/openstack/lib/python3.12/site-packages/pycadf/identifier.py:71: UserWarning: Invalid uuid: neutron. To ensure interoperability, identifiers should be a valid uuid. warnings.warn(('Invalid uuid: %s. To ensure interoperability, '
2026-02-26 02:46:37.627 9 INFO neutron.api.wsgi [req-d36ac834-7569-43c8-ac86-42f11bd06c9b req-655a5d41-fc06-4d25-8ba6-92c1d42e2ed7 a3cfcf6f1517419091c5069069bf67c5 28e47617a90c41ad9bcc8939855426cc - - default default] 162.253.55.43 "GET /v2.0/ports?device_id=262a461f-6029-49fa-9467-a9add6e02a58 HTTP/1.1" status: 200 len: 1170 time: 0.1078506
2026-02-26 02:46:37.627 10 INFO neutron.api.wsgi [None req-bc4a603c-e2c6-4d7a-81f8-49466079a2ee 299809e92c5443f895650aa2cae9a91f 107dc06654c34fedbd6abce68917b586 - - default default] 10.0.0.41 "POST /v2.0/security-group-rules HTTP/1.1" status: 201 len: 796 time: 0.1866653
2026-02-26 02:46:37.629 10 INFO neutron.api.wsgi [None req-e901c018-db58-4952-98d5-5a5f007a9997 1189b775fe67467f87087513d2f5e815 6270b4a418d7463393c4868f38939307 - - default default] 10.0.0.41 "GET /v2.0/ports?device_id=159a1947-6d42-4dc5-86b4-bbae3839adb2 HTTP/1.1" status: 200 len: 205 time: 0.0194566 /var/lib/openstack/lib/python3.12/site-packages/pycadf/identifier.py:71: UserWarning: Invalid uuid: neutron. To ensure interoperability, identifiers should be a valid uuid. warnings.warn(('Invalid uuid: %s. To ensure interoperability, '
2026-02-26 02:46:37.636 10 WARNING neutron_lib.context [None req-0f45159d-268e-413c-80dd-13cd9c5bc5c4 299809e92c5443f895650aa2cae9a91f 107dc06654c34fedbd6abce68917b586 - - default default] Method 'is_advsvc' is deprecated since 2023.2 release (neutron-lib 3.8.0) and will be removed once support for the old RBAC API policies will be removed from Neutron. Please use method 'is_service_role' instead.
2026-02-26 02:46:37.728 10 WARNING neutron.plugins.ml2.drivers.ovn.mech_driver.ovsdb.ovn_client [None req-b152ec94-2778-4cdf-bb16-d37d131250cb - - - - - -] No hosting information found for port bdcdd7c2-9e7e-40e5-85c8-fb9bb370fb7b: RuntimeError: No hosting information found for port bdcdd7c2-9e7e-40e5-85c8-fb9bb370fb7b
2026-02-26 02:46:37.822 10 INFO neutron.db.ovn_revision_numbers_db [req-cc920b96-ddc3-4bf1-84ae-2d452222ca11 req-45df1d5e-d052-4631-bd09-7200d427a9cd f46e6a30f5964311989598bc48d69533 1c24e5f5c32b4d7b8c898867ad3c366f - - default default] Successfully bumped revision number for resource 443f3bea-51f2-4743-84a0-85b1128e057b (type: ports) to 1
2026-02-26 02:46:37.867 10 INFO neutron.api.wsgi [req-cc920b96-ddc3-4bf1-84ae-2d452222ca11 req-45df1d5e-d052-4631-bd09-7200d427a9cd f46e6a30f5964311989598bc48d69533 1c24e5f5c32b4d7b8c898867ad3c366f - - default default] 162.253.55.43 "POST /v2.0/ports HTTP/1.1" status: 201 len: 1201 time: 0.8227546
2026-02-26 02:46:37.903 10 INFO neutron.api.wsgi [None req-4666cf2d-8646-4929-8a35-f38fc8f705cd 1189b775fe67467f87087513d2f5e815 6270b4a418d7463393c4868f38939307 - - default default] 10.0.0.41 "DELETE /v2.0/routers/159a1947-6d42-4dc5-86b4-bbae3839adb2 HTTP/1.1" status: 204 len: 168 time: 0.2581089
2026-02-26 02:46:37.912 9 INFO neutron.db.l3_db [req-d36ac834-7569-43c8-ac86-42f11bd06c9b req-bad47bab-bdd3-44ff-a768-a7a6b70b6d87 a3cfcf6f1517419091c5069069bf67c5 28e47617a90c41ad9bcc8939855426cc - - default default] Floating IP 4e9ccbbc-8743-4d63-8f85-206a24eb9c72 disassociated. External IP: 10.96.250.205, port: 6ccfa208-6348-4cea-9b6f-dbda7ae946d0.
2026-02-26 02:46:37.915 10 INFO neutron.db.ovn_revision_numbers_db [None req-b152ec94-2778-4cdf-bb16-d37d131250cb - - - - - -] Successfully bumped revision number for resource bdcdd7c2-9e7e-40e5-85c8-fb9bb370fb7b (type: router_ports) to 2
2026-02-26 02:46:37.936 10 INFO neutron.db.ovn_revision_numbers_db [None req-0f45159d-268e-413c-80dd-13cd9c5bc5c4 299809e92c5443f895650aa2cae9a91f 107dc06654c34fedbd6abce68917b586 - - default default] Successfully bumped revision number for resource 76118c9f-ba23-46c1-a42f-8c799a81e3dc (type: security_group_rules) to 0
2026-02-26 02:46:37.986 10 INFO neutron.plugins.ml2.drivers.ovn.mech_driver.mech_driver [None req-b152ec94-2778-4cdf-bb16-d37d131250cb - - - - - -] OVN reports status down for port: 6ccfa208-6348-4cea-9b6f-dbda7ae946d0
2026-02-26 02:46:37.995 10 INFO neutron.api.wsgi [None req-0f45159d-268e-413c-80dd-13cd9c5bc5c4 299809e92c5443f895650aa2cae9a91f 107dc06654c34fedbd6abce68917b586 - - default default] 10.0.0.41 "POST /v2.0/security-group-rules HTTP/1.1" status: 201 len: 796 time: 0.3629551
2026-02-26 02:46:38.005 9 WARNING neutron_lib.context [None req-5d49e271-5b61-4277-a808-06facc798aba 299809e92c5443f895650aa2cae9a91f 107dc06654c34fedbd6abce68917b586 - - default default] Method 'is_advsvc' is deprecated since 2023.2 release (neutron-lib 3.8.0) and will be removed once support for the old RBAC API policies will be removed from Neutron. Please use method 'is_service_role' instead.
2026-02-26 02:46:38.034 9 INFO neutron.api.wsgi [req-d36ac834-7569-43c8-ac86-42f11bd06c9b req-bad47bab-bdd3-44ff-a768-a7a6b70b6d87 a3cfcf6f1517419091c5069069bf67c5 28e47617a90c41ad9bcc8939855426cc - - default default] 162.253.55.43 "DELETE /v2.0/ports/6ccfa208-6348-4cea-9b6f-dbda7ae946d0 HTTP/1.1" status: 204 len: 173 time: 0.4023309
2026-02-26 02:46:38.108 10 INFO neutron.api.wsgi [req-0e38c452-6647-4dbd-bd74-8bfa761802c9 req-05843982-b1e4-473e-a537-d53303dc11a0 a3cfcf6f1517419091c5069069bf67c5 28e47617a90c41ad9bcc8939855426cc - - default default] 10.0.0.56 "GET /v2.0/ports?device_id=262a461f-6029-49fa-9467-a9add6e02a58 HTTP/1.1" status: 200 len: 210 time: 0.0205786
2026-02-26 02:46:38.139 9 INFO neutron.notifiers.nova [-] Nova event matching ['req-4e28bb07-ef99-4821-9b98-dff2c9de424c'] response: {'server_uuid': '262a461f-6029-49fa-9467-a9add6e02a58', 'name': 'network-vif-deleted', 'tag': '6ccfa208-6348-4cea-9b6f-dbda7ae946d0', 'status': 'completed', 'code': 200}
2026-02-26 02:46:38.151 10 INFO neutron.api.wsgi [req-df5a0ee9-1f9a-4f50-bca8-510b0cd256d5 req-2931f004-2fb8-4152-9ab1-5265b8eecfc4 f46e6a30f5964311989598bc48d69533 1c24e5f5c32b4d7b8c898867ad3c366f - - default default] 10.0.0.56 "GET /v2.0/ports?device_id=e2a9bcda-42f3-41a7-bdb1-a29843cfc629 HTTP/1.1" status: 200 len: 1200 time: 0.1088471
2026-02-26 02:46:38.169 10 INFO neutron.api.wsgi [None req-a1f5f2b4-078f-4917-9553-b25b27affe13 1189b775fe67467f87087513d2f5e815 6270b4a418d7463393c4868f38939307 - - default default] 10.0.0.41 "DELETE /v2.0/subnets/94b0eb88-ab58-46ce-864b-0bd932564eb1 HTTP/1.1" status: 204 len: 168 time: 0.2597797
