2026-02-26 02:46:38.180 9 INFO neutron.db.ovn_revision_numbers_db [None req-5d49e271-5b61-4277-a808-06facc798aba 299809e92c5443f895650aa2cae9a91f 107dc06654c34fedbd6abce68917b586 - - default default] Successfully bumped revision number for resource 1c968ea2-a631-4170-9d79-06e536b46495 (type: security_group_rules) to 0
2026-02-26 02:46:38.211 9 INFO neutron.api.wsgi [None req-5d49e271-5b61-4277-a808-06facc798aba 299809e92c5443f895650aa2cae9a91f 107dc06654c34fedbd6abce68917b586 - - default default] 10.0.0.41 "POST /v2.0/security-group-rules HTTP/1.1" status: 201 len: 798 time: 0.2103252
2026-02-26 02:46:38.215 10 INFO neutron.api.wsgi [req-df5a0ee9-1f9a-4f50-bca8-510b0cd256d5 req-00e6a40a-e8f3-462d-a2e8-332b35976e0e f46e6a30f5964311989598bc48d69533 1c24e5f5c32b4d7b8c898867ad3c366f - - default default] 10.0.0.56 "GET /v2.0/security-groups?id=22ad0ad5-c308-4d94-af80-92bcd83192ac&id=dd45aa90-01c2-4dd8-8a8b-1ce28a097013&fields=id&fields=name HTTP/1.1" status: 200 len: 406 time: 0.0566187
2026-02-26 02:46:38.219 9 WARNING neutron_lib.context [None req-8b4b242d-e656-457f-8825-b5218c372c45 299809e92c5443f895650aa2cae9a91f 107dc06654c34fedbd6abce68917b586 - - default default] Method 'is_advsvc' is deprecated since 2023.2 release (neutron-lib 3.8.0) and will be removed once support for the old RBAC API policies will be removed from Neutron. Please use method 'is_service_role' instead.
2026-02-26 02:46:38.363 9 INFO neutron.db.ovn_revision_numbers_db [None req-8b4b242d-e656-457f-8825-b5218c372c45 299809e92c5443f895650aa2cae9a91f 107dc06654c34fedbd6abce68917b586 - - default default] Successfully bumped revision number for resource 38f8d2a9-4ee8-4148-b36f-d6d155dc798f (type: security_group_rules) to 0
2026-02-26 02:46:38.367 10 INFO neutron.db.ovn_revision_numbers_db [req-cc920b96-ddc3-4bf1-84ae-2d452222ca11 req-bf00c30a-8db1-4ebb-a5db-67e0436c8087 d892fce6ee744e3ca626bfc94fe1246b be9abaf8ad7141e59d58a44111b259b0 - - 2d7226f8ed1d40f98a6941b88a2fbe60 2d7226f8ed1d40f98a6941b88a2fbe60] Successfully bumped revision number for resource 443f3bea-51f2-4743-84a0-85b1128e057b (type: ports) to 2
2026-02-26 02:46:38.397 9 INFO neutron.api.wsgi [None req-8b4b242d-e656-457f-8825-b5218c372c45 299809e92c5443f895650aa2cae9a91f 107dc06654c34fedbd6abce68917b586 - - default default] 10.0.0.41 "POST /v2.0/security-group-rules HTTP/1.1" status: 201 len: 800 time: 0.1822827
2026-02-26 02:46:38.406 9 WARNING neutron_lib.context [None req-a4c3fe49-d139-4ff0-b726-6a7ce3903bba 299809e92c5443f895650aa2cae9a91f 107dc06654c34fedbd6abce68917b586 - - default default] Method 'is_advsvc' is deprecated since 2023.2 release (neutron-lib 3.8.0) and will be removed once support for the old RBAC API policies will be removed from Neutron. Please use method 'is_service_role' instead.
2026-02-26 02:46:38.540 10 INFO neutron.services.segments.plugin [-] Segment 5f209e99-fdfb-466e-8bfe-caeafa061530 resource provider aggregate not found
2026-02-26 02:46:38.543 10 INFO neutron.services.segments.plugin [-] Segment 5f209e99-fdfb-466e-8bfe-caeafa061530 resource provider aggregate not found
2026-02-26 02:46:38.567 10 INFO neutron.services.segments.plugin [-] Segment 5f209e99-fdfb-466e-8bfe-caeafa061530 resource provider not found; error: Placement Client Error (4xx): {"errors": [{"status": 404, "title": "Not Found", "detail": "The resource could not be found.\n\n No resource provider with uuid 5f209e99-fdfb-466e-8bfe-caeafa061530 found for delete ", "request_id": "req-2abbecaa-c326-4dd2-8e26-fe7fc7f1a32f"}]}
2026-02-26 02:46:38.574 9 INFO neutron.db.ovn_revision_numbers_db [None req-a4c3fe49-d139-4ff0-b726-6a7ce3903bba 299809e92c5443f895650aa2cae9a91f 107dc06654c34fedbd6abce68917b586 - - default default] Successfully bumped revision number for resource cfb663ff-c615-4345-823c-6d0c6bbcddca (type: security_group_rules) to 0
2026-02-26 02:46:38.574 10 INFO neutron.services.segments.plugin [-] Segment 5f209e99-fdfb-466e-8bfe-caeafa061530 resource provider not found; error: Placement Client Error (4xx): {"errors": [{"status": 404, "title": "Not Found", "detail": "The resource could not be found.\n\n No resource provider with uuid 5f209e99-fdfb-466e-8bfe-caeafa061530 found for delete ", "request_id": "req-47b2ff57-3280-4f67-ab7d-c38b13ad8ee5"}]}
2026-02-26 02:46:38.585 10 INFO neutron.api.wsgi [None req-e83d6b76-a756-487e-a426-ae5c3272f4f2 1189b775fe67467f87087513d2f5e815 6270b4a418d7463393c4868f38939307 - - default default] 10.0.0.41 "DELETE /v2.0/networks/0b321d92-67d4-46cf-9623-f25eca382485 HTTP/1.1" status: 204 len: 168 time: 0.4088302
2026-02-26 02:46:38.594 9 WARNING neutron_lib.context [None req-9da00d4d-f91a-43b4-88fc-e48ed3ec3002 1189b775fe67467f87087513d2f5e815 6270b4a418d7463393c4868f38939307 - - default default] Method 'is_advsvc' is deprecated since 2023.2 release (neutron-lib 3.8.0) and will be removed once support for the old RBAC API policies will be removed from Neutron. Please use method 'is_service_role' instead.
2026-02-26 02:46:38.613 10 INFO neutron.db.ovn_revision_numbers_db [req-cc920b96-ddc3-4bf1-84ae-2d452222ca11 req-bf00c30a-8db1-4ebb-a5db-67e0436c8087 d892fce6ee744e3ca626bfc94fe1246b be9abaf8ad7141e59d58a44111b259b0 - - 2d7226f8ed1d40f98a6941b88a2fbe60 2d7226f8ed1d40f98a6941b88a2fbe60] Successfully bumped revision number for resource 443f3bea-51f2-4743-84a0-85b1128e057b (type: ports) to 4
2026-02-26 02:46:38.621 9 INFO neutron.api.wsgi [None req-a4c3fe49-d139-4ff0-b726-6a7ce3903bba 299809e92c5443f895650aa2cae9a91f 107dc06654c34fedbd6abce68917b586 - - default default] 10.0.0.41 "POST /v2.0/security-group-rules HTTP/1.1" status: 201 len: 796 time: 0.2196240
2026-02-26 02:46:38.632 10 INFO neutron.api.wsgi [req-cc920b96-ddc3-4bf1-84ae-2d452222ca11 req-bf00c30a-8db1-4ebb-a5db-67e0436c8087 d892fce6ee744e3ca626bfc94fe1246b be9abaf8ad7141e59d58a44111b259b0 - - 2d7226f8ed1d40f98a6941b88a2fbe60 2d7226f8ed1d40f98a6941b88a2fbe60] 162.253.55.43 "PUT /v2.0/ports/443f3bea-51f2-4743-84a0-85b1128e057b HTTP/1.1" status: 200 len: 1447 time: 0.7611794
2026-02-26 02:46:38.662 10 INFO neutron.notifiers.nova [-] Nova event matching ['req-6e035efa-e860-46b8-a3d4-b8847d9d8e4b'] response: {'name': 'network-changed', 'server_uuid': 'e2a9bcda-42f3-41a7-bdb1-a29843cfc629', 'tag': '443f3bea-51f2-4743-84a0-85b1128e057b', 'status': 'completed', 'code': 200} /var/lib/openstack/lib/python3.12/site-packages/pycadf/identifier.py:71: UserWarning: Invalid uuid: neutron. To ensure interoperability, identifiers should be a valid uuid. warnings.warn(('Invalid uuid: %s. To ensure interoperability, '
2026-02-26 02:46:38.848 10 INFO neutron.api.wsgi [req-414c91ae-59e4-4544-88b4-fde852c0dc4b req-9cb508b4-cab8-4448-91be-ea4c1fb1660e 299809e92c5443f895650aa2cae9a91f 107dc06654c34fedbd6abce68917b586 - - default default] 10.0.0.56 "GET /v2.0/security-groups?name=tempest-lb_member_SG-1162903185&fields=id&tenant_id=107dc06654c34fedbd6abce68917b586 HTTP/1.1" status: 200 len: 267 time: 0.0341098
2026-02-26 02:46:38.896 10 INFO neutron.api.wsgi [req-414c91ae-59e4-4544-88b4-fde852c0dc4b req-8c988214-f4fb-4eeb-a378-9445f2a6bc48 299809e92c5443f895650aa2cae9a91f 107dc06654c34fedbd6abce68917b586 - - default default] 10.0.0.56 "GET /v2.0/networks?id=091b283c-a0a1-4913-a165-acc99a2c614b HTTP/1.1" status: 200 len: 903 time: 0.0421119
2026-02-26 02:46:38.916 10 INFO neutron.api.wsgi [req-414c91ae-59e4-4544-88b4-fde852c0dc4b req-ad8fd6e7-ac9c-4f03-b14f-44d6f5cf133a 299809e92c5443f895650aa2cae9a91f 107dc06654c34fedbd6abce68917b586 - - default default] 10.0.0.56 "GET /v2.0/quotas/107dc06654c34fedbd6abce68917b586 HTTP/1.1" status: 200 len: 491 time: 0.0126622
2026-02-26 02:46:39.002 9 WARNING neutron.scheduler.dhcp_agent_scheduler [None req-9da00d4d-f91a-43b4-88fc-e48ed3ec3002 1189b775fe67467f87087513d2f5e815 6270b4a418d7463393c4868f38939307 - - default default] No more DHCP agents
2026-02-26 02:46:39.004 9 WARNING neutron.api.rpc.agentnotifiers.dhcp_rpc_agent_api [None req-9da00d4d-f91a-43b4-88fc-e48ed3ec3002 1189b775fe67467f87087513d2f5e815 6270b4a418d7463393c4868f38939307 - - default default] Unable to schedule network c583ca4c-ebf6-482f-8023-725b774ef642: no agents available; will retry on subsequent port and subnet creation events.
2026-02-26 02:46:39.078 10 INFO neutron.api.wsgi [req-414c91ae-59e4-4544-88b4-fde852c0dc4b req-53a408b3-7133-47d6-8b8b-98856bb3d3e7 299809e92c5443f895650aa2cae9a91f 107dc06654c34fedbd6abce68917b586 - - default default] 10.0.0.56 "GET /v2.0/ports?tenant_id=107dc06654c34fedbd6abce68917b586&fields=id HTTP/1.1" status: 200 len: 486 time: 0.1543734
2026-02-26 02:46:39.127 9 INFO neutron.db.ovn_revision_numbers_db [None req-9da00d4d-f91a-43b4-88fc-e48ed3ec3002 1189b775fe67467f87087513d2f5e815 6270b4a418d7463393c4868f38939307 - - default default] Successfully bumped revision number for resource 9283b80d-02fb-45eb-b700-e6e3e655fe71 (type: ports) to 1
2026-02-26 02:46:39.135 10 INFO neutron.api.wsgi [req-414c91ae-59e4-4544-88b4-fde852c0dc4b req-5fcfd996-f274-4fe2-aa63-cd79f7ccba06 d892fce6ee744e3ca626bfc94fe1246b be9abaf8ad7141e59d58a44111b259b0 - - 2d7226f8ed1d40f98a6941b88a2fbe60 2d7226f8ed1d40f98a6941b88a2fbe60] 10.0.0.56 "GET /v2.0/networks/091b283c-a0a1-4913-a165-acc99a2c614b?fields=segments HTTP/1.1" status: 200 len: 212 time: 0.0444081
2026-02-26 02:46:39.203 10 INFO neutron.api.wsgi [req-0a23bbd2-27e1-4e69-867c-3424c80adfde req-f3fc8059-be7a-486a-a1f4-334b1cef0050 a3cfcf6f1517419091c5069069bf67c5 28e47617a90c41ad9bcc8939855426cc - - default default] 10.0.0.56 "GET /v2.0/ports?device_id=262a461f-6029-49fa-9467-a9add6e02a58 HTTP/1.1" status: 200 len: 210 time: 0.0299182
2026-02-26 02:46:39.211 10 INFO neutron.api.wsgi [req-414c91ae-59e4-4544-88b4-fde852c0dc4b req-4c3ded47-2dbc-4808-9429-bfcc83c3e85f d892fce6ee744e3ca626bfc94fe1246b be9abaf8ad7141e59d58a44111b259b0 - - 2d7226f8ed1d40f98a6941b88a2fbe60 2d7226f8ed1d40f98a6941b88a2fbe60] 10.0.0.56 "GET /v2.0/networks/091b283c-a0a1-4913-a165-acc99a2c614b?fields=provider%3Aphysical_network&fields=provider%3Anetwork_type HTTP/1.1" status: 200 len: 277 time: 0.0665452
2026-02-26 02:46:39.222 10 INFO neutron.api.wsgi [req-b6e7a0a7-036d-4bac-be3a-5397ef043b40 req-ad0e547d-0f5a-4170-b4e2-81a6611998cb d892fce6ee744e3ca626bfc94fe1246b be9abaf8ad7141e59d58a44111b259b0 - - 2d7226f8ed1d40f98a6941b88a2fbe60 2d7226f8ed1d40f98a6941b88a2fbe60] 162.253.55.43 "GET /v2.0/ports?tenant_id=1c24e5f5c32b4d7b8c898867ad3c366f&device_id=e2a9bcda-42f3-41a7-bdb1-a29843cfc629 HTTP/1.1" status: 200 len: 1450 time: 0.0491118
2026-02-26 02:46:39.284 10 INFO neutron.api.wsgi [req-b6e7a0a7-036d-4bac-be3a-5397ef043b40 req-cee959ed-c3f3-4abe-a24b-c18182b09f3a d892fce6ee744e3ca626bfc94fe1246b be9abaf8ad7141e59d58a44111b259b0 - - 2d7226f8ed1d40f98a6941b88a2fbe60 2d7226f8ed1d40f98a6941b88a2fbe60] 162.253.55.43 "GET /v2.0/networks?tenant_id=1c24e5f5c32b4d7b8c898867ad3c366f&shared=False HTTP/1.1" status: 200 len: 971 time: 0.0567174
2026-02-26 02:46:39.334 10 INFO neutron.api.wsgi [req-2c9e362a-159b-420b-a0e3-373e9cca1762 req-fc3ffce8-bb3e-4704-aefd-b9499b7e26e5 299809e92c5443f895650aa2cae9a91f 107dc06654c34fedbd6abce68917b586 - - default default] 10.0.0.56 "GET /v2.0/ports?device_id=571e01ad-63a9-4129-8d97-b371b27be53c HTTP/1.1" status: 200 len: 210 time: 0.0251815
2026-02-26 02:46:39.340 10 INFO neutron.api.wsgi [req-2652ce2b-6734-4031-bae1-c6ea213bc279 req-79259100-93ec-4906-a23b-5b77c8736aa9 f46e6a30f5964311989598bc48d69533 1c24e5f5c32b4d7b8c898867ad3c366f - - default default] 10.0.0.56 "GET /v2.0/ports?device_id=e2a9bcda-42f3-41a7-bdb1-a29843cfc629 HTTP/1.1" status: 200 len: 1212 time: 0.0718670
2026-02-26 02:46:39.371 10 INFO neutron.api.wsgi [req-b6e7a0a7-036d-4bac-be3a-5397ef043b40 req-0cd19817-1b46-4012-b196-d217b301eda3 d892fce6ee744e3ca626bfc94fe1246b be9abaf8ad7141e59d58a44111b259b0 - - 2d7226f8ed1d40f98a6941b88a2fbe60 2d7226f8ed1d40f98a6941b88a2fbe60] 162.253.55.43 "GET /v2.0/networks?shared=True HTTP/1.1" status: 200 len: 952 time: 0.0796509
2026-02-26 02:46:39.389 10 INFO neutron.api.wsgi [req-2652ce2b-6734-4031-bae1-c6ea213bc279 req-ed154cf2-c37c-4589-a348-62b37b5217c3 f46e6a30f5964311989598bc48d69533 1c24e5f5c32b4d7b8c898867ad3c366f - - default default] 10.0.0.56 "GET /v2.0/security-groups?id=22ad0ad5-c308-4d94-af80-92bcd83192ac&id=dd45aa90-01c2-4dd8-8a8b-1ce28a097013&fields=id&fields=name HTTP/1.1" status: 200 len: 406 time: 0.0403073
2026-02-26 02:46:39.639 9 INFO neutron.plugins.ml2.drivers.ovn.mech_driver.ovsdb.commands [None req-0ce5eec3-8b26-42b6-9ef9-4732a6fe266d - - - - - -] Schedule LRP lrp-9283b80d-02fb-45eb-b700-e6e3e655fe71 on gateway 81e7f5e7-e13f-4d7a-8aa7-ec11d0d76856 with priority 1
2026-02-26 02:46:39.651 10 INFO neutron.plugins.ml2.drivers.ovn.mech_driver.mech_driver [None req-b152ec94-2778-4cdf-bb16-d37d131250cb - - - - - -] OVN reports status up for port: 9283b80d-02fb-45eb-b700-e6e3e655fe71
2026-02-26 02:46:39.660 10 INFO neutron.plugins.ml2.plugin [None req-b152ec94-2778-4cdf-bb16-d37d131250cb - - - - - -] Attempt 1 to provision port 9283b80d-02fb-45eb-b700-e6e3e655fe71
2026-02-26 02:46:39.675 9 INFO neutron.db.ovn_revision_numbers_db [None req-9da00d4d-f91a-43b4-88fc-e48ed3ec3002 1189b775fe67467f87087513d2f5e815 6270b4a418d7463393c4868f38939307 - - default default] Successfully bumped revision number for resource 9283b80d-02fb-45eb-b700-e6e3e655fe71 (type: router_ports) to 1
2026-02-26 02:46:39.725 9 INFO neutron.db.ovn_revision_numbers_db [None req-9da00d4d-f91a-43b4-88fc-e48ed3ec3002 1189b775fe67467f87087513d2f5e815 6270b4a418d7463393c4868f38939307 - - default default] Successfully bumped revision number for resource d5cdef3c-a05e-48ac-b85e-2359c3fcea33 (type: routers) to 2
2026-02-26 02:46:39.740 9 INFO neutron.api.wsgi [None req-9da00d4d-f91a-43b4-88fc-e48ed3ec3002 1189b775fe67467f87087513d2f5e815 6270b4a418d7463393c4868f38939307 - - default default] 10.0.0.41 "POST /v2.0/routers HTTP/1.1" status: 201 len: 1147 time: 1.1497679
2026-02-26 02:46:39.796 9 INFO neutron.api.wsgi [None req-b66ebcb8-cee5-4110-80cd-fe169565399a 1189b775fe67467f87087513d2f5e815 6270b4a418d7463393c4868f38939307 - - default default] 10.0.0.41 "GET /v2.0/routers/d5cdef3c-a05e-48ac-b85e-2359c3fcea33 HTTP/1.1" status: 200 len: 1148 time: 0.0515616
2026-02-26 02:46:39.891 9 INFO neutron.api.wsgi [None req-977619e5-3765-4cc8-a276-1375f0517435 1189b775fe67467f87087513d2f5e815 6270b4a418d7463393c4868f38939307 - - default default] 10.0.0.41 "GET /v2.0/routers HTTP/1.1" status: 200 len: 1151 time: 0.0914986
2026-02-26 02:46:40.283 10 INFO neutron.api.wsgi [req-9994c765-8584-4779-b29a-d5a75bb49e09 req-850cea1e-b1c1-46fe-bde7-1912e4ccc904 a3cfcf6f1517419091c5069069bf67c5 28e47617a90c41ad9bcc8939855426cc - - default default] 10.0.0.56 "GET /v2.0/ports?device_id=262a461f-6029-49fa-9467-a9add6e02a58 HTTP/1.1" status: 200 len: 210 time: 0.0136638
2026-02-26 02:46:40.419 10 INFO neutron.api.wsgi [req-cc920b96-ddc3-4bf1-84ae-2d452222ca11 req-d255a00e-5bc3-4309-b33c-31341e5403a3 d892fce6ee744e3ca626bfc94fe1246b be9abaf8ad7141e59d58a44111b259b0 - - 2d7226f8ed1d40f98a6941b88a2fbe60 2d7226f8ed1d40f98a6941b88a2fbe60] 162.253.55.43 "GET /v2.0/ports?tenant_id=1c24e5f5c32b4d7b8c898867ad3c366f&device_id=e2a9bcda-42f3-41a7-bdb1-a29843cfc629 HTTP/1.1" status: 200 len: 1450 time: 0.0349562
2026-02-26 02:46:40.443 10 INFO neutron.api.wsgi [req-cc920b96-ddc3-4bf1-84ae-2d452222ca11 req-7da5ce3e-4ec8-4444-b4ce-2e7dcec68e72 d892fce6ee744e3ca626bfc94fe1246b be9abaf8ad7141e59d58a44111b259b0 - - 2d7226f8ed1d40f98a6941b88a2fbe60 2d7226f8ed1d40f98a6941b88a2fbe60] 162.253.55.43 "GET /v2.0/floatingips?fixed_ip_address=10.100.0.11&port_id=443f3bea-51f2-4743-84a0-85b1128e057b HTTP/1.1" status: 200 len: 217 time: 0.0168867
2026-02-26 02:46:40.476 10 INFO neutron.api.wsgi [req-e5712199-d812-4a64-959f-b65c9d22b869 req-4955e3c9-bd52-43dd-9920-a29faada9921 f46e6a30f5964311989598bc48d69533 1c24e5f5c32b4d7b8c898867ad3c366f - - default default] 10.0.0.56 "GET /v2.0/ports?device_id=e2a9bcda-42f3-41a7-bdb1-a29843cfc629 HTTP/1.1" status: 200 len: 1212 time: 0.0315347
2026-02-26 02:46:40.479 10 INFO neutron.api.wsgi [req-cc920b96-ddc3-4bf1-84ae-2d452222ca11 req-d80c3084-fc2c-4bfb-981b-70e797dea287 d892fce6ee744e3ca626bfc94fe1246b be9abaf8ad7141e59d58a44111b259b0 - - 2d7226f8ed1d40f98a6941b88a2fbe60 2d7226f8ed1d40f98a6941b88a2fbe60] 162.253.55.43 "GET /v2.0/subnets?id=27b382a5-991a-4ba8-8650-0e8ac5c99ebc HTTP/1.1" status: 200 len: 890 time: 0.0291727
2026-02-26 02:46:40.481 9 INFO neutron.db.ovn_revision_numbers_db [None req-401db8a5-25b1-403d-a62b-535eeb858fd9 1189b775fe67467f87087513d2f5e815 6270b4a418d7463393c4868f38939307 - - default default] Successfully bumped revision number for resource d5cdef3c-a05e-48ac-b85e-2359c3fcea33 (type: routers) to 3
2026-02-26 02:46:40.487 9 INFO neutron.api.wsgi [None req-401db8a5-25b1-403d-a62b-535eeb858fd9 1189b775fe67467f87087513d2f5e815 6270b4a418d7463393c4868f38939307 - - default default] 10.0.0.41 "PUT /v2.0/routers/d5cdef3c-a05e-48ac-b85e-2359c3fcea33 HTTP/1.1" status: 200 len: 1155 time: 0.5911891
2026-02-26 02:46:40.505 10 INFO neutron.api.wsgi [req-cc920b96-ddc3-4bf1-84ae-2d452222ca11 req-53e84edb-4dee-4b76-b98c-d0209b269b58 d892fce6ee744e3ca626bfc94fe1246b be9abaf8ad7141e59d58a44111b259b0 - - 2d7226f8ed1d40f98a6941b88a2fbe60 2d7226f8ed1d40f98a6941b88a2fbe60] 162.253.55.43 "GET /v2.0/ports?network_id=0c5c3394-1c08-412e-92f8-a71475e22c98&device_owner=network%3Adhcp HTTP/1.1" status: 200 len: 210 time: 0.0196271
2026-02-26 02:46:40.526 10 INFO neutron.api.wsgi [req-e5712199-d812-4a64-959f-b65c9d22b869 req-7bbe1642-c7e1-419e-b695-40596330758e f46e6a30f5964311989598bc48d69533 1c24e5f5c32b4d7b8c898867ad3c366f - - default default] 10.0.0.56 "GET /v2.0/security-groups?id=22ad0ad5-c308-4d94-af80-92bcd83192ac&id=dd45aa90-01c2-4dd8-8a8b-1ce28a097013&fields=id&fields=name HTTP/1.1" status: 200 len: 406 time: 0.0440729
2026-02-26 02:46:40.542 9 INFO neutron.api.wsgi [None req-2895c41d-e260-4032-a0c8-039c6fe457a3 1189b775fe67467f87087513d2f5e815 6270b4a418d7463393c4868f38939307 - - default default] 10.0.0.41 "GET /v2.0/routers/d5cdef3c-a05e-48ac-b85e-2359c3fcea33 HTTP/1.1" status: 200 len: 1155 time: 0.0510275
2026-02-26 02:46:40.555 10 INFO neutron.api.wsgi [req-cc920b96-ddc3-4bf1-84ae-2d452222ca11 req-9d66650e-f7e9-4486-b7e7-c46c5f6ef7ff d892fce6ee744e3ca626bfc94fe1246b be9abaf8ad7141e59d58a44111b259b0 - - 2d7226f8ed1d40f98a6941b88a2fbe60 2d7226f8ed1d40f98a6941b88a2fbe60] 162.253.55.43 "GET /v2.0/networks/0c5c3394-1c08-412e-92f8-a71475e22c98?fields=segments HTTP/1.1" status: 200 len: 212 time: 0.0464220
2026-02-26 02:46:40.561 9 INFO neutron.api.wsgi [None req-f85bab60-54e1-4503-a9f7-19f970e25d69 1189b775fe67467f87087513d2f5e815 6270b4a418d7463393c4868f38939307 - - default default] 10.0.0.41 "GET /v2.0/ports?device_id=d5cdef3c-a05e-48ac-b85e-2359c3fcea33 HTTP/1.1" status: 200 len: 205 time: 0.0136542
2026-02-26 02:46:40.599 10 INFO neutron.api.wsgi [req-cc920b96-ddc3-4bf1-84ae-2d452222ca11 req-95706c74-15db-4b43-83d4-d6198ac925e9 d892fce6ee744e3ca626bfc94fe1246b be9abaf8ad7141e59d58a44111b259b0 - - 2d7226f8ed1d40f98a6941b88a2fbe60 2d7226f8ed1d40f98a6941b88a2fbe60] 162.253.55.43 "GET /v2.0/networks/0c5c3394-1c08-412e-92f8-a71475e22c98?fields=provider%3Aphysical_network&fields=provider%3Anetwork_type HTTP/1.1" status: 200 len: 277 time: 0.0398424
2026-02-26 02:46:41.111 9 INFO neutron.api.wsgi [None req-818f4581-c181-4573-9e6d-e84698bf5539 1189b775fe67467f87087513d2f5e815 6270b4a418d7463393c4868f38939307 - - default default] 10.0.0.41 "DELETE /v2.0/routers/d5cdef3c-a05e-48ac-b85e-2359c3fcea33 HTTP/1.1" status: 204 len: 168 time: 0.5463152
2026-02-26 02:46:41.129 9 INFO neutron.api.wsgi [None req-7ac1ffdb-dcbe-4795-8839-ab66e79acd01 1189b775fe67467f87087513d2f5e815 6270b4a418d7463393c4868f38939307 - - default default] 10.0.0.41 "GET /v2.0/ports?device_id=d5cdef3c-a05e-48ac-b85e-2359c3fcea33 HTTP/1.1" status: 200 len: 205 time: 0.0127642
2026-02-26 02:46:41.148 9 INFO neutron.api.v2.resource [None req-b59bb122-8847-4529-bc33-e9e1d1be2de4 1189b775fe67467f87087513d2f5e815 6270b4a418d7463393c4868f38939307 - - default default] delete failed (client error): The resource could not be found.
2026-02-26 02:46:41.149 9 INFO neutron.api.wsgi [None req-b59bb122-8847-4529-bc33-e9e1d1be2de4 1189b775fe67467f87087513d2f5e815 6270b4a418d7463393c4868f38939307 - - default default] 10.0.0.41 "DELETE /v2.0/routers/d5cdef3c-a05e-48ac-b85e-2359c3fcea33 HTTP/1.1" status: 404 len: 336 time: 0.0155721
2026-02-26 02:46:41.166 9 INFO neutron.api.wsgi [None req-4d3434cc-3323-4532-9a24-7d5dcdb5b07a 1189b775fe67467f87087513d2f5e815 6270b4a418d7463393c4868f38939307 - - default default] 10.0.0.41 "GET /v2.0/ports?device_id=159a1947-6d42-4dc5-86b4-bbae3839adb2 HTTP/1.1" status: 200 len: 205 time: 0.0121281
2026-02-26 02:46:41.181 9 INFO neutron.api.v2.resource [None req-e2eac510-3767-4a69-a03c-85a245538c8a 1189b775fe67467f87087513d2f5e815 6270b4a418d7463393c4868f38939307 - - default default] delete failed (client error): The resource could not be found.
2026-02-26 02:46:41.182 9 INFO neutron.api.wsgi [None req-e2eac510-3767-4a69-a03c-85a245538c8a 1189b775fe67467f87087513d2f5e815 6270b4a418d7463393c4868f38939307 - - default default] 10.0.0.41 "DELETE /v2.0/routers/159a1947-6d42-4dc5-86b4-bbae3839adb2 HTTP/1.1" status: 404 len: 336 time: 0.0116477
2026-02-26 02:46:41.193 9 INFO neutron.pecan_wsgi.hooks.translation [None req-84d29b4a-f776-4c44-8672-1a55b57ba2f6 1189b775fe67467f87087513d2f5e815 6270b4a418d7463393c4868f38939307 - - default default] DELETE failed (client error): The resource could not be found.
2026-02-26 02:46:41.195 9 INFO neutron.api.wsgi [None req-84d29b4a-f776-4c44-8672-1a55b57ba2f6 1189b775fe67467f87087513d2f5e815 6270b4a418d7463393c4868f38939307 - - default default] 10.0.0.41 "DELETE /v2.0/subnets/94b0eb88-ab58-46ce-864b-0bd932564eb1 HTTP/1.1" status: 404 len: 337 time: 0.0096786
2026-02-26 02:46:41.210 9 INFO neutron.api.wsgi [None req-2dfcecfc-8767-4b97-985a-4c8cc3308519 1189b775fe67467f87087513d2f5e815 6270b4a418d7463393c4868f38939307 - - default default] 10.0.0.41 "GET /v2.0/ports?device_id=7b5ce9ee-3148-4b14-b946-435ffc8dd7a5 HTTP/1.1" status: 200 len: 205 time: 0.0111554
2026-02-26 02:46:41.228 9 INFO neutron.api.v2.resource [None req-04b6b166-98b1-4e16-ad99-d2e123923634 1189b775fe67467f87087513d2f5e815 6270b4a418d7463393c4868f38939307 - - default default] delete failed (client error): The resource could not be found.
2026-02-26 02:46:41.229 9 INFO neutron.api.wsgi [None req-04b6b166-98b1-4e16-ad99-d2e123923634 1189b775fe67467f87087513d2f5e815 6270b4a418d7463393c4868f38939307 - - default default] 10.0.0.41 "DELETE /v2.0/routers/7b5ce9ee-3148-4b14-b946-435ffc8dd7a5 HTTP/1.1" status: 404 len: 336 time: 0.0144711
2026-02-26 02:46:41.247 9 INFO neutron.pecan_wsgi.hooks.translation [None req-7a9292e9-17a4-42ee-a785-d697747236ba 1189b775fe67467f87087513d2f5e815 6270b4a418d7463393c4868f38939307 - - default default] DELETE failed (client error): The resource could not be found.
2026-02-26 02:46:41.250 9 INFO neutron.api.wsgi [None req-7a9292e9-17a4-42ee-a785-d697747236ba 1189b775fe67467f87087513d2f5e815 6270b4a418d7463393c4868f38939307 - - default default] 10.0.0.41 "DELETE /v2.0/subnets/9045aace-6324-4c4e-a97f-80e7b2785f6a HTTP/1.1" status: 404 len: 337 time: 0.0156891
2026-02-26 02:46:41.273 9 INFO neutron.api.wsgi [None req-64bd9f78-f848-4cc5-8b8e-5fbc92361d8a 1189b775fe67467f87087513d2f5e815 6270b4a418d7463393c4868f38939307 - - default default] 10.0.0.41 "GET /v2.0/ports?device_id=54103601-8a83-4190-b303-c3146199a9eb HTTP/1.1" status: 200 len: 205 time: 0.0181971
2026-02-26 02:46:41.287 9 INFO neutron.api.v2.resource [None req-2a652b0b-b693-49bd-baa7-cfcedc944988 1189b775fe67467f87087513d2f5e815 6270b4a418d7463393c4868f38939307 - - default default] delete failed (client error): The resource could not be found.
2026-02-26 02:46:41.288 9 INFO neutron.api.wsgi [None req-2a652b0b-b693-49bd-baa7-cfcedc944988 1189b775fe67467f87087513d2f5e815 6270b4a418d7463393c4868f38939307 - - default default] 10.0.0.41 "DELETE /v2.0/routers/54103601-8a83-4190-b303-c3146199a9eb HTTP/1.1" status: 404 len: 336 time: 0.0120506
2026-02-26 02:46:41.298 9 INFO neutron.pecan_wsgi.hooks.translation [None req-2539a396-6812-46a2-a83f-f1d06bca0bc9 1189b775fe67467f87087513d2f5e815 6270b4a418d7463393c4868f38939307 - - default default] DELETE failed (client error): The resource could not be found.
2026-02-26 02:46:41.300 9 INFO neutron.api.wsgi [None req-2539a396-6812-46a2-a83f-f1d06bca0bc9 1189b775fe67467f87087513d2f5e815 6270b4a418d7463393c4868f38939307 - - default default] 10.0.0.41 "DELETE /v2.0/subnets/31d01edc-993a-49ba-8813-d81158e88f17 HTTP/1.1" status: 404 len: 337 time: 0.0094490
2026-02-26 02:46:41.311 9 INFO neutron.pecan_wsgi.hooks.translation [None req-aeae4dab-513d-4563-b553-c675b5175167 1189b775fe67467f87087513d2f5e815 6270b4a418d7463393c4868f38939307 - - default default] DELETE failed (client error): The resource could not be found.
2026-02-26 02:46:41.314 9 INFO neutron.api.wsgi [None req-aeae4dab-513d-4563-b553-c675b5175167 1189b775fe67467f87087513d2f5e815 6270b4a418d7463393c4868f38939307 - - default default] 10.0.0.41 "DELETE /v2.0/subnets/8818b10b-ad1d-4d45-a72b-8e1974cc7934 HTTP/1.1" status: 404 len: 337 time: 0.0103922
2026-02-26 02:46:41.471 9 INFO neutron.api.wsgi [None req-50a01a17-5892-405e-a22c-f8118f99c263 a3cfcf6f1517419091c5069069bf67c5 28e47617a90c41ad9bcc8939855426cc - - default default] 10.0.0.41 "DELETE /v2.0/security-groups/3bbf02bf-103d-4405-b586-ffe2ccb5a22a HTTP/1.1" status: 204 len: 168 time: 0.1097713
2026-02-26 02:46:41.484 9 INFO neutron.api.v2.resource [None req-fab53f14-01f0-4028-977d-e72d96d13e20 a3cfcf6f1517419091c5069069bf67c5 28e47617a90c41ad9bcc8939855426cc - - default default] show failed (client error): The resource could not be found.
2026-02-26 02:46:41.485 9 INFO neutron.api.wsgi [None req-fab53f14-01f0-4028-977d-e72d96d13e20 a3cfcf6f1517419091c5069069bf67c5 28e47617a90c41ad9bcc8939855426cc - - default default] 10.0.0.41 "GET /v2.0/security-groups/3bbf02bf-103d-4405-b586-ffe2ccb5a22a HTTP/1.1" status: 404 len: 347 time: 0.0097880
2026-02-26 02:46:41.624 9 WARNING neutron.plugins.ml2.drivers.ovn.mech_driver.ovsdb.ovn_client [None req-7560e775-616d-4e90-8234-67976539b27f - - - - - -] No port found with ID 3d801202-87f4-46b9-82d1-55352a5c28bb: RuntimeError: No port found with ID 3d801202-87f4-46b9-82d1-55352a5c28bb
2026-02-26 02:46:41.625 9 INFO neutron.plugins.ml2.drivers.ovn.mech_driver.mech_driver [None req-7560e775-616d-4e90-8234-67976539b27f - - - - - -] OVN reports status up for port: abacd315-5229-4b37-87ab-db9e8186bcf9
2026-02-26 02:46:41.628 10 INFO neutron.api.wsgi [req-84cd84b2-5de1-4a12-b830-03d5e329a0ed req-e13881e8-4adc-49d0-b9c2-4f65dcb47c86 f46e6a30f5964311989598bc48d69533 1c24e5f5c32b4d7b8c898867ad3c366f - - default default] 10.0.0.56 "GET /v2.0/ports?device_id=e2a9bcda-42f3-41a7-bdb1-a29843cfc629 HTTP/1.1" status: 200 len: 1212 time: 0.0426612
2026-02-26 02:46:41.649 9 INFO neutron.plugins.ml2.plugin [None req-7560e775-616d-4e90-8234-67976539b27f - - - - - -] Attempt 1 to provision port abacd315-5229-4b37-87ab-db9e8186bcf9
2026-02-26 02:46:41.677 10 INFO neutron.api.wsgi [req-84cd84b2-5de1-4a12-b830-03d5e329a0ed req-ea2bd4e0-a453-4a73-9b8c-57a1f6482cf9 f46e6a30f5964311989598bc48d69533 1c24e5f5c32b4d7b8c898867ad3c366f - - default default] 10.0.0.56 "GET /v2.0/security-groups?id=22ad0ad5-c308-4d94-af80-92bcd83192ac&id=dd45aa90-01c2-4dd8-8a8b-1ce28a097013&fields=id&fields=name HTTP/1.1" status: 200 len: 406 time: 0.0433905
2026-02-26 02:46:41.773 9 INFO neutron.plugins.ml2.drivers.ovn.mech_driver.mech_driver [None req-7560e775-616d-4e90-8234-67976539b27f - - - - - -] OVN reports status up for port: b25f92a4-9a7e-4ed7-8a5b-4be80d8383d1
2026-02-26 02:46:41.778 9 INFO neutron.plugins.ml2.plugin [None req-7560e775-616d-4e90-8234-67976539b27f - - - - - -] Attempt 1 to provision port b25f92a4-9a7e-4ed7-8a5b-4be80d8383d1
2026-02-26 02:46:41.786 9 INFO neutron.api.wsgi [None req-852982b8-cc16-4012-97a7-5b72d927edb4 a3cfcf6f1517419091c5069069bf67c5 28e47617a90c41ad9bcc8939855426cc - - default default] 10.0.0.41 "DELETE /v2.0/floatingips/4e9ccbbc-8743-4d63-8f85-206a24eb9c72 HTTP/1.1" status: 204 len: 168 time: 0.2980034
2026-02-26 02:46:41.869 10 INFO neutron.api.wsgi [None req-d370d82c-7479-4c67-9e4a-e0060a4b7151 bbf1c22f41b943158cd85a9bda41e907 6d914e61d5414143b27b9d384a9380e1 - - default default] 10.0.0.41 "GET /v2.0/security-groups?tenant_id=6270b4a418d7463393c4868f38939307&name=default HTTP/1.1" status: 200 len: 3120 time: 0.1175039
2026-02-26 02:46:42.062 10 INFO neutron.api.wsgi [None req-0d6ca6d1-8697-476a-907a-847f5116273a bbf1c22f41b943158cd85a9bda41e907 6d914e61d5414143b27b9d384a9380e1 - - default default] 10.0.0.41 "DELETE /v2.0/security-groups/7c218dcd-0267-4c75-a985-83fa82ca5926 HTTP/1.1" status: 204 len: 168 time: 0.1853523
2026-02-26 02:46:42.222 9 INFO neutron.db.ovn_revision_numbers_db [None req-7560e775-616d-4e90-8234-67976539b27f - - - - - -] Successfully bumped revision number for resource b25f92a4-9a7e-4ed7-8a5b-4be80d8383d1 (type: ports) to 2
2026-02-26 02:46:42.763 10 INFO neutron.api.wsgi [req-d7369ef4-837b-45f0-ad7f-c27ea40b9df0 req-4ce060e4-bc13-4e46-9025-dba1cac9950b f46e6a30f5964311989598bc48d69533 1c24e5f5c32b4d7b8c898867ad3c366f - - default default] 10.0.0.56 "GET /v2.0/ports?device_id=e2a9bcda-42f3-41a7-bdb1-a29843cfc629 HTTP/1.1" status: 200 len: 1212 time: 0.0296497
2026-02-26 02:46:42.805 10 INFO neutron.api.wsgi [req-d7369ef4-837b-45f0-ad7f-c27ea40b9df0 req-12202a64-e908-4c7b-ad56-ac5f5fa90568 f46e6a30f5964311989598bc48d69533 1c24e5f5c32b4d7b8c898867ad3c366f - - default default] 10.0.0.56 "GET /v2.0/security-groups?id=22ad0ad5-c308-4d94-af80-92bcd83192ac&id=dd45aa90-01c2-4dd8-8a8b-1ce28a097013&fields=id&fields=name HTTP/1.1" status: 200 len: 406 time: 0.0365870
2026-02-26 02:46:42.914 9 INFO neutron.api.wsgi [None req-a1e0fca3-51b9-4c5b-8fe9-4dd15c3b982e bbf1c22f41b943158cd85a9bda41e907 6d914e61d5414143b27b9d384a9380e1 - - default default] 10.0.0.41 "PUT /v2.0/routers/4a02137f-60ae-44d4-b7d4-ffd8e64f784e/remove_router_interface HTTP/1.1" status: 200 len: 503 time: 1.1233785 /var/lib/openstack/lib/python3.12/site-packages/pycadf/identifier.py:71: UserWarning: Invalid uuid: neutron. To ensure interoperability, identifiers should be a valid uuid. warnings.warn(('Invalid uuid: %s. To ensure interoperability, '
2026-02-26 02:46:43.221 10 INFO neutron.api.wsgi [req-7cfe500c-77eb-4050-bacc-08fb7b07b388 req-5a21a307-9d40-47c6-9962-d604d8cba9c7 d892fce6ee744e3ca626bfc94fe1246b be9abaf8ad7141e59d58a44111b259b0 - - 2d7226f8ed1d40f98a6941b88a2fbe60 2d7226f8ed1d40f98a6941b88a2fbe60] 162.253.55.43 "GET /v2.0/ports?device_id=e2a9bcda-42f3-41a7-bdb1-a29843cfc629 HTTP/1.1" status: 200 len: 1450 time: 0.0322907
2026-02-26 02:46:43.255 10 INFO neutron.api.wsgi [req-7cfe500c-77eb-4050-bacc-08fb7b07b388 req-c26da745-56d1-4137-8a65-422e3abdf2fd d892fce6ee744e3ca626bfc94fe1246b be9abaf8ad7141e59d58a44111b259b0 - - 2d7226f8ed1d40f98a6941b88a2fbe60 2d7226f8ed1d40f98a6941b88a2fbe60] 162.253.55.43 "GET /v2.0/security-groups?id=22ad0ad5-c308-4d94-af80-92bcd83192ac&id=dd45aa90-01c2-4dd8-8a8b-1ce28a097013&fields=id&fields=name HTTP/1.1" status: 200 len: 406 time: 0.0284190
2026-02-26 02:46:43.526 9 INFO neutron.api.wsgi [None req-7f51640c-414b-4568-8b5a-f1c477a4dc63 bbf1c22f41b943158cd85a9bda41e907 6d914e61d5414143b27b9d384a9380e1 - - default default] 10.0.0.41 "DELETE /v2.0/routers/4a02137f-60ae-44d4-b7d4-ffd8e64f784e HTTP/1.1" status: 204 len: 168 time: 0.6071632
2026-02-26 02:46:43.602 10 INFO neutron.api.wsgi [req-414c91ae-59e4-4544-88b4-fde852c0dc4b req-1ce3e345-92bb-46f6-bc96-d58fe86220df 299809e92c5443f895650aa2cae9a91f 107dc06654c34fedbd6abce68917b586 - - default default] 162.253.55.43 "GET /v2.0/networks?id=091b283c-a0a1-4913-a165-acc99a2c614b HTTP/1.1" status: 200 len: 903 time: 0.0482676
2026-02-26 02:46:43.644 10 INFO neutron.api.wsgi [req-414c91ae-59e4-4544-88b4-fde852c0dc4b req-ad4b2afe-5fc0-4b88-8e70-4f88a83b4932 299809e92c5443f895650aa2cae9a91f 107dc06654c34fedbd6abce68917b586 - - default default] 162.253.55.43 "GET /v2.0/security-groups?fields=id&fields=name&tenant_id=107dc06654c34fedbd6abce68917b586 HTTP/1.1" status: 200 len: 378 time: 0.0357113
2026-02-26 02:46:43.652 10 WARNING neutron_lib.context [req-414c91ae-59e4-4544-88b4-fde852c0dc4b req-ecd0c73e-7b56-4dd1-bab4-3e705493149b 299809e92c5443f895650aa2cae9a91f 107dc06654c34fedbd6abce68917b586 - - default default] Method 'is_advsvc' is deprecated since 2023.2 release (neutron-lib 3.8.0) and will be removed once support for the old RBAC API policies will be removed from Neutron. Please use method 'is_service_role' instead.
2026-02-26 02:46:43.673 9 INFO neutron.api.wsgi [None req-131fd6bd-e4f1-4d45-9694-e814f2fe8679 bbf1c22f41b943158cd85a9bda41e907 6d914e61d5414143b27b9d384a9380e1 - - default default] 10.0.0.41 "DELETE /v2.0/subnets/fcc25c10-c3be-4412-8818-30bf76793fc5 HTTP/1.1" status: 204 len: 168 time: 0.1419060
2026-02-26 02:46:43.801 9 WARNING neutron_lib.context [None req-2d0ea489-73a1-4046-a691-b72866645b46 ad7eb18a4cad4ecf93ac93c930fa2bd2 a6937a26b3ce4c7786b45d05f1108e48 - - default default] Method 'is_advsvc' is deprecated since 2023.2 release (neutron-lib 3.8.0) and will be removed once support for the old RBAC API policies will be removed from Neutron. Please use method 'is_service_role' instead.
2026-02-26 02:46:43.969 9 INFO neutron.services.segments.plugin [-] Segment 5d2f00c9-81a6-4965-8b41-1cb93995543d resource provider aggregate not found
2026-02-26 02:46:43.975 9 INFO neutron.services.segments.plugin [-] Segment 5d2f00c9-81a6-4965-8b41-1cb93995543d resource provider aggregate not found
2026-02-26 02:46:43.986 9 INFO neutron.db.ovn_revision_numbers_db [None req-2d0ea489-73a1-4046-a691-b72866645b46 ad7eb18a4cad4ecf93ac93c930fa2bd2 a6937a26b3ce4c7786b45d05f1108e48 - - default default] Successfully bumped revision number for resource 0d38dd89-0751-459e-b31c-2d8cc82765a6 (type: security_groups) to 1
2026-02-26 02:46:43.987 10 INFO neutron.api.wsgi [req-d5391001-0383-46a2-bcd4-126401a90551 req-d643a916-87bd-44ed-a7f8-6c2cbd842c9c f46e6a30f5964311989598bc48d69533 1c24e5f5c32b4d7b8c898867ad3c366f - - default default] 10.0.0.56 "GET /v2.0/ports?device_id=e2a9bcda-42f3-41a7-bdb1-a29843cfc629 HTTP/1.1" status: 200 len: 1212 time: 0.1106720
2026-02-26 02:46:43.988 9 INFO neutron.services.segments.plugin [-] Segment 5d2f00c9-81a6-4965-8b41-1cb93995543d resource provider not found; error: Placement Client Error (4xx): {"errors": [{"status": 404, "title": "Not Found", "detail": "The resource could not be found.\n\n No resource provider with uuid 5d2f00c9-81a6-4965-8b41-1cb93995543d found for delete ", "request_id": "req-a3490055-16e9-4162-a045-aae0b278a119"}]}
2026-02-26 02:46:43.995 9 INFO neutron.services.segments.plugin [-] Segment 5d2f00c9-81a6-4965-8b41-1cb93995543d resource provider not found; error: Placement Client Error (4xx): {"errors": [{"status": 404, "title": "Not Found", "detail": "The resource could not be found.\n\n No resource provider with uuid 5d2f00c9-81a6-4965-8b41-1cb93995543d found for delete ", "request_id": "req-064d3259-f5ac-413f-b56a-f8f7a5903abb"}]} /var/lib/openstack/lib/python3.12/site-packages/pycadf/identifier.py:71: UserWarning: Invalid uuid: neutron. To ensure interoperability, identifiers should be a valid uuid. warnings.warn(('Invalid uuid: %s. To ensure interoperability, '
2026-02-26 02:46:44.006 9 INFO neutron.api.wsgi [None req-c07955f0-d289-4b8f-8fd4-3e73d49b302b bbf1c22f41b943158cd85a9bda41e907 6d914e61d5414143b27b9d384a9380e1 - - default default] 10.0.0.41 "DELETE /v2.0/networks/9ea28c7d-c77d-4399-aaf6-bc050ea1b11b HTTP/1.1" status: 204 len: 168 time: 0.3289993
2026-02-26 02:46:44.006 9 INFO neutron.db.ovn_revision_numbers_db [None req-2d0ea489-73a1-4046-a691-b72866645b46 ad7eb18a4cad4ecf93ac93c930fa2bd2 a6937a26b3ce4c7786b45d05f1108e48 - - default default] Successfully bumped revision number for resource 22db8198-222b-4ecf-a0bf-952571125e6d (type: security_group_rules) to 0
2026-02-26 02:46:44.029 9 INFO neutron.db.ovn_revision_numbers_db [None req-2d0ea489-73a1-4046-a691-b72866645b46 ad7eb18a4cad4ecf93ac93c930fa2bd2 a6937a26b3ce4c7786b45d05f1108e48 - - default default] Successfully bumped revision number for resource 305022e3-cd95-4f8e-844b-ade67c87e5ea (type: security_group_rules) to 0
2026-02-26 02:46:44.037 10 WARNING neutron.scheduler.dhcp_agent_scheduler [req-414c91ae-59e4-4544-88b4-fde852c0dc4b req-ecd0c73e-7b56-4dd1-bab4-3e705493149b 299809e92c5443f895650aa2cae9a91f 107dc06654c34fedbd6abce68917b586 - - default default] No more DHCP agents
2026-02-26 02:46:44.038 10 WARNING neutron.api.rpc.agentnotifiers.dhcp_rpc_agent_api [req-414c91ae-59e4-4544-88b4-fde852c0dc4b req-ecd0c73e-7b56-4dd1-bab4-3e705493149b 299809e92c5443f895650aa2cae9a91f 107dc06654c34fedbd6abce68917b586 - - default default] Unable to schedule network 091b283c-a0a1-4913-a165-acc99a2c614b: no agents available; will retry on subsequent port and subnet creation events.
2026-02-26 02:46:44.047 10 INFO neutron.api.wsgi [req-d5391001-0383-46a2-bcd4-126401a90551 req-a88f0e8d-386c-4a1c-87ff-a73c7695a817 f46e6a30f5964311989598bc48d69533 1c24e5f5c32b4d7b8c898867ad3c366f - - default default] 10.0.0.56 "GET /v2.0/security-groups?id=22ad0ad5-c308-4d94-af80-92bcd83192ac&id=dd45aa90-01c2-4dd8-8a8b-1ce28a097013&fields=id&fields=name HTTP/1.1" status: 200 len: 406 time: 0.0523212
2026-02-26 02:46:44.051 9 INFO neutron.db.ovn_revision_numbers_db [None req-2d0ea489-73a1-4046-a691-b72866645b46 ad7eb18a4cad4ecf93ac93c930fa2bd2 a6937a26b3ce4c7786b45d05f1108e48 - - default default] Successfully bumped revision number for resource 5084b444-70c6-4c1f-9db5-aa6973333bfd (type: security_group_rules) to 0
2026-02-26 02:46:44.083 9 INFO neutron.db.ovn_revision_numbers_db [None req-2d0ea489-73a1-4046-a691-b72866645b46 ad7eb18a4cad4ecf93ac93c930fa2bd2 a6937a26b3ce4c7786b45d05f1108e48 - - default default] Successfully bumped revision number for resource cf87eafb-1da5-4685-9dae-663bf9fb7051 (type: security_group_rules) to 0
2026-02-26 02:46:44.165 10 INFO neutron.db.ovn_revision_numbers_db [req-414c91ae-59e4-4544-88b4-fde852c0dc4b req-ecd0c73e-7b56-4dd1-bab4-3e705493149b 299809e92c5443f895650aa2cae9a91f 107dc06654c34fedbd6abce68917b586 - - default default] Successfully bumped revision number for resource 3a5eaad3-03c5-4356-a84e-0fbe583f51ee (type: ports) to 1
2026-02-26 02:46:44.182 9 INFO neutron.db.ovn_revision_numbers_db [None req-2d0ea489-73a1-4046-a691-b72866645b46 ad7eb18a4cad4ecf93ac93c930fa2bd2 a6937a26b3ce4c7786b45d05f1108e48 - - default default] Successfully bumped revision number for resource 08db9a2c-2e64-4519-831c-18b535b25a7d (type: security_groups) to 1 /var/lib/openstack/lib/python3.12/site-packages/pycadf/identifier.py:71: UserWarning: Invalid uuid: neutron. To ensure interoperability, identifiers should be a valid uuid. warnings.warn(('Invalid uuid: %s. To ensure interoperability, '
2026-02-26 02:46:44.188 10 INFO neutron.api.wsgi [req-414c91ae-59e4-4544-88b4-fde852c0dc4b req-ecd0c73e-7b56-4dd1-bab4-3e705493149b 299809e92c5443f895650aa2cae9a91f 107dc06654c34fedbd6abce68917b586 - - default default] 162.253.55.43 "POST /v2.0/ports HTTP/1.1" status: 201 len: 1388 time: 0.5407050
2026-02-26 02:46:44.194 9 INFO neutron.db.ovn_revision_numbers_db [None req-2d0ea489-73a1-4046-a691-b72866645b46 ad7eb18a4cad4ecf93ac93c930fa2bd2 a6937a26b3ce4c7786b45d05f1108e48 - - default default] Successfully bumped revision number for resource 9be20db8-3b42-4097-9ebe-d90d46c8f240 (type: security_group_rules) to 0
2026-02-26 02:46:44.205 9 INFO neutron.db.ovn_revision_numbers_db [None req-2d0ea489-73a1-4046-a691-b72866645b46 ad7eb18a4cad4ecf93ac93c930fa2bd2 a6937a26b3ce4c7786b45d05f1108e48 - - default default] Successfully bumped revision number for resource a213286c-44db-4154-873c-f0b64934b2a2 (type: security_group_rules) to 0
2026-02-26 02:46:44.219 10 INFO neutron.api.wsgi [None req-a48105ea-8fb3-4c6e-bbc8-9b610fb3e8ed bbf1c22f41b943158cd85a9bda41e907 6d914e61d5414143b27b9d384a9380e1 - - default default] 10.0.0.41 "GET /v2.0/security-groups?tenant_id=28e47617a90c41ad9bcc8939855426cc&name=default HTTP/1.1" status: 200 len: 3120 time: 0.0373530
2026-02-26 02:46:44.244 9 INFO neutron.api.wsgi [None req-2d0ea489-73a1-4046-a691-b72866645b46 ad7eb18a4cad4ecf93ac93c930fa2bd2 a6937a26b3ce4c7786b45d05f1108e48 - - default default] 10.0.0.41 "POST /v2.0/security-groups HTTP/1.1" status: 201 len: 1824 time: 0.5914514
2026-02-26 02:46:44.281 9 INFO neutron.api.wsgi [None req-9dda7b33-a1a3-4f73-affb-3d549a7374a7 ad7eb18a4cad4ecf93ac93c930fa2bd2 a6937a26b3ce4c7786b45d05f1108e48 - - default default] 10.0.0.41 "GET /v2.0/security-groups HTTP/1.1" status: 200 len: 4724 time: 0.0308428
2026-02-26 02:46:44.292 10 WARNING neutron.plugins.ml2.drivers.ovn.mech_driver.ovsdb.ovn_client [None req-b152ec94-2778-4cdf-bb16-d37d131250cb - - - - - -] No port found with ID 9283b80d-02fb-45eb-b700-e6e3e655fe71: RuntimeError: No port found with ID 9283b80d-02fb-45eb-b700-e6e3e655fe71
2026-02-26 02:46:44.293 10 INFO neutron.plugins.ml2.drivers.ovn.mech_driver.mech_driver [None req-b152ec94-2778-4cdf-bb16-d37d131250cb - - - - - -] OVN reports status up for port: 443f3bea-51f2-4743-84a0-85b1128e057b
2026-02-26 02:46:44.316 10 INFO neutron.plugins.ml2.plugin [None req-b152ec94-2778-4cdf-bb16-d37d131250cb - - - - - -] Attempt 1 to provision port 443f3bea-51f2-4743-84a0-85b1128e057b
2026-02-26 02:46:44.373 9 INFO neutron.db.ovn_revision_numbers_db [None req-863577b1-922a-4667-a4d0-9ffc570a9daf ad7eb18a4cad4ecf93ac93c930fa2bd2 a6937a26b3ce4c7786b45d05f1108e48 - - default default] Successfully bumped revision number for resource 08db9a2c-2e64-4519-831c-18b535b25a7d (type: security_groups) to 2
2026-02-26 02:46:44.392 9 INFO neutron.api.wsgi [None req-863577b1-922a-4667-a4d0-9ffc570a9daf ad7eb18a4cad4ecf93ac93c930fa2bd2 a6937a26b3ce4c7786b45d05f1108e48 - - default default] 10.0.0.41 "PUT /v2.0/security-groups/08db9a2c-2e64-4519-831c-18b535b25a7d HTTP/1.1" status: 200 len: 1858 time: 0.0915043
2026-02-26 02:46:44.417 9 INFO neutron.api.wsgi [None req-b236d3fc-01d6-49da-ac71-d11b0af52a3c ad7eb18a4cad4ecf93ac93c930fa2bd2 a6937a26b3ce4c7786b45d05f1108e48 - - default default] 10.0.0.41 "GET /v2.0/security-groups/08db9a2c-2e64-4519-831c-18b535b25a7d HTTP/1.1" status: 200 len: 1858 time: 0.0213537
2026-02-26 02:46:44.462 10 INFO neutron.notifiers.nova [-] Nova event matching ['req-9fc8f5a2-4f7a-46b4-9799-d5c14192a053'] response: {'server_uuid': 'e2a9bcda-42f3-41a7-bdb1-a29843cfc629', 'name': 'network-vif-plugged', 'status': 'completed', 'tag': '443f3bea-51f2-4743-84a0-85b1128e057b', 'code': 200}
2026-02-26 02:46:44.512 10 INFO neutron.api.wsgi [None req-e550e216-cc24-4a64-97c3-45517a955e3a bbf1c22f41b943158cd85a9bda41e907 6d914e61d5414143b27b9d384a9380e1 - - default default] 10.0.0.41 "DELETE /v2.0/security-groups/b650a35a-44a7-4c00-a1a5-6767607d9cd4 HTTP/1.1" status: 204 len: 168 time: 0.2878854
2026-02-26 02:46:44.557 9 INFO neutron.api.wsgi [None req-cf2a8fdb-8990-49af-a60a-2b77d740e268 ad7eb18a4cad4ecf93ac93c930fa2bd2 a6937a26b3ce4c7786b45d05f1108e48 - - default default] 10.0.0.41 "DELETE /v2.0/security-groups/08db9a2c-2e64-4519-831c-18b535b25a7d HTTP/1.1" status: 204 len: 168 time: 0.1354802
2026-02-26 02:46:44.589 10 INFO neutron.db.ovn_revision_numbers_db [None req-b152ec94-2778-4cdf-bb16-d37d131250cb - - - - - -] Successfully bumped revision number for resource 443f3bea-51f2-4743-84a0-85b1128e057b (type: ports) to 5
2026-02-26 02:46:44.617 10 INFO neutron.db.ovn_revision_numbers_db [req-414c91ae-59e4-4544-88b4-fde852c0dc4b req-55443667-d697-4460-b8d5-5fd4ac35fa67 d892fce6ee744e3ca626bfc94fe1246b be9abaf8ad7141e59d58a44111b259b0 - - 2d7226f8ed1d40f98a6941b88a2fbe60 2d7226f8ed1d40f98a6941b88a2fbe60] Successfully bumped revision number for resource 3a5eaad3-03c5-4356-a84e-0fbe583f51ee (type: ports) to 2
2026-02-26 02:46:44.622 9 INFO neutron.api.wsgi [None req-61d0bd35-7b12-4050-9ca6-5e50ae419a7f ad7eb18a4cad4ecf93ac93c930fa2bd2 a6937a26b3ce4c7786b45d05f1108e48 - - default default] 10.0.0.41 "GET /v2.0/security-groups HTTP/1.1" status: 200 len: 3120 time: 0.0600152
2026-02-26 02:46:44.636 9 INFO neutron.api.v2.resource [None req-d3296ca3-c89f-4075-a8d1-768fcac70914 ad7eb18a4cad4ecf93ac93c930fa2bd2 a6937a26b3ce4c7786b45d05f1108e48 - - default default] delete failed (client error): The resource could not be found.
2026-02-26 02:46:44.637 9 INFO neutron.api.wsgi [None req-d3296ca3-c89f-4075-a8d1-768fcac70914 ad7eb18a4cad4ecf93ac93c930fa2bd2 a6937a26b3ce4c7786b45d05f1108e48 - - default default] 10.0.0.41 "DELETE /v2.0/security-groups/08db9a2c-2e64-4519-831c-18b535b25a7d HTTP/1.1" status: 404 len: 347 time: 0.0091746
2026-02-26 02:46:44.645 9 WARNING neutron_lib.context [None req-3c151d18-addb-44bf-ac44-79b1c4c24249 ad7eb18a4cad4ecf93ac93c930fa2bd2 a6937a26b3ce4c7786b45d05f1108e48 - - default default] Method 'is_advsvc' is deprecated since 2023.2 release (neutron-lib 3.8.0) and will be removed once support for the old RBAC API policies will be removed from Neutron. Please use method 'is_service_role' instead.
2026-02-26 02:46:44.754 9 INFO neutron.db.ovn_revision_numbers_db [None req-3c151d18-addb-44bf-ac44-79b1c4c24249 ad7eb18a4cad4ecf93ac93c930fa2bd2 a6937a26b3ce4c7786b45d05f1108e48 - - default default] Successfully bumped revision number for resource 924c9692-e93e-4fe1-9502-60628f55fecc (type: security_groups) to 1
2026-02-26 02:46:44.766 9 INFO neutron.db.ovn_revision_numbers_db [None req-3c151d18-addb-44bf-ac44-79b1c4c24249 ad7eb18a4cad4ecf93ac93c930fa2bd2 a6937a26b3ce4c7786b45d05f1108e48 - - default default] Successfully bumped revision number for resource 5d15c47d-063f-4bef-89f2-99f578480bb4 (type: security_group_rules) to 0
2026-02-26 02:46:44.788 9 INFO neutron.db.ovn_revision_numbers_db [None req-3c151d18-addb-44bf-ac44-79b1c4c24249 ad7eb18a4cad4ecf93ac93c930fa2bd2 a6937a26b3ce4c7786b45d05f1108e48 - - default default] Successfully bumped revision number for resource 912a41fc-07b4-445d-b600-12c7f36d2e35 (type: security_group_rules) to 0
2026-02-26 02:46:44.828 10 INFO neutron.db.ovn_revision_numbers_db [req-414c91ae-59e4-4544-88b4-fde852c0dc4b req-55443667-d697-4460-b8d5-5fd4ac35fa67 d892fce6ee744e3ca626bfc94fe1246b be9abaf8ad7141e59d58a44111b259b0 - - 2d7226f8ed1d40f98a6941b88a2fbe60 2d7226f8ed1d40f98a6941b88a2fbe60] Successfully bumped revision number for resource 3a5eaad3-03c5-4356-a84e-0fbe583f51ee (type: ports) to 4
2026-02-26 02:46:44.836 9 INFO neutron.api.wsgi [None req-3c151d18-addb-44bf-ac44-79b1c4c24249 ad7eb18a4cad4ecf93ac93c930fa2bd2 a6937a26b3ce4c7786b45d05f1108e48 - - default default] 10.0.0.41 "POST /v2.0/security-groups HTTP/1.1" status: 201 len: 1824 time: 0.1951573
2026-02-26 02:46:44.843 10 INFO neutron.api.wsgi [req-414c91ae-59e4-4544-88b4-fde852c0dc4b req-55443667-d697-4460-b8d5-5fd4ac35fa67 d892fce6ee744e3ca626bfc94fe1246b be9abaf8ad7141e59d58a44111b259b0 - - 2d7226f8ed1d40f98a6941b88a2fbe60 2d7226f8ed1d40f98a6941b88a2fbe60] 162.253.55.43 "PUT /v2.0/ports/3a5eaad3-03c5-4356-a84e-0fbe583f51ee HTTP/1.1" status: 200 len: 1633 time: 0.6512778
2026-02-26 02:46:44.845 9 WARNING neutron_lib.context [None req-d53b715b-3670-4907-bc93-9a8c484a7c04 ad7eb18a4cad4ecf93ac93c930fa2bd2 a6937a26b3ce4c7786b45d05f1108e48 - - default default] Method 'is_advsvc' is deprecated since 2023.2 release (neutron-lib 3.8.0) and will be removed once support for the old RBAC API policies will be removed from Neutron. Please use method 'is_service_role' instead.
2026-02-26 02:46:44.967 9 INFO neutron.db.ovn_revision_numbers_db [None req-d53b715b-3670-4907-bc93-9a8c484a7c04 ad7eb18a4cad4ecf93ac93c930fa2bd2 a6937a26b3ce4c7786b45d05f1108e48 - - default default] Successfully bumped revision number for resource 45447dcd-878b-4e15-ad55-9d612a3471cb (type: security_group_rules) to 0
2026-02-26 02:46:45.008 9 INFO neutron.api.wsgi [None req-d53b715b-3670-4907-bc93-9a8c484a7c04 ad7eb18a4cad4ecf93ac93c930fa2bd2 a6937a26b3ce4c7786b45d05f1108e48 - - default default] 10.0.0.41 "POST /v2.0/security-group-rules HTTP/1.1" status: 201 len: 800 time: 0.1673961
2026-02-26 02:46:45.027 9 INFO neutron.api.wsgi [None req-ee6cfef8-bf3a-46cb-8ea3-3b62d9dd5649 ad7eb18a4cad4ecf93ac93c930fa2bd2 a6937a26b3ce4c7786b45d05f1108e48 - - default default] 10.0.0.41 "GET /v2.0/security-group-rules/45447dcd-878b-4e15-ad55-9d612a3471cb HTTP/1.1" status: 200 len: 795 time: 0.0146654
2026-02-26 02:46:45.080 10 INFO neutron.api.wsgi [req-4e899210-acaa-4f02-898f-a7668a9f1f78 req-586dc6cb-e4e2-4de3-9595-93aff1d258fd 299809e92c5443f895650aa2cae9a91f 107dc06654c34fedbd6abce68917b586 - - default default] 10.0.0.56 "GET /v2.0/ports?device_id=571e01ad-63a9-4129-8d97-b371b27be53c HTTP/1.1" status: 200 len: 1398 time: 0.6892440 /var/lib/openstack/lib/python3.12/site-packages/pycadf/identifier.py:71: UserWarning: Invalid uuid: neutron. To ensure interoperability, identifiers should be a valid uuid. warnings.warn(('Invalid uuid: %s. To ensure interoperability, '
2026-02-26 02:46:45.116 9 INFO neutron.api.wsgi [None req-8dd11e94-84fd-45df-8029-cf7a71479a89 ad7eb18a4cad4ecf93ac93c930fa2bd2 a6937a26b3ce4c7786b45d05f1108e48 - - default default] 10.0.0.41 "GET /v2.0/security-group-rules HTTP/1.1" status: 200 len: 4333 time: 0.0839069
2026-02-26 02:46:45.123 10 INFO neutron.api.wsgi [req-4e899210-acaa-4f02-898f-a7668a9f1f78 req-4ae8e2d0-64d9-4f36-81ab-82dc48ae974c 299809e92c5443f895650aa2cae9a91f 107dc06654c34fedbd6abce68917b586 - - default default] 10.0.0.56 "GET /v2.0/security-groups?id=32e26d67-e385-4c78-8063-218c5b312158&fields=id&fields=name HTTP/1.1" status: 200 len: 311 time: 0.0313969
2026-02-26 02:46:45.160 10 INFO neutron.api.wsgi [req-3d413d76-9c23-4a8f-9c3f-fcae154ec886 req-7b4dc91a-4506-4cf9-802f-4a2087b20744 f46e6a30f5964311989598bc48d69533 1c24e5f5c32b4d7b8c898867ad3c366f - - default default] 10.0.0.56 "GET /v2.0/ports?device_id=e2a9bcda-42f3-41a7-bdb1-a29843cfc629 HTTP/1.1" status: 200 len: 1214 time: 0.0299184
