2026-02-26 02:45:34.503 9 INFO neutron.api.wsgi [req-4e311a3b-30ec-44ac-84f5-016af00356a2 req-d4cfd2f7-11b3-4563-8a22-a21c1a42132e 5cd95a51b38545fb8257228d2d26f31d 2bb71812110341d3b288072fdb0921f3 - - default default] 162.253.55.43 "POST /v2.0/ports HTTP/1.1" status: 201 len: 1158 time: 0.3774860 /var/lib/openstack/lib/python3.12/site-packages/pycadf/identifier.py:71: UserWarning: Invalid uuid: neutron. To ensure interoperability, identifiers should be a valid uuid. warnings.warn(('Invalid uuid: %s. To ensure interoperability, '
2026-02-26 02:45:34.602 10 INFO neutron.db.ovn_revision_numbers_db [None req-f1a6594e-c5f5-45a1-ae3f-76761345099f bbf1c22f41b943158cd85a9bda41e907 6d914e61d5414143b27b9d384a9380e1 - - default default] Successfully bumped revision number for resource 2cb1648e-30ad-4432-823a-5d67dbee863a (type: router_ports) to 1
2026-02-26 02:45:34.606 10 INFO neutron.api.wsgi [None req-f1a6594e-c5f5-45a1-ae3f-76761345099f bbf1c22f41b943158cd85a9bda41e907 6d914e61d5414143b27b9d384a9380e1 - - default default] 10.0.0.41 "PUT /v2.0/routers/9bf2d611-4cee-494b-a0cc-b3f95cdf4b68/add_router_interface HTTP/1.1" status: 200 len: 503 time: 1.9515269
2026-02-26 02:45:34.816 9 INFO neutron.db.ovn_revision_numbers_db [req-4e311a3b-30ec-44ac-84f5-016af00356a2 req-2943dadd-92b0-49df-a9a1-509520d94354 d892fce6ee744e3ca626bfc94fe1246b be9abaf8ad7141e59d58a44111b259b0 - - 2d7226f8ed1d40f98a6941b88a2fbe60 2d7226f8ed1d40f98a6941b88a2fbe60] Successfully bumped revision number for resource e6232380-ed85-4245-9a29-cd567b6471cd (type: ports) to 2
2026-02-26 02:45:34.991 9 INFO neutron.api.wsgi [-] 10.0.0.144 "GET / HTTP/1.1" status: 200 len: 247 time: 0.0026126
2026-02-26 02:45:34.992 9 INFO neutron.api.wsgi [-] 10.0.0.144 "GET / HTTP/1.1" status: 200 len: 247 time: 0.0008657
2026-02-26 02:45:35.000 9 INFO neutron.db.ovn_revision_numbers_db [req-4e311a3b-30ec-44ac-84f5-016af00356a2 req-2943dadd-92b0-49df-a9a1-509520d94354 d892fce6ee744e3ca626bfc94fe1246b be9abaf8ad7141e59d58a44111b259b0 - - 2d7226f8ed1d40f98a6941b88a2fbe60 2d7226f8ed1d40f98a6941b88a2fbe60] Successfully bumped revision number for resource e6232380-ed85-4245-9a29-cd567b6471cd (type: ports) to 4
2026-02-26 02:45:35.003 10 INFO neutron.api.wsgi [req-299723c7-d63c-43f3-ad91-b38806ce3cf7 req-a5edb642-276f-4e24-9dcf-cf34dcbe2fd7 83c6630d087d425eb710864b0fa1f251 e0b012c6c64a420b8c583537fae07a43 - - default default] 10.0.0.56 "GET /v2.0/ports?device_id=44b5cc96-f876-4b13-97ba-507efb29c2ee HTTP/1.1" status: 200 len: 1170 time: 0.0405493
2026-02-26 02:45:35.015 9 INFO neutron.api.wsgi [req-4e311a3b-30ec-44ac-84f5-016af00356a2 req-2943dadd-92b0-49df-a9a1-509520d94354 d892fce6ee744e3ca626bfc94fe1246b be9abaf8ad7141e59d58a44111b259b0 - - 2d7226f8ed1d40f98a6941b88a2fbe60 2d7226f8ed1d40f98a6941b88a2fbe60] 162.253.55.43 "PUT /v2.0/ports/e6232380-ed85-4245-9a29-cd567b6471cd HTTP/1.1" status: 200 len: 1404 time: 0.5053558
2026-02-26 02:45:35.047 9 INFO neutron.notifiers.nova [-] Nova event matching ['req-dc9d7eda-16a1-4af9-a4ff-32e79a45d071'] response: {'name': 'network-changed', 'server_uuid': '69fdb058-4b1f-45e4-9da9-385741a1225c', 'tag': 'e6232380-ed85-4245-9a29-cd567b6471cd', 'status': 'completed', 'code': 200}
2026-02-26 02:45:35.053 10 INFO neutron.api.wsgi [req-299723c7-d63c-43f3-ad91-b38806ce3cf7 req-1537c0c2-7c84-4071-abb8-1bd539905d76 83c6630d087d425eb710864b0fa1f251 e0b012c6c64a420b8c583537fae07a43 - - default default] 10.0.0.56 "GET /v2.0/security-groups?id=bc2af560-1eda-40dc-b403-024b06b4c785&fields=id&fields=name HTTP/1.1" status: 200 len: 286 time: 0.0460327
2026-02-26 02:45:35.322 10 INFO neutron.api.wsgi [req-0b6629d9-b2f2-4027-bdec-f0942906a0b1 req-657d651d-d2bf-4806-a909-d1e505acdadb 5cd95a51b38545fb8257228d2d26f31d 2bb71812110341d3b288072fdb0921f3 - - default default] 10.0.0.56 "GET /v2.0/ports?device_id=69fdb058-4b1f-45e4-9da9-385741a1225c HTTP/1.1" status: 200 len: 1168 time: 0.0761476
2026-02-26 02:45:35.371 10 INFO neutron.api.wsgi [req-eb22c7f0-7ea3-4efe-87d0-655a4b38ef46 req-d8f4e7b6-4ca8-410c-beaa-29979af0dfe4 83c6630d087d425eb710864b0fa1f251 e0b012c6c64a420b8c583537fae07a43 - - default default] 10.0.0.56 "GET /v2.0/ports?device_id=44b5cc96-f876-4b13-97ba-507efb29c2ee HTTP/1.1" status: 200 len: 1170 time: 0.0343032
2026-02-26 02:45:35.385 10 INFO neutron.api.wsgi [req-0b6629d9-b2f2-4027-bdec-f0942906a0b1 req-0b6b360e-73f8-4183-99eb-c1396ae9c5a8 5cd95a51b38545fb8257228d2d26f31d 2bb71812110341d3b288072fdb0921f3 - - default default] 10.0.0.56 "GET /v2.0/security-groups?id=0e2105e8-0045-4231-96ce-687f9792c4bc&fields=id&fields=name HTTP/1.1" status: 200 len: 312 time: 0.0559659
2026-02-26 02:45:35.418 10 INFO neutron.api.wsgi [req-eb22c7f0-7ea3-4efe-87d0-655a4b38ef46 req-505ca958-0cc6-4400-96a8-fbf29fc51c41 83c6630d087d425eb710864b0fa1f251 e0b012c6c64a420b8c583537fae07a43 - - default default] 10.0.0.56 "GET /v2.0/security-groups?id=bc2af560-1eda-40dc-b403-024b06b4c785&fields=id&fields=name HTTP/1.1" status: 200 len: 286 time: 0.0414422 /var/lib/openstack/lib/python3.12/site-packages/pycadf/identifier.py:71: UserWarning: Invalid uuid: neutron. To ensure interoperability, identifiers should be a valid uuid. warnings.warn(('Invalid uuid: %s. To ensure interoperability, '
2026-02-26 02:45:35.588 9 INFO neutron.api.wsgi [req-3a442f20-eb0b-44e1-8ede-93e5a54e392d req-e2860739-5b37-458b-b8e3-5b0b2cde1794 d892fce6ee744e3ca626bfc94fe1246b be9abaf8ad7141e59d58a44111b259b0 - - 2d7226f8ed1d40f98a6941b88a2fbe60 2d7226f8ed1d40f98a6941b88a2fbe60] 162.253.55.43 "GET /v2.0/ports?tenant_id=2bb71812110341d3b288072fdb0921f3&device_id=69fdb058-4b1f-45e4-9da9-385741a1225c HTTP/1.1" status: 200 len: 1407 time: 0.0322411
2026-02-26 02:45:35.637 9 INFO neutron.api.wsgi [req-3a442f20-eb0b-44e1-8ede-93e5a54e392d req-6714127a-9c3e-4b0d-980d-ead7f29116e5 d892fce6ee744e3ca626bfc94fe1246b be9abaf8ad7141e59d58a44111b259b0 - - 2d7226f8ed1d40f98a6941b88a2fbe60 2d7226f8ed1d40f98a6941b88a2fbe60] 162.253.55.43 "GET /v2.0/networks?tenant_id=2bb71812110341d3b288072fdb0921f3&shared=False HTTP/1.1" status: 200 len: 974 time: 0.0437157
2026-02-26 02:45:35.679 9 INFO neutron.api.wsgi [req-3a442f20-eb0b-44e1-8ede-93e5a54e392d req-7764ec43-67a7-4bf3-a02b-07a06b67c125 d892fce6ee744e3ca626bfc94fe1246b be9abaf8ad7141e59d58a44111b259b0 - - 2d7226f8ed1d40f98a6941b88a2fbe60 2d7226f8ed1d40f98a6941b88a2fbe60] 162.253.55.43 "GET /v2.0/networks?shared=True HTTP/1.1" status: 200 len: 952 time: 0.0361078
2026-02-26 02:45:36.081 10 INFO neutron.db.ovn_revision_numbers_db [None req-16b47cf0-df36-40ad-8eca-8221af917c76 bbf1c22f41b943158cd85a9bda41e907 6d914e61d5414143b27b9d384a9380e1 - - default default] Successfully bumped revision number for resource b650a35a-44a7-4c00-a1a5-6767607d9cd4 (type: security_groups) to 1
2026-02-26 02:45:36.092 10 INFO neutron.db.ovn_revision_numbers_db [None req-16b47cf0-df36-40ad-8eca-8221af917c76 bbf1c22f41b943158cd85a9bda41e907 6d914e61d5414143b27b9d384a9380e1 - - default default] Successfully bumped revision number for resource 77e38126-32d9-452c-83a4-e763f3a724dd (type: security_group_rules) to 0
2026-02-26 02:45:36.104 10 INFO neutron.db.ovn_revision_numbers_db [None req-16b47cf0-df36-40ad-8eca-8221af917c76 bbf1c22f41b943158cd85a9bda41e907 6d914e61d5414143b27b9d384a9380e1 - - default default] Successfully bumped revision number for resource 7b817682-ce71-4513-a4d2-4426929791a0 (type: security_group_rules) to 0
2026-02-26 02:45:36.115 10 INFO neutron.db.ovn_revision_numbers_db [None req-16b47cf0-df36-40ad-8eca-8221af917c76 bbf1c22f41b943158cd85a9bda41e907 6d914e61d5414143b27b9d384a9380e1 - - default default] Successfully bumped revision number for resource 9fb84ccd-ba47-4205-a9c9-8777ba37ac2d (type: security_group_rules) to 0
2026-02-26 02:45:36.126 10 INFO neutron.db.ovn_revision_numbers_db [None req-16b47cf0-df36-40ad-8eca-8221af917c76 bbf1c22f41b943158cd85a9bda41e907 6d914e61d5414143b27b9d384a9380e1 - - default default] Successfully bumped revision number for resource fe2e643b-c084-4961-b41d-a01acc39a63e (type: security_group_rules) to 0
2026-02-26 02:45:36.189 10 INFO neutron.db.segments_db [None req-16b47cf0-df36-40ad-8eca-8221af917c76 bbf1c22f41b943158cd85a9bda41e907 6d914e61d5414143b27b9d384a9380e1 - - default default] Added segment 5d2f00c9-81a6-4965-8b41-1cb93995543d of type geneve for network 9ea28c7d-c77d-4399-aaf6-bc050ea1b11b
2026-02-26 02:45:36.247 9 INFO neutron.api.wsgi [req-4e311a3b-30ec-44ac-84f5-016af00356a2 req-b34114a4-6903-4f34-9f65-1d0ff6a0d3eb d892fce6ee744e3ca626bfc94fe1246b be9abaf8ad7141e59d58a44111b259b0 - - 2d7226f8ed1d40f98a6941b88a2fbe60 2d7226f8ed1d40f98a6941b88a2fbe60] 162.253.55.43 "GET /v2.0/ports?tenant_id=2bb71812110341d3b288072fdb0921f3&device_id=69fdb058-4b1f-45e4-9da9-385741a1225c HTTP/1.1" status: 200 len: 1407 time: 0.0318413
2026-02-26 02:45:36.267 9 INFO neutron.api.wsgi [req-4e311a3b-30ec-44ac-84f5-016af00356a2 req-707cca74-5f0d-4712-9199-c9888d5c4653 d892fce6ee744e3ca626bfc94fe1246b be9abaf8ad7141e59d58a44111b259b0 - - 2d7226f8ed1d40f98a6941b88a2fbe60 2d7226f8ed1d40f98a6941b88a2fbe60] 162.253.55.43 "GET /v2.0/floatingips?fixed_ip_address=10.100.0.9&port_id=e6232380-ed85-4245-9a29-cd567b6471cd HTTP/1.1" status: 200 len: 217 time: 0.0142977
2026-02-26 02:45:36.292 10 INFO neutron.db.ovn_revision_numbers_db [None req-16b47cf0-df36-40ad-8eca-8221af917c76 bbf1c22f41b943158cd85a9bda41e907 6d914e61d5414143b27b9d384a9380e1 - - default default] Successfully bumped revision number for resource 9ea28c7d-c77d-4399-aaf6-bc050ea1b11b (type: networks) to 1
2026-02-26 02:45:36.296 9 INFO neutron.api.wsgi [req-4e311a3b-30ec-44ac-84f5-016af00356a2 req-deb1fc05-7305-41b0-a673-1dd971d313e5 d892fce6ee744e3ca626bfc94fe1246b be9abaf8ad7141e59d58a44111b259b0 - - 2d7226f8ed1d40f98a6941b88a2fbe60 2d7226f8ed1d40f98a6941b88a2fbe60] 162.253.55.43 "GET /v2.0/subnets?id=4748cdb2-8e21-43f1-b040-5c457303d710 HTTP/1.1" status: 200 len: 893 time: 0.0243471
2026-02-26 02:45:36.326 9 INFO neutron.api.wsgi [req-4e311a3b-30ec-44ac-84f5-016af00356a2 req-31645037-3e4c-4bdf-ac7d-8f54e1c31fab d892fce6ee744e3ca626bfc94fe1246b be9abaf8ad7141e59d58a44111b259b0 - - 2d7226f8ed1d40f98a6941b88a2fbe60 2d7226f8ed1d40f98a6941b88a2fbe60] 162.253.55.43 "GET /v2.0/ports?network_id=34122f03-611b-41eb-ab6e-1cf9b6c484d5&device_owner=network%3Adhcp HTTP/1.1" status: 200 len: 210 time: 0.0161748
2026-02-26 02:45:36.372 9 INFO neutron.api.wsgi [req-4e311a3b-30ec-44ac-84f5-016af00356a2 req-c203609c-4a2c-44d3-8c51-2337c6980d91 d892fce6ee744e3ca626bfc94fe1246b be9abaf8ad7141e59d58a44111b259b0 - - 2d7226f8ed1d40f98a6941b88a2fbe60 2d7226f8ed1d40f98a6941b88a2fbe60] 162.253.55.43 "GET /v2.0/networks/34122f03-611b-41eb-ab6e-1cf9b6c484d5?fields=segments HTTP/1.1" status: 200 len: 212 time: 0.0415173
2026-02-26 02:45:36.418 9 INFO neutron.api.wsgi [req-4e311a3b-30ec-44ac-84f5-016af00356a2 req-64432136-9b03-4f07-b2d6-163692900a29 d892fce6ee744e3ca626bfc94fe1246b be9abaf8ad7141e59d58a44111b259b0 - - 2d7226f8ed1d40f98a6941b88a2fbe60 2d7226f8ed1d40f98a6941b88a2fbe60] 162.253.55.43 "GET /v2.0/networks/34122f03-611b-41eb-ab6e-1cf9b6c484d5?fields=provider%3Aphysical_network&fields=provider%3Anetwork_type HTTP/1.1" status: 200 len: 277 time: 0.0394776
2026-02-26 02:45:36.439 10 WARNING neutron.scheduler.dhcp_agent_scheduler [None req-16b47cf0-df36-40ad-8eca-8221af917c76 bbf1c22f41b943158cd85a9bda41e907 6d914e61d5414143b27b9d384a9380e1 - - default default] No more DHCP agents
2026-02-26 02:45:36.441 10 WARNING neutron.api.rpc.agentnotifiers.dhcp_rpc_agent_api [None req-16b47cf0-df36-40ad-8eca-8221af917c76 bbf1c22f41b943158cd85a9bda41e907 6d914e61d5414143b27b9d384a9380e1 - - default default] Unable to schedule network 9ea28c7d-c77d-4399-aaf6-bc050ea1b11b: no agents available; will retry on subsequent port and subnet creation events.
2026-02-26 02:45:36.494 10 INFO neutron.api.wsgi [req-f1e6b6cb-0c00-4066-aa09-bce66af72358 req-7b0fab29-d404-41bb-87d0-c305c33106ad 5cd95a51b38545fb8257228d2d26f31d 2bb71812110341d3b288072fdb0921f3 - - default default] 10.0.0.56 "GET /v2.0/ports?device_id=69fdb058-4b1f-45e4-9da9-385741a1225c HTTP/1.1" status: 200 len: 1168 time: 0.0509808
2026-02-26 02:45:36.526 10 INFO neutron.api.wsgi [req-e827e554-63cf-4b4c-9f0c-d8e2ee58659a req-00212d9f-4e25-4368-9296-b21505cf523d 83c6630d087d425eb710864b0fa1f251 e0b012c6c64a420b8c583537fae07a43 - - default default] 10.0.0.56 "GET /v2.0/ports?device_id=44b5cc96-f876-4b13-97ba-507efb29c2ee HTTP/1.1" status: 200 len: 1170 time: 0.0480239
2026-02-26 02:45:36.554 10 INFO neutron.api.wsgi [req-f1e6b6cb-0c00-4066-aa09-bce66af72358 req-31402120-4e5f-450e-bd85-7bb344252a96 5cd95a51b38545fb8257228d2d26f31d 2bb71812110341d3b288072fdb0921f3 - - default default] 10.0.0.56 "GET /v2.0/security-groups?id=0e2105e8-0045-4231-96ce-687f9792c4bc&fields=id&fields=name HTTP/1.1" status: 200 len: 312 time: 0.0538294
2026-02-26 02:45:36.556 10 INFO neutron.db.ovn_revision_numbers_db [None req-16b47cf0-df36-40ad-8eca-8221af917c76 bbf1c22f41b943158cd85a9bda41e907 6d914e61d5414143b27b9d384a9380e1 - - default default] Successfully bumped revision number for resource c42e9a3d-00ef-4d22-bcb9-9b6705db68f7 (type: ports) to 1
2026-02-26 02:45:36.571 10 INFO neutron.api.wsgi [req-e827e554-63cf-4b4c-9f0c-d8e2ee58659a req-b5882f81-e2b8-49f5-a951-87ecd4c0d493 83c6630d087d425eb710864b0fa1f251 e0b012c6c64a420b8c583537fae07a43 - - default default] 10.0.0.56 "GET /v2.0/security-groups?id=bc2af560-1eda-40dc-b403-024b06b4c785&fields=id&fields=name HTTP/1.1" status: 200 len: 286 time: 0.0408387
2026-02-26 02:45:36.579 10 INFO neutron.api.wsgi [None req-16b47cf0-df36-40ad-8eca-8221af917c76 bbf1c22f41b943158cd85a9bda41e907 6d914e61d5414143b27b9d384a9380e1 - - default default] 10.0.0.41 "POST /v2.0/networks HTTP/1.1" status: 201 len: 946 time: 0.8212748
2026-02-26 02:45:36.735 10 WARNING neutron.scheduler.dhcp_agent_scheduler [None req-25588545-bc2d-4ef1-a527-89c0283b8a8e bbf1c22f41b943158cd85a9bda41e907 6d914e61d5414143b27b9d384a9380e1 - - default default] No more DHCP agents
2026-02-26 02:45:36.736 10 WARNING neutron.api.rpc.agentnotifiers.dhcp_rpc_agent_api [None req-25588545-bc2d-4ef1-a527-89c0283b8a8e bbf1c22f41b943158cd85a9bda41e907 6d914e61d5414143b27b9d384a9380e1 - - default default] Unable to schedule network 9ea28c7d-c77d-4399-aaf6-bc050ea1b11b: no agents available; will retry on subsequent port and subnet creation events.
2026-02-26 02:45:37.126 10 INFO neutron.api.wsgi [req-bd91c169-4385-4f24-a668-bfd2f9452858 req-aa794b8f-2730-40ac-8242-37d715c9eaee 3bcd287a48bb41c5b354e6be25ade6db ed68059ce19647059bf3a9681d9def37 - - default default] 10.0.0.56 "GET /v2.0/networks?id=4827986f-03bf-4f1a-a22c-39a5adaf1df2 HTTP/1.1" status: 200 len: 872 time: 0.0547400
2026-02-26 02:45:37.220 10 INFO neutron.api.wsgi [req-bd91c169-4385-4f24-a668-bfd2f9452858 req-af12b6e1-4489-4f67-aa90-563fa6f07171 3bcd287a48bb41c5b354e6be25ade6db ed68059ce19647059bf3a9681d9def37 - - default default] 10.0.0.56 "GET /v2.0/quotas/ed68059ce19647059bf3a9681d9def37 HTTP/1.1" status: 200 len: 491 time: 0.0824230
2026-02-26 02:45:37.262 10 INFO neutron.db.ovn_revision_numbers_db [None req-44e7569d-5390-4036-82fe-5e3405f7cf00 - - - - - -] Successfully bumped revision number for resource c42e9a3d-00ef-4d22-bcb9-9b6705db68f7 (type: ports) to 2
2026-02-26 02:45:37.274 9 INFO neutron.api.wsgi [req-14199d56-9f56-4581-8343-19188b3ff665 req-d3a5cba0-1480-468f-a899-f361fede3b6b 83c6630d087d425eb710864b0fa1f251 e0b012c6c64a420b8c583537fae07a43 - - default default] 162.253.55.43 "GET /v2.0/ports?device_id=44b5cc96-f876-4b13-97ba-507efb29c2ee HTTP/1.1" status: 200 len: 1170 time: 0.1541042
2026-02-26 02:45:37.299 10 INFO neutron.db.ovn_revision_numbers_db [None req-44e7569d-5390-4036-82fe-5e3405f7cf00 - - - - - -] Successfully bumped revision number for resource fcc25c10-c3be-4412-8818-30bf76793fc5 (type: subnets) to 0
2026-02-26 02:45:37.313 10 INFO neutron.api.wsgi [req-bd91c169-4385-4f24-a668-bfd2f9452858 req-12bdebdf-7ee0-4691-abfa-629f57b30f4d 3bcd287a48bb41c5b354e6be25ade6db ed68059ce19647059bf3a9681d9def37 - - default default] 10.0.0.56 "GET /v2.0/ports?tenant_id=ed68059ce19647059bf3a9681d9def37&fields=id HTTP/1.1" status: 200 len: 302 time: 0.0882931
2026-02-26 02:45:37.315 10 INFO neutron.api.wsgi [None req-25588545-bc2d-4ef1-a527-89c0283b8a8e bbf1c22f41b943158cd85a9bda41e907 6d914e61d5414143b27b9d384a9380e1 - - default default] 10.0.0.41 "POST /v2.0/subnets HTTP/1.1" status: 201 len: 890 time: 0.7313027
2026-02-26 02:45:37.376 10 INFO neutron.api.wsgi [req-bd91c169-4385-4f24-a668-bfd2f9452858 req-8c0179a6-11ea-4944-a62f-7333f4aa33b5 d892fce6ee744e3ca626bfc94fe1246b be9abaf8ad7141e59d58a44111b259b0 - - 2d7226f8ed1d40f98a6941b88a2fbe60 2d7226f8ed1d40f98a6941b88a2fbe60] 10.0.0.56 "GET /v2.0/networks/4827986f-03bf-4f1a-a22c-39a5adaf1df2?fields=segments HTTP/1.1" status: 200 len: 212 time: 0.0585566
2026-02-26 02:45:37.435 10 INFO neutron.api.wsgi [req-bd91c169-4385-4f24-a668-bfd2f9452858 req-9feb04b9-4ef6-47c6-8a5e-033c1770194d d892fce6ee744e3ca626bfc94fe1246b be9abaf8ad7141e59d58a44111b259b0 - - 2d7226f8ed1d40f98a6941b88a2fbe60 2d7226f8ed1d40f98a6941b88a2fbe60] 10.0.0.56 "GET /v2.0/networks/4827986f-03bf-4f1a-a22c-39a5adaf1df2?fields=provider%3Aphysical_network&fields=provider%3Anetwork_type HTTP/1.1" status: 200 len: 277 time: 0.0554991
2026-02-26 02:45:37.524 9 INFO neutron.api.wsgi [req-14199d56-9f56-4581-8343-19188b3ff665 req-1000e0a6-4f68-4f77-995c-7a6e75cef64b 83c6630d087d425eb710864b0fa1f251 e0b012c6c64a420b8c583537fae07a43 - - default default] 162.253.55.43 "DELETE /v2.0/ports/1fab8f51-8633-498d-bc5d-53906d997c05 HTTP/1.1" status: 204 len: 173 time: 0.2476156
2026-02-26 02:45:37.553 9 INFO neutron.notifiers.nova [-] Nova event matching ['req-0e05cdb8-ad63-497d-9f99-aca80a4095c0'] response: {'server_uuid': '44b5cc96-f876-4b13-97ba-507efb29c2ee', 'name': 'network-vif-deleted', 'tag': '1fab8f51-8633-498d-bc5d-53906d997c05', 'status': 'completed', 'code': 200}
2026-02-26 02:45:37.561 10 INFO neutron.api.wsgi [req-1a6c9299-6e47-407b-864f-3c85a1ca70aa req-52cbf765-455d-4e21-be18-1fda70bd60df 3bcd287a48bb41c5b354e6be25ade6db ed68059ce19647059bf3a9681d9def37 - - default default] 10.0.0.56 "GET /v2.0/ports?device_id=1ee8c8d8-a465-4c22-b001-91893f650f1b HTTP/1.1" status: 200 len: 210 time: 0.0135729
2026-02-26 02:45:37.659 10 INFO neutron.api.wsgi [req-b6abc54e-2983-4b89-a126-a4b3ea920bd5 req-997af400-2c5e-4685-aea6-cbc98b8b5629 83c6630d087d425eb710864b0fa1f251 e0b012c6c64a420b8c583537fae07a43 - - default default] 10.0.0.56 "GET /v2.0/ports?device_id=44b5cc96-f876-4b13-97ba-507efb29c2ee HTTP/1.1" status: 200 len: 210 time: 0.0243597
2026-02-26 02:45:37.669 10 INFO neutron.api.wsgi [req-42bcd53e-e65c-4985-b510-db2f1c6a8aae req-3441c712-a18e-473d-a3c4-234d334b4d5d 5cd95a51b38545fb8257228d2d26f31d 2bb71812110341d3b288072fdb0921f3 - - default default] 10.0.0.56 "GET /v2.0/ports?device_id=69fdb058-4b1f-45e4-9da9-385741a1225c HTTP/1.1" status: 200 len: 1168 time: 0.0501635
2026-02-26 02:45:37.713 10 INFO neutron.api.wsgi [req-42bcd53e-e65c-4985-b510-db2f1c6a8aae req-deccfd3a-a9cd-4367-b431-06883627dd48 5cd95a51b38545fb8257228d2d26f31d 2bb71812110341d3b288072fdb0921f3 - - default default] 10.0.0.56 "GET /v2.0/security-groups?id=0e2105e8-0045-4231-96ce-687f9792c4bc&fields=id&fields=name HTTP/1.1" status: 200 len: 312 time: 0.0391028
2026-02-26 02:45:37.714 10 WARNING neutron.scheduler.dhcp_agent_scheduler [None req-22edf234-346d-4940-b782-06533d5c0c9a bbf1c22f41b943158cd85a9bda41e907 6d914e61d5414143b27b9d384a9380e1 - - default default] No more DHCP agents
2026-02-26 02:45:37.715 10 WARNING neutron.api.rpc.agentnotifiers.dhcp_rpc_agent_api [None req-22edf234-346d-4940-b782-06533d5c0c9a bbf1c22f41b943158cd85a9bda41e907 6d914e61d5414143b27b9d384a9380e1 - - default default] Unable to schedule network c583ca4c-ebf6-482f-8023-725b774ef642: no agents available; will retry on subsequent port and subnet creation events.
2026-02-26 02:45:37.816 10 INFO neutron.db.ovn_revision_numbers_db [None req-22edf234-346d-4940-b782-06533d5c0c9a bbf1c22f41b943158cd85a9bda41e907 6d914e61d5414143b27b9d384a9380e1 - - default default] Successfully bumped revision number for resource 9fac89f4-dfb4-4bfd-86d0-699f152f5c1f (type: ports) to 1
2026-02-26 02:45:38.330 10 INFO neutron.plugins.ml2.drivers.ovn.mech_driver.ovsdb.commands [None req-e780091b-fbde-45fb-af19-aa22641f9e23 - - - - - -] Schedule LRP lrp-9fac89f4-dfb4-4bfd-86d0-699f152f5c1f on gateway 81e7f5e7-e13f-4d7a-8aa7-ec11d0d76856 with priority 1
2026-02-26 02:45:38.362 10 INFO neutron.plugins.ml2.drivers.ovn.mech_driver.ovsdb.ovsdb_monitor [None req-e822d2e3-1986-4822-bbd8-0e6d172647da - - - - - -] Router 4a02137f-60ae-44d4-b7d4-ffd8e64f784e is bound to host instance
2026-02-26 02:45:38.384 10 INFO neutron.db.ovn_revision_numbers_db [None req-22edf234-346d-4940-b782-06533d5c0c9a bbf1c22f41b943158cd85a9bda41e907 6d914e61d5414143b27b9d384a9380e1 - - default default] Successfully bumped revision number for resource 9fac89f4-dfb4-4bfd-86d0-699f152f5c1f (type: router_ports) to 1
2026-02-26 02:45:38.453 10 INFO neutron.db.ovn_revision_numbers_db [None req-22edf234-346d-4940-b782-06533d5c0c9a bbf1c22f41b943158cd85a9bda41e907 6d914e61d5414143b27b9d384a9380e1 - - default default] Successfully bumped revision number for resource 4a02137f-60ae-44d4-b7d4-ffd8e64f784e (type: routers) to 2
2026-02-26 02:45:38.466 10 INFO neutron.api.wsgi [None req-22edf234-346d-4940-b782-06533d5c0c9a bbf1c22f41b943158cd85a9bda41e907 6d914e61d5414143b27b9d384a9380e1 - - default default] 10.0.0.41 "POST /v2.0/routers HTTP/1.1" status: 201 len: 1168 time: 1.1437750
2026-02-26 02:45:38.575 9 INFO neutron.plugins.ml2.drivers.ovn.mech_driver.mech_driver [None req-284acf1d-da02-448a-879b-0876134ea774 - - - - - -] OVN reports status up for port: e6232380-ed85-4245-9a29-cd567b6471cd
2026-02-26 02:45:38.588 9 INFO neutron.plugins.ml2.plugin [None req-284acf1d-da02-448a-879b-0876134ea774 - - - - - -] Attempt 1 to provision port e6232380-ed85-4245-9a29-cd567b6471cd
2026-02-26 02:45:38.844 9 INFO neutron.db.ovn_revision_numbers_db [None req-284acf1d-da02-448a-879b-0876134ea774 - - - - - -] Successfully bumped revision number for resource e6232380-ed85-4245-9a29-cd567b6471cd (type: ports) to 5
2026-02-26 02:45:38.859 10 INFO neutron.api.wsgi [req-7a0e75dd-ff00-4882-9cce-0ef0559873cd req-ce45cf02-3bf6-4abc-8aac-54be44b3699e 3bcd287a48bb41c5b354e6be25ade6db ed68059ce19647059bf3a9681d9def37 - - default default] 10.0.0.56 "GET /v2.0/ports?device_id=1ee8c8d8-a465-4c22-b001-91893f650f1b HTTP/1.1" status: 200 len: 210 time: 0.0283895
2026-02-26 02:45:38.862 10 INFO neutron.api.wsgi [req-ce8fc46a-0aab-48df-9b20-ce89c7398065 req-d6ffdf8a-20ca-47d7-bc3a-100c9ff39a2f 83c6630d087d425eb710864b0fa1f251 e0b012c6c64a420b8c583537fae07a43 - - default default] 10.0.0.56 "GET /v2.0/ports?device_id=44b5cc96-f876-4b13-97ba-507efb29c2ee HTTP/1.1" status: 200 len: 210 time: 0.0291786
2026-02-26 02:45:38.954 10 INFO neutron.api.wsgi [req-18b3665d-12c2-4098-9390-9b35a1efd989 req-67bd5a4b-6bf1-4c56-b154-6d93ee92b276 5cd95a51b38545fb8257228d2d26f31d 2bb71812110341d3b288072fdb0921f3 - - default default] 10.0.0.56 "GET /v2.0/ports?device_id=69fdb058-4b1f-45e4-9da9-385741a1225c HTTP/1.1" status: 200 len: 1170 time: 0.0408568
2026-02-26 02:45:39.013 10 INFO neutron.api.wsgi [req-18b3665d-12c2-4098-9390-9b35a1efd989 req-1aeaad45-a769-4215-8441-c51e1c3ced25 5cd95a51b38545fb8257228d2d26f31d 2bb71812110341d3b288072fdb0921f3 - - default default] 10.0.0.56 "GET /v2.0/security-groups?id=0e2105e8-0045-4231-96ce-687f9792c4bc&fields=id&fields=name HTTP/1.1" status: 200 len: 312 time: 0.0522473
2026-02-26 02:45:39.137 10 INFO neutron.db.ovn_revision_numbers_db [None req-1e2a0a29-3a30-4b04-bea0-f3ee3359dd8b - - - - - -] Successfully bumped revision number for resource 9fac89f4-dfb4-4bfd-86d0-699f152f5c1f (type: ports) to 1
2026-02-26 02:45:39.199 10 WARNING neutron.scheduler.dhcp_agent_scheduler [None req-8cc16c42-9522-4ad8-90b0-11de13cdfbf0 bbf1c22f41b943158cd85a9bda41e907 6d914e61d5414143b27b9d384a9380e1 - - default default] No more DHCP agents
2026-02-26 02:45:39.202 10 WARNING neutron.api.rpc.agentnotifiers.dhcp_rpc_agent_api [None req-8cc16c42-9522-4ad8-90b0-11de13cdfbf0 bbf1c22f41b943158cd85a9bda41e907 6d914e61d5414143b27b9d384a9380e1 - - default default] Unable to schedule network 9ea28c7d-c77d-4399-aaf6-bc050ea1b11b: no agents available; will retry on subsequent port and subnet creation events.
2026-02-26 02:45:39.359 10 INFO neutron.db.ovn_revision_numbers_db [None req-8cc16c42-9522-4ad8-90b0-11de13cdfbf0 bbf1c22f41b943158cd85a9bda41e907 6d914e61d5414143b27b9d384a9380e1 - - default default] Successfully bumped revision number for resource e3b0e555-6ec8-4fed-a508-17c201caedbb (type: ports) to 1
2026-02-26 02:45:39.489 10 INFO neutron.db.ovn_revision_numbers_db [None req-1e2a0a29-3a30-4b04-bea0-f3ee3359dd8b - - - - - -] Successfully bumped revision number for resource 9fac89f4-dfb4-4bfd-86d0-699f152f5c1f (type: ports) to 4
2026-02-26 02:45:39.603 9 INFO neutron.notifiers.nova [-] Nova event matching ['req-eaa29159-5b55-44fa-ae87-647db7b34fdc'] response: {'server_uuid': '69fdb058-4b1f-45e4-9da9-385741a1225c', 'name': 'network-vif-plugged', 'status': 'completed', 'tag': 'e6232380-ed85-4245-9a29-cd567b6471cd', 'code': 200}
2026-02-26 02:45:39.603 9 INFO neutron.notifiers.nova [-] Nova event matching ['req-eaa29159-5b55-44fa-ae87-647db7b34fdc'] response: {'server_uuid': '69fdb058-4b1f-45e4-9da9-385741a1225c', 'name': 'network-vif-plugged', 'status': 'completed', 'tag': 'e6232380-ed85-4245-9a29-cd567b6471cd', 'code': 200}
2026-02-26 02:45:39.811 10 INFO neutron.db.ovn_revision_numbers_db [None req-1e2a0a29-3a30-4b04-bea0-f3ee3359dd8b - - - - - -] Successfully bumped revision number for resource 9fac89f4-dfb4-4bfd-86d0-699f152f5c1f (type: ports) to 5
2026-02-26 02:45:39.944 9 INFO neutron.plugins.ml2.drivers.ovn.mech_driver.mech_driver [None req-bd327480-f45e-42b7-8bd7-9451e1d5a030 - - - - - -] OVN reports status up for port: e3b0e555-6ec8-4fed-a508-17c201caedbb
2026-02-26 02:45:39.953 9 INFO neutron.plugins.ml2.plugin [None req-bd327480-f45e-42b7-8bd7-9451e1d5a030 - - - - - -] Attempt 1 to provision port e3b0e555-6ec8-4fed-a508-17c201caedbb
2026-02-26 02:45:39.971 10 INFO neutron.api.wsgi [req-e12b0256-0adc-4bf1-9631-1c68bd768cc4 req-b549d5e6-0501-4d5c-a8f6-20c0cbe17056 3bcd287a48bb41c5b354e6be25ade6db ed68059ce19647059bf3a9681d9def37 - - default default] 10.0.0.56 "GET /v2.0/ports?device_id=1ee8c8d8-a465-4c22-b001-91893f650f1b HTTP/1.1" status: 200 len: 210 time: 0.0263033
2026-02-26 02:45:39.977 10 INFO neutron.api.wsgi [req-496e8e2e-35ca-41fe-981e-0c036455ec2d req-04b320af-d653-49b4-9326-028e87572413 83c6630d087d425eb710864b0fa1f251 e0b012c6c64a420b8c583537fae07a43 - - default default] 10.0.0.56 "GET /v2.0/ports?device_id=44b5cc96-f876-4b13-97ba-507efb29c2ee HTTP/1.1" status: 200 len: 210 time: 0.0188646
2026-02-26 02:45:40.000 10 INFO neutron.db.ovn_revision_numbers_db [None req-8cc16c42-9522-4ad8-90b0-11de13cdfbf0 bbf1c22f41b943158cd85a9bda41e907 6d914e61d5414143b27b9d384a9380e1 - - default default] Successfully bumped revision number for resource e3b0e555-6ec8-4fed-a508-17c201caedbb (type: ports) to 1
2026-02-26 02:45:40.053 10 WARNING neutron.scheduler.dhcp_agent_scheduler [None req-8cc16c42-9522-4ad8-90b0-11de13cdfbf0 bbf1c22f41b943158cd85a9bda41e907 6d914e61d5414143b27b9d384a9380e1 - - default default] No more DHCP agents
2026-02-26 02:45:40.062 10 WARNING neutron.api.rpc.agentnotifiers.dhcp_rpc_agent_api [None req-8cc16c42-9522-4ad8-90b0-11de13cdfbf0 bbf1c22f41b943158cd85a9bda41e907 6d914e61d5414143b27b9d384a9380e1 - - default default] Unable to schedule network 9ea28c7d-c77d-4399-aaf6-bc050ea1b11b: no agents available; will retry on subsequent port and subnet creation events.
2026-02-26 02:45:40.143 10 INFO neutron.api.wsgi [req-7bfc99de-ee20-494e-86c9-b24f13a74633 req-b12763ff-c5fe-4020-b8a1-709f32ca2f8f 5cd95a51b38545fb8257228d2d26f31d 2bb71812110341d3b288072fdb0921f3 - - default default] 10.0.0.56 "GET /v2.0/ports?device_id=69fdb058-4b1f-45e4-9da9-385741a1225c HTTP/1.1" status: 200 len: 1170 time: 0.0507410
2026-02-26 02:45:40.199 10 INFO neutron.api.wsgi [req-7bfc99de-ee20-494e-86c9-b24f13a74633 req-142ea8a4-d8d1-4564-ab55-c3b1d844129e 5cd95a51b38545fb8257228d2d26f31d 2bb71812110341d3b288072fdb0921f3 - - default default] 10.0.0.56 "GET /v2.0/security-groups?id=0e2105e8-0045-4231-96ce-687f9792c4bc&fields=id&fields=name HTTP/1.1" status: 200 len: 312 time: 0.0491879
2026-02-26 02:45:40.243 10 WARNING neutron.plugins.ml2.drivers.ovn.mech_driver.ovsdb.ovn_client [None req-7dea89fa-6677-4a93-9788-cd92d10a93ac - - - - - -] No hosting information found for port 2cb1648e-30ad-4432-823a-5d67dbee863a: RuntimeError: No hosting information found for port 2cb1648e-30ad-4432-823a-5d67dbee863a
2026-02-26 02:45:40.332 9 INFO neutron.db.ovn_revision_numbers_db [None req-bd327480-f45e-42b7-8bd7-9451e1d5a030 - - - - - -] Successfully bumped revision number for resource e3b0e555-6ec8-4fed-a508-17c201caedbb (type: ports) to 2
2026-02-26 02:45:40.348 10 INFO neutron.db.ovn_revision_numbers_db [None req-7dea89fa-6677-4a93-9788-cd92d10a93ac - - - - - -] Successfully bumped revision number for resource 2cb1648e-30ad-4432-823a-5d67dbee863a (type: router_ports) to 2
2026-02-26 02:45:40.348 10 INFO neutron.plugins.ml2.drivers.ovn.mech_driver.mech_driver [None req-7dea89fa-6677-4a93-9788-cd92d10a93ac - - - - - -] OVN reports status down for port: 1fab8f51-8633-498d-bc5d-53906d997c05
2026-02-26 02:45:40.356 10 INFO neutron.plugins.ml2.drivers.ovn.mech_driver.mech_driver [None req-7dea89fa-6677-4a93-9788-cd92d10a93ac - - - - - -] OVN reports status up for port: 9fac89f4-dfb4-4bfd-86d0-699f152f5c1f
2026-02-26 02:45:40.374 10 INFO neutron.plugins.ml2.plugin [None req-7dea89fa-6677-4a93-9788-cd92d10a93ac - - - - - -] Attempt 1 to provision port 9fac89f4-dfb4-4bfd-86d0-699f152f5c1f
2026-02-26 02:45:40.852 10 INFO neutron.db.ovn_revision_numbers_db [None req-8cc16c42-9522-4ad8-90b0-11de13cdfbf0 bbf1c22f41b943158cd85a9bda41e907 6d914e61d5414143b27b9d384a9380e1 - - default default] Successfully bumped revision number for resource e3b0e555-6ec8-4fed-a508-17c201caedbb (type: router_ports) to 1
2026-02-26 02:45:40.856 10 INFO neutron.api.wsgi [None req-8cc16c42-9522-4ad8-90b0-11de13cdfbf0 bbf1c22f41b943158cd85a9bda41e907 6d914e61d5414143b27b9d384a9380e1 - - default default] 10.0.0.41 "PUT /v2.0/routers/4a02137f-60ae-44d4-b7d4-ffd8e64f784e/add_router_interface HTTP/1.1" status: 200 len: 503 time: 2.3805265
2026-02-26 02:45:41.046 10 INFO neutron.api.wsgi [req-fdd5a874-c57e-4a8e-b5e5-0acab5ad1128 req-4e192d87-47cb-4080-bb28-63f2a895b43c 3bcd287a48bb41c5b354e6be25ade6db ed68059ce19647059bf3a9681d9def37 - - default default] 10.0.0.56 "GET /v2.0/ports?device_id=1ee8c8d8-a465-4c22-b001-91893f650f1b HTTP/1.1" status: 200 len: 210 time: 0.0160098
2026-02-26 02:45:41.341 10 INFO neutron.api.wsgi [req-ed4f11cb-0200-414b-b469-5f4d21c75881 req-1f98c90d-b1c6-4d99-a65e-3ca87b2ad210 5cd95a51b38545fb8257228d2d26f31d 2bb71812110341d3b288072fdb0921f3 - - default default] 10.0.0.56 "GET /v2.0/ports?device_id=69fdb058-4b1f-45e4-9da9-385741a1225c HTTP/1.1" status: 200 len: 1170 time: 0.0768342 /var/lib/openstack/lib/python3.12/site-packages/pycadf/identifier.py:71: UserWarning: Invalid uuid: neutron. To ensure interoperability, identifiers should be a valid uuid. warnings.warn(('Invalid uuid: %s. To ensure interoperability, '
2026-02-26 02:45:41.376 9 WARNING neutron_lib.context [None req-22b4df64-960a-45ac-a2b3-edd05a2e3530 a3cfcf6f1517419091c5069069bf67c5 28e47617a90c41ad9bcc8939855426cc - - default default] Method 'is_advsvc' is deprecated since 2023.2 release (neutron-lib 3.8.0) and will be removed once support for the old RBAC API policies will be removed from Neutron. Please use method 'is_service_role' instead.
2026-02-26 02:45:41.386 10 INFO neutron.api.wsgi [req-ed4f11cb-0200-414b-b469-5f4d21c75881 req-5fa11abc-6065-4952-94d0-735e25d8f6cf 5cd95a51b38545fb8257228d2d26f31d 2bb71812110341d3b288072fdb0921f3 - - default default] 10.0.0.56 "GET /v2.0/security-groups?id=0e2105e8-0045-4231-96ce-687f9792c4bc&fields=id&fields=name HTTP/1.1" status: 200 len: 312 time: 0.0379870
2026-02-26 02:45:41.464 9 INFO neutron.db.ovn_revision_numbers_db [None req-22b4df64-960a-45ac-a2b3-edd05a2e3530 a3cfcf6f1517419091c5069069bf67c5 28e47617a90c41ad9bcc8939855426cc - - default default] Successfully bumped revision number for resource 3bbf02bf-103d-4405-b586-ffe2ccb5a22a (type: security_groups) to 1
2026-02-26 02:45:41.477 9 INFO neutron.db.ovn_revision_numbers_db [None req-22b4df64-960a-45ac-a2b3-edd05a2e3530 a3cfcf6f1517419091c5069069bf67c5 28e47617a90c41ad9bcc8939855426cc - - default default] Successfully bumped revision number for resource 0800e212-e9dd-4ad0-ae43-5e36b9c2bdef (type: security_group_rules) to 0
2026-02-26 02:45:41.479 10 INFO neutron.api.wsgi [req-9a9bb6a5-48c0-4d35-9ae6-5106e9c1f66a req-f262e3c4-4489-4c6b-b838-9ac9140ae613 5cd95a51b38545fb8257228d2d26f31d 2bb71812110341d3b288072fdb0921f3 - - default default] 10.0.0.56 "GET /v2.0/ports?device_id=69fdb058-4b1f-45e4-9da9-385741a1225c HTTP/1.1" status: 200 len: 1170 time: 0.0402904
2026-02-26 02:45:41.488 9 INFO neutron.db.ovn_revision_numbers_db [None req-22b4df64-960a-45ac-a2b3-edd05a2e3530 a3cfcf6f1517419091c5069069bf67c5 28e47617a90c41ad9bcc8939855426cc - - default default] Successfully bumped revision number for resource 4d66da89-fd82-41db-afda-bc0d19897cc4 (type: security_group_rules) to 0
2026-02-26 02:45:41.549 9 INFO neutron.api.wsgi [None req-22b4df64-960a-45ac-a2b3-edd05a2e3530 a3cfcf6f1517419091c5069069bf67c5 28e47617a90c41ad9bcc8939855426cc - - default default] 10.0.0.41 "POST /v2.0/security-groups HTTP/1.1" status: 201 len: 1859 time: 0.1770005
2026-02-26 02:45:41.558 9 WARNING neutron_lib.context [None req-4e1ce934-0340-45ba-87f7-a5a2d8842e5f a3cfcf6f1517419091c5069069bf67c5 28e47617a90c41ad9bcc8939855426cc - - default default] Method 'is_advsvc' is deprecated since 2023.2 release (neutron-lib 3.8.0) and will be removed once support for the old RBAC API policies will be removed from Neutron. Please use method 'is_service_role' instead.
2026-02-26 02:45:41.957 9 INFO neutron.db.ovn_revision_numbers_db [None req-4e1ce934-0340-45ba-87f7-a5a2d8842e5f a3cfcf6f1517419091c5069069bf67c5 28e47617a90c41ad9bcc8939855426cc - - default default] Successfully bumped revision number for resource 59c54b22-e01c-451f-8e0a-396aba5107d5 (type: security_group_rules) to 0
2026-02-26 02:45:41.999 9 INFO neutron.api.wsgi [None req-4e1ce934-0340-45ba-87f7-a5a2d8842e5f a3cfcf6f1517419091c5069069bf67c5 28e47617a90c41ad9bcc8939855426cc - - default default] 10.0.0.41 "POST /v2.0/security-group-rules HTTP/1.1" status: 201 len: 796 time: 0.4448962
2026-02-26 02:45:42.007 9 WARNING neutron_lib.context [None req-9a3ba35d-f7f0-4d19-8064-e6c6536f79d4 a3cfcf6f1517419091c5069069bf67c5 28e47617a90c41ad9bcc8939855426cc - - default default] Method 'is_advsvc' is deprecated since 2023.2 release (neutron-lib 3.8.0) and will be removed once support for the old RBAC API policies will be removed from Neutron. Please use method 'is_service_role' instead.
2026-02-26 02:45:42.151 10 INFO neutron.api.wsgi [req-fb5a5871-113c-4b3b-bf49-77d03e9cf1d6 req-1f0f3968-30c4-4308-87a4-a05cc2549b20 3bcd287a48bb41c5b354e6be25ade6db ed68059ce19647059bf3a9681d9def37 - - default default] 10.0.0.56 "GET /v2.0/ports?device_id=1ee8c8d8-a465-4c22-b001-91893f650f1b HTTP/1.1" status: 200 len: 210 time: 0.0192921
2026-02-26 02:45:42.162 9 INFO neutron.db.ovn_revision_numbers_db [None req-9a3ba35d-f7f0-4d19-8064-e6c6536f79d4 a3cfcf6f1517419091c5069069bf67c5 28e47617a90c41ad9bcc8939855426cc - - default default] Successfully bumped revision number for resource ce3c52f1-710c-4783-956d-4ed4fa0c771b (type: security_group_rules) to 0
2026-02-26 02:45:42.210 9 INFO neutron.api.wsgi [None req-9a3ba35d-f7f0-4d19-8064-e6c6536f79d4 a3cfcf6f1517419091c5069069bf67c5 28e47617a90c41ad9bcc8939855426cc - - default default] 10.0.0.41 "POST /v2.0/security-group-rules HTTP/1.1" status: 201 len: 801 time: 0.2067356
2026-02-26 02:45:42.241 9 WARNING neutron_lib.context [None req-54e0ee6b-5503-4779-a338-801975a00c0c a3cfcf6f1517419091c5069069bf67c5 28e47617a90c41ad9bcc8939855426cc - - default default] Method 'is_advsvc' is deprecated since 2023.2 release (neutron-lib 3.8.0) and will be removed once support for the old RBAC API policies will be removed from Neutron. Please use method 'is_service_role' instead.
2026-02-26 02:45:42.250 10 INFO neutron.api.wsgi [None req-7920ab18-8664-4ec4-91aa-e56098ee9f23 bbf1c22f41b943158cd85a9bda41e907 6d914e61d5414143b27b9d384a9380e1 - - default default] 10.0.0.41 "PUT /v2.0/routers/8161d455-f2ba-48e1-a32a-e354439acdb3/remove_router_interface HTTP/1.1" status: 200 len: 503 time: 1.2112744 /var/lib/openstack/lib/python3.12/site-packages/pycadf/identifier.py:71: UserWarning: Invalid uuid: neutron. To ensure interoperability, identifiers should be a valid uuid. warnings.warn(('Invalid uuid: %s. To ensure interoperability, '
2026-02-26 02:45:42.286 9 INFO neutron.db.ovn_revision_numbers_db [None req-0fd184ba-a9ec-4487-81be-50f8e0522dc1 5cd95a51b38545fb8257228d2d26f31d 2bb71812110341d3b288072fdb0921f3 - - default default] Successfully bumped revision number for resource 952d9b17-5ebb-4ad1-b59f-1ce64c45080c (type: floatingips) to 1
2026-02-26 02:45:42.398 9 INFO neutron.db.ovn_revision_numbers_db [None req-0fd184ba-a9ec-4487-81be-50f8e0522dc1 5cd95a51b38545fb8257228d2d26f31d 2bb71812110341d3b288072fdb0921f3 - - default default] Successfully bumped revision number for resource 952d9b17-5ebb-4ad1-b59f-1ce64c45080c (type: floatingips) to 2
2026-02-26 02:45:42.399 9 INFO neutron.db.l3_db [None req-0fd184ba-a9ec-4487-81be-50f8e0522dc1 5cd95a51b38545fb8257228d2d26f31d 2bb71812110341d3b288072fdb0921f3 - - default default] Floating IP 952d9b17-5ebb-4ad1-b59f-1ce64c45080c associated. External IP: 10.96.250.207, port: e6232380-ed85-4245-9a29-cd567b6471cd.
2026-02-26 02:45:42.432 9 INFO neutron.api.wsgi [None req-0fd184ba-a9ec-4487-81be-50f8e0522dc1 5cd95a51b38545fb8257228d2d26f31d 2bb71812110341d3b288072fdb0921f3 - - default default] 10.0.0.41 "PUT /v2.0/floatingips/952d9b17-5ebb-4ad1-b59f-1ce64c45080c HTTP/1.1" status: 200 len: 1049 time: 0.9394233
2026-02-26 02:45:42.460 9 INFO neutron.notifiers.nova [-] Nova event matching ['req-d4baca70-5fab-48c4-a02f-42907a7103d3'] response: {'name': 'network-changed', 'server_uuid': '69fdb058-4b1f-45e4-9da9-385741a1225c', 'tag': 'e6232380-ed85-4245-9a29-cd567b6471cd', 'status': 'completed', 'code': 200}
2026-02-26 02:45:42.484 9 WARNING neutron.scheduler.dhcp_agent_scheduler [None req-54e0ee6b-5503-4779-a338-801975a00c0c a3cfcf6f1517419091c5069069bf67c5 28e47617a90c41ad9bcc8939855426cc - - default default] No more DHCP agents
2026-02-26 02:45:42.485 9 WARNING neutron.api.rpc.agentnotifiers.dhcp_rpc_agent_api [None req-54e0ee6b-5503-4779-a338-801975a00c0c a3cfcf6f1517419091c5069069bf67c5 28e47617a90c41ad9bcc8939855426cc - - default default] Unable to schedule network c583ca4c-ebf6-482f-8023-725b774ef642: no agents available; will retry on subsequent port and subnet creation events.
2026-02-26 02:45:42.511 10 INFO neutron.api.wsgi [req-838082f4-9ed6-45a2-9807-9dcb2db3183e req-6ea00a31-512b-494b-bccc-5ad4ed61661d 5cd95a51b38545fb8257228d2d26f31d 2bb71812110341d3b288072fdb0921f3 - - default default] 10.0.0.56 "GET /v2.0/ports?device_id=69fdb058-4b1f-45e4-9da9-385741a1225c HTTP/1.1" status: 200 len: 1170 time: 0.0362055
2026-02-26 02:45:42.562 10 INFO neutron.api.wsgi [req-838082f4-9ed6-45a2-9807-9dcb2db3183e req-e5da3d70-805b-4cae-9f04-b90a7ae0876b 5cd95a51b38545fb8257228d2d26f31d 2bb71812110341d3b288072fdb0921f3 - - default default] 10.0.0.56 "GET /v2.0/security-groups?id=0e2105e8-0045-4231-96ce-687f9792c4bc&fields=id&fields=name HTTP/1.1" status: 200 len: 312 time: 0.0448895
2026-02-26 02:45:42.785 9 INFO neutron.api.wsgi [None req-54e0ee6b-5503-4779-a338-801975a00c0c a3cfcf6f1517419091c5069069bf67c5 28e47617a90c41ad9bcc8939855426cc - - default default] 10.0.0.41 "POST /v2.0/floatingips HTTP/1.1" status: 201 len: 751 time: 0.5560272
2026-02-26 02:45:42.827 9 INFO neutron.api.wsgi [req-bd91c169-4385-4f24-a668-bfd2f9452858 req-a59580fe-e4cf-48d4-9bc7-37d897724550 3bcd287a48bb41c5b354e6be25ade6db ed68059ce19647059bf3a9681d9def37 - - default default] 162.253.55.43 "GET /v2.0/networks?id=4827986f-03bf-4f1a-a22c-39a5adaf1df2 HTTP/1.1" status: 200 len: 872 time: 0.0548990
2026-02-26 02:45:42.839 9 WARNING neutron_lib.context [req-bd91c169-4385-4f24-a668-bfd2f9452858 req-6514d368-329c-4a5b-a2ef-3b40a19dfce7 3bcd287a48bb41c5b354e6be25ade6db ed68059ce19647059bf3a9681d9def37 - - default default] Method 'is_advsvc' is deprecated since 2023.2 release (neutron-lib 3.8.0) and will be removed once support for the old RBAC API policies will be removed from Neutron. Please use method 'is_service_role' instead.
2026-02-26 02:45:42.857 10 INFO neutron.api.wsgi [req-e8d04fa9-512b-4855-a6be-b8c771fdb3e8 req-5563bdf5-6dfe-4094-8817-2eb4bff74cd0 5cd95a51b38545fb8257228d2d26f31d 2bb71812110341d3b288072fdb0921f3 - - default default] 10.0.0.56 "GET /v2.0/ports?device_id=69fdb058-4b1f-45e4-9da9-385741a1225c HTTP/1.1" status: 200 len: 1170 time: 0.0442348
2026-02-26 02:45:42.924 10 INFO neutron.api.wsgi [req-e8d04fa9-512b-4855-a6be-b8c771fdb3e8 req-c028e215-261a-462c-b54e-63b65c8e0444 5cd95a51b38545fb8257228d2d26f31d 2bb71812110341d3b288072fdb0921f3 - - default default] 10.0.0.56 "GET /v2.0/security-groups?id=0e2105e8-0045-4231-96ce-687f9792c4bc&fields=id&fields=name HTTP/1.1" status: 200 len: 312 time: 0.0556288
2026-02-26 02:45:42.976 10 INFO neutron.api.wsgi [None req-d2ca6bf1-bb78-44b9-a4a9-5d46928814b5 bbf1c22f41b943158cd85a9bda41e907 6d914e61d5414143b27b9d384a9380e1 - - default default] 10.0.0.41 "DELETE /v2.0/routers/8161d455-f2ba-48e1-a32a-e354439acdb3 HTTP/1.1" status: 204 len: 168 time: 0.7160935
2026-02-26 02:45:42.995 10 INFO neutron.api.wsgi [req-52020bd1-b37b-4817-98ff-7628ec9abc97 req-b9e72081-6f9d-4c54-b563-166f45380d40 d892fce6ee744e3ca626bfc94fe1246b be9abaf8ad7141e59d58a44111b259b0 - - 2d7226f8ed1d40f98a6941b88a2fbe60 2d7226f8ed1d40f98a6941b88a2fbe60] 162.253.55.43 "GET /v2.0/ports?tenant_id=2bb71812110341d3b288072fdb0921f3&device_id=69fdb058-4b1f-45e4-9da9-385741a1225c HTTP/1.1" status: 200 len: 1409 time: 0.0295861
2026-02-26 02:45:43.049 10 INFO neutron.api.wsgi [req-52020bd1-b37b-4817-98ff-7628ec9abc97 req-d6c3cfa5-a29b-4fcf-8d2a-f11883c75c51 d892fce6ee744e3ca626bfc94fe1246b be9abaf8ad7141e59d58a44111b259b0 - - 2d7226f8ed1d40f98a6941b88a2fbe60 2d7226f8ed1d40f98a6941b88a2fbe60] 162.253.55.43 "GET /v2.0/networks?id=34122f03-611b-41eb-ab6e-1cf9b6c484d5 HTTP/1.1" status: 200 len: 974 time: 0.0487976
2026-02-26 02:45:43.105 10 INFO neutron.api.wsgi [req-52020bd1-b37b-4817-98ff-7628ec9abc97 req-00e14abd-25aa-4624-b4b7-5d9c49b4f5f8 d892fce6ee744e3ca626bfc94fe1246b be9abaf8ad7141e59d58a44111b259b0 - - 2d7226f8ed1d40f98a6941b88a2fbe60 2d7226f8ed1d40f98a6941b88a2fbe60] 162.253.55.43 "GET /v2.0/floatingips?fixed_ip_address=10.100.0.9&port_id=e6232380-ed85-4245-9a29-cd567b6471cd HTTP/1.1" status: 200 len: 1059 time: 0.0505142
2026-02-26 02:45:43.136 10 INFO neutron.api.wsgi [req-52020bd1-b37b-4817-98ff-7628ec9abc97 req-034adc10-a75c-4d6b-bd4c-9c1ddd78d016 d892fce6ee744e3ca626bfc94fe1246b be9abaf8ad7141e59d58a44111b259b0 - - 2d7226f8ed1d40f98a6941b88a2fbe60 2d7226f8ed1d40f98a6941b88a2fbe60] 162.253.55.43 "GET /v2.0/subnets?id=4748cdb2-8e21-43f1-b040-5c457303d710 HTTP/1.1" status: 200 len: 893 time: 0.0261781
2026-02-26 02:45:43.146 9 WARNING neutron.scheduler.dhcp_agent_scheduler [req-bd91c169-4385-4f24-a668-bfd2f9452858 req-6514d368-329c-4a5b-a2ef-3b40a19dfce7 3bcd287a48bb41c5b354e6be25ade6db ed68059ce19647059bf3a9681d9def37 - - default default] No more DHCP agents
2026-02-26 02:45:43.148 9 WARNING neutron.api.rpc.agentnotifiers.dhcp_rpc_agent_api [req-bd91c169-4385-4f24-a668-bfd2f9452858 req-6514d368-329c-4a5b-a2ef-3b40a19dfce7 3bcd287a48bb41c5b354e6be25ade6db ed68059ce19647059bf3a9681d9def37 - - default default] Unable to schedule network 4827986f-03bf-4f1a-a22c-39a5adaf1df2: no agents available; will retry on subsequent port and subnet creation events.
2026-02-26 02:45:43.168 9 INFO neutron.api.wsgi [None req-4a6f09ef-ce7e-4ce0-8185-90f572a53755 bbf1c22f41b943158cd85a9bda41e907 6d914e61d5414143b27b9d384a9380e1 - - default default] 10.0.0.41 "DELETE /v2.0/subnets/85cb5a49-2b1d-44d4-b1dd-b80eb156c644 HTTP/1.1" status: 204 len: 168 time: 0.1854024
2026-02-26 02:45:43.172 10 INFO neutron.api.wsgi [req-52020bd1-b37b-4817-98ff-7628ec9abc97 req-445ff712-167c-4c1c-9999-ec7a3d9c23a2 d892fce6ee744e3ca626bfc94fe1246b be9abaf8ad7141e59d58a44111b259b0 - - 2d7226f8ed1d40f98a6941b88a2fbe60 2d7226f8ed1d40f98a6941b88a2fbe60] 162.253.55.43 "GET /v2.0/ports?network_id=34122f03-611b-41eb-ab6e-1cf9b6c484d5&device_owner=network%3Adhcp HTTP/1.1" status: 200 len: 210 time: 0.0297210 /var/lib/openstack/lib/python3.12/site-packages/pycadf/identifier.py:71: UserWarning: Invalid uuid: neutron. To ensure interoperability, identifiers should be a valid uuid. warnings.warn(('Invalid uuid: %s. To ensure interoperability, '
2026-02-26 02:45:43.201 10 INFO neutron.api.wsgi [req-9fb909a2-cf38-4d97-bedb-3d54c6d710a1 req-3a018f96-0eba-4269-8df5-ee970834123d a3cfcf6f1517419091c5069069bf67c5 28e47617a90c41ad9bcc8939855426cc - - default default] 10.0.0.56 "GET /v2.0/security-groups?name=tempest-securitygroup--687290310&fields=id&tenant_id=28e47617a90c41ad9bcc8939855426cc HTTP/1.1" status: 200 len: 267 time: 0.0381005
2026-02-26 02:45:43.233 10 INFO neutron.api.wsgi [req-52020bd1-b37b-4817-98ff-7628ec9abc97 req-eb67ca71-a3f2-49c3-8999-56fcc017842a d892fce6ee744e3ca626bfc94fe1246b be9abaf8ad7141e59d58a44111b259b0 - - 2d7226f8ed1d40f98a6941b88a2fbe60 2d7226f8ed1d40f98a6941b88a2fbe60] 162.253.55.43 "GET /v2.0/networks/34122f03-611b-41eb-ab6e-1cf9b6c484d5?fields=segments HTTP/1.1" status: 200 len: 212 time: 0.0555644
2026-02-26 02:45:43.282 10 INFO neutron.api.wsgi [req-9fb909a2-cf38-4d97-bedb-3d54c6d710a1 req-9518870c-7a2c-4889-ba4e-c3b2cf2edc9c a3cfcf6f1517419091c5069069bf67c5 28e47617a90c41ad9bcc8939855426cc - - default default] 10.0.0.56 "GET /v2.0/networks?id=9ea28c7d-c77d-4399-aaf6-bc050ea1b11b HTTP/1.1" status: 200 len: 875 time: 0.0759647
2026-02-26 02:45:43.297 10 INFO neutron.api.wsgi [req-f2b9d457-c943-42b3-aba1-32025b2ed745 req-6b1a1778-c853-45fb-9720-7dd40ba77594 3bcd287a48bb41c5b354e6be25ade6db ed68059ce19647059bf3a9681d9def37 - - default default] 10.0.0.56 "GET /v2.0/ports?device_id=1ee8c8d8-a465-4c22-b001-91893f650f1b HTTP/1.1" status: 200 len: 1156 time: 0.0917275
2026-02-26 02:45:43.299 10 INFO neutron.api.wsgi [req-9fb909a2-cf38-4d97-bedb-3d54c6d710a1 req-038a4a94-b0df-4da7-8349-ccda3abf2dd2 a3cfcf6f1517419091c5069069bf67c5 28e47617a90c41ad9bcc8939855426cc - - default default] 10.0.0.56 "GET /v2.0/quotas/28e47617a90c41ad9bcc8939855426cc HTTP/1.1" status: 200 len: 491 time: 0.0123363
2026-02-26 02:45:43.304 10 INFO neutron.api.wsgi [req-52020bd1-b37b-4817-98ff-7628ec9abc97 req-50d1c016-fd14-4176-b0c4-2a2a8ff4277b d892fce6ee744e3ca626bfc94fe1246b be9abaf8ad7141e59d58a44111b259b0 - - 2d7226f8ed1d40f98a6941b88a2fbe60 2d7226f8ed1d40f98a6941b88a2fbe60] 162.253.55.43 "GET /v2.0/networks/34122f03-611b-41eb-ab6e-1cf9b6c484d5?fields=provider%3Aphysical_network&fields=provider%3Anetwork_type HTTP/1.1" status: 200 len: 277 time: 0.0650532
2026-02-26 02:45:43.309 9 INFO neutron.db.ovn_revision_numbers_db [req-bd91c169-4385-4f24-a668-bfd2f9452858 req-6514d368-329c-4a5b-a2ef-3b40a19dfce7 3bcd287a48bb41c5b354e6be25ade6db ed68059ce19647059bf3a9681d9def37 - - default default] Successfully bumped revision number for resource 42441c3c-fda2-4050-bf23-8c20c380d364 (type: ports) to 1
2026-02-26 02:45:43.334 9 INFO neutron.api.wsgi [req-bd91c169-4385-4f24-a668-bfd2f9452858 req-6514d368-329c-4a5b-a2ef-3b40a19dfce7 3bcd287a48bb41c5b354e6be25ade6db ed68059ce19647059bf3a9681d9def37 - - default default] 162.253.55.43 "POST /v2.0/ports HTTP/1.1" status: 201 len: 1158 time: 0.5013525
2026-02-26 02:45:43.342 10 INFO neutron.api.wsgi [req-f2b9d457-c943-42b3-aba1-32025b2ed745 req-e7f69295-47cd-4c6d-899e-bce38b4c59e6 3bcd287a48bb41c5b354e6be25ade6db ed68059ce19647059bf3a9681d9def37 - - default default] 10.0.0.56 "GET /v2.0/security-groups?id=bad30f7c-4325-4f34-9569-e606ebe0f7de&fields=id&fields=name HTTP/1.1" status: 200 len: 286 time: 0.0375412
2026-02-26 02:45:43.370 10 INFO neutron.api.wsgi [req-9fb909a2-cf38-4d97-bedb-3d54c6d710a1 req-dc684f12-4105-4738-8864-71698caf4e2f a3cfcf6f1517419091c5069069bf67c5 28e47617a90c41ad9bcc8939855426cc - - default default] 10.0.0.56 "GET /v2.0/ports?tenant_id=28e47617a90c41ad9bcc8939855426cc&fields=id HTTP/1.1" status: 200 len: 302 time: 0.0659227
2026-02-26 02:45:43.418 10 INFO neutron.api.wsgi [req-9fb909a2-cf38-4d97-bedb-3d54c6d710a1 req-33009d57-04fd-4d0f-afb0-596348e8e7aa d892fce6ee744e3ca626bfc94fe1246b be9abaf8ad7141e59d58a44111b259b0 - - 2d7226f8ed1d40f98a6941b88a2fbe60 2d7226f8ed1d40f98a6941b88a2fbe60] 10.0.0.56 "GET /v2.0/networks/9ea28c7d-c77d-4399-aaf6-bc050ea1b11b?fields=segments HTTP/1.1" status: 200 len: 212 time: 0.0363004
2026-02-26 02:45:43.470 10 INFO neutron.api.wsgi [req-9fb909a2-cf38-4d97-bedb-3d54c6d710a1 req-337b2098-b8f9-4b1f-afe8-a15a23b8f851 d892fce6ee744e3ca626bfc94fe1246b be9abaf8ad7141e59d58a44111b259b0 - - 2d7226f8ed1d40f98a6941b88a2fbe60 2d7226f8ed1d40f98a6941b88a2fbe60] 10.0.0.56 "GET /v2.0/networks/9ea28c7d-c77d-4399-aaf6-bc050ea1b11b?fields=provider%3Aphysical_network&fields=provider%3Anetwork_type HTTP/1.1" status: 200 len: 277 time: 0.0423114
2026-02-26 02:45:43.534 9 INFO neutron.services.segments.plugin [-] Segment df5b27d9-f0d3-4a29-a5d2-e68a2ed31bf2 resource provider aggregate not found
2026-02-26 02:45:43.537 9 INFO neutron.services.segments.plugin [-] Segment df5b27d9-f0d3-4a29-a5d2-e68a2ed31bf2 resource provider aggregate not found
