2026-02-26 02:44:54.190 8 INFO cinder.api.openstack.wsgi [req-cf67e72e-f400-4617-890c-e64f24db1c93 req-8377bce8-28ee-4ad0-b2b0-397a4ed916f3 3f9d67d74b9c42c9b4d9acd3348deeb7 aba737128d0c445f885ee1c96e5b65b2 - - default default] http://cinder-api.openstack.svc.cluster.local:8776/v3/aba737128d0c445f885ee1c96e5b65b2/attachments returned with HTTP 200 /var/lib/openstack/lib/python3.12/site-packages/pycadf/timestamp.py:28: DeprecationWarning: datetime.datetime.utcnow() is deprecated and scheduled for removal in a future version. Use timezone-aware objects to represent datetimes in UTC: datetime.datetime.now(datetime.UTC). utc_datetime = pytz.utc.localize(datetime.datetime.utcnow()) [pid: 8|app: 0|req: 338/676] 10.0.0.56 () {40 vars in 1056 bytes} [Thu Feb 26 02:44:54 2026] POST /v3/aba737128d0c445f885ee1c96e5b65b2/attachments => generated 273 bytes in 66 msecs (HTTP/1.1 200) 7 headers in 286 bytes (1 switches on core 0)
2026-02-26 02:45:00.109 7 INFO cinder.api.openstack.wsgi [req-cf67e72e-f400-4617-890c-e64f24db1c93 req-dedc2fea-69c1-48d3-9646-81624e11322a 3f9d67d74b9c42c9b4d9acd3348deeb7 aba737128d0c445f885ee1c96e5b65b2 - - default default] GET http://cinder-api.openstack.svc.cluster.local:8776/
2026-02-26 02:45:00.111 7 INFO cinder.api.openstack.wsgi [req-cf67e72e-f400-4617-890c-e64f24db1c93 req-dedc2fea-69c1-48d3-9646-81624e11322a 3f9d67d74b9c42c9b4d9acd3348deeb7 aba737128d0c445f885ee1c96e5b65b2 - - default default] http://cinder-api.openstack.svc.cluster.local:8776/ returned with HTTP 300 [pid: 7|app: 0|req: 339/677] 162.253.55.43 () {32 vars in 838 bytes} [Thu Feb 26 02:45:00 2026] GET / => generated 411 bytes in 2 msecs (HTTP/1.1 300) 5 headers in 169 bytes (1 switches on core 0) /var/lib/openstack/lib/python3.12/site-packages/pycadf/identifier.py:71: UserWarning: Invalid uuid: cinderv3. To ensure interoperability, identifiers should be a valid uuid. warnings.warn(('Invalid uuid: %s. To ensure interoperability, '
2026-02-26 02:45:00.155 8 INFO cinder.api.openstack.wsgi [req-cf67e72e-f400-4617-890c-e64f24db1c93 req-1b30e99b-73d0-44da-8f8f-a03d288cd846 3f9d67d74b9c42c9b4d9acd3348deeb7 aba737128d0c445f885ee1c96e5b65b2 - - default default] GET http://cinder-api.openstack.svc.cluster.local:8776/v3/aba737128d0c445f885ee1c96e5b65b2/volumes/1aa0a8fa-589c-44e8-8bd3-108ff8e2e957 /var/lib/openstack/lib/python3.12/site-packages/oslo_context/context.py:100: DeprecationWarning: Policy enforcement is depending on the value of is_admin. This key is deprecated. Please update your policy file to use the standard policy values. warnings.warn('Policy enforcement is depending on the value of '
2026-02-26 02:45:00.172 8 INFO cinder.volume.api [req-cf67e72e-f400-4617-890c-e64f24db1c93 req-1b30e99b-73d0-44da-8f8f-a03d288cd846 3f9d67d74b9c42c9b4d9acd3348deeb7 aba737128d0c445f885ee1c96e5b65b2 - - default default] Volume info retrieved successfully.
2026-02-26 02:45:00.177 8 INFO cinder.api.openstack.wsgi [req-cf67e72e-f400-4617-890c-e64f24db1c93 req-1b30e99b-73d0-44da-8f8f-a03d288cd846 3f9d67d74b9c42c9b4d9acd3348deeb7 aba737128d0c445f885ee1c96e5b65b2 - - default default] http://cinder-api.openstack.svc.cluster.local:8776/v3/aba737128d0c445f885ee1c96e5b65b2/volumes/1aa0a8fa-589c-44e8-8bd3-108ff8e2e957 returned with HTTP 200 /var/lib/openstack/lib/python3.12/site-packages/pycadf/timestamp.py:28: DeprecationWarning: datetime.datetime.utcnow() is deprecated and scheduled for removal in a future version. Use timezone-aware objects to represent datetimes in UTC: datetime.datetime.now(datetime.UTC). utc_datetime = pytz.utc.localize(datetime.datetime.utcnow()) [pid: 8|app: 0|req: 339/678] 162.253.55.43 () {36 vars in 1072 bytes} [Thu Feb 26 02:45:00 2026] GET /v3/aba737128d0c445f885ee1c96e5b65b2/volumes/1aa0a8fa-589c-44e8-8bd3-108ff8e2e957 => generated 1522 bytes in 30 msecs (HTTP/1.1 200) 7 headers in 287 bytes (1 switches on core 0)
2026-02-26 02:45:01.554 8 INFO cinder.api.openstack.wsgi [req-cf67e72e-f400-4617-890c-e64f24db1c93 req-1b30e99b-73d0-44da-8f8f-a03d288cd846 3f9d67d74b9c42c9b4d9acd3348deeb7 aba737128d0c445f885ee1c96e5b65b2 - - default default] GET http://10.0.0.83:8776/
2026-02-26 02:45:01.554 7 INFO cinder.api.openstack.wsgi [req-cf67e72e-f400-4617-890c-e64f24db1c93 req-dedc2fea-69c1-48d3-9646-81624e11322a 3f9d67d74b9c42c9b4d9acd3348deeb7 aba737128d0c445f885ee1c96e5b65b2 - - default default] GET http://10.0.0.83:8776/
2026-02-26 02:45:01.555 8 INFO cinder.api.openstack.wsgi [req-cf67e72e-f400-4617-890c-e64f24db1c93 req-1b30e99b-73d0-44da-8f8f-a03d288cd846 3f9d67d74b9c42c9b4d9acd3348deeb7 aba737128d0c445f885ee1c96e5b65b2 - - default default] http://10.0.0.83:8776/ returned with HTTP 300
2026-02-26 02:45:01.556 7 INFO cinder.api.openstack.wsgi [req-cf67e72e-f400-4617-890c-e64f24db1c93 req-dedc2fea-69c1-48d3-9646-81624e11322a 3f9d67d74b9c42c9b4d9acd3348deeb7 aba737128d0c445f885ee1c96e5b65b2 - - default default] http://10.0.0.83:8776/ returned with HTTP 300 /var/lib/openstack/lib/python3.12/site-packages/pycadf/identifier.py:71: UserWarning: Invalid uuid: cinderv3. To ensure interoperability, identifiers should be a valid uuid. warnings.warn(('Invalid uuid: %s. To ensure interoperability, '
2026-02-26 02:45:02.036 8 INFO cinder.api.openstack.wsgi [req-cf67e72e-f400-4617-890c-e64f24db1c93 req-b826bb4a-1271-431c-a2a1-46fafbc4c72e 3f9d67d74b9c42c9b4d9acd3348deeb7 aba737128d0c445f885ee1c96e5b65b2 - - default default] PUT http://cinder-api.openstack.svc.cluster.local:8776/v3/aba737128d0c445f885ee1c96e5b65b2/attachments/8e8513db-051d-4388-be39-8e5ddb67c694 /var/lib/openstack/lib/python3.12/site-packages/oslo_context/context.py:100: DeprecationWarning: Policy enforcement is depending on the value of is_admin. This key is deprecated. Please update your policy file to use the standard policy values. warnings.warn('Policy enforcement is depending on the value of '
2026-02-26 02:45:03.096 8 INFO cinder.api.openstack.wsgi [req-cf67e72e-f400-4617-890c-e64f24db1c93 req-b826bb4a-1271-431c-a2a1-46fafbc4c72e 3f9d67d74b9c42c9b4d9acd3348deeb7 aba737128d0c445f885ee1c96e5b65b2 - - default default] http://cinder-api.openstack.svc.cluster.local:8776/v3/aba737128d0c445f885ee1c96e5b65b2/attachments/8e8513db-051d-4388-be39-8e5ddb67c694 returned with HTTP 200 /var/lib/openstack/lib/python3.12/site-packages/pycadf/timestamp.py:28: DeprecationWarning: datetime.datetime.utcnow() is deprecated and scheduled for removal in a future version. Use timezone-aware objects to represent datetimes in UTC: datetime.datetime.now(datetime.UTC). utc_datetime = pytz.utc.localize(datetime.datetime.utcnow()) [pid: 8|app: 0|req: 341/681] 162.253.55.43 () {40 vars in 1134 bytes} [Thu Feb 26 02:45:02 2026] PUT /v3/aba737128d0c445f885ee1c96e5b65b2/attachments/8e8513db-051d-4388-be39-8e5ddb67c694 => generated 775 bytes in 1074 msecs (HTTP/1.1 200) 7 headers in 286 bytes (1 switches on core 0) /var/lib/openstack/lib/python3.12/site-packages/pycadf/identifier.py:71: UserWarning: Invalid uuid: cinderv3. To ensure interoperability, identifiers should be a valid uuid. warnings.warn(('Invalid uuid: %s. To ensure interoperability, '
2026-02-26 02:45:03.614 7 INFO cinder.api.openstack.wsgi [req-cf67e72e-f400-4617-890c-e64f24db1c93 req-5407a5bd-44f6-429b-987c-afe1ae302749 3f9d67d74b9c42c9b4d9acd3348deeb7 aba737128d0c445f885ee1c96e5b65b2 - - default default] POST http://cinder-api.openstack.svc.cluster.local:8776/v3/aba737128d0c445f885ee1c96e5b65b2/attachments/8e8513db-051d-4388-be39-8e5ddb67c694/action /var/lib/openstack/lib/python3.12/site-packages/oslo_context/context.py:100: DeprecationWarning: Policy enforcement is depending on the value of is_admin. This key is deprecated. Please update your policy file to use the standard policy values. warnings.warn('Policy enforcement is depending on the value of '
2026-02-26 02:45:03.656 7 INFO cinder.api.openstack.wsgi [req-cf67e72e-f400-4617-890c-e64f24db1c93 req-5407a5bd-44f6-429b-987c-afe1ae302749 3f9d67d74b9c42c9b4d9acd3348deeb7 aba737128d0c445f885ee1c96e5b65b2 - - default default] http://cinder-api.openstack.svc.cluster.local:8776/v3/aba737128d0c445f885ee1c96e5b65b2/attachments/8e8513db-051d-4388-be39-8e5ddb67c694/action returned with HTTP 204 /var/lib/openstack/lib/python3.12/site-packages/pycadf/timestamp.py:28: DeprecationWarning: datetime.datetime.utcnow() is deprecated and scheduled for removal in a future version. Use timezone-aware objects to represent datetimes in UTC: datetime.datetime.now(datetime.UTC). utc_datetime = pytz.utc.localize(datetime.datetime.utcnow()) [pid: 7|app: 0|req: 341/682] 162.253.55.43 () {40 vars in 1147 bytes} [Thu Feb 26 02:45:03 2026] POST /v3/aba737128d0c445f885ee1c96e5b65b2/attachments/8e8513db-051d-4388-be39-8e5ddb67c694/action => generated 0 bytes in 50 msecs (HTTP/1.1 204) 7 headers in 292 bytes (1 switches on core 0)
2026-02-26 02:45:11.553 7 INFO cinder.api.openstack.wsgi [req-cf67e72e-f400-4617-890c-e64f24db1c93 req-5407a5bd-44f6-429b-987c-afe1ae302749 3f9d67d74b9c42c9b4d9acd3348deeb7 aba737128d0c445f885ee1c96e5b65b2 - - default default] GET http://10.0.0.83:8776/
2026-02-26 02:45:11.554 8 INFO cinder.api.openstack.wsgi [req-cf67e72e-f400-4617-890c-e64f24db1c93 req-b826bb4a-1271-431c-a2a1-46fafbc4c72e 3f9d67d74b9c42c9b4d9acd3348deeb7 aba737128d0c445f885ee1c96e5b65b2 - - default default] GET http://10.0.0.83:8776/
2026-02-26 02:45:11.554 7 INFO cinder.api.openstack.wsgi [req-cf67e72e-f400-4617-890c-e64f24db1c93 req-5407a5bd-44f6-429b-987c-afe1ae302749 3f9d67d74b9c42c9b4d9acd3348deeb7 aba737128d0c445f885ee1c96e5b65b2 - - default default] http://10.0.0.83:8776/ returned with HTTP 300
2026-02-26 02:45:11.555 8 INFO cinder.api.openstack.wsgi [req-cf67e72e-f400-4617-890c-e64f24db1c93 req-b826bb4a-1271-431c-a2a1-46fafbc4c72e 3f9d67d74b9c42c9b4d9acd3348deeb7 aba737128d0c445f885ee1c96e5b65b2 - - default default] http://10.0.0.83:8776/ returned with HTTP 300 /var/lib/openstack/lib/python3.12/site-packages/pycadf/identifier.py:71: UserWarning: Invalid uuid: cinderv3. To ensure interoperability, identifiers should be a valid uuid. warnings.warn(('Invalid uuid: %s. To ensure interoperability, '
2026-02-26 02:45:13.784 7 INFO cinder.api.openstack.wsgi [req-661441ed-02ac-4577-bb47-93259df7d704 req-b326bcce-6fb3-47d0-bb79-f2623793e7f5 3f9d67d74b9c42c9b4d9acd3348deeb7 aba737128d0c445f885ee1c96e5b65b2 - - default default] DELETE http://cinder-api.openstack.svc.cluster.local:8776/v3/aba737128d0c445f885ee1c96e5b65b2/attachments/8e8513db-051d-4388-be39-8e5ddb67c694 /var/lib/openstack/lib/python3.12/site-packages/oslo_context/context.py:100: DeprecationWarning: Policy enforcement is depending on the value of is_admin. This key is deprecated. Please update your policy file to use the standard policy values. warnings.warn('Policy enforcement is depending on the value of '
2026-02-26 02:45:14.478 7 INFO cinder.api.openstack.wsgi [req-661441ed-02ac-4577-bb47-93259df7d704 req-b326bcce-6fb3-47d0-bb79-f2623793e7f5 3f9d67d74b9c42c9b4d9acd3348deeb7 aba737128d0c445f885ee1c96e5b65b2 - - default default] http://cinder-api.openstack.svc.cluster.local:8776/v3/aba737128d0c445f885ee1c96e5b65b2/attachments/8e8513db-051d-4388-be39-8e5ddb67c694 returned with HTTP 200 /var/lib/openstack/lib/python3.12/site-packages/pycadf/timestamp.py:28: DeprecationWarning: datetime.datetime.utcnow() is deprecated and scheduled for removal in a future version. Use timezone-aware objects to represent datetimes in UTC: datetime.datetime.now(datetime.UTC). utc_datetime = pytz.utc.localize(datetime.datetime.utcnow()) [pid: 7|app: 0|req: 343/685] 162.253.55.43 () {38 vars in 1102 bytes} [Thu Feb 26 02:45:13 2026] DELETE /v3/aba737128d0c445f885ee1c96e5b65b2/attachments/8e8513db-051d-4388-be39-8e5ddb67c694 => generated 19 bytes in 703 msecs (HTTP/1.1 200) 7 headers in 285 bytes (1 switches on core 0) /var/lib/openstack/lib/python3.12/site-packages/pycadf/identifier.py:71: UserWarning: Invalid uuid: cinderv3. To ensure interoperability, identifiers should be a valid uuid. warnings.warn(('Invalid uuid: %s. To ensure interoperability, '
2026-02-26 02:45:14.493 8 INFO cinder.api.openstack.wsgi [req-661441ed-02ac-4577-bb47-93259df7d704 req-0cf57c1e-562a-47ea-800c-9bb1f0d1e3db 3f9d67d74b9c42c9b4d9acd3348deeb7 aba737128d0c445f885ee1c96e5b65b2 - - default default] DELETE http://cinder-api.openstack.svc.cluster.local:8776/v3/aba737128d0c445f885ee1c96e5b65b2/volumes/1aa0a8fa-589c-44e8-8bd3-108ff8e2e957
2026-02-26 02:45:14.493 8 INFO cinder.api.v3.volumes [req-661441ed-02ac-4577-bb47-93259df7d704 req-0cf57c1e-562a-47ea-800c-9bb1f0d1e3db 3f9d67d74b9c42c9b4d9acd3348deeb7 aba737128d0c445f885ee1c96e5b65b2 - - default default] Delete volume with id: 1aa0a8fa-589c-44e8-8bd3-108ff8e2e957 /var/lib/openstack/lib/python3.12/site-packages/oslo_context/context.py:100: DeprecationWarning: Policy enforcement is depending on the value of is_admin. This key is deprecated. Please update your policy file to use the standard policy values. warnings.warn('Policy enforcement is depending on the value of '
2026-02-26 02:45:14.506 8 INFO cinder.volume.api [req-661441ed-02ac-4577-bb47-93259df7d704 req-0cf57c1e-562a-47ea-800c-9bb1f0d1e3db 3f9d67d74b9c42c9b4d9acd3348deeb7 aba737128d0c445f885ee1c96e5b65b2 - - default default] Volume info retrieved successfully.
2026-02-26 02:45:14.538 8 INFO cinder.volume.api [req-661441ed-02ac-4577-bb47-93259df7d704 req-0cf57c1e-562a-47ea-800c-9bb1f0d1e3db 3f9d67d74b9c42c9b4d9acd3348deeb7 aba737128d0c445f885ee1c96e5b65b2 - - default default] Delete volume request issued successfully.
2026-02-26 02:45:14.538 8 INFO cinder.api.openstack.wsgi [req-661441ed-02ac-4577-bb47-93259df7d704 req-0cf57c1e-562a-47ea-800c-9bb1f0d1e3db 3f9d67d74b9c42c9b4d9acd3348deeb7 aba737128d0c445f885ee1c96e5b65b2 - - default default] http://cinder-api.openstack.svc.cluster.local:8776/v3/aba737128d0c445f885ee1c96e5b65b2/volumes/1aa0a8fa-589c-44e8-8bd3-108ff8e2e957 returned with HTTP 202 /var/lib/openstack/lib/python3.12/site-packages/pycadf/timestamp.py:28: DeprecationWarning: datetime.datetime.utcnow() is deprecated and scheduled for removal in a future version. Use timezone-aware objects to represent datetimes in UTC: datetime.datetime.now(datetime.UTC). utc_datetime = pytz.utc.localize(datetime.datetime.utcnow()) [pid: 8|app: 0|req: 343/686] 162.253.55.43 () {36 vars in 1053 bytes} [Thu Feb 26 02:45:14 2026] DELETE /v3/aba737128d0c445f885ee1c96e5b65b2/volumes/1aa0a8fa-589c-44e8-8bd3-108ff8e2e957 => generated 0 bytes in 54 msecs (HTTP/1.1 202) 6 headers in 233 bytes (1 switches on core 0)
2026-02-26 02:45:21.555 8 INFO cinder.api.openstack.wsgi [req-661441ed-02ac-4577-bb47-93259df7d704 req-0cf57c1e-562a-47ea-800c-9bb1f0d1e3db 3f9d67d74b9c42c9b4d9acd3348deeb7 aba737128d0c445f885ee1c96e5b65b2 - - default default] GET http://10.0.0.83:8776/
2026-02-26 02:45:21.555 7 INFO cinder.api.openstack.wsgi [req-661441ed-02ac-4577-bb47-93259df7d704 req-b326bcce-6fb3-47d0-bb79-f2623793e7f5 3f9d67d74b9c42c9b4d9acd3348deeb7 aba737128d0c445f885ee1c96e5b65b2 - - default default] GET http://10.0.0.83:8776/
2026-02-26 02:45:21.555 8 INFO cinder.api.openstack.wsgi [req-661441ed-02ac-4577-bb47-93259df7d704 req-0cf57c1e-562a-47ea-800c-9bb1f0d1e3db 3f9d67d74b9c42c9b4d9acd3348deeb7 aba737128d0c445f885ee1c96e5b65b2 - - default default] http://10.0.0.83:8776/ returned with HTTP 300
2026-02-26 02:45:21.556 7 INFO cinder.api.openstack.wsgi [req-661441ed-02ac-4577-bb47-93259df7d704 req-b326bcce-6fb3-47d0-bb79-f2623793e7f5 3f9d67d74b9c42c9b4d9acd3348deeb7 aba737128d0c445f885ee1c96e5b65b2 - - default default] http://10.0.0.83:8776/ returned with HTTP 300 /var/lib/openstack/lib/python3.12/site-packages/pycadf/identifier.py:71: UserWarning: Invalid uuid: cinderv3. To ensure interoperability, identifiers should be a valid uuid. warnings.warn(('Invalid uuid: %s. To ensure interoperability, '
2026-02-26 02:45:28.317 8 INFO cinder.api.openstack.wsgi [None req-b46e3c84-cbae-44c7-bc46-6acc7e2f8aa2 bbf1c22f41b943158cd85a9bda41e907 6d914e61d5414143b27b9d384a9380e1 - - default default] GET http://cinder-api.openstack.svc.cluster.local:8776/v3/6d914e61d5414143b27b9d384a9380e1/volumes/detail?all_tenants=true
2026-02-26 02:45:28.329 8 INFO cinder.volume.api [None req-b46e3c84-cbae-44c7-bc46-6acc7e2f8aa2 bbf1c22f41b943158cd85a9bda41e907 6d914e61d5414143b27b9d384a9380e1 - - default default] Get all volumes completed successfully.
2026-02-26 02:45:28.331 8 INFO cinder.api.openstack.wsgi [None req-b46e3c84-cbae-44c7-bc46-6acc7e2f8aa2 bbf1c22f41b943158cd85a9bda41e907 6d914e61d5414143b27b9d384a9380e1 - - default default] http://cinder-api.openstack.svc.cluster.local:8776/v3/6d914e61d5414143b27b9d384a9380e1/volumes/detail?all_tenants=true returned with HTTP 200 [pid: 8|app: 0|req: 345/689] 10.0.0.190 () {28 vars in 684 bytes} [Thu Feb 26 02:45:28 2026] GET /v3/6d914e61d5414143b27b9d384a9380e1/volumes/detail?all_tenants=true => generated 15 bytes in 250 msecs (HTTP/1.1 200) 7 headers in 284 bytes (1 switches on core 0) /var/lib/openstack/lib/python3.12/site-packages/pycadf/identifier.py:71: UserWarning: Invalid uuid: cinderv3. To ensure interoperability, identifiers should be a valid uuid. warnings.warn(('Invalid uuid: %s. To ensure interoperability, '
2026-02-26 02:45:28.369 7 INFO cinder.api.openstack.wsgi [None req-a20bc68c-d1a0-459e-a09f-0b120e6063ce bbf1c22f41b943158cd85a9bda41e907 6d914e61d5414143b27b9d384a9380e1 - - default default] GET http://cinder-api.openstack.svc.cluster.local:8776/v3/6d914e61d5414143b27b9d384a9380e1/os-quota-sets/1b010ff9295e46e0b225450ff532aa65?usage=true /var/lib/openstack/lib/python3.12/site-packages/oslo_context/context.py:100: DeprecationWarning: Policy enforcement is depending on the value of is_admin. This key is deprecated. Please update your policy file to use the standard policy values. warnings.warn('Policy enforcement is depending on the value of '
2026-02-26 02:45:28.392 7 INFO cinder.api.openstack.wsgi [None req-a20bc68c-d1a0-459e-a09f-0b120e6063ce bbf1c22f41b943158cd85a9bda41e907 6d914e61d5414143b27b9d384a9380e1 - - default default] http://cinder-api.openstack.svc.cluster.local:8776/v3/6d914e61d5414143b27b9d384a9380e1/os-quota-sets/1b010ff9295e46e0b225450ff532aa65?usage=true returned with HTTP 200 [pid: 7|app: 0|req: 345/690] 10.0.0.190 () {28 vars in 736 bytes} [Thu Feb 26 02:45:28 2026] GET /v3/6d914e61d5414143b27b9d384a9380e1/os-quota-sets/1b010ff9295e46e0b225450ff532aa65?usage=true => generated 847 bytes in 30 msecs (HTTP/1.1 200) 7 headers in 285 bytes (1 switches on core 0)
2026-02-26 02:45:28.410 8 INFO cinder.api.openstack.wsgi [None req-343b29c1-d791-4563-998a-9baa94425121 bbf1c22f41b943158cd85a9bda41e907 6d914e61d5414143b27b9d384a9380e1 - - default default] GET http://cinder-api.openstack.svc.cluster.local:8776/v3/6d914e61d5414143b27b9d384a9380e1/os-quota-sets/2bb71812110341d3b288072fdb0921f3?usage=true
2026-02-26 02:45:28.432 8 INFO cinder.api.openstack.wsgi [None req-343b29c1-d791-4563-998a-9baa94425121 bbf1c22f41b943158cd85a9bda41e907 6d914e61d5414143b27b9d384a9380e1 - - default default] http://cinder-api.openstack.svc.cluster.local:8776/v3/6d914e61d5414143b27b9d384a9380e1/os-quota-sets/2bb71812110341d3b288072fdb0921f3?usage=true returned with HTTP 200 [pid: 8|app: 0|req: 346/691] 10.0.0.190 () {28 vars in 736 bytes} [Thu Feb 26 02:45:28 2026] GET /v3/6d914e61d5414143b27b9d384a9380e1/os-quota-sets/2bb71812110341d3b288072fdb0921f3?usage=true => generated 847 bytes in 35 msecs (HTTP/1.1 200) 7 headers in 285 bytes (1 switches on core 0)
2026-02-26 02:45:28.446 7 INFO cinder.api.openstack.wsgi [None req-50d369fa-174e-4d45-bb2e-bbfa6ad15a57 bbf1c22f41b943158cd85a9bda41e907 6d914e61d5414143b27b9d384a9380e1 - - default default] GET http://cinder-api.openstack.svc.cluster.local:8776/v3/6d914e61d5414143b27b9d384a9380e1/os-quota-sets/6d914e61d5414143b27b9d384a9380e1?usage=true
2026-02-26 02:45:28.472 7 INFO cinder.api.openstack.wsgi [None req-50d369fa-174e-4d45-bb2e-bbfa6ad15a57 bbf1c22f41b943158cd85a9bda41e907 6d914e61d5414143b27b9d384a9380e1 - - default default] http://cinder-api.openstack.svc.cluster.local:8776/v3/6d914e61d5414143b27b9d384a9380e1/os-quota-sets/6d914e61d5414143b27b9d384a9380e1?usage=true returned with HTTP 200 [pid: 7|app: 0|req: 346/692] 10.0.0.190 () {28 vars in 736 bytes} [Thu Feb 26 02:45:28 2026] GET /v3/6d914e61d5414143b27b9d384a9380e1/os-quota-sets/6d914e61d5414143b27b9d384a9380e1?usage=true => generated 845 bytes in 36 msecs (HTTP/1.1 200) 7 headers in 285 bytes (1 switches on core 0)
2026-02-26 02:45:28.482 8 INFO cinder.api.openstack.wsgi [None req-e2122245-85c3-45c5-b3ce-5e3cd0c6078c bbf1c22f41b943158cd85a9bda41e907 6d914e61d5414143b27b9d384a9380e1 - - default default] GET http://cinder-api.openstack.svc.cluster.local:8776/v3/6d914e61d5414143b27b9d384a9380e1/os-quota-sets/b0ba82622563466087b3e9ae999736ad?usage=true
2026-02-26 02:45:28.501 8 INFO cinder.api.openstack.wsgi [None req-e2122245-85c3-45c5-b3ce-5e3cd0c6078c bbf1c22f41b943158cd85a9bda41e907 6d914e61d5414143b27b9d384a9380e1 - - default default] http://cinder-api.openstack.svc.cluster.local:8776/v3/6d914e61d5414143b27b9d384a9380e1/os-quota-sets/b0ba82622563466087b3e9ae999736ad?usage=true returned with HTTP 200 [pid: 8|app: 0|req: 347/693] 10.0.0.190 () {28 vars in 736 bytes} [Thu Feb 26 02:45:28 2026] GET /v3/6d914e61d5414143b27b9d384a9380e1/os-quota-sets/b0ba82622563466087b3e9ae999736ad?usage=true => generated 847 bytes in 25 msecs (HTTP/1.1 200) 7 headers in 285 bytes (1 switches on core 0)
2026-02-26 02:45:28.522 7 INFO cinder.api.openstack.wsgi [None req-4c8bdfc6-a7f6-4ee2-a729-3206780dfc53 bbf1c22f41b943158cd85a9bda41e907 6d914e61d5414143b27b9d384a9380e1 - - default default] GET http://cinder-api.openstack.svc.cluster.local:8776/v3/6d914e61d5414143b27b9d384a9380e1/os-quota-sets/be9abaf8ad7141e59d58a44111b259b0?usage=true
2026-02-26 02:45:28.561 7 INFO cinder.api.openstack.wsgi [None req-4c8bdfc6-a7f6-4ee2-a729-3206780dfc53 bbf1c22f41b943158cd85a9bda41e907 6d914e61d5414143b27b9d384a9380e1 - - default default] http://cinder-api.openstack.svc.cluster.local:8776/v3/6d914e61d5414143b27b9d384a9380e1/os-quota-sets/be9abaf8ad7141e59d58a44111b259b0?usage=true returned with HTTP 200 [pid: 7|app: 0|req: 347/694] 10.0.0.190 () {28 vars in 736 bytes} [Thu Feb 26 02:45:28 2026] GET /v3/6d914e61d5414143b27b9d384a9380e1/os-quota-sets/be9abaf8ad7141e59d58a44111b259b0?usage=true => generated 845 bytes in 53 msecs (HTTP/1.1 200) 7 headers in 285 bytes (1 switches on core 0)
2026-02-26 02:45:28.575 8 INFO cinder.api.openstack.wsgi [None req-cd3c30df-9cf0-4ce4-9883-f7ede61d7369 bbf1c22f41b943158cd85a9bda41e907 6d914e61d5414143b27b9d384a9380e1 - - default default] GET http://cinder-api.openstack.svc.cluster.local:8776/v3/6d914e61d5414143b27b9d384a9380e1/os-quota-sets/c9d70fd2babe4a948005c9eb0ae89fc9?usage=true
2026-02-26 02:45:28.593 8 INFO cinder.api.openstack.wsgi [None req-cd3c30df-9cf0-4ce4-9883-f7ede61d7369 bbf1c22f41b943158cd85a9bda41e907 6d914e61d5414143b27b9d384a9380e1 - - default default] http://cinder-api.openstack.svc.cluster.local:8776/v3/6d914e61d5414143b27b9d384a9380e1/os-quota-sets/c9d70fd2babe4a948005c9eb0ae89fc9?usage=true returned with HTTP 200 [pid: 8|app: 0|req: 348/695] 10.0.0.190 () {28 vars in 736 bytes} [Thu Feb 26 02:45:28 2026] GET /v3/6d914e61d5414143b27b9d384a9380e1/os-quota-sets/c9d70fd2babe4a948005c9eb0ae89fc9?usage=true => generated 847 bytes in 28 msecs (HTTP/1.1 200) 7 headers in 285 bytes (1 switches on core 0)
2026-02-26 02:45:28.611 7 INFO cinder.api.openstack.wsgi [None req-f59f37e4-eded-40e1-9977-8623dec1ce2c bbf1c22f41b943158cd85a9bda41e907 6d914e61d5414143b27b9d384a9380e1 - - default default] GET http://cinder-api.openstack.svc.cluster.local:8776/v3/6d914e61d5414143b27b9d384a9380e1/os-quota-sets/e0b012c6c64a420b8c583537fae07a43?usage=true
2026-02-26 02:45:28.637 7 INFO cinder.api.openstack.wsgi [None req-f59f37e4-eded-40e1-9977-8623dec1ce2c bbf1c22f41b943158cd85a9bda41e907 6d914e61d5414143b27b9d384a9380e1 - - default default] http://cinder-api.openstack.svc.cluster.local:8776/v3/6d914e61d5414143b27b9d384a9380e1/os-quota-sets/e0b012c6c64a420b8c583537fae07a43?usage=true returned with HTTP 200 [pid: 7|app: 0|req: 348/696] 10.0.0.190 () {28 vars in 736 bytes} [Thu Feb 26 02:45:28 2026] GET /v3/6d914e61d5414143b27b9d384a9380e1/os-quota-sets/e0b012c6c64a420b8c583537fae07a43?usage=true => generated 847 bytes in 37 msecs (HTTP/1.1 200) 7 headers in 285 bytes (1 switches on core 0)
2026-02-26 02:45:28.648 8 INFO cinder.api.openstack.wsgi [None req-cbb05232-b6e8-4d95-bf33-a27c558dd948 bbf1c22f41b943158cd85a9bda41e907 6d914e61d5414143b27b9d384a9380e1 - - default default] GET http://cinder-api.openstack.svc.cluster.local:8776/v3/6d914e61d5414143b27b9d384a9380e1/snapshots?all_tenants=true
2026-02-26 02:45:28.653 8 INFO cinder.volume.api [None req-cbb05232-b6e8-4d95-bf33-a27c558dd948 bbf1c22f41b943158cd85a9bda41e907 6d914e61d5414143b27b9d384a9380e1 - - default default] Get all snapshots completed successfully.
2026-02-26 02:45:28.653 8 INFO cinder.api.openstack.wsgi [None req-cbb05232-b6e8-4d95-bf33-a27c558dd948 bbf1c22f41b943158cd85a9bda41e907 6d914e61d5414143b27b9d384a9380e1 - - default default] http://cinder-api.openstack.svc.cluster.local:8776/v3/6d914e61d5414143b27b9d384a9380e1/snapshots?all_tenants=true returned with HTTP 200 [pid: 8|app: 0|req: 349/697] 10.0.0.190 () {28 vars in 674 bytes} [Thu Feb 26 02:45:28 2026] GET /v3/6d914e61d5414143b27b9d384a9380e1/snapshots?all_tenants=true => generated 17 bytes in 12 msecs (HTTP/1.1 200) 7 headers in 284 bytes (1 switches on core 0)
2026-02-26 02:45:28.664 7 INFO cinder.api.openstack.wsgi [None req-d1ff973b-5293-45ee-abfa-bb2985398e87 bbf1c22f41b943158cd85a9bda41e907 6d914e61d5414143b27b9d384a9380e1 - - default default] GET http://cinder-api.openstack.svc.cluster.local:8776/v3/6d914e61d5414143b27b9d384a9380e1/os-services
2026-02-26 02:45:28.670 7 INFO cinder.api.openstack.wsgi [None req-d1ff973b-5293-45ee-abfa-bb2985398e87 bbf1c22f41b943158cd85a9bda41e907 6d914e61d5414143b27b9d384a9380e1 - - default default] http://cinder-api.openstack.svc.cluster.local:8776/v3/6d914e61d5414143b27b9d384a9380e1/os-services returned with HTTP 200 [pid: 7|app: 0|req: 349/698] 10.0.0.190 () {28 vars in 645 bytes} [Thu Feb 26 02:45:28 2026] GET /v3/6d914e61d5414143b27b9d384a9380e1/os-services => generated 646 bytes in 14 msecs (HTTP/1.1 200) 7 headers in 285 bytes (1 switches on core 0)
2026-02-26 02:45:28.685 8 INFO cinder.api.openstack.wsgi [None req-6ce0a7fb-b9bb-4246-a226-d947bfb2f0cb bbf1c22f41b943158cd85a9bda41e907 6d914e61d5414143b27b9d384a9380e1 - - default default] GET http://cinder-api.openstack.svc.cluster.local:8776/v3/6d914e61d5414143b27b9d384a9380e1/scheduler-stats/get_pools?detail=true
2026-02-26 02:45:29.189 8 INFO cinder.api.openstack.wsgi [None req-6ce0a7fb-b9bb-4246-a226-d947bfb2f0cb bbf1c22f41b943158cd85a9bda41e907 6d914e61d5414143b27b9d384a9380e1 - - default default] http://cinder-api.openstack.svc.cluster.local:8776/v3/6d914e61d5414143b27b9d384a9380e1/scheduler-stats/get_pools?detail=true returned with HTTP 200 [pid: 8|app: 0|req: 350/699] 10.0.0.190 () {28 vars in 696 bytes} [Thu Feb 26 02:45:28 2026] GET /v3/6d914e61d5414143b27b9d384a9380e1/scheduler-stats/get_pools?detail=true => generated 670 bytes in 514 msecs (HTTP/1.1 200) 7 headers in 285 bytes (1 switches on core 0)
2026-02-26 02:45:29.201 7 INFO cinder.api.openstack.wsgi [None req-b1dcfbae-f556-43c0-80dc-71262425a467 bbf1c22f41b943158cd85a9bda41e907 6d914e61d5414143b27b9d384a9380e1 - - default default] GET http://cinder-api.openstack.svc.cluster.local:8776/v3/6d914e61d5414143b27b9d384a9380e1/volumes/detail?all_tenants=true
2026-02-26 02:45:29.210 7 INFO cinder.volume.api [None req-b1dcfbae-f556-43c0-80dc-71262425a467 bbf1c22f41b943158cd85a9bda41e907 6d914e61d5414143b27b9d384a9380e1 - - default default] Get all volumes completed successfully.
2026-02-26 02:45:29.212 7 INFO cinder.api.openstack.wsgi [None req-b1dcfbae-f556-43c0-80dc-71262425a467 bbf1c22f41b943158cd85a9bda41e907 6d914e61d5414143b27b9d384a9380e1 - - default default] http://cinder-api.openstack.svc.cluster.local:8776/v3/6d914e61d5414143b27b9d384a9380e1/volumes/detail?all_tenants=true returned with HTTP 200 [pid: 7|app: 0|req: 350/700] 10.0.0.190 () {28 vars in 684 bytes} [Thu Feb 26 02:45:29 2026] GET /v3/6d914e61d5414143b27b9d384a9380e1/volumes/detail?all_tenants=true => generated 15 bytes in 17 msecs (HTTP/1.1 200) 7 headers in 284 bytes (1 switches on core 0)
2026-02-26 02:45:31.554 8 INFO cinder.api.openstack.wsgi [None req-6ce0a7fb-b9bb-4246-a226-d947bfb2f0cb bbf1c22f41b943158cd85a9bda41e907 6d914e61d5414143b27b9d384a9380e1 - - default default] GET http://10.0.0.83:8776/
2026-02-26 02:45:31.554 7 INFO cinder.api.openstack.wsgi [None req-b1dcfbae-f556-43c0-80dc-71262425a467 bbf1c22f41b943158cd85a9bda41e907 6d914e61d5414143b27b9d384a9380e1 - - default default] GET http://10.0.0.83:8776/
2026-02-26 02:45:31.555 8 INFO cinder.api.openstack.wsgi [None req-6ce0a7fb-b9bb-4246-a226-d947bfb2f0cb bbf1c22f41b943158cd85a9bda41e907 6d914e61d5414143b27b9d384a9380e1 - - default default] http://10.0.0.83:8776/ returned with HTTP 300
2026-02-26 02:45:31.555 7 INFO cinder.api.openstack.wsgi [None req-b1dcfbae-f556-43c0-80dc-71262425a467 bbf1c22f41b943158cd85a9bda41e907 6d914e61d5414143b27b9d384a9380e1 - - default default] http://10.0.0.83:8776/ returned with HTTP 300
2026-02-26 02:45:35.171 8 INFO cinder.api.openstack.wsgi [None req-a675b7c3-b69e-4176-b68c-645dceb974f7 3bcd287a48bb41c5b354e6be25ade6db ed68059ce19647059bf3a9681d9def37 - - default default] POST http://cinder-api.openstack.svc.cluster.local:8776/v3/ed68059ce19647059bf3a9681d9def37/volumes
2026-02-26 02:45:35.173 8 INFO cinder.api.v3.volumes [None req-a675b7c3-b69e-4176-b68c-645dceb974f7 3bcd287a48bb41c5b354e6be25ade6db ed68059ce19647059bf3a9681d9def37 - - default default] Create volume of 1 GB
2026-02-26 02:45:35.196 8 INFO cinder.volume.api [None req-a675b7c3-b69e-4176-b68c-645dceb974f7 3bcd287a48bb41c5b354e6be25ade6db ed68059ce19647059bf3a9681d9def37 - - default default] Availability Zones retrieved successfully.
2026-02-26 02:45:35.445 8 INFO cinder.volume.api [None req-a675b7c3-b69e-4176-b68c-645dceb974f7 3bcd287a48bb41c5b354e6be25ade6db ed68059ce19647059bf3a9681d9def37 - - default default] Create volume request issued successfully.
2026-02-26 02:45:35.446 8 INFO cinder.api.openstack.wsgi [None req-a675b7c3-b69e-4176-b68c-645dceb974f7 3bcd287a48bb41c5b354e6be25ade6db ed68059ce19647059bf3a9681d9def37 - - default default] http://cinder-api.openstack.svc.cluster.local:8776/v3/ed68059ce19647059bf3a9681d9def37/volumes returned with HTTP 202 /var/lib/openstack/lib/python3.12/site-packages/pycadf/timestamp.py:28: DeprecationWarning: datetime.datetime.utcnow() is deprecated and scheduled for removal in a future version. Use timezone-aware objects to represent datetimes in UTC: datetime.datetime.now(datetime.UTC). utc_datetime = pytz.utc.localize(datetime.datetime.utcnow()) [pid: 8|app: 0|req: 352/703] 10.0.0.41 () {34 vars in 721 bytes} [Thu Feb 26 02:45:34 2026] POST /v3/ed68059ce19647059bf3a9681d9def37/volumes => generated 861 bytes in 451 msecs (HTTP/1.1 202) 7 headers in 291 bytes (1 switches on core 0)
2026-02-26 02:45:35.464 7 INFO cinder.api.openstack.wsgi [None req-c0c28bfa-c5d8-46d4-8999-66106f94b0c1 3bcd287a48bb41c5b354e6be25ade6db ed68059ce19647059bf3a9681d9def37 - - default default] GET http://cinder-api.openstack.svc.cluster.local:8776/v3/ed68059ce19647059bf3a9681d9def37/volumes/5a0c024b-dfb7-4dc5-abe7-5b888760d424 /var/lib/openstack/lib/python3.12/site-packages/oslo_context/context.py:100: DeprecationWarning: Policy enforcement is depending on the value of is_admin. This key is deprecated. Please update your policy file to use the standard policy values. warnings.warn('Policy enforcement is depending on the value of '
2026-02-26 02:45:35.488 7 INFO cinder.volume.api [None req-c0c28bfa-c5d8-46d4-8999-66106f94b0c1 3bcd287a48bb41c5b354e6be25ade6db ed68059ce19647059bf3a9681d9def37 - - default default] Volume info retrieved successfully.
2026-02-26 02:45:35.492 7 INFO cinder.api.openstack.wsgi [None req-c0c28bfa-c5d8-46d4-8999-66106f94b0c1 3bcd287a48bb41c5b354e6be25ade6db ed68059ce19647059bf3a9681d9def37 - - default default] http://cinder-api.openstack.svc.cluster.local:8776/v3/ed68059ce19647059bf3a9681d9def37/volumes/5a0c024b-dfb7-4dc5-abe7-5b888760d424 returned with HTTP 200 /var/lib/openstack/lib/python3.12/site-packages/pycadf/timestamp.py:28: DeprecationWarning: datetime.datetime.utcnow() is deprecated and scheduled for removal in a future version. Use timezone-aware objects to represent datetimes in UTC: datetime.datetime.now(datetime.UTC). utc_datetime = pytz.utc.localize(datetime.datetime.utcnow()) [pid: 7|app: 0|req: 352/704] 10.0.0.41 () {32 vars in 774 bytes} [Thu Feb 26 02:45:35 2026] GET /v3/ed68059ce19647059bf3a9681d9def37/volumes/5a0c024b-dfb7-4dc5-abe7-5b888760d424 => generated 929 bytes in 31 msecs (HTTP/1.1 200) 7 headers in 285 bytes (1 switches on core 0) /var/lib/openstack/lib/python3.12/site-packages/pycadf/identifier.py:71: UserWarning: Invalid uuid: cinderv3. To ensure interoperability, identifiers should be a valid uuid. warnings.warn(('Invalid uuid: %s. To ensure interoperability, '
2026-02-26 02:45:36.512 8 INFO cinder.api.openstack.wsgi [None req-e0513cfe-9e3d-4cbe-982a-f185136d30f5 3bcd287a48bb41c5b354e6be25ade6db ed68059ce19647059bf3a9681d9def37 - - default default] GET http://cinder-api.openstack.svc.cluster.local:8776/v3/ed68059ce19647059bf3a9681d9def37/volumes/5a0c024b-dfb7-4dc5-abe7-5b888760d424 /var/lib/openstack/lib/python3.12/site-packages/oslo_context/context.py:100: DeprecationWarning: Policy enforcement is depending on the value of is_admin. This key is deprecated. Please update your policy file to use the standard policy values. warnings.warn('Policy enforcement is depending on the value of '
2026-02-26 02:45:36.650 8 INFO cinder.volume.api [None req-e0513cfe-9e3d-4cbe-982a-f185136d30f5 3bcd287a48bb41c5b354e6be25ade6db ed68059ce19647059bf3a9681d9def37 - - default default] Volume info retrieved successfully.
2026-02-26 02:45:36.654 8 INFO cinder.api.openstack.wsgi [None req-e0513cfe-9e3d-4cbe-982a-f185136d30f5 3bcd287a48bb41c5b354e6be25ade6db ed68059ce19647059bf3a9681d9def37 - - default default] http://cinder-api.openstack.svc.cluster.local:8776/v3/ed68059ce19647059bf3a9681d9def37/volumes/5a0c024b-dfb7-4dc5-abe7-5b888760d424 returned with HTTP 200 /var/lib/openstack/lib/python3.12/site-packages/pycadf/timestamp.py:28: DeprecationWarning: datetime.datetime.utcnow() is deprecated and scheduled for removal in a future version. Use timezone-aware objects to represent datetimes in UTC: datetime.datetime.now(datetime.UTC). utc_datetime = pytz.utc.localize(datetime.datetime.utcnow()) [pid: 8|app: 0|req: 353/705] 10.0.0.41 () {32 vars in 774 bytes} [Thu Feb 26 02:45:36 2026] GET /v3/ed68059ce19647059bf3a9681d9def37/volumes/5a0c024b-dfb7-4dc5-abe7-5b888760d424 => generated 954 bytes in 148 msecs (HTTP/1.1 200) 7 headers in 285 bytes (1 switches on core 0)
2026-02-26 02:45:41.553 7 INFO cinder.api.openstack.wsgi [None req-c0c28bfa-c5d8-46d4-8999-66106f94b0c1 3bcd287a48bb41c5b354e6be25ade6db ed68059ce19647059bf3a9681d9def37 - - default default] GET http://10.0.0.83:8776/
2026-02-26 02:45:41.554 7 INFO cinder.api.openstack.wsgi [None req-c0c28bfa-c5d8-46d4-8999-66106f94b0c1 3bcd287a48bb41c5b354e6be25ade6db ed68059ce19647059bf3a9681d9def37 - - default default] http://10.0.0.83:8776/ returned with HTTP 300
2026-02-26 02:45:41.554 8 INFO cinder.api.openstack.wsgi [None req-e0513cfe-9e3d-4cbe-982a-f185136d30f5 3bcd287a48bb41c5b354e6be25ade6db ed68059ce19647059bf3a9681d9def37 - - default default] GET http://10.0.0.83:8776/
2026-02-26 02:45:41.555 8 INFO cinder.api.openstack.wsgi [None req-e0513cfe-9e3d-4cbe-982a-f185136d30f5 3bcd287a48bb41c5b354e6be25ade6db ed68059ce19647059bf3a9681d9def37 - - default default] http://10.0.0.83:8776/ returned with HTTP 300 /var/lib/openstack/lib/python3.12/site-packages/pycadf/identifier.py:71: UserWarning: Invalid uuid: cinderv3. To ensure interoperability, identifiers should be a valid uuid. warnings.warn(('Invalid uuid: %s. To ensure interoperability, '
2026-02-26 02:45:50.305 7 INFO cinder.api.openstack.wsgi [None req-38faac13-2cbb-49bd-8a02-8bb63f0a0806 3bcd287a48bb41c5b354e6be25ade6db ed68059ce19647059bf3a9681d9def37 - - default default] POST http://cinder-api.openstack.svc.cluster.local:8776/v3/ed68059ce19647059bf3a9681d9def37/volumes/5a0c024b-dfb7-4dc5-abe7-5b888760d424/action /var/lib/openstack/lib/python3.12/site-packages/oslo_context/context.py:100: DeprecationWarning: Policy enforcement is depending on the value of is_admin. This key is deprecated. Please update your policy file to use the standard policy values. warnings.warn('Policy enforcement is depending on the value of '
2026-02-26 02:45:50.319 7 INFO cinder.volume.api [None req-38faac13-2cbb-49bd-8a02-8bb63f0a0806 3bcd287a48bb41c5b354e6be25ade6db ed68059ce19647059bf3a9681d9def37 - - default default] Volume info retrieved successfully.
2026-02-26 02:45:50.332 7 INFO cinder.volume.api [None req-38faac13-2cbb-49bd-8a02-8bb63f0a0806 3bcd287a48bb41c5b354e6be25ade6db ed68059ce19647059bf3a9681d9def37 - - default default] Update volume admin metadata completed successfully.
2026-02-26 02:45:50.839 7 INFO cinder.volume.api [None req-38faac13-2cbb-49bd-8a02-8bb63f0a0806 3bcd287a48bb41c5b354e6be25ade6db ed68059ce19647059bf3a9681d9def37 - - default default] Attach volume completed successfully.
2026-02-26 02:45:50.840 7 INFO cinder.api.openstack.wsgi [None req-38faac13-2cbb-49bd-8a02-8bb63f0a0806 3bcd287a48bb41c5b354e6be25ade6db ed68059ce19647059bf3a9681d9def37 - - default default] http://cinder-api.openstack.svc.cluster.local:8776/v3/ed68059ce19647059bf3a9681d9def37/volumes/5a0c024b-dfb7-4dc5-abe7-5b888760d424/action returned with HTTP 202 /var/lib/openstack/lib/python3.12/site-packages/pycadf/timestamp.py:28: DeprecationWarning: datetime.datetime.utcnow() is deprecated and scheduled for removal in a future version. Use timezone-aware objects to represent datetimes in UTC: datetime.datetime.now(datetime.UTC). utc_datetime = pytz.utc.localize(datetime.datetime.utcnow()) [pid: 7|app: 0|req: 354/708] 10.0.0.41 () {34 vars in 809 bytes} [Thu Feb 26 02:45:50 2026] POST /v3/ed68059ce19647059bf3a9681d9def37/volumes/5a0c024b-dfb7-4dc5-abe7-5b888760d424/action => generated 0 bytes in 547 msecs (HTTP/1.1 202) 7 headers in 289 bytes (1 switches on core 0) /var/lib/openstack/lib/python3.12/site-packages/pycadf/identifier.py:71: UserWarning: Invalid uuid: cinderv3. To ensure interoperability, identifiers should be a valid uuid. warnings.warn(('Invalid uuid: %s. To ensure interoperability, '
2026-02-26 02:45:50.859 8 INFO cinder.api.openstack.wsgi [None req-478d5823-064c-47bd-b7d9-7d941ad25968 3bcd287a48bb41c5b354e6be25ade6db ed68059ce19647059bf3a9681d9def37 - - default default] GET http://cinder-api.openstack.svc.cluster.local:8776/v3/ed68059ce19647059bf3a9681d9def37/volumes/5a0c024b-dfb7-4dc5-abe7-5b888760d424 /var/lib/openstack/lib/python3.12/site-packages/oslo_context/context.py:100: DeprecationWarning: Policy enforcement is depending on the value of is_admin. This key is deprecated. Please update your policy file to use the standard policy values. warnings.warn('Policy enforcement is depending on the value of '
2026-02-26 02:45:50.877 8 INFO cinder.volume.api [None req-478d5823-064c-47bd-b7d9-7d941ad25968 3bcd287a48bb41c5b354e6be25ade6db ed68059ce19647059bf3a9681d9def37 - - default default] Volume info retrieved successfully.
2026-02-26 02:45:50.881 8 INFO cinder.api.openstack.wsgi [None req-478d5823-064c-47bd-b7d9-7d941ad25968 3bcd287a48bb41c5b354e6be25ade6db ed68059ce19647059bf3a9681d9def37 - - default default] http://cinder-api.openstack.svc.cluster.local:8776/v3/ed68059ce19647059bf3a9681d9def37/volumes/5a0c024b-dfb7-4dc5-abe7-5b888760d424 returned with HTTP 200 /var/lib/openstack/lib/python3.12/site-packages/pycadf/timestamp.py:28: DeprecationWarning: datetime.datetime.utcnow() is deprecated and scheduled for removal in a future version. Use timezone-aware objects to represent datetimes in UTC: datetime.datetime.now(datetime.UTC). utc_datetime = pytz.utc.localize(datetime.datetime.utcnow()) [pid: 8|app: 0|req: 355/709] 10.0.0.41 () {32 vars in 774 bytes} [Thu Feb 26 02:45:50 2026] GET /v3/ed68059ce19647059bf3a9681d9def37/volumes/5a0c024b-dfb7-4dc5-abe7-5b888760d424 => generated 1288 bytes in 35 msecs (HTTP/1.1 200) 7 headers in 286 bytes (1 switches on core 0) /var/lib/openstack/lib/python3.12/site-packages/pycadf/identifier.py:71: UserWarning: Invalid uuid: cinderv3. To ensure interoperability, identifiers should be a valid uuid. warnings.warn(('Invalid uuid: %s. To ensure interoperability, '
2026-02-26 02:45:50.901 7 INFO cinder.api.openstack.wsgi [None req-b1d749ca-5e64-41b7-9f03-8c6a7b130127 3bcd287a48bb41c5b354e6be25ade6db ed68059ce19647059bf3a9681d9def37 - - default default] POST http://cinder-api.openstack.svc.cluster.local:8776/v3/ed68059ce19647059bf3a9681d9def37/volumes/5a0c024b-dfb7-4dc5-abe7-5b888760d424/action /var/lib/openstack/lib/python3.12/site-packages/oslo_context/context.py:100: DeprecationWarning: Policy enforcement is depending on the value of is_admin. This key is deprecated. Please update your policy file to use the standard policy values. warnings.warn('Policy enforcement is depending on the value of '
2026-02-26 02:45:50.919 7 INFO cinder.volume.api [None req-b1d749ca-5e64-41b7-9f03-8c6a7b130127 3bcd287a48bb41c5b354e6be25ade6db ed68059ce19647059bf3a9681d9def37 - - default default] Volume info retrieved successfully.
2026-02-26 02:45:51.424 7 INFO cinder.volume.api [None req-b1d749ca-5e64-41b7-9f03-8c6a7b130127 3bcd287a48bb41c5b354e6be25ade6db ed68059ce19647059bf3a9681d9def37 - - default default] Detach volume completed successfully.
2026-02-26 02:45:51.425 7 INFO cinder.api.openstack.wsgi [None req-b1d749ca-5e64-41b7-9f03-8c6a7b130127 3bcd287a48bb41c5b354e6be25ade6db ed68059ce19647059bf3a9681d9def37 - - default default] http://cinder-api.openstack.svc.cluster.local:8776/v3/ed68059ce19647059bf3a9681d9def37/volumes/5a0c024b-dfb7-4dc5-abe7-5b888760d424/action returned with HTTP 202 /var/lib/openstack/lib/python3.12/site-packages/pycadf/timestamp.py:28: DeprecationWarning: datetime.datetime.utcnow() is deprecated and scheduled for removal in a future version. Use timezone-aware objects to represent datetimes in UTC: datetime.datetime.now(datetime.UTC). utc_datetime = pytz.utc.localize(datetime.datetime.utcnow()) [pid: 7|app: 0|req: 355/710] 10.0.0.41 () {34 vars in 809 bytes} [Thu Feb 26 02:45:50 2026] POST /v3/ed68059ce19647059bf3a9681d9def37/volumes/5a0c024b-dfb7-4dc5-abe7-5b888760d424/action => generated 0 bytes in 531 msecs (HTTP/1.1 202) 7 headers in 289 bytes (1 switches on core 0) /var/lib/openstack/lib/python3.12/site-packages/pycadf/identifier.py:71: UserWarning: Invalid uuid: cinderv3. To ensure interoperability, identifiers should be a valid uuid. warnings.warn(('Invalid uuid: %s. To ensure interoperability, '
2026-02-26 02:45:51.436 8 INFO cinder.api.openstack.wsgi [None req-28bceabc-4126-4e72-b3f7-0110d23758a4 3bcd287a48bb41c5b354e6be25ade6db ed68059ce19647059bf3a9681d9def37 - - default default] GET http://cinder-api.openstack.svc.cluster.local:8776/v3/ed68059ce19647059bf3a9681d9def37/volumes/5a0c024b-dfb7-4dc5-abe7-5b888760d424 /var/lib/openstack/lib/python3.12/site-packages/oslo_context/context.py:100: DeprecationWarning: Policy enforcement is depending on the value of is_admin. This key is deprecated. Please update your policy file to use the standard policy values. warnings.warn('Policy enforcement is depending on the value of '
2026-02-26 02:45:51.459 8 INFO cinder.volume.api [None req-28bceabc-4126-4e72-b3f7-0110d23758a4 3bcd287a48bb41c5b354e6be25ade6db ed68059ce19647059bf3a9681d9def37 - - default default] Volume info retrieved successfully.
2026-02-26 02:45:51.466 8 INFO cinder.api.openstack.wsgi [None req-28bceabc-4126-4e72-b3f7-0110d23758a4 3bcd287a48bb41c5b354e6be25ade6db ed68059ce19647059bf3a9681d9def37 - - default default] http://cinder-api.openstack.svc.cluster.local:8776/v3/ed68059ce19647059bf3a9681d9def37/volumes/5a0c024b-dfb7-4dc5-abe7-5b888760d424 returned with HTTP 200 /var/lib/openstack/lib/python3.12/site-packages/pycadf/timestamp.py:28: DeprecationWarning: datetime.datetime.utcnow() is deprecated and scheduled for removal in a future version. Use timezone-aware objects to represent datetimes in UTC: datetime.datetime.now(datetime.UTC). utc_datetime = pytz.utc.localize(datetime.datetime.utcnow()) [pid: 8|app: 0|req: 356/711] 10.0.0.41 () {32 vars in 774 bytes} [Thu Feb 26 02:45:51 2026] GET /v3/ed68059ce19647059bf3a9681d9def37/volumes/5a0c024b-dfb7-4dc5-abe7-5b888760d424 => generated 973 bytes in 37 msecs (HTTP/1.1 200) 7 headers in 285 bytes (1 switches on core 0)
2026-02-26 02:45:51.554 8 INFO cinder.api.openstack.wsgi [None req-28bceabc-4126-4e72-b3f7-0110d23758a4 3bcd287a48bb41c5b354e6be25ade6db ed68059ce19647059bf3a9681d9def37 - - default default] GET http://10.0.0.83:8776/
2026-02-26 02:45:51.554 7 INFO cinder.api.openstack.wsgi [None req-b1d749ca-5e64-41b7-9f03-8c6a7b130127 3bcd287a48bb41c5b354e6be25ade6db ed68059ce19647059bf3a9681d9def37 - - default default] GET http://10.0.0.83:8776/
2026-02-26 02:45:51.555 8 INFO cinder.api.openstack.wsgi [None req-28bceabc-4126-4e72-b3f7-0110d23758a4 3bcd287a48bb41c5b354e6be25ade6db ed68059ce19647059bf3a9681d9def37 - - default default] http://10.0.0.83:8776/ returned with HTTP 300
2026-02-26 02:45:51.555 7 INFO cinder.api.openstack.wsgi [None req-b1d749ca-5e64-41b7-9f03-8c6a7b130127 3bcd287a48bb41c5b354e6be25ade6db ed68059ce19647059bf3a9681d9def37 - - default default] http://10.0.0.83:8776/ returned with HTTP 300 /var/lib/openstack/lib/python3.12/site-packages/pycadf/identifier.py:71: UserWarning: Invalid uuid: cinderv3. To ensure interoperability, identifiers should be a valid uuid. warnings.warn(('Invalid uuid: %s. To ensure interoperability, '
2026-02-26 02:45:57.154 8 INFO cinder.api.openstack.wsgi [None req-f9c1368b-35b5-4cb3-b2d4-d32886ce6470 3bcd287a48bb41c5b354e6be25ade6db ed68059ce19647059bf3a9681d9def37 - - default default] GET http://cinder-api.openstack.svc.cluster.local:8776/v3/ed68059ce19647059bf3a9681d9def37/volumes/5a0c024b-dfb7-4dc5-abe7-5b888760d424 /var/lib/openstack/lib/python3.12/site-packages/oslo_context/context.py:100: DeprecationWarning: Policy enforcement is depending on the value of is_admin. This key is deprecated. Please update your policy file to use the standard policy values. warnings.warn('Policy enforcement is depending on the value of '
2026-02-26 02:45:57.172 8 INFO cinder.volume.api [None req-f9c1368b-35b5-4cb3-b2d4-d32886ce6470 3bcd287a48bb41c5b354e6be25ade6db ed68059ce19647059bf3a9681d9def37 - - default default] Volume info retrieved successfully.
2026-02-26 02:45:57.179 8 INFO cinder.api.openstack.wsgi [None req-f9c1368b-35b5-4cb3-b2d4-d32886ce6470 3bcd287a48bb41c5b354e6be25ade6db ed68059ce19647059bf3a9681d9def37 - - default default] http://cinder-api.openstack.svc.cluster.local:8776/v3/ed68059ce19647059bf3a9681d9def37/volumes/5a0c024b-dfb7-4dc5-abe7-5b888760d424 returned with HTTP 200 /var/lib/openstack/lib/python3.12/site-packages/pycadf/timestamp.py:28: DeprecationWarning: datetime.datetime.utcnow() is deprecated and scheduled for removal in a future version. Use timezone-aware objects to represent datetimes in UTC: datetime.datetime.now(datetime.UTC). utc_datetime = pytz.utc.localize(datetime.datetime.utcnow()) [pid: 8|app: 0|req: 358/714] 10.0.0.41 () {32 vars in 774 bytes} [Thu Feb 26 02:45:57 2026] GET /v3/ed68059ce19647059bf3a9681d9def37/volumes/5a0c024b-dfb7-4dc5-abe7-5b888760d424 => generated 973 bytes in 32 msecs (HTTP/1.1 200) 7 headers in 285 bytes (1 switches on core 0) /var/lib/openstack/lib/python3.12/site-packages/pycadf/identifier.py:71: UserWarning: Invalid uuid: cinderv3. To ensure interoperability, identifiers should be a valid uuid. warnings.warn(('Invalid uuid: %s. To ensure interoperability, '
2026-02-26 02:45:57.208 7 INFO cinder.api.openstack.wsgi [None req-12d59395-a350-4dcb-9282-840d660061fb 3bcd287a48bb41c5b354e6be25ade6db ed68059ce19647059bf3a9681d9def37 - - default default] DELETE http://cinder-api.openstack.svc.cluster.local:8776/v3/ed68059ce19647059bf3a9681d9def37/volumes/5a0c024b-dfb7-4dc5-abe7-5b888760d424
2026-02-26 02:45:57.211 7 INFO cinder.api.v3.volumes [None req-12d59395-a350-4dcb-9282-840d660061fb 3bcd287a48bb41c5b354e6be25ade6db ed68059ce19647059bf3a9681d9def37 - - default default] Delete volume with id: 5a0c024b-dfb7-4dc5-abe7-5b888760d424 /var/lib/openstack/lib/python3.12/site-packages/oslo_context/context.py:100: DeprecationWarning: Policy enforcement is depending on the value of is_admin. This key is deprecated. Please update your policy file to use the standard policy values. warnings.warn('Policy enforcement is depending on the value of '
2026-02-26 02:45:57.231 7 INFO cinder.volume.api [None req-12d59395-a350-4dcb-9282-840d660061fb 3bcd287a48bb41c5b354e6be25ade6db ed68059ce19647059bf3a9681d9def37 - - default default] Volume info retrieved successfully.
2026-02-26 02:45:57.281 7 INFO cinder.volume.api [None req-12d59395-a350-4dcb-9282-840d660061fb 3bcd287a48bb41c5b354e6be25ade6db ed68059ce19647059bf3a9681d9def37 - - default default] Delete volume request issued successfully.
