2026-07-08 16:49:55.054 10 WARNING neutron.api.rpc.agentnotifiers.dhcp_rpc_agent_api [None req-ca15258d-2281-4be8-bb62-6ca5258e94bc a238685bad6d4409b8ff35422d1fd6b5 4065773ac87f4796b4dbf3daf8892f87 - - default default] Unable to schedule network c52ec388-1adf-4749-b344-3d12ed885f65: no agents available; will retry on subsequent port and subnet creation events.
2026-07-08 16:49:55.128 10 INFO neutron.plugins.ml2.drivers.ovn.mech_driver.mech_driver [None req-ceb9b6e4-bb94-4b68-a2bf-6f6870c8bef6 - - - - - -] OVN reports status up for port: ecb23be3-1cc3-4fc5-91cb-a29f9b10cedf
2026-07-08 16:49:55.133 10 INFO neutron.db.ovn_revision_numbers_db [None req-ca15258d-2281-4be8-bb62-6ca5258e94bc a238685bad6d4409b8ff35422d1fd6b5 4065773ac87f4796b4dbf3daf8892f87 - - default default] Successfully bumped revision number for resource c390ed0f-92be-4731-b4b3-29aba1e75dba (type: ports) to 1
2026-07-08 16:49:55.139 10 INFO neutron.plugins.ml2.plugin [None req-ceb9b6e4-bb94-4b68-a2bf-6f6870c8bef6 - - - - - -] Attempt 1 to provision port ecb23be3-1cc3-4fc5-91cb-a29f9b10cedf
2026-07-08 16:49:55.157 10 INFO neutron.api.wsgi [None req-ca15258d-2281-4be8-bb62-6ca5258e94bc a238685bad6d4409b8ff35422d1fd6b5 4065773ac87f4796b4dbf3daf8892f87 - - default default] 10.0.0.6 "POST /v2.0/networks HTTP/1.1" status: 201 len: 853 time: 0.5434880
2026-07-08 16:49:55.158 9 INFO neutron.db.ovn_revision_numbers_db [None req-64261da5-9aed-4cec-adca-3e4dc8228acf bbb900886148477b8b8fd1e7b06d1368 8f4b01cb7918482fb241f06d9924797a - - default default] Successfully bumped revision number for resource ecb23be3-1cc3-4fc5-91cb-a29f9b10cedf (type: ports) to 2
2026-07-08 16:49:55.166 10 WARNING neutron_lib.context [None req-a762f970-9241-4590-ae31-49a921d7c665 a238685bad6d4409b8ff35422d1fd6b5 4065773ac87f4796b4dbf3daf8892f87 - - default default] Method 'is_advsvc' is deprecated since 2023.2 release (neutron-lib 3.8.0) and will be removed once support for the old RBAC API policies will be removed from Neutron. Please use method 'is_service_role' instead.
2026-07-08 16:49:55.180 9 INFO neutron.api.wsgi [None req-5b45c4aa-53e3-416d-a00d-42e87b279eac 8057a3b54f3c49eb8c48efc6513d7feb 6ccd7419d0ec40d0b630d2276fdc26f8 - - default default] 10.0.0.6 "DELETE /v2.0/security-groups/18f07944-6dfb-4b52-ab8a-73a31cc008c6 HTTP/1.1" status: 204 len: 168 time: 0.2897124
2026-07-08 16:49:55.207 10 WARNING neutron_lib.context [None req-a762f970-9241-4590-ae31-49a921d7c665 a238685bad6d4409b8ff35422d1fd6b5 4065773ac87f4796b4dbf3daf8892f87 - - default default] Method 'is_advsvc' is deprecated since 2023.2 release (neutron-lib 3.8.0) and will be removed once support for the old RBAC API policies will be removed from Neutron. Please use method 'is_service_role' instead. /var/lib/openstack/lib/python3.12/site-packages/pycadf/identifier.py:71: UserWarning: Invalid uuid: neutron. To ensure interoperability, identifiers should be a valid uuid. warnings.warn(('Invalid uuid: %s. To ensure interoperability, '
2026-07-08 16:49:55.333 9 INFO neutron.api.wsgi [req-8ae66d2d-bef9-4212-a652-f2d1d6caa129 req-2d3ae892-7de1-4ddf-abe9-f648d2766747 9039a0bc2c7d47a9ac043170d65a3b55 1699b4544dfe4721af00099d4a20a1f0 - - default default] 10.0.0.89 "GET /v2.0/ports?device_id=b7408bbc-559d-4132-b4fd-f63548931b0e HTTP/1.1" status: 200 len: 210 time: 0.0262003
2026-07-08 16:49:55.596 10 INFO neutron.db.ovn_revision_numbers_db [None req-ceb9b6e4-bb94-4b68-a2bf-6f6870c8bef6 - - - - - -] Successfully bumped revision number for resource ecb23be3-1cc3-4fc5-91cb-a29f9b10cedf (type: ports) to 3
2026-07-08 16:49:55.737 10 WARNING neutron.scheduler.dhcp_agent_scheduler [None req-a762f970-9241-4590-ae31-49a921d7c665 a238685bad6d4409b8ff35422d1fd6b5 4065773ac87f4796b4dbf3daf8892f87 - - default default] No more DHCP agents
2026-07-08 16:49:55.737 9 INFO neutron.db.ovn_revision_numbers_db [None req-64261da5-9aed-4cec-adca-3e4dc8228acf bbb900886148477b8b8fd1e7b06d1368 8f4b01cb7918482fb241f06d9924797a - - default default] Successfully bumped revision number for resource ecb23be3-1cc3-4fc5-91cb-a29f9b10cedf (type: ports) to 3
2026-07-08 16:49:55.739 10 WARNING neutron.api.rpc.agentnotifiers.dhcp_rpc_agent_api [None req-a762f970-9241-4590-ae31-49a921d7c665 a238685bad6d4409b8ff35422d1fd6b5 4065773ac87f4796b4dbf3daf8892f87 - - default default] Unable to schedule network 10708865-1f2f-4b1b-96fa-43f2b1f015cc: no agents available; will retry on subsequent port and subnet creation events.
2026-07-08 16:49:55.792 9 WARNING neutron.scheduler.dhcp_agent_scheduler [None req-64261da5-9aed-4cec-adca-3e4dc8228acf bbb900886148477b8b8fd1e7b06d1368 8f4b01cb7918482fb241f06d9924797a - - default default] No more DHCP agents
2026-07-08 16:49:55.793 9 WARNING neutron.api.rpc.agentnotifiers.dhcp_rpc_agent_api [None req-64261da5-9aed-4cec-adca-3e4dc8228acf bbb900886148477b8b8fd1e7b06d1368 8f4b01cb7918482fb241f06d9924797a - - default default] Unable to schedule network 080e8bab-0ba1-4acc-88b5-2b71bf98e9fe: no agents available; will retry on subsequent port and subnet creation events.
2026-07-08 16:49:55.800 10 INFO neutron.db.ovn_revision_numbers_db [None req-a762f970-9241-4590-ae31-49a921d7c665 a238685bad6d4409b8ff35422d1fd6b5 4065773ac87f4796b4dbf3daf8892f87 - - default default] Successfully bumped revision number for resource cdf2f972-fad8-46e8-914e-9d8d83ce0b27 (type: ports) to 1
2026-07-08 16:49:55.848 10 WARNING neutron.scheduler.dhcp_agent_scheduler [None req-a762f970-9241-4590-ae31-49a921d7c665 a238685bad6d4409b8ff35422d1fd6b5 4065773ac87f4796b4dbf3daf8892f87 - - default default] No more DHCP agents
2026-07-08 16:49:55.849 10 WARNING neutron.api.rpc.agentnotifiers.dhcp_rpc_agent_api [None req-a762f970-9241-4590-ae31-49a921d7c665 a238685bad6d4409b8ff35422d1fd6b5 4065773ac87f4796b4dbf3daf8892f87 - - default default] Unable to schedule network c52ec388-1adf-4749-b344-3d12ed885f65: no agents available; will retry on subsequent port and subnet creation events.
2026-07-08 16:49:55.931 10 INFO neutron.db.ovn_revision_numbers_db [None req-a762f970-9241-4590-ae31-49a921d7c665 a238685bad6d4409b8ff35422d1fd6b5 4065773ac87f4796b4dbf3daf8892f87 - - default default] Successfully bumped revision number for resource af643ef8-9c9a-450d-9bf3-b560c75d59bf (type: ports) to 1
2026-07-08 16:49:55.962 9 INFO neutron.db.ovn_revision_numbers_db [None req-64261da5-9aed-4cec-adca-3e4dc8228acf bbb900886148477b8b8fd1e7b06d1368 8f4b01cb7918482fb241f06d9924797a - - default default] Successfully bumped revision number for resource ecb23be3-1cc3-4fc5-91cb-a29f9b10cedf (type: router_ports) to 3
2026-07-08 16:49:55.967 9 INFO neutron.api.wsgi [None req-64261da5-9aed-4cec-adca-3e4dc8228acf bbb900886148477b8b8fd1e7b06d1368 8f4b01cb7918482fb241f06d9924797a - - default default] 10.0.0.6 "PUT /v2.0/routers/cc214bad-a15f-4e11-8a61-7b2bf92d6041/add_router_interface HTTP/1.1" status: 200 len: 503 time: 1.3303335
2026-07-08 16:49:55.973 10 INFO neutron.api.wsgi [None req-a762f970-9241-4590-ae31-49a921d7c665 a238685bad6d4409b8ff35422d1fd6b5 4065773ac87f4796b4dbf3daf8892f87 - - default default] 10.0.0.6 "POST /v2.0/ports HTTP/1.1" status: 201 len: 1706 time: 0.8109367 /var/lib/openstack/lib/python3.12/site-packages/pycadf/identifier.py:71: UserWarning: Invalid uuid: neutron. To ensure interoperability, identifiers should be a valid uuid. warnings.warn(('Invalid uuid: %s. To ensure interoperability, ' /var/lib/openstack/lib/python3.12/site-packages/pycadf/identifier.py:71: UserWarning: Invalid uuid: neutron. To ensure interoperability, identifiers should be a valid uuid. warnings.warn(('Invalid uuid: %s. To ensure interoperability, '
2026-07-08 16:49:56.011 9 INFO neutron.api.wsgi [None req-aa943230-de62-47bc-8602-f6dd3b9a38da bbb900886148477b8b8fd1e7b06d1368 8f4b01cb7918482fb241f06d9924797a - - default default] 10.0.0.6 "GET /v2.0/ports/ecb23be3-1cc3-4fc5-91cb-a29f9b10cedf HTTP/1.1" status: 200 len: 1217 time: 0.0392878
2026-07-08 16:49:56.098 10 INFO neutron.api.wsgi [None req-95b62562-5b09-4d9b-ac6d-78868274972b a238685bad6d4409b8ff35422d1fd6b5 4065773ac87f4796b4dbf3daf8892f87 - - default default] 10.0.0.6 "GET /v2.0/ports HTTP/1.1" status: 200 len: 3213 time: 0.1194265
2026-07-08 16:49:56.324 10 INFO neutron.api.wsgi [None req-bd9ffad7-e7a8-40c5-9409-9f623dd9b18b a238685bad6d4409b8ff35422d1fd6b5 4065773ac87f4796b4dbf3daf8892f87 - - default default] 10.0.0.6 "DELETE /v2.0/ports/cdf2f972-fad8-46e8-914e-9d8d83ce0b27 HTTP/1.1" status: 204 len: 168 time: 0.2212143 /var/lib/openstack/lib/python3.12/site-packages/pycadf/identifier.py:71: UserWarning: Invalid uuid: neutron. To ensure interoperability, identifiers should be a valid uuid. warnings.warn(('Invalid uuid: %s. To ensure interoperability, '
2026-07-08 16:49:56.580 10 INFO neutron.api.wsgi [None req-7805b5ca-0249-461c-beb0-586a6c6e766d a238685bad6d4409b8ff35422d1fd6b5 4065773ac87f4796b4dbf3daf8892f87 - - default default] 10.0.0.6 "DELETE /v2.0/ports/af643ef8-9c9a-450d-9bf3-b560c75d59bf HTTP/1.1" status: 204 len: 168 time: 0.2442787
2026-07-08 16:49:56.629 10 INFO neutron.api.wsgi [None req-e8801ee6-9d0f-449a-9eb6-868e7dad75b5 a238685bad6d4409b8ff35422d1fd6b5 4065773ac87f4796b4dbf3daf8892f87 - - default default] 10.0.0.6 "GET /v2.0/ports HTTP/1.1" status: 200 len: 1718 time: 0.0431669
2026-07-08 16:49:56.640 10 WARNING neutron_lib.context [None req-a0b3b7f9-b979-4a85-af35-252c7b3b9216 a238685bad6d4409b8ff35422d1fd6b5 4065773ac87f4796b4dbf3daf8892f87 - - default default] Method 'is_advsvc' is deprecated since 2023.2 release (neutron-lib 3.8.0) and will be removed once support for the old RBAC API policies will be removed from Neutron. Please use method 'is_service_role' instead.
2026-07-08 16:49:56.725 9 INFO neutron.api.wsgi [None req-1e9b70c1-1e2c-4e87-87ae-a53e14f3a701 bbb900886148477b8b8fd1e7b06d1368 8f4b01cb7918482fb241f06d9924797a - - default default] 10.0.0.6 "PUT /v2.0/routers/cc214bad-a15f-4e11-8a61-7b2bf92d6041/remove_router_interface HTTP/1.1" status: 200 len: 503 time: 0.7072997
2026-07-08 16:49:56.727 10 INFO neutron.db.segments_db [None req-a0b3b7f9-b979-4a85-af35-252c7b3b9216 a238685bad6d4409b8ff35422d1fd6b5 4065773ac87f4796b4dbf3daf8892f87 - - default default] Added segment 8ccbf14a-2858-42dd-916f-be74fc2bb2cb of type geneve for network da7df310-2ecc-4e20-899e-82849c742340
2026-07-08 16:49:56.736 9 INFO neutron.api.wsgi [None req-b94c605c-85d8-4f97-b70c-03985006548f 9039a0bc2c7d47a9ac043170d65a3b55 1699b4544dfe4721af00099d4a20a1f0 - - default default] 10.0.0.6 "DELETE /v2.0/security-groups/4702dfb3-bbfc-4d47-aeec-f84dd6255e24 HTTP/1.1" status: 204 len: 168 time: 0.2385578 /var/lib/openstack/lib/python3.12/site-packages/pycadf/identifier.py:71: UserWarning: Invalid uuid: neutron. To ensure interoperability, identifiers should be a valid uuid. warnings.warn(('Invalid uuid: %s. To ensure interoperability, '
2026-07-08 16:49:56.752 9 INFO neutron.api.v2.resource [None req-6668698d-d8cb-4c12-9377-7eb027c8878f 9039a0bc2c7d47a9ac043170d65a3b55 1699b4544dfe4721af00099d4a20a1f0 - - default default] show failed (client error): The resource could not be found.
2026-07-08 16:49:56.753 9 INFO neutron.api.wsgi [None req-6668698d-d8cb-4c12-9377-7eb027c8878f 9039a0bc2c7d47a9ac043170d65a3b55 1699b4544dfe4721af00099d4a20a1f0 - - default default] 10.0.0.6 "GET /v2.0/security-groups/4702dfb3-bbfc-4d47-aeec-f84dd6255e24 HTTP/1.1" status: 404 len: 347 time: 0.0124981
2026-07-08 16:49:56.813 10 INFO neutron.api.v2.resource [None req-216e8bdb-f7fb-45c5-ad17-6c0b34b131dc bbb900886148477b8b8fd1e7b06d1368 8f4b01cb7918482fb241f06d9924797a - - default default] remove_router_interface failed (client error): The resource could not be found.
2026-07-08 16:49:56.814 10 INFO neutron.api.wsgi [None req-216e8bdb-f7fb-45c5-ad17-6c0b34b131dc bbb900886148477b8b8fd1e7b06d1368 8f4b01cb7918482fb241f06d9924797a - - default default] 10.0.0.6 "PUT /v2.0/routers/cc214bad-a15f-4e11-8a61-7b2bf92d6041/remove_router_interface HTTP/1.1" status: 404 len: 398 time: 0.0833623
2026-07-08 16:49:56.833 10 INFO neutron.api.wsgi [None req-d3c7b97a-b982-4021-b986-5678b4b70272 bbb900886148477b8b8fd1e7b06d1368 8f4b01cb7918482fb241f06d9924797a - - default default] 10.0.0.6 "GET /v2.0/ports?device_id=cc214bad-a15f-4e11-8a61-7b2bf92d6041 HTTP/1.1" status: 200 len: 205 time: 0.0151639
2026-07-08 16:49:56.950 10 INFO neutron.db.ovn_revision_numbers_db [None req-a0b3b7f9-b979-4a85-af35-252c7b3b9216 a238685bad6d4409b8ff35422d1fd6b5 4065773ac87f4796b4dbf3daf8892f87 - - default default] Successfully bumped revision number for resource da7df310-2ecc-4e20-899e-82849c742340 (type: networks) to 1
2026-07-08 16:49:57.047 10 INFO neutron.api.wsgi [None req-3cf0cabf-9377-4a5b-b95f-7ba2698e2f9c bbb900886148477b8b8fd1e7b06d1368 8f4b01cb7918482fb241f06d9924797a - - default default] 10.0.0.6 "DELETE /v2.0/routers/cc214bad-a15f-4e11-8a61-7b2bf92d6041 HTTP/1.1" status: 204 len: 168 time: 0.2089231
2026-07-08 16:49:57.107 9 INFO neutron.api.wsgi [None req-3540670a-bc68-4e6d-9ea8-05a98736b9a1 9039a0bc2c7d47a9ac043170d65a3b55 1699b4544dfe4721af00099d4a20a1f0 - - default default] 10.0.0.6 "DELETE /v2.0/floatingips/9a5b0eab-d2a2-47b5-b7cb-1e4b4c7ccc7a HTTP/1.1" status: 204 len: 168 time: 0.3479600
2026-07-08 16:49:57.206 10 WARNING neutron.scheduler.dhcp_agent_scheduler [None req-a0b3b7f9-b979-4a85-af35-252c7b3b9216 a238685bad6d4409b8ff35422d1fd6b5 4065773ac87f4796b4dbf3daf8892f87 - - default default] No more DHCP agents
2026-07-08 16:49:57.208 10 WARNING neutron.api.rpc.agentnotifiers.dhcp_rpc_agent_api [None req-a0b3b7f9-b979-4a85-af35-252c7b3b9216 a238685bad6d4409b8ff35422d1fd6b5 4065773ac87f4796b4dbf3daf8892f87 - - default default] Unable to schedule network da7df310-2ecc-4e20-899e-82849c742340: no agents available; will retry on subsequent port and subnet creation events.
2026-07-08 16:49:57.225 9 INFO neutron.api.wsgi [None req-fc84e867-a04c-41ab-832a-a90324ef3d96 bbb900886148477b8b8fd1e7b06d1368 8f4b01cb7918482fb241f06d9924797a - - default default] 10.0.0.6 "DELETE /v2.0/subnets/ed14e4da-a533-45d2-b65b-d7db4b1b4db0 HTTP/1.1" status: 204 len: 168 time: 0.1728017
2026-07-08 16:49:57.280 10 INFO neutron.db.ovn_revision_numbers_db [None req-a0b3b7f9-b979-4a85-af35-252c7b3b9216 a238685bad6d4409b8ff35422d1fd6b5 4065773ac87f4796b4dbf3daf8892f87 - - default default] Successfully bumped revision number for resource 4de56f98-8371-44f1-a722-94b0b8b61f66 (type: ports) to 1
2026-07-08 16:49:57.298 10 INFO neutron.api.wsgi [None req-3b9257c8-131d-4fb5-9a75-bcc0f344ebcc 9039a0bc2c7d47a9ac043170d65a3b55 1699b4544dfe4721af00099d4a20a1f0 - - default default] 10.0.0.6 "DELETE /v2.0/security-groups/74391af4-32c9-4553-b901-1cb2584c1aca HTTP/1.1" status: 204 len: 168 time: 0.1862454
2026-07-08 16:49:57.301 10 INFO neutron.api.wsgi [None req-a0b3b7f9-b979-4a85-af35-252c7b3b9216 a238685bad6d4409b8ff35422d1fd6b5 4065773ac87f4796b4dbf3daf8892f87 - - default default] 10.0.0.6 "POST /v2.0/networks HTTP/1.1" status: 201 len: 853 time: 0.6642964
2026-07-08 16:49:57.308 10 WARNING neutron_lib.context [None req-75935747-50fe-4f6a-b093-ea9c756796aa a238685bad6d4409b8ff35422d1fd6b5 4065773ac87f4796b4dbf3daf8892f87 - - default default] Method 'is_advsvc' is deprecated since 2023.2 release (neutron-lib 3.8.0) and will be removed once support for the old RBAC API policies will be removed from Neutron. Please use method 'is_service_role' instead.
2026-07-08 16:49:57.414 10 INFO neutron.db.segments_db [None req-75935747-50fe-4f6a-b093-ea9c756796aa a238685bad6d4409b8ff35422d1fd6b5 4065773ac87f4796b4dbf3daf8892f87 - - default default] Added segment 53e34b40-c2e6-4c14-b45d-13b614c04fc8 of type geneve for network 0d0f3dd9-b869-4290-af67-63e9de8b27bf
2026-07-08 16:49:57.576 10 INFO neutron.db.ovn_revision_numbers_db [None req-75935747-50fe-4f6a-b093-ea9c756796aa a238685bad6d4409b8ff35422d1fd6b5 4065773ac87f4796b4dbf3daf8892f87 - - default default] Successfully bumped revision number for resource 0d0f3dd9-b869-4290-af67-63e9de8b27bf (type: networks) to 1
2026-07-08 16:49:57.616 9 INFO neutron.services.segments.plugin [-] Segment d5ef281f-1414-4105-97b4-ed5f585525e8 resource provider aggregate not found
2026-07-08 16:49:57.621 9 INFO neutron.services.segments.plugin [-] Segment d5ef281f-1414-4105-97b4-ed5f585525e8 resource provider aggregate not found
2026-07-08 16:49:57.629 9 INFO neutron.services.segments.plugin [-] Segment d5ef281f-1414-4105-97b4-ed5f585525e8 resource provider not found; error: Placement Client Error (4xx): {"errors": [{"status": 404, "title": "Not Found", "detail": "The resource could not be found.\n\n No resource provider with uuid d5ef281f-1414-4105-97b4-ed5f585525e8 found for delete ", "request_id": "req-ff238b85-e8e8-4e2a-b52a-80131c087652"}]}
2026-07-08 16:49:57.630 9 INFO neutron.services.segments.plugin [-] Segment d5ef281f-1414-4105-97b4-ed5f585525e8 resource provider not found; error: Placement Client Error (4xx): {"errors": [{"status": 404, "title": "Not Found", "detail": "The resource could not be found.\n\n No resource provider with uuid d5ef281f-1414-4105-97b4-ed5f585525e8 found for delete ", "request_id": "req-e871e9ec-0541-462f-bb78-4d909fb61957"}]}
2026-07-08 16:49:57.663 9 INFO neutron.api.wsgi [None req-1c2c2cfa-b247-4245-b477-4a1e6e70a399 bbb900886148477b8b8fd1e7b06d1368 8f4b01cb7918482fb241f06d9924797a - - default default] 10.0.0.6 "DELETE /v2.0/networks/080e8bab-0ba1-4acc-88b5-2b71bf98e9fe HTTP/1.1" status: 204 len: 168 time: 0.4333689
2026-07-08 16:49:57.679 9 WARNING neutron_lib.context [None req-b8d0a4c7-a940-415f-b55d-ca471a5ef452 bbb900886148477b8b8fd1e7b06d1368 8f4b01cb7918482fb241f06d9924797a - - default default] Method 'is_advsvc' is deprecated since 2023.2 release (neutron-lib 3.8.0) and will be removed once support for the old RBAC API policies will be removed from Neutron. Please use method 'is_service_role' instead.
2026-07-08 16:49:57.757 10 WARNING neutron.scheduler.dhcp_agent_scheduler [None req-75935747-50fe-4f6a-b093-ea9c756796aa a238685bad6d4409b8ff35422d1fd6b5 4065773ac87f4796b4dbf3daf8892f87 - - default default] No more DHCP agents
2026-07-08 16:49:57.757 9 INFO neutron.db.segments_db [None req-b8d0a4c7-a940-415f-b55d-ca471a5ef452 bbb900886148477b8b8fd1e7b06d1368 8f4b01cb7918482fb241f06d9924797a - - default default] Added segment 106d2e5b-b4b5-4a37-a0a3-4adfc3971441 of type geneve for network 3512fdaa-587c-4e32-a807-562e78f35492
2026-07-08 16:49:57.759 10 WARNING neutron.api.rpc.agentnotifiers.dhcp_rpc_agent_api [None req-75935747-50fe-4f6a-b093-ea9c756796aa a238685bad6d4409b8ff35422d1fd6b5 4065773ac87f4796b4dbf3daf8892f87 - - default default] Unable to schedule network 0d0f3dd9-b869-4290-af67-63e9de8b27bf: no agents available; will retry on subsequent port and subnet creation events.
2026-07-08 16:49:57.833 10 INFO neutron.db.ovn_revision_numbers_db [None req-75935747-50fe-4f6a-b093-ea9c756796aa a238685bad6d4409b8ff35422d1fd6b5 4065773ac87f4796b4dbf3daf8892f87 - - default default] Successfully bumped revision number for resource 7ab606d4-4caa-41cd-9499-45136cb0c3c9 (type: ports) to 1
2026-07-08 16:49:57.870 10 INFO neutron.api.wsgi [None req-75935747-50fe-4f6a-b093-ea9c756796aa a238685bad6d4409b8ff35422d1fd6b5 4065773ac87f4796b4dbf3daf8892f87 - - default default] 10.0.0.6 "POST /v2.0/networks HTTP/1.1" status: 201 len: 852 time: 0.5653434
2026-07-08 16:49:57.896 9 INFO neutron.db.ovn_revision_numbers_db [None req-b8d0a4c7-a940-415f-b55d-ca471a5ef452 bbb900886148477b8b8fd1e7b06d1368 8f4b01cb7918482fb241f06d9924797a - - default default] Successfully bumped revision number for resource 3512fdaa-587c-4e32-a807-562e78f35492 (type: networks) to 1
2026-07-08 16:49:58.076 9 WARNING neutron.scheduler.dhcp_agent_scheduler [None req-b8d0a4c7-a940-415f-b55d-ca471a5ef452 bbb900886148477b8b8fd1e7b06d1368 8f4b01cb7918482fb241f06d9924797a - - default default] No more DHCP agents
2026-07-08 16:49:58.078 9 WARNING neutron.api.rpc.agentnotifiers.dhcp_rpc_agent_api [None req-b8d0a4c7-a940-415f-b55d-ca471a5ef452 bbb900886148477b8b8fd1e7b06d1368 8f4b01cb7918482fb241f06d9924797a - - default default] Unable to schedule network 3512fdaa-587c-4e32-a807-562e78f35492: no agents available; will retry on subsequent port and subnet creation events.
2026-07-08 16:49:58.151 9 INFO neutron.db.ovn_revision_numbers_db [None req-b8d0a4c7-a940-415f-b55d-ca471a5ef452 bbb900886148477b8b8fd1e7b06d1368 8f4b01cb7918482fb241f06d9924797a - - default default] Successfully bumped revision number for resource eef673a3-7883-4d3f-af8a-c831e4193db9 (type: ports) to 1
2026-07-08 16:49:58.182 9 INFO neutron.api.wsgi [None req-b8d0a4c7-a940-415f-b55d-ca471a5ef452 bbb900886148477b8b8fd1e7b06d1368 8f4b01cb7918482fb241f06d9924797a - - default default] 10.0.0.6 "POST /v2.0/networks HTTP/1.1" status: 201 len: 832 time: 0.5101891
2026-07-08 16:49:58.192 9 WARNING neutron_lib.context [None req-e4586138-a15b-487c-929d-7fbf363caabb bbb900886148477b8b8fd1e7b06d1368 8f4b01cb7918482fb241f06d9924797a - - default default] Method 'is_advsvc' is deprecated since 2023.2 release (neutron-lib 3.8.0) and will be removed once support for the old RBAC API policies will be removed from Neutron. Please use method 'is_service_role' instead.
2026-07-08 16:49:58.365 9 WARNING neutron_lib.context [None req-51c2093c-e7fd-4c4a-9150-0fe2ae1d7a07 a238685bad6d4409b8ff35422d1fd6b5 4065773ac87f4796b4dbf3daf8892f87 - - default default] Method 'is_advsvc' is deprecated since 2023.2 release (neutron-lib 3.8.0) and will be removed once support for the old RBAC API policies will be removed from Neutron. Please use method 'is_service_role' instead.
2026-07-08 16:49:58.409 9 WARNING neutron_lib.context [None req-51c2093c-e7fd-4c4a-9150-0fe2ae1d7a07 a238685bad6d4409b8ff35422d1fd6b5 4065773ac87f4796b4dbf3daf8892f87 - - default default] Method 'is_advsvc' is deprecated since 2023.2 release (neutron-lib 3.8.0) and will be removed once support for the old RBAC API policies will be removed from Neutron. Please use method 'is_service_role' instead.
2026-07-08 16:49:58.457 9 WARNING neutron.scheduler.dhcp_agent_scheduler [None req-e4586138-a15b-487c-929d-7fbf363caabb bbb900886148477b8b8fd1e7b06d1368 8f4b01cb7918482fb241f06d9924797a - - default default] No more DHCP agents
2026-07-08 16:49:58.459 9 WARNING neutron.api.rpc.agentnotifiers.dhcp_rpc_agent_api [None req-e4586138-a15b-487c-929d-7fbf363caabb bbb900886148477b8b8fd1e7b06d1368 8f4b01cb7918482fb241f06d9924797a - - default default] Unable to schedule network 3512fdaa-587c-4e32-a807-562e78f35492: no agents available; will retry on subsequent port and subnet creation events.
2026-07-08 16:49:58.502 9 INFO neutron.db.ovn_revision_numbers_db [None req-e4586138-a15b-487c-929d-7fbf363caabb bbb900886148477b8b8fd1e7b06d1368 8f4b01cb7918482fb241f06d9924797a - - default default] Successfully bumped revision number for resource aee02d46-7afd-4c80-9b26-c1d1056166f3 (type: subnets) to 0
2026-07-08 16:49:58.513 10 INFO neutron.api.wsgi [None req-28d950e5-7657-402b-b060-392bda2161ad 8057a3b54f3c49eb8c48efc6513d7feb 6ccd7419d0ec40d0b630d2276fdc26f8 - - default default] 10.0.0.6 "PUT /v2.0/routers/c2b54570-ee5c-4729-8a8b-9a2cbec0928b/remove_router_interface HTTP/1.1" status: 200 len: 503 time: 1.1674633 /var/lib/openstack/lib/python3.12/site-packages/pycadf/identifier.py:71: UserWarning: Invalid uuid: neutron. To ensure interoperability, identifiers should be a valid uuid. warnings.warn(('Invalid uuid: %s. To ensure interoperability, '
2026-07-08 16:49:58.522 9 INFO neutron.api.wsgi [None req-e4586138-a15b-487c-929d-7fbf363caabb bbb900886148477b8b8fd1e7b06d1368 8f4b01cb7918482fb241f06d9924797a - - default default] 10.0.0.6 "POST /v2.0/subnets HTTP/1.1" status: 201 len: 845 time: 0.3348379
2026-07-08 16:49:58.531 9 WARNING neutron_lib.context [None req-7f0c4a06-a016-41d3-8ca3-5e112b58c95c bbb900886148477b8b8fd1e7b06d1368 8f4b01cb7918482fb241f06d9924797a - - default default] Method 'is_advsvc' is deprecated since 2023.2 release (neutron-lib 3.8.0) and will be removed once support for the old RBAC API policies will be removed from Neutron. Please use method 'is_service_role' instead.
2026-07-08 16:49:58.645 9 INFO neutron.db.ovn_revision_numbers_db [None req-7f0c4a06-a016-41d3-8ca3-5e112b58c95c bbb900886148477b8b8fd1e7b06d1368 8f4b01cb7918482fb241f06d9924797a - - default default] Successfully bumped revision number for resource a7770c2b-6f71-449e-81c9-42dc27d4a49b (type: routers) to 1
2026-07-08 16:49:58.667 9 INFO neutron.api.wsgi [None req-7f0c4a06-a016-41d3-8ca3-5e112b58c95c bbb900886148477b8b8fd1e7b06d1368 8f4b01cb7918482fb241f06d9924797a - - default default] 10.0.0.6 "POST /v2.0/routers HTTP/1.1" status: 201 len: 805 time: 0.1394703
2026-07-08 16:49:58.795 9 WARNING neutron.scheduler.dhcp_agent_scheduler [None req-51c2093c-e7fd-4c4a-9150-0fe2ae1d7a07 a238685bad6d4409b8ff35422d1fd6b5 4065773ac87f4796b4dbf3daf8892f87 - - default default] No more DHCP agents
2026-07-08 16:49:58.797 9 WARNING neutron.api.rpc.agentnotifiers.dhcp_rpc_agent_api [None req-51c2093c-e7fd-4c4a-9150-0fe2ae1d7a07 a238685bad6d4409b8ff35422d1fd6b5 4065773ac87f4796b4dbf3daf8892f87 - - default default] Unable to schedule network da7df310-2ecc-4e20-899e-82849c742340: no agents available; will retry on subsequent port and subnet creation events.
2026-07-08 16:49:58.826 9 INFO neutron.db.ovn_revision_numbers_db [None req-51c2093c-e7fd-4c4a-9150-0fe2ae1d7a07 a238685bad6d4409b8ff35422d1fd6b5 4065773ac87f4796b4dbf3daf8892f87 - - default default] Successfully bumped revision number for resource 1de85a92-d793-4d92-bb14-eb8736dfafb7 (type: subnets) to 0
2026-07-08 16:49:58.881 9 WARNING neutron.scheduler.dhcp_agent_scheduler [None req-51c2093c-e7fd-4c4a-9150-0fe2ae1d7a07 a238685bad6d4409b8ff35422d1fd6b5 4065773ac87f4796b4dbf3daf8892f87 - - default default] No more DHCP agents
2026-07-08 16:49:58.891 9 WARNING neutron.api.rpc.agentnotifiers.dhcp_rpc_agent_api [None req-51c2093c-e7fd-4c4a-9150-0fe2ae1d7a07 a238685bad6d4409b8ff35422d1fd6b5 4065773ac87f4796b4dbf3daf8892f87 - - default default] Unable to schedule network 0d0f3dd9-b869-4290-af67-63e9de8b27bf: no agents available; will retry on subsequent port and subnet creation events.
2026-07-08 16:49:58.922 9 INFO neutron.db.ovn_revision_numbers_db [None req-51c2093c-e7fd-4c4a-9150-0fe2ae1d7a07 a238685bad6d4409b8ff35422d1fd6b5 4065773ac87f4796b4dbf3daf8892f87 - - default default] Successfully bumped revision number for resource 1254a04e-e2b9-4868-bd72-7d448b4e02c4 (type: subnets) to 0
2026-07-08 16:49:58.938 9 INFO neutron.api.wsgi [None req-51c2093c-e7fd-4c4a-9150-0fe2ae1d7a07 a238685bad6d4409b8ff35422d1fd6b5 4065773ac87f4796b4dbf3daf8892f87 - - default default] 10.0.0.6 "POST /v2.0/subnets HTTP/1.1" status: 201 len: 1523 time: 0.5812502
2026-07-08 16:49:58.968 9 INFO neutron.api.wsgi [None req-7b299b55-4b7d-4f7a-b5e8-eeaaa3410ab9 a238685bad6d4409b8ff35422d1fd6b5 4065773ac87f4796b4dbf3daf8892f87 - - default default] 10.0.0.6 "GET /v2.0/subnets HTTP/1.1" status: 200 len: 2154 time: 0.0259023
2026-07-08 16:49:59.110 10 WARNING neutron.scheduler.dhcp_agent_scheduler [None req-c9fae487-3226-4fa7-82ee-bb40e670486c bbb900886148477b8b8fd1e7b06d1368 8f4b01cb7918482fb241f06d9924797a - - default default] No more DHCP agents
2026-07-08 16:49:59.113 10 WARNING neutron.api.rpc.agentnotifiers.dhcp_rpc_agent_api [None req-c9fae487-3226-4fa7-82ee-bb40e670486c bbb900886148477b8b8fd1e7b06d1368 8f4b01cb7918482fb241f06d9924797a - - default default] Unable to schedule network 3512fdaa-587c-4e32-a807-562e78f35492: no agents available; will retry on subsequent port and subnet creation events.
2026-07-08 16:49:59.113 9 INFO neutron.api.wsgi [None req-3ee68869-9032-43ce-aa6e-7863e05f4152 a238685bad6d4409b8ff35422d1fd6b5 4065773ac87f4796b4dbf3daf8892f87 - - default default] 10.0.0.6 "DELETE /v2.0/subnets/1de85a92-d793-4d92-bb14-eb8736dfafb7 HTTP/1.1" status: 204 len: 168 time: 0.1325238
2026-07-08 16:49:59.238 10 INFO neutron.db.ovn_revision_numbers_db [None req-c9fae487-3226-4fa7-82ee-bb40e670486c bbb900886148477b8b8fd1e7b06d1368 8f4b01cb7918482fb241f06d9924797a - - default default] Successfully bumped revision number for resource df79291b-5b10-474c-8d15-be0c5cddbfad (type: ports) to 1
2026-07-08 16:49:59.275 9 INFO neutron.api.wsgi [None req-8933424d-7146-4170-bbeb-78412f2c7476 a238685bad6d4409b8ff35422d1fd6b5 4065773ac87f4796b4dbf3daf8892f87 - - default default] 10.0.0.6 "DELETE /v2.0/subnets/1254a04e-e2b9-4868-bd72-7d448b4e02c4 HTTP/1.1" status: 204 len: 168 time: 0.1565928
2026-07-08 16:49:59.311 9 INFO neutron.api.wsgi [None req-24fb15c5-00cc-4105-8535-3496832ce5aa a238685bad6d4409b8ff35422d1fd6b5 4065773ac87f4796b4dbf3daf8892f87 - - default default] 10.0.0.6 "GET /v2.0/subnets HTTP/1.1" status: 200 len: 843 time: 0.0307558
2026-07-08 16:49:59.691 10 INFO neutron.api.wsgi [None req-cf1631b4-7dfd-4c69-864f-4add89ae0d35 8057a3b54f3c49eb8c48efc6513d7feb 6ccd7419d0ec40d0b630d2276fdc26f8 - - default default] 10.0.0.6 "DELETE /v2.0/routers/c2b54570-ee5c-4729-8a8b-9a2cbec0928b HTTP/1.1" status: 204 len: 168 time: 1.1735942
2026-07-08 16:49:59.901 9 INFO neutron.db.ovn_revision_numbers_db [None req-c0b75381-fdce-43d8-b089-51f3bb0b8d87 a2e67f1bb3a04389b0597cd792b1a2fe 50e4bda8ec094f2a98f9bc3218dfc374 - - default default] Successfully bumped revision number for resource f3c829e8-2b2e-4836-bab6-95e1bd14119e (type: security_groups) to 1
2026-07-08 16:49:59.923 9 INFO neutron.db.ovn_revision_numbers_db [None req-c0b75381-fdce-43d8-b089-51f3bb0b8d87 a2e67f1bb3a04389b0597cd792b1a2fe 50e4bda8ec094f2a98f9bc3218dfc374 - - default default] Successfully bumped revision number for resource 28290863-f854-43dd-bb48-d013c0536c17 (type: security_group_rules) to 0
2026-07-08 16:49:59.944 9 INFO neutron.db.ovn_revision_numbers_db [None req-c0b75381-fdce-43d8-b089-51f3bb0b8d87 a2e67f1bb3a04389b0597cd792b1a2fe 50e4bda8ec094f2a98f9bc3218dfc374 - - default default] Successfully bumped revision number for resource a1f7e631-1437-41f7-93b1-e1139c879f51 (type: security_group_rules) to 0
2026-07-08 16:49:59.952 10 INFO neutron.api.wsgi [None req-daefa140-9225-45aa-a1a5-93e0b9aff1b3 8057a3b54f3c49eb8c48efc6513d7feb 6ccd7419d0ec40d0b630d2276fdc26f8 - - default default] 10.0.0.6 "DELETE /v2.0/subnets/272d96cf-2116-43cc-bfee-61c79237da44 HTTP/1.1" status: 204 len: 168 time: 0.2534795
2026-07-08 16:49:59.968 9 INFO neutron.db.ovn_revision_numbers_db [None req-c0b75381-fdce-43d8-b089-51f3bb0b8d87 a2e67f1bb3a04389b0597cd792b1a2fe 50e4bda8ec094f2a98f9bc3218dfc374 - - default default] Successfully bumped revision number for resource b438bdd4-063d-4131-98f2-93b77d5ef3a3 (type: security_group_rules) to 0
2026-07-08 16:49:59.996 9 INFO neutron.services.segments.plugin [-] Segment 53e34b40-c2e6-4c14-b45d-13b614c04fc8 resource provider aggregate not found
2026-07-08 16:50:00.000 9 INFO neutron.services.segments.plugin [-] Segment 53e34b40-c2e6-4c14-b45d-13b614c04fc8 resource provider aggregate not found
2026-07-08 16:50:00.005 9 INFO neutron.db.ovn_revision_numbers_db [None req-c0b75381-fdce-43d8-b089-51f3bb0b8d87 a2e67f1bb3a04389b0597cd792b1a2fe 50e4bda8ec094f2a98f9bc3218dfc374 - - default default] Successfully bumped revision number for resource e4f79845-6791-4903-9f7d-28899ab7bedd (type: security_group_rules) to 0
2026-07-08 16:50:00.017 9 INFO neutron.services.segments.plugin [-] Segment 53e34b40-c2e6-4c14-b45d-13b614c04fc8 resource provider not found; error: Placement Client Error (4xx): {"errors": [{"status": 404, "title": "Not Found", "detail": "The resource could not be found.\n\n No resource provider with uuid 53e34b40-c2e6-4c14-b45d-13b614c04fc8 found for delete ", "request_id": "req-562681d5-7742-4a27-9f34-5ecab4110c76"}]}
2026-07-08 16:50:00.019 9 INFO neutron.services.segments.plugin [-] Segment 53e34b40-c2e6-4c14-b45d-13b614c04fc8 resource provider not found; error: Placement Client Error (4xx): {"errors": [{"status": 404, "title": "Not Found", "detail": "The resource could not be found.\n\n No resource provider with uuid 53e34b40-c2e6-4c14-b45d-13b614c04fc8 found for delete ", "request_id": "req-13f47a0b-fdec-47d3-a768-74f65010b478"}]}
2026-07-08 16:50:00.061 9 INFO neutron.api.wsgi [None req-289b9b00-4007-470c-bb6b-8aba1fe48a00 a238685bad6d4409b8ff35422d1fd6b5 4065773ac87f4796b4dbf3daf8892f87 - - default default] 10.0.0.6 "DELETE /v2.0/networks/0d0f3dd9-b869-4290-af67-63e9de8b27bf HTTP/1.1" status: 204 len: 168 time: 0.7420762
2026-07-08 16:50:00.091 9 INFO neutron.db.segments_db [None req-c0b75381-fdce-43d8-b089-51f3bb0b8d87 a2e67f1bb3a04389b0597cd792b1a2fe 50e4bda8ec094f2a98f9bc3218dfc374 - - default default] Added segment 5eb02109-03d8-4de2-8433-19ca6334201f of type geneve for network cca29a7a-407c-4ab7-a597-fb2c14f345b4
2026-07-08 16:50:00.193 10 INFO neutron.db.ovn_revision_numbers_db [None req-c9fae487-3226-4fa7-82ee-bb40e670486c bbb900886148477b8b8fd1e7b06d1368 8f4b01cb7918482fb241f06d9924797a - - default default] Successfully bumped revision number for resource df79291b-5b10-474c-8d15-be0c5cddbfad (type: ports) to 1
2026-07-08 16:50:00.246 9 INFO neutron.db.ovn_revision_numbers_db [None req-c0b75381-fdce-43d8-b089-51f3bb0b8d87 a2e67f1bb3a04389b0597cd792b1a2fe 50e4bda8ec094f2a98f9bc3218dfc374 - - default default] Successfully bumped revision number for resource cca29a7a-407c-4ab7-a597-fb2c14f345b4 (type: networks) to 1
2026-07-08 16:50:00.267 10 WARNING neutron.scheduler.dhcp_agent_scheduler [None req-c9fae487-3226-4fa7-82ee-bb40e670486c bbb900886148477b8b8fd1e7b06d1368 8f4b01cb7918482fb241f06d9924797a - - default default] No more DHCP agents
2026-07-08 16:50:00.269 10 WARNING neutron.api.rpc.agentnotifiers.dhcp_rpc_agent_api [None req-c9fae487-3226-4fa7-82ee-bb40e670486c bbb900886148477b8b8fd1e7b06d1368 8f4b01cb7918482fb241f06d9924797a - - default default] Unable to schedule network 3512fdaa-587c-4e32-a807-562e78f35492: no agents available; will retry on subsequent port and subnet creation events.
2026-07-08 16:50:00.378 10 INFO neutron.services.segments.plugin [-] Segment 0c6764e6-60af-4baf-ace5-f2853e5ea554 resource provider aggregate not found
2026-07-08 16:50:00.384 10 INFO neutron.services.segments.plugin [-] Segment 0c6764e6-60af-4baf-ace5-f2853e5ea554 resource provider aggregate not found
2026-07-08 16:50:00.399 10 INFO neutron.services.segments.plugin [-] Segment 0c6764e6-60af-4baf-ace5-f2853e5ea554 resource provider not found; error: Placement Client Error (4xx): {"errors": [{"status": 404, "title": "Not Found", "detail": "The resource could not be found.\n\n No resource provider with uuid 0c6764e6-60af-4baf-ace5-f2853e5ea554 found for delete ", "request_id": "req-45ad18c6-69db-4707-916f-fe06f205d567"}]}
2026-07-08 16:50:00.426 10 INFO neutron.api.wsgi [None req-34b5ab1d-9416-4703-88c3-b8fd884c2c4c 8057a3b54f3c49eb8c48efc6513d7feb 6ccd7419d0ec40d0b630d2276fdc26f8 - - default default] 10.0.0.6 "DELETE /v2.0/networks/db03b512-a4dd-48f5-a42d-3981ce394e64 HTTP/1.1" status: 204 len: 168 time: 0.4683039
2026-07-08 16:50:00.427 10 INFO neutron.services.segments.plugin [-] Segment 0c6764e6-60af-4baf-ace5-f2853e5ea554 resource provider not found; error: Placement Client Error (4xx): {"errors": [{"status": 404, "title": "Not Found", "detail": "The resource could not be found.\n\n No resource provider with uuid 0c6764e6-60af-4baf-ace5-f2853e5ea554 found for delete ", "request_id": "req-de731a87-9bf6-4507-8498-a3d082d4227e"}]}
2026-07-08 16:50:00.494 9 WARNING neutron.scheduler.dhcp_agent_scheduler [None req-c0b75381-fdce-43d8-b089-51f3bb0b8d87 a2e67f1bb3a04389b0597cd792b1a2fe 50e4bda8ec094f2a98f9bc3218dfc374 - - default default] No more DHCP agents
2026-07-08 16:50:00.500 9 WARNING neutron.api.rpc.agentnotifiers.dhcp_rpc_agent_api [None req-c0b75381-fdce-43d8-b089-51f3bb0b8d87 a2e67f1bb3a04389b0597cd792b1a2fe 50e4bda8ec094f2a98f9bc3218dfc374 - - default default] Unable to schedule network cca29a7a-407c-4ab7-a597-fb2c14f345b4: no agents available; will retry on subsequent port and subnet creation events.
2026-07-08 16:50:00.547 10 WARNING neutron.plugins.ml2.drivers.ovn.mech_driver.ovsdb.ovn_client [None req-6f7547e7-76f5-4b91-9476-8c6fcbbc1fe1 - - - - - -] No port found with ID ecb23be3-1cc3-4fc5-91cb-a29f9b10cedf: RuntimeError: No port found with ID ecb23be3-1cc3-4fc5-91cb-a29f9b10cedf
2026-07-08 16:50:00.567 10 INFO neutron.plugins.ml2.drivers.ovn.mech_driver.mech_driver [None req-6f7547e7-76f5-4b91-9476-8c6fcbbc1fe1 - - - - - -] OVN reports status up for port: df79291b-5b10-474c-8d15-be0c5cddbfad
2026-07-08 16:50:00.578 9 INFO neutron.api.wsgi [None req-035f707e-42f7-4510-a7ab-a1163b76b0a0 a238685bad6d4409b8ff35422d1fd6b5 4065773ac87f4796b4dbf3daf8892f87 - - default default] 10.0.0.6 "DELETE /v2.0/networks/da7df310-2ecc-4e20-899e-82849c742340 HTTP/1.1" status: 204 len: 168 time: 0.5126884
2026-07-08 16:50:00.595 10 INFO neutron.plugins.ml2.plugin [None req-6f7547e7-76f5-4b91-9476-8c6fcbbc1fe1 - - - - - -] Attempt 1 to provision port df79291b-5b10-474c-8d15-be0c5cddbfad
2026-07-08 16:50:00.609 10 INFO neutron.db.ovn_revision_numbers_db [None req-c9fae487-3226-4fa7-82ee-bb40e670486c bbb900886148477b8b8fd1e7b06d1368 8f4b01cb7918482fb241f06d9924797a - - default default] Successfully bumped revision number for resource df79291b-5b10-474c-8d15-be0c5cddbfad (type: router_ports) to 1
2026-07-08 16:50:00.614 10 INFO neutron.api.wsgi [None req-c9fae487-3226-4fa7-82ee-bb40e670486c bbb900886148477b8b8fd1e7b06d1368 8f4b01cb7918482fb241f06d9924797a - - default default] 10.0.0.6 "PUT /v2.0/routers/a7770c2b-6f71-449e-81c9-42dc27d4a49b/add_router_interface HTTP/1.1" status: 200 len: 503 time: 1.9386020
2026-07-08 16:50:00.631 9 INFO neutron.db.ovn_revision_numbers_db [None req-c0b75381-fdce-43d8-b089-51f3bb0b8d87 a2e67f1bb3a04389b0597cd792b1a2fe 50e4bda8ec094f2a98f9bc3218dfc374 - - default default] Successfully bumped revision number for resource d707dea6-57f5-418e-8e90-7c9a08eb421a (type: ports) to 1
2026-07-08 16:50:00.660 9 INFO neutron.api.wsgi [None req-aebf24ee-ca79-4272-b977-23ac7e7a02da bbb900886148477b8b8fd1e7b06d1368 8f4b01cb7918482fb241f06d9924797a - - default default] 10.0.0.6 "GET /v2.0/ports/df79291b-5b10-474c-8d15-be0c5cddbfad HTTP/1.1" status: 200 len: 1139 time: 0.0365372
2026-07-08 16:50:00.667 9 INFO neutron.api.wsgi [None req-c0b75381-fdce-43d8-b089-51f3bb0b8d87 a2e67f1bb3a04389b0597cd792b1a2fe 50e4bda8ec094f2a98f9bc3218dfc374 - - default default] 10.0.0.6 "POST /v2.0/networks HTTP/1.1" status: 201 len: 928 time: 1.2443249
2026-07-08 16:50:00.815 9 WARNING neutron.scheduler.dhcp_agent_scheduler [None req-a86b8b3d-ef2a-41a5-8b9b-ae00cc6c1dec a2e67f1bb3a04389b0597cd792b1a2fe 50e4bda8ec094f2a98f9bc3218dfc374 - - default default] No more DHCP agents
2026-07-08 16:50:00.816 9 WARNING neutron.api.rpc.agentnotifiers.dhcp_rpc_agent_api [None req-a86b8b3d-ef2a-41a5-8b9b-ae00cc6c1dec a2e67f1bb3a04389b0597cd792b1a2fe 50e4bda8ec094f2a98f9bc3218dfc374 - - default default] Unable to schedule network cca29a7a-407c-4ab7-a597-fb2c14f345b4: no agents available; will retry on subsequent port and subnet creation events.
2026-07-08 16:50:00.826 10 INFO neutron.api.wsgi [None req-9efdd763-dc5e-435b-ba1e-089be3a675dd bbb900886148477b8b8fd1e7b06d1368 8f4b01cb7918482fb241f06d9924797a - - default default] 10.0.0.6 "GET /v2.0/ports/df79291b-5b10-474c-8d15-be0c5cddbfad HTTP/1.1" status: 200 len: 1139 time: 0.1603713
2026-07-08 16:50:01.186 10 INFO neutron.db.ovn_revision_numbers_db [None req-6f7547e7-76f5-4b91-9476-8c6fcbbc1fe1 - - - - - -] Successfully bumped revision number for resource df79291b-5b10-474c-8d15-be0c5cddbfad (type: ports) to 2
2026-07-08 16:50:01.281 10 INFO neutron.api.wsgi [None req-0317a39e-0a66-4dc5-9b7f-41e30c544d1e a238685bad6d4409b8ff35422d1fd6b5 4065773ac87f4796b4dbf3daf8892f87 - - default default] 10.0.0.6 "DELETE /v2.0/networks/c52ec388-1adf-4749-b344-3d12ed885f65 HTTP/1.1" status: 204 len: 168 time: 0.6967189
2026-07-08 16:50:01.301 9 INFO neutron.db.ovn_revision_numbers_db [None req-16c6ef02-7431-4b44-97b3-bd1ca536d057 - - - - - -] Successfully bumped revision number for resource d707dea6-57f5-418e-8e90-7c9a08eb421a (type: ports) to 2
2026-07-08 16:50:01.328 9 INFO neutron.db.ovn_revision_numbers_db [None req-16c6ef02-7431-4b44-97b3-bd1ca536d057 - - - - - -] Successfully bumped revision number for resource 040e82e7-5558-4370-9d39-b77079d0b971 (type: subnets) to 0
2026-07-08 16:50:01.347 9 INFO neutron.api.wsgi [None req-a86b8b3d-ef2a-41a5-8b9b-ae00cc6c1dec a2e67f1bb3a04389b0597cd792b1a2fe 50e4bda8ec094f2a98f9bc3218dfc374 - - default default] 10.0.0.6 "POST /v2.0/subnets HTTP/1.1" status: 201 len: 843 time: 0.6675866
2026-07-08 16:50:01.359 9 WARNING neutron.api.v2.base [None req-38842cbd-723d-4f85-b785-e4b90d4c5428 a2e67f1bb3a04389b0597cd792b1a2fe 50e4bda8ec094f2a98f9bc3218dfc374 - - default default] An exception happened while processing the request body. The exception message is [Invalid input for target_tenant. Reason: 'None' is not a valid string.].: webob.exc.HTTPBadRequest: Invalid input for target_tenant. Reason: 'None' is not a valid string.
2026-07-08 16:50:01.360 9 INFO neutron.api.v2.resource [None req-38842cbd-723d-4f85-b785-e4b90d4c5428 a2e67f1bb3a04389b0597cd792b1a2fe 50e4bda8ec094f2a98f9bc3218dfc374 - - default default] create failed (client error): Invalid input for target_tenant. Reason: 'None' is not a valid string.
2026-07-08 16:50:01.361 9 INFO neutron.api.wsgi [None req-38842cbd-723d-4f85-b785-e4b90d4c5428 a2e67f1bb3a04389b0597cd792b1a2fe 50e4bda8ec094f2a98f9bc3218dfc374 - - default default] 10.0.0.6 "POST /v2.0/rbac-policies HTTP/1.1" status: 400 len: 346 time: 0.0076900
2026-07-08 16:50:01.797 10 INFO neutron.api.wsgi [None req-26bf0cd9-377e-43be-b21f-8eb6096f6b72 a238685bad6d4409b8ff35422d1fd6b5 4065773ac87f4796b4dbf3daf8892f87 - - default default] 10.0.0.6 "DELETE /v2.0/networks/10708865-1f2f-4b1b-96fa-43f2b1f015cc HTTP/1.1" status: 204 len: 168 time: 0.5107341
2026-07-08 16:50:01.868 10 INFO neutron.api.wsgi [None req-15c9f2f5-8aad-493c-b06d-14e858ec68ee 8057a3b54f3c49eb8c48efc6513d7feb 6ccd7419d0ec40d0b630d2276fdc26f8 - - default default] 10.0.0.6 "PUT /v2.0/routers/87da242e-694d-4e13-8bf7-8633a0523940/remove_router_interface HTTP/1.1" status: 200 len: 503 time: 1.4346836 /var/lib/openstack/lib/python3.12/site-packages/pycadf/identifier.py:71: UserWarning: Invalid uuid: neutron. To ensure interoperability, identifiers should be a valid uuid. warnings.warn(('Invalid uuid: %s. To ensure interoperability, '
2026-07-08 16:50:01.877 9 INFO neutron.api.wsgi [None req-c98d547b-cb78-4391-bbb5-ce55047fe267 bbb900886148477b8b8fd1e7b06d1368 8f4b01cb7918482fb241f06d9924797a - - default default] 10.0.0.6 "GET /v2.0/ports/df79291b-5b10-474c-8d15-be0c5cddbfad HTTP/1.1" status: 200 len: 1141 time: 0.0434322
2026-07-08 16:50:01.952 9 INFO neutron.api.wsgi [None req-04d156cc-2727-4767-b38b-d0f31aa6a9b5 a2e67f1bb3a04389b0597cd792b1a2fe 50e4bda8ec094f2a98f9bc3218dfc374 - - default default] 10.0.0.6 "DELETE /v2.0/networks/cca29a7a-407c-4ab7-a597-fb2c14f345b4 HTTP/1.1" status: 204 len: 168 time: 0.5840917
2026-07-08 16:50:02.041 9 INFO neutron.services.segments.plugin [-] Segment 8ccbf14a-2858-42dd-916f-be74fc2bb2cb resource provider aggregate not found
2026-07-08 16:50:02.044 9 INFO neutron.services.segments.plugin [-] Segment 8ccbf14a-2858-42dd-916f-be74fc2bb2cb resource provider aggregate not found
2026-07-08 16:50:02.057 9 INFO neutron.services.segments.plugin [-] Segment 8ccbf14a-2858-42dd-916f-be74fc2bb2cb resource provider not found; error: Placement Client Error (4xx): {"errors": [{"status": 404, "title": "Not Found", "detail": "The resource could not be found.\n\n No resource provider with uuid 8ccbf14a-2858-42dd-916f-be74fc2bb2cb found for delete ", "request_id": "req-9b2e3b0d-4be1-46bf-9090-b37d2fd8561a"}]}
2026-07-08 16:50:02.065 9 INFO neutron.services.segments.plugin [-] Segment 8ccbf14a-2858-42dd-916f-be74fc2bb2cb resource provider not found; error: Placement Client Error (4xx): {"errors": [{"status": 404, "title": "Not Found", "detail": "The resource could not be found.\n\n No resource provider with uuid 8ccbf14a-2858-42dd-916f-be74fc2bb2cb found for delete ", "request_id": "req-04b5f4fc-29d6-4a74-b72b-d84a5bcdd646"}]}
2026-07-08 16:50:02.077 9 INFO neutron.services.segments.plugin [-] Segment 5eb02109-03d8-4de2-8433-19ca6334201f resource provider aggregate not found
2026-07-08 16:50:02.080 9 INFO neutron.services.segments.plugin [-] Segment 5eb02109-03d8-4de2-8433-19ca6334201f resource provider aggregate not found
2026-07-08 16:50:02.086 9 INFO neutron.db.segments_db [None req-7a0bb381-ccfd-45ef-9489-a07a8cbfbf1f a2e67f1bb3a04389b0597cd792b1a2fe 50e4bda8ec094f2a98f9bc3218dfc374 - - default default] Added segment 4091db45-f2b1-4f40-86f9-8981410d81cf of type geneve for network c99566b8-f680-4e9b-9e59-a680c123d6b2
2026-07-08 16:50:02.091 9 INFO neutron.services.segments.plugin [-] Segment 5eb02109-03d8-4de2-8433-19ca6334201f resource provider not found; error: Placement Client Error (4xx): {"errors": [{"status": 404, "title": "Not Found", "detail": "The resource could not be found.\n\n No resource provider with uuid 5eb02109-03d8-4de2-8433-19ca6334201f found for delete ", "request_id": "req-dbc25cb3-6b47-4e13-a1e6-c70bd6d822ee"}]}
2026-07-08 16:50:02.101 9 INFO neutron.services.segments.plugin [-] Segment 5eb02109-03d8-4de2-8433-19ca6334201f resource provider not found; error: Placement Client Error (4xx): {"errors": [{"status": 404, "title": "Not Found", "detail": "The resource could not be found.\n\n No resource provider with uuid 5eb02109-03d8-4de2-8433-19ca6334201f found for delete ", "request_id": "req-50cb95cd-f8a9-4597-bcf5-63db93852137"}]}
2026-07-08 16:50:02.260 9 INFO neutron.db.ovn_revision_numbers_db [None req-7a0bb381-ccfd-45ef-9489-a07a8cbfbf1f a2e67f1bb3a04389b0597cd792b1a2fe 50e4bda8ec094f2a98f9bc3218dfc374 - - default default] Successfully bumped revision number for resource c99566b8-f680-4e9b-9e59-a680c123d6b2 (type: networks) to 1
2026-07-08 16:50:02.425 10 INFO neutron.services.segments.plugin [-] Segment 4b96f588-c579-4e40-b5f8-adfbce701852 resource provider aggregate not found
2026-07-08 16:50:02.456 10 INFO neutron.services.segments.plugin [-] Segment 4b96f588-c579-4e40-b5f8-adfbce701852 resource provider aggregate not found
2026-07-08 16:50:02.465 10 INFO neutron.services.segments.plugin [-] Segment 4b96f588-c579-4e40-b5f8-adfbce701852 resource provider not found; error: Placement Client Error (4xx): {"errors": [{"status": 404, "title": "Not Found", "detail": "The resource could not be found.\n\n No resource provider with uuid 4b96f588-c579-4e40-b5f8-adfbce701852 found for delete ", "request_id": "req-0be13b4b-ec31-430e-b17e-249b3a7d9c7d"}]}
2026-07-08 16:50:02.477 10 INFO neutron.services.segments.plugin [-] Segment 4b96f588-c579-4e40-b5f8-adfbce701852 resource provider not found; error: Placement Client Error (4xx): {"errors": [{"status": 404, "title": "Not Found", "detail": "The resource could not be found.\n\n No resource provider with uuid 4b96f588-c579-4e40-b5f8-adfbce701852 found for delete ", "request_id": "req-ebde014f-685e-4351-a454-804c9664c571"}]}
2026-07-08 16:50:02.485 10 INFO neutron.services.segments.plugin [-] Segment ca0717c5-424c-47a6-8045-114d871e9a26 resource provider aggregate not found
2026-07-08 16:50:02.494 10 INFO neutron.services.segments.plugin [-] Segment ca0717c5-424c-47a6-8045-114d871e9a26 resource provider aggregate not found
2026-07-08 16:50:02.497 9 WARNING neutron.scheduler.dhcp_agent_scheduler [None req-7a0bb381-ccfd-45ef-9489-a07a8cbfbf1f a2e67f1bb3a04389b0597cd792b1a2fe 50e4bda8ec094f2a98f9bc3218dfc374 - - default default] No more DHCP agents
2026-07-08 16:50:02.501 9 WARNING neutron.api.rpc.agentnotifiers.dhcp_rpc_agent_api [None req-7a0bb381-ccfd-45ef-9489-a07a8cbfbf1f a2e67f1bb3a04389b0597cd792b1a2fe 50e4bda8ec094f2a98f9bc3218dfc374 - - default default] Unable to schedule network c99566b8-f680-4e9b-9e59-a680c123d6b2: no agents available; will retry on subsequent port and subnet creation events.
2026-07-08 16:50:02.503 10 INFO neutron.services.segments.plugin [-] Segment ca0717c5-424c-47a6-8045-114d871e9a26 resource provider not found; error: Placement Client Error (4xx): {"errors": [{"status": 404, "title": "Not Found", "detail": "The resource could not be found.\n\n No resource provider with uuid ca0717c5-424c-47a6-8045-114d871e9a26 found for delete ", "request_id": "req-ea8dac0a-425a-4046-8d2e-3d83fcc94bcb"}]}
2026-07-08 16:50:02.513 10 INFO neutron.services.segments.plugin [-] Segment ca0717c5-424c-47a6-8045-114d871e9a26 resource provider not found; error: Placement Client Error (4xx): {"errors": [{"status": 404, "title": "Not Found", "detail": "The resource could not be found.\n\n No resource provider with uuid ca0717c5-424c-47a6-8045-114d871e9a26 found for delete ", "request_id": "req-016befab-7096-48c0-b3a3-deb3fe73fafc"}]}
2026-07-08 16:50:02.607 10 INFO neutron.api.wsgi [None req-1af08030-af3a-4a16-aab9-a44fd6e6a1ba 8057a3b54f3c49eb8c48efc6513d7feb 6ccd7419d0ec40d0b630d2276fdc26f8 - - default default] 10.0.0.6 "GET /v2.0/security-groups?tenant_id=4065773ac87f4796b4dbf3daf8892f87&name=default HTTP/1.1" status: 200 len: 3120 time: 0.2290089
2026-07-08 16:50:02.649 9 INFO neutron.db.ovn_revision_numbers_db [None req-7a0bb381-ccfd-45ef-9489-a07a8cbfbf1f a2e67f1bb3a04389b0597cd792b1a2fe 50e4bda8ec094f2a98f9bc3218dfc374 - - default default] Successfully bumped revision number for resource 49116b4e-723a-48a0-92f4-78a47ab3eb72 (type: ports) to 1
2026-07-08 16:50:02.681 9 INFO neutron.api.wsgi [None req-8ab043b0-c0a3-4127-8fd0-fcaaf6359205 bbb900886148477b8b8fd1e7b06d1368 8f4b01cb7918482fb241f06d9924797a - - default default] 10.0.0.6 "PUT /v2.0/routers/a7770c2b-6f71-449e-81c9-42dc27d4a49b/remove_router_interface HTTP/1.1" status: 200 len: 503 time: 0.7958169
