2026-07-08 16:50:49.844 9 INFO neutron.services.segments.plugin [-] Segment cfa389b4-9186-49c2-b89b-de804cbcf681 resource provider not found; error: Placement Client Error (4xx): {"errors": [{"status": 404, "title": "Not Found", "detail": "The resource could not be found.\n\n No resource provider with uuid cfa389b4-9186-49c2-b89b-de804cbcf681 found for delete ", "request_id": "req-8f6eeb31-56be-47e7-8230-f186fbf15166"}]}
2026-07-08 16:50:49.846 9 INFO neutron.services.segments.plugin [-] Segment cfa389b4-9186-49c2-b89b-de804cbcf681 resource provider not found; error: Placement Client Error (4xx): {"errors": [{"status": 404, "title": "Not Found", "detail": "The resource could not be found.\n\n No resource provider with uuid cfa389b4-9186-49c2-b89b-de804cbcf681 found for delete ", "request_id": "req-07dc17f9-8f27-44aa-83cd-30ea26391d4c"}]}
2026-07-08 16:50:49.855 9 INFO neutron.api.wsgi [None req-125282a5-48be-43f4-8063-f987bbccd07b edd1098dd15d4359a313afe4e699a829 a007921d4f4f4d35b906a55f0edd72be - - default default] 10.0.0.6 "POST /v2.0/security-groups HTTP/1.1" status: 201 len: 1801 time: 0.2137964
2026-07-08 16:50:49.866 9 WARNING neutron_lib.context [None req-c4f8def0-3ae3-4953-b4ba-dd5b8ca5b4f4 edd1098dd15d4359a313afe4e699a829 a007921d4f4f4d35b906a55f0edd72be - - default default] Method 'is_advsvc' is deprecated since 2023.2 release (neutron-lib 3.8.0) and will be removed once support for the old RBAC API policies will be removed from Neutron. Please use method 'is_service_role' instead.
2026-07-08 16:50:49.879 9 INFO neutron.api.wsgi [None req-c39ec948-e0f3-4ddc-957a-6a46ef9b8ad9 47fba9f8ce8041d9b519a8785784d561 e3a4793544494188a057122afdfc2f90 - - default default] 10.0.0.6 "DELETE /v2.0/networks/6eb22f84-2762-4c75-a753-9241f35e80c0 HTTP/1.1" status: 204 len: 168 time: 0.3871098
2026-07-08 16:50:49.895 9 WARNING neutron_lib.context [None req-6c0277c2-382b-43bd-aa5c-79d5390741d6 47fba9f8ce8041d9b519a8785784d561 e3a4793544494188a057122afdfc2f90 - - default default] Method 'is_advsvc' is deprecated since 2023.2 release (neutron-lib 3.8.0) and will be removed once support for the old RBAC API policies will be removed from Neutron. Please use method 'is_service_role' instead.
2026-07-08 16:50:50.036 9 INFO neutron.db.ovn_revision_numbers_db [None req-c4f8def0-3ae3-4953-b4ba-dd5b8ca5b4f4 edd1098dd15d4359a313afe4e699a829 a007921d4f4f4d35b906a55f0edd72be - - default default] Successfully bumped revision number for resource bab46ef4-e001-4bd2-b7ea-91622b3989bd (type: security_groups) to 1
2026-07-08 16:50:50.052 9 INFO neutron.db.ovn_revision_numbers_db [None req-c4f8def0-3ae3-4953-b4ba-dd5b8ca5b4f4 edd1098dd15d4359a313afe4e699a829 a007921d4f4f4d35b906a55f0edd72be - - default default] Successfully bumped revision number for resource 97ba7bf1-8c85-408f-a5f6-109b330e4b24 (type: security_group_rules) to 0
2026-07-08 16:50:50.068 9 INFO neutron.db.ovn_revision_numbers_db [None req-c4f8def0-3ae3-4953-b4ba-dd5b8ca5b4f4 edd1098dd15d4359a313afe4e699a829 a007921d4f4f4d35b906a55f0edd72be - - default default] Successfully bumped revision number for resource fffa1ae9-f8ce-46e7-b25e-c7bfc76af0e6 (type: security_group_rules) to 0
2026-07-08 16:50:50.123 9 INFO neutron.api.wsgi [None req-c4f8def0-3ae3-4953-b4ba-dd5b8ca5b4f4 edd1098dd15d4359a313afe4e699a829 a007921d4f4f4d35b906a55f0edd72be - - default default] 10.0.0.6 "POST /v2.0/security-groups HTTP/1.1" status: 201 len: 1801 time: 0.2627721
2026-07-08 16:50:50.161 10 INFO neutron.api.wsgi [None req-a66204c1-d503-4ca6-ac44-d04408d071b7 8057a3b54f3c49eb8c48efc6513d7feb 6ccd7419d0ec40d0b630d2276fdc26f8 - - default default] 10.0.0.6 "PUT /v2.0/routers/a8a349a9-25ff-4e9d-8e75-8d1a4b302df8/remove_router_interface HTTP/1.1" status: 200 len: 503 time: 0.9717686 /var/lib/openstack/lib/python3.12/site-packages/pycadf/identifier.py:71: UserWarning: Invalid uuid: neutron. To ensure interoperability, identifiers should be a valid uuid. warnings.warn(('Invalid uuid: %s. To ensure interoperability, '
2026-07-08 16:50:50.169 9 INFO neutron.api.wsgi [None req-e3614afb-84dd-48c2-b29c-734addaff96c edd1098dd15d4359a313afe4e699a829 a007921d4f4f4d35b906a55f0edd72be - - default default] 10.0.0.6 "PUT /v2.0/security-groups/10b811da-4fd9-4176-a51d-6fb7fc0bbe9f/tags HTTP/1.1" status: 200 len: 210 time: 0.0402722
2026-07-08 16:50:50.233 10 INFO neutron.api.wsgi [None req-d274e1ac-6f13-43f8-90db-41431622ce78 edd1098dd15d4359a313afe4e699a829 a007921d4f4f4d35b906a55f0edd72be - - default default] 10.0.0.6 "PUT /v2.0/security-groups/c2793441-bd24-493f-a230-579c697c328b/tags HTTP/1.1" status: 200 len: 218 time: 0.0602155
2026-07-08 16:50:50.282 9 INFO neutron.api.wsgi [None req-e35b2855-2c12-4fb4-9e16-8ae4a74b5a6a edd1098dd15d4359a313afe4e699a829 a007921d4f4f4d35b906a55f0edd72be - - default default] 10.0.0.6 "PUT /v2.0/security-groups/d7a5c789-0ae8-4e8b-aafe-0f44c86b88d1/tags HTTP/1.1" status: 200 len: 227 time: 0.0435205
2026-07-08 16:50:50.354 9 INFO neutron.api.wsgi [None req-ad4673bc-0143-4c47-9ce4-a9f5477c9bfe edd1098dd15d4359a313afe4e699a829 a007921d4f4f4d35b906a55f0edd72be - - default default] 10.0.0.6 "PUT /v2.0/security-groups/e5f60274-1361-4301-9add-32e5c67c390d/tags HTTP/1.1" status: 200 len: 212 time: 0.0675206
2026-07-08 16:50:50.384 9 WARNING neutron.scheduler.dhcp_agent_scheduler [None req-6c0277c2-382b-43bd-aa5c-79d5390741d6 47fba9f8ce8041d9b519a8785784d561 e3a4793544494188a057122afdfc2f90 - - default default] No more DHCP agents
2026-07-08 16:50:50.386 9 WARNING neutron.api.rpc.agentnotifiers.dhcp_rpc_agent_api [None req-6c0277c2-382b-43bd-aa5c-79d5390741d6 47fba9f8ce8041d9b519a8785784d561 e3a4793544494188a057122afdfc2f90 - - default default] Unable to schedule network 3327b290-1c6c-4d62-b112-8c73cb43a3b2: no agents available; will retry on subsequent port and subnet creation events.
2026-07-08 16:50:50.430 10 INFO neutron.api.wsgi [None req-98a02498-6ccd-4033-aee3-210e91b367e8 edd1098dd15d4359a313afe4e699a829 a007921d4f4f4d35b906a55f0edd72be - - default default] 10.0.0.6 "GET /v2.0/security-groups?tags=red HTTP/1.1" status: 200 len: 4999 time: 0.0696442
2026-07-08 16:50:50.487 10 INFO neutron.api.wsgi [None req-a8cebe1a-dd7b-46d3-ada2-3b1d767d2cf6 edd1098dd15d4359a313afe4e699a829 a007921d4f4f4d35b906a55f0edd72be - - default default] 10.0.0.6 "GET /v2.0/security-groups?tags=red%2Cblue HTTP/1.1" status: 200 len: 3413 time: 0.0501065
2026-07-08 16:50:50.521 9 INFO neutron.db.ovn_revision_numbers_db [None req-6c0277c2-382b-43bd-aa5c-79d5390741d6 47fba9f8ce8041d9b519a8785784d561 e3a4793544494188a057122afdfc2f90 - - default default] Successfully bumped revision number for resource 93e47ad6-d29a-430c-8de1-e876464a6743 (type: ports) to 1
2026-07-08 16:50:50.551 10 INFO neutron.api.wsgi [None req-89792156-6cca-4845-8e0c-4fb9e6755594 edd1098dd15d4359a313afe4e699a829 a007921d4f4f4d35b906a55f0edd72be - - default default] 10.0.0.6 "GET /v2.0/security-groups?tags-any=blue HTTP/1.1" status: 200 len: 3413 time: 0.0569673
2026-07-08 16:50:50.614 10 INFO neutron.api.wsgi [None req-cabbce74-dfda-4d64-8aea-72ca3bc5dcca edd1098dd15d4359a313afe4e699a829 a007921d4f4f4d35b906a55f0edd72be - - default default] 10.0.0.6 "GET /v2.0/security-groups?tags-any=red%2Cblue HTTP/1.1" status: 200 len: 4999 time: 0.0552177
2026-07-08 16:50:50.665 10 INFO neutron.api.wsgi [None req-ec61129d-f4f3-4fe3-aa59-b8477b1dcc04 edd1098dd15d4359a313afe4e699a829 a007921d4f4f4d35b906a55f0edd72be - - default default] 10.0.0.6 "GET /v2.0/security-groups?not-tags=red HTTP/1.1" status: 200 len: 6289 time: 0.0448217
2026-07-08 16:50:50.722 10 INFO neutron.api.wsgi [None req-92b847f1-7bb5-4813-8103-86bf3b2b6784 edd1098dd15d4359a313afe4e699a829 a007921d4f4f4d35b906a55f0edd72be - - default default] 10.0.0.6 "GET /v2.0/security-groups?not-tags=red%2Cblue HTTP/1.1" status: 200 len: 7875 time: 0.0516014
2026-07-08 16:50:50.770 10 INFO neutron.api.wsgi [None req-9149a5e8-19b7-4030-9a9c-f3a47d3c9778 edd1098dd15d4359a313afe4e699a829 a007921d4f4f4d35b906a55f0edd72be - - default default] 10.0.0.6 "GET /v2.0/security-groups?not-tags-any=blue HTTP/1.1" status: 200 len: 7875 time: 0.0412993
2026-07-08 16:50:50.822 9 INFO neutron.api.wsgi [None req-0b53b077-5e2c-4960-aaf3-19dff43a09d1 edd1098dd15d4359a313afe4e699a829 a007921d4f4f4d35b906a55f0edd72be - - default default] 10.0.0.6 "GET /v2.0/security-groups?not-tags-any=red%2Cblue HTTP/1.1" status: 200 len: 6289 time: 0.0474060
2026-07-08 16:50:50.957 9 INFO neutron.api.wsgi [None req-7c4d2a9b-fc92-46a9-bbf2-d6d415f07be6 edd1098dd15d4359a313afe4e699a829 a007921d4f4f4d35b906a55f0edd72be - - default default] 10.0.0.6 "DELETE /v2.0/security-groups/10b811da-4fd9-4176-a51d-6fb7fc0bbe9f HTTP/1.1" status: 204 len: 168 time: 0.1289868
2026-07-08 16:50:51.027 10 INFO neutron.api.wsgi [None req-1e8af1ed-5547-440e-919f-f4d28f236bfc 8057a3b54f3c49eb8c48efc6513d7feb 6ccd7419d0ec40d0b630d2276fdc26f8 - - default default] 10.0.0.6 "DELETE /v2.0/routers/a8a349a9-25ff-4e9d-8e75-8d1a4b302df8 HTTP/1.1" status: 204 len: 168 time: 0.8606541
2026-07-08 16:50:51.137 9 INFO neutron.plugins.ml2.drivers.ovn.mech_driver.ovsdb.commands [None req-7b809bc7-c0b6-4f3f-ba69-196bef0feaf2 - - - - - -] Schedule LRP lrp-93e47ad6-d29a-430c-8de1-e876464a6743 on gateway 76ad43af-606c-4232-9d02-361c52f14b55 with priority 1
2026-07-08 16:50:51.166 10 INFO neutron.api.wsgi [None req-a4bbf2cc-6894-42ac-99ec-e81884daef1f edd1098dd15d4359a313afe4e699a829 a007921d4f4f4d35b906a55f0edd72be - - default default] 10.0.0.6 "DELETE /v2.0/security-groups/c2793441-bd24-493f-a230-579c697c328b HTTP/1.1" status: 204 len: 168 time: 0.2040274
2026-07-08 16:50:51.190 9 INFO neutron.db.ovn_revision_numbers_db [None req-6c0277c2-382b-43bd-aa5c-79d5390741d6 47fba9f8ce8041d9b519a8785784d561 e3a4793544494188a057122afdfc2f90 - - default default] Successfully bumped revision number for resource 93e47ad6-d29a-430c-8de1-e876464a6743 (type: router_ports) to 1
2026-07-08 16:50:51.256 9 INFO neutron.db.ovn_revision_numbers_db [None req-6c0277c2-382b-43bd-aa5c-79d5390741d6 47fba9f8ce8041d9b519a8785784d561 e3a4793544494188a057122afdfc2f90 - - default default] Successfully bumped revision number for resource 413ece86-10b0-4c53-9bd9-9f8ad7059c4d (type: routers) to 2
2026-07-08 16:50:51.266 10 INFO neutron.api.wsgi [None req-8e271d6a-8839-4a9e-ba7f-1e83da0a5414 8057a3b54f3c49eb8c48efc6513d7feb 6ccd7419d0ec40d0b630d2276fdc26f8 - - default default] 10.0.0.6 "DELETE /v2.0/subnets/94d3b728-4f32-4c1b-a0e3-29e7053e47aa HTTP/1.1" status: 204 len: 168 time: 0.2338817
2026-07-08 16:50:51.273 9 INFO neutron.api.wsgi [None req-6c0277c2-382b-43bd-aa5c-79d5390741d6 47fba9f8ce8041d9b519a8785784d561 e3a4793544494188a057122afdfc2f90 - - default default] 10.0.0.6 "POST /v2.0/routers HTTP/1.1" status: 201 len: 1147 time: 1.3847451
2026-07-08 16:50:51.278 10 INFO neutron.api.wsgi [None req-c9e85e13-7c51-4f37-99c2-d657d4ce22a1 edd1098dd15d4359a313afe4e699a829 a007921d4f4f4d35b906a55f0edd72be - - default default] 10.0.0.6 "DELETE /v2.0/security-groups/d7a5c789-0ae8-4e8b-aafe-0f44c86b88d1 HTTP/1.1" status: 204 len: 168 time: 0.1087871
2026-07-08 16:50:51.340 9 INFO neutron.api.wsgi [None req-d64cc5b8-304b-4c5e-95e6-1ee833f59ea8 47fba9f8ce8041d9b519a8785784d561 e3a4793544494188a057122afdfc2f90 - - default default] 10.0.0.6 "GET /v2.0/routers/413ece86-10b0-4c53-9bd9-9f8ad7059c4d HTTP/1.1" status: 200 len: 1148 time: 0.0614154
2026-07-08 16:50:51.404 10 INFO neutron.api.wsgi [None req-ced7e375-eee8-4049-83f7-1ef0515694fe edd1098dd15d4359a313afe4e699a829 a007921d4f4f4d35b906a55f0edd72be - - default default] 10.0.0.6 "DELETE /v2.0/security-groups/e5f60274-1361-4301-9add-32e5c67c390d HTTP/1.1" status: 204 len: 168 time: 0.1220188
2026-07-08 16:50:51.455 9 INFO neutron.api.wsgi [None req-e2e81057-3f26-4283-b07c-dd6c76999860 47fba9f8ce8041d9b519a8785784d561 e3a4793544494188a057122afdfc2f90 - - default default] 10.0.0.6 "GET /v2.0/routers HTTP/1.1" status: 200 len: 1151 time: 0.1102381
2026-07-08 16:50:51.525 9 INFO neutron.api.wsgi [None req-6eec41bf-ecd6-4a02-93f2-e3ff05165b1a edd1098dd15d4359a313afe4e699a829 a007921d4f4f4d35b906a55f0edd72be - - default default] 10.0.0.6 "DELETE /v2.0/security-groups/bab46ef4-e001-4bd2-b7ea-91622b3989bd HTTP/1.1" status: 204 len: 168 time: 0.1167538
2026-07-08 16:50:51.640 10 INFO neutron.services.segments.plugin [-] Segment a26cf6cf-3eed-40ae-b927-ffd311d0bc25 resource provider aggregate not found
2026-07-08 16:50:51.654 10 INFO neutron.services.segments.plugin [-] Segment a26cf6cf-3eed-40ae-b927-ffd311d0bc25 resource provider aggregate not found
2026-07-08 16:50:51.658 10 INFO neutron.services.segments.plugin [-] Segment a26cf6cf-3eed-40ae-b927-ffd311d0bc25 resource provider not found; error: Placement Client Error (4xx): {"errors": [{"status": 404, "title": "Not Found", "detail": "The resource could not be found.\n\n No resource provider with uuid a26cf6cf-3eed-40ae-b927-ffd311d0bc25 found for delete ", "request_id": "req-78f233ac-f39c-4170-b6ac-de1471227e71"}]}
2026-07-08 16:50:51.677 10 INFO neutron.services.segments.plugin [-] Segment a26cf6cf-3eed-40ae-b927-ffd311d0bc25 resource provider not found; error: Placement Client Error (4xx): {"errors": [{"status": 404, "title": "Not Found", "detail": "The resource could not be found.\n\n No resource provider with uuid a26cf6cf-3eed-40ae-b927-ffd311d0bc25 found for delete ", "request_id": "req-db2a8c5b-07a5-47e1-9b6a-48b4d20679c6"}]}
2026-07-08 16:50:51.698 10 INFO neutron.api.wsgi [None req-70755175-509c-4ccf-a95b-8a2222f33c8b 8057a3b54f3c49eb8c48efc6513d7feb 6ccd7419d0ec40d0b630d2276fdc26f8 - - default default] 10.0.0.6 "DELETE /v2.0/networks/c58c5a9f-6fd8-46e1-9165-8314a870a9a9 HTTP/1.1" status: 204 len: 168 time: 0.4274859
2026-07-08 16:50:51.969 10 INFO neutron.db.ovn_revision_numbers_db [None req-8f1925f5-5b2b-4b58-817b-e22e74d32380 47fba9f8ce8041d9b519a8785784d561 e3a4793544494188a057122afdfc2f90 - - default default] Successfully bumped revision number for resource 413ece86-10b0-4c53-9bd9-9f8ad7059c4d (type: routers) to 3
2026-07-08 16:50:51.976 10 INFO neutron.api.wsgi [None req-8f1925f5-5b2b-4b58-817b-e22e74d32380 47fba9f8ce8041d9b519a8785784d561 e3a4793544494188a057122afdfc2f90 - - default default] 10.0.0.6 "PUT /v2.0/routers/413ece86-10b0-4c53-9bd9-9f8ad7059c4d HTTP/1.1" status: 200 len: 1155 time: 0.5096712
2026-07-08 16:50:52.003 10 INFO neutron.api.wsgi [None req-bd94a068-65a7-4c02-a951-652d9f06baaf 8057a3b54f3c49eb8c48efc6513d7feb 6ccd7419d0ec40d0b630d2276fdc26f8 - - default default] 10.0.0.6 "GET /v2.0/security-groups?tenant_id=ffeb5b567c9f4354a8dea173c7d34ab0&name=default HTTP/1.1" status: 200 len: 3120 time: 0.0424635
2026-07-08 16:50:52.009 9 INFO neutron.api.wsgi [-] 10.0.0.223 "GET / HTTP/1.1" status: 200 len: 246 time: 0.0013287
2026-07-08 16:50:52.011 10 INFO neutron.api.wsgi [-] 10.0.0.223 "GET / HTTP/1.1" status: 200 len: 246 time: 0.0049119
2026-07-08 16:50:52.082 9 INFO neutron.api.wsgi [None req-54b0d553-fed6-4875-b450-da2df698c237 47fba9f8ce8041d9b519a8785784d561 e3a4793544494188a057122afdfc2f90 - - default default] 10.0.0.6 "GET /v2.0/routers/413ece86-10b0-4c53-9bd9-9f8ad7059c4d HTTP/1.1" status: 200 len: 1155 time: 0.0896237
2026-07-08 16:50:52.122 10 INFO neutron.api.wsgi [None req-6362034b-f0d5-4240-aebe-5c9f9ea167b3 47fba9f8ce8041d9b519a8785784d561 e3a4793544494188a057122afdfc2f90 - - default default] 10.0.0.6 "GET /v2.0/ports?device_id=413ece86-10b0-4c53-9bd9-9f8ad7059c4d HTTP/1.1" status: 200 len: 205 time: 0.0353382
2026-07-08 16:50:52.288 9 INFO neutron.api.wsgi [None req-0cca5135-09b5-4082-8036-80ddee19a5f5 8057a3b54f3c49eb8c48efc6513d7feb 6ccd7419d0ec40d0b630d2276fdc26f8 - - default default] 10.0.0.6 "DELETE /v2.0/security-groups/8d5998aa-c40c-44c0-b5f1-c51f4dbeba4d HTTP/1.1" status: 204 len: 168 time: 0.2774713
2026-07-08 16:50:52.814 10 INFO neutron.db.ovn_revision_numbers_db [None req-4a36e3b9-ad1c-4679-951d-def885d63969 8057a3b54f3c49eb8c48efc6513d7feb 6ccd7419d0ec40d0b630d2276fdc26f8 - - default default] Successfully bumped revision number for resource a261f1a8-5565-4799-8d62-40ab44fb57bc (type: security_groups) to 1
2026-07-08 16:50:52.849 10 INFO neutron.db.ovn_revision_numbers_db [None req-4a36e3b9-ad1c-4679-951d-def885d63969 8057a3b54f3c49eb8c48efc6513d7feb 6ccd7419d0ec40d0b630d2276fdc26f8 - - default default] Successfully bumped revision number for resource 06b45556-3b4a-4db2-bf1e-f1477eb0b297 (type: security_group_rules) to 0
2026-07-08 16:50:52.869 10 INFO neutron.db.ovn_revision_numbers_db [None req-4a36e3b9-ad1c-4679-951d-def885d63969 8057a3b54f3c49eb8c48efc6513d7feb 6ccd7419d0ec40d0b630d2276fdc26f8 - - default default] Successfully bumped revision number for resource 0a195f86-5075-4110-9bf5-e99a62010e5c (type: security_group_rules) to 0
2026-07-08 16:50:52.883 10 INFO neutron.api.wsgi [None req-54f363d7-8f6f-4c18-9adf-1f74215c2295 47fba9f8ce8041d9b519a8785784d561 e3a4793544494188a057122afdfc2f90 - - default default] 10.0.0.6 "DELETE /v2.0/routers/413ece86-10b0-4c53-9bd9-9f8ad7059c4d HTTP/1.1" status: 204 len: 168 time: 0.7544062
2026-07-08 16:50:52.887 10 INFO neutron.db.ovn_revision_numbers_db [None req-4a36e3b9-ad1c-4679-951d-def885d63969 8057a3b54f3c49eb8c48efc6513d7feb 6ccd7419d0ec40d0b630d2276fdc26f8 - - default default] Successfully bumped revision number for resource 3f617ddb-2695-43ce-bf8d-155d97ccefc0 (type: security_group_rules) to 0
2026-07-08 16:50:52.912 10 INFO neutron.api.wsgi [None req-09c0c4cc-aae1-4d7e-bd43-dd9d85e663d0 47fba9f8ce8041d9b519a8785784d561 e3a4793544494188a057122afdfc2f90 - - default default] 10.0.0.6 "GET /v2.0/ports?device_id=413ece86-10b0-4c53-9bd9-9f8ad7059c4d HTTP/1.1" status: 200 len: 205 time: 0.0228479
2026-07-08 16:50:52.916 10 INFO neutron.db.ovn_revision_numbers_db [None req-4a36e3b9-ad1c-4679-951d-def885d63969 8057a3b54f3c49eb8c48efc6513d7feb 6ccd7419d0ec40d0b630d2276fdc26f8 - - default default] Successfully bumped revision number for resource c2ce2b75-6fd6-4091-8fbe-d26e946ee69c (type: security_group_rules) to 0
2026-07-08 16:50:52.933 9 INFO neutron.api.v2.resource [None req-d4c64ba7-1d45-4b81-8357-3937b59ed3c5 47fba9f8ce8041d9b519a8785784d561 e3a4793544494188a057122afdfc2f90 - - default default] delete failed (client error): The resource could not be found.
2026-07-08 16:50:52.935 9 INFO neutron.api.wsgi [None req-d4c64ba7-1d45-4b81-8357-3937b59ed3c5 47fba9f8ce8041d9b519a8785784d561 e3a4793544494188a057122afdfc2f90 - - default default] 10.0.0.6 "DELETE /v2.0/routers/413ece86-10b0-4c53-9bd9-9f8ad7059c4d HTTP/1.1" status: 404 len: 336 time: 0.0172222
2026-07-08 16:50:52.959 9 INFO neutron.api.wsgi [None req-b58ee4be-9db5-4187-8bb6-0452cc4e834c 47fba9f8ce8041d9b519a8785784d561 e3a4793544494188a057122afdfc2f90 - - default default] 10.0.0.6 "GET /v2.0/ports?device_id=9b6d45d6-11b3-416a-aef0-88a4df107f40 HTTP/1.1" status: 200 len: 205 time: 0.0193303
2026-07-08 16:50:52.975 10 INFO neutron.api.wsgi [None req-4a36e3b9-ad1c-4679-951d-def885d63969 8057a3b54f3c49eb8c48efc6513d7feb 6ccd7419d0ec40d0b630d2276fdc26f8 - - default default] 10.0.0.6 "GET /v2.0/security-groups?tenant_id=fbefb6f1a51e4e7daaa5c724343076d8&name=default HTTP/1.1" status: 200 len: 3120 time: 0.5223813
2026-07-08 16:50:52.977 9 INFO neutron.api.v2.resource [None req-a0283002-5b38-4461-b8b2-fe73e67c2507 47fba9f8ce8041d9b519a8785784d561 e3a4793544494188a057122afdfc2f90 - - default default] delete failed (client error): The resource could not be found.
2026-07-08 16:50:52.978 9 INFO neutron.api.wsgi [None req-a0283002-5b38-4461-b8b2-fe73e67c2507 47fba9f8ce8041d9b519a8785784d561 e3a4793544494188a057122afdfc2f90 - - default default] 10.0.0.6 "DELETE /v2.0/routers/9b6d45d6-11b3-416a-aef0-88a4df107f40 HTTP/1.1" status: 404 len: 336 time: 0.0141792
2026-07-08 16:50:52.998 10 INFO neutron.pecan_wsgi.hooks.translation [None req-a013dddd-7f3e-4733-a8a7-ca4430ef0350 47fba9f8ce8041d9b519a8785784d561 e3a4793544494188a057122afdfc2f90 - - default default] DELETE failed (client error): The resource could not be found.
2026-07-08 16:50:53.001 10 INFO neutron.api.wsgi [None req-a013dddd-7f3e-4733-a8a7-ca4430ef0350 47fba9f8ce8041d9b519a8785784d561 e3a4793544494188a057122afdfc2f90 - - default default] 10.0.0.6 "DELETE /v2.0/subnets/0ba5d80e-db28-4617-921b-88c14db9abbd HTTP/1.1" status: 404 len: 337 time: 0.0176086
2026-07-08 16:50:53.022 10 INFO neutron.api.wsgi [None req-842026d9-9440-4fcb-a8ad-26a126a9ff47 47fba9f8ce8041d9b519a8785784d561 e3a4793544494188a057122afdfc2f90 - - default default] 10.0.0.6 "GET /v2.0/ports?device_id=11e7df4b-9c5e-4c59-8be8-3433f2645825 HTTP/1.1" status: 200 len: 205 time: 0.0160670
2026-07-08 16:50:53.048 9 INFO neutron.api.v2.resource [None req-eced8640-fec1-4a81-beb0-fe2fd28de265 47fba9f8ce8041d9b519a8785784d561 e3a4793544494188a057122afdfc2f90 - - default default] delete failed (client error): The resource could not be found.
2026-07-08 16:50:53.049 9 INFO neutron.api.wsgi [None req-eced8640-fec1-4a81-beb0-fe2fd28de265 47fba9f8ce8041d9b519a8785784d561 e3a4793544494188a057122afdfc2f90 - - default default] 10.0.0.6 "DELETE /v2.0/routers/11e7df4b-9c5e-4c59-8be8-3433f2645825 HTTP/1.1" status: 404 len: 336 time: 0.0222044
2026-07-08 16:50:53.067 9 INFO neutron.pecan_wsgi.hooks.translation [None req-357a53a6-5696-4caf-b67b-57ae5544857e 47fba9f8ce8041d9b519a8785784d561 e3a4793544494188a057122afdfc2f90 - - default default] DELETE failed (client error): The resource could not be found.
2026-07-08 16:50:53.071 9 INFO neutron.api.wsgi [None req-357a53a6-5696-4caf-b67b-57ae5544857e 47fba9f8ce8041d9b519a8785784d561 e3a4793544494188a057122afdfc2f90 - - default default] 10.0.0.6 "DELETE /v2.0/subnets/f48cbbf6-8300-4db8-af05-65327206e7e1 HTTP/1.1" status: 404 len: 337 time: 0.0170760
2026-07-08 16:50:53.098 9 INFO neutron.api.wsgi [None req-f417c3dc-5e11-4e2b-9e35-1c2decbaa623 47fba9f8ce8041d9b519a8785784d561 e3a4793544494188a057122afdfc2f90 - - default default] 10.0.0.6 "GET /v2.0/ports?device_id=577d832d-0c60-4cc0-8504-d9faaa5f8278 HTTP/1.1" status: 200 len: 205 time: 0.0225186
2026-07-08 16:50:53.118 10 INFO neutron.api.v2.resource [None req-2a5d870f-1698-4c15-896e-6629a9f1bc9e 47fba9f8ce8041d9b519a8785784d561 e3a4793544494188a057122afdfc2f90 - - default default] delete failed (client error): The resource could not be found.
2026-07-08 16:50:53.119 10 INFO neutron.api.wsgi [None req-2a5d870f-1698-4c15-896e-6629a9f1bc9e 47fba9f8ce8041d9b519a8785784d561 e3a4793544494188a057122afdfc2f90 - - default default] 10.0.0.6 "DELETE /v2.0/routers/577d832d-0c60-4cc0-8504-d9faaa5f8278 HTTP/1.1" status: 404 len: 336 time: 0.0154378
2026-07-08 16:50:53.136 10 INFO neutron.pecan_wsgi.hooks.translation [None req-a4d34f0f-d0ff-44ce-a1ef-0194091f7692 47fba9f8ce8041d9b519a8785784d561 e3a4793544494188a057122afdfc2f90 - - default default] DELETE failed (client error): The resource could not be found.
2026-07-08 16:50:53.138 10 INFO neutron.api.wsgi [None req-a4d34f0f-d0ff-44ce-a1ef-0194091f7692 47fba9f8ce8041d9b519a8785784d561 e3a4793544494188a057122afdfc2f90 - - default default] 10.0.0.6 "DELETE /v2.0/subnets/d74f2baf-3473-4549-8f0d-f395199e5f8b HTTP/1.1" status: 404 len: 337 time: 0.0161564
2026-07-08 16:50:53.151 10 INFO neutron.pecan_wsgi.hooks.translation [None req-d205071e-e6a5-45c2-a919-2c0a0ae09971 47fba9f8ce8041d9b519a8785784d561 e3a4793544494188a057122afdfc2f90 - - default default] DELETE failed (client error): The resource could not be found.
2026-07-08 16:50:53.155 10 INFO neutron.api.wsgi [None req-d205071e-e6a5-45c2-a919-2c0a0ae09971 47fba9f8ce8041d9b519a8785784d561 e3a4793544494188a057122afdfc2f90 - - default default] 10.0.0.6 "DELETE /v2.0/subnets/43ac382a-5bc7-4600-a946-188610e7a85f HTTP/1.1" status: 404 len: 337 time: 0.0122404
2026-07-08 16:50:53.231 9 INFO neutron.api.wsgi [None req-9e2a660a-fecc-40fa-8eea-151c6aad682f 8057a3b54f3c49eb8c48efc6513d7feb 6ccd7419d0ec40d0b630d2276fdc26f8 - - default default] 10.0.0.6 "DELETE /v2.0/security-groups/a261f1a8-5565-4799-8d62-40ab44fb57bc HTTP/1.1" status: 204 len: 168 time: 0.2513311
2026-07-08 16:50:53.454 10 INFO neutron.db.ovn_revision_numbers_db [None req-61fbece4-93aa-4057-83f6-5f178290e000 8057a3b54f3c49eb8c48efc6513d7feb 6ccd7419d0ec40d0b630d2276fdc26f8 - - default default] Successfully bumped revision number for resource b21b1ef4-4b5e-4a40-ba1d-68377ad03a90 (type: security_groups) to 1
2026-07-08 16:50:53.478 10 INFO neutron.db.ovn_revision_numbers_db [None req-61fbece4-93aa-4057-83f6-5f178290e000 8057a3b54f3c49eb8c48efc6513d7feb 6ccd7419d0ec40d0b630d2276fdc26f8 - - default default] Successfully bumped revision number for resource 1f32748b-51f6-4c15-a91f-18c47615b829 (type: security_group_rules) to 0
2026-07-08 16:50:53.493 10 INFO neutron.db.ovn_revision_numbers_db [None req-61fbece4-93aa-4057-83f6-5f178290e000 8057a3b54f3c49eb8c48efc6513d7feb 6ccd7419d0ec40d0b630d2276fdc26f8 - - default default] Successfully bumped revision number for resource 29575185-7d72-436a-8cb0-701bae94f741 (type: security_group_rules) to 0
2026-07-08 16:50:53.507 10 INFO neutron.db.ovn_revision_numbers_db [None req-61fbece4-93aa-4057-83f6-5f178290e000 8057a3b54f3c49eb8c48efc6513d7feb 6ccd7419d0ec40d0b630d2276fdc26f8 - - default default] Successfully bumped revision number for resource 3a1f8b05-b266-47fe-9d0e-506eccf545eb (type: security_group_rules) to 0
2026-07-08 16:50:53.522 10 INFO neutron.db.ovn_revision_numbers_db [None req-61fbece4-93aa-4057-83f6-5f178290e000 8057a3b54f3c49eb8c48efc6513d7feb 6ccd7419d0ec40d0b630d2276fdc26f8 - - default default] Successfully bumped revision number for resource 8eaa9bac-a318-41f1-8b4c-75d2cae854da (type: security_group_rules) to 0
2026-07-08 16:50:53.565 10 INFO neutron.api.wsgi [None req-61fbece4-93aa-4057-83f6-5f178290e000 8057a3b54f3c49eb8c48efc6513d7feb 6ccd7419d0ec40d0b630d2276fdc26f8 - - default default] 10.0.0.6 "GET /v2.0/security-groups?tenant_id=6cb60295100c4e84a8ec05df421081c1&name=default HTTP/1.1" status: 200 len: 3120 time: 0.2302418
2026-07-08 16:50:53.818 10 WARNING neutron.plugins.ml2.drivers.ovn.mech_driver.ovsdb.ovn_client [None req-adc1459e-3e6a-4514-b50d-51f25cf895c9 - - - - - -] No port found with ID 2d7a7b7d-75b6-49f1-a7bd-567ba49f16fa: RuntimeError: No port found with ID 2d7a7b7d-75b6-49f1-a7bd-567ba49f16fa
2026-07-08 16:50:53.821 10 INFO neutron.api.wsgi [None req-93085811-48df-453d-8126-7076de6ff9c8 8057a3b54f3c49eb8c48efc6513d7feb 6ccd7419d0ec40d0b630d2276fdc26f8 - - default default] 10.0.0.6 "DELETE /v2.0/security-groups/b21b1ef4-4b5e-4a40-ba1d-68377ad03a90 HTTP/1.1" status: 204 len: 168 time: 0.2504938
2026-07-08 16:50:53.846 10 INFO neutron.plugins.ml2.drivers.ovn.mech_driver.mech_driver [None req-adc1459e-3e6a-4514-b50d-51f25cf895c9 - - - - - -] OVN reports status up for port: 93e47ad6-d29a-430c-8de1-e876464a6743
2026-07-08 16:50:53.915 9 INFO neutron.api.wsgi [None req-401d693f-54f7-4af5-b573-84981cec1f14 8057a3b54f3c49eb8c48efc6513d7feb 6ccd7419d0ec40d0b630d2276fdc26f8 - - default default] 10.0.0.6 "GET /v2.0/security-groups?tenant_id=e3a4793544494188a057122afdfc2f90&name=default HTTP/1.1" status: 200 len: 3120 time: 0.2853541
2026-07-08 16:50:54.123 10 INFO neutron.api.wsgi [None req-a4b583d1-cc3b-4e02-ab42-1cdf2ba00b10 8057a3b54f3c49eb8c48efc6513d7feb 6ccd7419d0ec40d0b630d2276fdc26f8 - - default default] 10.0.0.6 "GET /v2.0/security-groups?tenant_id=a007921d4f4f4d35b906a55f0edd72be&name=default HTTP/1.1" status: 200 len: 3120 time: 0.0320227
2026-07-08 16:50:54.148 9 INFO neutron.api.wsgi [None req-453d7006-eff2-4abb-9b01-2d64faea9890 8057a3b54f3c49eb8c48efc6513d7feb 6ccd7419d0ec40d0b630d2276fdc26f8 - - default default] 10.0.0.6 "DELETE /v2.0/security-groups/9cb5224b-0d71-43e8-85d0-7f401d89de7c HTTP/1.1" status: 204 len: 168 time: 0.2285411
2026-07-08 16:50:54.344 10 INFO neutron.api.wsgi [None req-f7c81939-e9fa-4477-b3be-bc4bc8a86cd4 8057a3b54f3c49eb8c48efc6513d7feb 6ccd7419d0ec40d0b630d2276fdc26f8 - - default default] 10.0.0.6 "DELETE /v2.0/security-groups/af8dfec6-f989-48dd-88bd-949db3dc27b1 HTTP/1.1" status: 204 len: 168 time: 0.2158885
2026-07-08 16:50:55.789 10 WARNING neutron_lib.context [None req-072f8ed2-a95f-4360-bd5a-65b5a4333d81 b99b838986634b1cb9b74d7834da00f0 b7bddfbe9c6747fb98cd263b675b4e5b - - default default] Method 'is_advsvc' is deprecated since 2023.2 release (neutron-lib 3.8.0) and will be removed once support for the old RBAC API policies will be removed from Neutron. Please use method 'is_service_role' instead.
2026-07-08 16:50:55.926 10 INFO neutron.db.ovn_revision_numbers_db [None req-072f8ed2-a95f-4360-bd5a-65b5a4333d81 b99b838986634b1cb9b74d7834da00f0 b7bddfbe9c6747fb98cd263b675b4e5b - - default default] Successfully bumped revision number for resource be741626-51da-41e2-a0fa-2f21dffc1529 (type: security_groups) to 1
2026-07-08 16:50:55.939 10 INFO neutron.db.ovn_revision_numbers_db [None req-072f8ed2-a95f-4360-bd5a-65b5a4333d81 b99b838986634b1cb9b74d7834da00f0 b7bddfbe9c6747fb98cd263b675b4e5b - - default default] Successfully bumped revision number for resource 2c018ab9-9e5c-462b-a9e7-ecc58f6f7df5 (type: security_group_rules) to 0
2026-07-08 16:50:55.955 10 INFO neutron.db.ovn_revision_numbers_db [None req-072f8ed2-a95f-4360-bd5a-65b5a4333d81 b99b838986634b1cb9b74d7834da00f0 b7bddfbe9c6747fb98cd263b675b4e5b - - default default] Successfully bumped revision number for resource 96c06b73-96e2-4488-9a23-8792ed2e6e5d (type: security_group_rules) to 0
2026-07-08 16:50:55.984 10 INFO neutron.db.ovn_revision_numbers_db [None req-072f8ed2-a95f-4360-bd5a-65b5a4333d81 b99b838986634b1cb9b74d7834da00f0 b7bddfbe9c6747fb98cd263b675b4e5b - - default default] Successfully bumped revision number for resource b220f495-6803-423c-9958-dbb3949254a0 (type: security_group_rules) to 0
2026-07-08 16:50:56.000 10 INFO neutron.db.ovn_revision_numbers_db [None req-072f8ed2-a95f-4360-bd5a-65b5a4333d81 b99b838986634b1cb9b74d7834da00f0 b7bddfbe9c6747fb98cd263b675b4e5b - - default default] Successfully bumped revision number for resource fa2a4cfd-151f-4619-b51e-88d372b9689b (type: security_group_rules) to 0
2026-07-08 16:50:56.071 10 INFO neutron.db.segments_db [None req-072f8ed2-a95f-4360-bd5a-65b5a4333d81 b99b838986634b1cb9b74d7834da00f0 b7bddfbe9c6747fb98cd263b675b4e5b - - default default] Added segment c8b0436b-55cf-4d6e-a30b-aeeaf160fc46 of type geneve for network ec0e8a8b-2f98-47e0-bde7-bf683a29b2f2
2026-07-08 16:50:56.096 10 WARNING neutron_lib.context [None req-08d99a67-e6fa-4dfe-a961-1787ca6a6ecb 3ec4970fe963454f801bb8a451b2d39a 52f4d1f43b404f13878f6c55304e0919 - - default default] Method 'is_advsvc' is deprecated since 2023.2 release (neutron-lib 3.8.0) and will be removed once support for the old RBAC API policies will be removed from Neutron. Please use method 'is_service_role' instead.
2026-07-08 16:50:56.195 10 INFO neutron.db.ovn_revision_numbers_db [None req-072f8ed2-a95f-4360-bd5a-65b5a4333d81 b99b838986634b1cb9b74d7834da00f0 b7bddfbe9c6747fb98cd263b675b4e5b - - default default] Successfully bumped revision number for resource ec0e8a8b-2f98-47e0-bde7-bf683a29b2f2 (type: networks) to 1
2026-07-08 16:50:56.277 10 INFO neutron.db.ovn_revision_numbers_db [None req-08d99a67-e6fa-4dfe-a961-1787ca6a6ecb 3ec4970fe963454f801bb8a451b2d39a 52f4d1f43b404f13878f6c55304e0919 - - default default] Successfully bumped revision number for resource 92758c39-6f82-4d8a-8647-c01e81ade6a7 (type: security_groups) to 1
2026-07-08 16:50:56.297 10 INFO neutron.db.ovn_revision_numbers_db [None req-08d99a67-e6fa-4dfe-a961-1787ca6a6ecb 3ec4970fe963454f801bb8a451b2d39a 52f4d1f43b404f13878f6c55304e0919 - - default default] Successfully bumped revision number for resource 0f003eaf-cafd-4019-85e2-1626361769cc (type: security_group_rules) to 0
2026-07-08 16:50:56.319 10 INFO neutron.db.ovn_revision_numbers_db [None req-08d99a67-e6fa-4dfe-a961-1787ca6a6ecb 3ec4970fe963454f801bb8a451b2d39a 52f4d1f43b404f13878f6c55304e0919 - - default default] Successfully bumped revision number for resource 3c7577e5-7e82-450c-87cd-6c1466779402 (type: security_group_rules) to 0
2026-07-08 16:50:56.335 10 INFO neutron.db.ovn_revision_numbers_db [None req-08d99a67-e6fa-4dfe-a961-1787ca6a6ecb 3ec4970fe963454f801bb8a451b2d39a 52f4d1f43b404f13878f6c55304e0919 - - default default] Successfully bumped revision number for resource 5c6ce7a0-a29a-45e5-bedc-735029347b09 (type: security_group_rules) to 0
2026-07-08 16:50:56.369 10 INFO neutron.db.ovn_revision_numbers_db [None req-08d99a67-e6fa-4dfe-a961-1787ca6a6ecb 3ec4970fe963454f801bb8a451b2d39a 52f4d1f43b404f13878f6c55304e0919 - - default default] Successfully bumped revision number for resource 8c9e1920-51d2-4f11-bdff-3df411c67d8e (type: security_group_rules) to 0
2026-07-08 16:50:56.402 10 WARNING neutron.scheduler.dhcp_agent_scheduler [None req-072f8ed2-a95f-4360-bd5a-65b5a4333d81 b99b838986634b1cb9b74d7834da00f0 b7bddfbe9c6747fb98cd263b675b4e5b - - default default] No more DHCP agents
2026-07-08 16:50:56.404 10 WARNING neutron.api.rpc.agentnotifiers.dhcp_rpc_agent_api [None req-072f8ed2-a95f-4360-bd5a-65b5a4333d81 b99b838986634b1cb9b74d7834da00f0 b7bddfbe9c6747fb98cd263b675b4e5b - - default default] Unable to schedule network ec0e8a8b-2f98-47e0-bde7-bf683a29b2f2: no agents available; will retry on subsequent port and subnet creation events.
2026-07-08 16:50:56.500 10 INFO neutron.db.ovn_revision_numbers_db [None req-072f8ed2-a95f-4360-bd5a-65b5a4333d81 b99b838986634b1cb9b74d7834da00f0 b7bddfbe9c6747fb98cd263b675b4e5b - - default default] Successfully bumped revision number for resource 1bc69e79-b3e7-450c-9f7a-e9ba2f2c2b2d (type: ports) to 1
2026-07-08 16:50:56.516 10 INFO neutron.db.ovn_revision_numbers_db [None req-08d99a67-e6fa-4dfe-a961-1787ca6a6ecb 3ec4970fe963454f801bb8a451b2d39a 52f4d1f43b404f13878f6c55304e0919 - - default default] Successfully bumped revision number for resource c46b40c9-9592-4e59-803a-689511257a0b (type: security_groups) to 1
2026-07-08 16:50:56.526 10 INFO neutron.api.wsgi [None req-072f8ed2-a95f-4360-bd5a-65b5a4333d81 b99b838986634b1cb9b74d7834da00f0 b7bddfbe9c6747fb98cd263b675b4e5b - - default default] 10.0.0.6 "POST /v2.0/networks HTTP/1.1" status: 201 len: 830 time: 0.8376918
2026-07-08 16:50:56.537 10 WARNING neutron_lib.context [None req-571c6e6d-9f01-4d89-80ac-16cc52742f7f b99b838986634b1cb9b74d7834da00f0 b7bddfbe9c6747fb98cd263b675b4e5b - - default default] Method 'is_advsvc' is deprecated since 2023.2 release (neutron-lib 3.8.0) and will be removed once support for the old RBAC API policies will be removed from Neutron. Please use method 'is_service_role' instead.
2026-07-08 16:50:56.540 10 INFO neutron.db.ovn_revision_numbers_db [None req-08d99a67-e6fa-4dfe-a961-1787ca6a6ecb 3ec4970fe963454f801bb8a451b2d39a 52f4d1f43b404f13878f6c55304e0919 - - default default] Successfully bumped revision number for resource 9b3ec1ee-1b1a-4a0c-84fc-7032ac0b36e8 (type: security_group_rules) to 0
2026-07-08 16:50:56.555 10 INFO neutron.db.ovn_revision_numbers_db [None req-08d99a67-e6fa-4dfe-a961-1787ca6a6ecb 3ec4970fe963454f801bb8a451b2d39a 52f4d1f43b404f13878f6c55304e0919 - - default default] Successfully bumped revision number for resource a4a7cff2-745b-4031-a6c2-45bb37103537 (type: security_group_rules) to 0
2026-07-08 16:50:56.589 10 INFO neutron.api.wsgi [None req-08d99a67-e6fa-4dfe-a961-1787ca6a6ecb 3ec4970fe963454f801bb8a451b2d39a 52f4d1f43b404f13878f6c55304e0919 - - default default] 10.0.0.6 "POST /v2.0/security-groups HTTP/1.1" status: 201 len: 1825 time: 0.6472874
2026-07-08 16:50:56.643 10 INFO neutron.api.wsgi [None req-730d39e4-7383-4b21-b262-5facf8e28889 3ec4970fe963454f801bb8a451b2d39a 52f4d1f43b404f13878f6c55304e0919 - - default default] 10.0.0.6 "GET /v2.0/security-groups HTTP/1.1" status: 200 len: 4725 time: 0.0485852
2026-07-08 16:50:56.743 10 INFO neutron.db.ovn_revision_numbers_db [None req-ef66a55e-fdb7-4980-9165-78e18bc0c5d7 3ec4970fe963454f801bb8a451b2d39a 52f4d1f43b404f13878f6c55304e0919 - - default default] Successfully bumped revision number for resource c46b40c9-9592-4e59-803a-689511257a0b (type: security_groups) to 2
2026-07-08 16:50:56.772 10 INFO neutron.api.wsgi [None req-ef66a55e-fdb7-4980-9165-78e18bc0c5d7 3ec4970fe963454f801bb8a451b2d39a 52f4d1f43b404f13878f6c55304e0919 - - default default] 10.0.0.6 "PUT /v2.0/security-groups/c46b40c9-9592-4e59-803a-689511257a0b HTTP/1.1" status: 200 len: 1859 time: 0.1241260
2026-07-08 16:50:56.802 9 INFO neutron.api.wsgi [None req-6848d823-3a53-4fdc-985d-d8fc48b749db 3ec4970fe963454f801bb8a451b2d39a 52f4d1f43b404f13878f6c55304e0919 - - default default] 10.0.0.6 "GET /v2.0/security-groups/c46b40c9-9592-4e59-803a-689511257a0b HTTP/1.1" status: 200 len: 1859 time: 0.0243099
2026-07-08 16:50:56.809 10 WARNING neutron.scheduler.dhcp_agent_scheduler [None req-571c6e6d-9f01-4d89-80ac-16cc52742f7f b99b838986634b1cb9b74d7834da00f0 b7bddfbe9c6747fb98cd263b675b4e5b - - default default] No more DHCP agents
2026-07-08 16:50:56.810 10 WARNING neutron.api.rpc.agentnotifiers.dhcp_rpc_agent_api [None req-571c6e6d-9f01-4d89-80ac-16cc52742f7f b99b838986634b1cb9b74d7834da00f0 b7bddfbe9c6747fb98cd263b675b4e5b - - default default] Unable to schedule network ec0e8a8b-2f98-47e0-bde7-bf683a29b2f2: no agents available; will retry on subsequent port and subnet creation events.
2026-07-08 16:50:56.887 10 INFO neutron.db.ovn_revision_numbers_db [None req-571c6e6d-9f01-4d89-80ac-16cc52742f7f b99b838986634b1cb9b74d7834da00f0 b7bddfbe9c6747fb98cd263b675b4e5b - - default default] Successfully bumped revision number for resource 1a69b014-0eae-4b5e-bbdf-417fe03c0fa3 (type: ports) to 1
2026-07-08 16:50:56.920 9 INFO neutron.api.wsgi [None req-755d5649-e011-4d97-9ed6-a489a0e39bf3 3ec4970fe963454f801bb8a451b2d39a 52f4d1f43b404f13878f6c55304e0919 - - default default] 10.0.0.6 "DELETE /v2.0/security-groups/c46b40c9-9592-4e59-803a-689511257a0b HTTP/1.1" status: 204 len: 168 time: 0.1128521
2026-07-08 16:50:56.922 10 INFO neutron.api.wsgi [None req-571c6e6d-9f01-4d89-80ac-16cc52742f7f b99b838986634b1cb9b74d7834da00f0 b7bddfbe9c6747fb98cd263b675b4e5b - - default default] 10.0.0.6 "POST /v2.0/ports HTTP/1.1" status: 201 len: 942 time: 0.3896272 /var/lib/openstack/lib/python3.12/site-packages/pycadf/identifier.py:71: UserWarning: Invalid uuid: neutron. To ensure interoperability, identifiers should be a valid uuid. warnings.warn(('Invalid uuid: %s. To ensure interoperability, '
2026-07-08 16:50:56.978 10 INFO neutron.api.wsgi [None req-752524da-e0dc-4a2c-b120-bb1345f9baaa 3ec4970fe963454f801bb8a451b2d39a 52f4d1f43b404f13878f6c55304e0919 - - default default] 10.0.0.6 "GET /v2.0/security-groups HTTP/1.1" status: 200 len: 3120 time: 0.0536819
2026-07-08 16:50:56.991 10 INFO neutron.api.wsgi [None req-030c39fe-1c66-4a12-bbb2-65088fc4e22e b99b838986634b1cb9b74d7834da00f0 b7bddfbe9c6747fb98cd263b675b4e5b - - default default] 10.0.0.6 "PUT /v2.0/ports/1a69b014-0eae-4b5e-bbdf-417fe03c0fa3/tags HTTP/1.1" status: 200 len: 218 time: 0.0648346
2026-07-08 16:50:56.993 10 INFO neutron.api.v2.resource [None req-3cd49829-e807-473f-a489-3954062e1cd4 3ec4970fe963454f801bb8a451b2d39a 52f4d1f43b404f13878f6c55304e0919 - - default default] delete failed (client error): The resource could not be found.
2026-07-08 16:50:56.994 10 INFO neutron.api.wsgi [None req-3cd49829-e807-473f-a489-3954062e1cd4 3ec4970fe963454f801bb8a451b2d39a 52f4d1f43b404f13878f6c55304e0919 - - default default] 10.0.0.6 "DELETE /v2.0/security-groups/c46b40c9-9592-4e59-803a-689511257a0b HTTP/1.1" status: 404 len: 347 time: 0.0104795
2026-07-08 16:50:57.005 10 WARNING neutron_lib.context [None req-f6485e7c-0696-45f0-8510-6d111d426547 3ec4970fe963454f801bb8a451b2d39a 52f4d1f43b404f13878f6c55304e0919 - - default default] Method 'is_advsvc' is deprecated since 2023.2 release (neutron-lib 3.8.0) and will be removed once support for the old RBAC API policies will be removed from Neutron. Please use method 'is_service_role' instead.
2026-07-08 16:50:57.033 10 INFO neutron.api.wsgi [None req-7c9cbc82-e272-4e60-9c8f-e460fc240ebc b99b838986634b1cb9b74d7834da00f0 b7bddfbe9c6747fb98cd263b675b4e5b - - default default] 10.0.0.6 "GET /v2.0/ports/1a69b014-0eae-4b5e-bbdf-417fe03c0fa3/tags HTTP/1.1" status: 200 len: 218 time: 0.0375869
2026-07-08 16:50:57.076 9 INFO neutron.api.wsgi [None req-155751b6-0558-4a46-9c45-1726b1728821 b99b838986634b1cb9b74d7834da00f0 b7bddfbe9c6747fb98cd263b675b4e5b - - default default] 10.0.0.6 "PUT /v2.0/ports/1a69b014-0eae-4b5e-bbdf-417fe03c0fa3/tags/green HTTP/1.1" status: 201 len: 201 time: 0.0380077
2026-07-08 16:50:57.107 9 INFO neutron.api.wsgi [None req-4f511b03-8f82-46fb-98cc-7733097d2820 b99b838986634b1cb9b74d7834da00f0 b7bddfbe9c6747fb98cd263b675b4e5b - - default default] 10.0.0.6 "GET /v2.0/ports/1a69b014-0eae-4b5e-bbdf-417fe03c0fa3/tags HTTP/1.1" status: 200 len: 227 time: 0.0251548
2026-07-08 16:50:57.108 10 INFO neutron.db.ovn_revision_numbers_db [None req-f6485e7c-0696-45f0-8510-6d111d426547 3ec4970fe963454f801bb8a451b2d39a 52f4d1f43b404f13878f6c55304e0919 - - default default] Successfully bumped revision number for resource 381ea6b8-74df-4a1f-875b-2f7645a1ffdb (type: security_groups) to 1
2026-07-08 16:50:57.128 10 INFO neutron.db.ovn_revision_numbers_db [None req-f6485e7c-0696-45f0-8510-6d111d426547 3ec4970fe963454f801bb8a451b2d39a 52f4d1f43b404f13878f6c55304e0919 - - default default] Successfully bumped revision number for resource 75aca8e7-5910-481f-8416-9c25a64886a2 (type: security_group_rules) to 0
2026-07-08 16:50:57.143 9 INFO neutron.api.wsgi [None req-6e82b056-f796-4f19-bbd3-a779016f68e6 b99b838986634b1cb9b74d7834da00f0 b7bddfbe9c6747fb98cd263b675b4e5b - - default default] 10.0.0.6 "PUT /v2.0/ports/1a69b014-0eae-4b5e-bbdf-417fe03c0fa3/tags/red HTTP/1.1" status: 201 len: 201 time: 0.0274096
2026-07-08 16:50:57.144 10 INFO neutron.db.ovn_revision_numbers_db [None req-f6485e7c-0696-45f0-8510-6d111d426547 3ec4970fe963454f801bb8a451b2d39a 52f4d1f43b404f13878f6c55304e0919 - - default default] Successfully bumped revision number for resource a3d3532e-3d23-4063-9528-7a6d1a821ab6 (type: security_group_rules) to 0
2026-07-08 16:50:57.178 9 INFO neutron.api.wsgi [None req-941a01d8-fe72-49d5-8e3d-c63c6576602e b99b838986634b1cb9b74d7834da00f0 b7bddfbe9c6747fb98cd263b675b4e5b - - default default] 10.0.0.6 "GET /v2.0/ports/1a69b014-0eae-4b5e-bbdf-417fe03c0fa3/tags HTTP/1.1" status: 200 len: 227 time: 0.0309072
2026-07-08 16:50:57.184 10 INFO neutron.api.wsgi [None req-f6485e7c-0696-45f0-8510-6d111d426547 3ec4970fe963454f801bb8a451b2d39a 52f4d1f43b404f13878f6c55304e0919 - - default default] 10.0.0.6 "POST /v2.0/security-groups HTTP/1.1" status: 201 len: 1825 time: 0.1827967
2026-07-08 16:50:57.194 9 WARNING neutron_lib.context [None req-097475bb-92e6-41c2-ab67-8f816a09b27f 3ec4970fe963454f801bb8a451b2d39a 52f4d1f43b404f13878f6c55304e0919 - - default default] Method 'is_advsvc' is deprecated since 2023.2 release (neutron-lib 3.8.0) and will be removed once support for the old RBAC API policies will be removed from Neutron. Please use method 'is_service_role' instead.
2026-07-08 16:50:57.237 9 INFO neutron.api.wsgi [None req-6c303770-7f02-461c-96bc-3152b29d126f b99b838986634b1cb9b74d7834da00f0 b7bddfbe9c6747fb98cd263b675b4e5b - - default default] 10.0.0.6 "PUT /v2.0/ports/1a69b014-0eae-4b5e-bbdf-417fe03c0fa3/tags/black.or.white HTTP/1.1" status: 201 len: 201 time: 0.0540111
2026-07-08 16:50:57.274 9 INFO neutron.api.wsgi [None req-a9dcb88e-d870-4362-98b8-46eac80a51e0 b99b838986634b1cb9b74d7834da00f0 b7bddfbe9c6747fb98cd263b675b4e5b - - default default] 10.0.0.6 "GET /v2.0/ports/1a69b014-0eae-4b5e-bbdf-417fe03c0fa3/tags HTTP/1.1" status: 200 len: 245 time: 0.0326066
2026-07-08 16:50:57.338 9 INFO neutron.api.wsgi [None req-928a41da-d859-4b46-b00a-0bbead7604d2 b99b838986634b1cb9b74d7834da00f0 b7bddfbe9c6747fb98cd263b675b4e5b - - default default] 10.0.0.6 "PUT /v2.0/ports/1a69b014-0eae-4b5e-bbdf-417fe03c0fa3/tags HTTP/1.1" status: 200 len: 230 time: 0.0587034
2026-07-08 16:50:57.343 9 INFO neutron.db.ovn_revision_numbers_db [None req-097475bb-92e6-41c2-ab67-8f816a09b27f 3ec4970fe963454f801bb8a451b2d39a 52f4d1f43b404f13878f6c55304e0919 - - default default] Successfully bumped revision number for resource 7a7dc9db-e435-4812-b822-010c4ca4ce8d (type: security_group_rules) to 0
2026-07-08 16:50:57.376 9 INFO neutron.api.wsgi [None req-097475bb-92e6-41c2-ab67-8f816a09b27f 3ec4970fe963454f801bb8a451b2d39a 52f4d1f43b404f13878f6c55304e0919 - - default default] 10.0.0.6 "POST /v2.0/security-group-rules HTTP/1.1" status: 201 len: 800 time: 0.1878338
2026-07-08 16:50:57.381 10 INFO neutron.api.wsgi [None req-9f26ab51-6dda-4e4a-bd57-31420e740709 b99b838986634b1cb9b74d7834da00f0 b7bddfbe9c6747fb98cd263b675b4e5b - - default default] 10.0.0.6 "GET /v2.0/ports/1a69b014-0eae-4b5e-bbdf-417fe03c0fa3/tags HTTP/1.1" status: 200 len: 230 time: 0.0374997
2026-07-08 16:50:57.429 10 INFO neutron.api.wsgi [None req-0438b7c5-e59d-4741-b455-399c3a025ad7 3ec4970fe963454f801bb8a451b2d39a 52f4d1f43b404f13878f6c55304e0919 - - default default] 10.0.0.6 "GET /v2.0/security-group-rules/7a7dc9db-e435-4812-b822-010c4ca4ce8d HTTP/1.1" status: 200 len: 795 time: 0.0491085
2026-07-08 16:50:57.434 10 INFO neutron.api.wsgi [None req-c932e541-4c70-4f51-b1c8-992ef9c74367 b99b838986634b1cb9b74d7834da00f0 b7bddfbe9c6747fb98cd263b675b4e5b - - default default] 10.0.0.6 "GET /v2.0/ports/1a69b014-0eae-4b5e-bbdf-417fe03c0fa3/tags/red HTTP/1.1" status: 204 len: 168 time: 0.0477409
2026-07-08 16:50:57.465 10 INFO neutron.api.v2.resource [None req-86fd42db-176b-48bd-842a-3c6a68aaa1e1 b99b838986634b1cb9b74d7834da00f0 b7bddfbe9c6747fb98cd263b675b4e5b - - default default] show failed (client error): The resource could not be found.
2026-07-08 16:50:57.466 10 INFO neutron.api.wsgi [None req-86fd42db-176b-48bd-842a-3c6a68aaa1e1 b99b838986634b1cb9b74d7834da00f0 b7bddfbe9c6747fb98cd263b675b4e5b - - default default] 10.0.0.6 "GET /v2.0/ports/1a69b014-0eae-4b5e-bbdf-417fe03c0fa3/tags/green HTTP/1.1" status: 404 len: 299 time: 0.0286636
2026-07-08 16:50:57.513 9 INFO neutron.api.wsgi [None req-2100e9bf-7429-4545-b679-a321cc4bcdec 3ec4970fe963454f801bb8a451b2d39a 52f4d1f43b404f13878f6c55304e0919 - - default default] 10.0.0.6 "GET /v2.0/security-group-rules HTTP/1.1" status: 200 len: 4333 time: 0.0788958
2026-07-08 16:50:57.532 10 INFO neutron.api.wsgi [None req-2ae434ca-3dda-4942-aa56-6eddb0156324 b99b838986634b1cb9b74d7834da00f0 b7bddfbe9c6747fb98cd263b675b4e5b - - default default] 10.0.0.6 "DELETE /v2.0/ports/1a69b014-0eae-4b5e-bbdf-417fe03c0fa3/tags/red HTTP/1.1" status: 204 len: 168 time: 0.0573878
2026-07-08 16:50:57.584 10 INFO neutron.api.wsgi [None req-e48bdf45-da6b-4087-a24c-7180434966d5 b99b838986634b1cb9b74d7834da00f0 b7bddfbe9c6747fb98cd263b675b4e5b - - default default] 10.0.0.6 "GET /v2.0/ports/1a69b014-0eae-4b5e-bbdf-417fe03c0fa3/tags HTTP/1.1" status: 200 len: 223 time: 0.0470877
2026-07-08 16:50:57.623 10 INFO neutron.api.v2.resource [None req-077aab7d-79b1-4e72-b902-0f231637e3fe b99b838986634b1cb9b74d7834da00f0 b7bddfbe9c6747fb98cd263b675b4e5b - - default default] delete failed (client error): The resource could not be found.
2026-07-08 16:50:57.624 10 INFO neutron.api.wsgi [None req-077aab7d-79b1-4e72-b902-0f231637e3fe b99b838986634b1cb9b74d7834da00f0 b7bddfbe9c6747fb98cd263b675b4e5b - - default default] 10.0.0.6 "DELETE /v2.0/ports/1a69b014-0eae-4b5e-bbdf-417fe03c0fa3/tags/green HTTP/1.1" status: 404 len: 299 time: 0.0359404
2026-07-08 16:50:57.667 10 INFO neutron.api.wsgi [None req-a24729d5-c903-435a-bea0-4c92f8372f98 b99b838986634b1cb9b74d7834da00f0 b7bddfbe9c6747fb98cd263b675b4e5b - - default default] 10.0.0.6 "DELETE /v2.0/ports/1a69b014-0eae-4b5e-bbdf-417fe03c0fa3/tags HTTP/1.1" status: 204 len: 168 time: 0.0387664
2026-07-08 16:50:57.700 10 INFO neutron.api.wsgi [None req-f84ad2a5-a0d0-4785-8fc6-9c07f1d086e1 b99b838986634b1cb9b74d7834da00f0 b7bddfbe9c6747fb98cd263b675b4e5b - - default default] 10.0.0.6 "GET /v2.0/ports/1a69b014-0eae-4b5e-bbdf-417fe03c0fa3/tags HTTP/1.1" status: 200 len: 205 time: 0.0287483
2026-07-08 16:50:57.929 9 INFO neutron.api.wsgi [None req-26ba40b4-d9c2-4c5c-9ce3-136e15e2edcb 3ec4970fe963454f801bb8a451b2d39a 52f4d1f43b404f13878f6c55304e0919 - - default default] 10.0.0.6 "DELETE /v2.0/security-group-rules/7a7dc9db-e435-4812-b822-010c4ca4ce8d HTTP/1.1" status: 204 len: 168 time: 0.4103434
2026-07-08 16:50:57.946 10 INFO neutron.api.wsgi [None req-582f460e-0eae-4c64-81b6-9e7f64b3378c b99b838986634b1cb9b74d7834da00f0 b7bddfbe9c6747fb98cd263b675b4e5b - - default default] 10.0.0.6 "DELETE /v2.0/ports/1a69b014-0eae-4b5e-bbdf-417fe03c0fa3 HTTP/1.1" status: 204 len: 168 time: 0.2351134
2026-07-08 16:50:57.987 9 INFO neutron.api.wsgi [None req-c462c5b1-59a4-42ca-85d4-76a3de446dd5 3ec4970fe963454f801bb8a451b2d39a 52f4d1f43b404f13878f6c55304e0919 - - default default] 10.0.0.6 "GET /v2.0/security-group-rules HTTP/1.1" status: 200 len: 3755 time: 0.0527377
2026-07-08 16:50:57.996 9 WARNING neutron_lib.context [None req-697ca1f4-26c7-4bca-bf9e-11d2df3cd83a 3ec4970fe963454f801bb8a451b2d39a 52f4d1f43b404f13878f6c55304e0919 - - default default] Method 'is_advsvc' is deprecated since 2023.2 release (neutron-lib 3.8.0) and will be removed once support for the old RBAC API policies will be removed from Neutron. Please use method 'is_service_role' instead.
2026-07-08 16:50:58.106 9 INFO neutron.db.ovn_revision_numbers_db [None req-697ca1f4-26c7-4bca-bf9e-11d2df3cd83a 3ec4970fe963454f801bb8a451b2d39a 52f4d1f43b404f13878f6c55304e0919 - - default default] Successfully bumped revision number for resource a7315a59-6ea2-444c-b489-083e7228865b (type: security_group_rules) to 0
2026-07-08 16:50:58.138 9 INFO neutron.api.wsgi [None req-697ca1f4-26c7-4bca-bf9e-11d2df3cd83a 3ec4970fe963454f801bb8a451b2d39a 52f4d1f43b404f13878f6c55304e0919 - - default default] 10.0.0.6 "POST /v2.0/security-group-rules HTTP/1.1" status: 201 len: 800 time: 0.1466343
