2026-07-08 16:47:09.925 10 WARNING neutron.api.rpc.agentnotifiers.dhcp_rpc_agent_api [None req-cb3db84d-b116-499f-b6af-03c57b4dfac9 8057a3b54f3c49eb8c48efc6513d7feb 6ccd7419d0ec40d0b630d2276fdc26f8 - - default default] Unable to schedule network 60877b53-79eb-4c99-8c83-b48560654c7d: no agents available; will retry on subsequent port and subnet creation events.
2026-07-08 16:47:09.946 9 INFO neutron.db.ovn_revision_numbers_db [None req-46ea0b28-cdc8-4d86-9e24-16484d43425f 8057a3b54f3c49eb8c48efc6513d7feb 6ccd7419d0ec40d0b630d2276fdc26f8 - - default default] Successfully bumped revision number for resource 564e6924-322a-4a3d-8f68-f3d38cfa8d20 (type: ports) to 1
2026-07-08 16:47:10.008 9 WARNING neutron.scheduler.dhcp_agent_scheduler [None req-46ea0b28-cdc8-4d86-9e24-16484d43425f 8057a3b54f3c49eb8c48efc6513d7feb 6ccd7419d0ec40d0b630d2276fdc26f8 - - default default] No more DHCP agents
2026-07-08 16:47:10.010 9 WARNING neutron.api.rpc.agentnotifiers.dhcp_rpc_agent_api [None req-46ea0b28-cdc8-4d86-9e24-16484d43425f 8057a3b54f3c49eb8c48efc6513d7feb 6ccd7419d0ec40d0b630d2276fdc26f8 - - default default] Unable to schedule network b12de414-e696-4082-aed5-f89c51a98396: no agents available; will retry on subsequent port and subnet creation events.
2026-07-08 16:47:10.129 10 INFO neutron.db.ovn_revision_numbers_db [None req-6de2e334-9b05-4045-8853-2cf1cc24fc2c - - - - - -] Successfully bumped revision number for resource 2f987938-a703-4bf0-8670-b3422e39eea7 (type: ports) to 2
2026-07-08 16:47:10.189 10 INFO neutron.db.ovn_revision_numbers_db [None req-6de2e334-9b05-4045-8853-2cf1cc24fc2c - - - - - -] Successfully bumped revision number for resource 569c3c31-eb86-454b-97c2-f809ae341ecf (type: subnets) to 0
2026-07-08 16:47:10.210 10 INFO neutron.api.wsgi [None req-3a16e098-127f-4342-9b51-9e988a17befd 8057a3b54f3c49eb8c48efc6513d7feb 6ccd7419d0ec40d0b630d2276fdc26f8 - - default default] 10.0.0.6 "POST /v2.0/subnets HTTP/1.1" status: 201 len: 898 time: 1.0978627
2026-07-08 16:47:10.328 10 INFO neutron.db.ovn_revision_numbers_db [None req-355f0fba-b592-4f81-b4cf-71f367cec9e7 - - - - - -] Successfully bumped revision number for resource 05c7f8f0-03b6-479a-afc7-b5a82965f8a5 (type: ports) to 1
2026-07-08 16:47:10.550 9 INFO neutron.plugins.ml2.drivers.ovn.mech_driver.mech_driver [None req-7e46dba6-007b-4a1b-9690-651134118899 - - - - - -] OVN reports status up for port: 05c7f8f0-03b6-479a-afc7-b5a82965f8a5
2026-07-08 16:47:10.584 9 INFO neutron.plugins.ml2.plugin [None req-7e46dba6-007b-4a1b-9690-651134118899 - - - - - -] Attempt 1 to provision port 05c7f8f0-03b6-479a-afc7-b5a82965f8a5
2026-07-08 16:47:10.600 9 INFO neutron.db.ovn_revision_numbers_db [None req-999778ab-0ec8-4b86-baf0-b605ae99d324 8057a3b54f3c49eb8c48efc6513d7feb 6ccd7419d0ec40d0b630d2276fdc26f8 - - default default] Successfully bumped revision number for resource d3d59a56-c8b4-49f5-8829-b172e075778f (type: router_ports) to 1
2026-07-08 16:47:10.609 9 INFO neutron.api.wsgi [None req-999778ab-0ec8-4b86-baf0-b605ae99d324 8057a3b54f3c49eb8c48efc6513d7feb 6ccd7419d0ec40d0b630d2276fdc26f8 - - default default] 10.0.0.6 "PUT /v2.0/routers/51ee66d1-07b8-4383-afaf-237d59a69bcc/add_router_interface HTTP/1.1" status: 200 len: 503 time: 2.9039724
2026-07-08 16:47:10.754 10 INFO neutron.db.ovn_revision_numbers_db [None req-355f0fba-b592-4f81-b4cf-71f367cec9e7 - - - - - -] Successfully bumped revision number for resource 05c7f8f0-03b6-479a-afc7-b5a82965f8a5 (type: ports) to 4
2026-07-08 16:47:10.771 10 INFO neutron.db.ovn_revision_numbers_db [None req-cb3db84d-b116-499f-b6af-03c57b4dfac9 8057a3b54f3c49eb8c48efc6513d7feb 6ccd7419d0ec40d0b630d2276fdc26f8 - - default default] Successfully bumped revision number for resource 76a5ea0a-a332-42bf-9c2c-14521a518c2f (type: router_ports) to 1
2026-07-08 16:47:10.780 10 INFO neutron.api.wsgi [None req-cb3db84d-b116-499f-b6af-03c57b4dfac9 8057a3b54f3c49eb8c48efc6513d7feb 6ccd7419d0ec40d0b630d2276fdc26f8 - - default default] 10.0.0.6 "PUT /v2.0/routers/415bfadf-1a7d-4342-867f-1a9e9804134b/add_router_interface HTTP/1.1" status: 200 len: 503 time: 2.9217770
2026-07-08 16:47:10.946 10 INFO neutron.plugins.ml2.drivers.ovn.mech_driver.mech_driver [None req-d701987c-6209-495e-81f2-7d402181977e - - - - - -] OVN reports status up for port: 564e6924-322a-4a3d-8f68-f3d38cfa8d20
2026-07-08 16:47:10.953 10 INFO neutron.plugins.ml2.plugin [None req-d701987c-6209-495e-81f2-7d402181977e - - - - - -] Attempt 1 to provision port 564e6924-322a-4a3d-8f68-f3d38cfa8d20
2026-07-08 16:47:10.973 9 WARNING neutron.scheduler.dhcp_agent_scheduler [None req-9642bd9f-2dfd-4b74-9d9f-bf26a9105878 8057a3b54f3c49eb8c48efc6513d7feb 6ccd7419d0ec40d0b630d2276fdc26f8 - - default default] No more DHCP agents
2026-07-08 16:47:10.976 9 WARNING neutron.api.rpc.agentnotifiers.dhcp_rpc_agent_api [None req-9642bd9f-2dfd-4b74-9d9f-bf26a9105878 8057a3b54f3c49eb8c48efc6513d7feb 6ccd7419d0ec40d0b630d2276fdc26f8 - - default default] Unable to schedule network 3327b290-1c6c-4d62-b112-8c73cb43a3b2: no agents available; will retry on subsequent port and subnet creation events.
2026-07-08 16:47:11.180 9 INFO neutron.db.ovn_revision_numbers_db [None req-9642bd9f-2dfd-4b74-9d9f-bf26a9105878 8057a3b54f3c49eb8c48efc6513d7feb 6ccd7419d0ec40d0b630d2276fdc26f8 - - default default] Successfully bumped revision number for resource e4e84dc8-8460-4d3e-9e59-6cd1111d0296 (type: ports) to 1
2026-07-08 16:47:11.218 9 INFO neutron.db.ovn_revision_numbers_db [None req-7e46dba6-007b-4a1b-9690-651134118899 - - - - - -] Successfully bumped revision number for resource 05c7f8f0-03b6-479a-afc7-b5a82965f8a5 (type: ports) to 5
2026-07-08 16:47:11.244 9 INFO neutron.db.ovn_revision_numbers_db [None req-46ea0b28-cdc8-4d86-9e24-16484d43425f 8057a3b54f3c49eb8c48efc6513d7feb 6ccd7419d0ec40d0b630d2276fdc26f8 - - default default] Successfully bumped revision number for resource 564e6924-322a-4a3d-8f68-f3d38cfa8d20 (type: router_ports) to 1
2026-07-08 16:47:11.249 9 INFO neutron.api.wsgi [None req-46ea0b28-cdc8-4d86-9e24-16484d43425f 8057a3b54f3c49eb8c48efc6513d7feb 6ccd7419d0ec40d0b630d2276fdc26f8 - - default default] 10.0.0.6 "PUT /v2.0/routers/845688ef-f162-4d6a-8291-0f83dc6eb347/add_router_interface HTTP/1.1" status: 200 len: 503 time: 3.1554892
2026-07-08 16:47:11.308 10 WARNING neutron_lib.context [None req-286b8fe4-a28a-4563-b8fb-4ac5ba5b6756 1681f4f6faeb4b54bd72fdec54451c4b 053b6240dd2a4d5eb68d05af7fb1540a - - default default] Method 'is_advsvc' is deprecated since 2023.2 release (neutron-lib 3.8.0) and will be removed once support for the old RBAC API policies will be removed from Neutron. Please use method 'is_service_role' instead.
2026-07-08 16:47:11.331 9 INFO neutron.plugins.ml2.drivers.ovn.mech_driver.mech_driver [None req-7e9ae07b-3025-4322-8531-a29cb094468a - - - - - -] OVN reports status up for port: d3d59a56-c8b4-49f5-8829-b172e075778f
2026-07-08 16:47:11.339 9 INFO neutron.plugins.ml2.plugin [None req-7e9ae07b-3025-4322-8531-a29cb094468a - - - - - -] Attempt 1 to provision port d3d59a56-c8b4-49f5-8829-b172e075778f
2026-07-08 16:47:11.449 10 INFO neutron.db.ovn_revision_numbers_db [None req-286b8fe4-a28a-4563-b8fb-4ac5ba5b6756 1681f4f6faeb4b54bd72fdec54451c4b 053b6240dd2a4d5eb68d05af7fb1540a - - default default] Successfully bumped revision number for resource b1c2b798-8560-491b-bd1b-981bd771a8cf (type: security_groups) to 1
2026-07-08 16:47:11.484 10 INFO neutron.db.ovn_revision_numbers_db [None req-286b8fe4-a28a-4563-b8fb-4ac5ba5b6756 1681f4f6faeb4b54bd72fdec54451c4b 053b6240dd2a4d5eb68d05af7fb1540a - - default default] Successfully bumped revision number for resource dd83e87e-8f81-4967-8c7c-b07633082f9a (type: security_group_rules) to 0
2026-07-08 16:47:11.519 10 INFO neutron.db.ovn_revision_numbers_db [None req-286b8fe4-a28a-4563-b8fb-4ac5ba5b6756 1681f4f6faeb4b54bd72fdec54451c4b 053b6240dd2a4d5eb68d05af7fb1540a - - default default] Successfully bumped revision number for resource fdcd22c1-dfde-4c2d-9cc8-e31a09693e51 (type: security_group_rules) to 0
2026-07-08 16:47:11.554 9 WARNING neutron_lib.context [req-e84cc363-bc03-4e58-8dee-ada732946093 req-ca76e941-9d67-4f1d-8d33-27af8987510c f21955cb61ad4372988a27ecb1e451c8 4a2b7483c6654016994db7f8402d7685 - - default default] Method 'is_advsvc' is deprecated since 2023.2 release (neutron-lib 3.8.0) and will be removed once support for the old RBAC API policies will be removed from Neutron. Please use method 'is_service_role' instead.
2026-07-08 16:47:11.583 10 INFO neutron.api.wsgi [None req-286b8fe4-a28a-4563-b8fb-4ac5ba5b6756 1681f4f6faeb4b54bd72fdec54451c4b 053b6240dd2a4d5eb68d05af7fb1540a - - default default] 10.0.0.6 "POST /v2.0/security-groups HTTP/1.1" status: 201 len: 1861 time: 0.2792087
2026-07-08 16:47:11.590 10 WARNING neutron_lib.context [None req-d65b1206-6631-423c-a27c-7107505c8546 1681f4f6faeb4b54bd72fdec54451c4b 053b6240dd2a4d5eb68d05af7fb1540a - - default default] Method 'is_advsvc' is deprecated since 2023.2 release (neutron-lib 3.8.0) and will be removed once support for the old RBAC API policies will be removed from Neutron. Please use method 'is_service_role' instead.
2026-07-08 16:47:11.592 10 INFO neutron.db.ovn_revision_numbers_db [None req-d701987c-6209-495e-81f2-7d402181977e - - - - - -] Successfully bumped revision number for resource 564e6924-322a-4a3d-8f68-f3d38cfa8d20 (type: ports) to 2
2026-07-08 16:47:11.725 9 INFO neutron.db.ovn_revision_numbers_db [req-e84cc363-bc03-4e58-8dee-ada732946093 req-ca76e941-9d67-4f1d-8d33-27af8987510c f21955cb61ad4372988a27ecb1e451c8 4a2b7483c6654016994db7f8402d7685 - - default default] Successfully bumped revision number for resource 9f3dce7e-b385-44f5-9962-39426ab831e6 (type: security_groups) to 1
2026-07-08 16:47:11.740 10 INFO neutron.db.ovn_revision_numbers_db [None req-d65b1206-6631-423c-a27c-7107505c8546 1681f4f6faeb4b54bd72fdec54451c4b 053b6240dd2a4d5eb68d05af7fb1540a - - default default] Successfully bumped revision number for resource c8ef8a1e-aee3-4855-a837-79964638b6e7 (type: security_group_rules) to 0
2026-07-08 16:47:11.748 9 INFO neutron.db.ovn_revision_numbers_db [req-e84cc363-bc03-4e58-8dee-ada732946093 req-ca76e941-9d67-4f1d-8d33-27af8987510c f21955cb61ad4372988a27ecb1e451c8 4a2b7483c6654016994db7f8402d7685 - - default default] Successfully bumped revision number for resource 72d67459-eaa8-4e61-bfaa-bd0177eed939 (type: security_group_rules) to 0
2026-07-08 16:47:11.768 9 INFO neutron.db.ovn_revision_numbers_db [req-e84cc363-bc03-4e58-8dee-ada732946093 req-ca76e941-9d67-4f1d-8d33-27af8987510c f21955cb61ad4372988a27ecb1e451c8 4a2b7483c6654016994db7f8402d7685 - - default default] Successfully bumped revision number for resource ac4c4771-865e-4dde-baa9-7f2c32644972 (type: security_group_rules) to 0
2026-07-08 16:47:11.773 10 INFO neutron.api.wsgi [None req-d65b1206-6631-423c-a27c-7107505c8546 1681f4f6faeb4b54bd72fdec54451c4b 053b6240dd2a4d5eb68d05af7fb1540a - - default default] 10.0.0.6 "POST /v2.0/security-group-rules HTTP/1.1" status: 201 len: 796 time: 0.1854122
2026-07-08 16:47:11.784 10 WARNING neutron_lib.context [None req-470aea46-2ab4-46ce-9abd-78903c0ec0bd 1681f4f6faeb4b54bd72fdec54451c4b 053b6240dd2a4d5eb68d05af7fb1540a - - default default] Method 'is_advsvc' is deprecated since 2023.2 release (neutron-lib 3.8.0) and will be removed once support for the old RBAC API policies will be removed from Neutron. Please use method 'is_service_role' instead.
2026-07-08 16:47:11.800 10 WARNING neutron_lib.context [None req-449c8b45-5442-4d2a-ae8f-c968ff2c0cb5 84eb45580748423386a784b1062caa72 bb8049e703254c1f8306bc1fdbc88947 - - default default] Method 'is_advsvc' is deprecated since 2023.2 release (neutron-lib 3.8.0) and will be removed once support for the old RBAC API policies will be removed from Neutron. Please use method 'is_service_role' instead.
2026-07-08 16:47:11.830 9 INFO neutron.api.wsgi [req-e84cc363-bc03-4e58-8dee-ada732946093 req-ca76e941-9d67-4f1d-8d33-27af8987510c f21955cb61ad4372988a27ecb1e451c8 4a2b7483c6654016994db7f8402d7685 - - default default] 10.0.0.89 "POST /v2.0/security-groups HTTP/1.1" status: 201 len: 1890 time: 0.3255489
2026-07-08 16:47:11.918 10 INFO neutron.db.ovn_revision_numbers_db [None req-470aea46-2ab4-46ce-9abd-78903c0ec0bd 1681f4f6faeb4b54bd72fdec54451c4b 053b6240dd2a4d5eb68d05af7fb1540a - - default default] Successfully bumped revision number for resource 932103c9-661d-4593-8d87-398ff9e6a9de (type: security_group_rules) to 0
2026-07-08 16:47:11.938 10 INFO neutron.db.ovn_revision_numbers_db [None req-449c8b45-5442-4d2a-ae8f-c968ff2c0cb5 84eb45580748423386a784b1062caa72 bb8049e703254c1f8306bc1fdbc88947 - - default default] Successfully bumped revision number for resource eab866d5-81cc-4385-8a1e-35589d17902c (type: security_groups) to 1
2026-07-08 16:47:11.963 9 INFO neutron.db.ovn_revision_numbers_db [None req-7e9ae07b-3025-4322-8531-a29cb094468a - - - - - -] Successfully bumped revision number for resource d3d59a56-c8b4-49f5-8829-b172e075778f (type: ports) to 2
2026-07-08 16:47:11.965 10 INFO neutron.api.wsgi [None req-470aea46-2ab4-46ce-9abd-78903c0ec0bd 1681f4f6faeb4b54bd72fdec54451c4b 053b6240dd2a4d5eb68d05af7fb1540a - - default default] 10.0.0.6 "POST /v2.0/security-group-rules HTTP/1.1" status: 201 len: 801 time: 0.1855168
2026-07-08 16:47:11.968 10 INFO neutron.db.ovn_revision_numbers_db [None req-449c8b45-5442-4d2a-ae8f-c968ff2c0cb5 84eb45580748423386a784b1062caa72 bb8049e703254c1f8306bc1fdbc88947 - - default default] Successfully bumped revision number for resource 0895e187-60c3-438f-b3c9-7541e7762b8e (type: security_group_rules) to 0
2026-07-08 16:47:11.974 10 WARNING neutron_lib.context [None req-92290d5a-a6ab-4d85-98b3-af3511ca6dc2 1681f4f6faeb4b54bd72fdec54451c4b 053b6240dd2a4d5eb68d05af7fb1540a - - default default] Method 'is_advsvc' is deprecated since 2023.2 release (neutron-lib 3.8.0) and will be removed once support for the old RBAC API policies will be removed from Neutron. Please use method 'is_service_role' instead.
2026-07-08 16:47:12.009 10 INFO neutron.db.ovn_revision_numbers_db [None req-449c8b45-5442-4d2a-ae8f-c968ff2c0cb5 84eb45580748423386a784b1062caa72 bb8049e703254c1f8306bc1fdbc88947 - - default default] Successfully bumped revision number for resource a447b21e-a809-4fdc-b226-e8562e64daf8 (type: security_group_rules) to 0
2026-07-08 16:47:12.034 9 INFO neutron.plugins.ml2.drivers.ovn.mech_driver.ovsdb.commands [None req-7b809bc7-c0b6-4f3f-ba69-196bef0feaf2 - - - - - -] Schedule LRP lrp-e4e84dc8-8460-4d3e-9e59-6cd1111d0296 on gateway 76ad43af-606c-4232-9d02-361c52f14b55 with priority 1
2026-07-08 16:47:12.043 10 INFO neutron.api.wsgi [None req-449c8b45-5442-4d2a-ae8f-c968ff2c0cb5 84eb45580748423386a784b1062caa72 bb8049e703254c1f8306bc1fdbc88947 - - default default] 10.0.0.6 "POST /v2.0/security-groups HTTP/1.1" status: 201 len: 1860 time: 0.2482142
2026-07-08 16:47:12.054 10 WARNING neutron_lib.context [None req-d4d67cf6-fb67-429f-bb7e-be06c68eecf5 84eb45580748423386a784b1062caa72 bb8049e703254c1f8306bc1fdbc88947 - - default default] Method 'is_advsvc' is deprecated since 2023.2 release (neutron-lib 3.8.0) and will be removed once support for the old RBAC API policies will be removed from Neutron. Please use method 'is_service_role' instead.
2026-07-08 16:47:12.067 9 INFO neutron.plugins.ml2.drivers.ovn.mech_driver.ovsdb.ovsdb_monitor [None req-6bf8009a-9f4c-4aa3-aa04-bc34e3909f1a - - - - - -] Router 4b0d5e4f-386c-4869-95db-16b24943a734 is bound to host instance
2026-07-08 16:47:12.091 9 INFO neutron.db.ovn_revision_numbers_db [None req-9642bd9f-2dfd-4b74-9d9f-bf26a9105878 8057a3b54f3c49eb8c48efc6513d7feb 6ccd7419d0ec40d0b630d2276fdc26f8 - - default default] Successfully bumped revision number for resource e4e84dc8-8460-4d3e-9e59-6cd1111d0296 (type: router_ports) to 1
2026-07-08 16:47:12.161 9 INFO neutron.db.ovn_revision_numbers_db [None req-9642bd9f-2dfd-4b74-9d9f-bf26a9105878 8057a3b54f3c49eb8c48efc6513d7feb 6ccd7419d0ec40d0b630d2276fdc26f8 - - default default] Successfully bumped revision number for resource 4b0d5e4f-386c-4869-95db-16b24943a734 (type: routers) to 2
2026-07-08 16:47:12.177 9 INFO neutron.api.wsgi [None req-9642bd9f-2dfd-4b74-9d9f-bf26a9105878 8057a3b54f3c49eb8c48efc6513d7feb 6ccd7419d0ec40d0b630d2276fdc26f8 - - default default] 10.0.0.6 "POST /v2.0/routers HTTP/1.1" status: 201 len: 1176 time: 1.9607892
2026-07-08 16:47:12.234 10 INFO neutron.db.ovn_revision_numbers_db [None req-d4d67cf6-fb67-429f-bb7e-be06c68eecf5 84eb45580748423386a784b1062caa72 bb8049e703254c1f8306bc1fdbc88947 - - default default] Successfully bumped revision number for resource 278920e1-bd4d-4eae-9cad-a5417c786a84 (type: security_group_rules) to 0
2026-07-08 16:47:12.267 10 WARNING neutron.scheduler.dhcp_agent_scheduler [None req-92290d5a-a6ab-4d85-98b3-af3511ca6dc2 1681f4f6faeb4b54bd72fdec54451c4b 053b6240dd2a4d5eb68d05af7fb1540a - - default default] No more DHCP agents
2026-07-08 16:47:12.268 10 WARNING neutron.api.rpc.agentnotifiers.dhcp_rpc_agent_api [None req-92290d5a-a6ab-4d85-98b3-af3511ca6dc2 1681f4f6faeb4b54bd72fdec54451c4b 053b6240dd2a4d5eb68d05af7fb1540a - - default default] Unable to schedule network 3327b290-1c6c-4d62-b112-8c73cb43a3b2: no agents available; will retry on subsequent port and subnet creation events.
2026-07-08 16:47:12.277 10 INFO neutron.api.wsgi [None req-d4d67cf6-fb67-429f-bb7e-be06c68eecf5 84eb45580748423386a784b1062caa72 bb8049e703254c1f8306bc1fdbc88947 - - default default] 10.0.0.6 "POST /v2.0/security-group-rules HTTP/1.1" status: 201 len: 796 time: 0.2278736
2026-07-08 16:47:12.290 9 WARNING neutron_lib.context [None req-dba10888-e344-46c7-877f-3c69af4b1304 84eb45580748423386a784b1062caa72 bb8049e703254c1f8306bc1fdbc88947 - - default default] Method 'is_advsvc' is deprecated since 2023.2 release (neutron-lib 3.8.0) and will be removed once support for the old RBAC API policies will be removed from Neutron. Please use method 'is_service_role' instead.
2026-07-08 16:47:12.317 10 INFO neutron.api.wsgi [req-a5f2709e-7be9-46cc-9cd1-0ce90d75950c req-6d593575-44dd-421b-9973-ac27f3334106 f21955cb61ad4372988a27ecb1e451c8 4a2b7483c6654016994db7f8402d7685 - - default default] 10.0.0.89 "GET /v2.0/security-groups/9f3dce7e-b385-44f5-9962-39426ab831e6 HTTP/1.1" status: 200 len: 1885 time: 0.1153460
2026-07-08 16:47:12.341 10 WARNING neutron_lib.context [req-a5f2709e-7be9-46cc-9cd1-0ce90d75950c req-63915161-1f48-45c8-aee0-3a0e7bab72c1 f21955cb61ad4372988a27ecb1e451c8 4a2b7483c6654016994db7f8402d7685 - - default default] Method 'is_advsvc' is deprecated since 2023.2 release (neutron-lib 3.8.0) and will be removed once support for the old RBAC API policies will be removed from Neutron. Please use method 'is_service_role' instead.
2026-07-08 16:47:12.517 10 INFO neutron.db.ovn_revision_numbers_db [req-a5f2709e-7be9-46cc-9cd1-0ce90d75950c req-63915161-1f48-45c8-aee0-3a0e7bab72c1 f21955cb61ad4372988a27ecb1e451c8 4a2b7483c6654016994db7f8402d7685 - - default default] Successfully bumped revision number for resource 2ea9514e-1ce9-4cae-a207-d2c32128fb9f (type: security_group_rules) to 0
2026-07-08 16:47:12.533 9 INFO neutron.db.ovn_revision_numbers_db [None req-dba10888-e344-46c7-877f-3c69af4b1304 84eb45580748423386a784b1062caa72 bb8049e703254c1f8306bc1fdbc88947 - - default default] Successfully bumped revision number for resource 609390a3-aa45-4867-b55a-bff731731d2e (type: security_group_rules) to 0
2026-07-08 16:47:12.557 10 INFO neutron.api.wsgi [req-a5f2709e-7be9-46cc-9cd1-0ce90d75950c req-63915161-1f48-45c8-aee0-3a0e7bab72c1 f21955cb61ad4372988a27ecb1e451c8 4a2b7483c6654016994db7f8402d7685 - - default default] 10.0.0.89 "POST /v2.0/security-group-rules HTTP/1.1" status: 201 len: 818 time: 0.2239599
2026-07-08 16:47:12.594 10 INFO neutron.api.wsgi [None req-92290d5a-a6ab-4d85-98b3-af3511ca6dc2 1681f4f6faeb4b54bd72fdec54451c4b 053b6240dd2a4d5eb68d05af7fb1540a - - default default] 10.0.0.6 "POST /v2.0/floatingips HTTP/1.1" status: 201 len: 751 time: 0.6239586
2026-07-08 16:47:12.603 9 WARNING neutron_lib.context [req-d30f264e-13ba-4c6b-b222-8f603c8fc386 req-3567748d-9421-461d-8dd3-d715ec577975 f21955cb61ad4372988a27ecb1e451c8 4a2b7483c6654016994db7f8402d7685 - - default default] Method 'is_advsvc' is deprecated since 2023.2 release (neutron-lib 3.8.0) and will be removed once support for the old RBAC API policies will be removed from Neutron. Please use method 'is_service_role' instead.
2026-07-08 16:47:12.609 9 INFO neutron.api.wsgi [None req-dba10888-e344-46c7-877f-3c69af4b1304 84eb45580748423386a784b1062caa72 bb8049e703254c1f8306bc1fdbc88947 - - default default] 10.0.0.6 "POST /v2.0/security-group-rules HTTP/1.1" status: 201 len: 801 time: 0.3249221
2026-07-08 16:47:12.624 10 WARNING neutron_lib.context [None req-06077533-4b0c-410e-a947-0c454e1c16e4 84eb45580748423386a784b1062caa72 bb8049e703254c1f8306bc1fdbc88947 - - default default] Method 'is_advsvc' is deprecated since 2023.2 release (neutron-lib 3.8.0) and will be removed once support for the old RBAC API policies will be removed from Neutron. Please use method 'is_service_role' instead.
2026-07-08 16:47:12.709 9 INFO neutron.db.ovn_revision_numbers_db [None req-3cc44eb8-dbc9-422f-9eff-95031bf6e940 - - - - - -] Successfully bumped revision number for resource e4e84dc8-8460-4d3e-9e59-6cd1111d0296 (type: ports) to 1
2026-07-08 16:47:12.789 9 INFO neutron.db.ovn_revision_numbers_db [req-d30f264e-13ba-4c6b-b222-8f603c8fc386 req-3567748d-9421-461d-8dd3-d715ec577975 f21955cb61ad4372988a27ecb1e451c8 4a2b7483c6654016994db7f8402d7685 - - default default] Successfully bumped revision number for resource 6948481b-0404-40a8-bf68-7dc6aa28967e (type: security_groups) to 1
2026-07-08 16:47:12.818 9 INFO neutron.db.ovn_revision_numbers_db [req-d30f264e-13ba-4c6b-b222-8f603c8fc386 req-3567748d-9421-461d-8dd3-d715ec577975 f21955cb61ad4372988a27ecb1e451c8 4a2b7483c6654016994db7f8402d7685 - - default default] Successfully bumped revision number for resource 34512ba2-f013-4f4e-a37f-d9fd4ddb32be (type: security_group_rules) to 0
2026-07-08 16:47:12.850 9 INFO neutron.db.ovn_revision_numbers_db [req-d30f264e-13ba-4c6b-b222-8f603c8fc386 req-3567748d-9421-461d-8dd3-d715ec577975 f21955cb61ad4372988a27ecb1e451c8 4a2b7483c6654016994db7f8402d7685 - - default default] Successfully bumped revision number for resource ff2c1d64-4628-4b25-9972-e71b100f7f87 (type: security_group_rules) to 0
2026-07-08 16:47:12.860 9 WARNING neutron.scheduler.dhcp_agent_scheduler [None req-14cebd50-e16c-4598-bcb7-f74d8d22ff19 8057a3b54f3c49eb8c48efc6513d7feb 6ccd7419d0ec40d0b630d2276fdc26f8 - - default default] No more DHCP agents
2026-07-08 16:47:12.862 9 WARNING neutron.api.rpc.agentnotifiers.dhcp_rpc_agent_api [None req-14cebd50-e16c-4598-bcb7-f74d8d22ff19 8057a3b54f3c49eb8c48efc6513d7feb 6ccd7419d0ec40d0b630d2276fdc26f8 - - default default] Unable to schedule network bf5f6909-4ac1-49b1-b4ee-84fc101af7ab: no agents available; will retry on subsequent port and subnet creation events.
2026-07-08 16:47:12.871 10 WARNING neutron.scheduler.dhcp_agent_scheduler [None req-06077533-4b0c-410e-a947-0c454e1c16e4 84eb45580748423386a784b1062caa72 bb8049e703254c1f8306bc1fdbc88947 - - default default] No more DHCP agents
2026-07-08 16:47:12.874 10 WARNING neutron.api.rpc.agentnotifiers.dhcp_rpc_agent_api [None req-06077533-4b0c-410e-a947-0c454e1c16e4 84eb45580748423386a784b1062caa72 bb8049e703254c1f8306bc1fdbc88947 - - default default] Unable to schedule network 3327b290-1c6c-4d62-b112-8c73cb43a3b2: no agents available; will retry on subsequent port and subnet creation events.
2026-07-08 16:47:13.015 9 INFO neutron.api.wsgi [req-d30f264e-13ba-4c6b-b222-8f603c8fc386 req-3567748d-9421-461d-8dd3-d715ec577975 f21955cb61ad4372988a27ecb1e451c8 4a2b7483c6654016994db7f8402d7685 - - default default] 10.0.0.89 "POST /v2.0/security-groups HTTP/1.1" status: 201 len: 1890 time: 0.4234381
2026-07-08 16:47:13.065 10 INFO neutron.api.wsgi [req-5d944e3f-281e-4603-97b8-0002569dc956 req-ab119dcc-aad0-4e06-bc1a-a5d9db6cf664 f21955cb61ad4372988a27ecb1e451c8 4a2b7483c6654016994db7f8402d7685 - - default default] 10.0.0.89 "GET /v2.0/security-groups/6948481b-0404-40a8-bf68-7dc6aa28967e HTTP/1.1" status: 200 len: 1885 time: 0.0273244
2026-07-08 16:47:13.077 10 WARNING neutron_lib.context [req-5d944e3f-281e-4603-97b8-0002569dc956 req-e59c07b3-c0ea-40d7-a4f4-b4028ed3a735 f21955cb61ad4372988a27ecb1e451c8 4a2b7483c6654016994db7f8402d7685 - - default default] Method 'is_advsvc' is deprecated since 2023.2 release (neutron-lib 3.8.0) and will be removed once support for the old RBAC API policies will be removed from Neutron. Please use method 'is_service_role' instead.
2026-07-08 16:47:13.105 9 INFO neutron.db.ovn_revision_numbers_db [None req-14cebd50-e16c-4598-bcb7-f74d8d22ff19 8057a3b54f3c49eb8c48efc6513d7feb 6ccd7419d0ec40d0b630d2276fdc26f8 - - default default] Successfully bumped revision number for resource 11c163ec-779a-4bce-b1e5-64a5438fd308 (type: ports) to 1
2026-07-08 16:47:13.161 10 INFO neutron.api.wsgi [None req-06077533-4b0c-410e-a947-0c454e1c16e4 84eb45580748423386a784b1062caa72 bb8049e703254c1f8306bc1fdbc88947 - - default default] 10.0.0.6 "POST /v2.0/floatingips HTTP/1.1" status: 201 len: 751 time: 0.5447729
2026-07-08 16:47:13.205 9 INFO neutron.api.wsgi [None req-555e860a-e1e4-411c-9a81-1ca30f12cbaf 8057a3b54f3c49eb8c48efc6513d7feb 6ccd7419d0ec40d0b630d2276fdc26f8 - - default default] 10.0.0.150 "GET /v2.0/networks HTTP/1.1" status: 200 len: 5409 time: 0.1181996
2026-07-08 16:47:13.221 10 INFO neutron.db.ovn_revision_numbers_db [req-5d944e3f-281e-4603-97b8-0002569dc956 req-e59c07b3-c0ea-40d7-a4f4-b4028ed3a735 f21955cb61ad4372988a27ecb1e451c8 4a2b7483c6654016994db7f8402d7685 - - default default] Successfully bumped revision number for resource d19e98c5-7acb-4b0b-9aee-4a03ad71c3f1 (type: security_group_rules) to 0
2026-07-08 16:47:13.257 9 INFO neutron.api.wsgi [None req-71861875-3cf1-4c1f-9328-7ac70b72798e 8057a3b54f3c49eb8c48efc6513d7feb 6ccd7419d0ec40d0b630d2276fdc26f8 - - default default] 10.0.0.150 "GET /v2.0/subnets HTTP/1.1" status: 200 len: 4223 time: 0.0480037
2026-07-08 16:47:13.259 10 INFO neutron.api.wsgi [req-5d944e3f-281e-4603-97b8-0002569dc956 req-e59c07b3-c0ea-40d7-a4f4-b4028ed3a735 f21955cb61ad4372988a27ecb1e451c8 4a2b7483c6654016994db7f8402d7685 - - default default] 10.0.0.89 "POST /v2.0/security-group-rules HTTP/1.1" status: 201 len: 818 time: 0.1865056
2026-07-08 16:47:13.289 9 INFO neutron.db.ovn_revision_numbers_db [None req-3cc44eb8-dbc9-422f-9eff-95031bf6e940 - - - - - -] Successfully bumped revision number for resource e4e84dc8-8460-4d3e-9e59-6cd1111d0296 (type: ports) to 4
2026-07-08 16:47:13.300 9 INFO neutron.api.wsgi [None req-27ee5e2a-b24e-4c5b-bc63-61539be15f77 8057a3b54f3c49eb8c48efc6513d7feb 6ccd7419d0ec40d0b630d2276fdc26f8 - - default default] 10.0.0.150 "GET /v2.0/subnets HTTP/1.1" status: 200 len: 4223 time: 0.0406902
2026-07-08 16:47:13.312 9 INFO neutron.api.wsgi [None req-6f68f97b-df5e-42cc-af46-3c53fc3a82f2 8057a3b54f3c49eb8c48efc6513d7feb 6ccd7419d0ec40d0b630d2276fdc26f8 - - default default] 10.0.0.150 "GET /v2.0/subnetpools HTTP/1.1" status: 200 len: 193 time: 0.0089695
2026-07-08 16:47:13.335 9 INFO neutron.api.wsgi [req-f0a240bf-9978-40ed-a7a5-644964eab9db req-c243f97e-e1d5-4142-99af-1f68348ae435 f21955cb61ad4372988a27ecb1e451c8 4a2b7483c6654016994db7f8402d7685 - - default default] 10.0.0.89 "GET /v2.0/security-groups/6948481b-0404-40a8-bf68-7dc6aa28967e HTTP/1.1" status: 200 len: 2510 time: 0.0469441
2026-07-08 16:47:13.355 9 WARNING neutron_lib.context [req-f0a240bf-9978-40ed-a7a5-644964eab9db req-74ad6f90-68dd-4559-a408-6abbbf042ca5 f21955cb61ad4372988a27ecb1e451c8 4a2b7483c6654016994db7f8402d7685 - - default default] Method 'is_advsvc' is deprecated since 2023.2 release (neutron-lib 3.8.0) and will be removed once support for the old RBAC API policies will be removed from Neutron. Please use method 'is_service_role' instead.
2026-07-08 16:47:13.411 9 INFO neutron.api.wsgi [None req-3e4b8f57-891e-424e-9dad-ad72b5e984d6 8057a3b54f3c49eb8c48efc6513d7feb 6ccd7419d0ec40d0b630d2276fdc26f8 - - default default] 10.0.0.150 "GET /v2.0/ports HTTP/1.1" status: 200 len: 20234 time: 0.0961859
2026-07-08 16:47:13.477 9 INFO neutron.api.wsgi [None req-0700648b-7568-432c-b2e6-a7872ae76e95 8057a3b54f3c49eb8c48efc6513d7feb 6ccd7419d0ec40d0b630d2276fdc26f8 - - default default] 10.0.0.150 "GET /v2.0/floatingips HTTP/1.1" status: 200 len: 1269 time: 0.0528767
2026-07-08 16:47:13.577 9 INFO neutron.api.wsgi [None req-ef162886-1db3-4480-9763-886ce98838f5 8057a3b54f3c49eb8c48efc6513d7feb 6ccd7419d0ec40d0b630d2276fdc26f8 - - default default] 10.0.0.150 "GET /v2.0/security-groups HTTP/1.1" status: 200 len: 39487 time: 0.0965359
2026-07-08 16:47:13.656 10 INFO neutron.api.wsgi [req-ff12d379-9444-4ff8-8294-6a9f420152f1 req-aa32cb59-ecaf-4d87-8f27-c8ca3172ece8 84eb45580748423386a784b1062caa72 bb8049e703254c1f8306bc1fdbc88947 - - default default] 10.0.0.89 "GET /v2.0/security-groups?name=tempest-securitygroup--1052763789&fields=id&tenant_id=bb8049e703254c1f8306bc1fdbc88947 HTTP/1.1" status: 200 len: 267 time: 0.0557189
2026-07-08 16:47:13.709 10 INFO neutron.api.wsgi [req-ff12d379-9444-4ff8-8294-6a9f420152f1 req-355eb759-ba3c-41ec-b064-286c9f6243a1 84eb45580748423386a784b1062caa72 bb8049e703254c1f8306bc1fdbc88947 - - default default] 10.0.0.89 "GET /v2.0/networks?id=b12de414-e696-4082-aed5-f89c51a98396 HTTP/1.1" status: 200 len: 875 time: 0.0479424
2026-07-08 16:47:13.726 10 INFO neutron.api.wsgi [req-ff12d379-9444-4ff8-8294-6a9f420152f1 req-37d43897-0487-4314-94f9-5e37b5176f7c 84eb45580748423386a784b1062caa72 bb8049e703254c1f8306bc1fdbc88947 - - default default] 10.0.0.89 "GET /v2.0/quotas/bb8049e703254c1f8306bc1fdbc88947 HTTP/1.1" status: 200 len: 491 time: 0.0100818
2026-07-08 16:47:13.743 9 INFO neutron.api.wsgi [None req-25393f08-1890-4b40-825b-70f2fea35070 8057a3b54f3c49eb8c48efc6513d7feb 6ccd7419d0ec40d0b630d2276fdc26f8 - - default default] 10.0.0.150 "GET /v2.0/routers HTTP/1.1" status: 200 len: 4064 time: 0.1507237
2026-07-08 16:47:13.762 9 INFO neutron.api.wsgi [None req-8c10eba9-031c-4364-b1b5-27ca1bc004f8 8057a3b54f3c49eb8c48efc6513d7feb 6ccd7419d0ec40d0b630d2276fdc26f8 - - default default] 10.0.0.150 "GET /v2.0/agents?binary=ovn-controller HTTP/1.1" status: 200 len: 591 time: 0.0168483
2026-07-08 16:47:13.786 9 INFO neutron.api.wsgi [None req-c110e13c-7e7e-4fd5-8a54-8232d5c54311 8057a3b54f3c49eb8c48efc6513d7feb 6ccd7419d0ec40d0b630d2276fdc26f8 - - default default] 10.0.0.150 "GET /v2.0/network-ip-availabilities HTTP/1.1" status: 200 len: 3222 time: 0.0192978
2026-07-08 16:47:13.787 9 INFO neutron.db.ovn_revision_numbers_db [req-f0a240bf-9978-40ed-a7a5-644964eab9db req-74ad6f90-68dd-4559-a408-6abbbf042ca5 f21955cb61ad4372988a27ecb1e451c8 4a2b7483c6654016994db7f8402d7685 - - default default] Successfully bumped revision number for resource 86b0f6bf-7c93-4e54-808d-81714f16fa6b (type: security_group_rules) to 0
2026-07-08 16:47:13.819 9 INFO neutron.api.wsgi [None req-613299db-e2b8-4ba5-81ed-7c8bccea98ef 8057a3b54f3c49eb8c48efc6513d7feb 6ccd7419d0ec40d0b630d2276fdc26f8 - - default default] 10.0.0.150 "GET /v2.0/agents HTTP/1.1" status: 200 len: 1390 time: 0.0292013
2026-07-08 16:47:13.822 10 INFO neutron.api.wsgi [req-ff12d379-9444-4ff8-8294-6a9f420152f1 req-8011a948-9ade-48af-9ae8-fd025e941c3a 84eb45580748423386a784b1062caa72 bb8049e703254c1f8306bc1fdbc88947 - - default default] 10.0.0.89 "GET /v2.0/ports?tenant_id=bb8049e703254c1f8306bc1fdbc88947&fields=id HTTP/1.1" status: 200 len: 302 time: 0.0874569
2026-07-08 16:47:13.858 9 INFO neutron.api.wsgi [req-f0a240bf-9978-40ed-a7a5-644964eab9db req-74ad6f90-68dd-4559-a408-6abbbf042ca5 f21955cb61ad4372988a27ecb1e451c8 4a2b7483c6654016994db7f8402d7685 - - default default] 10.0.0.89 "POST /v2.0/security-group-rules HTTP/1.1" status: 201 len: 823 time: 0.5100412
2026-07-08 16:47:13.939 9 INFO neutron.api.wsgi [req-fb24b797-d284-42fe-8b5e-d91fbd78b2a3 req-1071037e-20ea-4ac2-8c1f-d54aeaed59b6 f21955cb61ad4372988a27ecb1e451c8 4a2b7483c6654016994db7f8402d7685 - - default default] 10.0.0.89 "GET /v2.0/security-groups/6948481b-0404-40a8-bf68-7dc6aa28967e HTTP/1.1" status: 200 len: 3140 time: 0.0579712
2026-07-08 16:47:13.989 9 INFO neutron.api.wsgi [req-0eaaf995-4f08-4b8d-aacb-277853cb8cd1 req-6ba326fe-df97-4e6b-b92e-7be45b2c0ee3 f21955cb61ad4372988a27ecb1e451c8 4a2b7483c6654016994db7f8402d7685 - - default default] 10.0.0.89 "GET /v2.0/security-group-rules/86b0f6bf-7c93-4e54-808d-81714f16fa6b HTTP/1.1" status: 200 len: 815 time: 0.0238478
2026-07-08 16:47:14.028 9 INFO neutron.db.ovn_revision_numbers_db [None req-3cc44eb8-dbc9-422f-9eff-95031bf6e940 - - - - - -] Successfully bumped revision number for resource e4e84dc8-8460-4d3e-9e59-6cd1111d0296 (type: ports) to 5
2026-07-08 16:47:14.032 9 INFO neutron.api.wsgi [req-0eaaf995-4f08-4b8d-aacb-277853cb8cd1 req-a6654813-22aa-4f23-822d-bc4c4e0dc2c7 f21955cb61ad4372988a27ecb1e451c8 4a2b7483c6654016994db7f8402d7685 - - default default] 10.0.0.89 "GET /v2.0/security-groups/6948481b-0404-40a8-bf68-7dc6aa28967e HTTP/1.1" status: 200 len: 3140 time: 0.0370021
2026-07-08 16:47:14.189 9 INFO neutron.db.ovn_revision_numbers_db [None req-14cebd50-e16c-4598-bcb7-f74d8d22ff19 8057a3b54f3c49eb8c48efc6513d7feb 6ccd7419d0ec40d0b630d2276fdc26f8 - - default default] Successfully bumped revision number for resource 11c163ec-779a-4bce-b1e5-64a5438fd308 (type: ports) to 1
2026-07-08 16:47:14.241 9 INFO neutron.api.wsgi [req-0eaaf995-4f08-4b8d-aacb-277853cb8cd1 req-26c5a2a2-6188-42c7-ab30-9aa49dfceca5 f21955cb61ad4372988a27ecb1e451c8 4a2b7483c6654016994db7f8402d7685 - - default default] 10.0.0.89 "DELETE /v2.0/security-group-rules/86b0f6bf-7c93-4e54-808d-81714f16fa6b HTTP/1.1" status: 204 len: 173 time: 0.2019527
2026-07-08 16:47:14.248 9 WARNING neutron.scheduler.dhcp_agent_scheduler [None req-14cebd50-e16c-4598-bcb7-f74d8d22ff19 8057a3b54f3c49eb8c48efc6513d7feb 6ccd7419d0ec40d0b630d2276fdc26f8 - - default default] No more DHCP agents
2026-07-08 16:47:14.249 10 INFO neutron.api.wsgi [req-ff12d379-9444-4ff8-8294-6a9f420152f1 req-ff3e8718-e117-4827-beab-b3b4c10500e3 eb79f5259edf4cb68071e4e9ea46e2a3 55f034e22be643a981621d93018c7824 - - 49b15faec86749c5a9d548c4b944feec 49b15faec86749c5a9d548c4b944feec] 10.0.0.89 "GET /v2.0/extensions HTTP/1.1" status: 200 len: 19298 time: 0.0423760
2026-07-08 16:47:14.250 9 WARNING neutron.api.rpc.agentnotifiers.dhcp_rpc_agent_api [None req-14cebd50-e16c-4598-bcb7-f74d8d22ff19 8057a3b54f3c49eb8c48efc6513d7feb 6ccd7419d0ec40d0b630d2276fdc26f8 - - default default] Unable to schedule network bf5f6909-4ac1-49b1-b4ee-84fc101af7ab: no agents available; will retry on subsequent port and subnet creation events.
2026-07-08 16:47:14.299 10 INFO neutron.api.wsgi [req-ff12d379-9444-4ff8-8294-6a9f420152f1 req-0df1dc18-a5f1-4002-9a16-f02e0071eb54 eb79f5259edf4cb68071e4e9ea46e2a3 55f034e22be643a981621d93018c7824 - - 49b15faec86749c5a9d548c4b944feec 49b15faec86749c5a9d548c4b944feec] 10.0.0.89 "GET /v2.0/networks/b12de414-e696-4082-aed5-f89c51a98396?fields=segments HTTP/1.1" status: 200 len: 212 time: 0.0402782
2026-07-08 16:47:14.303 9 INFO neutron.api.wsgi [req-dc2ae938-f75b-4549-b692-82684d137495 req-307d04da-b9a6-4411-a311-6134f9e3c89c f21955cb61ad4372988a27ecb1e451c8 4a2b7483c6654016994db7f8402d7685 - - default default] 10.0.0.89 "GET /v2.0/security-groups/6948481b-0404-40a8-bf68-7dc6aa28967e HTTP/1.1" status: 200 len: 2510 time: 0.0407708
2026-07-08 16:47:14.349 10 INFO neutron.api.wsgi [req-ff12d379-9444-4ff8-8294-6a9f420152f1 req-9dbcda94-ee8a-411f-869f-0ae08c786ece eb79f5259edf4cb68071e4e9ea46e2a3 55f034e22be643a981621d93018c7824 - - 49b15faec86749c5a9d548c4b944feec 49b15faec86749c5a9d548c4b944feec] 10.0.0.89 "GET /v2.0/networks/b12de414-e696-4082-aed5-f89c51a98396?fields=provider%3Aphysical_network&fields=provider%3Anetwork_type HTTP/1.1" status: 200 len: 277 time: 0.0427461
2026-07-08 16:47:14.464 9 INFO neutron.api.wsgi [req-dc2ae938-f75b-4549-b692-82684d137495 req-85638e2e-d239-4dc8-ab58-da98d6a046ac f21955cb61ad4372988a27ecb1e451c8 4a2b7483c6654016994db7f8402d7685 - - default default] 10.0.0.89 "DELETE /v2.0/security-groups/6948481b-0404-40a8-bf68-7dc6aa28967e HTTP/1.1" status: 204 len: 173 time: 0.1556122
2026-07-08 16:47:14.514 9 INFO neutron.api.wsgi [req-5492f3f5-7638-47ec-9850-1ca7380d6996 req-e72f279e-4b78-4f00-aff5-b3b4d7c93d36 f21955cb61ad4372988a27ecb1e451c8 4a2b7483c6654016994db7f8402d7685 - - default default] 10.0.0.89 "GET /v2.0/security-groups/9f3dce7e-b385-44f5-9962-39426ab831e6 HTTP/1.1" status: 200 len: 2510 time: 0.0329497
2026-07-08 16:47:14.592 10 INFO neutron.api.wsgi [req-0b30e8c9-1521-4da3-b765-917ed1e01455 req-0b861571-9c84-4f38-8b14-7dc1c24b0071 84eb45580748423386a784b1062caa72 bb8049e703254c1f8306bc1fdbc88947 - - default default] 10.0.0.89 "GET /v2.0/ports?device_id=d618c3d7-bb77-44df-975c-c2fc8b0a41b7 HTTP/1.1" status: 200 len: 210 time: 0.0389414
2026-07-08 16:47:14.689 9 INFO neutron.api.wsgi [req-5492f3f5-7638-47ec-9850-1ca7380d6996 req-28aaa031-f4d9-42eb-abd5-e8793ea480cb f21955cb61ad4372988a27ecb1e451c8 4a2b7483c6654016994db7f8402d7685 - - default default] 10.0.0.89 "DELETE /v2.0/security-groups/9f3dce7e-b385-44f5-9962-39426ab831e6 HTTP/1.1" status: 204 len: 173 time: 0.1619518
2026-07-08 16:47:15.255 9 INFO neutron.db.ovn_revision_numbers_db [None req-14cebd50-e16c-4598-bcb7-f74d8d22ff19 8057a3b54f3c49eb8c48efc6513d7feb 6ccd7419d0ec40d0b630d2276fdc26f8 - - default default] Successfully bumped revision number for resource 11c163ec-779a-4bce-b1e5-64a5438fd308 (type: router_ports) to 1
2026-07-08 16:47:15.261 9 INFO neutron.api.wsgi [None req-14cebd50-e16c-4598-bcb7-f74d8d22ff19 8057a3b54f3c49eb8c48efc6513d7feb 6ccd7419d0ec40d0b630d2276fdc26f8 - - default default] 10.0.0.6 "PUT /v2.0/routers/4b0d5e4f-386c-4869-95db-16b24943a734/add_router_interface HTTP/1.1" status: 200 len: 503 time: 3.0801327
2026-07-08 16:47:15.713 10 INFO neutron.api.wsgi [req-e7ab28a3-b0bf-4e12-a32c-8b8ddc209882 req-7cc4b482-489c-45fe-8ee6-236960cbd14b 84eb45580748423386a784b1062caa72 bb8049e703254c1f8306bc1fdbc88947 - - default default] 10.0.0.89 "GET /v2.0/ports?device_id=d618c3d7-bb77-44df-975c-c2fc8b0a41b7 HTTP/1.1" status: 200 len: 210 time: 0.0194197
2026-07-08 16:47:15.745 9 WARNING neutron_lib.context [None req-b3dcf7b6-0a41-40de-978c-de4775e656c3 604c60265539494ba7db62a06243649d ad66b74e3d6042c38cd2eaaf8f0b3ab4 - - default default] Method 'is_advsvc' is deprecated since 2023.2 release (neutron-lib 3.8.0) and will be removed once support for the old RBAC API policies will be removed from Neutron. Please use method 'is_service_role' instead.
2026-07-08 16:47:15.850 9 INFO neutron.db.ovn_revision_numbers_db [None req-b3dcf7b6-0a41-40de-978c-de4775e656c3 604c60265539494ba7db62a06243649d ad66b74e3d6042c38cd2eaaf8f0b3ab4 - - default default] Successfully bumped revision number for resource f12905df-96db-4e46-910c-28fd293c686e (type: security_groups) to 1
2026-07-08 16:47:15.864 9 INFO neutron.db.ovn_revision_numbers_db [None req-b3dcf7b6-0a41-40de-978c-de4775e656c3 604c60265539494ba7db62a06243649d ad66b74e3d6042c38cd2eaaf8f0b3ab4 - - default default] Successfully bumped revision number for resource 30a74b24-4a7a-46e9-860f-53ddbb51e5cc (type: security_group_rules) to 0
2026-07-08 16:47:15.879 9 INFO neutron.db.ovn_revision_numbers_db [None req-b3dcf7b6-0a41-40de-978c-de4775e656c3 604c60265539494ba7db62a06243649d ad66b74e3d6042c38cd2eaaf8f0b3ab4 - - default default] Successfully bumped revision number for resource a54cf90c-579f-40f9-963f-1abd36ba9b75 (type: security_group_rules) to 0
2026-07-08 16:47:15.924 9 INFO neutron.api.wsgi [None req-b3dcf7b6-0a41-40de-978c-de4775e656c3 604c60265539494ba7db62a06243649d ad66b74e3d6042c38cd2eaaf8f0b3ab4 - - default default] 10.0.0.6 "POST /v2.0/security-groups HTTP/1.1" status: 201 len: 1860 time: 0.1855869
2026-07-08 16:47:15.935 10 WARNING neutron_lib.context [None req-4e8243f5-8d25-4418-bb75-c48ce93b85b4 604c60265539494ba7db62a06243649d ad66b74e3d6042c38cd2eaaf8f0b3ab4 - - default default] Method 'is_advsvc' is deprecated since 2023.2 release (neutron-lib 3.8.0) and will be removed once support for the old RBAC API policies will be removed from Neutron. Please use method 'is_service_role' instead.
2026-07-08 16:47:16.083 10 INFO neutron.db.ovn_revision_numbers_db [None req-4e8243f5-8d25-4418-bb75-c48ce93b85b4 604c60265539494ba7db62a06243649d ad66b74e3d6042c38cd2eaaf8f0b3ab4 - - default default] Successfully bumped revision number for resource 18a33d9f-821a-496f-bb8c-fb3efa88c30f (type: security_group_rules) to 0
2026-07-08 16:47:16.124 10 INFO neutron.api.wsgi [None req-4e8243f5-8d25-4418-bb75-c48ce93b85b4 604c60265539494ba7db62a06243649d ad66b74e3d6042c38cd2eaaf8f0b3ab4 - - default default] 10.0.0.6 "POST /v2.0/security-group-rules HTTP/1.1" status: 201 len: 796 time: 0.1948533
2026-07-08 16:47:16.137 9 WARNING neutron_lib.context [None req-e2147b5e-d26c-4327-ad9a-bd1a76fbcbfa 604c60265539494ba7db62a06243649d ad66b74e3d6042c38cd2eaaf8f0b3ab4 - - default default] Method 'is_advsvc' is deprecated since 2023.2 release (neutron-lib 3.8.0) and will be removed once support for the old RBAC API policies will be removed from Neutron. Please use method 'is_service_role' instead.
2026-07-08 16:47:16.189 10 INFO neutron.api.wsgi [None req-1dd8a7e0-6cd2-4a14-b2fd-cdf7a863b5f8 8057a3b54f3c49eb8c48efc6513d7feb 6ccd7419d0ec40d0b630d2276fdc26f8 - - default default] 10.0.0.6 "PUT /v2.0/routers/51ee66d1-07b8-4383-afaf-237d59a69bcc/remove_router_interface HTTP/1.1" status: 200 len: 503 time: 1.4935863
2026-07-08 16:47:16.300 9 INFO neutron.db.ovn_revision_numbers_db [None req-e2147b5e-d26c-4327-ad9a-bd1a76fbcbfa 604c60265539494ba7db62a06243649d ad66b74e3d6042c38cd2eaaf8f0b3ab4 - - default default] Successfully bumped revision number for resource 18fbca70-39b0-45d1-8b49-32336f4f2486 (type: security_group_rules) to 0
2026-07-08 16:47:16.335 9 INFO neutron.api.wsgi [None req-e2147b5e-d26c-4327-ad9a-bd1a76fbcbfa 604c60265539494ba7db62a06243649d ad66b74e3d6042c38cd2eaaf8f0b3ab4 - - default default] 10.0.0.6 "POST /v2.0/security-group-rules HTTP/1.1" status: 201 len: 801 time: 0.2045979 /var/lib/openstack/lib/python3.12/site-packages/pycadf/identifier.py:71: UserWarning: Invalid uuid: neutron. To ensure interoperability, identifiers should be a valid uuid. warnings.warn(('Invalid uuid: %s. To ensure interoperability, '
2026-07-08 16:47:16.352 10 WARNING neutron_lib.context [None req-779b0b97-b302-47b0-a678-c398b0a37fb4 604c60265539494ba7db62a06243649d ad66b74e3d6042c38cd2eaaf8f0b3ab4 - - default default] Method 'is_advsvc' is deprecated since 2023.2 release (neutron-lib 3.8.0) and will be removed once support for the old RBAC API policies will be removed from Neutron. Please use method 'is_service_role' instead.
2026-07-08 16:47:16.629 10 WARNING neutron.scheduler.dhcp_agent_scheduler [None req-779b0b97-b302-47b0-a678-c398b0a37fb4 604c60265539494ba7db62a06243649d ad66b74e3d6042c38cd2eaaf8f0b3ab4 - - default default] No more DHCP agents
2026-07-08 16:47:16.633 10 WARNING neutron.api.rpc.agentnotifiers.dhcp_rpc_agent_api [None req-779b0b97-b302-47b0-a678-c398b0a37fb4 604c60265539494ba7db62a06243649d ad66b74e3d6042c38cd2eaaf8f0b3ab4 - - default default] Unable to schedule network 3327b290-1c6c-4d62-b112-8c73cb43a3b2: no agents available; will retry on subsequent port and subnet creation events.
2026-07-08 16:47:16.707 10 WARNING neutron.plugins.ml2.drivers.ovn.mech_driver.ovsdb.ovn_client [None req-440ef540-8908-4087-81b4-9b03ade2daa7 - - - - - -] No hosting information found for port 564e6924-322a-4a3d-8f68-f3d38cfa8d20: RuntimeError: No hosting information found for port 564e6924-322a-4a3d-8f68-f3d38cfa8d20
2026-07-08 16:47:16.825 10 INFO neutron.db.ovn_revision_numbers_db [None req-440ef540-8908-4087-81b4-9b03ade2daa7 - - - - - -] Successfully bumped revision number for resource 564e6924-322a-4a3d-8f68-f3d38cfa8d20 (type: router_ports) to 2
2026-07-08 16:47:16.849 10 INFO neutron.api.wsgi [req-6f9ae273-bff0-431c-8be9-50c06678afaa req-5a8d52fc-4b12-4195-953f-acf822f2994d 84eb45580748423386a784b1062caa72 bb8049e703254c1f8306bc1fdbc88947 - - default default] 10.0.0.89 "GET /v2.0/ports?device_id=d618c3d7-bb77-44df-975c-c2fc8b0a41b7 HTTP/1.1" status: 200 len: 210 time: 0.0170600
2026-07-08 16:47:16.881 10 INFO neutron.plugins.ml2.drivers.ovn.mech_driver.mech_driver [None req-440ef540-8908-4087-81b4-9b03ade2daa7 - - - - - -] OVN reports status up for port: e4e84dc8-8460-4d3e-9e59-6cd1111d0296
2026-07-08 16:47:16.893 10 INFO neutron.plugins.ml2.plugin [None req-440ef540-8908-4087-81b4-9b03ade2daa7 - - - - - -] Attempt 1 to provision port e4e84dc8-8460-4d3e-9e59-6cd1111d0296
2026-07-08 16:47:16.957 9 INFO neutron.api.wsgi [None req-2e01716e-8dc5-453a-bd5d-f921ed08f0c3 8057a3b54f3c49eb8c48efc6513d7feb 6ccd7419d0ec40d0b630d2276fdc26f8 - - default default] 10.0.0.6 "DELETE /v2.0/routers/51ee66d1-07b8-4383-afaf-237d59a69bcc HTTP/1.1" status: 204 len: 168 time: 0.7645228
2026-07-08 16:47:16.984 10 INFO neutron.api.wsgi [None req-779b0b97-b302-47b0-a678-c398b0a37fb4 604c60265539494ba7db62a06243649d ad66b74e3d6042c38cd2eaaf8f0b3ab4 - - default default] 10.0.0.6 "POST /v2.0/floatingips HTTP/1.1" status: 201 len: 751 time: 0.6403158
2026-07-08 16:47:16.990 10 INFO neutron.plugins.ml2.drivers.ovn.mech_driver.mech_driver [None req-440ef540-8908-4087-81b4-9b03ade2daa7 - - - - - -] OVN reports status up for port: 11c163ec-779a-4bce-b1e5-64a5438fd308
2026-07-08 16:47:16.998 10 INFO neutron.plugins.ml2.plugin [None req-440ef540-8908-4087-81b4-9b03ade2daa7 - - - - - -] Attempt 1 to provision port 11c163ec-779a-4bce-b1e5-64a5438fd308
2026-07-08 16:47:17.158 9 INFO neutron.api.wsgi [None req-927d387a-5ed9-4bad-a79c-4fb05d98c468 8057a3b54f3c49eb8c48efc6513d7feb 6ccd7419d0ec40d0b630d2276fdc26f8 - - default default] 10.0.0.6 "DELETE /v2.0/subnets/342aa65d-5e93-4783-b0f6-c9c127a042a8 HTTP/1.1" status: 204 len: 168 time: 0.1957216
2026-07-08 16:47:17.265 9 WARNING neutron.plugins.ml2.drivers.ovn.mech_driver.ovsdb.ovn_client [None req-b6d76363-5c39-4561-a16c-c94e3365492f - - - - - -] No port found with ID d3d59a56-c8b4-49f5-8829-b172e075778f: RuntimeError: No port found with ID d3d59a56-c8b4-49f5-8829-b172e075778f
2026-07-08 16:47:17.265 9 INFO neutron.plugins.ml2.drivers.ovn.mech_driver.mech_driver [None req-b6d76363-5c39-4561-a16c-c94e3365492f - - - - - -] OVN reports status up for port: 76a5ea0a-a332-42bf-9c2c-14521a518c2f
2026-07-08 16:47:17.274 9 INFO neutron.plugins.ml2.plugin [None req-b6d76363-5c39-4561-a16c-c94e3365492f - - - - - -] Attempt 1 to provision port 76a5ea0a-a332-42bf-9c2c-14521a518c2f
2026-07-08 16:47:17.386 9 INFO neutron.api.wsgi [req-5bd75819-976b-4017-b292-bff33440b296 req-bc619549-8362-4bda-8096-43cd51cac1b7 1681f4f6faeb4b54bd72fdec54451c4b 053b6240dd2a4d5eb68d05af7fb1540a - - default default] 10.0.0.89 "GET /v2.0/security-groups?name=tempest-securitygroup--1456718853&fields=id&tenant_id=053b6240dd2a4d5eb68d05af7fb1540a HTTP/1.1" status: 200 len: 267 time: 0.0675361
2026-07-08 16:47:17.413 10 INFO neutron.api.wsgi [req-539e90a4-1efc-4ce8-b2b5-7fccbfe4a510 req-d81a764b-f8d8-420b-b970-0c7073225a40 604c60265539494ba7db62a06243649d ad66b74e3d6042c38cd2eaaf8f0b3ab4 - - default default] 10.0.0.89 "GET /v2.0/security-groups?name=tempest-securitygroup--1682249634&fields=id&tenant_id=ad66b74e3d6042c38cd2eaaf8f0b3ab4 HTTP/1.1" status: 200 len: 267 time: 0.0571551
2026-07-08 16:47:17.415 10 INFO neutron.db.ovn_revision_numbers_db [None req-440ef540-8908-4087-81b4-9b03ade2daa7 - - - - - -] Successfully bumped revision number for resource 11c163ec-779a-4bce-b1e5-64a5438fd308 (type: ports) to 2
2026-07-08 16:47:17.465 9 INFO neutron.api.wsgi [req-5bd75819-976b-4017-b292-bff33440b296 req-17cc453e-f457-44da-913c-d976a7351a3e 1681f4f6faeb4b54bd72fdec54451c4b 053b6240dd2a4d5eb68d05af7fb1540a - - default default] 10.0.0.89 "GET /v2.0/networks?id=60877b53-79eb-4c99-8c83-b48560654c7d HTTP/1.1" status: 200 len: 878 time: 0.0723319
2026-07-08 16:47:17.483 9 INFO neutron.api.wsgi [req-5bd75819-976b-4017-b292-bff33440b296 req-578f72fb-0cf1-4a30-9aba-6d03130df5c9 1681f4f6faeb4b54bd72fdec54451c4b 053b6240dd2a4d5eb68d05af7fb1540a - - default default] 10.0.0.89 "GET /v2.0/quotas/053b6240dd2a4d5eb68d05af7fb1540a HTTP/1.1" status: 200 len: 491 time: 0.0129957
2026-07-08 16:47:17.484 10 INFO neutron.api.wsgi [req-539e90a4-1efc-4ce8-b2b5-7fccbfe4a510 req-10c60b32-171f-44af-9a70-db68ba97797b 604c60265539494ba7db62a06243649d ad66b74e3d6042c38cd2eaaf8f0b3ab4 - - default default] 10.0.0.89 "GET /v2.0/networks?id=bf5f6909-4ac1-49b1-b4ee-84fc101af7ab HTTP/1.1" status: 200 len: 883 time: 0.0634797
2026-07-08 16:47:17.503 10 INFO neutron.api.wsgi [req-539e90a4-1efc-4ce8-b2b5-7fccbfe4a510 req-ad4bbdb0-d42a-4463-991e-b5a5887dfa5b 604c60265539494ba7db62a06243649d ad66b74e3d6042c38cd2eaaf8f0b3ab4 - - default default] 10.0.0.89 "GET /v2.0/quotas/ad66b74e3d6042c38cd2eaaf8f0b3ab4 HTTP/1.1" status: 200 len: 491 time: 0.0134773
2026-07-08 16:47:17.584 10 INFO neutron.api.wsgi [req-539e90a4-1efc-4ce8-b2b5-7fccbfe4a510 req-f85efd72-6152-43f3-978f-267cb629bb96 604c60265539494ba7db62a06243649d ad66b74e3d6042c38cd2eaaf8f0b3ab4 - - default default] 10.0.0.89 "GET /v2.0/ports?tenant_id=ad66b74e3d6042c38cd2eaaf8f0b3ab4&fields=id HTTP/1.1" status: 200 len: 302 time: 0.0732577
2026-07-08 16:47:17.641 10 INFO neutron.api.wsgi [req-539e90a4-1efc-4ce8-b2b5-7fccbfe4a510 req-463d0993-3004-4ce0-842c-48cdaefd3b5a eb79f5259edf4cb68071e4e9ea46e2a3 55f034e22be643a981621d93018c7824 - - 49b15faec86749c5a9d548c4b944feec 49b15faec86749c5a9d548c4b944feec] 10.0.0.89 "GET /v2.0/networks/bf5f6909-4ac1-49b1-b4ee-84fc101af7ab?fields=segments HTTP/1.1" status: 200 len: 212 time: 0.0427098
