2026-07-08 16:50:17.259 9 WARNING neutron_lib.context [None req-af0d959f-783a-4b25-a9b1-6a61a170d499 a2814af1f07347f98de6f5cc472e6cff 679e4f05ee664c17b975b5f5d7a8f05a - - default default] Method 'is_advsvc' is deprecated since 2023.2 release (neutron-lib 3.8.0) and will be removed once support for the old RBAC API policies will be removed from Neutron. Please use method 'is_service_role' instead.
2026-07-08 16:50:17.363 9 INFO neutron.db.segments_db [None req-af0d959f-783a-4b25-a9b1-6a61a170d499 a2814af1f07347f98de6f5cc472e6cff 679e4f05ee664c17b975b5f5d7a8f05a - - default default] Added segment d20407fe-9d6d-4bac-bec2-3e686e43f7f7 of type geneve for network 7aac44cf-838a-4a3e-9cb6-7cae851e0f05
2026-07-08 16:50:17.415 10 INFO neutron.api.wsgi [None req-38cf055a-3bb1-4f8d-9261-54a4aa4ee94c 8057a3b54f3c49eb8c48efc6513d7feb 6ccd7419d0ec40d0b630d2276fdc26f8 - - default default] 10.0.0.6 "DELETE /v2.0/security-groups/6c817f45-83ee-4138-bf0e-0860a543a22b HTTP/1.1" status: 204 len: 168 time: 0.2455771
2026-07-08 16:50:17.504 9 INFO neutron.db.ovn_revision_numbers_db [None req-af0d959f-783a-4b25-a9b1-6a61a170d499 a2814af1f07347f98de6f5cc472e6cff 679e4f05ee664c17b975b5f5d7a8f05a - - default default] Successfully bumped revision number for resource 7aac44cf-838a-4a3e-9cb6-7cae851e0f05 (type: networks) to 1
2026-07-08 16:50:17.720 9 WARNING neutron.scheduler.dhcp_agent_scheduler [None req-af0d959f-783a-4b25-a9b1-6a61a170d499 a2814af1f07347f98de6f5cc472e6cff 679e4f05ee664c17b975b5f5d7a8f05a - - default default] No more DHCP agents
2026-07-08 16:50:17.722 9 WARNING neutron.api.rpc.agentnotifiers.dhcp_rpc_agent_api [None req-af0d959f-783a-4b25-a9b1-6a61a170d499 a2814af1f07347f98de6f5cc472e6cff 679e4f05ee664c17b975b5f5d7a8f05a - - default default] Unable to schedule network 7aac44cf-838a-4a3e-9cb6-7cae851e0f05: no agents available; will retry on subsequent port and subnet creation events.
2026-07-08 16:50:17.787 9 INFO neutron.db.ovn_revision_numbers_db [None req-af0d959f-783a-4b25-a9b1-6a61a170d499 a2814af1f07347f98de6f5cc472e6cff 679e4f05ee664c17b975b5f5d7a8f05a - - default default] Successfully bumped revision number for resource 063b8188-7aac-4c46-9d91-d5a6db38e318 (type: ports) to 1
2026-07-08 16:50:17.809 9 INFO neutron.api.wsgi [None req-af0d959f-783a-4b25-a9b1-6a61a170d499 a2814af1f07347f98de6f5cc472e6cff 679e4f05ee664c17b975b5f5d7a8f05a - - default default] 10.0.0.6 "POST /v2.0/networks HTTP/1.1" status: 201 len: 830 time: 0.5562751
2026-07-08 16:50:17.820 9 WARNING neutron_lib.context [None req-c7e9fde7-1a36-45bc-b4ad-ca65b56084fd a2814af1f07347f98de6f5cc472e6cff 679e4f05ee664c17b975b5f5d7a8f05a - - default default] Method 'is_advsvc' is deprecated since 2023.2 release (neutron-lib 3.8.0) and will be removed once support for the old RBAC API policies will be removed from Neutron. Please use method 'is_service_role' instead.
2026-07-08 16:50:17.891 9 WARNING neutron_lib.context [None req-f5377424-fdb5-46af-aed3-e0761e219e06 47fba9f8ce8041d9b519a8785784d561 e3a4793544494188a057122afdfc2f90 - - default default] Method 'is_advsvc' is deprecated since 2023.2 release (neutron-lib 3.8.0) and will be removed once support for the old RBAC API policies will be removed from Neutron. Please use method 'is_service_role' instead.
2026-07-08 16:50:18.045 9 WARNING neutron.scheduler.dhcp_agent_scheduler [None req-c7e9fde7-1a36-45bc-b4ad-ca65b56084fd a2814af1f07347f98de6f5cc472e6cff 679e4f05ee664c17b975b5f5d7a8f05a - - default default] No more DHCP agents
2026-07-08 16:50:18.050 9 WARNING neutron.api.rpc.agentnotifiers.dhcp_rpc_agent_api [None req-c7e9fde7-1a36-45bc-b4ad-ca65b56084fd a2814af1f07347f98de6f5cc472e6cff 679e4f05ee664c17b975b5f5d7a8f05a - - default default] Unable to schedule network 7aac44cf-838a-4a3e-9cb6-7cae851e0f05: no agents available; will retry on subsequent port and subnet creation events.
2026-07-08 16:50:18.070 9 INFO neutron.db.ovn_revision_numbers_db [None req-f5377424-fdb5-46af-aed3-e0761e219e06 47fba9f8ce8041d9b519a8785784d561 e3a4793544494188a057122afdfc2f90 - - default default] Successfully bumped revision number for resource 9cb5224b-0d71-43e8-85d0-7f401d89de7c (type: security_groups) to 1
2026-07-08 16:50:18.086 9 INFO neutron.db.ovn_revision_numbers_db [None req-f5377424-fdb5-46af-aed3-e0761e219e06 47fba9f8ce8041d9b519a8785784d561 e3a4793544494188a057122afdfc2f90 - - default default] Successfully bumped revision number for resource 1e1ffc96-b727-4d84-b18a-c1ade93f847a (type: security_group_rules) to 0
2026-07-08 16:50:18.100 9 INFO neutron.db.ovn_revision_numbers_db [None req-f5377424-fdb5-46af-aed3-e0761e219e06 47fba9f8ce8041d9b519a8785784d561 e3a4793544494188a057122afdfc2f90 - - default default] Successfully bumped revision number for resource 841fd56b-e465-44b7-8f46-cf2b5ea076b8 (type: security_group_rules) to 0
2026-07-08 16:50:18.114 9 INFO neutron.db.ovn_revision_numbers_db [None req-f5377424-fdb5-46af-aed3-e0761e219e06 47fba9f8ce8041d9b519a8785784d561 e3a4793544494188a057122afdfc2f90 - - default default] Successfully bumped revision number for resource c594cd0d-64a7-4d6d-9efb-69b037604aa1 (type: security_group_rules) to 0
2026-07-08 16:50:18.134 9 INFO neutron.db.ovn_revision_numbers_db [None req-f5377424-fdb5-46af-aed3-e0761e219e06 47fba9f8ce8041d9b519a8785784d561 e3a4793544494188a057122afdfc2f90 - - default default] Successfully bumped revision number for resource f5c45456-e77e-47e3-a7cc-bcc0836b2276 (type: security_group_rules) to 0
2026-07-08 16:50:18.212 9 INFO neutron.db.segments_db [None req-f5377424-fdb5-46af-aed3-e0761e219e06 47fba9f8ce8041d9b519a8785784d561 e3a4793544494188a057122afdfc2f90 - - default default] Added segment 754783e4-f3d6-4c7e-aca7-1a78d311813e of type geneve for network 2344f854-8333-4f4d-9dbd-3e40e33c1674
2026-07-08 16:50:18.427 10 INFO neutron.db.ovn_revision_numbers_db [None req-9c68eae9-d791-4a1c-b358-c2696ccb5c0e 8057a3b54f3c49eb8c48efc6513d7feb 6ccd7419d0ec40d0b630d2276fdc26f8 - - default default] Successfully bumped revision number for resource 8d5998aa-c40c-44c0-b5f1-c51f4dbeba4d (type: security_groups) to 1
2026-07-08 16:50:18.444 10 INFO neutron.db.ovn_revision_numbers_db [None req-9c68eae9-d791-4a1c-b358-c2696ccb5c0e 8057a3b54f3c49eb8c48efc6513d7feb 6ccd7419d0ec40d0b630d2276fdc26f8 - - default default] Successfully bumped revision number for resource 16424035-178a-4df0-bc85-fab5451741d5 (type: security_group_rules) to 0
2026-07-08 16:50:18.467 10 INFO neutron.db.ovn_revision_numbers_db [None req-9c68eae9-d791-4a1c-b358-c2696ccb5c0e 8057a3b54f3c49eb8c48efc6513d7feb 6ccd7419d0ec40d0b630d2276fdc26f8 - - default default] Successfully bumped revision number for resource ad41e316-87f9-439f-8da1-371eba93ff25 (type: security_group_rules) to 0
2026-07-08 16:50:18.485 10 INFO neutron.db.ovn_revision_numbers_db [None req-9c68eae9-d791-4a1c-b358-c2696ccb5c0e 8057a3b54f3c49eb8c48efc6513d7feb 6ccd7419d0ec40d0b630d2276fdc26f8 - - default default] Successfully bumped revision number for resource c9cd8396-a34f-4d82-854c-cc099b2b9bfc (type: security_group_rules) to 0
2026-07-08 16:50:18.508 10 INFO neutron.db.ovn_revision_numbers_db [None req-9c68eae9-d791-4a1c-b358-c2696ccb5c0e 8057a3b54f3c49eb8c48efc6513d7feb 6ccd7419d0ec40d0b630d2276fdc26f8 - - default default] Successfully bumped revision number for resource fe81f978-87c7-4d1a-a812-bf955a52206c (type: security_group_rules) to 0
2026-07-08 16:50:18.584 10 INFO neutron.db.segments_db [None req-9c68eae9-d791-4a1c-b358-c2696ccb5c0e 8057a3b54f3c49eb8c48efc6513d7feb 6ccd7419d0ec40d0b630d2276fdc26f8 - - default default] Added segment a26cf6cf-3eed-40ae-b927-ffd311d0bc25 of type geneve for network c58c5a9f-6fd8-46e1-9165-8314a870a9a9
2026-07-08 16:50:18.615 9 INFO neutron.db.ovn_revision_numbers_db [None req-f5377424-fdb5-46af-aed3-e0761e219e06 47fba9f8ce8041d9b519a8785784d561 e3a4793544494188a057122afdfc2f90 - - default default] Successfully bumped revision number for resource 2344f854-8333-4f4d-9dbd-3e40e33c1674 (type: networks) to 1
2026-07-08 16:50:18.714 10 INFO neutron.db.ovn_revision_numbers_db [None req-9c68eae9-d791-4a1c-b358-c2696ccb5c0e 8057a3b54f3c49eb8c48efc6513d7feb 6ccd7419d0ec40d0b630d2276fdc26f8 - - default default] Successfully bumped revision number for resource c58c5a9f-6fd8-46e1-9165-8314a870a9a9 (type: networks) to 1
2026-07-08 16:50:18.787 9 INFO neutron.db.ovn_revision_numbers_db [None req-571f55a4-fb95-4acd-a1b4-68006147f40a - - - - - -] Successfully bumped revision number for resource 063b8188-7aac-4c46-9d91-d5a6db38e318 (type: ports) to 2
2026-07-08 16:50:18.789 9 WARNING neutron.scheduler.dhcp_agent_scheduler [None req-f5377424-fdb5-46af-aed3-e0761e219e06 47fba9f8ce8041d9b519a8785784d561 e3a4793544494188a057122afdfc2f90 - - default default] No more DHCP agents
2026-07-08 16:50:18.791 9 WARNING neutron.api.rpc.agentnotifiers.dhcp_rpc_agent_api [None req-f5377424-fdb5-46af-aed3-e0761e219e06 47fba9f8ce8041d9b519a8785784d561 e3a4793544494188a057122afdfc2f90 - - default default] Unable to schedule network 2344f854-8333-4f4d-9dbd-3e40e33c1674: no agents available; will retry on subsequent port and subnet creation events.
2026-07-08 16:50:18.822 9 INFO neutron.db.ovn_revision_numbers_db [None req-571f55a4-fb95-4acd-a1b4-68006147f40a - - - - - -] Successfully bumped revision number for resource 52742991-6abb-4b31-a34d-9f9b334d37e3 (type: subnets) to 0
2026-07-08 16:50:18.852 9 INFO neutron.api.wsgi [None req-c7e9fde7-1a36-45bc-b4ad-ca65b56084fd a2814af1f07347f98de6f5cc472e6cff 679e4f05ee664c17b975b5f5d7a8f05a - - default default] 10.0.0.6 "POST /v2.0/subnets HTTP/1.1" status: 201 len: 828 time: 1.0362673
2026-07-08 16:50:18.863 9 WARNING neutron_lib.context [None req-9e1b096c-0831-4367-86e0-586f84ef8272 a2814af1f07347f98de6f5cc472e6cff 679e4f05ee664c17b975b5f5d7a8f05a - - default default] Method 'is_advsvc' is deprecated since 2023.2 release (neutron-lib 3.8.0) and will be removed once support for the old RBAC API policies will be removed from Neutron. Please use method 'is_service_role' instead.
2026-07-08 16:50:18.879 9 INFO neutron.db.ovn_revision_numbers_db [None req-f5377424-fdb5-46af-aed3-e0761e219e06 47fba9f8ce8041d9b519a8785784d561 e3a4793544494188a057122afdfc2f90 - - default default] Successfully bumped revision number for resource 14ea6bdc-9d58-46e1-8f40-41e53ee6cf64 (type: ports) to 1
2026-07-08 16:50:18.905 10 WARNING neutron.scheduler.dhcp_agent_scheduler [None req-9c68eae9-d791-4a1c-b358-c2696ccb5c0e 8057a3b54f3c49eb8c48efc6513d7feb 6ccd7419d0ec40d0b630d2276fdc26f8 - - default default] No more DHCP agents
2026-07-08 16:50:18.906 10 WARNING neutron.api.rpc.agentnotifiers.dhcp_rpc_agent_api [None req-9c68eae9-d791-4a1c-b358-c2696ccb5c0e 8057a3b54f3c49eb8c48efc6513d7feb 6ccd7419d0ec40d0b630d2276fdc26f8 - - default default] Unable to schedule network c58c5a9f-6fd8-46e1-9165-8314a870a9a9: no agents available; will retry on subsequent port and subnet creation events.
2026-07-08 16:50:18.915 9 INFO neutron.api.wsgi [None req-f5377424-fdb5-46af-aed3-e0761e219e06 47fba9f8ce8041d9b519a8785784d561 e3a4793544494188a057122afdfc2f90 - - default default] 10.0.0.6 "POST /v2.0/networks HTTP/1.1" status: 201 len: 828 time: 1.1858511
2026-07-08 16:50:18.925 9 WARNING neutron_lib.context [None req-69d671b7-0505-424a-b323-c419dd717b3b 47fba9f8ce8041d9b519a8785784d561 e3a4793544494188a057122afdfc2f90 - - default default] Method 'is_advsvc' is deprecated since 2023.2 release (neutron-lib 3.8.0) and will be removed once support for the old RBAC API policies will be removed from Neutron. Please use method 'is_service_role' instead.
2026-07-08 16:50:18.971 9 INFO neutron.db.segments_db [None req-9e1b096c-0831-4367-86e0-586f84ef8272 a2814af1f07347f98de6f5cc472e6cff 679e4f05ee664c17b975b5f5d7a8f05a - - default default] Added segment 316cd397-59bd-4ce0-8a23-819b0b766ef6 of type geneve for network b886f1d1-b156-41c3-977a-576b5da45c33
2026-07-08 16:50:18.971 10 INFO neutron.db.ovn_revision_numbers_db [None req-9c68eae9-d791-4a1c-b358-c2696ccb5c0e 8057a3b54f3c49eb8c48efc6513d7feb 6ccd7419d0ec40d0b630d2276fdc26f8 - - default default] Successfully bumped revision number for resource 0388bf65-f856-4b08-aa3e-0860fb9c9a68 (type: ports) to 1
2026-07-08 16:50:18.991 10 INFO neutron.api.wsgi [None req-9c68eae9-d791-4a1c-b358-c2696ccb5c0e 8057a3b54f3c49eb8c48efc6513d7feb 6ccd7419d0ec40d0b630d2276fdc26f8 - - default default] 10.0.0.6 "POST /v2.0/networks HTTP/1.1" status: 201 len: 943 time: 0.8339560
2026-07-08 16:50:19.010 9 INFO neutron.db.segments_db [None req-69d671b7-0505-424a-b323-c419dd717b3b 47fba9f8ce8041d9b519a8785784d561 e3a4793544494188a057122afdfc2f90 - - default default] Added segment bc8f6202-4b4a-44f3-ad6c-82de4ef96275 of type geneve for network 8a809e0c-f5fd-432a-9073-191a8421f4ab
2026-07-08 16:50:19.104 9 INFO neutron.db.ovn_revision_numbers_db [None req-9e1b096c-0831-4367-86e0-586f84ef8272 a2814af1f07347f98de6f5cc472e6cff 679e4f05ee664c17b975b5f5d7a8f05a - - default default] Successfully bumped revision number for resource b886f1d1-b156-41c3-977a-576b5da45c33 (type: networks) to 1
2026-07-08 16:50:19.125 10 WARNING neutron.scheduler.dhcp_agent_scheduler [None req-9ee39afe-b207-4b00-a418-d31f7075acd2 8057a3b54f3c49eb8c48efc6513d7feb 6ccd7419d0ec40d0b630d2276fdc26f8 - - default default] No more DHCP agents
2026-07-08 16:50:19.126 10 WARNING neutron.api.rpc.agentnotifiers.dhcp_rpc_agent_api [None req-9ee39afe-b207-4b00-a418-d31f7075acd2 8057a3b54f3c49eb8c48efc6513d7feb 6ccd7419d0ec40d0b630d2276fdc26f8 - - default default] Unable to schedule network c58c5a9f-6fd8-46e1-9165-8314a870a9a9: no agents available; will retry on subsequent port and subnet creation events.
2026-07-08 16:50:19.138 9 INFO neutron.db.ovn_revision_numbers_db [None req-69d671b7-0505-424a-b323-c419dd717b3b 47fba9f8ce8041d9b519a8785784d561 e3a4793544494188a057122afdfc2f90 - - default default] Successfully bumped revision number for resource 8a809e0c-f5fd-432a-9073-191a8421f4ab (type: networks) to 1
2026-07-08 16:50:19.286 9 WARNING neutron.scheduler.dhcp_agent_scheduler [None req-9e1b096c-0831-4367-86e0-586f84ef8272 a2814af1f07347f98de6f5cc472e6cff 679e4f05ee664c17b975b5f5d7a8f05a - - default default] No more DHCP agents
2026-07-08 16:50:19.287 9 WARNING neutron.api.rpc.agentnotifiers.dhcp_rpc_agent_api [None req-9e1b096c-0831-4367-86e0-586f84ef8272 a2814af1f07347f98de6f5cc472e6cff 679e4f05ee664c17b975b5f5d7a8f05a - - default default] Unable to schedule network b886f1d1-b156-41c3-977a-576b5da45c33: no agents available; will retry on subsequent port and subnet creation events.
2026-07-08 16:50:19.305 9 WARNING neutron.scheduler.dhcp_agent_scheduler [None req-69d671b7-0505-424a-b323-c419dd717b3b 47fba9f8ce8041d9b519a8785784d561 e3a4793544494188a057122afdfc2f90 - - default default] No more DHCP agents
2026-07-08 16:50:19.306 9 WARNING neutron.api.rpc.agentnotifiers.dhcp_rpc_agent_api [None req-69d671b7-0505-424a-b323-c419dd717b3b 47fba9f8ce8041d9b519a8785784d561 e3a4793544494188a057122afdfc2f90 - - default default] Unable to schedule network 8a809e0c-f5fd-432a-9073-191a8421f4ab: no agents available; will retry on subsequent port and subnet creation events.
2026-07-08 16:50:19.356 9 INFO neutron.db.ovn_revision_numbers_db [None req-9e1b096c-0831-4367-86e0-586f84ef8272 a2814af1f07347f98de6f5cc472e6cff 679e4f05ee664c17b975b5f5d7a8f05a - - default default] Successfully bumped revision number for resource b247d0d4-5182-42a0-a20e-73501241e6fd (type: ports) to 1
2026-07-08 16:50:19.384 9 INFO neutron.api.wsgi [None req-9e1b096c-0831-4367-86e0-586f84ef8272 a2814af1f07347f98de6f5cc472e6cff 679e4f05ee664c17b975b5f5d7a8f05a - - default default] 10.0.0.6 "POST /v2.0/networks HTTP/1.1" status: 201 len: 830 time: 0.5265813
2026-07-08 16:50:19.385 9 INFO neutron.db.ovn_revision_numbers_db [None req-69d671b7-0505-424a-b323-c419dd717b3b 47fba9f8ce8041d9b519a8785784d561 e3a4793544494188a057122afdfc2f90 - - default default] Successfully bumped revision number for resource d9c629bd-6eac-4d85-8fe0-0728bf97381e (type: ports) to 1
2026-07-08 16:50:19.401 10 WARNING neutron_lib.context [None req-8397d1ff-7985-4a63-8844-1609b95b3bb0 a2814af1f07347f98de6f5cc472e6cff 679e4f05ee664c17b975b5f5d7a8f05a - - default default] Method 'is_advsvc' is deprecated since 2023.2 release (neutron-lib 3.8.0) and will be removed once support for the old RBAC API policies will be removed from Neutron. Please use method 'is_service_role' instead.
2026-07-08 16:50:19.412 9 INFO neutron.api.wsgi [None req-69d671b7-0505-424a-b323-c419dd717b3b 47fba9f8ce8041d9b519a8785784d561 e3a4793544494188a057122afdfc2f90 - - default default] 10.0.0.6 "POST /v2.0/networks HTTP/1.1" status: 201 len: 828 time: 0.4912755
2026-07-08 16:50:19.422 9 WARNING neutron_lib.context [None req-4ce7f588-d295-4862-b50a-0232ec5a4046 47fba9f8ce8041d9b519a8785784d561 e3a4793544494188a057122afdfc2f90 - - default default] Method 'is_advsvc' is deprecated since 2023.2 release (neutron-lib 3.8.0) and will be removed once support for the old RBAC API policies will be removed from Neutron. Please use method 'is_service_role' instead.
2026-07-08 16:50:19.640 9 WARNING neutron.scheduler.dhcp_agent_scheduler [None req-4ce7f588-d295-4862-b50a-0232ec5a4046 47fba9f8ce8041d9b519a8785784d561 e3a4793544494188a057122afdfc2f90 - - default default] No more DHCP agents
2026-07-08 16:50:19.641 9 WARNING neutron.api.rpc.agentnotifiers.dhcp_rpc_agent_api [None req-4ce7f588-d295-4862-b50a-0232ec5a4046 47fba9f8ce8041d9b519a8785784d561 e3a4793544494188a057122afdfc2f90 - - default default] Unable to schedule network 2344f854-8333-4f4d-9dbd-3e40e33c1674: no agents available; will retry on subsequent port and subnet creation events.
2026-07-08 16:50:19.652 10 WARNING neutron.scheduler.dhcp_agent_scheduler [None req-8397d1ff-7985-4a63-8844-1609b95b3bb0 a2814af1f07347f98de6f5cc472e6cff 679e4f05ee664c17b975b5f5d7a8f05a - - default default] No more DHCP agents
2026-07-08 16:50:19.653 10 INFO neutron.db.ovn_revision_numbers_db [None req-879fec70-537a-4c4c-8b50-15fd77d87bc1 - - - - - -] Successfully bumped revision number for resource 0388bf65-f856-4b08-aa3e-0860fb9c9a68 (type: ports) to 2
2026-07-08 16:50:19.655 10 WARNING neutron.api.rpc.agentnotifiers.dhcp_rpc_agent_api [None req-8397d1ff-7985-4a63-8844-1609b95b3bb0 a2814af1f07347f98de6f5cc472e6cff 679e4f05ee664c17b975b5f5d7a8f05a - - default default] Unable to schedule network b886f1d1-b156-41c3-977a-576b5da45c33: no agents available; will retry on subsequent port and subnet creation events.
2026-07-08 16:50:19.691 10 INFO neutron.db.ovn_revision_numbers_db [None req-879fec70-537a-4c4c-8b50-15fd77d87bc1 - - - - - -] Successfully bumped revision number for resource 94d3b728-4f32-4c1b-a0e3-29e7053e47aa (type: subnets) to 0
2026-07-08 16:50:19.705 10 INFO neutron.api.wsgi [None req-9ee39afe-b207-4b00-a418-d31f7075acd2 8057a3b54f3c49eb8c48efc6513d7feb 6ccd7419d0ec40d0b630d2276fdc26f8 - - default default] 10.0.0.6 "POST /v2.0/subnets HTTP/1.1" status: 201 len: 887 time: 0.7082899
2026-07-08 16:50:20.064 9 INFO neutron.db.ovn_revision_numbers_db [None req-5bae32d9-7c9d-4c81-9a35-d4676afd8043 - - - - - -] Successfully bumped revision number for resource 14ea6bdc-9d58-46e1-8f40-41e53ee6cf64 (type: ports) to 2
2026-07-08 16:50:20.130 9 INFO neutron.db.ovn_revision_numbers_db [None req-5bae32d9-7c9d-4c81-9a35-d4676afd8043 - - - - - -] Successfully bumped revision number for resource 43ac382a-5bc7-4600-a946-188610e7a85f (type: subnets) to 0
2026-07-08 16:50:20.148 9 INFO neutron.api.wsgi [None req-4ce7f588-d295-4862-b50a-0232ec5a4046 47fba9f8ce8041d9b519a8785784d561 e3a4793544494188a057122afdfc2f90 - - default default] 10.0.0.6 "POST /v2.0/subnets HTTP/1.1" status: 201 len: 825 time: 0.7306025
2026-07-08 16:50:20.160 9 WARNING neutron_lib.context [None req-fcd61f11-0b4d-4718-bb23-162597c270d7 47fba9f8ce8041d9b519a8785784d561 e3a4793544494188a057122afdfc2f90 - - default default] Method 'is_advsvc' is deprecated since 2023.2 release (neutron-lib 3.8.0) and will be removed once support for the old RBAC API policies will be removed from Neutron. Please use method 'is_service_role' instead.
2026-07-08 16:50:20.161 10 WARNING neutron.scheduler.dhcp_agent_scheduler [None req-454df58c-ee84-44b4-8c33-0fbbdf8e6920 8057a3b54f3c49eb8c48efc6513d7feb 6ccd7419d0ec40d0b630d2276fdc26f8 - - default default] No more DHCP agents
2026-07-08 16:50:20.164 10 WARNING neutron.api.rpc.agentnotifiers.dhcp_rpc_agent_api [None req-454df58c-ee84-44b4-8c33-0fbbdf8e6920 8057a3b54f3c49eb8c48efc6513d7feb 6ccd7419d0ec40d0b630d2276fdc26f8 - - default default] Unable to schedule network 3327b290-1c6c-4d62-b112-8c73cb43a3b2: no agents available; will retry on subsequent port and subnet creation events.
2026-07-08 16:50:20.180 10 INFO neutron.db.ovn_revision_numbers_db [None req-fe650896-e0ec-4e21-ba95-2b68e50aca9f - - - - - -] Successfully bumped revision number for resource b247d0d4-5182-42a0-a20e-73501241e6fd (type: ports) to 2
2026-07-08 16:50:20.211 10 INFO neutron.db.ovn_revision_numbers_db [None req-fe650896-e0ec-4e21-ba95-2b68e50aca9f - - - - - -] Successfully bumped revision number for resource 1ba06e54-0df3-4483-b361-f11543492ac1 (type: subnets) to 0
2026-07-08 16:50:20.229 10 INFO neutron.api.wsgi [None req-8397d1ff-7985-4a63-8844-1609b95b3bb0 a2814af1f07347f98de6f5cc472e6cff 679e4f05ee664c17b975b5f5d7a8f05a - - default default] 10.0.0.6 "POST /v2.0/subnets HTTP/1.1" status: 201 len: 828 time: 0.8345177
2026-07-08 16:50:20.240 9 WARNING neutron_lib.context [None req-0df7905d-ea1e-4b89-817f-786150bdc0ea a2814af1f07347f98de6f5cc472e6cff 679e4f05ee664c17b975b5f5d7a8f05a - - default default] Method 'is_advsvc' is deprecated since 2023.2 release (neutron-lib 3.8.0) and will be removed once support for the old RBAC API policies will be removed from Neutron. Please use method 'is_service_role' instead.
2026-07-08 16:50:20.312 10 INFO neutron.db.ovn_revision_numbers_db [None req-454df58c-ee84-44b4-8c33-0fbbdf8e6920 8057a3b54f3c49eb8c48efc6513d7feb 6ccd7419d0ec40d0b630d2276fdc26f8 - - default default] Successfully bumped revision number for resource ee30e855-be5b-4215-826e-473f5160eb69 (type: ports) to 1
2026-07-08 16:50:20.340 9 INFO neutron.db.segments_db [None req-0df7905d-ea1e-4b89-817f-786150bdc0ea a2814af1f07347f98de6f5cc472e6cff 679e4f05ee664c17b975b5f5d7a8f05a - - default default] Added segment 4ffd4c8f-adc2-4c8d-a5bb-1e08a7d28305 of type geneve for network c9f68dd6-8418-4782-b84d-891f5e19814e
2026-07-08 16:50:20.407 9 WARNING neutron.scheduler.dhcp_agent_scheduler [None req-fcd61f11-0b4d-4718-bb23-162597c270d7 47fba9f8ce8041d9b519a8785784d561 e3a4793544494188a057122afdfc2f90 - - default default] No more DHCP agents
2026-07-08 16:50:20.409 9 WARNING neutron.api.rpc.agentnotifiers.dhcp_rpc_agent_api [None req-fcd61f11-0b4d-4718-bb23-162597c270d7 47fba9f8ce8041d9b519a8785784d561 e3a4793544494188a057122afdfc2f90 - - default default] Unable to schedule network 8a809e0c-f5fd-432a-9073-191a8421f4ab: no agents available; will retry on subsequent port and subnet creation events.
2026-07-08 16:50:20.498 9 INFO neutron.db.ovn_revision_numbers_db [None req-0df7905d-ea1e-4b89-817f-786150bdc0ea a2814af1f07347f98de6f5cc472e6cff 679e4f05ee664c17b975b5f5d7a8f05a - - default default] Successfully bumped revision number for resource c9f68dd6-8418-4782-b84d-891f5e19814e (type: networks) to 1
2026-07-08 16:50:20.709 9 WARNING neutron.scheduler.dhcp_agent_scheduler [None req-0df7905d-ea1e-4b89-817f-786150bdc0ea a2814af1f07347f98de6f5cc472e6cff 679e4f05ee664c17b975b5f5d7a8f05a - - default default] No more DHCP agents
2026-07-08 16:50:20.711 9 WARNING neutron.api.rpc.agentnotifiers.dhcp_rpc_agent_api [None req-0df7905d-ea1e-4b89-817f-786150bdc0ea a2814af1f07347f98de6f5cc472e6cff 679e4f05ee664c17b975b5f5d7a8f05a - - default default] Unable to schedule network c9f68dd6-8418-4782-b84d-891f5e19814e: no agents available; will retry on subsequent port and subnet creation events.
2026-07-08 16:50:20.777 9 INFO neutron.db.ovn_revision_numbers_db [None req-0df7905d-ea1e-4b89-817f-786150bdc0ea a2814af1f07347f98de6f5cc472e6cff 679e4f05ee664c17b975b5f5d7a8f05a - - default default] Successfully bumped revision number for resource 555f494d-00ef-48d6-91f9-f58f73f7399a (type: ports) to 1
2026-07-08 16:50:20.802 9 INFO neutron.api.wsgi [None req-0df7905d-ea1e-4b89-817f-786150bdc0ea a2814af1f07347f98de6f5cc472e6cff 679e4f05ee664c17b975b5f5d7a8f05a - - default default] 10.0.0.6 "POST /v2.0/networks HTTP/1.1" status: 201 len: 831 time: 0.5669003
2026-07-08 16:50:20.812 9 WARNING neutron_lib.context [None req-cd07fb5a-ed63-4ec5-8958-7f39d508ac78 a2814af1f07347f98de6f5cc472e6cff 679e4f05ee664c17b975b5f5d7a8f05a - - default default] Method 'is_advsvc' is deprecated since 2023.2 release (neutron-lib 3.8.0) and will be removed once support for the old RBAC API policies will be removed from Neutron. Please use method 'is_service_role' instead.
2026-07-08 16:50:21.002 9 INFO neutron.db.ovn_revision_numbers_db [None req-a595b018-39b6-442f-9e97-e5b36a26c5d3 - - - - - -] Successfully bumped revision number for resource d9c629bd-6eac-4d85-8fe0-0728bf97381e (type: ports) to 2
2026-07-08 16:50:21.049 9 INFO neutron.db.ovn_revision_numbers_db [None req-a595b018-39b6-442f-9e97-e5b36a26c5d3 - - - - - -] Successfully bumped revision number for resource d74f2baf-3473-4549-8f0d-f395199e5f8b (type: subnets) to 0
2026-07-08 16:50:21.076 9 INFO neutron.api.wsgi [None req-fcd61f11-0b4d-4718-bb23-162597c270d7 47fba9f8ce8041d9b519a8785784d561 e3a4793544494188a057122afdfc2f90 - - default default] 10.0.0.6 "POST /v2.0/subnets HTTP/1.1" status: 201 len: 825 time: 0.9200373
2026-07-08 16:50:21.080 9 WARNING neutron.scheduler.dhcp_agent_scheduler [None req-cd07fb5a-ed63-4ec5-8958-7f39d508ac78 a2814af1f07347f98de6f5cc472e6cff 679e4f05ee664c17b975b5f5d7a8f05a - - default default] No more DHCP agents
2026-07-08 16:50:21.085 9 WARNING neutron_lib.context [None req-b5c15dc7-fb09-4f68-bb39-9eb9022dff41 47fba9f8ce8041d9b519a8785784d561 e3a4793544494188a057122afdfc2f90 - - default default] Method 'is_advsvc' is deprecated since 2023.2 release (neutron-lib 3.8.0) and will be removed once support for the old RBAC API policies will be removed from Neutron. Please use method 'is_service_role' instead.
2026-07-08 16:50:21.089 9 WARNING neutron.api.rpc.agentnotifiers.dhcp_rpc_agent_api [None req-cd07fb5a-ed63-4ec5-8958-7f39d508ac78 a2814af1f07347f98de6f5cc472e6cff 679e4f05ee664c17b975b5f5d7a8f05a - - default default] Unable to schedule network c9f68dd6-8418-4782-b84d-891f5e19814e: no agents available; will retry on subsequent port and subnet creation events.
2026-07-08 16:50:21.240 9 INFO neutron.db.ovn_revision_numbers_db [None req-b5c15dc7-fb09-4f68-bb39-9eb9022dff41 47fba9f8ce8041d9b519a8785784d561 e3a4793544494188a057122afdfc2f90 - - default default] Successfully bumped revision number for resource 577d832d-0c60-4cc0-8504-d9faaa5f8278 (type: routers) to 1
2026-07-08 16:50:21.268 9 INFO neutron.api.wsgi [None req-b5c15dc7-fb09-4f68-bb39-9eb9022dff41 47fba9f8ce8041d9b519a8785784d561 e3a4793544494188a057122afdfc2f90 - - default default] 10.0.0.6 "POST /v2.0/routers HTTP/1.1" status: 201 len: 802 time: 0.1891694
2026-07-08 16:50:21.529 10 INFO neutron.plugins.ml2.drivers.ovn.mech_driver.ovsdb.commands [None req-9f28f05d-7f7e-4a22-b4c0-09fd57dd03f0 - - - - - -] Schedule LRP lrp-ee30e855-be5b-4215-826e-473f5160eb69 on gateway 76ad43af-606c-4232-9d02-361c52f14b55 with priority 1
2026-07-08 16:50:21.537 10 INFO neutron.plugins.ml2.drivers.ovn.mech_driver.mech_driver [None req-29b1ab08-f45f-4ea0-8455-c0bac7d30ec7 - - - - - -] OVN reports status up for port: ee30e855-be5b-4215-826e-473f5160eb69
2026-07-08 16:50:21.556 10 INFO neutron.plugins.ml2.drivers.ovn.mech_driver.ovsdb.ovsdb_monitor [None req-e93bd797-6aa8-4b57-8be1-726ec97b9c38 - - - - - -] Router a8a349a9-25ff-4e9d-8e75-8d1a4b302df8 is bound to host instance
2026-07-08 16:50:21.569 10 INFO neutron.plugins.ml2.plugin [None req-29b1ab08-f45f-4ea0-8455-c0bac7d30ec7 - - - - - -] Attempt 1 to provision port ee30e855-be5b-4215-826e-473f5160eb69
2026-07-08 16:50:21.593 10 INFO neutron.db.ovn_revision_numbers_db [None req-454df58c-ee84-44b4-8c33-0fbbdf8e6920 8057a3b54f3c49eb8c48efc6513d7feb 6ccd7419d0ec40d0b630d2276fdc26f8 - - default default] Successfully bumped revision number for resource ee30e855-be5b-4215-826e-473f5160eb69 (type: router_ports) to 1
2026-07-08 16:50:21.690 9 INFO neutron.db.ovn_revision_numbers_db [None req-7d2f5902-eb3a-4548-a159-cfba67adae5d - - - - - -] Successfully bumped revision number for resource 555f494d-00ef-48d6-91f9-f58f73f7399a (type: ports) to 2
2026-07-08 16:50:21.706 10 INFO neutron.db.ovn_revision_numbers_db [None req-454df58c-ee84-44b4-8c33-0fbbdf8e6920 8057a3b54f3c49eb8c48efc6513d7feb 6ccd7419d0ec40d0b630d2276fdc26f8 - - default default] Successfully bumped revision number for resource a8a349a9-25ff-4e9d-8e75-8d1a4b302df8 (type: routers) to 2
2026-07-08 16:50:21.721 9 INFO neutron.db.ovn_revision_numbers_db [None req-7d2f5902-eb3a-4548-a159-cfba67adae5d - - - - - -] Successfully bumped revision number for resource f61b11b1-b659-4e0e-8ab9-fbd66a670847 (type: subnets) to 0
2026-07-08 16:50:21.729 10 INFO neutron.api.wsgi [None req-454df58c-ee84-44b4-8c33-0fbbdf8e6920 8057a3b54f3c49eb8c48efc6513d7feb 6ccd7419d0ec40d0b630d2276fdc26f8 - - default default] 10.0.0.6 "POST /v2.0/routers HTTP/1.1" status: 201 len: 1165 time: 2.0184319
2026-07-08 16:50:21.734 9 WARNING neutron.scheduler.dhcp_agent_scheduler [None req-ffc92328-a7fe-4d35-af46-3d7d56be1156 47fba9f8ce8041d9b519a8785784d561 e3a4793544494188a057122afdfc2f90 - - default default] No more DHCP agents
2026-07-08 16:50:21.740 9 INFO neutron.api.wsgi [None req-cd07fb5a-ed63-4ec5-8958-7f39d508ac78 a2814af1f07347f98de6f5cc472e6cff 679e4f05ee664c17b975b5f5d7a8f05a - - default default] 10.0.0.6 "POST /v2.0/subnets HTTP/1.1" status: 201 len: 828 time: 0.9314709
2026-07-08 16:50:21.746 9 WARNING neutron.api.rpc.agentnotifiers.dhcp_rpc_agent_api [None req-ffc92328-a7fe-4d35-af46-3d7d56be1156 47fba9f8ce8041d9b519a8785784d561 e3a4793544494188a057122afdfc2f90 - - default default] Unable to schedule network 2344f854-8333-4f4d-9dbd-3e40e33c1674: no agents available; will retry on subsequent port and subnet creation events.
2026-07-08 16:50:21.754 9 WARNING neutron_lib.context [None req-af9a2a42-84a1-4502-981e-55949cf98d95 a2814af1f07347f98de6f5cc472e6cff 679e4f05ee664c17b975b5f5d7a8f05a - - default default] Method 'is_advsvc' is deprecated since 2023.2 release (neutron-lib 3.8.0) and will be removed once support for the old RBAC API policies will be removed from Neutron. Please use method 'is_service_role' instead.
2026-07-08 16:50:21.879 9 INFO neutron.db.segments_db [None req-af9a2a42-84a1-4502-981e-55949cf98d95 a2814af1f07347f98de6f5cc472e6cff 679e4f05ee664c17b975b5f5d7a8f05a - - default default] Added segment ce9e5838-2b9f-486b-82f7-cc179e6705d9 of type geneve for network 765c847f-98a8-4ada-81dc-d784605079e4
2026-07-08 16:50:21.979 9 INFO neutron.db.ovn_revision_numbers_db [None req-ffc92328-a7fe-4d35-af46-3d7d56be1156 47fba9f8ce8041d9b519a8785784d561 e3a4793544494188a057122afdfc2f90 - - default default] Successfully bumped revision number for resource b38791e4-2351-4968-88fd-6cd107770f35 (type: ports) to 1
2026-07-08 16:50:22.010 9 INFO neutron.api.wsgi [-] 10.0.0.223 "GET / HTTP/1.1" status: 200 len: 246 time: 0.0014887
2026-07-08 16:50:22.011 9 INFO neutron.api.wsgi [-] 10.0.0.223 "GET / HTTP/1.1" status: 200 len: 246 time: 0.0010087
2026-07-08 16:50:22.143 10 INFO neutron.db.ovn_revision_numbers_db [None req-1d13b853-5520-4885-8461-19ccdba6d0ef - - - - - -] Successfully bumped revision number for resource ee30e855-be5b-4215-826e-473f5160eb69 (type: ports) to 1
2026-07-08 16:50:22.164 9 INFO neutron.db.ovn_revision_numbers_db [None req-af9a2a42-84a1-4502-981e-55949cf98d95 a2814af1f07347f98de6f5cc472e6cff 679e4f05ee664c17b975b5f5d7a8f05a - - default default] Successfully bumped revision number for resource 765c847f-98a8-4ada-81dc-d784605079e4 (type: networks) to 1
2026-07-08 16:50:22.253 9 WARNING neutron_lib.context [None req-759ed52a-250b-4d0d-8cde-5610d6d2853f 9ae800c4e1864e6da69757325177d6de ef2492b38045422193e954167369c870 - - default default] Method 'is_advsvc' is deprecated since 2023.2 release (neutron-lib 3.8.0) and will be removed once support for the old RBAC API policies will be removed from Neutron. Please use method 'is_service_role' instead.
2026-07-08 16:50:22.502 10 INFO neutron.db.ovn_revision_numbers_db [None req-1d13b853-5520-4885-8461-19ccdba6d0ef - - - - - -] Successfully bumped revision number for resource ee30e855-be5b-4215-826e-473f5160eb69 (type: ports) to 4
2026-07-08 16:50:22.525 9 WARNING neutron.scheduler.dhcp_agent_scheduler [None req-af9a2a42-84a1-4502-981e-55949cf98d95 a2814af1f07347f98de6f5cc472e6cff 679e4f05ee664c17b975b5f5d7a8f05a - - default default] No more DHCP agents
2026-07-08 16:50:22.529 9 WARNING neutron.api.rpc.agentnotifiers.dhcp_rpc_agent_api [None req-af9a2a42-84a1-4502-981e-55949cf98d95 a2814af1f07347f98de6f5cc472e6cff 679e4f05ee664c17b975b5f5d7a8f05a - - default default] Unable to schedule network 765c847f-98a8-4ada-81dc-d784605079e4: no agents available; will retry on subsequent port and subnet creation events.
2026-07-08 16:50:22.542 9 WARNING neutron.scheduler.dhcp_agent_scheduler [None req-c13db36d-573f-4fa0-a3b9-12959ae5540f 8057a3b54f3c49eb8c48efc6513d7feb 6ccd7419d0ec40d0b630d2276fdc26f8 - - default default] No more DHCP agents
2026-07-08 16:50:22.552 9 WARNING neutron.api.rpc.agentnotifiers.dhcp_rpc_agent_api [None req-c13db36d-573f-4fa0-a3b9-12959ae5540f 8057a3b54f3c49eb8c48efc6513d7feb 6ccd7419d0ec40d0b630d2276fdc26f8 - - default default] Unable to schedule network c58c5a9f-6fd8-46e1-9165-8314a870a9a9: no agents available; will retry on subsequent port and subnet creation events.
2026-07-08 16:50:22.577 9 INFO neutron.db.ovn_revision_numbers_db [None req-759ed52a-250b-4d0d-8cde-5610d6d2853f 9ae800c4e1864e6da69757325177d6de ef2492b38045422193e954167369c870 - - default default] Successfully bumped revision number for resource f7a910ed-9fb2-4bc6-a13c-53cfdcfb470a (type: security_groups) to 1
2026-07-08 16:50:22.610 9 INFO neutron.db.ovn_revision_numbers_db [None req-759ed52a-250b-4d0d-8cde-5610d6d2853f 9ae800c4e1864e6da69757325177d6de ef2492b38045422193e954167369c870 - - default default] Successfully bumped revision number for resource 0a9586ba-7319-43ec-ab1d-be18f0cb9634 (type: security_group_rules) to 0
2026-07-08 16:50:22.653 9 INFO neutron.db.ovn_revision_numbers_db [None req-759ed52a-250b-4d0d-8cde-5610d6d2853f 9ae800c4e1864e6da69757325177d6de ef2492b38045422193e954167369c870 - - default default] Successfully bumped revision number for resource 3b92a36a-769e-441c-afb3-213c81234674 (type: security_group_rules) to 0
2026-07-08 16:50:22.681 9 INFO neutron.db.ovn_revision_numbers_db [None req-759ed52a-250b-4d0d-8cde-5610d6d2853f 9ae800c4e1864e6da69757325177d6de ef2492b38045422193e954167369c870 - - default default] Successfully bumped revision number for resource 43833b1c-ca58-4e3f-b834-54b178330eb3 (type: security_group_rules) to 0
2026-07-08 16:50:22.699 9 INFO neutron.db.ovn_revision_numbers_db [None req-af9a2a42-84a1-4502-981e-55949cf98d95 a2814af1f07347f98de6f5cc472e6cff 679e4f05ee664c17b975b5f5d7a8f05a - - default default] Successfully bumped revision number for resource a404fed9-dc35-4183-9eb6-4c69fd6cd96b (type: ports) to 1
2026-07-08 16:50:22.716 9 INFO neutron.db.ovn_revision_numbers_db [None req-759ed52a-250b-4d0d-8cde-5610d6d2853f 9ae800c4e1864e6da69757325177d6de ef2492b38045422193e954167369c870 - - default default] Successfully bumped revision number for resource 78ee123f-8834-4301-936d-5d688d24d518 (type: security_group_rules) to 0
2026-07-08 16:50:22.767 9 INFO neutron.api.wsgi [None req-af9a2a42-84a1-4502-981e-55949cf98d95 a2814af1f07347f98de6f5cc472e6cff 679e4f05ee664c17b975b5f5d7a8f05a - - default default] 10.0.0.6 "POST /v2.0/networks HTTP/1.1" status: 201 len: 831 time: 1.0186892
2026-07-08 16:50:22.777 10 WARNING neutron_lib.context [None req-008ea991-a1dc-4a20-8f2b-bdcdc3a13efd a2814af1f07347f98de6f5cc472e6cff 679e4f05ee664c17b975b5f5d7a8f05a - - default default] Method 'is_advsvc' is deprecated since 2023.2 release (neutron-lib 3.8.0) and will be removed once support for the old RBAC API policies will be removed from Neutron. Please use method 'is_service_role' instead.
2026-07-08 16:50:22.841 9 INFO neutron.db.segments_db [None req-759ed52a-250b-4d0d-8cde-5610d6d2853f 9ae800c4e1864e6da69757325177d6de ef2492b38045422193e954167369c870 - - default default] Added segment 1942b062-9869-4659-a79d-91223c8cd036 of type geneve for network bf7436e6-921f-4200-b8c5-2893beef57d2
2026-07-08 16:50:22.852 10 INFO neutron.db.ovn_revision_numbers_db [None req-1d13b853-5520-4885-8461-19ccdba6d0ef - - - - - -] Successfully bumped revision number for resource ee30e855-be5b-4215-826e-473f5160eb69 (type: ports) to 5
2026-07-08 16:50:22.863 9 INFO neutron.db.ovn_revision_numbers_db [None req-c13db36d-573f-4fa0-a3b9-12959ae5540f 8057a3b54f3c49eb8c48efc6513d7feb 6ccd7419d0ec40d0b630d2276fdc26f8 - - default default] Successfully bumped revision number for resource c833b71e-5df9-40f6-bb9a-04a446029efa (type: ports) to 1
2026-07-08 16:50:22.996 9 INFO neutron.db.ovn_revision_numbers_db [None req-ffc92328-a7fe-4d35-af46-3d7d56be1156 47fba9f8ce8041d9b519a8785784d561 e3a4793544494188a057122afdfc2f90 - - default default] Successfully bumped revision number for resource b38791e4-2351-4968-88fd-6cd107770f35 (type: ports) to 1
2026-07-08 16:50:23.018 10 WARNING neutron.scheduler.dhcp_agent_scheduler [None req-008ea991-a1dc-4a20-8f2b-bdcdc3a13efd a2814af1f07347f98de6f5cc472e6cff 679e4f05ee664c17b975b5f5d7a8f05a - - default default] No more DHCP agents
2026-07-08 16:50:23.020 10 WARNING neutron.api.rpc.agentnotifiers.dhcp_rpc_agent_api [None req-008ea991-a1dc-4a20-8f2b-bdcdc3a13efd a2814af1f07347f98de6f5cc472e6cff 679e4f05ee664c17b975b5f5d7a8f05a - - default default] Unable to schedule network 765c847f-98a8-4ada-81dc-d784605079e4: no agents available; will retry on subsequent port and subnet creation events.
2026-07-08 16:50:23.026 9 INFO neutron.db.ovn_revision_numbers_db [None req-759ed52a-250b-4d0d-8cde-5610d6d2853f 9ae800c4e1864e6da69757325177d6de ef2492b38045422193e954167369c870 - - default default] Successfully bumped revision number for resource bf7436e6-921f-4200-b8c5-2893beef57d2 (type: networks) to 1
2026-07-08 16:50:23.093 9 WARNING neutron.scheduler.dhcp_agent_scheduler [None req-ffc92328-a7fe-4d35-af46-3d7d56be1156 47fba9f8ce8041d9b519a8785784d561 e3a4793544494188a057122afdfc2f90 - - default default] No more DHCP agents
2026-07-08 16:50:23.096 9 WARNING neutron.api.rpc.agentnotifiers.dhcp_rpc_agent_api [None req-ffc92328-a7fe-4d35-af46-3d7d56be1156 47fba9f8ce8041d9b519a8785784d561 e3a4793544494188a057122afdfc2f90 - - default default] Unable to schedule network 2344f854-8333-4f4d-9dbd-3e40e33c1674: no agents available; will retry on subsequent port and subnet creation events.
2026-07-08 16:50:23.307 9 WARNING neutron.scheduler.dhcp_agent_scheduler [None req-759ed52a-250b-4d0d-8cde-5610d6d2853f 9ae800c4e1864e6da69757325177d6de ef2492b38045422193e954167369c870 - - default default] No more DHCP agents
2026-07-08 16:50:23.311 9 WARNING neutron.api.rpc.agentnotifiers.dhcp_rpc_agent_api [None req-759ed52a-250b-4d0d-8cde-5610d6d2853f 9ae800c4e1864e6da69757325177d6de ef2492b38045422193e954167369c870 - - default default] Unable to schedule network bf7436e6-921f-4200-b8c5-2893beef57d2: no agents available; will retry on subsequent port and subnet creation events.
2026-07-08 16:50:23.391 9 INFO neutron.db.ovn_revision_numbers_db [None req-ffc92328-a7fe-4d35-af46-3d7d56be1156 47fba9f8ce8041d9b519a8785784d561 e3a4793544494188a057122afdfc2f90 - - default default] Successfully bumped revision number for resource b38791e4-2351-4968-88fd-6cd107770f35 (type: router_ports) to 1
2026-07-08 16:50:23.400 9 INFO neutron.api.wsgi [None req-ffc92328-a7fe-4d35-af46-3d7d56be1156 47fba9f8ce8041d9b519a8785784d561 e3a4793544494188a057122afdfc2f90 - - default default] 10.0.0.6 "PUT /v2.0/routers/577d832d-0c60-4cc0-8504-d9faaa5f8278/add_router_interface HTTP/1.1" status: 200 len: 503 time: 2.1263254
2026-07-08 16:50:23.424 9 INFO neutron.db.ovn_revision_numbers_db [None req-759ed52a-250b-4d0d-8cde-5610d6d2853f 9ae800c4e1864e6da69757325177d6de ef2492b38045422193e954167369c870 - - default default] Successfully bumped revision number for resource c1b0d34c-40a8-468b-abda-2330b256d569 (type: ports) to 1
2026-07-08 16:50:23.454 9 INFO neutron.api.wsgi [None req-759ed52a-250b-4d0d-8cde-5610d6d2853f 9ae800c4e1864e6da69757325177d6de ef2492b38045422193e954167369c870 - - default default] 10.0.0.6 "POST /v2.0/networks HTTP/1.1" status: 201 len: 830 time: 1.4037459
2026-07-08 16:50:23.467 9 WARNING neutron_lib.context [None req-f07b6973-883a-4d38-8f6a-99f6c0d50f7e 9ae800c4e1864e6da69757325177d6de ef2492b38045422193e954167369c870 - - default default] Method 'is_advsvc' is deprecated since 2023.2 release (neutron-lib 3.8.0) and will be removed once support for the old RBAC API policies will be removed from Neutron. Please use method 'is_service_role' instead.
2026-07-08 16:50:23.500 10 INFO neutron.api.wsgi [None req-d45e8896-bd38-4546-8933-38006d1c3394 47fba9f8ce8041d9b519a8785784d561 e3a4793544494188a057122afdfc2f90 - - default default] 10.0.0.6 "GET /v2.0/ports/b38791e4-2351-4968-88fd-6cd107770f35 HTTP/1.1" status: 200 len: 1135 time: 0.0923967
2026-07-08 16:50:23.537 10 INFO neutron.db.ovn_revision_numbers_db [None req-f961bc41-3dc0-4379-8f73-51bcd4a7ebcc - - - - - -] Successfully bumped revision number for resource a404fed9-dc35-4183-9eb6-4c69fd6cd96b (type: ports) to 2
2026-07-08 16:50:23.576 9 INFO neutron.db.segments_db [None req-f07b6973-883a-4d38-8f6a-99f6c0d50f7e 9ae800c4e1864e6da69757325177d6de ef2492b38045422193e954167369c870 - - default default] Added segment 34ab2ead-4b52-4340-9384-49feef64eadb of type geneve for network 9a557aa7-adb8-4e4c-a024-441fb2e7838d
2026-07-08 16:50:23.582 10 INFO neutron.db.ovn_revision_numbers_db [None req-f961bc41-3dc0-4379-8f73-51bcd4a7ebcc - - - - - -] Successfully bumped revision number for resource 36f38fe0-03cb-42d8-8602-d5357edcd312 (type: subnets) to 0
2026-07-08 16:50:23.597 10 INFO neutron.api.wsgi [None req-008ea991-a1dc-4a20-8f2b-bdcdc3a13efd a2814af1f07347f98de6f5cc472e6cff 679e4f05ee664c17b975b5f5d7a8f05a - - default default] 10.0.0.6 "POST /v2.0/subnets HTTP/1.1" status: 201 len: 828 time: 0.8250189
2026-07-08 16:50:23.651 10 INFO neutron.api.wsgi [None req-462f5a3c-d899-4bcb-b460-7a11c23e74da a2814af1f07347f98de6f5cc472e6cff 679e4f05ee664c17b975b5f5d7a8f05a - - default default] 10.0.0.6 "PUT /v2.0/subnets/719d0601-ec42-41fb-a8ed-46812088b0c5/tags HTTP/1.1" status: 200 len: 210 time: 0.0494900
2026-07-08 16:50:23.700 10 INFO neutron.api.wsgi [None req-fcd6d2d8-5232-4ca3-a505-092a1a28244a a2814af1f07347f98de6f5cc472e6cff 679e4f05ee664c17b975b5f5d7a8f05a - - default default] 10.0.0.6 "PUT /v2.0/subnets/52742991-6abb-4b31-a34d-9f9b334d37e3/tags HTTP/1.1" status: 200 len: 218 time: 0.0444193
2026-07-08 16:50:23.755 10 INFO neutron.api.wsgi [None req-2d3b7afd-2d28-41fd-9d2f-04c26da7a7eb a2814af1f07347f98de6f5cc472e6cff 679e4f05ee664c17b975b5f5d7a8f05a - - default default] 10.0.0.6 "PUT /v2.0/subnets/1ba06e54-0df3-4483-b361-f11543492ac1/tags HTTP/1.1" status: 200 len: 227 time: 0.0508413
2026-07-08 16:50:23.768 9 INFO neutron.db.ovn_revision_numbers_db [None req-c13db36d-573f-4fa0-a3b9-12959ae5540f 8057a3b54f3c49eb8c48efc6513d7feb 6ccd7419d0ec40d0b630d2276fdc26f8 - - default default] Successfully bumped revision number for resource c833b71e-5df9-40f6-bb9a-04a446029efa (type: ports) to 1
2026-07-08 16:50:23.783 9 INFO neutron.db.ovn_revision_numbers_db [None req-f07b6973-883a-4d38-8f6a-99f6c0d50f7e 9ae800c4e1864e6da69757325177d6de ef2492b38045422193e954167369c870 - - default default] Successfully bumped revision number for resource 9a557aa7-adb8-4e4c-a024-441fb2e7838d (type: networks) to 1
2026-07-08 16:50:23.796 10 INFO neutron.api.wsgi [None req-12a5fef5-8933-4d04-8cc8-993188fd0689 a2814af1f07347f98de6f5cc472e6cff 679e4f05ee664c17b975b5f5d7a8f05a - - default default] 10.0.0.6 "PUT /v2.0/subnets/f61b11b1-b659-4e0e-8ab9-fbd66a670847/tags HTTP/1.1" status: 200 len: 212 time: 0.0379934
2026-07-08 16:50:23.849 10 INFO neutron.api.wsgi [None req-14715d66-69bc-4aff-90e1-7e50b0cf418a a2814af1f07347f98de6f5cc472e6cff 679e4f05ee664c17b975b5f5d7a8f05a - - default default] 10.0.0.6 "GET /v2.0/subnets?tags=red HTTP/1.1" status: 200 len: 2099 time: 0.0480773
2026-07-08 16:50:23.878 9 WARNING neutron.scheduler.dhcp_agent_scheduler [None req-c13db36d-573f-4fa0-a3b9-12959ae5540f 8057a3b54f3c49eb8c48efc6513d7feb 6ccd7419d0ec40d0b630d2276fdc26f8 - - default default] No more DHCP agents
2026-07-08 16:50:23.886 9 WARNING neutron.api.rpc.agentnotifiers.dhcp_rpc_agent_api [None req-c13db36d-573f-4fa0-a3b9-12959ae5540f 8057a3b54f3c49eb8c48efc6513d7feb 6ccd7419d0ec40d0b630d2276fdc26f8 - - default default] Unable to schedule network c58c5a9f-6fd8-46e1-9165-8314a870a9a9: no agents available; will retry on subsequent port and subnet creation events.
2026-07-08 16:50:23.907 10 INFO neutron.api.wsgi [None req-a89d9bc9-f2e1-40b8-836d-1a7a5fb040df a2814af1f07347f98de6f5cc472e6cff 679e4f05ee664c17b975b5f5d7a8f05a - - default default] 10.0.0.6 "GET /v2.0/subnets?tags=red%2Cblue HTTP/1.1" status: 200 len: 1478 time: 0.0535390
2026-07-08 16:50:23.954 10 INFO neutron.api.wsgi [None req-477f021c-2be4-4248-b158-60f408e6b9b9 a2814af1f07347f98de6f5cc472e6cff 679e4f05ee664c17b975b5f5d7a8f05a - - default default] 10.0.0.6 "GET /v2.0/subnets?tags-any=blue HTTP/1.1" status: 200 len: 1478 time: 0.0401254
2026-07-08 16:50:23.998 10 INFO neutron.api.wsgi [None req-b55f1257-c6c6-4342-8c06-0b4b632ad343 a2814af1f07347f98de6f5cc472e6cff 679e4f05ee664c17b975b5f5d7a8f05a - - default default] 10.0.0.6 "GET /v2.0/subnets?tags-any=red%2Cblue HTTP/1.1" status: 200 len: 2099 time: 0.0363812
2026-07-08 16:50:24.046 10 INFO neutron.api.wsgi [None req-c6c77b63-bed8-4e73-b977-ccb9351c2fb9 a2814af1f07347f98de6f5cc472e6cff 679e4f05ee664c17b975b5f5d7a8f05a - - default default] 10.0.0.6 "GET /v2.0/subnets?not-tags=red HTTP/1.1" status: 200 len: 2089 time: 0.0423951
2026-07-08 16:50:24.076 9 WARNING neutron.scheduler.dhcp_agent_scheduler [None req-f07b6973-883a-4d38-8f6a-99f6c0d50f7e 9ae800c4e1864e6da69757325177d6de ef2492b38045422193e954167369c870 - - default default] No more DHCP agents
2026-07-08 16:50:24.088 9 WARNING neutron.api.rpc.agentnotifiers.dhcp_rpc_agent_api [None req-f07b6973-883a-4d38-8f6a-99f6c0d50f7e 9ae800c4e1864e6da69757325177d6de ef2492b38045422193e954167369c870 - - default default] Unable to schedule network 9a557aa7-adb8-4e4c-a024-441fb2e7838d: no agents available; will retry on subsequent port and subnet creation events.
2026-07-08 16:50:24.095 10 INFO neutron.api.wsgi [None req-05964c51-436f-47ea-94ea-a648d14aaa7c a2814af1f07347f98de6f5cc472e6cff 679e4f05ee664c17b975b5f5d7a8f05a - - default default] 10.0.0.6 "GET /v2.0/subnets?not-tags=red%2Cblue HTTP/1.1" status: 200 len: 2710 time: 0.0403972
2026-07-08 16:50:24.161 10 INFO neutron.api.wsgi [None req-94899b9e-b68c-44aa-bc36-9c0a187f7478 a2814af1f07347f98de6f5cc472e6cff 679e4f05ee664c17b975b5f5d7a8f05a - - default default] 10.0.0.6 "GET /v2.0/subnets?not-tags-any=blue HTTP/1.1" status: 200 len: 2710 time: 0.0507195
2026-07-08 16:50:24.193 10 INFO neutron.api.wsgi [None req-4f72e49e-0bdb-49a5-bc1f-02ba958d7923 a2814af1f07347f98de6f5cc472e6cff 679e4f05ee664c17b975b5f5d7a8f05a - - default default] 10.0.0.6 "GET /v2.0/subnets?not-tags-any=red%2Cblue HTTP/1.1" status: 200 len: 2089 time: 0.0269475
2026-07-08 16:50:24.204 9 INFO neutron.db.ovn_revision_numbers_db [None req-f07b6973-883a-4d38-8f6a-99f6c0d50f7e 9ae800c4e1864e6da69757325177d6de ef2492b38045422193e954167369c870 - - default default] Successfully bumped revision number for resource 8ed115be-932b-45ef-8143-f2020a698802 (type: ports) to 1
2026-07-08 16:50:24.214 9 WARNING neutron.scheduler.dhcp_agent_scheduler [None req-4bd80a82-e72e-4b5b-a3e3-c72870219dd4 47fba9f8ce8041d9b519a8785784d561 e3a4793544494188a057122afdfc2f90 - - default default] No more DHCP agents
2026-07-08 16:50:24.216 9 WARNING neutron.api.rpc.agentnotifiers.dhcp_rpc_agent_api [None req-4bd80a82-e72e-4b5b-a3e3-c72870219dd4 47fba9f8ce8041d9b519a8785784d561 e3a4793544494188a057122afdfc2f90 - - default default] Unable to schedule network 8a809e0c-f5fd-432a-9073-191a8421f4ab: no agents available; will retry on subsequent port and subnet creation events.
2026-07-08 16:50:24.234 9 INFO neutron.api.wsgi [None req-f07b6973-883a-4d38-8f6a-99f6c0d50f7e 9ae800c4e1864e6da69757325177d6de ef2492b38045422193e954167369c870 - - default default] 10.0.0.6 "POST /v2.0/networks HTTP/1.1" status: 201 len: 830 time: 0.7729683
2026-07-08 16:50:24.245 10 WARNING neutron_lib.context [None req-1a73b2e3-6860-4858-bb73-3628f2634b2b 9ae800c4e1864e6da69757325177d6de ef2492b38045422193e954167369c870 - - default default] Method 'is_advsvc' is deprecated since 2023.2 release (neutron-lib 3.8.0) and will be removed once support for the old RBAC API policies will be removed from Neutron. Please use method 'is_service_role' instead.
2026-07-08 16:50:24.340 10 INFO neutron.db.segments_db [None req-1a73b2e3-6860-4858-bb73-3628f2634b2b 9ae800c4e1864e6da69757325177d6de ef2492b38045422193e954167369c870 - - default default] Added segment b93e7c6d-0341-41d6-8d0f-ece1801ff2b0 of type geneve for network 68292783-e9f6-4471-bae6-1b44ec46bdf6
2026-07-08 16:50:24.419 10 INFO neutron.api.wsgi [None req-c6c9c564-f972-41f6-88f7-6f2825ef5458 a2814af1f07347f98de6f5cc472e6cff 679e4f05ee664c17b975b5f5d7a8f05a - - default default] 10.0.0.6 "DELETE /v2.0/subnets/719d0601-ec42-41fb-a8ed-46812088b0c5 HTTP/1.1" status: 204 len: 168 time: 0.2130334
