2026-07-08 16:49:36.187 10 WARNING neutron.scheduler.dhcp_agent_scheduler [None req-4ac89b1d-22b7-4783-897e-e337ac0743df f8200eaa3ac54bb8bac1f91ba9916b6e 05237a7dbc9b4b5aa56a6385dbbd62b4 - - default default] No more DHCP agents
2026-07-08 16:49:36.188 10 WARNING neutron.api.rpc.agentnotifiers.dhcp_rpc_agent_api [None req-4ac89b1d-22b7-4783-897e-e337ac0743df f8200eaa3ac54bb8bac1f91ba9916b6e 05237a7dbc9b4b5aa56a6385dbbd62b4 - - default default] Unable to schedule network 3327b290-1c6c-4d62-b112-8c73cb43a3b2: no agents available; will retry on subsequent port and subnet creation events.
2026-07-08 16:49:36.208 9 INFO neutron.pecan_wsgi.hooks.translation [None req-308730c3-09e2-4e5d-a9f1-f8ff5312c8f5 77479936a0734a1ea7a1f1a503d6d21a e249e688ca4b47b9af865e38a86e740d - - default default] GET failed (client error): The resource could not be found.
2026-07-08 16:49:36.210 9 INFO neutron.api.wsgi [None req-308730c3-09e2-4e5d-a9f1-f8ff5312c8f5 77479936a0734a1ea7a1f1a503d6d21a e249e688ca4b47b9af865e38a86e740d - - default default] 10.0.0.6 "GET /v2.0/ports/93e7ce18-82f1-45cd-b696-d9ec4506fbc5 HTTP/1.1" status: 404 len: 333 time: 0.0170343
2026-07-08 16:49:36.264 9 INFO neutron.api.wsgi [None req-256ddc64-0499-491b-9822-65ac7090b6cd 77479936a0734a1ea7a1f1a503d6d21a e249e688ca4b47b9af865e38a86e740d - - default default] 10.0.0.6 "GET /v2.0/ports HTTP/1.1" status: 200 len: 1729 time: 0.0475817
2026-07-08 16:49:36.305 10 INFO neutron.db.ovn_revision_numbers_db [None req-4ac89b1d-22b7-4783-897e-e337ac0743df f8200eaa3ac54bb8bac1f91ba9916b6e 05237a7dbc9b4b5aa56a6385dbbd62b4 - - default default] Successfully bumped revision number for resource a4abf090-efdc-4b43-8332-a5e227018bf3 (type: ports) to 1
2026-07-08 16:49:36.305 9 INFO neutron.api.wsgi [None req-166a1a4f-7428-4c07-adf3-f1a273cd9fe2 77479936a0734a1ea7a1f1a503d6d21a e249e688ca4b47b9af865e38a86e740d - - default default] 10.0.0.6 "GET /v2.0/ports/3f3c5dc9-5ab4-4664-9a43-789b497f5895 HTTP/1.1" status: 200 len: 969 time: 0.0344920
2026-07-08 16:49:36.326 9 INFO neutron.pecan_wsgi.hooks.translation [None req-39075ce5-4a70-4e48-8065-9a1526cb5154 77479936a0734a1ea7a1f1a503d6d21a e249e688ca4b47b9af865e38a86e740d - - default default] DELETE failed (client error): The resource could not be found.
2026-07-08 16:49:36.329 9 INFO neutron.api.wsgi [None req-39075ce5-4a70-4e48-8065-9a1526cb5154 77479936a0734a1ea7a1f1a503d6d21a e249e688ca4b47b9af865e38a86e740d - - default default] 10.0.0.6 "DELETE /v2.0/ports/741c848e-f5de-4111-8498-e3709593ca53 HTTP/1.1" status: 404 len: 333 time: 0.0179358
2026-07-08 16:49:36.349 9 INFO neutron.pecan_wsgi.hooks.translation [None req-936e7203-b219-4aac-9958-b12bd70d072f 77479936a0734a1ea7a1f1a503d6d21a e249e688ca4b47b9af865e38a86e740d - - default default] DELETE failed (client error): The resource could not be found.
2026-07-08 16:49:36.352 9 INFO neutron.api.wsgi [None req-936e7203-b219-4aac-9958-b12bd70d072f 77479936a0734a1ea7a1f1a503d6d21a e249e688ca4b47b9af865e38a86e740d - - default default] 10.0.0.6 "DELETE /v2.0/subnets/b38510d5-f81f-4667-ae7a-d87b32d873a1 HTTP/1.1" status: 404 len: 337 time: 0.0153849
2026-07-08 16:49:36.375 10 INFO neutron.pecan_wsgi.hooks.translation [None req-ed03c5fd-84a1-44e3-97cb-67d891e78d01 77479936a0734a1ea7a1f1a503d6d21a e249e688ca4b47b9af865e38a86e740d - - default default] DELETE failed (client error): The resource could not be found.
2026-07-08 16:49:36.378 10 INFO neutron.api.wsgi [None req-ed03c5fd-84a1-44e3-97cb-67d891e78d01 77479936a0734a1ea7a1f1a503d6d21a e249e688ca4b47b9af865e38a86e740d - - default default] 10.0.0.6 "DELETE /v2.0/subnets/c59eab8a-9f72-4ac3-a264-4da183131f39 HTTP/1.1" status: 404 len: 337 time: 0.0224075
2026-07-08 16:49:36.618 9 INFO neutron.api.wsgi [None req-ff3635f5-41df-456d-99eb-e209d414010a 77479936a0734a1ea7a1f1a503d6d21a e249e688ca4b47b9af865e38a86e740d - - default default] 10.0.0.6 "DELETE /v2.0/ports/3f3c5dc9-5ab4-4664-9a43-789b497f5895 HTTP/1.1" status: 204 len: 168 time: 0.2331851
2026-07-08 16:49:36.659 9 INFO neutron.api.wsgi [req-632984f5-37b9-4439-9dcb-debf0600c98c req-c3e30144-359f-4d74-85ae-a11731c85af0 eb79f5259edf4cb68071e4e9ea46e2a3 55f034e22be643a981621d93018c7824 - - 49b15faec86749c5a9d548c4b944feec 49b15faec86749c5a9d548c4b944feec] 10.0.0.91 "GET /v2.0/ports?device_id=8bdc896a-b385-44e0-b509-8d9e2c7c6a80 HTTP/1.1" status: 200 len: 1409 time: 0.0289559
2026-07-08 16:49:36.690 9 INFO neutron.api.wsgi [req-632984f5-37b9-4439-9dcb-debf0600c98c req-68f10944-e1e0-4858-b78d-2f25d64cd584 eb79f5259edf4cb68071e4e9ea46e2a3 55f034e22be643a981621d93018c7824 - - 49b15faec86749c5a9d548c4b944feec 49b15faec86749c5a9d548c4b944feec] 10.0.0.91 "GET /v2.0/security-groups?id=392faaf2-0a58-4a4a-8cee-133b66c581ac&fields=id&fields=name HTTP/1.1" status: 200 len: 313 time: 0.0262785
2026-07-08 16:49:37.006 10 INFO neutron.services.segments.plugin [-] Segment c9219bea-3931-4ca7-94b6-597608b5b6ed resource provider aggregate not found
2026-07-08 16:49:37.010 9 INFO neutron.api.wsgi [-] 10.0.0.223 "GET / HTTP/1.1" status: 200 len: 246 time: 0.0018282
2026-07-08 16:49:37.011 10 INFO neutron.services.segments.plugin [-] Segment c9219bea-3931-4ca7-94b6-597608b5b6ed resource provider aggregate not found
2026-07-08 16:49:37.012 9 INFO neutron.api.wsgi [-] 10.0.0.223 "GET / HTTP/1.1" status: 200 len: 246 time: 0.0018654
2026-07-08 16:49:37.023 10 INFO neutron.services.segments.plugin [-] Segment c9219bea-3931-4ca7-94b6-597608b5b6ed resource provider not found; error: Placement Client Error (4xx): {"errors": [{"status": 404, "title": "Not Found", "detail": "The resource could not be found.\n\n No resource provider with uuid c9219bea-3931-4ca7-94b6-597608b5b6ed found for delete ", "request_id": "req-98bcad20-5b56-4496-b522-489231c38a7b"}]}
2026-07-08 16:49:37.031 10 INFO neutron.services.segments.plugin [-] Segment c9219bea-3931-4ca7-94b6-597608b5b6ed resource provider not found; error: Placement Client Error (4xx): {"errors": [{"status": 404, "title": "Not Found", "detail": "The resource could not be found.\n\n No resource provider with uuid c9219bea-3931-4ca7-94b6-597608b5b6ed found for delete ", "request_id": "req-907995c7-d0d6-4bf7-b589-e49e2b3bc338"}]}
2026-07-08 16:49:37.045 10 INFO neutron.plugins.ml2.drivers.ovn.mech_driver.ovsdb.commands [None req-9f28f05d-7f7e-4a22-b4c0-09fd57dd03f0 - - - - - -] Schedule LRP lrp-a4abf090-efdc-4b43-8332-a5e227018bf3 on gateway 76ad43af-606c-4232-9d02-361c52f14b55 with priority 1
2026-07-08 16:49:37.053 10 INFO neutron.api.wsgi [None req-e4f02348-0caf-4b3a-916d-a44812460757 77479936a0734a1ea7a1f1a503d6d21a e249e688ca4b47b9af865e38a86e740d - - default default] 10.0.0.6 "DELETE /v2.0/networks/4917d8af-74a1-49dc-a954-b51a402d6226 HTTP/1.1" status: 204 len: 168 time: 0.4296432
2026-07-08 16:49:37.056 9 INFO neutron.plugins.ml2.drivers.ovn.mech_driver.mech_driver [None req-69b53e1f-4170-479d-9740-ee173bb49071 - - - - - -] OVN reports status up for port: a4abf090-efdc-4b43-8332-a5e227018bf3
2026-07-08 16:49:37.063 9 INFO neutron.plugins.ml2.plugin [None req-69b53e1f-4170-479d-9740-ee173bb49071 - - - - - -] Attempt 1 to provision port a4abf090-efdc-4b43-8332-a5e227018bf3
2026-07-08 16:49:37.085 10 INFO neutron.db.ovn_revision_numbers_db [None req-4ac89b1d-22b7-4783-897e-e337ac0743df f8200eaa3ac54bb8bac1f91ba9916b6e 05237a7dbc9b4b5aa56a6385dbbd62b4 - - default default] Successfully bumped revision number for resource a4abf090-efdc-4b43-8332-a5e227018bf3 (type: router_ports) to 1
2026-07-08 16:49:37.146 10 INFO neutron.db.ovn_revision_numbers_db [None req-4ac89b1d-22b7-4783-897e-e337ac0743df f8200eaa3ac54bb8bac1f91ba9916b6e 05237a7dbc9b4b5aa56a6385dbbd62b4 - - default default] Successfully bumped revision number for resource 7194a66a-5be2-431f-b39e-788cf537ceef (type: routers) to 2
2026-07-08 16:49:37.170 10 INFO neutron.api.wsgi [None req-4ac89b1d-22b7-4783-897e-e337ac0743df f8200eaa3ac54bb8bac1f91ba9916b6e 05237a7dbc9b4b5aa56a6385dbbd62b4 - - default default] 10.0.0.6 "POST /v2.0/routers HTTP/1.1" status: 201 len: 1154 time: 1.3894539
2026-07-08 16:49:37.755 9 INFO neutron.api.wsgi [None req-b8ad9350-64a4-498f-8d4d-9fc65da6fe0d 8057a3b54f3c49eb8c48efc6513d7feb 6ccd7419d0ec40d0b630d2276fdc26f8 - - default default] 10.0.0.6 "GET /v2.0/security-groups?tenant_id=e249e688ca4b47b9af865e38a86e740d&name=default HTTP/1.1" status: 200 len: 3120 time: 0.1343799
2026-07-08 16:49:37.993 10 WARNING neutron.scheduler.dhcp_agent_scheduler [None req-f92e9ea4-df9e-4f72-acc6-f7e09c7d59c3 f8200eaa3ac54bb8bac1f91ba9916b6e 05237a7dbc9b4b5aa56a6385dbbd62b4 - - default default] No more DHCP agents
2026-07-08 16:49:37.997 10 WARNING neutron.api.rpc.agentnotifiers.dhcp_rpc_agent_api [None req-f92e9ea4-df9e-4f72-acc6-f7e09c7d59c3 f8200eaa3ac54bb8bac1f91ba9916b6e 05237a7dbc9b4b5aa56a6385dbbd62b4 - - default default] Unable to schedule network ebb1ef69-1c7a-405e-9194-cba32c6a70e1: no agents available; will retry on subsequent port and subnet creation events.
2026-07-08 16:49:38.056 10 INFO neutron.api.wsgi [None req-5dba5e5c-ebf8-4e7f-bf2d-078b8335df8f 8057a3b54f3c49eb8c48efc6513d7feb 6ccd7419d0ec40d0b630d2276fdc26f8 - - default default] 10.0.0.6 "DELETE /v2.0/security-groups/bab78100-4aa4-4d2a-9744-bae675e6c077 HTTP/1.1" status: 204 len: 168 time: 0.2949095
2026-07-08 16:49:38.137 10 INFO neutron.db.ovn_revision_numbers_db [None req-f92e9ea4-df9e-4f72-acc6-f7e09c7d59c3 f8200eaa3ac54bb8bac1f91ba9916b6e 05237a7dbc9b4b5aa56a6385dbbd62b4 - - default default] Successfully bumped revision number for resource 23bf731f-eac3-49b4-94f0-92043a774e10 (type: ports) to 1
2026-07-08 16:49:38.478 9 INFO neutron.api.wsgi [req-5bd4c988-22b7-45e8-928c-e9bbd4b5a740 req-3d953a87-9e23-401c-bac4-7a1a55d452f8 337f2f40b8d243709621d90632bcc37c 3335552f7bb845cc89e662aaedd998f8 - - default default] 10.0.0.89 "GET /v2.0/ports?device_id=8bdc896a-b385-44e0-b509-8d9e2c7c6a80 HTTP/1.1" status: 200 len: 1170 time: 0.0807133
2026-07-08 16:49:38.516 9 INFO neutron.api.wsgi [req-5bd4c988-22b7-45e8-928c-e9bbd4b5a740 req-c2c84cdc-a7b7-46b6-ade9-556c31d504da 337f2f40b8d243709621d90632bcc37c 3335552f7bb845cc89e662aaedd998f8 - - default default] 10.0.0.89 "GET /v2.0/security-groups?id=392faaf2-0a58-4a4a-8cee-133b66c581ac&fields=id&fields=name HTTP/1.1" status: 200 len: 313 time: 0.0319693
2026-07-08 16:49:38.873 10 INFO neutron.db.ovn_revision_numbers_db [None req-f92e9ea4-df9e-4f72-acc6-f7e09c7d59c3 f8200eaa3ac54bb8bac1f91ba9916b6e 05237a7dbc9b4b5aa56a6385dbbd62b4 - - default default] Successfully bumped revision number for resource 23bf731f-eac3-49b4-94f0-92043a774e10 (type: ports) to 1
2026-07-08 16:49:38.940 10 WARNING neutron.scheduler.dhcp_agent_scheduler [None req-f92e9ea4-df9e-4f72-acc6-f7e09c7d59c3 f8200eaa3ac54bb8bac1f91ba9916b6e 05237a7dbc9b4b5aa56a6385dbbd62b4 - - default default] No more DHCP agents
2026-07-08 16:49:38.941 10 WARNING neutron.api.rpc.agentnotifiers.dhcp_rpc_agent_api [None req-f92e9ea4-df9e-4f72-acc6-f7e09c7d59c3 f8200eaa3ac54bb8bac1f91ba9916b6e 05237a7dbc9b4b5aa56a6385dbbd62b4 - - default default] Unable to schedule network ebb1ef69-1c7a-405e-9194-cba32c6a70e1: no agents available; will retry on subsequent port and subnet creation events.
2026-07-08 16:49:39.334 10 INFO neutron.db.ovn_revision_numbers_db [None req-f92e9ea4-df9e-4f72-acc6-f7e09c7d59c3 f8200eaa3ac54bb8bac1f91ba9916b6e 05237a7dbc9b4b5aa56a6385dbbd62b4 - - default default] Successfully bumped revision number for resource 23bf731f-eac3-49b4-94f0-92043a774e10 (type: router_ports) to 1
2026-07-08 16:49:39.340 10 INFO neutron.api.wsgi [None req-f92e9ea4-df9e-4f72-acc6-f7e09c7d59c3 f8200eaa3ac54bb8bac1f91ba9916b6e 05237a7dbc9b4b5aa56a6385dbbd62b4 - - default default] 10.0.0.6 "PUT /v2.0/routers/7194a66a-5be2-431f-b39e-788cf537ceef/add_router_interface HTTP/1.1" status: 200 len: 503 time: 2.1643400
2026-07-08 16:49:39.350 9 WARNING neutron_lib.context [None req-5b56c09d-bf9d-4021-821b-516be266fb35 f8200eaa3ac54bb8bac1f91ba9916b6e 05237a7dbc9b4b5aa56a6385dbbd62b4 - - default default] Method 'is_advsvc' is deprecated since 2023.2 release (neutron-lib 3.8.0) and will be removed once support for the old RBAC API policies will be removed from Neutron. Please use method 'is_service_role' instead.
2026-07-08 16:49:39.670 10 INFO neutron.api.wsgi [req-913be804-548b-4504-ac3e-1bd292501b8d req-17f1b4d1-45ec-457c-a5d1-fa8889ce2b45 337f2f40b8d243709621d90632bcc37c 3335552f7bb845cc89e662aaedd998f8 - - default default] 10.0.0.89 "GET /v2.0/ports?device_id=8bdc896a-b385-44e0-b509-8d9e2c7c6a80 HTTP/1.1" status: 200 len: 1170 time: 0.0853114
2026-07-08 16:49:39.674 9 WARNING neutron.scheduler.dhcp_agent_scheduler [None req-5b56c09d-bf9d-4021-821b-516be266fb35 f8200eaa3ac54bb8bac1f91ba9916b6e 05237a7dbc9b4b5aa56a6385dbbd62b4 - - default default] No more DHCP agents
2026-07-08 16:49:39.675 9 WARNING neutron.api.rpc.agentnotifiers.dhcp_rpc_agent_api [None req-5b56c09d-bf9d-4021-821b-516be266fb35 f8200eaa3ac54bb8bac1f91ba9916b6e 05237a7dbc9b4b5aa56a6385dbbd62b4 - - default default] Unable to schedule network ebb1ef69-1c7a-405e-9194-cba32c6a70e1: no agents available; will retry on subsequent port and subnet creation events.
2026-07-08 16:49:39.711 10 INFO neutron.api.wsgi [req-913be804-548b-4504-ac3e-1bd292501b8d req-147306f8-d25c-455b-936f-4aed543d3889 337f2f40b8d243709621d90632bcc37c 3335552f7bb845cc89e662aaedd998f8 - - default default] 10.0.0.89 "GET /v2.0/security-groups?id=392faaf2-0a58-4a4a-8cee-133b66c581ac&fields=id&fields=name HTTP/1.1" status: 200 len: 313 time: 0.0349333
2026-07-08 16:49:39.811 9 INFO neutron.db.ovn_revision_numbers_db [None req-5b56c09d-bf9d-4021-821b-516be266fb35 f8200eaa3ac54bb8bac1f91ba9916b6e 05237a7dbc9b4b5aa56a6385dbbd62b4 - - default default] Successfully bumped revision number for resource c251dd92-de1a-4bcb-9ec2-ddec09263b96 (type: ports) to 1
2026-07-08 16:49:39.835 9 INFO neutron.api.wsgi [None req-5b56c09d-bf9d-4021-821b-516be266fb35 f8200eaa3ac54bb8bac1f91ba9916b6e 05237a7dbc9b4b5aa56a6385dbbd62b4 - - default default] 10.0.0.6 "POST /v2.0/ports HTTP/1.1" status: 201 len: 1158 time: 0.4900997
2026-07-08 16:49:39.849 10 WARNING neutron_lib.context [None req-8142a40c-fae8-4a8c-878e-bc2e2bf66b47 f8200eaa3ac54bb8bac1f91ba9916b6e 05237a7dbc9b4b5aa56a6385dbbd62b4 - - default default] Method 'is_advsvc' is deprecated since 2023.2 release (neutron-lib 3.8.0) and will be removed once support for the old RBAC API policies will be removed from Neutron. Please use method 'is_service_role' instead.
2026-07-08 16:49:39.987 10 WARNING neutron_lib.context [None req-c919a6ce-1417-462b-b9a7-b28ca333fd41 bbb900886148477b8b8fd1e7b06d1368 8f4b01cb7918482fb241f06d9924797a - - default default] Method 'is_advsvc' is deprecated since 2023.2 release (neutron-lib 3.8.0) and will be removed once support for the old RBAC API policies will be removed from Neutron. Please use method 'is_service_role' instead. /var/lib/openstack/lib/python3.12/site-packages/pycadf/identifier.py:71: UserWarning: Invalid uuid: neutron. To ensure interoperability, identifiers should be a valid uuid. warnings.warn(('Invalid uuid: %s. To ensure interoperability, '
2026-07-08 16:49:40.170 9 INFO neutron.api.wsgi [req-b647397b-5fc7-4ac3-844c-82f5bcd69411 req-7531059c-5e84-4975-b9f1-18d08d5d029d 337f2f40b8d243709621d90632bcc37c 3335552f7bb845cc89e662aaedd998f8 - - default default] 199.19.213.66 "GET /v2.0/ports?device_id=8bdc896a-b385-44e0-b509-8d9e2c7c6a80 HTTP/1.1" status: 200 len: 1170 time: 0.0322609
2026-07-08 16:49:40.207 10 INFO neutron.db.ovn_revision_numbers_db [None req-c919a6ce-1417-462b-b9a7-b28ca333fd41 bbb900886148477b8b8fd1e7b06d1368 8f4b01cb7918482fb241f06d9924797a - - default default] Successfully bumped revision number for resource e43860b8-8e66-44da-bc7c-506eb0982190 (type: security_groups) to 1
2026-07-08 16:49:40.221 10 INFO neutron.db.ovn_revision_numbers_db [None req-c919a6ce-1417-462b-b9a7-b28ca333fd41 bbb900886148477b8b8fd1e7b06d1368 8f4b01cb7918482fb241f06d9924797a - - default default] Successfully bumped revision number for resource 47c00d04-1646-4cad-be22-cb9865d901f2 (type: security_group_rules) to 0
2026-07-08 16:49:40.222 10 WARNING neutron.scheduler.dhcp_agent_scheduler [None req-8142a40c-fae8-4a8c-878e-bc2e2bf66b47 f8200eaa3ac54bb8bac1f91ba9916b6e 05237a7dbc9b4b5aa56a6385dbbd62b4 - - default default] No more DHCP agents
2026-07-08 16:49:40.223 10 WARNING neutron.api.rpc.agentnotifiers.dhcp_rpc_agent_api [None req-8142a40c-fae8-4a8c-878e-bc2e2bf66b47 f8200eaa3ac54bb8bac1f91ba9916b6e 05237a7dbc9b4b5aa56a6385dbbd62b4 - - default default] Unable to schedule network ebb1ef69-1c7a-405e-9194-cba32c6a70e1: no agents available; will retry on subsequent port and subnet creation events.
2026-07-08 16:49:40.239 10 INFO neutron.db.ovn_revision_numbers_db [None req-c919a6ce-1417-462b-b9a7-b28ca333fd41 bbb900886148477b8b8fd1e7b06d1368 8f4b01cb7918482fb241f06d9924797a - - default default] Successfully bumped revision number for resource 7b294bd8-5716-407a-911f-dc306540d415 (type: security_group_rules) to 0
2026-07-08 16:49:40.255 10 INFO neutron.db.ovn_revision_numbers_db [None req-c919a6ce-1417-462b-b9a7-b28ca333fd41 bbb900886148477b8b8fd1e7b06d1368 8f4b01cb7918482fb241f06d9924797a - - default default] Successfully bumped revision number for resource c358751e-d26b-4397-9945-7c9ee7a26206 (type: security_group_rules) to 0
2026-07-08 16:49:40.273 10 INFO neutron.db.ovn_revision_numbers_db [None req-c919a6ce-1417-462b-b9a7-b28ca333fd41 bbb900886148477b8b8fd1e7b06d1368 8f4b01cb7918482fb241f06d9924797a - - default default] Successfully bumped revision number for resource d3393af0-a365-4809-a8b3-76e9ac8c216a (type: security_group_rules) to 0
2026-07-08 16:49:40.348 10 INFO neutron.db.segments_db [None req-c919a6ce-1417-462b-b9a7-b28ca333fd41 bbb900886148477b8b8fd1e7b06d1368 8f4b01cb7918482fb241f06d9924797a - - default default] Added segment 0ca973a9-68fc-4d38-b0be-a2ee82f84b33 of type geneve for network 94d0f58e-5ef3-4f08-b8fa-6ed98111e27f
2026-07-08 16:49:40.366 10 INFO neutron.db.ovn_revision_numbers_db [None req-8142a40c-fae8-4a8c-878e-bc2e2bf66b47 f8200eaa3ac54bb8bac1f91ba9916b6e 05237a7dbc9b4b5aa56a6385dbbd62b4 - - default default] Successfully bumped revision number for resource 7b2175de-913b-446a-ada7-d6d4c885116d (type: ports) to 1
2026-07-08 16:49:40.405 10 INFO neutron.api.wsgi [None req-8142a40c-fae8-4a8c-878e-bc2e2bf66b47 f8200eaa3ac54bb8bac1f91ba9916b6e 05237a7dbc9b4b5aa56a6385dbbd62b4 - - default default] 10.0.0.6 "POST /v2.0/ports HTTP/1.1" status: 201 len: 1154 time: 0.5629239
2026-07-08 16:49:40.425 9 WARNING neutron_lib.context [None req-f2e1a97e-4054-4145-ad30-9946ce426611 f8200eaa3ac54bb8bac1f91ba9916b6e 05237a7dbc9b4b5aa56a6385dbbd62b4 - - default default] Method 'is_advsvc' is deprecated since 2023.2 release (neutron-lib 3.8.0) and will be removed once support for the old RBAC API policies will be removed from Neutron. Please use method 'is_service_role' instead.
2026-07-08 16:49:40.497 10 INFO neutron.db.ovn_revision_numbers_db [None req-c919a6ce-1417-462b-b9a7-b28ca333fd41 bbb900886148477b8b8fd1e7b06d1368 8f4b01cb7918482fb241f06d9924797a - - default default] Successfully bumped revision number for resource 94d0f58e-5ef3-4f08-b8fa-6ed98111e27f (type: networks) to 1
2026-07-08 16:49:40.546 9 INFO neutron.db.l3_db [req-b647397b-5fc7-4ac3-844c-82f5bcd69411 req-426345de-7ad8-4642-bdb7-047b22df341d 337f2f40b8d243709621d90632bcc37c 3335552f7bb845cc89e662aaedd998f8 - - default default] Floating IP e401b000-51df-4db1-9b9e-8647d2dbb856 disassociated. External IP: 10.96.250.201, port: 99a5bb8f-3a69-4624-921c-dbf2f6c17c23.
2026-07-08 16:49:40.657 10 WARNING neutron.scheduler.dhcp_agent_scheduler [None req-c919a6ce-1417-462b-b9a7-b28ca333fd41 bbb900886148477b8b8fd1e7b06d1368 8f4b01cb7918482fb241f06d9924797a - - default default] No more DHCP agents
2026-07-08 16:49:40.659 10 WARNING neutron.api.rpc.agentnotifiers.dhcp_rpc_agent_api [None req-c919a6ce-1417-462b-b9a7-b28ca333fd41 bbb900886148477b8b8fd1e7b06d1368 8f4b01cb7918482fb241f06d9924797a - - default default] Unable to schedule network 94d0f58e-5ef3-4f08-b8fa-6ed98111e27f: no agents available; will retry on subsequent port and subnet creation events.
2026-07-08 16:49:40.680 9 INFO neutron.api.wsgi [req-b647397b-5fc7-4ac3-844c-82f5bcd69411 req-426345de-7ad8-4642-bdb7-047b22df341d 337f2f40b8d243709621d90632bcc37c 3335552f7bb845cc89e662aaedd998f8 - - default default] 199.19.213.66 "DELETE /v2.0/ports/99a5bb8f-3a69-4624-921c-dbf2f6c17c23 HTTP/1.1" status: 204 len: 173 time: 0.5066190
2026-07-08 16:49:40.718 9 INFO neutron.notifiers.nova [-] Nova event matching ['req-84a89b42-977f-4b11-bc3e-37e045ffdc31'] response: {'server_uuid': '8bdc896a-b385-44e0-b509-8d9e2c7c6a80', 'name': 'network-vif-deleted', 'tag': '99a5bb8f-3a69-4624-921c-dbf2f6c17c23', 'status': 'completed', 'code': 200}
2026-07-08 16:49:40.725 9 WARNING neutron.scheduler.dhcp_agent_scheduler [None req-f2e1a97e-4054-4145-ad30-9946ce426611 f8200eaa3ac54bb8bac1f91ba9916b6e 05237a7dbc9b4b5aa56a6385dbbd62b4 - - default default] No more DHCP agents
2026-07-08 16:49:40.726 10 INFO neutron.db.ovn_revision_numbers_db [None req-c919a6ce-1417-462b-b9a7-b28ca333fd41 bbb900886148477b8b8fd1e7b06d1368 8f4b01cb7918482fb241f06d9924797a - - default default] Successfully bumped revision number for resource 14e9aec4-91e1-4103-8f25-9a4bf8c16eec (type: ports) to 1
2026-07-08 16:49:40.727 9 WARNING neutron.api.rpc.agentnotifiers.dhcp_rpc_agent_api [None req-f2e1a97e-4054-4145-ad30-9946ce426611 f8200eaa3ac54bb8bac1f91ba9916b6e 05237a7dbc9b4b5aa56a6385dbbd62b4 - - default default] Unable to schedule network 3327b290-1c6c-4d62-b112-8c73cb43a3b2: no agents available; will retry on subsequent port and subnet creation events.
2026-07-08 16:49:40.749 10 INFO neutron.api.wsgi [None req-c919a6ce-1417-462b-b9a7-b28ca333fd41 bbb900886148477b8b8fd1e7b06d1368 8f4b01cb7918482fb241f06d9924797a - - default default] 10.0.0.6 "POST /v2.0/networks HTTP/1.1" status: 201 len: 833 time: 0.9445262 /var/lib/openstack/lib/python3.12/site-packages/pycadf/identifier.py:71: UserWarning: Invalid uuid: neutron. To ensure interoperability, identifiers should be a valid uuid. warnings.warn(('Invalid uuid: %s. To ensure interoperability, '
2026-07-08 16:49:40.758 10 WARNING neutron_lib.context [None req-79a53a71-5f94-4add-a004-6d1c432f58a3 bbb900886148477b8b8fd1e7b06d1368 8f4b01cb7918482fb241f06d9924797a - - default default] Method 'is_advsvc' is deprecated since 2023.2 release (neutron-lib 3.8.0) and will be removed once support for the old RBAC API policies will be removed from Neutron. Please use method 'is_service_role' instead.
2026-07-08 16:49:40.792 10 INFO neutron.api.wsgi [req-8aea5ef8-0286-4145-b6d3-be415867173d req-0d32891e-bd2b-4ce2-ae01-27746389fc97 337f2f40b8d243709621d90632bcc37c 3335552f7bb845cc89e662aaedd998f8 - - default default] 10.0.0.89 "GET /v2.0/ports?device_id=8bdc896a-b385-44e0-b509-8d9e2c7c6a80 HTTP/1.1" status: 200 len: 210 time: 0.0244734
2026-07-08 16:49:40.857 10 INFO neutron.db.segments_db [None req-79a53a71-5f94-4add-a004-6d1c432f58a3 bbb900886148477b8b8fd1e7b06d1368 8f4b01cb7918482fb241f06d9924797a - - default default] Added segment 043ab2b3-c01a-45ec-8138-4461c3248346 of type geneve for network 522e95a2-a1b9-4fe7-b205-ce61dd249e9f
2026-07-08 16:49:40.975 10 INFO neutron.db.ovn_revision_numbers_db [None req-79a53a71-5f94-4add-a004-6d1c432f58a3 bbb900886148477b8b8fd1e7b06d1368 8f4b01cb7918482fb241f06d9924797a - - default default] Successfully bumped revision number for resource 522e95a2-a1b9-4fe7-b205-ce61dd249e9f (type: networks) to 1
2026-07-08 16:49:41.145 10 WARNING neutron.scheduler.dhcp_agent_scheduler [None req-79a53a71-5f94-4add-a004-6d1c432f58a3 bbb900886148477b8b8fd1e7b06d1368 8f4b01cb7918482fb241f06d9924797a - - default default] No more DHCP agents
2026-07-08 16:49:41.147 10 WARNING neutron.api.rpc.agentnotifiers.dhcp_rpc_agent_api [None req-79a53a71-5f94-4add-a004-6d1c432f58a3 bbb900886148477b8b8fd1e7b06d1368 8f4b01cb7918482fb241f06d9924797a - - default default] Unable to schedule network 522e95a2-a1b9-4fe7-b205-ce61dd249e9f: no agents available; will retry on subsequent port and subnet creation events.
2026-07-08 16:49:41.214 10 INFO neutron.db.ovn_revision_numbers_db [None req-79a53a71-5f94-4add-a004-6d1c432f58a3 bbb900886148477b8b8fd1e7b06d1368 8f4b01cb7918482fb241f06d9924797a - - default default] Successfully bumped revision number for resource 81b16124-e0b8-4bbb-a392-d0819aa59187 (type: ports) to 1
2026-07-08 16:49:41.237 10 INFO neutron.api.wsgi [None req-79a53a71-5f94-4add-a004-6d1c432f58a3 bbb900886148477b8b8fd1e7b06d1368 8f4b01cb7918482fb241f06d9924797a - - default default] 10.0.0.6 "POST /v2.0/networks HTTP/1.1" status: 201 len: 832 time: 0.4831877
2026-07-08 16:49:41.247 10 WARNING neutron_lib.context [None req-aea0c1e1-2377-4a03-bf8c-3aa427c69d18 bbb900886148477b8b8fd1e7b06d1368 8f4b01cb7918482fb241f06d9924797a - - default default] Method 'is_advsvc' is deprecated since 2023.2 release (neutron-lib 3.8.0) and will be removed once support for the old RBAC API policies will be removed from Neutron. Please use method 'is_service_role' instead.
2026-07-08 16:49:41.449 9 INFO neutron.db.ovn_revision_numbers_db [None req-f2e1a97e-4054-4145-ad30-9946ce426611 f8200eaa3ac54bb8bac1f91ba9916b6e 05237a7dbc9b4b5aa56a6385dbbd62b4 - - default default] Successfully bumped revision number for resource 604e9e2c-fce6-44ef-98f6-043cc3f964c5 (type: floatingips) to -1
2026-07-08 16:49:41.456 10 WARNING neutron.scheduler.dhcp_agent_scheduler [None req-aea0c1e1-2377-4a03-bf8c-3aa427c69d18 bbb900886148477b8b8fd1e7b06d1368 8f4b01cb7918482fb241f06d9924797a - - default default] No more DHCP agents
2026-07-08 16:49:41.458 10 WARNING neutron.api.rpc.agentnotifiers.dhcp_rpc_agent_api [None req-aea0c1e1-2377-4a03-bf8c-3aa427c69d18 bbb900886148477b8b8fd1e7b06d1368 8f4b01cb7918482fb241f06d9924797a - - default default] Unable to schedule network 94d0f58e-5ef3-4f08-b8fa-6ed98111e27f: no agents available; will retry on subsequent port and subnet creation events.
2026-07-08 16:49:41.493 10 INFO neutron.db.ovn_revision_numbers_db [None req-aea0c1e1-2377-4a03-bf8c-3aa427c69d18 bbb900886148477b8b8fd1e7b06d1368 8f4b01cb7918482fb241f06d9924797a - - default default] Successfully bumped revision number for resource 5a40036d-d961-4e85-be7f-87cc08d850e0 (type: subnets) to 0
2026-07-08 16:49:41.510 10 INFO neutron.api.wsgi [None req-aea0c1e1-2377-4a03-bf8c-3aa427c69d18 bbb900886148477b8b8fd1e7b06d1368 8f4b01cb7918482fb241f06d9924797a - - default default] 10.0.0.6 "POST /v2.0/subnets HTTP/1.1" status: 201 len: 845 time: 0.2671239
2026-07-08 16:49:41.524 10 WARNING neutron_lib.context [None req-d9d44d66-6fdb-48d4-8d5f-f44c975c6129 bbb900886148477b8b8fd1e7b06d1368 8f4b01cb7918482fb241f06d9924797a - - default default] Method 'is_advsvc' is deprecated since 2023.2 release (neutron-lib 3.8.0) and will be removed once support for the old RBAC API policies will be removed from Neutron. Please use method 'is_service_role' instead.
2026-07-08 16:49:41.556 9 INFO neutron.db.ovn_revision_numbers_db [None req-f2e1a97e-4054-4145-ad30-9946ce426611 f8200eaa3ac54bb8bac1f91ba9916b6e 05237a7dbc9b4b5aa56a6385dbbd62b4 - - default default] Successfully bumped revision number for resource 604e9e2c-fce6-44ef-98f6-043cc3f964c5 (type: floatingips) to 1
2026-07-08 16:49:41.557 9 INFO neutron.db.l3_db [None req-f2e1a97e-4054-4145-ad30-9946ce426611 f8200eaa3ac54bb8bac1f91ba9916b6e 05237a7dbc9b4b5aa56a6385dbbd62b4 - - default default] Floating IP 604e9e2c-fce6-44ef-98f6-043cc3f964c5 associated. External IP: 10.96.250.209, port: 7b2175de-913b-446a-ada7-d6d4c885116d.
2026-07-08 16:49:41.601 9 INFO neutron.api.wsgi [None req-f2e1a97e-4054-4145-ad30-9946ce426611 f8200eaa3ac54bb8bac1f91ba9916b6e 05237a7dbc9b4b5aa56a6385dbbd62b4 - - default default] 10.0.0.6 "POST /v2.0/floatingips HTTP/1.1" status: 201 len: 1041 time: 1.1866534
2026-07-08 16:49:41.745 10 WARNING neutron.scheduler.dhcp_agent_scheduler [None req-d9d44d66-6fdb-48d4-8d5f-f44c975c6129 bbb900886148477b8b8fd1e7b06d1368 8f4b01cb7918482fb241f06d9924797a - - default default] No more DHCP agents
2026-07-08 16:49:41.746 10 WARNING neutron.api.rpc.agentnotifiers.dhcp_rpc_agent_api [None req-d9d44d66-6fdb-48d4-8d5f-f44c975c6129 bbb900886148477b8b8fd1e7b06d1368 8f4b01cb7918482fb241f06d9924797a - - default default] Unable to schedule network 522e95a2-a1b9-4fe7-b205-ce61dd249e9f: no agents available; will retry on subsequent port and subnet creation events.
2026-07-08 16:49:41.793 9 INFO neutron.db.ovn_revision_numbers_db [None req-2f83e29f-4983-428c-bb1b-1dde381ada36 f8200eaa3ac54bb8bac1f91ba9916b6e 05237a7dbc9b4b5aa56a6385dbbd62b4 - - default default] Successfully bumped revision number for resource 604e9e2c-fce6-44ef-98f6-043cc3f964c5 (type: floatingips) to 2
2026-07-08 16:49:41.793 10 INFO neutron.db.ovn_revision_numbers_db [None req-d9d44d66-6fdb-48d4-8d5f-f44c975c6129 bbb900886148477b8b8fd1e7b06d1368 8f4b01cb7918482fb241f06d9924797a - - default default] Successfully bumped revision number for resource a9f612c6-0c04-4244-b8f7-ddae6fe62f86 (type: subnets) to 0
2026-07-08 16:49:41.796 9 WARNING neutron.plugins.ml2.drivers.ovn.mech_driver.ovsdb.ovn_client [None req-69b53e1f-4170-479d-9740-ee173bb49071 - - - - - -] No hosting information found for port a4abf090-efdc-4b43-8332-a5e227018bf3: RuntimeError: No hosting information found for port a4abf090-efdc-4b43-8332-a5e227018bf3
2026-07-08 16:49:41.796 9 INFO neutron.plugins.ml2.drivers.ovn.mech_driver.mech_driver [None req-69b53e1f-4170-479d-9740-ee173bb49071 - - - - - -] OVN reports status up for port: 23bf731f-eac3-49b4-94f0-92043a774e10
2026-07-08 16:49:41.809 10 INFO neutron.api.wsgi [None req-d9d44d66-6fdb-48d4-8d5f-f44c975c6129 bbb900886148477b8b8fd1e7b06d1368 8f4b01cb7918482fb241f06d9924797a - - default default] 10.0.0.6 "POST /v2.0/subnets HTTP/1.1" status: 201 len: 854 time: 0.2941818
2026-07-08 16:49:41.818 9 WARNING neutron_lib.context [None req-0bbbe84b-a480-4b31-9860-44e9c145d230 bbb900886148477b8b8fd1e7b06d1368 8f4b01cb7918482fb241f06d9924797a - - default default] Method 'is_advsvc' is deprecated since 2023.2 release (neutron-lib 3.8.0) and will be removed once support for the old RBAC API policies will be removed from Neutron. Please use method 'is_service_role' instead.
2026-07-08 16:49:41.825 9 INFO neutron.plugins.ml2.plugin [None req-69b53e1f-4170-479d-9740-ee173bb49071 - - - - - -] Attempt 1 to provision port 23bf731f-eac3-49b4-94f0-92043a774e10
2026-07-08 16:49:41.878 9 INFO neutron.db.l3_db [None req-2f83e29f-4983-428c-bb1b-1dde381ada36 f8200eaa3ac54bb8bac1f91ba9916b6e 05237a7dbc9b4b5aa56a6385dbbd62b4 - - default default] Floating IP 604e9e2c-fce6-44ef-98f6-043cc3f964c5 disassociated. External IP: 10.96.250.209, port: 7b2175de-913b-446a-ada7-d6d4c885116d.
2026-07-08 16:49:41.903 9 INFO neutron.api.wsgi [req-45399cf8-0188-45ae-9710-c4dbf41ff432 req-8c53a87f-67b5-4d4e-aa10-3849f079ea08 337f2f40b8d243709621d90632bcc37c 3335552f7bb845cc89e662aaedd998f8 - - default default] 10.0.0.89 "GET /v2.0/ports?device_id=8bdc896a-b385-44e0-b509-8d9e2c7c6a80 HTTP/1.1" status: 200 len: 210 time: 0.0412900
2026-07-08 16:49:41.922 9 INFO neutron.api.wsgi [None req-2f83e29f-4983-428c-bb1b-1dde381ada36 f8200eaa3ac54bb8bac1f91ba9916b6e 05237a7dbc9b4b5aa56a6385dbbd62b4 - - default default] 10.0.0.6 "PUT /v2.0/floatingips/604e9e2c-fce6-44ef-98f6-043cc3f964c5 HTTP/1.1" status: 200 len: 748 time: 0.3150454
2026-07-08 16:49:41.963 9 INFO neutron.db.ovn_revision_numbers_db [None req-0bbbe84b-a480-4b31-9860-44e9c145d230 bbb900886148477b8b8fd1e7b06d1368 8f4b01cb7918482fb241f06d9924797a - - default default] Successfully bumped revision number for resource e6d3f05d-fb24-4c2a-9086-6ac8617ca444 (type: routers) to 1
2026-07-08 16:49:41.978 9 INFO neutron.api.wsgi [None req-0bbbe84b-a480-4b31-9860-44e9c145d230 bbb900886148477b8b8fd1e7b06d1368 8f4b01cb7918482fb241f06d9924797a - - default default] 10.0.0.6 "POST /v2.0/routers HTTP/1.1" status: 201 len: 805 time: 0.1629517
2026-07-08 16:49:42.258 10 INFO neutron.api.wsgi [None req-5c143e1b-a5b8-4500-8181-5b51e5a74927 f8200eaa3ac54bb8bac1f91ba9916b6e 05237a7dbc9b4b5aa56a6385dbbd62b4 - - default default] 10.0.0.6 "DELETE /v2.0/floatingips/604e9e2c-fce6-44ef-98f6-043cc3f964c5 HTTP/1.1" status: 204 len: 168 time: 0.3287210
2026-07-08 16:49:42.268 10 WARNING neutron_lib.context [None req-3b914a86-3ef6-4568-8d51-7b79e60858f6 f8200eaa3ac54bb8bac1f91ba9916b6e 05237a7dbc9b4b5aa56a6385dbbd62b4 - - default default] Method 'is_advsvc' is deprecated since 2023.2 release (neutron-lib 3.8.0) and will be removed once support for the old RBAC API policies will be removed from Neutron. Please use method 'is_service_role' instead.
2026-07-08 16:49:42.408 9 WARNING neutron.scheduler.dhcp_agent_scheduler [None req-46b33e1f-a61d-4cc9-86d3-095cf4b10ea1 bbb900886148477b8b8fd1e7b06d1368 8f4b01cb7918482fb241f06d9924797a - - default default] No more DHCP agents
2026-07-08 16:49:42.409 9 WARNING neutron.api.rpc.agentnotifiers.dhcp_rpc_agent_api [None req-46b33e1f-a61d-4cc9-86d3-095cf4b10ea1 bbb900886148477b8b8fd1e7b06d1368 8f4b01cb7918482fb241f06d9924797a - - default default] Unable to schedule network 94d0f58e-5ef3-4f08-b8fa-6ed98111e27f: no agents available; will retry on subsequent port and subnet creation events.
2026-07-08 16:49:42.411 9 INFO neutron.db.ovn_revision_numbers_db [None req-69b53e1f-4170-479d-9740-ee173bb49071 - - - - - -] Successfully bumped revision number for resource 23bf731f-eac3-49b4-94f0-92043a774e10 (type: ports) to 2
2026-07-08 16:49:42.486 10 WARNING neutron.scheduler.dhcp_agent_scheduler [None req-3b914a86-3ef6-4568-8d51-7b79e60858f6 f8200eaa3ac54bb8bac1f91ba9916b6e 05237a7dbc9b4b5aa56a6385dbbd62b4 - - default default] No more DHCP agents
2026-07-08 16:49:42.489 10 WARNING neutron.api.rpc.agentnotifiers.dhcp_rpc_agent_api [None req-3b914a86-3ef6-4568-8d51-7b79e60858f6 f8200eaa3ac54bb8bac1f91ba9916b6e 05237a7dbc9b4b5aa56a6385dbbd62b4 - - default default] Unable to schedule network 3327b290-1c6c-4d62-b112-8c73cb43a3b2: no agents available; will retry on subsequent port and subnet creation events.
2026-07-08 16:49:42.549 9 INFO neutron.db.ovn_revision_numbers_db [None req-46b33e1f-a61d-4cc9-86d3-095cf4b10ea1 bbb900886148477b8b8fd1e7b06d1368 8f4b01cb7918482fb241f06d9924797a - - default default] Successfully bumped revision number for resource 7ae2c717-2d30-437e-99cb-a7bdd1791020 (type: ports) to 1
2026-07-08 16:49:42.991 10 INFO neutron.api.wsgi [req-d563c8c9-ba0c-499a-9e5a-18bdbdd88389 req-73f76d1e-d7f0-47d2-9196-581e60522423 337f2f40b8d243709621d90632bcc37c 3335552f7bb845cc89e662aaedd998f8 - - default default] 10.0.0.89 "GET /v2.0/ports?device_id=8bdc896a-b385-44e0-b509-8d9e2c7c6a80 HTTP/1.1" status: 200 len: 210 time: 0.0171914
2026-07-08 16:49:43.018 10 INFO neutron.plugins.ml2.drivers.ovn.mech_driver.mech_driver [None req-89a6ffe7-a05c-4f5e-a9e7-62918cab38d1 - - - - - -] OVN reports status up for port: 7ae2c717-2d30-437e-99cb-a7bdd1791020
2026-07-08 16:49:43.026 10 INFO neutron.plugins.ml2.plugin [None req-89a6ffe7-a05c-4f5e-a9e7-62918cab38d1 - - - - - -] Attempt 1 to provision port 7ae2c717-2d30-437e-99cb-a7bdd1791020
2026-07-08 16:49:43.037 9 INFO neutron.db.ovn_revision_numbers_db [None req-46b33e1f-a61d-4cc9-86d3-095cf4b10ea1 bbb900886148477b8b8fd1e7b06d1368 8f4b01cb7918482fb241f06d9924797a - - default default] Successfully bumped revision number for resource 7ae2c717-2d30-437e-99cb-a7bdd1791020 (type: ports) to 1
2026-07-08 16:49:43.096 9 WARNING neutron.scheduler.dhcp_agent_scheduler [None req-46b33e1f-a61d-4cc9-86d3-095cf4b10ea1 bbb900886148477b8b8fd1e7b06d1368 8f4b01cb7918482fb241f06d9924797a - - default default] No more DHCP agents
2026-07-08 16:49:43.097 9 WARNING neutron.api.rpc.agentnotifiers.dhcp_rpc_agent_api [None req-46b33e1f-a61d-4cc9-86d3-095cf4b10ea1 bbb900886148477b8b8fd1e7b06d1368 8f4b01cb7918482fb241f06d9924797a - - default default] Unable to schedule network 94d0f58e-5ef3-4f08-b8fa-6ed98111e27f: no agents available; will retry on subsequent port and subnet creation events.
2026-07-08 16:49:43.196 10 INFO neutron.db.ovn_revision_numbers_db [None req-3b914a86-3ef6-4568-8d51-7b79e60858f6 f8200eaa3ac54bb8bac1f91ba9916b6e 05237a7dbc9b4b5aa56a6385dbbd62b4 - - default default] Successfully bumped revision number for resource 4dafe78d-0687-4fc3-bfc6-90f7616fe7ea (type: floatingips) to -1
2026-07-08 16:49:43.254 9 INFO neutron.db.ovn_revision_numbers_db [None req-46b33e1f-a61d-4cc9-86d3-095cf4b10ea1 bbb900886148477b8b8fd1e7b06d1368 8f4b01cb7918482fb241f06d9924797a - - default default] Successfully bumped revision number for resource 7ae2c717-2d30-437e-99cb-a7bdd1791020 (type: router_ports) to 1
2026-07-08 16:49:43.258 9 INFO neutron.api.wsgi [None req-46b33e1f-a61d-4cc9-86d3-095cf4b10ea1 bbb900886148477b8b8fd1e7b06d1368 8f4b01cb7918482fb241f06d9924797a - - default default] 10.0.0.6 "PUT /v2.0/routers/e6d3f05d-fb24-4c2a-9086-6ac8617ca444/add_router_interface HTTP/1.1" status: 200 len: 503 time: 1.2750316
2026-07-08 16:49:43.335 10 INFO neutron.db.ovn_revision_numbers_db [None req-3b914a86-3ef6-4568-8d51-7b79e60858f6 f8200eaa3ac54bb8bac1f91ba9916b6e 05237a7dbc9b4b5aa56a6385dbbd62b4 - - default default] Successfully bumped revision number for resource 4dafe78d-0687-4fc3-bfc6-90f7616fe7ea (type: floatingips) to 1
2026-07-08 16:49:43.335 10 INFO neutron.db.l3_db [None req-3b914a86-3ef6-4568-8d51-7b79e60858f6 f8200eaa3ac54bb8bac1f91ba9916b6e 05237a7dbc9b4b5aa56a6385dbbd62b4 - - default default] Floating IP 4dafe78d-0687-4fc3-bfc6-90f7616fe7ea associated. External IP: 10.96.250.205, port: c251dd92-de1a-4bcb-9ec2-ddec09263b96.
2026-07-08 16:49:43.346 9 INFO neutron.api.wsgi [None req-f692560d-2690-42de-847b-6ecc62961e12 bbb900886148477b8b8fd1e7b06d1368 8f4b01cb7918482fb241f06d9924797a - - default default] 10.0.0.6 "GET /v2.0/ports/7ae2c717-2d30-437e-99cb-a7bdd1791020 HTTP/1.1" status: 200 len: 1141 time: 0.0839689
2026-07-08 16:49:43.389 10 INFO neutron.api.wsgi [None req-3b914a86-3ef6-4568-8d51-7b79e60858f6 f8200eaa3ac54bb8bac1f91ba9916b6e 05237a7dbc9b4b5aa56a6385dbbd62b4 - - default default] 10.0.0.6 "POST /v2.0/floatingips HTTP/1.1" status: 201 len: 1042 time: 1.1271231
2026-07-08 16:49:43.480 9 INFO neutron.api.wsgi [None req-c70b66dc-33d5-4f40-9fe4-4ceb235fc2dd f8200eaa3ac54bb8bac1f91ba9916b6e 05237a7dbc9b4b5aa56a6385dbbd62b4 - - default default] 10.0.0.6 "GET /v2.0/floatingips/4dafe78d-0687-4fc3-bfc6-90f7616fe7ea HTTP/1.1" status: 200 len: 1039 time: 0.0858929
2026-07-08 16:49:43.520 10 INFO neutron.db.ovn_revision_numbers_db [None req-89a6ffe7-a05c-4f5e-a9e7-62918cab38d1 - - - - - -] Successfully bumped revision number for resource 7ae2c717-2d30-437e-99cb-a7bdd1791020 (type: ports) to 2
2026-07-08 16:49:43.550 9 INFO neutron.api.wsgi [None req-0e827be8-1a1b-4449-9632-f6a49dbab3bd f8200eaa3ac54bb8bac1f91ba9916b6e 05237a7dbc9b4b5aa56a6385dbbd62b4 - - default default] 10.0.0.6 "GET /v2.0/floatingips HTTP/1.1" status: 200 len: 1042 time: 0.0643566
2026-07-08 16:49:44.011 9 WARNING neutron.scheduler.dhcp_agent_scheduler [None req-1af35d8e-36ad-4814-8346-28ce60a3053a bbb900886148477b8b8fd1e7b06d1368 8f4b01cb7918482fb241f06d9924797a - - default default] No more DHCP agents
2026-07-08 16:49:44.014 9 WARNING neutron.api.rpc.agentnotifiers.dhcp_rpc_agent_api [None req-1af35d8e-36ad-4814-8346-28ce60a3053a bbb900886148477b8b8fd1e7b06d1368 8f4b01cb7918482fb241f06d9924797a - - default default] Unable to schedule network 522e95a2-a1b9-4fe7-b205-ce61dd249e9f: no agents available; will retry on subsequent port and subnet creation events.
2026-07-08 16:49:44.135 9 INFO neutron.db.ovn_revision_numbers_db [None req-1af35d8e-36ad-4814-8346-28ce60a3053a bbb900886148477b8b8fd1e7b06d1368 8f4b01cb7918482fb241f06d9924797a - - default default] Successfully bumped revision number for resource b6d4d4be-d687-45f5-82fa-6353e03a9bde (type: ports) to 1
2026-07-08 16:49:44.194 9 INFO neutron.db.ovn_revision_numbers_db [None req-30717693-dc03-469c-a71c-e013d11d8270 f8200eaa3ac54bb8bac1f91ba9916b6e 05237a7dbc9b4b5aa56a6385dbbd62b4 - - default default] Successfully bumped revision number for resource 4dafe78d-0687-4fc3-bfc6-90f7616fe7ea (type: floatingips) to 2
2026-07-08 16:49:44.211 10 INFO neutron.api.wsgi [None req-ced038db-5ccd-4395-b91c-47ec072ac70c 337f2f40b8d243709621d90632bcc37c 3335552f7bb845cc89e662aaedd998f8 - - default default] 10.0.0.6 "DELETE /v2.0/security-groups/392faaf2-0a58-4a4a-8cee-133b66c581ac HTTP/1.1" status: 204 len: 168 time: 0.1663713
2026-07-08 16:49:44.561 10 INFO neutron.api.wsgi [None req-043167f2-8b65-4b54-bde7-cd08315c74f0 337f2f40b8d243709621d90632bcc37c 3335552f7bb845cc89e662aaedd998f8 - - default default] 10.0.0.6 "DELETE /v2.0/floatingips/e401b000-51df-4db1-9b9e-8647d2dbb856 HTTP/1.1" status: 204 len: 168 time: 0.3149872
2026-07-08 16:49:44.594 9 INFO neutron.db.ovn_revision_numbers_db [None req-30717693-dc03-469c-a71c-e013d11d8270 f8200eaa3ac54bb8bac1f91ba9916b6e 05237a7dbc9b4b5aa56a6385dbbd62b4 - - default default] Successfully bumped revision number for resource 4dafe78d-0687-4fc3-bfc6-90f7616fe7ea (type: floatingips) to 2
2026-07-08 16:49:44.595 9 INFO neutron.db.l3_db [None req-30717693-dc03-469c-a71c-e013d11d8270 f8200eaa3ac54bb8bac1f91ba9916b6e 05237a7dbc9b4b5aa56a6385dbbd62b4 - - default default] Floating IP 4dafe78d-0687-4fc3-bfc6-90f7616fe7ea associated. External IP: 10.96.250.205, port: c251dd92-de1a-4bcb-9ec2-ddec09263b96.
2026-07-08 16:49:44.657 9 INFO neutron.api.wsgi [None req-30717693-dc03-469c-a71c-e013d11d8270 f8200eaa3ac54bb8bac1f91ba9916b6e 05237a7dbc9b4b5aa56a6385dbbd62b4 - - default default] 10.0.0.6 "PUT /v2.0/floatingips/4dafe78d-0687-4fc3-bfc6-90f7616fe7ea HTTP/1.1" status: 200 len: 1038 time: 1.0994647
2026-07-08 16:49:44.789 10 INFO neutron.api.wsgi [req-b9d506ed-7f9d-4815-b697-ff851b6f3c0d req-c48f7bba-b01a-42a4-a147-f624de6d0f28 337f2f40b8d243709621d90632bcc37c 3335552f7bb845cc89e662aaedd998f8 - - default default] 10.0.0.89 "GET /v2.0/ports?device_id=a011719d-67ac-4fa9-af29-22e654c9739b HTTP/1.1" status: 200 len: 1174 time: 0.0911951
2026-07-08 16:49:44.842 10 INFO neutron.api.wsgi [req-b9d506ed-7f9d-4815-b697-ff851b6f3c0d req-885819c0-4328-4330-ae72-204cc21e8949 337f2f40b8d243709621d90632bcc37c 3335552f7bb845cc89e662aaedd998f8 - - default default] 10.0.0.89 "GET /v2.0/security-groups?id=a08bd8fe-a70f-4d18-a80e-6060f25558fc&fields=id&fields=name HTTP/1.1" status: 200 len: 312 time: 0.0418129
2026-07-08 16:49:44.849 10 INFO neutron.db.ovn_revision_numbers_db [None req-100acdd6-0985-4842-858c-b6d58fa5faca f8200eaa3ac54bb8bac1f91ba9916b6e 05237a7dbc9b4b5aa56a6385dbbd62b4 - - default default] Successfully bumped revision number for resource 4dafe78d-0687-4fc3-bfc6-90f7616fe7ea (type: floatingips) to 3
2026-07-08 16:49:44.896 10 INFO neutron.db.l3_db [None req-100acdd6-0985-4842-858c-b6d58fa5faca f8200eaa3ac54bb8bac1f91ba9916b6e 05237a7dbc9b4b5aa56a6385dbbd62b4 - - default default] Floating IP 4dafe78d-0687-4fc3-bfc6-90f7616fe7ea disassociated. External IP: 10.96.250.205, port: 7b2175de-913b-446a-ada7-d6d4c885116d.
2026-07-08 16:49:44.923 10 INFO neutron.api.wsgi [None req-100acdd6-0985-4842-858c-b6d58fa5faca f8200eaa3ac54bb8bac1f91ba9916b6e 05237a7dbc9b4b5aa56a6385dbbd62b4 - - default default] 10.0.0.6 "PUT /v2.0/floatingips/4dafe78d-0687-4fc3-bfc6-90f7616fe7ea HTTP/1.1" status: 200 len: 748 time: 0.2598815
2026-07-08 16:49:44.983 9 INFO neutron.db.ovn_revision_numbers_db [None req-1af35d8e-36ad-4814-8346-28ce60a3053a bbb900886148477b8b8fd1e7b06d1368 8f4b01cb7918482fb241f06d9924797a - - default default] Successfully bumped revision number for resource b6d4d4be-d687-45f5-82fa-6353e03a9bde (type: ports) to 1
2026-07-08 16:49:45.036 9 WARNING neutron.scheduler.dhcp_agent_scheduler [None req-1af35d8e-36ad-4814-8346-28ce60a3053a bbb900886148477b8b8fd1e7b06d1368 8f4b01cb7918482fb241f06d9924797a - - default default] No more DHCP agents
2026-07-08 16:49:45.037 9 WARNING neutron.api.rpc.agentnotifiers.dhcp_rpc_agent_api [None req-1af35d8e-36ad-4814-8346-28ce60a3053a bbb900886148477b8b8fd1e7b06d1368 8f4b01cb7918482fb241f06d9924797a - - default default] Unable to schedule network 522e95a2-a1b9-4fe7-b205-ce61dd249e9f: no agents available; will retry on subsequent port and subnet creation events.
2026-07-08 16:49:45.192 10 INFO neutron.api.wsgi [None req-f8607f3b-483b-4b42-8b5a-ea8938ded927 f8200eaa3ac54bb8bac1f91ba9916b6e 05237a7dbc9b4b5aa56a6385dbbd62b4 - - default default] 10.0.0.6 "DELETE /v2.0/floatingips/4dafe78d-0687-4fc3-bfc6-90f7616fe7ea HTTP/1.1" status: 204 len: 168 time: 0.2652721
2026-07-08 16:49:45.221 10 INFO neutron.api.v2.resource [None req-46abc74d-a549-4565-adbc-f74db35b8d91 f8200eaa3ac54bb8bac1f91ba9916b6e 05237a7dbc9b4b5aa56a6385dbbd62b4 - - default default] delete failed (client error): The resource could not be found.
2026-07-08 16:49:45.222 10 INFO neutron.api.wsgi [None req-46abc74d-a549-4565-adbc-f74db35b8d91 f8200eaa3ac54bb8bac1f91ba9916b6e 05237a7dbc9b4b5aa56a6385dbbd62b4 - - default default] 10.0.0.6 "DELETE /v2.0/floatingips/4dafe78d-0687-4fc3-bfc6-90f7616fe7ea HTTP/1.1" status: 404 len: 345 time: 0.0248108
2026-07-08 16:49:45.262 9 INFO neutron.db.ovn_revision_numbers_db [None req-1af35d8e-36ad-4814-8346-28ce60a3053a bbb900886148477b8b8fd1e7b06d1368 8f4b01cb7918482fb241f06d9924797a - - default default] Successfully bumped revision number for resource b6d4d4be-d687-45f5-82fa-6353e03a9bde (type: router_ports) to 1
2026-07-08 16:49:45.268 9 INFO neutron.api.wsgi [None req-1af35d8e-36ad-4814-8346-28ce60a3053a bbb900886148477b8b8fd1e7b06d1368 8f4b01cb7918482fb241f06d9924797a - - default default] 10.0.0.6 "PUT /v2.0/routers/e6d3f05d-fb24-4c2a-9086-6ac8617ca444/add_router_interface HTTP/1.1" status: 200 len: 503 time: 1.9168661
2026-07-08 16:49:45.364 9 INFO neutron.api.wsgi [None req-11fc5519-dd8e-41f7-be08-d7531604b20f bbb900886148477b8b8fd1e7b06d1368 8f4b01cb7918482fb241f06d9924797a - - default default] 10.0.0.6 "GET /v2.0/ports/b6d4d4be-d687-45f5-82fa-6353e03a9bde HTTP/1.1" status: 200 len: 1147 time: 0.0903857
2026-07-08 16:49:45.418 10 INFO neutron.api.wsgi [None req-78c0bb2c-0c92-49b1-bd45-2f6d949e27c9 bbb900886148477b8b8fd1e7b06d1368 8f4b01cb7918482fb241f06d9924797a - - default default] 10.0.0.6 "GET /v2.0/ports/b6d4d4be-d687-45f5-82fa-6353e03a9bde HTTP/1.1" status: 200 len: 1147 time: 0.0481470
2026-07-08 16:49:45.639 9 INFO neutron.api.wsgi [None req-87c16d74-703b-4c1e-bcf3-85c8f851a5fb f8200eaa3ac54bb8bac1f91ba9916b6e 05237a7dbc9b4b5aa56a6385dbbd62b4 - - default default] 10.0.0.6 "DELETE /v2.0/ports/7b2175de-913b-446a-ada7-d6d4c885116d HTTP/1.1" status: 204 len: 168 time: 0.4104421
2026-07-08 16:49:45.984 9 INFO neutron.api.wsgi [None req-ab2ae832-a742-4e46-b62b-629e1a17f191 f8200eaa3ac54bb8bac1f91ba9916b6e 05237a7dbc9b4b5aa56a6385dbbd62b4 - - default default] 10.0.0.6 "DELETE /v2.0/ports/c251dd92-de1a-4bcb-9ec2-ddec09263b96 HTTP/1.1" status: 204 len: 168 time: 0.3397858
2026-07-08 16:49:46.019 9 INFO neutron.api.wsgi [req-ec9359b4-3468-496c-a35d-f3a8e5d0cc5f req-194920b8-6b41-442e-949e-d38306ac6fcc 337f2f40b8d243709621d90632bcc37c 3335552f7bb845cc89e662aaedd998f8 - - default default] 10.0.0.89 "GET /v2.0/ports?device_id=a011719d-67ac-4fa9-af29-22e654c9739b HTTP/1.1" status: 200 len: 1174 time: 0.1015239
2026-07-08 16:49:46.026 9 INFO neutron.api.wsgi [None req-fe5d1b9a-a616-4ecb-9792-6643af82e382 f8200eaa3ac54bb8bac1f91ba9916b6e 05237a7dbc9b4b5aa56a6385dbbd62b4 - - default default] 10.0.0.6 "GET /v2.0/ports?device_id=7194a66a-5be2-431f-b39e-788cf537ceef HTTP/1.1" status: 200 len: 1140 time: 0.0355170
2026-07-08 16:49:46.061 9 INFO neutron.api.wsgi [req-ec9359b4-3468-496c-a35d-f3a8e5d0cc5f req-63e57712-e4e0-4c70-92f1-e3b5e956d02f 337f2f40b8d243709621d90632bcc37c 3335552f7bb845cc89e662aaedd998f8 - - default default] 10.0.0.89 "GET /v2.0/security-groups?id=a08bd8fe-a70f-4d18-a80e-6060f25558fc&fields=id&fields=name HTTP/1.1" status: 200 len: 312 time: 0.0347521
2026-07-08 16:49:46.486 9 INFO neutron.api.wsgi [None req-a150c4be-3b77-446a-80f8-e9bbdcce0ff5 bbb900886148477b8b8fd1e7b06d1368 8f4b01cb7918482fb241f06d9924797a - - default default] 10.0.0.6 "GET /v2.0/ports/b6d4d4be-d687-45f5-82fa-6353e03a9bde HTTP/1.1" status: 200 len: 1147 time: 0.0618415
2026-07-08 16:49:46.497 9 INFO neutron.api.wsgi [req-ab69a107-2124-4bfa-ac10-603428d80a72 req-9d6a7498-984f-4b61-8cda-05329f222419 337f2f40b8d243709621d90632bcc37c 3335552f7bb845cc89e662aaedd998f8 - - default default] 199.19.213.66 "GET /v2.0/ports?device_id=a011719d-67ac-4fa9-af29-22e654c9739b HTTP/1.1" status: 200 len: 1174 time: 0.0546482
2026-07-08 16:49:46.750 9 INFO neutron.api.wsgi [req-ab69a107-2124-4bfa-ac10-603428d80a72 req-64338500-2a70-434a-b8bb-0c87ede38574 337f2f40b8d243709621d90632bcc37c 3335552f7bb845cc89e662aaedd998f8 - - default default] 199.19.213.66 "DELETE /v2.0/ports/7ad842e0-5143-4c99-ad94-05bbeb89f8e6 HTTP/1.1" status: 204 len: 173 time: 0.2495885
2026-07-08 16:49:46.784 9 INFO neutron.notifiers.nova [-] Nova event matching ['req-6b8ef245-399c-478f-89a4-8ee85e50cd31'] response: {'server_uuid': 'a011719d-67ac-4fa9-af29-22e654c9739b', 'name': 'network-vif-deleted', 'tag': '7ad842e0-5143-4c99-ad94-05bbeb89f8e6', 'status': 'completed', 'code': 200}
2026-07-08 16:49:46.848 10 INFO neutron.api.wsgi [None req-a37bd531-2e6c-4067-9f75-eaaaff702911 f8200eaa3ac54bb8bac1f91ba9916b6e 05237a7dbc9b4b5aa56a6385dbbd62b4 - - default default] 10.0.0.6 "PUT /v2.0/routers/7194a66a-5be2-431f-b39e-788cf537ceef/remove_router_interface HTTP/1.1" status: 200 len: 503 time: 0.8171592 /var/lib/openstack/lib/python3.12/site-packages/pycadf/identifier.py:71: UserWarning: Invalid uuid: neutron. To ensure interoperability, identifiers should be a valid uuid. warnings.warn(('Invalid uuid: %s. To ensure interoperability, '
2026-07-08 16:49:46.939 9 WARNING neutron.plugins.ml2.drivers.ovn.mech_driver.ovsdb.ovn_client [None req-87fa0f9d-98fc-4718-824e-ce32451fd928 - - - - - -] No port found with ID 23bf731f-eac3-49b4-94f0-92043a774e10: RuntimeError: No port found with ID 23bf731f-eac3-49b4-94f0-92043a774e10
