2026-07-08 16:47:36.047 9 INFO neutron.api.wsgi [req-8fb60086-244e-4046-a281-a33ead462815 req-683ef8ff-20a5-4f89-9c9d-5c06ea45bf83 1681f4f6faeb4b54bd72fdec54451c4b 053b6240dd2a4d5eb68d05af7fb1540a - - default default] 10.0.0.89 "GET /v2.0/security-groups?id=b1c2b798-8560-491b-bd1b-981bd771a8cf&fields=id&fields=name HTTP/1.1" status: 200 len: 313 time: 0.0573745
2026-07-08 16:47:36.146 10 INFO neutron.api.wsgi [req-e6cd140e-8488-4c9c-afd9-9e094ddd1c56 req-6c589d09-6d99-4b95-b73c-36fe7a8698f3 1681f4f6faeb4b54bd72fdec54451c4b 053b6240dd2a4d5eb68d05af7fb1540a - - default default] 10.0.0.89 "GET /v2.0/ports?device_id=bf7005bb-a7ff-4e1e-bef1-c6a7d2df4437 HTTP/1.1" status: 200 len: 1170 time: 0.0368514
2026-07-08 16:47:36.783 9 INFO neutron.db.ovn_revision_numbers_db [None req-76def674-f2e3-4954-9810-861658bf22be 84eb45580748423386a784b1062caa72 bb8049e703254c1f8306bc1fdbc88947 - - default default] Successfully bumped revision number for resource a2cb903d-d238-4a98-a50d-9ade3cc21cc2 (type: floatingips) to 1
2026-07-08 16:47:37.010 10 INFO neutron.api.wsgi [-] 10.0.0.223 "GET / HTTP/1.1" status: 200 len: 246 time: 0.0026538
2026-07-08 16:47:37.012 10 INFO neutron.api.wsgi [-] 10.0.0.223 "GET / HTTP/1.1" status: 200 len: 246 time: 0.0014863
2026-07-08 16:47:37.080 9 INFO neutron.db.ovn_revision_numbers_db [None req-76def674-f2e3-4954-9810-861658bf22be 84eb45580748423386a784b1062caa72 bb8049e703254c1f8306bc1fdbc88947 - - default default] Successfully bumped revision number for resource a2cb903d-d238-4a98-a50d-9ade3cc21cc2 (type: floatingips) to 2
2026-07-08 16:47:37.081 9 INFO neutron.db.l3_db [None req-76def674-f2e3-4954-9810-861658bf22be 84eb45580748423386a784b1062caa72 bb8049e703254c1f8306bc1fdbc88947 - - default default] Floating IP a2cb903d-d238-4a98-a50d-9ade3cc21cc2 associated. External IP: 10.96.250.206, port: 5943ab72-c7a3-45ff-9a57-02441f9c74c8.
2026-07-08 16:47:37.170 9 INFO neutron.api.wsgi [None req-76def674-f2e3-4954-9810-861658bf22be 84eb45580748423386a784b1062caa72 bb8049e703254c1f8306bc1fdbc88947 - - default default] 10.0.0.6 "PUT /v2.0/floatingips/a2cb903d-d238-4a98-a50d-9ade3cc21cc2 HTTP/1.1" status: 200 len: 1049 time: 1.3672917 /var/lib/openstack/lib/python3.12/site-packages/pycadf/identifier.py:71: UserWarning: Invalid uuid: neutron. To ensure interoperability, identifiers should be a valid uuid. warnings.warn(('Invalid uuid: %s. To ensure interoperability, '
2026-07-08 16:47:37.231 9 INFO neutron.notifiers.nova [-] Nova event matching ['req-2b3477d5-4bd6-4683-bc2d-47af3e6655a4'] response: {'name': 'network-changed', 'server_uuid': 'd618c3d7-bb77-44df-975c-c2fc8b0a41b7', 'tag': '5943ab72-c7a3-45ff-9a57-02441f9c74c8', 'status': 'completed', 'code': 200}
2026-07-08 16:47:37.233 9 INFO neutron.db.ovn_revision_numbers_db [None req-4b38f50b-0e40-49ae-bf0a-de53ee728c89 1681f4f6faeb4b54bd72fdec54451c4b 053b6240dd2a4d5eb68d05af7fb1540a - - default default] Successfully bumped revision number for resource da1f7e02-3e5d-4ba5-b7cc-a3edab26a8cd (type: floatingips) to 1
2026-07-08 16:47:37.277 10 INFO neutron.api.wsgi [req-ab57a50d-0960-472f-a8c2-560d59170817 req-e70effc0-92e2-4004-878d-444627ed1068 84eb45580748423386a784b1062caa72 bb8049e703254c1f8306bc1fdbc88947 - - default default] 10.0.0.89 "GET /v2.0/ports?device_id=d618c3d7-bb77-44df-975c-c2fc8b0a41b7 HTTP/1.1" status: 200 len: 1170 time: 0.0542157
2026-07-08 16:47:37.333 10 INFO neutron.api.wsgi [req-ab57a50d-0960-472f-a8c2-560d59170817 req-b0d07337-5a95-4c93-a098-97d7ab058d97 84eb45580748423386a784b1062caa72 bb8049e703254c1f8306bc1fdbc88947 - - default default] 10.0.0.89 "GET /v2.0/security-groups?id=eab866d5-81cc-4385-8a1e-35589d17902c&fields=id&fields=name HTTP/1.1" status: 200 len: 313 time: 0.0519173
2026-07-08 16:47:37.436 9 INFO neutron.db.ovn_revision_numbers_db [None req-4b38f50b-0e40-49ae-bf0a-de53ee728c89 1681f4f6faeb4b54bd72fdec54451c4b 053b6240dd2a4d5eb68d05af7fb1540a - - default default] Successfully bumped revision number for resource da1f7e02-3e5d-4ba5-b7cc-a3edab26a8cd (type: floatingips) to 2
2026-07-08 16:47:37.436 9 INFO neutron.db.l3_db [None req-4b38f50b-0e40-49ae-bf0a-de53ee728c89 1681f4f6faeb4b54bd72fdec54451c4b 053b6240dd2a4d5eb68d05af7fb1540a - - default default] Floating IP da1f7e02-3e5d-4ba5-b7cc-a3edab26a8cd associated. External IP: 10.96.250.213, port: 130047ab-7987-4065-8965-c8192a1605a0.
2026-07-08 16:47:37.489 9 INFO neutron.api.wsgi [None req-4b38f50b-0e40-49ae-bf0a-de53ee728c89 1681f4f6faeb4b54bd72fdec54451c4b 053b6240dd2a4d5eb68d05af7fb1540a - - default default] 10.0.0.6 "PUT /v2.0/floatingips/da1f7e02-3e5d-4ba5-b7cc-a3edab26a8cd HTTP/1.1" status: 200 len: 1049 time: 1.3314195
2026-07-08 16:47:37.618 10 INFO neutron.api.wsgi [req-f2a2928e-423b-4a43-b109-92d04c63385c req-e725fa7b-a8c5-4406-9705-fc3c9ab2fa67 1681f4f6faeb4b54bd72fdec54451c4b 053b6240dd2a4d5eb68d05af7fb1540a - - default default] 10.0.0.89 "GET /v2.0/ports?device_id=bf7005bb-a7ff-4e1e-bef1-c6a7d2df4437 HTTP/1.1" status: 200 len: 1170 time: 0.0792177
2026-07-08 16:47:37.660 10 INFO neutron.api.wsgi [req-f2a2928e-423b-4a43-b109-92d04c63385c req-aa9af91f-fd11-4e89-a905-851067f5ffc9 1681f4f6faeb4b54bd72fdec54451c4b 053b6240dd2a4d5eb68d05af7fb1540a - - default default] 10.0.0.89 "GET /v2.0/security-groups?id=b1c2b798-8560-491b-bd1b-981bd771a8cf&fields=id&fields=name HTTP/1.1" status: 200 len: 313 time: 0.0349774
2026-07-08 16:47:37.780 10 INFO neutron.api.wsgi [req-808d8958-9417-4c50-bdbe-0c4dc2fcc943 req-7fd3fb1d-6523-40fe-98c1-d9dd52145ad7 eb79f5259edf4cb68071e4e9ea46e2a3 55f034e22be643a981621d93018c7824 - - 49b15faec86749c5a9d548c4b944feec 49b15faec86749c5a9d548c4b944feec] 199.19.213.66 "GET /v2.0/ports?tenant_id=bb8049e703254c1f8306bc1fdbc88947&device_id=d618c3d7-bb77-44df-975c-c2fc8b0a41b7 HTTP/1.1" status: 200 len: 1409 time: 0.0398722
2026-07-08 16:47:37.835 10 INFO neutron.api.wsgi [req-808d8958-9417-4c50-bdbe-0c4dc2fcc943 req-3b790989-af00-46f2-8366-77a201aa2c75 eb79f5259edf4cb68071e4e9ea46e2a3 55f034e22be643a981621d93018c7824 - - 49b15faec86749c5a9d548c4b944feec 49b15faec86749c5a9d548c4b944feec] 199.19.213.66 "GET /v2.0/networks?id=b12de414-e696-4082-aed5-f89c51a98396 HTTP/1.1" status: 200 len: 974 time: 0.0467398
2026-07-08 16:47:37.875 10 INFO neutron.api.wsgi [req-808d8958-9417-4c50-bdbe-0c4dc2fcc943 req-c538433b-5286-45b9-8836-bcf0eeca911f eb79f5259edf4cb68071e4e9ea46e2a3 55f034e22be643a981621d93018c7824 - - 49b15faec86749c5a9d548c4b944feec 49b15faec86749c5a9d548c4b944feec] 199.19.213.66 "GET /v2.0/floatingips?fixed_ip_address=10.100.0.7&port_id=5943ab72-c7a3-45ff-9a57-02441f9c74c8 HTTP/1.1" status: 200 len: 1059 time: 0.0339713
2026-07-08 16:47:37.914 10 INFO neutron.api.wsgi [req-808d8958-9417-4c50-bdbe-0c4dc2fcc943 req-3a36789b-9460-419d-ad42-ae38c85cc6b8 eb79f5259edf4cb68071e4e9ea46e2a3 55f034e22be643a981621d93018c7824 - - 49b15faec86749c5a9d548c4b944feec 49b15faec86749c5a9d548c4b944feec] 199.19.213.66 "GET /v2.0/subnets?id=158782b4-a29d-4462-821d-151409179b0f HTTP/1.1" status: 200 len: 893 time: 0.0291119
2026-07-08 16:47:37.943 10 INFO neutron.api.wsgi [req-808d8958-9417-4c50-bdbe-0c4dc2fcc943 req-5be78240-d0be-4ed0-866a-a94ebca4d042 eb79f5259edf4cb68071e4e9ea46e2a3 55f034e22be643a981621d93018c7824 - - 49b15faec86749c5a9d548c4b944feec 49b15faec86749c5a9d548c4b944feec] 199.19.213.66 "GET /v2.0/ports?network_id=b12de414-e696-4082-aed5-f89c51a98396&device_owner=network%3Adhcp HTTP/1.1" status: 200 len: 210 time: 0.0212741
2026-07-08 16:47:37.993 10 INFO neutron.api.wsgi [req-808d8958-9417-4c50-bdbe-0c4dc2fcc943 req-ade4ab02-464e-41bd-bfba-7cdc740a8514 eb79f5259edf4cb68071e4e9ea46e2a3 55f034e22be643a981621d93018c7824 - - 49b15faec86749c5a9d548c4b944feec 49b15faec86749c5a9d548c4b944feec] 199.19.213.66 "GET /v2.0/networks/b12de414-e696-4082-aed5-f89c51a98396?fields=segments HTTP/1.1" status: 200 len: 212 time: 0.0450628
2026-07-08 16:47:38.056 10 INFO neutron.api.wsgi [req-808d8958-9417-4c50-bdbe-0c4dc2fcc943 req-9ccaea93-3e62-4621-987c-f0defd7781b6 eb79f5259edf4cb68071e4e9ea46e2a3 55f034e22be643a981621d93018c7824 - - 49b15faec86749c5a9d548c4b944feec 49b15faec86749c5a9d548c4b944feec] 199.19.213.66 "GET /v2.0/networks/b12de414-e696-4082-aed5-f89c51a98396?fields=provider%3Aphysical_network&fields=provider%3Anetwork_type HTTP/1.1" status: 200 len: 277 time: 0.0573356 /var/lib/openstack/lib/python3.12/site-packages/pycadf/identifier.py:71: UserWarning: Invalid uuid: neutron. To ensure interoperability, identifiers should be a valid uuid. warnings.warn(('Invalid uuid: %s. To ensure interoperability, '
2026-07-08 16:47:38.151 10 INFO neutron.api.wsgi [req-b7a905f5-9292-4d24-abe3-d29321927349 req-e98c0716-a039-474c-a0b2-2677dbba8193 1681f4f6faeb4b54bd72fdec54451c4b 053b6240dd2a4d5eb68d05af7fb1540a - - default default] 10.0.0.89 "GET /v2.0/ports?device_id=bf7005bb-a7ff-4e1e-bef1-c6a7d2df4437 HTTP/1.1" status: 200 len: 1170 time: 0.0367243
2026-07-08 16:47:38.183 9 INFO neutron.api.wsgi [req-129b8656-02e3-40ee-a31f-21519a09859b req-676ed53f-403a-42cf-a288-321c3c89a502 84eb45580748423386a784b1062caa72 bb8049e703254c1f8306bc1fdbc88947 - - default default] 10.0.0.89 "GET /v2.0/ports?device_id=d618c3d7-bb77-44df-975c-c2fc8b0a41b7 HTTP/1.1" status: 200 len: 1170 time: 0.0860784
2026-07-08 16:47:38.214 10 INFO neutron.api.wsgi [req-b7a905f5-9292-4d24-abe3-d29321927349 req-ce5a6967-ea65-4306-b871-808a4845a1db 1681f4f6faeb4b54bd72fdec54451c4b 053b6240dd2a4d5eb68d05af7fb1540a - - default default] 10.0.0.89 "GET /v2.0/security-groups?id=b1c2b798-8560-491b-bd1b-981bd771a8cf&fields=id&fields=name HTTP/1.1" status: 200 len: 313 time: 0.0569293
2026-07-08 16:47:38.228 9 INFO neutron.api.wsgi [req-129b8656-02e3-40ee-a31f-21519a09859b req-27d2fc51-b6bf-41f9-86c0-625adc2117c7 84eb45580748423386a784b1062caa72 bb8049e703254c1f8306bc1fdbc88947 - - default default] 10.0.0.89 "GET /v2.0/security-groups?id=eab866d5-81cc-4385-8a1e-35589d17902c&fields=id&fields=name HTTP/1.1" status: 200 len: 313 time: 0.0400264
2026-07-08 16:47:38.334 10 INFO neutron.db.ovn_revision_numbers_db [None req-f96e25ca-7f63-4abf-99c0-b73aecfa7719 8057a3b54f3c49eb8c48efc6513d7feb 6ccd7419d0ec40d0b630d2276fdc26f8 - - default default] Successfully bumped revision number for resource 12651e79-4c88-42ff-8ff4-e06b3f7c2372 (type: security_groups) to 1
2026-07-08 16:47:38.358 10 INFO neutron.db.ovn_revision_numbers_db [None req-f96e25ca-7f63-4abf-99c0-b73aecfa7719 8057a3b54f3c49eb8c48efc6513d7feb 6ccd7419d0ec40d0b630d2276fdc26f8 - - default default] Successfully bumped revision number for resource 019cc305-462d-4f2f-b603-083b8faffb8b (type: security_group_rules) to 0
2026-07-08 16:47:38.374 10 INFO neutron.db.ovn_revision_numbers_db [None req-f96e25ca-7f63-4abf-99c0-b73aecfa7719 8057a3b54f3c49eb8c48efc6513d7feb 6ccd7419d0ec40d0b630d2276fdc26f8 - - default default] Successfully bumped revision number for resource 14be2aa9-2237-4f0b-ac40-7fc7ce6ee1ff (type: security_group_rules) to 0
2026-07-08 16:47:38.386 10 INFO neutron.db.ovn_revision_numbers_db [None req-f96e25ca-7f63-4abf-99c0-b73aecfa7719 8057a3b54f3c49eb8c48efc6513d7feb 6ccd7419d0ec40d0b630d2276fdc26f8 - - default default] Successfully bumped revision number for resource 896d1f8f-b18a-4ffe-be29-ce15e879ebca (type: security_group_rules) to 0
2026-07-08 16:47:38.406 10 INFO neutron.db.ovn_revision_numbers_db [None req-f96e25ca-7f63-4abf-99c0-b73aecfa7719 8057a3b54f3c49eb8c48efc6513d7feb 6ccd7419d0ec40d0b630d2276fdc26f8 - - default default] Successfully bumped revision number for resource 8fe8ea1a-6dac-49a6-89d7-f678a88039f5 (type: security_group_rules) to 0
2026-07-08 16:47:38.461 10 INFO neutron.api.wsgi [None req-f96e25ca-7f63-4abf-99c0-b73aecfa7719 8057a3b54f3c49eb8c48efc6513d7feb 6ccd7419d0ec40d0b630d2276fdc26f8 - - default default] 10.0.0.6 "GET /v2.0/security-groups?tenant_id=bcf54e3122c944a08c687534eafba29a&name=default HTTP/1.1" status: 200 len: 3120 time: 0.4880183
2026-07-08 16:47:38.659 9 INFO neutron.plugins.ml2.drivers.ovn.mech_driver.mech_driver [None req-11f362ae-5935-4433-87ba-058c98d9c59f - - - - - -] OVN reports status down for port: 130047ab-7987-4065-8965-c8192a1605a0
2026-07-08 16:47:38.661 10 INFO neutron.plugins.ml2.drivers.ovn.mech_driver.mech_driver [None req-f6798443-f2c0-4304-9cf1-e8cdb870aa6c - - - - - -] OVN reports status down for port: 5943ab72-c7a3-45ff-9a57-02441f9c74c8
2026-07-08 16:47:38.719 10 INFO neutron.api.wsgi [None req-32437482-691f-4c3a-8b0c-b5c49dd3fa15 8057a3b54f3c49eb8c48efc6513d7feb 6ccd7419d0ec40d0b630d2276fdc26f8 - - default default] 10.0.0.6 "DELETE /v2.0/security-groups/12651e79-4c88-42ff-8ff4-e06b3f7c2372 HTTP/1.1" status: 204 len: 168 time: 0.2513742
2026-07-08 16:47:38.789 10 INFO neutron.notifiers.nova [-] Nova event matching ['req-30cfa0f7-3235-48f0-87c2-7d6317f92673'] response: {'server_uuid': 'd618c3d7-bb77-44df-975c-c2fc8b0a41b7', 'name': 'network-vif-unplugged', 'status': 'completed', 'tag': '5943ab72-c7a3-45ff-9a57-02441f9c74c8', 'code': 200}
2026-07-08 16:47:38.937 9 INFO neutron.db.ovn_revision_numbers_db [None req-11f362ae-5935-4433-87ba-058c98d9c59f - - - - - -] Successfully bumped revision number for resource 130047ab-7987-4065-8965-c8192a1605a0 (type: ports) to 6
2026-07-08 16:47:38.939 10 INFO neutron.db.ovn_revision_numbers_db [None req-f6798443-f2c0-4304-9cf1-e8cdb870aa6c - - - - - -] Successfully bumped revision number for resource 5943ab72-c7a3-45ff-9a57-02441f9c74c8 (type: ports) to 6
2026-07-08 16:47:39.019 10 INFO neutron.db.ovn_revision_numbers_db [None req-3c59a344-bbb7-4390-bff1-0a7cbf38041a 8057a3b54f3c49eb8c48efc6513d7feb 6ccd7419d0ec40d0b630d2276fdc26f8 - - default default] Successfully bumped revision number for resource 1b62d762-5cc6-44f0-81b0-efa6df90ccb2 (type: security_groups) to 1
2026-07-08 16:47:39.033 10 INFO neutron.db.ovn_revision_numbers_db [None req-3c59a344-bbb7-4390-bff1-0a7cbf38041a 8057a3b54f3c49eb8c48efc6513d7feb 6ccd7419d0ec40d0b630d2276fdc26f8 - - default default] Successfully bumped revision number for resource 0f38ac03-028a-4cc6-9708-3447f337505d (type: security_group_rules) to 0
2026-07-08 16:47:39.046 10 INFO neutron.db.ovn_revision_numbers_db [None req-3c59a344-bbb7-4390-bff1-0a7cbf38041a 8057a3b54f3c49eb8c48efc6513d7feb 6ccd7419d0ec40d0b630d2276fdc26f8 - - default default] Successfully bumped revision number for resource 57321c95-cd17-41e8-a80b-0f9a7865e106 (type: security_group_rules) to 0
2026-07-08 16:47:39.061 10 INFO neutron.db.ovn_revision_numbers_db [None req-3c59a344-bbb7-4390-bff1-0a7cbf38041a 8057a3b54f3c49eb8c48efc6513d7feb 6ccd7419d0ec40d0b630d2276fdc26f8 - - default default] Successfully bumped revision number for resource 689b98b4-5a5e-4b16-bd69-3ec9958488de (type: security_group_rules) to 0
2026-07-08 16:47:39.075 10 INFO neutron.db.ovn_revision_numbers_db [None req-3c59a344-bbb7-4390-bff1-0a7cbf38041a 8057a3b54f3c49eb8c48efc6513d7feb 6ccd7419d0ec40d0b630d2276fdc26f8 - - default default] Successfully bumped revision number for resource 8600b912-418e-40a2-a89a-027a5c802514 (type: security_group_rules) to 0
2026-07-08 16:47:39.114 10 INFO neutron.api.wsgi [None req-3c59a344-bbb7-4390-bff1-0a7cbf38041a 8057a3b54f3c49eb8c48efc6513d7feb 6ccd7419d0ec40d0b630d2276fdc26f8 - - default default] 10.0.0.6 "GET /v2.0/security-groups?tenant_id=3fe1d28b756841f7b6f5c2dfce1b552e&name=default HTTP/1.1" status: 200 len: 3120 time: 0.2169919 /var/lib/openstack/lib/python3.12/site-packages/pycadf/identifier.py:71: UserWarning: Invalid uuid: neutron. To ensure interoperability, identifiers should be a valid uuid. warnings.warn(('Invalid uuid: %s. To ensure interoperability, '
2026-07-08 16:47:39.263 9 INFO neutron.notifiers.nova [-] Nova event matching ['req-de85016b-535f-482e-96d0-a8135c193853'] response: {'name': 'network-changed', 'server_uuid': 'bf7005bb-a7ff-4e1e-bef1-c6a7d2df4437', 'tag': '130047ab-7987-4065-8965-c8192a1605a0', 'status': 'completed', 'code': 200}
2026-07-08 16:47:39.264 9 INFO neutron.notifiers.nova [-] Nova event matching ['req-de85016b-535f-482e-96d0-a8135c193853'] response: {'server_uuid': 'bf7005bb-a7ff-4e1e-bef1-c6a7d2df4437', 'name': 'network-vif-unplugged', 'status': 'completed', 'tag': '130047ab-7987-4065-8965-c8192a1605a0', 'code': 200}
2026-07-08 16:47:39.264 9 INFO neutron.notifiers.nova [-] Nova event matching ['req-de85016b-535f-482e-96d0-a8135c193853'] response: {'server_uuid': 'bf7005bb-a7ff-4e1e-bef1-c6a7d2df4437', 'name': 'network-vif-unplugged', 'status': 'completed', 'tag': '130047ab-7987-4065-8965-c8192a1605a0', 'code': 200} /var/lib/openstack/lib/python3.12/site-packages/pycadf/identifier.py:71: UserWarning: Invalid uuid: neutron. To ensure interoperability, identifiers should be a valid uuid. warnings.warn(('Invalid uuid: %s. To ensure interoperability, '
2026-07-08 16:47:39.328 10 INFO neutron.api.wsgi [req-ea90f249-8fa9-480a-8459-165603157520 req-9d0b189c-a562-48b0-af01-31052f5770d0 1681f4f6faeb4b54bd72fdec54451c4b 053b6240dd2a4d5eb68d05af7fb1540a - - default default] 10.0.0.89 "GET /v2.0/ports?device_id=bf7005bb-a7ff-4e1e-bef1-c6a7d2df4437 HTTP/1.1" status: 200 len: 1168 time: 0.0432663
2026-07-08 16:47:39.330 9 INFO neutron.api.wsgi [req-40d52654-9960-403b-aeb6-8aad9bc8cf11 req-113ba466-a275-49d8-8ece-170ab60cdc78 84eb45580748423386a784b1062caa72 bb8049e703254c1f8306bc1fdbc88947 - - default default] 10.0.0.89 "GET /v2.0/ports?device_id=d618c3d7-bb77-44df-975c-c2fc8b0a41b7 HTTP/1.1" status: 200 len: 1168 time: 0.0330117
2026-07-08 16:47:39.373 9 INFO neutron.api.wsgi [None req-51299dfa-73d1-44ec-8631-6274f3ba7e5b 8057a3b54f3c49eb8c48efc6513d7feb 6ccd7419d0ec40d0b630d2276fdc26f8 - - default default] 10.0.0.6 "DELETE /v2.0/security-groups/1b62d762-5cc6-44f0-81b0-efa6df90ccb2 HTTP/1.1" status: 204 len: 168 time: 0.2541099
2026-07-08 16:47:39.385 9 INFO neutron.api.wsgi [req-40d52654-9960-403b-aeb6-8aad9bc8cf11 req-eea49250-37ac-463e-8532-9c5b6ec236bd 84eb45580748423386a784b1062caa72 bb8049e703254c1f8306bc1fdbc88947 - - default default] 10.0.0.89 "GET /v2.0/security-groups?id=eab866d5-81cc-4385-8a1e-35589d17902c&fields=id&fields=name HTTP/1.1" status: 200 len: 313 time: 0.0499365
2026-07-08 16:47:39.400 10 INFO neutron.api.wsgi [req-ea90f249-8fa9-480a-8459-165603157520 req-a280a151-75df-45cd-a7fd-48cb3949801f 1681f4f6faeb4b54bd72fdec54451c4b 053b6240dd2a4d5eb68d05af7fb1540a - - default default] 10.0.0.89 "GET /v2.0/security-groups?id=b1c2b798-8560-491b-bd1b-981bd771a8cf&fields=id&fields=name HTTP/1.1" status: 200 len: 313 time: 0.0637162
2026-07-08 16:47:39.810 10 INFO neutron.api.wsgi [req-bc478e28-0509-4df3-993f-432dba2c2450 req-5c5321e3-a68f-4072-81ed-afe09c5357f7 eb79f5259edf4cb68071e4e9ea46e2a3 55f034e22be643a981621d93018c7824 - - 49b15faec86749c5a9d548c4b944feec 49b15faec86749c5a9d548c4b944feec] 199.19.213.66 "GET /v2.0/ports?tenant_id=053b6240dd2a4d5eb68d05af7fb1540a&device_id=bf7005bb-a7ff-4e1e-bef1-c6a7d2df4437 HTTP/1.1" status: 200 len: 1407 time: 0.0344479
2026-07-08 16:47:39.856 10 INFO neutron.api.wsgi [req-bc478e28-0509-4df3-993f-432dba2c2450 req-4ca3a91e-c53d-4b03-9486-50be03781df3 eb79f5259edf4cb68071e4e9ea46e2a3 55f034e22be643a981621d93018c7824 - - 49b15faec86749c5a9d548c4b944feec 49b15faec86749c5a9d548c4b944feec] 199.19.213.66 "GET /v2.0/networks?id=60877b53-79eb-4c99-8c83-b48560654c7d HTTP/1.1" status: 200 len: 977 time: 0.0406802
2026-07-08 16:47:39.896 10 INFO neutron.api.wsgi [req-bc478e28-0509-4df3-993f-432dba2c2450 req-384ab90a-35b5-4118-8bd6-b881b1beab7c eb79f5259edf4cb68071e4e9ea46e2a3 55f034e22be643a981621d93018c7824 - - 49b15faec86749c5a9d548c4b944feec 49b15faec86749c5a9d548c4b944feec] 199.19.213.66 "GET /v2.0/floatingips?fixed_ip_address=10.100.0.7&port_id=130047ab-7987-4065-8965-c8192a1605a0 HTTP/1.1" status: 200 len: 1057 time: 0.0346642
2026-07-08 16:47:39.899 9 INFO neutron.api.wsgi [req-5d80fd0f-835e-4a44-a5e0-52f8cedff697 req-d7d13261-3f41-4553-a3f3-0df4cb58fe89 84eb45580748423386a784b1062caa72 bb8049e703254c1f8306bc1fdbc88947 - - default default] 199.19.213.66 "GET /v2.0/ports?device_id=d618c3d7-bb77-44df-975c-c2fc8b0a41b7 HTTP/1.1" status: 200 len: 1168 time: 0.0378592
2026-07-08 16:47:39.947 10 INFO neutron.api.wsgi [req-bc478e28-0509-4df3-993f-432dba2c2450 req-fd651802-2dda-428f-ab92-e89e742df03a eb79f5259edf4cb68071e4e9ea46e2a3 55f034e22be643a981621d93018c7824 - - 49b15faec86749c5a9d548c4b944feec 49b15faec86749c5a9d548c4b944feec] 199.19.213.66 "GET /v2.0/subnets?id=5022b96c-9e01-479b-8d8d-17977f3d45c0 HTTP/1.1" status: 200 len: 896 time: 0.0445726
2026-07-08 16:47:39.952 10 INFO neutron.api.wsgi [req-1c288285-ecbb-42e6-9031-a0c33ac7364a req-f56c4a4d-f292-4826-b04d-7b4868d4c151 1681f4f6faeb4b54bd72fdec54451c4b 053b6240dd2a4d5eb68d05af7fb1540a - - default default] 199.19.213.66 "GET /v2.0/ports?device_id=bf7005bb-a7ff-4e1e-bef1-c6a7d2df4437 HTTP/1.1" status: 200 len: 1168 time: 0.0482059
2026-07-08 16:47:39.996 10 INFO neutron.api.wsgi [req-bc478e28-0509-4df3-993f-432dba2c2450 req-e250e9c0-3464-435c-8e3c-dba79f3880a8 eb79f5259edf4cb68071e4e9ea46e2a3 55f034e22be643a981621d93018c7824 - - 49b15faec86749c5a9d548c4b944feec 49b15faec86749c5a9d548c4b944feec] 199.19.213.66 "GET /v2.0/ports?network_id=60877b53-79eb-4c99-8c83-b48560654c7d&device_owner=network%3Adhcp HTTP/1.1" status: 200 len: 210 time: 0.0378730
2026-07-08 16:47:40.045 10 INFO neutron.api.wsgi [req-bc478e28-0509-4df3-993f-432dba2c2450 req-3a6ec9a3-673a-4fd2-b0c1-ba6c79434911 eb79f5259edf4cb68071e4e9ea46e2a3 55f034e22be643a981621d93018c7824 - - 49b15faec86749c5a9d548c4b944feec 49b15faec86749c5a9d548c4b944feec] 199.19.213.66 "GET /v2.0/networks/60877b53-79eb-4c99-8c83-b48560654c7d?fields=segments HTTP/1.1" status: 200 len: 212 time: 0.0435638
2026-07-08 16:47:40.120 10 INFO neutron.api.wsgi [req-bc478e28-0509-4df3-993f-432dba2c2450 req-86728291-e240-4117-8cc0-16cf8baf80c8 eb79f5259edf4cb68071e4e9ea46e2a3 55f034e22be643a981621d93018c7824 - - 49b15faec86749c5a9d548c4b944feec 49b15faec86749c5a9d548c4b944feec] 199.19.213.66 "GET /v2.0/networks/60877b53-79eb-4c99-8c83-b48560654c7d?fields=provider%3Aphysical_network&fields=provider%3Anetwork_type HTTP/1.1" status: 200 len: 277 time: 0.0716219
2026-07-08 16:47:40.424 10 INFO neutron.db.l3_db [req-1c288285-ecbb-42e6-9031-a0c33ac7364a req-258f4dda-ca5a-47e4-b229-c54a605aba4e 1681f4f6faeb4b54bd72fdec54451c4b 053b6240dd2a4d5eb68d05af7fb1540a - - default default] Floating IP da1f7e02-3e5d-4ba5-b7cc-a3edab26a8cd disassociated. External IP: 10.96.250.213, port: 130047ab-7987-4065-8965-c8192a1605a0. /var/lib/openstack/lib/python3.12/site-packages/pycadf/identifier.py:71: UserWarning: Invalid uuid: neutron. To ensure interoperability, identifiers should be a valid uuid. warnings.warn(('Invalid uuid: %s. To ensure interoperability, ' /var/lib/openstack/lib/python3.12/site-packages/pycadf/identifier.py:71: UserWarning: Invalid uuid: neutron. To ensure interoperability, identifiers should be a valid uuid. warnings.warn(('Invalid uuid: %s. To ensure interoperability, '
2026-07-08 16:47:40.502 9 INFO neutron.db.l3_db [req-5d80fd0f-835e-4a44-a5e0-52f8cedff697 req-2ffe76bb-ff5f-4397-af83-0030a6e9ade2 84eb45580748423386a784b1062caa72 bb8049e703254c1f8306bc1fdbc88947 - - default default] Floating IP a2cb903d-d238-4a98-a50d-9ade3cc21cc2 disassociated. External IP: 10.96.250.206, port: 5943ab72-c7a3-45ff-9a57-02441f9c74c8.
2026-07-08 16:47:40.515 9 INFO neutron.api.wsgi [req-6127969f-7286-4e83-9c4d-de399dc3b98e req-07186c66-bb8f-47e9-b5a9-f76919767cf7 84eb45580748423386a784b1062caa72 bb8049e703254c1f8306bc1fdbc88947 - - default default] 10.0.0.89 "GET /v2.0/ports?device_id=d618c3d7-bb77-44df-975c-c2fc8b0a41b7 HTTP/1.1" status: 200 len: 1168 time: 0.0506165
2026-07-08 16:47:40.531 10 INFO neutron.api.wsgi [req-7ae6143f-aa59-4f84-b0d8-58a97eefffcf req-5851f3ad-bea9-4767-8a3c-7ab09fd70228 1681f4f6faeb4b54bd72fdec54451c4b 053b6240dd2a4d5eb68d05af7fb1540a - - default default] 10.0.0.89 "GET /v2.0/ports?device_id=bf7005bb-a7ff-4e1e-bef1-c6a7d2df4437 HTTP/1.1" status: 200 len: 1168 time: 0.0460675
2026-07-08 16:47:40.558 9 INFO neutron.api.wsgi [req-6127969f-7286-4e83-9c4d-de399dc3b98e req-a25a5585-bd8a-4713-992c-d20824eaa9a5 84eb45580748423386a784b1062caa72 bb8049e703254c1f8306bc1fdbc88947 - - default default] 10.0.0.89 "GET /v2.0/security-groups?id=eab866d5-81cc-4385-8a1e-35589d17902c&fields=id&fields=name HTTP/1.1" status: 200 len: 313 time: 0.0362155
2026-07-08 16:47:40.577 10 INFO neutron.api.wsgi [req-7ae6143f-aa59-4f84-b0d8-58a97eefffcf req-597de934-0a9f-4e9f-aac3-4302776e15a4 1681f4f6faeb4b54bd72fdec54451c4b 053b6240dd2a4d5eb68d05af7fb1540a - - default default] 10.0.0.89 "GET /v2.0/security-groups?id=b1c2b798-8560-491b-bd1b-981bd771a8cf&fields=id&fields=name HTTP/1.1" status: 200 len: 313 time: 0.0378921
2026-07-08 16:47:40.612 10 INFO neutron.api.wsgi [req-1c288285-ecbb-42e6-9031-a0c33ac7364a req-258f4dda-ca5a-47e4-b229-c54a605aba4e 1681f4f6faeb4b54bd72fdec54451c4b 053b6240dd2a4d5eb68d05af7fb1540a - - default default] 199.19.213.66 "DELETE /v2.0/ports/130047ab-7987-4065-8965-c8192a1605a0 HTTP/1.1" status: 204 len: 173 time: 0.6539223
2026-07-08 16:47:40.642 9 INFO neutron.api.wsgi [req-5d80fd0f-835e-4a44-a5e0-52f8cedff697 req-2ffe76bb-ff5f-4397-af83-0030a6e9ade2 84eb45580748423386a784b1062caa72 bb8049e703254c1f8306bc1fdbc88947 - - default default] 199.19.213.66 "DELETE /v2.0/ports/5943ab72-c7a3-45ff-9a57-02441f9c74c8 HTTP/1.1" status: 204 len: 173 time: 0.7386281
2026-07-08 16:47:40.852 10 INFO neutron.notifiers.nova [-] Nova event matching ['req-02cef270-01ca-4484-9d50-71831ada86cf'] response: {'server_uuid': 'd618c3d7-bb77-44df-975c-c2fc8b0a41b7', 'name': 'network-vif-unplugged', 'status': 'completed', 'tag': '5943ab72-c7a3-45ff-9a57-02441f9c74c8', 'code': 200}
2026-07-08 16:47:40.853 10 INFO neutron.notifiers.nova [-] Nova event matching ['req-02cef270-01ca-4484-9d50-71831ada86cf'] response: {'server_uuid': 'bf7005bb-a7ff-4e1e-bef1-c6a7d2df4437', 'name': 'network-vif-deleted', 'tag': '130047ab-7987-4065-8965-c8192a1605a0', 'status': 'completed', 'code': 200}
2026-07-08 16:47:41.303 9 INFO neutron.notifiers.nova [-] Nova event matching ['req-3563d9a3-02ad-4673-9858-3798f28c94ba'] response: {'server_uuid': 'd618c3d7-bb77-44df-975c-c2fc8b0a41b7', 'name': 'network-vif-deleted', 'tag': '5943ab72-c7a3-45ff-9a57-02441f9c74c8', 'status': 'completed', 'code': 200}
2026-07-08 16:47:41.649 9 INFO neutron.api.wsgi [req-20330142-ac99-4f9e-b9e6-204b7d7ebe78 req-4cdb2682-35d3-4053-b9e3-a02e1f52bd22 84eb45580748423386a784b1062caa72 bb8049e703254c1f8306bc1fdbc88947 - - default default] 10.0.0.89 "GET /v2.0/ports?device_id=d618c3d7-bb77-44df-975c-c2fc8b0a41b7 HTTP/1.1" status: 200 len: 210 time: 0.0205197
2026-07-08 16:47:41.660 10 INFO neutron.api.wsgi [req-cf0fd422-b5d5-4f54-bb21-c2d86bc4ff4c req-e38a9bb5-fab3-40f0-8e1a-ad9e206be609 1681f4f6faeb4b54bd72fdec54451c4b 053b6240dd2a4d5eb68d05af7fb1540a - - default default] 10.0.0.89 "GET /v2.0/ports?device_id=bf7005bb-a7ff-4e1e-bef1-c6a7d2df4437 HTTP/1.1" status: 200 len: 210 time: 0.0177300
2026-07-08 16:47:42.753 10 INFO neutron.api.wsgi [req-52a4ea47-73cf-4344-9282-9b6fd23fc2f1 req-1d9076e0-9f9e-4ba4-a8a9-b3bacab40bbd 1681f4f6faeb4b54bd72fdec54451c4b 053b6240dd2a4d5eb68d05af7fb1540a - - default default] 10.0.0.89 "GET /v2.0/ports?device_id=bf7005bb-a7ff-4e1e-bef1-c6a7d2df4437 HTTP/1.1" status: 200 len: 210 time: 0.0244133
2026-07-08 16:47:42.754 9 INFO neutron.api.wsgi [req-331d71cd-8db4-4916-abfc-11a4bb2d3cee req-31848de6-459d-4ebf-aeaf-4792613e644e 84eb45580748423386a784b1062caa72 bb8049e703254c1f8306bc1fdbc88947 - - default default] 10.0.0.89 "GET /v2.0/ports?device_id=d618c3d7-bb77-44df-975c-c2fc8b0a41b7 HTTP/1.1" status: 200 len: 210 time: 0.0278180
2026-07-08 16:47:43.658 10 INFO neutron.db.ovn_revision_numbers_db [None req-b0d161fc-2f7b-4ef8-ab95-4222f5013784 8057a3b54f3c49eb8c48efc6513d7feb 6ccd7419d0ec40d0b630d2276fdc26f8 - - default default] Successfully bumped revision number for resource 3ea9caab-3cf7-4b13-b1f9-68f040371603 (type: security_groups) to 1
2026-07-08 16:47:43.673 10 INFO neutron.db.ovn_revision_numbers_db [None req-b0d161fc-2f7b-4ef8-ab95-4222f5013784 8057a3b54f3c49eb8c48efc6513d7feb 6ccd7419d0ec40d0b630d2276fdc26f8 - - default default] Successfully bumped revision number for resource 65dd32e9-1bab-4a23-9415-08b8dcabeff3 (type: security_group_rules) to 0
2026-07-08 16:47:43.685 10 INFO neutron.db.ovn_revision_numbers_db [None req-b0d161fc-2f7b-4ef8-ab95-4222f5013784 8057a3b54f3c49eb8c48efc6513d7feb 6ccd7419d0ec40d0b630d2276fdc26f8 - - default default] Successfully bumped revision number for resource cb7710d4-540b-4839-9122-06ba01b9fb10 (type: security_group_rules) to 0
2026-07-08 16:47:43.699 10 INFO neutron.db.ovn_revision_numbers_db [None req-b0d161fc-2f7b-4ef8-ab95-4222f5013784 8057a3b54f3c49eb8c48efc6513d7feb 6ccd7419d0ec40d0b630d2276fdc26f8 - - default default] Successfully bumped revision number for resource d0c72897-55b2-407a-b330-d9951b18aa0b (type: security_group_rules) to 0
2026-07-08 16:47:43.711 10 INFO neutron.db.ovn_revision_numbers_db [None req-b0d161fc-2f7b-4ef8-ab95-4222f5013784 8057a3b54f3c49eb8c48efc6513d7feb 6ccd7419d0ec40d0b630d2276fdc26f8 - - default default] Successfully bumped revision number for resource e7191de8-ed20-4685-b2b0-d5c925991e50 (type: security_group_rules) to 0
2026-07-08 16:47:43.889 9 INFO neutron.api.wsgi [req-97d3e670-672f-437a-867a-df24d8334296 req-a548626e-60b7-4cb3-b841-a733d7200fa7 84eb45580748423386a784b1062caa72 bb8049e703254c1f8306bc1fdbc88947 - - default default] 10.0.0.89 "GET /v2.0/ports?device_id=d618c3d7-bb77-44df-975c-c2fc8b0a41b7 HTTP/1.1" status: 200 len: 210 time: 0.0281093
2026-07-08 16:47:43.925 10 INFO neutron.api.wsgi [req-01e2e09b-1437-4c19-894c-af88ee0192dc req-8b4819a4-13f8-490a-9c0c-0d453fd5f5e7 1681f4f6faeb4b54bd72fdec54451c4b 053b6240dd2a4d5eb68d05af7fb1540a - - default default] 10.0.0.89 "GET /v2.0/ports?device_id=bf7005bb-a7ff-4e1e-bef1-c6a7d2df4437 HTTP/1.1" status: 200 len: 210 time: 0.0165679
2026-07-08 16:47:43.938 10 INFO neutron.api.wsgi [None req-b0d161fc-2f7b-4ef8-ab95-4222f5013784 8057a3b54f3c49eb8c48efc6513d7feb 6ccd7419d0ec40d0b630d2276fdc26f8 - - default default] 10.0.0.6 "GET /v2.0/security-groups?tenant_id=75145290dd9648b48dfc5f0d2e029a04&name=default HTTP/1.1" status: 200 len: 3120 time: 0.5891938
2026-07-08 16:47:44.133 10 INFO neutron.api.wsgi [None req-0a86597c-aa83-46f4-b4dd-15865a74e275 8057a3b54f3c49eb8c48efc6513d7feb 6ccd7419d0ec40d0b630d2276fdc26f8 - - default default] 10.0.0.6 "DELETE /v2.0/security-groups/3ea9caab-3cf7-4b13-b1f9-68f040371603 HTTP/1.1" status: 204 len: 168 time: 0.1892178
2026-07-08 16:47:44.365 10 INFO neutron.db.ovn_revision_numbers_db [None req-0283f27f-4dd5-495b-87ae-40291168ee67 8057a3b54f3c49eb8c48efc6513d7feb 6ccd7419d0ec40d0b630d2276fdc26f8 - - default default] Successfully bumped revision number for resource 01574b8a-2331-437f-8f5d-40bda0373aa7 (type: security_groups) to 1
2026-07-08 16:47:44.382 10 INFO neutron.db.ovn_revision_numbers_db [None req-0283f27f-4dd5-495b-87ae-40291168ee67 8057a3b54f3c49eb8c48efc6513d7feb 6ccd7419d0ec40d0b630d2276fdc26f8 - - default default] Successfully bumped revision number for resource 1cd9f98b-d231-4fb6-8b02-283aa37bfc8d (type: security_group_rules) to 0
2026-07-08 16:47:44.397 10 INFO neutron.db.ovn_revision_numbers_db [None req-0283f27f-4dd5-495b-87ae-40291168ee67 8057a3b54f3c49eb8c48efc6513d7feb 6ccd7419d0ec40d0b630d2276fdc26f8 - - default default] Successfully bumped revision number for resource 50e16ae5-fdd3-40cb-b005-b3006dc7756d (type: security_group_rules) to 0
2026-07-08 16:47:44.411 10 INFO neutron.db.ovn_revision_numbers_db [None req-0283f27f-4dd5-495b-87ae-40291168ee67 8057a3b54f3c49eb8c48efc6513d7feb 6ccd7419d0ec40d0b630d2276fdc26f8 - - default default] Successfully bumped revision number for resource a963e2ae-836b-463a-bb6f-67923fbae580 (type: security_group_rules) to 0
2026-07-08 16:47:44.430 10 INFO neutron.db.ovn_revision_numbers_db [None req-0283f27f-4dd5-495b-87ae-40291168ee67 8057a3b54f3c49eb8c48efc6513d7feb 6ccd7419d0ec40d0b630d2276fdc26f8 - - default default] Successfully bumped revision number for resource bf0e11c3-f176-4a42-b7f8-ae5823788b3f (type: security_group_rules) to 0
2026-07-08 16:47:44.478 10 INFO neutron.api.wsgi [None req-0283f27f-4dd5-495b-87ae-40291168ee67 8057a3b54f3c49eb8c48efc6513d7feb 6ccd7419d0ec40d0b630d2276fdc26f8 - - default default] 10.0.0.6 "GET /v2.0/security-groups?tenant_id=88790664311e4a90ac623d2143063be1&name=default HTTP/1.1" status: 200 len: 3120 time: 0.2353222
2026-07-08 16:47:44.677 10 INFO neutron.api.wsgi [None req-c4cd5923-586f-4799-bef1-1c8c52d6cdd0 8057a3b54f3c49eb8c48efc6513d7feb 6ccd7419d0ec40d0b630d2276fdc26f8 - - default default] 10.0.0.6 "DELETE /v2.0/security-groups/01574b8a-2331-437f-8f5d-40bda0373aa7 HTTP/1.1" status: 204 len: 168 time: 0.1917036
2026-07-08 16:47:44.759 10 INFO neutron.api.wsgi [req-925b7a15-ba5f-4700-9ccc-c24dade9f190 req-209a995e-95a7-4738-a4bf-8a091d780a22 eb79f5259edf4cb68071e4e9ea46e2a3 55f034e22be643a981621d93018c7824 - - 49b15faec86749c5a9d548c4b944feec 49b15faec86749c5a9d548c4b944feec] 10.0.0.91 "GET /v2.0/ports?device_id=94176a5e-ea8b-472d-bef6-419a582aa46f HTTP/1.1" status: 200 len: 1413 time: 0.1660273
2026-07-08 16:47:44.805 10 INFO neutron.api.wsgi [req-925b7a15-ba5f-4700-9ccc-c24dade9f190 req-2d7b9372-3726-425f-a1d2-cab8a3997aa2 eb79f5259edf4cb68071e4e9ea46e2a3 55f034e22be643a981621d93018c7824 - - 49b15faec86749c5a9d548c4b944feec 49b15faec86749c5a9d548c4b944feec] 10.0.0.91 "GET /v2.0/security-groups?id=f12905df-96db-4e46-910c-28fd293c686e&fields=id&fields=name HTTP/1.1" status: 200 len: 313 time: 0.0395005
2026-07-08 16:47:45.033 10 INFO neutron.api.wsgi [req-101d4aec-7d42-46cc-9669-884a0da87a68 req-9bdf4c54-0f21-48b3-9256-d4be8feaaa6a 1681f4f6faeb4b54bd72fdec54451c4b 053b6240dd2a4d5eb68d05af7fb1540a - - default default] 10.0.0.89 "GET /v2.0/ports?device_id=bf7005bb-a7ff-4e1e-bef1-c6a7d2df4437 HTTP/1.1" status: 200 len: 210 time: 0.0215657
2026-07-08 16:47:45.147 10 INFO neutron.api.wsgi [None req-534e4d9a-3876-46d3-a44e-ada9b5969ed2 84eb45580748423386a784b1062caa72 bb8049e703254c1f8306bc1fdbc88947 - - default default] 10.0.0.6 "DELETE /v2.0/security-groups/eab866d5-81cc-4385-8a1e-35589d17902c HTTP/1.1" status: 204 len: 168 time: 0.1705401
2026-07-08 16:47:45.161 10 INFO neutron.api.v2.resource [None req-30387f44-461d-4867-9673-664a80532c96 84eb45580748423386a784b1062caa72 bb8049e703254c1f8306bc1fdbc88947 - - default default] show failed (client error): The resource could not be found.
2026-07-08 16:47:45.162 10 INFO neutron.api.wsgi [None req-30387f44-461d-4867-9673-664a80532c96 84eb45580748423386a784b1062caa72 bb8049e703254c1f8306bc1fdbc88947 - - default default] 10.0.0.6 "GET /v2.0/security-groups/eab866d5-81cc-4385-8a1e-35589d17902c HTTP/1.1" status: 404 len: 347 time: 0.0101378
2026-07-08 16:47:45.508 10 INFO neutron.api.wsgi [None req-fe4f40a8-27f6-4804-a434-673900b64d07 84eb45580748423386a784b1062caa72 bb8049e703254c1f8306bc1fdbc88947 - - default default] 10.0.0.6 "DELETE /v2.0/floatingips/a2cb903d-d238-4a98-a50d-9ade3cc21cc2 HTTP/1.1" status: 204 len: 168 time: 0.3424187
2026-07-08 16:47:46.241 9 INFO neutron.api.wsgi [None req-32b7dca8-c403-407a-ab0f-d679ed736fe7 1681f4f6faeb4b54bd72fdec54451c4b 053b6240dd2a4d5eb68d05af7fb1540a - - default default] 10.0.0.6 "DELETE /v2.0/security-groups/b1c2b798-8560-491b-bd1b-981bd771a8cf HTTP/1.1" status: 204 len: 168 time: 0.1256313
2026-07-08 16:47:46.255 9 INFO neutron.api.v2.resource [None req-0168d5eb-ed82-48cb-bf48-e970addc3848 1681f4f6faeb4b54bd72fdec54451c4b 053b6240dd2a4d5eb68d05af7fb1540a - - default default] show failed (client error): The resource could not be found.
2026-07-08 16:47:46.256 9 INFO neutron.api.wsgi [None req-0168d5eb-ed82-48cb-bf48-e970addc3848 1681f4f6faeb4b54bd72fdec54451c4b 053b6240dd2a4d5eb68d05af7fb1540a - - default default] 10.0.0.6 "GET /v2.0/security-groups/b1c2b798-8560-491b-bd1b-981bd771a8cf HTTP/1.1" status: 404 len: 347 time: 0.0101478
2026-07-08 16:47:46.559 9 INFO neutron.api.wsgi [None req-0d062ca2-cec1-44a4-a362-d3fcacac136c 1681f4f6faeb4b54bd72fdec54451c4b 053b6240dd2a4d5eb68d05af7fb1540a - - default default] 10.0.0.6 "DELETE /v2.0/floatingips/da1f7e02-3e5d-4ba5-b7cc-a3edab26a8cd HTTP/1.1" status: 204 len: 168 time: 0.2978964
2026-07-08 16:47:46.734 10 INFO neutron.api.wsgi [None req-d1e1a170-ddb3-4fd5-b160-a99b4cfb985d 8057a3b54f3c49eb8c48efc6513d7feb 6ccd7419d0ec40d0b630d2276fdc26f8 - - default default] 10.0.0.6 "PUT /v2.0/routers/845688ef-f162-4d6a-8291-0f83dc6eb347/remove_router_interface HTTP/1.1" status: 200 len: 503 time: 1.2220826 /var/lib/openstack/lib/python3.12/site-packages/pycadf/identifier.py:71: UserWarning: Invalid uuid: neutron. To ensure interoperability, identifiers should be a valid uuid. warnings.warn(('Invalid uuid: %s. To ensure interoperability, '
2026-07-08 16:47:47.263 10 INFO neutron.db.ovn_revision_numbers_db [None req-52b92355-8504-4c74-afae-a6dfbfad4dc6 8057a3b54f3c49eb8c48efc6513d7feb 6ccd7419d0ec40d0b630d2276fdc26f8 - - default default] Successfully bumped revision number for resource 0349fc1e-1e0a-4c81-abca-dc3fc808a6db (type: security_groups) to 1
2026-07-08 16:47:47.291 10 INFO neutron.db.ovn_revision_numbers_db [None req-52b92355-8504-4c74-afae-a6dfbfad4dc6 8057a3b54f3c49eb8c48efc6513d7feb 6ccd7419d0ec40d0b630d2276fdc26f8 - - default default] Successfully bumped revision number for resource 0f85025d-ce1e-41eb-a9bc-45f62074ae67 (type: security_group_rules) to 0
2026-07-08 16:47:47.314 10 INFO neutron.db.ovn_revision_numbers_db [None req-52b92355-8504-4c74-afae-a6dfbfad4dc6 8057a3b54f3c49eb8c48efc6513d7feb 6ccd7419d0ec40d0b630d2276fdc26f8 - - default default] Successfully bumped revision number for resource 5fb40f31-7296-4bca-a890-37f2c8b80359 (type: security_group_rules) to 0
2026-07-08 16:47:47.346 10 INFO neutron.db.ovn_revision_numbers_db [None req-52b92355-8504-4c74-afae-a6dfbfad4dc6 8057a3b54f3c49eb8c48efc6513d7feb 6ccd7419d0ec40d0b630d2276fdc26f8 - - default default] Successfully bumped revision number for resource a399ce20-336a-4e84-8ccc-e75fd3a3d2c6 (type: security_group_rules) to 0
2026-07-08 16:47:47.377 10 INFO neutron.db.ovn_revision_numbers_db [None req-52b92355-8504-4c74-afae-a6dfbfad4dc6 8057a3b54f3c49eb8c48efc6513d7feb 6ccd7419d0ec40d0b630d2276fdc26f8 - - default default] Successfully bumped revision number for resource d1d7c8cb-7a57-4233-9fda-fe3a7947c326 (type: security_group_rules) to 0
2026-07-08 16:47:47.443 10 INFO neutron.api.wsgi [None req-52b92355-8504-4c74-afae-a6dfbfad4dc6 8057a3b54f3c49eb8c48efc6513d7feb 6ccd7419d0ec40d0b630d2276fdc26f8 - - default default] 10.0.0.6 "GET /v2.0/security-groups?tenant_id=07f8ed999efd4d5bb2ee33386076ab21&name=default HTTP/1.1" status: 200 len: 3120 time: 0.4633899
2026-07-08 16:47:47.491 10 INFO neutron.api.wsgi [None req-b69854a1-0dd4-4ee4-88e3-075774bf355f 8057a3b54f3c49eb8c48efc6513d7feb 6ccd7419d0ec40d0b630d2276fdc26f8 - - default default] 10.0.0.6 "DELETE /v2.0/routers/845688ef-f162-4d6a-8291-0f83dc6eb347 HTTP/1.1" status: 204 len: 168 time: 0.7513053
2026-07-08 16:47:47.670 9 INFO neutron.api.wsgi [None req-0e91c691-0361-4a41-a7cd-491fc5ce6480 8057a3b54f3c49eb8c48efc6513d7feb 6ccd7419d0ec40d0b630d2276fdc26f8 - - default default] 10.0.0.6 "PUT /v2.0/routers/415bfadf-1a7d-4342-867f-1a9e9804134b/remove_router_interface HTTP/1.1" status: 200 len: 503 time: 1.1073458 /var/lib/openstack/lib/python3.12/site-packages/pycadf/identifier.py:71: UserWarning: Invalid uuid: neutron. To ensure interoperability, identifiers should be a valid uuid. warnings.warn(('Invalid uuid: %s. To ensure interoperability, '
2026-07-08 16:47:47.699 10 INFO neutron.api.wsgi [None req-6e5cd442-f6b7-459e-90b0-0928cd55bcb3 8057a3b54f3c49eb8c48efc6513d7feb 6ccd7419d0ec40d0b630d2276fdc26f8 - - default default] 10.0.0.6 "DELETE /v2.0/subnets/158782b4-a29d-4462-821d-151409179b0f HTTP/1.1" status: 204 len: 168 time: 0.2033660
2026-07-08 16:47:47.718 10 INFO neutron.api.wsgi [None req-7b8158b9-0038-4b5c-a52d-b6318cd02a4b 8057a3b54f3c49eb8c48efc6513d7feb 6ccd7419d0ec40d0b630d2276fdc26f8 - - default default] 10.0.0.6 "DELETE /v2.0/security-groups/0349fc1e-1e0a-4c81-abca-dc3fc808a6db HTTP/1.1" status: 204 len: 168 time: 0.2709773
2026-07-08 16:47:48.025 10 INFO neutron.services.segments.plugin [-] Segment 967433b5-8acd-44a3-8e2f-704b7021fa1f resource provider aggregate not found
2026-07-08 16:47:48.029 10 INFO neutron.services.segments.plugin [-] Segment 967433b5-8acd-44a3-8e2f-704b7021fa1f resource provider aggregate not found
2026-07-08 16:47:48.042 10 INFO neutron.services.segments.plugin [-] Segment 967433b5-8acd-44a3-8e2f-704b7021fa1f resource provider not found; error: Placement Client Error (4xx): {"errors": [{"status": 404, "title": "Not Found", "detail": "The resource could not be found.\n\n No resource provider with uuid 967433b5-8acd-44a3-8e2f-704b7021fa1f found for delete ", "request_id": "req-0dc7f8a0-5666-4ca5-83aa-3670f3e9971b"}]}
2026-07-08 16:47:48.044 10 INFO neutron.services.segments.plugin [-] Segment 967433b5-8acd-44a3-8e2f-704b7021fa1f resource provider not found; error: Placement Client Error (4xx): {"errors": [{"status": 404, "title": "Not Found", "detail": "The resource could not be found.\n\n No resource provider with uuid 967433b5-8acd-44a3-8e2f-704b7021fa1f found for delete ", "request_id": "req-5fd2a53f-fb2f-4da0-9349-a4950be0bbcc"}]}
2026-07-08 16:47:48.052 10 INFO neutron.api.wsgi [None req-ab8ed3fa-2e87-4a25-88b2-4f60fb2c36ca 8057a3b54f3c49eb8c48efc6513d7feb 6ccd7419d0ec40d0b630d2276fdc26f8 - - default default] 10.0.0.6 "DELETE /v2.0/networks/b12de414-e696-4082-aed5-f89c51a98396 HTTP/1.1" status: 204 len: 168 time: 0.3468359
2026-07-08 16:47:48.250 10 INFO neutron.api.wsgi [None req-3dcba326-8c98-4082-8b47-228f905cc209 8057a3b54f3c49eb8c48efc6513d7feb 6ccd7419d0ec40d0b630d2276fdc26f8 - - default default] 10.0.0.6 "GET /v2.0/security-groups?tenant_id=bb8049e703254c1f8306bc1fdbc88947&name=default HTTP/1.1" status: 200 len: 3116 time: 0.0303335
2026-07-08 16:47:48.493 10 INFO neutron.api.wsgi [None req-6cf1b292-a465-4a05-ba4b-033abbda70e7 8057a3b54f3c49eb8c48efc6513d7feb 6ccd7419d0ec40d0b630d2276fdc26f8 - - default default] 10.0.0.6 "DELETE /v2.0/security-groups/869122d0-38ee-45c2-acef-9f2ff265e671 HTTP/1.1" status: 204 len: 168 time: 0.2377179
2026-07-08 16:47:48.545 9 INFO neutron.api.wsgi [None req-8ac20d10-7f90-44f2-82fa-1c8eb083d788 8057a3b54f3c49eb8c48efc6513d7feb 6ccd7419d0ec40d0b630d2276fdc26f8 - - default default] 10.0.0.6 "DELETE /v2.0/routers/415bfadf-1a7d-4342-867f-1a9e9804134b HTTP/1.1" status: 204 len: 168 time: 0.8703825
2026-07-08 16:47:48.705 9 INFO neutron.api.wsgi [None req-3d56018b-c8b4-4009-a302-481c2eb00865 8057a3b54f3c49eb8c48efc6513d7feb 6ccd7419d0ec40d0b630d2276fdc26f8 - - default default] 10.0.0.6 "DELETE /v2.0/subnets/5022b96c-9e01-479b-8d8d-17977f3d45c0 HTTP/1.1" status: 204 len: 168 time: 0.1558623
2026-07-08 16:47:48.992 9 INFO neutron.services.segments.plugin [-] Segment bac76f8d-5684-428a-9fce-b3bd8748e11c resource provider aggregate not found
2026-07-08 16:47:48.996 9 INFO neutron.services.segments.plugin [-] Segment bac76f8d-5684-428a-9fce-b3bd8748e11c resource provider aggregate not found
2026-07-08 16:47:49.005 9 INFO neutron.services.segments.plugin [-] Segment bac76f8d-5684-428a-9fce-b3bd8748e11c resource provider not found; error: Placement Client Error (4xx): {"errors": [{"status": 404, "title": "Not Found", "detail": "The resource could not be found.\n\n No resource provider with uuid bac76f8d-5684-428a-9fce-b3bd8748e11c found for delete ", "request_id": "req-c4dc38cf-902b-47a1-88a2-c5e57093da9e"}]}
2026-07-08 16:47:49.010 9 INFO neutron.services.segments.plugin [-] Segment bac76f8d-5684-428a-9fce-b3bd8748e11c resource provider not found; error: Placement Client Error (4xx): {"errors": [{"status": 404, "title": "Not Found", "detail": "The resource could not be found.\n\n No resource provider with uuid bac76f8d-5684-428a-9fce-b3bd8748e11c found for delete ", "request_id": "req-43889db3-a142-44dd-b6c5-6a59e5e30307"}]}
2026-07-08 16:47:49.023 9 INFO neutron.api.wsgi [None req-6457334a-8266-433f-8890-434378396b70 8057a3b54f3c49eb8c48efc6513d7feb 6ccd7419d0ec40d0b630d2276fdc26f8 - - default default] 10.0.0.6 "DELETE /v2.0/networks/60877b53-79eb-4c99-8c83-b48560654c7d HTTP/1.1" status: 204 len: 168 time: 0.3135326
2026-07-08 16:47:49.182 9 INFO neutron.api.wsgi [None req-0e2c3f79-e40d-45da-8a13-e9d868f8a12e 8057a3b54f3c49eb8c48efc6513d7feb 6ccd7419d0ec40d0b630d2276fdc26f8 - - default default] 10.0.0.6 "GET /v2.0/security-groups?tenant_id=053b6240dd2a4d5eb68d05af7fb1540a&name=default HTTP/1.1" status: 200 len: 3116 time: 0.0567343
2026-07-08 16:47:49.402 9 INFO neutron.api.wsgi [None req-59ca8c46-4c7b-4bbb-8670-10d3314f10b8 8057a3b54f3c49eb8c48efc6513d7feb 6ccd7419d0ec40d0b630d2276fdc26f8 - - default default] 10.0.0.6 "DELETE /v2.0/security-groups/94f07899-c54b-49b3-9388-80cef5cf267a HTTP/1.1" status: 204 len: 168 time: 0.2118843
2026-07-08 16:47:49.679 9 WARNING neutron_lib.context [None req-8ac67628-909e-4a15-af57-77f6979200ba 6d3bfe8e370e4e25935a785b4ec7f8e1 ced460ac926447bba7dcdc259cd2fa0c - - default default] Method 'is_advsvc' is deprecated since 2023.2 release (neutron-lib 3.8.0) and will be removed once support for the old RBAC API policies will be removed from Neutron. Please use method 'is_service_role' instead.
2026-07-08 16:47:49.823 9 INFO neutron.db.ovn_revision_numbers_db [None req-8ac67628-909e-4a15-af57-77f6979200ba 6d3bfe8e370e4e25935a785b4ec7f8e1 ced460ac926447bba7dcdc259cd2fa0c - - default default] Successfully bumped revision number for resource d41ea2cf-b7ad-4660-892b-82d21dcd10e5 (type: security_groups) to 1
2026-07-08 16:47:49.848 9 INFO neutron.db.ovn_revision_numbers_db [None req-8ac67628-909e-4a15-af57-77f6979200ba 6d3bfe8e370e4e25935a785b4ec7f8e1 ced460ac926447bba7dcdc259cd2fa0c - - default default] Successfully bumped revision number for resource 27b56e05-45ca-4263-a832-df48758266d0 (type: security_group_rules) to 0
2026-07-08 16:47:49.874 9 INFO neutron.db.ovn_revision_numbers_db [None req-8ac67628-909e-4a15-af57-77f6979200ba 6d3bfe8e370e4e25935a785b4ec7f8e1 ced460ac926447bba7dcdc259cd2fa0c - - default default] Successfully bumped revision number for resource 7089fa83-bcb0-4a7a-943a-303e1c6fe72c (type: security_group_rules) to 0
2026-07-08 16:47:49.892 9 INFO neutron.db.ovn_revision_numbers_db [None req-8ac67628-909e-4a15-af57-77f6979200ba 6d3bfe8e370e4e25935a785b4ec7f8e1 ced460ac926447bba7dcdc259cd2fa0c - - default default] Successfully bumped revision number for resource 9e471026-c7e8-41ee-9c9e-adac480cab44 (type: security_group_rules) to 0
2026-07-08 16:47:49.896 10 INFO neutron.api.wsgi [req-1a1c01a9-4887-4b07-8abf-1cf098af9bd5 req-2cd96798-d3d2-4dbf-bec9-206f48873019 604c60265539494ba7db62a06243649d ad66b74e3d6042c38cd2eaaf8f0b3ab4 - - default default] 10.0.0.89 "GET /v2.0/ports?device_id=94176a5e-ea8b-472d-bef6-419a582aa46f HTTP/1.1" status: 200 len: 1174 time: 0.0986121
2026-07-08 16:47:49.904 9 INFO neutron.db.ovn_revision_numbers_db [None req-8ac67628-909e-4a15-af57-77f6979200ba 6d3bfe8e370e4e25935a785b4ec7f8e1 ced460ac926447bba7dcdc259cd2fa0c - - default default] Successfully bumped revision number for resource d33427bf-a14a-4607-8600-337e2f7c12a9 (type: security_group_rules) to 0
2026-07-08 16:47:50.009 9 INFO neutron.db.segments_db [None req-8ac67628-909e-4a15-af57-77f6979200ba 6d3bfe8e370e4e25935a785b4ec7f8e1 ced460ac926447bba7dcdc259cd2fa0c - - default default] Added segment 6085b67c-c4ce-4150-89b5-e54f9e096200 of type geneve for network 0ea2d607-1d5b-4028-ab23-4c33d2df0d67
2026-07-08 16:47:50.070 9 INFO neutron.api.wsgi [req-8beb94d8-d128-42e6-a2d8-c8102f25d467 req-49b524f9-2d07-43af-86e1-926bd5a73625 604c60265539494ba7db62a06243649d ad66b74e3d6042c38cd2eaaf8f0b3ab4 - - default default] 10.0.0.89 "GET /v2.0/ports/525b10a8-f699-4ff5-acfe-f1079459ec2f HTTP/1.1" status: 200 len: 1171 time: 0.1227393
2026-07-08 16:47:50.157 9 INFO neutron.db.ovn_revision_numbers_db [None req-8ac67628-909e-4a15-af57-77f6979200ba 6d3bfe8e370e4e25935a785b4ec7f8e1 ced460ac926447bba7dcdc259cd2fa0c - - default default] Successfully bumped revision number for resource 0ea2d607-1d5b-4028-ab23-4c33d2df0d67 (type: networks) to 1
2026-07-08 16:47:50.404 9 WARNING neutron.scheduler.dhcp_agent_scheduler [None req-8ac67628-909e-4a15-af57-77f6979200ba 6d3bfe8e370e4e25935a785b4ec7f8e1 ced460ac926447bba7dcdc259cd2fa0c - - default default] No more DHCP agents
2026-07-08 16:47:50.406 9 WARNING neutron.api.rpc.agentnotifiers.dhcp_rpc_agent_api [None req-8ac67628-909e-4a15-af57-77f6979200ba 6d3bfe8e370e4e25935a785b4ec7f8e1 ced460ac926447bba7dcdc259cd2fa0c - - default default] Unable to schedule network 0ea2d607-1d5b-4028-ab23-4c33d2df0d67: no agents available; will retry on subsequent port and subnet creation events.
2026-07-08 16:47:50.477 9 INFO neutron.db.ovn_revision_numbers_db [None req-8ac67628-909e-4a15-af57-77f6979200ba 6d3bfe8e370e4e25935a785b4ec7f8e1 ced460ac926447bba7dcdc259cd2fa0c - - default default] Successfully bumped revision number for resource cd9f0644-1f52-4c00-8ed1-4a968a1ccec7 (type: ports) to 1
2026-07-08 16:47:50.497 9 INFO neutron.api.wsgi [None req-8ac67628-909e-4a15-af57-77f6979200ba 6d3bfe8e370e4e25935a785b4ec7f8e1 ced460ac926447bba7dcdc259cd2fa0c - - default default] 10.0.0.6 "POST /v2.0/networks HTTP/1.1" status: 201 len: 842 time: 1.0009310
2026-07-08 16:47:50.535 9 WARNING neutron_lib.context [None req-8ec23e67-5c49-47b7-bd7d-c968258b5afb 6d3bfe8e370e4e25935a785b4ec7f8e1 ced460ac926447bba7dcdc259cd2fa0c - - default default] Method 'is_advsvc' is deprecated since 2023.2 release (neutron-lib 3.8.0) and will be removed once support for the old RBAC API policies will be removed from Neutron. Please use method 'is_service_role' instead.
2026-07-08 16:47:50.655 10 INFO neutron.db.ovn_revision_numbers_db [None req-eedfba20-1259-40b7-a043-664bed973d6b 8057a3b54f3c49eb8c48efc6513d7feb 6ccd7419d0ec40d0b630d2276fdc26f8 - - default default] Successfully bumped revision number for resource 3d1fa71b-4631-4172-a206-76c426dbd962 (type: security_groups) to 1
