2026-07-08 16:51:14.778 10 WARNING neutron.scheduler.dhcp_agent_scheduler [None req-064b0a46-2443-49cd-8c0a-c04f6bf5427b c20e17dcef794b44a5ed1024e704c398 08fc72c2920e48af94671468b1e712a5 - - default default] No more DHCP agents
2026-07-08 16:51:14.780 10 WARNING neutron.api.rpc.agentnotifiers.dhcp_rpc_agent_api [None req-064b0a46-2443-49cd-8c0a-c04f6bf5427b c20e17dcef794b44a5ed1024e704c398 08fc72c2920e48af94671468b1e712a5 - - default default] Unable to schedule network 43fe5a66-70f9-4f8a-86a6-04ecea08020e: no agents available; will retry on subsequent port and subnet creation events.
2026-07-08 16:51:14.785 9 INFO neutron.api.wsgi [None req-f9a2b350-02fd-46c7-a710-fbf238e68e13 06675a49461d4a729a40f86e36114906 f22686d758c9413fad5022c637989565 - - default default] 10.0.0.6 "DELETE /v2.0/trunks/fe9f07f0-3f6e-4cb6-9f79-7850e4955524 HTTP/1.1" status: 204 len: 168 time: 0.0703955
2026-07-08 16:51:14.803 9 INFO neutron.api.wsgi [None req-d1ee3aef-c602-44e8-a3b4-198e8a89083d 06675a49461d4a729a40f86e36114906 f22686d758c9413fad5022c637989565 - - default default] 10.0.0.6 "GET /v2.0/trunks/806bf40b-c2b5-480c-b6bc-627eda673cbe HTTP/1.1" status: 200 len: 625 time: 0.0138574
2026-07-08 16:51:14.871 10 INFO neutron.db.ovn_revision_numbers_db [None req-064b0a46-2443-49cd-8c0a-c04f6bf5427b c20e17dcef794b44a5ed1024e704c398 08fc72c2920e48af94671468b1e712a5 - - default default] Successfully bumped revision number for resource 027a025f-b5b6-4c70-bdf2-f6ae84d5ab8d (type: ports) to 1
2026-07-08 16:51:14.903 10 INFO neutron.api.wsgi [None req-064b0a46-2443-49cd-8c0a-c04f6bf5427b c20e17dcef794b44a5ed1024e704c398 08fc72c2920e48af94671468b1e712a5 - - default default] 10.0.0.6 "POST /v2.0/networks HTTP/1.1" status: 201 len: 831 time: 0.5199871
2026-07-08 16:51:14.903 9 INFO neutron.api.wsgi [None req-01d6270e-8fdb-4b71-a1ca-6ee8a681536d 06675a49461d4a729a40f86e36114906 f22686d758c9413fad5022c637989565 - - default default] 10.0.0.6 "GET /v2.0/ports/9a264818-daa4-4d56-acda-15572cdedccc HTTP/1.1" status: 200 len: 1020 time: 0.0890369
2026-07-08 16:51:14.913 10 WARNING neutron_lib.context [None req-53d00818-1486-41c0-83c5-c4ba9987607e c20e17dcef794b44a5ed1024e704c398 08fc72c2920e48af94671468b1e712a5 - - default default] Method 'is_advsvc' is deprecated since 2023.2 release (neutron-lib 3.8.0) and will be removed once support for the old RBAC API policies will be removed from Neutron. Please use method 'is_service_role' instead.
2026-07-08 16:51:14.983 9 INFO neutron.api.wsgi [None req-14e3fa6b-e747-4b1e-8c95-f2ce2608b93d 06675a49461d4a729a40f86e36114906 f22686d758c9413fad5022c637989565 - - default default] 10.0.0.6 "DELETE /v2.0/trunks/806bf40b-c2b5-480c-b6bc-627eda673cbe HTTP/1.1" status: 204 len: 168 time: 0.0745425
2026-07-08 16:51:15.001 9 INFO neutron.api.wsgi [None req-494ee7e6-cef1-4f0e-bc71-e19a206b0dc2 06675a49461d4a729a40f86e36114906 f22686d758c9413fad5022c637989565 - - default default] 10.0.0.6 "GET /v2.0/trunks/000e1afa-b320-4383-ac87-82bc726a817c HTTP/1.1" status: 200 len: 610 time: 0.0122540
2026-07-08 16:51:15.066 9 INFO neutron.api.wsgi [None req-ea103368-ffc1-4d56-b249-bd5c5f6cb149 06675a49461d4a729a40f86e36114906 f22686d758c9413fad5022c637989565 - - default default] 10.0.0.6 "GET /v2.0/ports/d4016c3c-f1e2-47b8-b62e-a3d0529b69d1 HTTP/1.1" status: 200 len: 1020 time: 0.0607674
2026-07-08 16:51:15.132 10 WARNING neutron.scheduler.dhcp_agent_scheduler [None req-53d00818-1486-41c0-83c5-c4ba9987607e c20e17dcef794b44a5ed1024e704c398 08fc72c2920e48af94671468b1e712a5 - - default default] No more DHCP agents
2026-07-08 16:51:15.134 10 WARNING neutron.api.rpc.agentnotifiers.dhcp_rpc_agent_api [None req-53d00818-1486-41c0-83c5-c4ba9987607e c20e17dcef794b44a5ed1024e704c398 08fc72c2920e48af94671468b1e712a5 - - default default] Unable to schedule network 43fe5a66-70f9-4f8a-86a6-04ecea08020e: no agents available; will retry on subsequent port and subnet creation events.
2026-07-08 16:51:15.135 9 INFO neutron.api.wsgi [None req-ed2d0aaf-a7b4-4d4e-8302-bb63634165e6 06675a49461d4a729a40f86e36114906 f22686d758c9413fad5022c637989565 - - default default] 10.0.0.6 "DELETE /v2.0/trunks/000e1afa-b320-4383-ac87-82bc726a817c HTTP/1.1" status: 204 len: 168 time: 0.0642281
2026-07-08 16:51:15.153 9 INFO neutron.api.wsgi [None req-0e509fc9-b475-4169-b67c-0f1f8909950f 06675a49461d4a729a40f86e36114906 f22686d758c9413fad5022c637989565 - - default default] 10.0.0.6 "GET /v2.0/trunks/383c04bb-a442-4507-b24f-5d2bae94f40b HTTP/1.1" status: 200 len: 603 time: 0.0129681
2026-07-08 16:51:15.198 10 INFO neutron.db.ovn_revision_numbers_db [None req-53d00818-1486-41c0-83c5-c4ba9987607e c20e17dcef794b44a5ed1024e704c398 08fc72c2920e48af94671468b1e712a5 - - default default] Successfully bumped revision number for resource cd61ee36-206b-47f1-be6d-fb107d806fb5 (type: ports) to 1
2026-07-08 16:51:15.220 10 INFO neutron.api.wsgi [None req-53d00818-1486-41c0-83c5-c4ba9987607e c20e17dcef794b44a5ed1024e704c398 08fc72c2920e48af94671468b1e712a5 - - default default] 10.0.0.6 "POST /v2.0/ports HTTP/1.1" status: 201 len: 942 time: 0.3110688
2026-07-08 16:51:15.221 9 INFO neutron.api.wsgi [None req-c800b79a-fe94-49ba-8bd7-0f9a51e5f150 06675a49461d4a729a40f86e36114906 f22686d758c9413fad5022c637989565 - - default default] 10.0.0.6 "GET /v2.0/ports/8c10d6b8-2ae0-462a-bff1-e67cb42a3865 HTTP/1.1" status: 200 len: 1020 time: 0.0641134 /var/lib/openstack/lib/python3.12/site-packages/pycadf/identifier.py:71: UserWarning: Invalid uuid: neutron. To ensure interoperability, identifiers should be a valid uuid. warnings.warn(('Invalid uuid: %s. To ensure interoperability, '
2026-07-08 16:51:15.230 10 WARNING neutron_lib.context [None req-61c38715-83ec-4a7d-b569-4a7b2188c05a c20e17dcef794b44a5ed1024e704c398 08fc72c2920e48af94671468b1e712a5 - - default default] Method 'is_advsvc' is deprecated since 2023.2 release (neutron-lib 3.8.0) and will be removed once support for the old RBAC API policies will be removed from Neutron. Please use method 'is_service_role' instead.
2026-07-08 16:51:15.278 9 INFO neutron.api.wsgi [None req-55ad2c6f-49bd-4b16-8eb5-b497dc33d153 06675a49461d4a729a40f86e36114906 f22686d758c9413fad5022c637989565 - - default default] 10.0.0.6 "DELETE /v2.0/trunks/383c04bb-a442-4507-b24f-5d2bae94f40b HTTP/1.1" status: 204 len: 168 time: 0.0528014
2026-07-08 16:51:15.308 10 INFO neutron.db.segments_db [None req-61c38715-83ec-4a7d-b569-4a7b2188c05a c20e17dcef794b44a5ed1024e704c398 08fc72c2920e48af94671468b1e712a5 - - default default] Added segment 7ecc66ee-6a9c-4113-8494-807a60fb1999 of type geneve for network 5001a91e-6140-4fcb-8a5c-56fdf0431258
2026-07-08 16:51:15.444 10 INFO neutron.db.ovn_revision_numbers_db [None req-61c38715-83ec-4a7d-b569-4a7b2188c05a c20e17dcef794b44a5ed1024e704c398 08fc72c2920e48af94671468b1e712a5 - - default default] Successfully bumped revision number for resource 5001a91e-6140-4fcb-8a5c-56fdf0431258 (type: networks) to 1
2026-07-08 16:51:15.513 9 INFO neutron.api.wsgi [None req-5b0aa219-8ddc-467c-8b09-06252a2867d5 06675a49461d4a729a40f86e36114906 f22686d758c9413fad5022c637989565 - - default default] 10.0.0.6 "DELETE /v2.0/ports/59b7adc2-1827-48da-b399-90deead07362 HTTP/1.1" status: 204 len: 168 time: 0.2290154
2026-07-08 16:51:15.607 10 WARNING neutron.scheduler.dhcp_agent_scheduler [None req-61c38715-83ec-4a7d-b569-4a7b2188c05a c20e17dcef794b44a5ed1024e704c398 08fc72c2920e48af94671468b1e712a5 - - default default] No more DHCP agents
2026-07-08 16:51:15.608 10 WARNING neutron.api.rpc.agentnotifiers.dhcp_rpc_agent_api [None req-61c38715-83ec-4a7d-b569-4a7b2188c05a c20e17dcef794b44a5ed1024e704c398 08fc72c2920e48af94671468b1e712a5 - - default default] Unable to schedule network 5001a91e-6140-4fcb-8a5c-56fdf0431258: no agents available; will retry on subsequent port and subnet creation events.
2026-07-08 16:51:15.673 10 INFO neutron.db.ovn_revision_numbers_db [None req-61c38715-83ec-4a7d-b569-4a7b2188c05a c20e17dcef794b44a5ed1024e704c398 08fc72c2920e48af94671468b1e712a5 - - default default] Successfully bumped revision number for resource f7c74615-e1bf-4d8a-9374-d43c87049fd4 (type: ports) to 1
2026-07-08 16:51:15.692 10 INFO neutron.api.wsgi [None req-61c38715-83ec-4a7d-b569-4a7b2188c05a c20e17dcef794b44a5ed1024e704c398 08fc72c2920e48af94671468b1e712a5 - - default default] 10.0.0.6 "POST /v2.0/networks HTTP/1.1" status: 201 len: 831 time: 0.4666269
2026-07-08 16:51:15.702 10 WARNING neutron_lib.context [None req-b3bb271d-32d1-4b25-9dff-ce9b9044237e c20e17dcef794b44a5ed1024e704c398 08fc72c2920e48af94671468b1e712a5 - - default default] Method 'is_advsvc' is deprecated since 2023.2 release (neutron-lib 3.8.0) and will be removed once support for the old RBAC API policies will be removed from Neutron. Please use method 'is_service_role' instead.
2026-07-08 16:51:15.724 9 INFO neutron.api.wsgi [None req-3ab16873-08f3-4f29-9ebc-bde6a07e1190 06675a49461d4a729a40f86e36114906 f22686d758c9413fad5022c637989565 - - default default] 10.0.0.6 "DELETE /v2.0/ports/0e98591c-c9ae-400a-b419-2431a6c6ddc1 HTTP/1.1" status: 204 len: 168 time: 0.2074206
2026-07-08 16:51:15.989 10 WARNING neutron.scheduler.dhcp_agent_scheduler [None req-b3bb271d-32d1-4b25-9dff-ce9b9044237e c20e17dcef794b44a5ed1024e704c398 08fc72c2920e48af94671468b1e712a5 - - default default] No more DHCP agents
2026-07-08 16:51:15.991 10 WARNING neutron.api.rpc.agentnotifiers.dhcp_rpc_agent_api [None req-b3bb271d-32d1-4b25-9dff-ce9b9044237e c20e17dcef794b44a5ed1024e704c398 08fc72c2920e48af94671468b1e712a5 - - default default] Unable to schedule network 5001a91e-6140-4fcb-8a5c-56fdf0431258: no agents available; will retry on subsequent port and subnet creation events.
2026-07-08 16:51:16.014 10 INFO neutron.api.wsgi [None req-41ef29b9-151d-42b9-8c2d-c44fd302645c 06675a49461d4a729a40f86e36114906 f22686d758c9413fad5022c637989565 - - default default] 10.0.0.6 "DELETE /v2.0/ports/9a264818-daa4-4d56-acda-15572cdedccc HTTP/1.1" status: 204 len: 168 time: 0.2819180
2026-07-08 16:51:16.062 10 INFO neutron.db.ovn_revision_numbers_db [None req-b3bb271d-32d1-4b25-9dff-ce9b9044237e c20e17dcef794b44a5ed1024e704c398 08fc72c2920e48af94671468b1e712a5 - - default default] Successfully bumped revision number for resource 5b11829c-84ad-49dc-aa34-a96a69ada3fc (type: ports) to 1
2026-07-08 16:51:16.087 10 INFO neutron.api.wsgi [None req-b3bb271d-32d1-4b25-9dff-ce9b9044237e c20e17dcef794b44a5ed1024e704c398 08fc72c2920e48af94671468b1e712a5 - - default default] 10.0.0.6 "POST /v2.0/ports HTTP/1.1" status: 201 len: 942 time: 0.3902738 /var/lib/openstack/lib/python3.12/site-packages/pycadf/identifier.py:71: UserWarning: Invalid uuid: neutron. To ensure interoperability, identifiers should be a valid uuid. warnings.warn(('Invalid uuid: %s. To ensure interoperability, '
2026-07-08 16:51:16.133 10 INFO neutron.api.wsgi [None req-493086ed-1153-4061-898e-c8687603117f c20e17dcef794b44a5ed1024e704c398 08fc72c2920e48af94671468b1e712a5 - - default default] 10.0.0.6 "PUT /v2.0/ports/d2b342a2-6fbc-43d4-b262-ed42d2371ea6/tags HTTP/1.1" status: 200 len: 210 time: 0.0412943
2026-07-08 16:51:16.185 10 INFO neutron.api.wsgi [None req-a7d6a8fd-5fda-4938-b1ce-8442f4cbf3e8 c20e17dcef794b44a5ed1024e704c398 08fc72c2920e48af94671468b1e712a5 - - default default] 10.0.0.6 "PUT /v2.0/ports/f5a20c9b-fe13-4318-9f85-6a5d73dc8599/tags HTTP/1.1" status: 200 len: 218 time: 0.0466270
2026-07-08 16:51:16.236 10 INFO neutron.api.wsgi [None req-cfecc1d8-c378-4746-b84b-73d639c1d527 c20e17dcef794b44a5ed1024e704c398 08fc72c2920e48af94671468b1e712a5 - - default default] 10.0.0.6 "PUT /v2.0/ports/d816abcc-3ead-47a6-98f5-0f9809c46399/tags HTTP/1.1" status: 200 len: 227 time: 0.0465989
2026-07-08 16:51:16.245 9 INFO neutron.api.wsgi [None req-f52e2c43-498a-42ab-8eb4-14fc0e1b45d7 06675a49461d4a729a40f86e36114906 f22686d758c9413fad5022c637989565 - - default default] 10.0.0.6 "DELETE /v2.0/ports/d4016c3c-f1e2-47b8-b62e-a3d0529b69d1 HTTP/1.1" status: 204 len: 168 time: 0.2244127
2026-07-08 16:51:16.292 10 INFO neutron.api.wsgi [None req-85ffdf21-e693-4555-9ac6-b9683a420b5b c20e17dcef794b44a5ed1024e704c398 08fc72c2920e48af94671468b1e712a5 - - default default] 10.0.0.6 "PUT /v2.0/ports/cd61ee36-206b-47f1-be6d-fb107d806fb5/tags HTTP/1.1" status: 200 len: 212 time: 0.0522313
2026-07-08 16:51:16.488 10 INFO neutron.api.wsgi [None req-caa8e04b-3fc3-4271-8a7c-4a01a8c6b0fd c20e17dcef794b44a5ed1024e704c398 08fc72c2920e48af94671468b1e712a5 - - default default] 10.0.0.6 "GET /v2.0/ports?tags=red HTTP/1.1" status: 200 len: 2448 time: 0.1901293
2026-07-08 16:51:16.582 9 INFO neutron.api.wsgi [None req-7cbbc4a2-04c4-4c64-8dea-b7f255c98b2e c20e17dcef794b44a5ed1024e704c398 08fc72c2920e48af94671468b1e712a5 - - default default] 10.0.0.6 "GET /v2.0/ports?tags=red%2Cblue HTTP/1.1" status: 200 len: 1708 time: 0.0881238
2026-07-08 16:51:16.595 10 INFO neutron.api.wsgi [None req-a46292f8-f46c-491f-8cd6-9a7535994e2b 06675a49461d4a729a40f86e36114906 f22686d758c9413fad5022c637989565 - - default default] 10.0.0.6 "DELETE /v2.0/ports/8c10d6b8-2ae0-462a-bff1-e67cb42a3865 HTTP/1.1" status: 204 len: 168 time: 0.3459451
2026-07-08 16:51:16.649 9 INFO neutron.api.wsgi [None req-c3d9efbb-fb0a-43ee-97f8-9e23e62a1487 c20e17dcef794b44a5ed1024e704c398 08fc72c2920e48af94671468b1e712a5 - - default default] 10.0.0.6 "GET /v2.0/ports?tags-any=blue HTTP/1.1" status: 200 len: 1708 time: 0.0614133
2026-07-08 16:51:16.718 9 INFO neutron.api.wsgi [None req-8629b014-4481-44ad-9241-9aa88885a23f c20e17dcef794b44a5ed1024e704c398 08fc72c2920e48af94671468b1e712a5 - - default default] 10.0.0.6 "GET /v2.0/ports?tags-any=red%2Cblue HTTP/1.1" status: 200 len: 2448 time: 0.0633605
2026-07-08 16:51:16.874 10 INFO neutron.api.wsgi [None req-bc139598-3218-4c1e-a585-6f93e91973b8 c20e17dcef794b44a5ed1024e704c398 08fc72c2920e48af94671468b1e712a5 - - default default] 10.0.0.6 "GET /v2.0/ports?not-tags=red HTTP/1.1" status: 200 len: 5463 time: 0.1498158
2026-07-08 16:51:16.976 10 INFO neutron.api.wsgi [None req-30800649-7883-4070-a034-bea4da8000a3 c20e17dcef794b44a5ed1024e704c398 08fc72c2920e48af94671468b1e712a5 - - default default] 10.0.0.6 "GET /v2.0/ports?not-tags=red%2Cblue HTTP/1.1" status: 200 len: 6203 time: 0.0928833
2026-07-08 16:51:17.044 10 INFO neutron.services.segments.plugin [-] Segment 36ad06d3-5e8c-4874-844e-3bc4a7c3b9d1 resource provider aggregate not found
2026-07-08 16:51:17.050 10 INFO neutron.services.segments.plugin [-] Segment 36ad06d3-5e8c-4874-844e-3bc4a7c3b9d1 resource provider aggregate not found
2026-07-08 16:51:17.058 10 INFO neutron.services.segments.plugin [-] Segment 36ad06d3-5e8c-4874-844e-3bc4a7c3b9d1 resource provider not found; error: Placement Client Error (4xx): {"errors": [{"status": 404, "title": "Not Found", "detail": "The resource could not be found.\n\n No resource provider with uuid 36ad06d3-5e8c-4874-844e-3bc4a7c3b9d1 found for delete ", "request_id": "req-43fe54ac-6105-4d97-8ad2-9d485b39f73f"}]}
2026-07-08 16:51:17.070 10 INFO neutron.services.segments.plugin [-] Segment 36ad06d3-5e8c-4874-844e-3bc4a7c3b9d1 resource provider not found; error: Placement Client Error (4xx): {"errors": [{"status": 404, "title": "Not Found", "detail": "The resource could not be found.\n\n No resource provider with uuid 36ad06d3-5e8c-4874-844e-3bc4a7c3b9d1 found for delete ", "request_id": "req-90abe380-2217-4cbd-8d77-1d8355abf651"}]}
2026-07-08 16:51:17.093 10 INFO neutron.api.wsgi [None req-7167a3a6-13a1-4a63-96f7-0d59c3ac9421 06675a49461d4a729a40f86e36114906 f22686d758c9413fad5022c637989565 - - default default] 10.0.0.6 "DELETE /v2.0/networks/21c15504-e5ba-4db7-ad42-9cce040997e0 HTTP/1.1" status: 204 len: 168 time: 0.4930091
2026-07-08 16:51:17.116 9 INFO neutron.api.wsgi [None req-804592fa-307d-4e52-aefe-95c55764f579 c20e17dcef794b44a5ed1024e704c398 08fc72c2920e48af94671468b1e712a5 - - default default] 10.0.0.6 "GET /v2.0/ports?not-tags-any=blue HTTP/1.1" status: 200 len: 6203 time: 0.1340692
2026-07-08 16:51:17.169 9 INFO neutron.api.wsgi [None req-acaabb22-edcb-4d03-903b-366bc03af510 c20e17dcef794b44a5ed1024e704c398 08fc72c2920e48af94671468b1e712a5 - - default default] 10.0.0.6 "GET /v2.0/ports?not-tags-any=red%2Cblue HTTP/1.1" status: 200 len: 5463 time: 0.0490863
2026-07-08 16:51:17.397 9 INFO neutron.api.wsgi [None req-dfae68ad-7f2b-422c-8ac2-a84f4ed09feb c20e17dcef794b44a5ed1024e704c398 08fc72c2920e48af94671468b1e712a5 - - default default] 10.0.0.6 "DELETE /v2.0/ports/d2b342a2-6fbc-43d4-b262-ed42d2371ea6 HTTP/1.1" status: 204 len: 168 time: 0.2208366
2026-07-08 16:51:17.449 10 INFO neutron.api.wsgi [None req-d7921b5f-2dfb-4a2d-b85e-7c1f9b8630f7 06675a49461d4a729a40f86e36114906 f22686d758c9413fad5022c637989565 - - default default] 10.0.0.6 "DELETE /v2.0/networks/5378ec9b-eb98-4cbf-9a7a-aa0b27cbe783 HTTP/1.1" status: 204 len: 168 time: 0.3475175
2026-07-08 16:51:17.643 9 WARNING neutron_lib.context [None req-372cc672-9e0c-4331-8f63-2fe69ee3b0cf 198e65a6e4f54a18b6a839e55bbd5f17 0acee1545dd9458ba972b019f44a5e37 - - default default] Method 'is_advsvc' is deprecated since 2023.2 release (neutron-lib 3.8.0) and will be removed once support for the old RBAC API policies will be removed from Neutron. Please use method 'is_service_role' instead.
2026-07-08 16:51:17.700 10 INFO neutron.api.wsgi [None req-a89c45eb-6b51-434a-be98-11af3cee902a c20e17dcef794b44a5ed1024e704c398 08fc72c2920e48af94671468b1e712a5 - - default default] 10.0.0.6 "DELETE /v2.0/ports/f5a20c9b-fe13-4318-9f85-6a5d73dc8599 HTTP/1.1" status: 204 len: 168 time: 0.2979650
2026-07-08 16:51:17.771 9 INFO neutron.db.ovn_revision_numbers_db [None req-372cc672-9e0c-4331-8f63-2fe69ee3b0cf 198e65a6e4f54a18b6a839e55bbd5f17 0acee1545dd9458ba972b019f44a5e37 - - default default] Successfully bumped revision number for resource 13344c7a-f043-44c2-b7b4-d79a2135b139 (type: security_groups) to 1
2026-07-08 16:51:17.785 9 INFO neutron.db.ovn_revision_numbers_db [None req-372cc672-9e0c-4331-8f63-2fe69ee3b0cf 198e65a6e4f54a18b6a839e55bbd5f17 0acee1545dd9458ba972b019f44a5e37 - - default default] Successfully bumped revision number for resource 05176caf-c620-4e0f-83ca-37413d8cbf0b (type: security_group_rules) to 0
2026-07-08 16:51:17.797 9 INFO neutron.db.ovn_revision_numbers_db [None req-372cc672-9e0c-4331-8f63-2fe69ee3b0cf 198e65a6e4f54a18b6a839e55bbd5f17 0acee1545dd9458ba972b019f44a5e37 - - default default] Successfully bumped revision number for resource 4879ce2c-2003-42e4-ab9d-099d41952715 (type: security_group_rules) to 0
2026-07-08 16:51:17.813 9 INFO neutron.db.ovn_revision_numbers_db [None req-372cc672-9e0c-4331-8f63-2fe69ee3b0cf 198e65a6e4f54a18b6a839e55bbd5f17 0acee1545dd9458ba972b019f44a5e37 - - default default] Successfully bumped revision number for resource ade688b3-34a3-4085-bdea-b12f4c568822 (type: security_group_rules) to 0
2026-07-08 16:51:17.826 9 INFO neutron.db.ovn_revision_numbers_db [None req-372cc672-9e0c-4331-8f63-2fe69ee3b0cf 198e65a6e4f54a18b6a839e55bbd5f17 0acee1545dd9458ba972b019f44a5e37 - - default default] Successfully bumped revision number for resource f86afc7c-e884-4e47-8057-d5e295b9acbe (type: security_group_rules) to 0
2026-07-08 16:51:17.885 10 INFO neutron.api.wsgi [None req-fe7084e9-e2e6-46a2-909e-42bacf0b9a78 06675a49461d4a729a40f86e36114906 f22686d758c9413fad5022c637989565 - - default default] 10.0.0.6 "DELETE /v2.0/networks/b8e0ca86-2f18-4b6c-997e-b05fc90fdd0c HTTP/1.1" status: 204 len: 168 time: 0.4284708
2026-07-08 16:51:17.896 9 INFO neutron.db.segments_db [None req-372cc672-9e0c-4331-8f63-2fe69ee3b0cf 198e65a6e4f54a18b6a839e55bbd5f17 0acee1545dd9458ba972b019f44a5e37 - - default default] Added segment f7f69437-8765-4462-a646-fd6e719b9d70 of type geneve for network ed239ddb-5457-411e-b4b9-716b70ca5b15
2026-07-08 16:51:17.959 10 INFO neutron.api.wsgi [None req-f2f88192-716e-4c05-be08-745cb3d71708 c20e17dcef794b44a5ed1024e704c398 08fc72c2920e48af94671468b1e712a5 - - default default] 10.0.0.6 "DELETE /v2.0/ports/d816abcc-3ead-47a6-98f5-0f9809c46399 HTTP/1.1" status: 204 len: 168 time: 0.2530737
2026-07-08 16:51:18.039 9 INFO neutron.db.ovn_revision_numbers_db [None req-372cc672-9e0c-4331-8f63-2fe69ee3b0cf 198e65a6e4f54a18b6a839e55bbd5f17 0acee1545dd9458ba972b019f44a5e37 - - default default] Successfully bumped revision number for resource ed239ddb-5457-411e-b4b9-716b70ca5b15 (type: networks) to 1
2026-07-08 16:51:18.212 9 WARNING neutron.scheduler.dhcp_agent_scheduler [None req-372cc672-9e0c-4331-8f63-2fe69ee3b0cf 198e65a6e4f54a18b6a839e55bbd5f17 0acee1545dd9458ba972b019f44a5e37 - - default default] No more DHCP agents
2026-07-08 16:51:18.213 9 WARNING neutron.api.rpc.agentnotifiers.dhcp_rpc_agent_api [None req-372cc672-9e0c-4331-8f63-2fe69ee3b0cf 198e65a6e4f54a18b6a839e55bbd5f17 0acee1545dd9458ba972b019f44a5e37 - - default default] Unable to schedule network ed239ddb-5457-411e-b4b9-716b70ca5b15: no agents available; will retry on subsequent port and subnet creation events.
2026-07-08 16:51:18.216 10 INFO neutron.api.wsgi [None req-51790477-4541-44e0-8bdc-dcd200153f40 c20e17dcef794b44a5ed1024e704c398 08fc72c2920e48af94671468b1e712a5 - - default default] 10.0.0.6 "DELETE /v2.0/ports/cd61ee36-206b-47f1-be6d-fb107d806fb5 HTTP/1.1" status: 204 len: 168 time: 0.2511168
2026-07-08 16:51:18.258 10 INFO neutron.api.wsgi [None req-24c261ca-a5ba-46b8-b47d-9ff13d733da2 06675a49461d4a729a40f86e36114906 f22686d758c9413fad5022c637989565 - - default default] 10.0.0.6 "DELETE /v2.0/networks/1f7250fc-bc94-48ba-b714-42083e205bab HTTP/1.1" status: 204 len: 168 time: 0.3662198
2026-07-08 16:51:18.310 9 INFO neutron.db.ovn_revision_numbers_db [None req-372cc672-9e0c-4331-8f63-2fe69ee3b0cf 198e65a6e4f54a18b6a839e55bbd5f17 0acee1545dd9458ba972b019f44a5e37 - - default default] Successfully bumped revision number for resource e1e4f96c-2633-4817-85ee-192672b9b0c5 (type: ports) to 1
2026-07-08 16:51:18.344 9 INFO neutron.api.wsgi [None req-372cc672-9e0c-4331-8f63-2fe69ee3b0cf 198e65a6e4f54a18b6a839e55bbd5f17 0acee1545dd9458ba972b019f44a5e37 - - default default] 10.0.0.6 "POST /v2.0/networks HTTP/1.1" status: 201 len: 831 time: 0.9082730
2026-07-08 16:51:18.363 9 WARNING neutron_lib.context [None req-ac964d0f-b969-440c-81fc-123d87c11c1a 198e65a6e4f54a18b6a839e55bbd5f17 0acee1545dd9458ba972b019f44a5e37 - - default default] Method 'is_advsvc' is deprecated since 2023.2 release (neutron-lib 3.8.0) and will be removed once support for the old RBAC API policies will be removed from Neutron. Please use method 'is_service_role' instead.
2026-07-08 16:51:18.510 9 INFO neutron.api.wsgi [None req-4ebfd203-27f8-4e61-83d8-190cb518c694 c20e17dcef794b44a5ed1024e704c398 08fc72c2920e48af94671468b1e712a5 - - default default] 10.0.0.6 "DELETE /v2.0/ports/5b11829c-84ad-49dc-aa34-a96a69ada3fc HTTP/1.1" status: 204 len: 168 time: 0.2884707
2026-07-08 16:51:18.657 9 WARNING neutron.scheduler.dhcp_agent_scheduler [None req-ac964d0f-b969-440c-81fc-123d87c11c1a 198e65a6e4f54a18b6a839e55bbd5f17 0acee1545dd9458ba972b019f44a5e37 - - default default] No more DHCP agents
2026-07-08 16:51:18.659 9 WARNING neutron.api.rpc.agentnotifiers.dhcp_rpc_agent_api [None req-ac964d0f-b969-440c-81fc-123d87c11c1a 198e65a6e4f54a18b6a839e55bbd5f17 0acee1545dd9458ba972b019f44a5e37 - - default default] Unable to schedule network ed239ddb-5457-411e-b4b9-716b70ca5b15: no agents available; will retry on subsequent port and subnet creation events.
2026-07-08 16:51:18.666 10 INFO neutron.api.wsgi [None req-17d5afb0-92b5-497f-97f9-05132fa38b4d 06675a49461d4a729a40f86e36114906 f22686d758c9413fad5022c637989565 - - default default] 10.0.0.6 "DELETE /v2.0/networks/23534aeb-f7ba-4f92-8dcc-999bf3e8ec8a HTTP/1.1" status: 204 len: 168 time: 0.3967047
2026-07-08 16:51:18.725 9 INFO neutron.db.ovn_revision_numbers_db [None req-ac964d0f-b969-440c-81fc-123d87c11c1a 198e65a6e4f54a18b6a839e55bbd5f17 0acee1545dd9458ba972b019f44a5e37 - - default default] Successfully bumped revision number for resource 7c60f075-c0cd-4122-8f62-ae5ea8ffb96c (type: ports) to 1
2026-07-08 16:51:18.750 9 INFO neutron.api.wsgi [None req-ac964d0f-b969-440c-81fc-123d87c11c1a 198e65a6e4f54a18b6a839e55bbd5f17 0acee1545dd9458ba972b019f44a5e37 - - default default] 10.0.0.6 "POST /v2.0/ports HTTP/1.1" status: 201 len: 942 time: 0.3927319 /var/lib/openstack/lib/python3.12/site-packages/pycadf/identifier.py:71: UserWarning: Invalid uuid: neutron. To ensure interoperability, identifiers should be a valid uuid. warnings.warn(('Invalid uuid: %s. To ensure interoperability, '
2026-07-08 16:51:18.761 9 WARNING neutron_lib.context [None req-f569a289-1157-497d-9653-503c09191875 198e65a6e4f54a18b6a839e55bbd5f17 0acee1545dd9458ba972b019f44a5e37 - - default default] Method 'is_advsvc' is deprecated since 2023.2 release (neutron-lib 3.8.0) and will be removed once support for the old RBAC API policies will be removed from Neutron. Please use method 'is_service_role' instead.
2026-07-08 16:51:18.877 9 INFO neutron.services.segments.plugin [-] Segment 98312acc-745a-4a5b-99ab-9006746cc545 resource provider aggregate not found
2026-07-08 16:51:18.888 9 INFO neutron.services.segments.plugin [-] Segment 98312acc-745a-4a5b-99ab-9006746cc545 resource provider aggregate not found
2026-07-08 16:51:18.910 9 INFO neutron.services.segments.plugin [-] Segment 98312acc-745a-4a5b-99ab-9006746cc545 resource provider not found; error: Placement Client Error (4xx): {"errors": [{"status": 404, "title": "Not Found", "detail": "The resource could not be found.\n\n No resource provider with uuid 98312acc-745a-4a5b-99ab-9006746cc545 found for delete ", "request_id": "req-3736217b-c677-447d-8f68-e0152d790453"}]}
2026-07-08 16:51:18.911 9 INFO neutron.services.segments.plugin [-] Segment 98312acc-745a-4a5b-99ab-9006746cc545 resource provider not found; error: Placement Client Error (4xx): {"errors": [{"status": 404, "title": "Not Found", "detail": "The resource could not be found.\n\n No resource provider with uuid 98312acc-745a-4a5b-99ab-9006746cc545 found for delete ", "request_id": "req-637d0ab9-f89a-41b0-85d2-bce1ee7d7eb4"}]}
2026-07-08 16:51:18.936 9 INFO neutron.api.wsgi [None req-85cca793-22bf-422e-a70d-e1fe6388c7a2 c20e17dcef794b44a5ed1024e704c398 08fc72c2920e48af94671468b1e712a5 - - default default] 10.0.0.6 "DELETE /v2.0/networks/c83c504a-2dc2-45b8-9ad8-287e7ae7d42d HTTP/1.1" status: 204 len: 168 time: 0.4154983
2026-07-08 16:51:19.028 9 INFO neutron.api.wsgi [None req-f569a289-1157-497d-9653-503c09191875 198e65a6e4f54a18b6a839e55bbd5f17 0acee1545dd9458ba972b019f44a5e37 - - default default] 10.0.0.6 "POST /v2.0/trunks HTTP/1.1" status: 201 len: 608 time: 0.2724471
2026-07-08 16:51:19.069 9 INFO neutron.api.wsgi [None req-44894d34-7d03-4800-ae6f-f67bf3eb4bce 198e65a6e4f54a18b6a839e55bbd5f17 0acee1545dd9458ba972b019f44a5e37 - - default default] 10.0.0.6 "PUT /v2.0/trunks/7ceb4d2a-38f2-4bbd-9588-50ab92769b69/tags HTTP/1.1" status: 200 len: 218 time: 0.0344322
2026-07-08 16:51:19.085 10 INFO neutron.services.segments.plugin [-] Segment c06258f5-da7a-4741-b375-a0ca69de062a resource provider aggregate not found
2026-07-08 16:51:19.089 10 INFO neutron.services.segments.plugin [-] Segment c06258f5-da7a-4741-b375-a0ca69de062a resource provider aggregate not found
2026-07-08 16:51:19.104 10 INFO neutron.services.segments.plugin [-] Segment c06258f5-da7a-4741-b375-a0ca69de062a resource provider not found; error: Placement Client Error (4xx): {"errors": [{"status": 404, "title": "Not Found", "detail": "The resource could not be found.\n\n No resource provider with uuid c06258f5-da7a-4741-b375-a0ca69de062a found for delete ", "request_id": "req-cbc149b4-0168-45e0-9cb7-e2485dbfcfe6"}]}
2026-07-08 16:51:19.104 9 INFO neutron.api.wsgi [None req-a3fd810d-3b2a-4bb1-828d-b5127cea711a 198e65a6e4f54a18b6a839e55bbd5f17 0acee1545dd9458ba972b019f44a5e37 - - default default] 10.0.0.6 "GET /v2.0/trunks/7ceb4d2a-38f2-4bbd-9588-50ab92769b69/tags HTTP/1.1" status: 200 len: 218 time: 0.0284607
2026-07-08 16:51:19.108 10 INFO neutron.services.segments.plugin [-] Segment c06258f5-da7a-4741-b375-a0ca69de062a resource provider not found; error: Placement Client Error (4xx): {"errors": [{"status": 404, "title": "Not Found", "detail": "The resource could not be found.\n\n No resource provider with uuid c06258f5-da7a-4741-b375-a0ca69de062a found for delete ", "request_id": "req-82158637-9d29-4554-87eb-4e49d2c3da48"}]}
2026-07-08 16:51:19.122 10 INFO neutron.services.segments.plugin [-] Segment aa5aefdc-7bc6-4679-81d0-70b0e6526f0d resource provider aggregate not found
2026-07-08 16:51:19.126 10 INFO neutron.services.segments.plugin [-] Segment aa5aefdc-7bc6-4679-81d0-70b0e6526f0d resource provider aggregate not found
2026-07-08 16:51:19.139 10 INFO neutron.services.segments.plugin [-] Segment aa5aefdc-7bc6-4679-81d0-70b0e6526f0d resource provider not found; error: Placement Client Error (4xx): {"errors": [{"status": 404, "title": "Not Found", "detail": "The resource could not be found.\n\n No resource provider with uuid aa5aefdc-7bc6-4679-81d0-70b0e6526f0d found for delete ", "request_id": "req-e5709270-ac66-4564-a365-95bdf8c2eefb"}]}
2026-07-08 16:51:19.145 10 INFO neutron.services.segments.plugin [-] Segment aa5aefdc-7bc6-4679-81d0-70b0e6526f0d resource provider not found; error: Placement Client Error (4xx): {"errors": [{"status": 404, "title": "Not Found", "detail": "The resource could not be found.\n\n No resource provider with uuid aa5aefdc-7bc6-4679-81d0-70b0e6526f0d found for delete ", "request_id": "req-7720f876-8922-4f7f-b517-a38b5f27c303"}]}
2026-07-08 16:51:19.147 9 INFO neutron.api.wsgi [None req-8a87a25d-13f7-4a80-8e9f-f2f1c10803d0 198e65a6e4f54a18b6a839e55bbd5f17 0acee1545dd9458ba972b019f44a5e37 - - default default] 10.0.0.6 "PUT /v2.0/trunks/7ceb4d2a-38f2-4bbd-9588-50ab92769b69/tags/green HTTP/1.1" status: 201 len: 201 time: 0.0367999
2026-07-08 16:51:19.154 10 INFO neutron.services.segments.plugin [-] Segment 632d3f85-b16d-43cf-b3e5-6bb13e632161 resource provider aggregate not found
2026-07-08 16:51:19.164 10 INFO neutron.services.segments.plugin [-] Segment 632d3f85-b16d-43cf-b3e5-6bb13e632161 resource provider aggregate not found
2026-07-08 16:51:19.173 10 INFO neutron.services.segments.plugin [-] Segment 632d3f85-b16d-43cf-b3e5-6bb13e632161 resource provider not found; error: Placement Client Error (4xx): {"errors": [{"status": 404, "title": "Not Found", "detail": "The resource could not be found.\n\n No resource provider with uuid 632d3f85-b16d-43cf-b3e5-6bb13e632161 found for delete ", "request_id": "req-867c55aa-3ad0-42d0-950a-69d476b7f214"}]}
2026-07-08 16:51:19.175 9 INFO neutron.api.wsgi [None req-e0615740-4c58-4f0f-838d-f321bf3e1c06 198e65a6e4f54a18b6a839e55bbd5f17 0acee1545dd9458ba972b019f44a5e37 - - default default] 10.0.0.6 "GET /v2.0/trunks/7ceb4d2a-38f2-4bbd-9588-50ab92769b69/tags HTTP/1.1" status: 200 len: 227 time: 0.0204051
2026-07-08 16:51:19.180 10 INFO neutron.services.segments.plugin [-] Segment 632d3f85-b16d-43cf-b3e5-6bb13e632161 resource provider not found; error: Placement Client Error (4xx): {"errors": [{"status": 404, "title": "Not Found", "detail": "The resource could not be found.\n\n No resource provider with uuid 632d3f85-b16d-43cf-b3e5-6bb13e632161 found for delete ", "request_id": "req-1315f9ae-9244-4732-a6b0-71f1b9ec9f57"}]}
2026-07-08 16:51:19.194 10 INFO neutron.services.segments.plugin [-] Segment a0d59ba7-4bdb-4103-8bab-5ad843143a05 resource provider aggregate not found
2026-07-08 16:51:19.199 10 INFO neutron.services.segments.plugin [-] Segment a0d59ba7-4bdb-4103-8bab-5ad843143a05 resource provider aggregate not found
2026-07-08 16:51:19.205 9 INFO neutron.api.wsgi [None req-c6af3e58-9a6a-4aad-9761-1046e05f1e92 198e65a6e4f54a18b6a839e55bbd5f17 0acee1545dd9458ba972b019f44a5e37 - - default default] 10.0.0.6 "PUT /v2.0/trunks/7ceb4d2a-38f2-4bbd-9588-50ab92769b69/tags/red HTTP/1.1" status: 201 len: 201 time: 0.0240722
2026-07-08 16:51:19.218 10 INFO neutron.services.segments.plugin [-] Segment a0d59ba7-4bdb-4103-8bab-5ad843143a05 resource provider not found; error: Placement Client Error (4xx): {"errors": [{"status": 404, "title": "Not Found", "detail": "The resource could not be found.\n\n No resource provider with uuid a0d59ba7-4bdb-4103-8bab-5ad843143a05 found for delete ", "request_id": "req-8a9059a2-4561-4665-a6de-56af3e0870e3"}]}
2026-07-08 16:51:19.219 10 INFO neutron.services.segments.plugin [-] Segment a0d59ba7-4bdb-4103-8bab-5ad843143a05 resource provider not found; error: Placement Client Error (4xx): {"errors": [{"status": 404, "title": "Not Found", "detail": "The resource could not be found.\n\n No resource provider with uuid a0d59ba7-4bdb-4103-8bab-5ad843143a05 found for delete ", "request_id": "req-17a7a922-d75a-409e-8f97-d382bf5a92c8"}]}
2026-07-08 16:51:19.238 10 INFO neutron.api.wsgi [None req-8e5c3c90-a234-45d3-95d4-bc3cb11d6d64 198e65a6e4f54a18b6a839e55bbd5f17 0acee1545dd9458ba972b019f44a5e37 - - default default] 10.0.0.6 "GET /v2.0/trunks/7ceb4d2a-38f2-4bbd-9588-50ab92769b69/tags HTTP/1.1" status: 200 len: 227 time: 0.0254798
2026-07-08 16:51:19.319 10 INFO neutron.api.wsgi [None req-00c10b1f-af06-44d4-9269-dcce5db620a3 198e65a6e4f54a18b6a839e55bbd5f17 0acee1545dd9458ba972b019f44a5e37 - - default default] 10.0.0.6 "PUT /v2.0/trunks/7ceb4d2a-38f2-4bbd-9588-50ab92769b69/tags/black.or.white HTTP/1.1" status: 201 len: 201 time: 0.0746295
2026-07-08 16:51:19.366 9 INFO neutron.api.wsgi [None req-8cb7e85a-e186-4bcc-9fca-5da9602c48ca 198e65a6e4f54a18b6a839e55bbd5f17 0acee1545dd9458ba972b019f44a5e37 - - default default] 10.0.0.6 "GET /v2.0/trunks/7ceb4d2a-38f2-4bbd-9588-50ab92769b69/tags HTTP/1.1" status: 200 len: 245 time: 0.0419259
2026-07-08 16:51:19.418 10 INFO neutron.api.wsgi [None req-0d942de8-c883-4b01-8ad7-a26e89ee508e c20e17dcef794b44a5ed1024e704c398 08fc72c2920e48af94671468b1e712a5 - - default default] 10.0.0.6 "DELETE /v2.0/networks/f86e264a-cdcb-4a1b-937f-4a09f17db6aa HTTP/1.1" status: 204 len: 168 time: 0.4776788
2026-07-08 16:51:19.429 10 INFO neutron.api.wsgi [None req-f6080962-bd23-4a48-94a5-708a03772a1e 198e65a6e4f54a18b6a839e55bbd5f17 0acee1545dd9458ba972b019f44a5e37 - - default default] 10.0.0.6 "PUT /v2.0/trunks/7ceb4d2a-38f2-4bbd-9588-50ab92769b69/tags HTTP/1.1" status: 200 len: 230 time: 0.0561774
2026-07-08 16:51:19.469 9 INFO neutron.api.wsgi [None req-2b6454a2-57ac-43d5-8269-6dabd94a83e6 198e65a6e4f54a18b6a839e55bbd5f17 0acee1545dd9458ba972b019f44a5e37 - - default default] 10.0.0.6 "GET /v2.0/trunks/7ceb4d2a-38f2-4bbd-9588-50ab92769b69/tags HTTP/1.1" status: 200 len: 230 time: 0.0347075
2026-07-08 16:51:19.499 9 INFO neutron.api.wsgi [None req-36877cb6-cb27-4e00-aef5-ea1b531d3611 198e65a6e4f54a18b6a839e55bbd5f17 0acee1545dd9458ba972b019f44a5e37 - - default default] 10.0.0.6 "GET /v2.0/trunks/7ceb4d2a-38f2-4bbd-9588-50ab92769b69/tags/red HTTP/1.1" status: 204 len: 168 time: 0.0247006
2026-07-08 16:51:19.520 9 INFO neutron.api.v2.resource [None req-08d40552-43e8-498a-b3a0-b3c5a0bdfe44 198e65a6e4f54a18b6a839e55bbd5f17 0acee1545dd9458ba972b019f44a5e37 - - default default] show failed (client error): The resource could not be found.
2026-07-08 16:51:19.521 9 INFO neutron.api.wsgi [None req-08d40552-43e8-498a-b3a0-b3c5a0bdfe44 198e65a6e4f54a18b6a839e55bbd5f17 0acee1545dd9458ba972b019f44a5e37 - - default default] 10.0.0.6 "GET /v2.0/trunks/7ceb4d2a-38f2-4bbd-9588-50ab92769b69/tags/green HTTP/1.1" status: 404 len: 299 time: 0.0172939
2026-07-08 16:51:19.571 9 INFO neutron.api.wsgi [None req-38e8fa17-09a5-45c3-81d5-1adb2cfe069a 198e65a6e4f54a18b6a839e55bbd5f17 0acee1545dd9458ba972b019f44a5e37 - - default default] 10.0.0.6 "DELETE /v2.0/trunks/7ceb4d2a-38f2-4bbd-9588-50ab92769b69/tags/red HTTP/1.1" status: 204 len: 168 time: 0.0423005
2026-07-08 16:51:19.613 10 INFO neutron.api.wsgi [None req-a42d8657-aa5d-4383-9ac6-39ca010964c3 198e65a6e4f54a18b6a839e55bbd5f17 0acee1545dd9458ba972b019f44a5e37 - - default default] 10.0.0.6 "GET /v2.0/trunks/7ceb4d2a-38f2-4bbd-9588-50ab92769b69/tags HTTP/1.1" status: 200 len: 223 time: 0.0368519
2026-07-08 16:51:19.649 9 INFO neutron.api.v2.resource [None req-cbba49bc-ea2a-4d56-a376-b94ac3d0f796 198e65a6e4f54a18b6a839e55bbd5f17 0acee1545dd9458ba972b019f44a5e37 - - default default] delete failed (client error): The resource could not be found.
2026-07-08 16:51:19.651 9 INFO neutron.api.wsgi [None req-cbba49bc-ea2a-4d56-a376-b94ac3d0f796 198e65a6e4f54a18b6a839e55bbd5f17 0acee1545dd9458ba972b019f44a5e37 - - default default] 10.0.0.6 "DELETE /v2.0/trunks/7ceb4d2a-38f2-4bbd-9588-50ab92769b69/tags/green HTTP/1.1" status: 404 len: 299 time: 0.0318153
2026-07-08 16:51:19.700 9 INFO neutron.api.wsgi [None req-5de4ad68-1099-4aca-a059-b6f4ee75b3e1 198e65a6e4f54a18b6a839e55bbd5f17 0acee1545dd9458ba972b019f44a5e37 - - default default] 10.0.0.6 "DELETE /v2.0/trunks/7ceb4d2a-38f2-4bbd-9588-50ab92769b69/tags HTTP/1.1" status: 204 len: 168 time: 0.0362492
2026-07-08 16:51:19.728 10 INFO neutron.api.wsgi [None req-b1f7aaba-b001-4cd9-b6f6-0732cc5b9300 198e65a6e4f54a18b6a839e55bbd5f17 0acee1545dd9458ba972b019f44a5e37 - - default default] 10.0.0.6 "GET /v2.0/trunks/7ceb4d2a-38f2-4bbd-9588-50ab92769b69/tags HTTP/1.1" status: 200 len: 205 time: 0.0227985
2026-07-08 16:51:19.751 9 INFO neutron.api.wsgi [None req-326c3ae0-9783-4411-8a0f-c1d7c20c5073 198e65a6e4f54a18b6a839e55bbd5f17 0acee1545dd9458ba972b019f44a5e37 - - default default] 10.0.0.6 "GET /v2.0/trunks/7ceb4d2a-38f2-4bbd-9588-50ab92769b69 HTTP/1.1" status: 200 len: 603 time: 0.0156448
2026-07-08 16:51:19.830 9 INFO neutron.api.wsgi [None req-8ba6fd00-1bae-4664-a190-142d1a115b0c 198e65a6e4f54a18b6a839e55bbd5f17 0acee1545dd9458ba972b019f44a5e37 - - default default] 10.0.0.6 "GET /v2.0/ports/7c60f075-c0cd-4122-8f62-ae5ea8ffb96c HTTP/1.1" status: 200 len: 1020 time: 0.0741086
2026-07-08 16:51:19.878 10 INFO neutron.api.wsgi [None req-e387859e-a2df-4397-9450-3edf98cf5bf0 c20e17dcef794b44a5ed1024e704c398 08fc72c2920e48af94671468b1e712a5 - - default default] 10.0.0.6 "DELETE /v2.0/networks/110a4c12-c17b-4cc3-8a3a-b09869abf57e HTTP/1.1" status: 204 len: 168 time: 0.4534659
2026-07-08 16:51:19.901 9 INFO neutron.api.wsgi [None req-caf6fecf-81c9-467e-92f2-96ab18ca458b 198e65a6e4f54a18b6a839e55bbd5f17 0acee1545dd9458ba972b019f44a5e37 - - default default] 10.0.0.6 "DELETE /v2.0/trunks/7ceb4d2a-38f2-4bbd-9588-50ab92769b69 HTTP/1.1" status: 204 len: 168 time: 0.0656838
2026-07-08 16:51:19.933 10 INFO neutron.db.ovn_revision_numbers_db [None req-842b4dc5-d6aa-43f5-bedc-117405b1bd5b 8057a3b54f3c49eb8c48efc6513d7feb 6ccd7419d0ec40d0b630d2276fdc26f8 - - default default] Successfully bumped revision number for resource d9b416b4-4ecf-4646-b459-d3999d6f6326 (type: security_groups) to 1
2026-07-08 16:51:19.951 10 INFO neutron.db.ovn_revision_numbers_db [None req-842b4dc5-d6aa-43f5-bedc-117405b1bd5b 8057a3b54f3c49eb8c48efc6513d7feb 6ccd7419d0ec40d0b630d2276fdc26f8 - - default default] Successfully bumped revision number for resource 18e44d8e-2b02-44b3-91a6-9f6066fd756d (type: security_group_rules) to 0
2026-07-08 16:51:19.966 10 INFO neutron.db.ovn_revision_numbers_db [None req-842b4dc5-d6aa-43f5-bedc-117405b1bd5b 8057a3b54f3c49eb8c48efc6513d7feb 6ccd7419d0ec40d0b630d2276fdc26f8 - - default default] Successfully bumped revision number for resource 8e4a47af-10fb-4f3c-885e-341562569047 (type: security_group_rules) to 0
2026-07-08 16:51:19.987 10 INFO neutron.db.ovn_revision_numbers_db [None req-842b4dc5-d6aa-43f5-bedc-117405b1bd5b 8057a3b54f3c49eb8c48efc6513d7feb 6ccd7419d0ec40d0b630d2276fdc26f8 - - default default] Successfully bumped revision number for resource a210572d-2fb7-4a0d-b50f-1476e64bb8f5 (type: security_group_rules) to 0
2026-07-08 16:51:20.001 10 INFO neutron.db.ovn_revision_numbers_db [None req-842b4dc5-d6aa-43f5-bedc-117405b1bd5b 8057a3b54f3c49eb8c48efc6513d7feb 6ccd7419d0ec40d0b630d2276fdc26f8 - - default default] Successfully bumped revision number for resource f6aa1065-fe49-47b6-aca5-f9205e0d347a (type: security_group_rules) to 0
2026-07-08 16:51:20.043 10 INFO neutron.api.wsgi [None req-842b4dc5-d6aa-43f5-bedc-117405b1bd5b 8057a3b54f3c49eb8c48efc6513d7feb 6ccd7419d0ec40d0b630d2276fdc26f8 - - default default] 10.0.0.6 "GET /v2.0/security-groups?tenant_id=402fc39277a34cc6b0ca6270525c1eff&name=default HTTP/1.1" status: 200 len: 3124 time: 0.4182522
2026-07-08 16:51:20.149 10 INFO neutron.api.wsgi [None req-1bc1a517-1ea7-4111-ba0b-c0fe3ccefc56 198e65a6e4f54a18b6a839e55bbd5f17 0acee1545dd9458ba972b019f44a5e37 - - default default] 10.0.0.6 "DELETE /v2.0/ports/7c60f075-c0cd-4122-8f62-ae5ea8ffb96c HTTP/1.1" status: 204 len: 168 time: 0.2429788
2026-07-08 16:51:20.215 9 INFO neutron.api.wsgi [None req-355ef54d-aa89-4dea-b8d4-16fb4cfb9646 c20e17dcef794b44a5ed1024e704c398 08fc72c2920e48af94671468b1e712a5 - - default default] 10.0.0.6 "DELETE /v2.0/networks/43fe5a66-70f9-4f8a-86a6-04ecea08020e HTTP/1.1" status: 204 len: 168 time: 0.3301971
2026-07-08 16:51:20.290 9 INFO neutron.api.wsgi [None req-e55554aa-ef10-4d3e-ad95-ddf3a4dd8fcb 8057a3b54f3c49eb8c48efc6513d7feb 6ccd7419d0ec40d0b630d2276fdc26f8 - - default default] 10.0.0.6 "DELETE /v2.0/security-groups/d9b416b4-4ecf-4646-b459-d3999d6f6326 HTTP/1.1" status: 204 len: 168 time: 0.2409172
2026-07-08 16:51:20.458 9 INFO neutron.api.wsgi [None req-ed77dcd2-5d9d-40dc-8d5f-c4cf5052e7c5 8057a3b54f3c49eb8c48efc6513d7feb 6ccd7419d0ec40d0b630d2276fdc26f8 - - default default] 10.0.0.6 "GET /v2.0/security-groups?tenant_id=f22686d758c9413fad5022c637989565&name=default HTTP/1.1" status: 200 len: 3120 time: 0.0515671
2026-07-08 16:51:20.493 10 INFO neutron.api.wsgi [None req-4dad03aa-b185-4a63-a7df-7f81261caf10 198e65a6e4f54a18b6a839e55bbd5f17 0acee1545dd9458ba972b019f44a5e37 - - default default] 10.0.0.6 "DELETE /v2.0/networks/ed239ddb-5457-411e-b4b9-716b70ca5b15 HTTP/1.1" status: 204 len: 168 time: 0.3390541
2026-07-08 16:51:20.594 9 INFO neutron.api.wsgi [None req-65ca01d9-bd8f-44df-8285-3a5588016b9f c20e17dcef794b44a5ed1024e704c398 08fc72c2920e48af94671468b1e712a5 - - default default] 10.0.0.6 "DELETE /v2.0/networks/5001a91e-6140-4fcb-8a5c-56fdf0431258 HTTP/1.1" status: 204 len: 168 time: 0.3721747
2026-07-08 16:51:20.666 9 INFO neutron.api.wsgi [None req-d52fa884-3e4d-4421-8389-918a59bbff36 8057a3b54f3c49eb8c48efc6513d7feb 6ccd7419d0ec40d0b630d2276fdc26f8 - - default default] 10.0.0.6 "DELETE /v2.0/security-groups/905be92c-648b-4557-84c0-8d1c8684c061 HTTP/1.1" status: 204 len: 168 time: 0.2022786
2026-07-08 16:51:20.920 9 INFO neutron.db.ovn_revision_numbers_db [None req-46f09705-daf7-41e0-b8f6-aea43b3249e7 8057a3b54f3c49eb8c48efc6513d7feb 6ccd7419d0ec40d0b630d2276fdc26f8 - - default default] Successfully bumped revision number for resource ca35d86c-fd87-4872-b788-7b16416261e6 (type: security_groups) to 1
2026-07-08 16:51:20.927 9 INFO neutron.services.segments.plugin [-] Segment d98b3147-33bd-4352-a305-1d1fad34d3d1 resource provider aggregate not found
2026-07-08 16:51:20.932 9 INFO neutron.services.segments.plugin [-] Segment d98b3147-33bd-4352-a305-1d1fad34d3d1 resource provider aggregate not found
2026-07-08 16:51:20.943 9 INFO neutron.db.ovn_revision_numbers_db [None req-46f09705-daf7-41e0-b8f6-aea43b3249e7 8057a3b54f3c49eb8c48efc6513d7feb 6ccd7419d0ec40d0b630d2276fdc26f8 - - default default] Successfully bumped revision number for resource 4370709d-4c8e-4d57-85b0-903ab389176b (type: security_group_rules) to 0
2026-07-08 16:51:20.945 9 INFO neutron.services.segments.plugin [-] Segment d98b3147-33bd-4352-a305-1d1fad34d3d1 resource provider not found; error: Placement Client Error (4xx): {"errors": [{"status": 404, "title": "Not Found", "detail": "The resource could not be found.\n\n No resource provider with uuid d98b3147-33bd-4352-a305-1d1fad34d3d1 found for delete ", "request_id": "req-034ad310-e27e-47e8-b2c6-0a4fbdf8d73c"}]}
2026-07-08 16:51:20.953 9 INFO neutron.services.segments.plugin [-] Segment d98b3147-33bd-4352-a305-1d1fad34d3d1 resource provider not found; error: Placement Client Error (4xx): {"errors": [{"status": 404, "title": "Not Found", "detail": "The resource could not be found.\n\n No resource provider with uuid d98b3147-33bd-4352-a305-1d1fad34d3d1 found for delete ", "request_id": "req-2e0ba8bf-5284-4bfd-8b52-449b0b82ae2d"}]}
2026-07-08 16:51:20.963 9 INFO neutron.services.segments.plugin [-] Segment 7ecc66ee-6a9c-4113-8494-807a60fb1999 resource provider aggregate not found
2026-07-08 16:51:20.969 9 INFO neutron.services.segments.plugin [-] Segment 7ecc66ee-6a9c-4113-8494-807a60fb1999 resource provider aggregate not found
2026-07-08 16:51:20.980 9 INFO neutron.services.segments.plugin [-] Segment 7ecc66ee-6a9c-4113-8494-807a60fb1999 resource provider not found; error: Placement Client Error (4xx): {"errors": [{"status": 404, "title": "Not Found", "detail": "The resource could not be found.\n\n No resource provider with uuid 7ecc66ee-6a9c-4113-8494-807a60fb1999 found for delete ", "request_id": "req-fba57bd3-e56f-43c9-95c6-539543c873e2"}]}
2026-07-08 16:51:20.983 9 INFO neutron.services.segments.plugin [-] Segment 7ecc66ee-6a9c-4113-8494-807a60fb1999 resource provider not found; error: Placement Client Error (4xx): {"errors": [{"status": 404, "title": "Not Found", "detail": "The resource could not be found.\n\n No resource provider with uuid 7ecc66ee-6a9c-4113-8494-807a60fb1999 found for delete ", "request_id": "req-297a1078-30d4-4d5b-86dc-4378452837c0"}]}
2026-07-08 16:51:20.983 9 INFO neutron.db.ovn_revision_numbers_db [None req-46f09705-daf7-41e0-b8f6-aea43b3249e7 8057a3b54f3c49eb8c48efc6513d7feb 6ccd7419d0ec40d0b630d2276fdc26f8 - - default default] Successfully bumped revision number for resource 5660e5fa-2e58-43dd-9aa4-9bc8770059d6 (type: security_group_rules) to 0
2026-07-08 16:51:21.000 9 INFO neutron.db.ovn_revision_numbers_db [None req-46f09705-daf7-41e0-b8f6-aea43b3249e7 8057a3b54f3c49eb8c48efc6513d7feb 6ccd7419d0ec40d0b630d2276fdc26f8 - - default default] Successfully bumped revision number for resource 614516b9-48b2-4b5e-a480-30d8faec0d85 (type: security_group_rules) to 0
2026-07-08 16:51:21.015 9 INFO neutron.db.ovn_revision_numbers_db [None req-46f09705-daf7-41e0-b8f6-aea43b3249e7 8057a3b54f3c49eb8c48efc6513d7feb 6ccd7419d0ec40d0b630d2276fdc26f8 - - default default] Successfully bumped revision number for resource 8f2b4d4d-5971-4407-a807-5991419f9caf (type: security_group_rules) to 0
2026-07-08 16:51:21.053 9 INFO neutron.api.wsgi [None req-46f09705-daf7-41e0-b8f6-aea43b3249e7 8057a3b54f3c49eb8c48efc6513d7feb 6ccd7419d0ec40d0b630d2276fdc26f8 - - default default] 10.0.0.6 "GET /v2.0/security-groups?tenant_id=e70bb00fe5824bcb8576f37e51b4e372&name=default HTTP/1.1" status: 200 len: 3124 time: 0.2526307
2026-07-08 16:51:21.232 10 INFO neutron.services.segments.plugin [-] Segment 80c75e03-2fad-4cb5-9485-efcf2b677490 resource provider aggregate not found
2026-07-08 16:51:21.243 10 INFO neutron.services.segments.plugin [-] Segment 80c75e03-2fad-4cb5-9485-efcf2b677490 resource provider aggregate not found
2026-07-08 16:51:21.249 10 INFO neutron.services.segments.plugin [-] Segment 80c75e03-2fad-4cb5-9485-efcf2b677490 resource provider not found; error: Placement Client Error (4xx): {"errors": [{"status": 404, "title": "Not Found", "detail": "The resource could not be found.\n\n No resource provider with uuid 80c75e03-2fad-4cb5-9485-efcf2b677490 found for delete ", "request_id": "req-b12d7653-6e97-42e2-bbae-39c3a4e888e8"}]}
2026-07-08 16:51:21.264 10 INFO neutron.services.segments.plugin [-] Segment 80c75e03-2fad-4cb5-9485-efcf2b677490 resource provider not found; error: Placement Client Error (4xx): {"errors": [{"status": 404, "title": "Not Found", "detail": "The resource could not be found.\n\n No resource provider with uuid 80c75e03-2fad-4cb5-9485-efcf2b677490 found for delete ", "request_id": "req-f8f8a484-2c0e-44c1-9195-6f18d7ceb5a0"}]}
2026-07-08 16:51:21.273 10 INFO neutron.services.segments.plugin [-] Segment 7db071b8-01e0-4a2f-bdfe-91fe4ef1afb0 resource provider aggregate not found
2026-07-08 16:51:21.289 10 INFO neutron.services.segments.plugin [-] Segment 7db071b8-01e0-4a2f-bdfe-91fe4ef1afb0 resource provider aggregate not found
2026-07-08 16:51:21.295 10 INFO neutron.services.segments.plugin [-] Segment 7db071b8-01e0-4a2f-bdfe-91fe4ef1afb0 resource provider not found; error: Placement Client Error (4xx): {"errors": [{"status": 404, "title": "Not Found", "detail": "The resource could not be found.\n\n No resource provider with uuid 7db071b8-01e0-4a2f-bdfe-91fe4ef1afb0 found for delete ", "request_id": "req-a7ab5acc-a01a-428b-aea7-0e4685222e2f"}]}
2026-07-08 16:51:21.313 10 INFO neutron.services.segments.plugin [-] Segment 7db071b8-01e0-4a2f-bdfe-91fe4ef1afb0 resource provider not found; error: Placement Client Error (4xx): {"errors": [{"status": 404, "title": "Not Found", "detail": "The resource could not be found.\n\n No resource provider with uuid 7db071b8-01e0-4a2f-bdfe-91fe4ef1afb0 found for delete ", "request_id": "req-d4988711-5d93-45f5-838c-70bb2c727502"}]}
2026-07-08 16:51:21.319 10 INFO neutron.services.segments.plugin [-] Segment f7f69437-8765-4462-a646-fd6e719b9d70 resource provider aggregate not found
2026-07-08 16:51:21.330 9 INFO neutron.api.wsgi [None req-a75018cc-7d86-4b86-b694-d4721688e2f3 8057a3b54f3c49eb8c48efc6513d7feb 6ccd7419d0ec40d0b630d2276fdc26f8 - - default default] 10.0.0.6 "GET /v2.0/security-groups?tenant_id=0acee1545dd9458ba972b019f44a5e37&name=default HTTP/1.1" status: 200 len: 3124 time: 0.1963921
2026-07-08 16:51:21.338 10 INFO neutron.services.segments.plugin [-] Segment f7f69437-8765-4462-a646-fd6e719b9d70 resource provider not found; error: Placement Client Error (4xx): {"errors": [{"status": 404, "title": "Not Found", "detail": "The resource could not be found.\n\n No resource provider with uuid f7f69437-8765-4462-a646-fd6e719b9d70 found for delete ", "request_id": "req-aeb4f746-8d41-40c3-9789-922872c58801"}]}
2026-07-08 16:51:21.340 10 INFO neutron.services.segments.plugin [-] Segment f7f69437-8765-4462-a646-fd6e719b9d70 resource provider aggregate not found
