2026-07-08 16:49:30.854 9 INFO neutron.api.wsgi [None req-5628b9aa-0343-41a1-945f-cf4efde39d13 ddc373713c044c6291fcd99624b5178e 33400a73160c4f41b6a37d1222788fe1 - - default default] 10.0.0.6 "GET /v2.0/extensions/external-gateway-multihoming HTTP/1.1" status: 200 len: 421 time: 0.0032628
2026-07-08 16:49:30.863 9 INFO neutron.api.wsgi [None req-a43244cc-9003-41d1-b879-f800177a724f ddc373713c044c6291fcd99624b5178e 33400a73160c4f41b6a37d1222788fe1 - - default default] 10.0.0.6 "GET /v2.0/extensions/l3-flavors HTTP/1.1" status: 200 len: 366 time: 0.0045152
2026-07-08 16:49:30.874 9 INFO neutron.api.wsgi [None req-80cf31ab-0c09-423b-80bc-9dcb54e52eb5 ddc373713c044c6291fcd99624b5178e 33400a73160c4f41b6a37d1222788fe1 - - default default] 10.0.0.6 "GET /v2.0/extensions/logging HTTP/1.1" status: 200 len: 407 time: 0.0054893
2026-07-08 16:49:30.887 9 INFO neutron.api.wsgi [None req-f81bcbb2-3132-4f7b-9a18-8128487afe73 ddc373713c044c6291fcd99624b5178e 33400a73160c4f41b6a37d1222788fe1 - - default default] 10.0.0.6 "GET /v2.0/extensions/multi-provider HTTP/1.1" status: 200 len: 406 time: 0.0072172
2026-07-08 16:49:30.898 10 INFO neutron.api.wsgi [None req-5430671e-ecc1-45b4-aba7-a50b64823832 ddc373713c044c6291fcd99624b5178e 33400a73160c4f41b6a37d1222788fe1 - - default default] 10.0.0.6 "GET /v2.0/extensions/net-mtu HTTP/1.1" status: 200 len: 370 time: 0.0050619
2026-07-08 16:49:30.905 10 INFO neutron.api.wsgi [None req-42301bc7-2e0f-4e37-9207-e33694a585f9 ddc373713c044c6291fcd99624b5178e 33400a73160c4f41b6a37d1222788fe1 - - default default] 10.0.0.6 "GET /v2.0/extensions/net-mtu-writable HTTP/1.1" status: 200 len: 401 time: 0.0029309
2026-07-08 16:49:30.920 9 INFO neutron.api.wsgi [None req-19ea581e-c406-462f-bb30-a4a0686bfb6e ddc373713c044c6291fcd99624b5178e 33400a73160c4f41b6a37d1222788fe1 - - default default] 10.0.0.6 "GET /v2.0/extensions/network_availability_zone HTTP/1.1" status: 200 len: 394 time: 0.0075629
2026-07-08 16:49:30.929 9 INFO neutron.api.wsgi [None req-dbf1e523-6907-4f91-8f1b-894b31e892db ddc373713c044c6291fcd99624b5178e 33400a73160c4f41b6a37d1222788fe1 - - default default] 10.0.0.6 "GET /v2.0/extensions/network-ip-availability HTTP/1.1" status: 200 len: 410 time: 0.0038490
2026-07-08 16:49:30.938 9 INFO neutron.api.wsgi [None req-71a5a88b-a373-4f55-9ad1-59278006f575 ddc373713c044c6291fcd99624b5178e 33400a73160c4f41b6a37d1222788fe1 - - default default] 10.0.0.6 "GET /v2.0/extensions/pagination HTTP/1.1" status: 200 len: 386 time: 0.0044286
2026-07-08 16:49:30.948 9 INFO neutron.api.wsgi [None req-7ae1427f-f1cb-4657-9499-235791a134b7 ddc373713c044c6291fcd99624b5178e 33400a73160c4f41b6a37d1222788fe1 - - default default] 10.0.0.6 "GET /v2.0/extensions/port-device-profile HTTP/1.1" status: 200 len: 383 time: 0.0058012
2026-07-08 16:49:30.959 10 INFO neutron.api.wsgi [None req-d1a18448-3cfd-4167-9ceb-32f348fc71d0 ddc373713c044c6291fcd99624b5178e 33400a73160c4f41b6a37d1222788fe1 - - default default] 10.0.0.6 "GET /v2.0/extensions/port-mac-address-regenerate HTTP/1.1" status: 200 len: 403 time: 0.0059366
2026-07-08 16:49:30.973 10 INFO neutron.api.wsgi [None req-5e489152-381c-464c-a118-ccb827279693 ddc373713c044c6291fcd99624b5178e 33400a73160c4f41b6a37d1222788fe1 - - default default] 10.0.0.6 "GET /v2.0/extensions/port-numa-affinity-policy HTTP/1.1" status: 200 len: 392 time: 0.0032771
2026-07-08 16:49:30.983 9 INFO neutron.api.wsgi [None req-fd914880-6af4-403c-b6a7-56e2fd26950c ddc373713c044c6291fcd99624b5178e 33400a73160c4f41b6a37d1222788fe1 - - default default] 10.0.0.6 "GET /v2.0/extensions/port-numa-affinity-policy-socket HTTP/1.1" status: 200 len: 434 time: 0.0060556
2026-07-08 16:49:30.993 9 INFO neutron.api.wsgi [None req-140a4c30-f59b-4667-9cdf-6bacecc8364d ddc373713c044c6291fcd99624b5178e 33400a73160c4f41b6a37d1222788fe1 - - default default] 10.0.0.6 "GET /v2.0/extensions/port-resource-request HTTP/1.1" status: 200 len: 379 time: 0.0044601
2026-07-08 16:49:31.001 9 INFO neutron.api.wsgi [None req-7c693566-fc79-4a93-9cd5-f5d64ff2daed ddc373713c044c6291fcd99624b5178e 33400a73160c4f41b6a37d1222788fe1 - - default default] 10.0.0.6 "GET /v2.0/extensions/port-resource-request-groups HTTP/1.1" status: 200 len: 465 time: 0.0037453
2026-07-08 16:49:31.009 9 INFO neutron.api.wsgi [None req-b52cf02c-a34d-4a99-9cc3-ce8c595d53c7 ddc373713c044c6291fcd99624b5178e 33400a73160c4f41b6a37d1222788fe1 - - default default] 10.0.0.6 "GET /v2.0/extensions/binding HTTP/1.1" status: 200 len: 387 time: 0.0034404
2026-07-08 16:49:31.016 9 INFO neutron.api.wsgi [None req-cc033758-c1e0-4fff-975e-5fbc99141b7a ddc373713c044c6291fcd99624b5178e 33400a73160c4f41b6a37d1222788fe1 - - default default] 10.0.0.6 "GET /v2.0/extensions/binding-extended HTTP/1.1" status: 200 len: 406 time: 0.0032499
2026-07-08 16:49:31.025 9 INFO neutron.api.wsgi [None req-eac81630-c0e5-4e96-acbb-da7f3a947b0a ddc373713c044c6291fcd99624b5178e 33400a73160c4f41b6a37d1222788fe1 - - default default] 10.0.0.6 "GET /v2.0/extensions/port-security HTTP/1.1" status: 200 len: 354 time: 0.0034750
2026-07-08 16:49:31.034 9 INFO neutron.api.wsgi [None req-9d98fde1-9779-4fb8-a75a-143767e294a3 ddc373713c044c6291fcd99624b5178e 33400a73160c4f41b6a37d1222788fe1 - - default default] 10.0.0.6 "GET /v2.0/extensions/project-id HTTP/1.1" status: 200 len: 398 time: 0.0041950
2026-07-08 16:49:31.047 10 INFO neutron.api.wsgi [None req-ee6e4243-be47-481e-ba4e-4d654884765e ddc373713c044c6291fcd99624b5178e 33400a73160c4f41b6a37d1222788fe1 - - default default] 10.0.0.6 "GET /v2.0/extensions/provider HTTP/1.1" status: 200 len: 385 time: 0.0054085
2026-07-08 16:49:31.059 9 INFO neutron.api.wsgi [None req-f99a446b-4b63-4979-9c25-852b02d4362c ddc373713c044c6291fcd99624b5178e 33400a73160c4f41b6a37d1222788fe1 - - default default] 10.0.0.6 "GET /v2.0/extensions/qos HTTP/1.1" status: 200 len: 360 time: 0.0070615
2026-07-08 16:49:31.070 9 INFO neutron.api.wsgi [None req-c2e799c1-934a-40b5-8ce1-cd1618c3bd1d ddc373713c044c6291fcd99624b5178e 33400a73160c4f41b6a37d1222788fe1 - - default default] 10.0.0.6 "GET /v2.0/extensions/qos-bw-limit-direction HTTP/1.1" status: 200 len: 452 time: 0.0047936
2026-07-08 16:49:31.079 9 INFO neutron.api.wsgi [None req-d3eeeb3d-9807-4fcc-b89a-f3ec1f1b341c ddc373713c044c6291fcd99624b5178e 33400a73160c4f41b6a37d1222788fe1 - - default default] 10.0.0.6 "GET /v2.0/extensions/qos-bw-minimum-ingress HTTP/1.1" status: 200 len: 445 time: 0.0047772
2026-07-08 16:49:31.086 9 INFO neutron.api.wsgi [None req-85927215-4af0-4803-a669-fda9c328b173 ddc373713c044c6291fcd99624b5178e 33400a73160c4f41b6a37d1222788fe1 - - default default] 10.0.0.6 "GET /v2.0/extensions/qos-default HTTP/1.1" status: 200 len: 377 time: 0.0038764
2026-07-08 16:49:31.104 9 INFO neutron.api.wsgi [None req-bb91d3a8-bf17-4198-8d1a-ac98f096ea2b ddc373713c044c6291fcd99624b5178e 33400a73160c4f41b6a37d1222788fe1 - - default default] 10.0.0.6 "GET /v2.0/extensions/qos-fip HTTP/1.1" status: 200 len: 372 time: 0.0053923
2026-07-08 16:49:31.113 9 INFO neutron.api.wsgi [None req-37d39a1f-d4fc-464b-9897-3081edef78f1 ddc373713c044c6291fcd99624b5178e 33400a73160c4f41b6a37d1222788fe1 - - default default] 10.0.0.6 "GET /v2.0/extensions/qos-gateway-ip HTTP/1.1" status: 200 len: 391 time: 0.0044384
2026-07-08 16:49:31.123 10 INFO neutron.api.wsgi [None req-374ebe88-81cb-4436-a978-bb03620201d8 ddc373713c044c6291fcd99624b5178e 33400a73160c4f41b6a37d1222788fe1 - - default default] 10.0.0.6 "GET /v2.0/extensions/qos-port-network-policy HTTP/1.1" status: 200 len: 403 time: 0.0041733
2026-07-08 16:49:31.130 10 INFO neutron.notifiers.nova [-] Nova event matching ['req-c77a8469-1b16-4676-9414-e49d6b397c5b'] response: {'server_uuid': 'b7408bbc-559d-4132-b4fd-f63548931b0e', 'name': 'network-vif-plugged', 'status': 'completed', 'tag': '2c627f4f-ceea-4173-a676-9703c5c30775', 'code': 200}
2026-07-08 16:49:31.132 9 INFO neutron.api.wsgi [None req-16f7186d-a1e4-4c23-b1e1-4b49cb77cdf6 ddc373713c044c6291fcd99624b5178e 33400a73160c4f41b6a37d1222788fe1 - - default default] 10.0.0.6 "GET /v2.0/extensions/qos-pps-minimum HTTP/1.1" status: 200 len: 397 time: 0.0043774
2026-07-08 16:49:31.142 9 INFO neutron.api.wsgi [None req-71b63c9d-4fa6-46e6-b084-703d0485855c ddc373713c044c6291fcd99624b5178e 33400a73160c4f41b6a37d1222788fe1 - - default default] 10.0.0.6 "GET /v2.0/extensions/qos-pps-minimum-rule-alias HTTP/1.1" status: 200 len: 471 time: 0.0040238
2026-07-08 16:49:31.149 9 INFO neutron.api.wsgi [None req-63f82f8d-ddb1-42a4-b5cd-76104a647eaa ddc373713c044c6291fcd99624b5178e 33400a73160c4f41b6a37d1222788fe1 - - default default] 10.0.0.6 "GET /v2.0/extensions/qos-pps HTTP/1.1" status: 200 len: 389 time: 0.0041132
2026-07-08 16:49:31.156 9 INFO neutron.api.wsgi [None req-f298e979-4980-4754-a872-80d1aed2eab7 ddc373713c044c6291fcd99624b5178e 33400a73160c4f41b6a37d1222788fe1 - - default default] 10.0.0.6 "GET /v2.0/extensions/qos-rule-type-details HTTP/1.1" status: 200 len: 423 time: 0.0033877
2026-07-08 16:49:31.167 10 INFO neutron.api.wsgi [None req-1ea53821-7fcb-499e-afec-853fdf1c54ed ddc373713c044c6291fcd99624b5178e 33400a73160c4f41b6a37d1222788fe1 - - default default] 10.0.0.6 "GET /v2.0/extensions/qos-rule-type-filter HTTP/1.1" status: 200 len: 567 time: 0.0073488
2026-07-08 16:49:31.174 9 INFO neutron.api.wsgi [None req-b2d0d335-05b4-4fbd-8930-c32a345ad93a ddc373713c044c6291fcd99624b5178e 33400a73160c4f41b6a37d1222788fe1 - - default default] 10.0.0.6 "GET /v2.0/extensions/qos-rules-alias HTTP/1.1" status: 200 len: 448 time: 0.0038691
2026-07-08 16:49:31.183 9 INFO neutron.api.wsgi [None req-91d91632-bce3-4f8f-9561-2c65283fce49 ddc373713c044c6291fcd99624b5178e 33400a73160c4f41b6a37d1222788fe1 - - default default] 10.0.0.6 "GET /v2.0/extensions/quota-check-limit HTTP/1.1" status: 200 len: 420 time: 0.0035903
2026-07-08 16:49:31.190 10 INFO neutron.api.wsgi [req-c7466953-7a99-4d43-be6c-c11ecdc3731e req-1be221dc-1649-4f82-ac4a-2470900e7f31 9039a0bc2c7d47a9ac043170d65a3b55 1699b4544dfe4721af00099d4a20a1f0 - - default default] 10.0.0.89 "GET /v2.0/ports?device_id=b7408bbc-559d-4132-b4fd-f63548931b0e HTTP/1.1" status: 200 len: 1210 time: 0.0449157 /var/lib/openstack/lib/python3.12/site-packages/pycadf/identifier.py:71: UserWarning: Invalid uuid: neutron. To ensure interoperability, identifiers should be a valid uuid. warnings.warn(('Invalid uuid: %s. To ensure interoperability, '
2026-07-08 16:49:31.193 10 INFO neutron.api.wsgi [None req-d20d84b5-ab23-48fd-9b6b-2423efde6530 ddc373713c044c6291fcd99624b5178e 33400a73160c4f41b6a37d1222788fe1 - - default default] 10.0.0.6 "GET /v2.0/extensions/quotas HTTP/1.1" status: 200 len: 386 time: 0.0077462
2026-07-08 16:49:31.205 9 INFO neutron.api.wsgi [None req-43e7cb7d-eb7e-4725-b024-16b803f1a458 ddc373713c044c6291fcd99624b5178e 33400a73160c4f41b6a37d1222788fe1 - - default default] 10.0.0.6 "GET /v2.0/extensions/quota_details HTTP/1.1" status: 200 len: 407 time: 0.0044298
2026-07-08 16:49:31.213 9 INFO neutron.api.wsgi [None req-a6e4d06a-b422-4ff2-a04e-40e4f496903b ddc373713c044c6291fcd99624b5178e 33400a73160c4f41b6a37d1222788fe1 - - default default] 10.0.0.6 "GET /v2.0/extensions/rbac-policies HTTP/1.1" status: 200 len: 417 time: 0.0035553
2026-07-08 16:49:31.220 9 INFO neutron.api.wsgi [None req-ad7bc372-13d0-46e3-a32d-05e6026d56bc ddc373713c044c6291fcd99624b5178e 33400a73160c4f41b6a37d1222788fe1 - - default default] 10.0.0.6 "GET /v2.0/extensions/rbac-address-scope HTTP/1.1" status: 200 len: 384 time: 0.0037968
2026-07-08 16:49:31.228 9 INFO neutron.api.wsgi [None req-e68f1757-fe4b-475a-9dc2-e17f61a7bda6 ddc373713c044c6291fcd99624b5178e 33400a73160c4f41b6a37d1222788fe1 - - default default] 10.0.0.6 "GET /v2.0/extensions/rbac-security-groups HTTP/1.1" status: 200 len: 404 time: 0.0043285
2026-07-08 16:49:31.238 9 INFO neutron.api.wsgi [None req-e5d13056-1b49-45c1-831a-ff77c5d52424 ddc373713c044c6291fcd99624b5178e 33400a73160c4f41b6a37d1222788fe1 - - default default] 10.0.0.6 "GET /v2.0/extensions/revision-if-match HTTP/1.1" status: 200 len: 441 time: 0.0057120
2026-07-08 16:49:31.241 10 INFO neutron.api.wsgi [req-c7466953-7a99-4d43-be6c-c11ecdc3731e req-3b008ce7-3eeb-440e-ab67-d2337814b1b9 9039a0bc2c7d47a9ac043170d65a3b55 1699b4544dfe4721af00099d4a20a1f0 - - default default] 10.0.0.89 "GET /v2.0/security-groups?id=74391af4-32c9-4553-b901-1cb2584c1aca&id=4702dfb3-bbfc-4d47-aeec-f84dd6255e24&fields=id&fields=name HTTP/1.1" status: 200 len: 404 time: 0.0439987
2026-07-08 16:49:31.243 10 WARNING neutron.scheduler.dhcp_agent_scheduler [None req-aff021ed-77be-4fd5-8d3b-08497a9b0864 77479936a0734a1ea7a1f1a503d6d21a e249e688ca4b47b9af865e38a86e740d - - default default] No more DHCP agents
2026-07-08 16:49:31.244 10 WARNING neutron.api.rpc.agentnotifiers.dhcp_rpc_agent_api [None req-aff021ed-77be-4fd5-8d3b-08497a9b0864 77479936a0734a1ea7a1f1a503d6d21a e249e688ca4b47b9af865e38a86e740d - - default default] Unable to schedule network 53074468-74a2-41d1-b003-54befedbf6c3: no agents available; will retry on subsequent port and subnet creation events.
2026-07-08 16:49:31.246 9 INFO neutron.api.wsgi [None req-d5f2f83d-643f-4aa2-b1e6-6731f1b84f01 ddc373713c044c6291fcd99624b5178e 33400a73160c4f41b6a37d1222788fe1 - - default default] 10.0.0.6 "GET /v2.0/extensions/standard-attr-revisions HTTP/1.1" status: 200 len: 423 time: 0.0045347
2026-07-08 16:49:31.254 9 INFO neutron.api.wsgi [None req-0ee76b17-864e-4e27-bf96-70098848f684 ddc373713c044c6291fcd99624b5178e 33400a73160c4f41b6a37d1222788fe1 - - default default] 10.0.0.6 "GET /v2.0/extensions/router_availability_zone HTTP/1.1" status: 200 len: 391 time: 0.0041604
2026-07-08 16:49:31.263 9 INFO neutron.api.wsgi [None req-7d129452-c136-43c1-8c4a-916449d93e6e ddc373713c044c6291fcd99624b5178e 33400a73160c4f41b6a37d1222788fe1 - - default default] 10.0.0.6 "GET /v2.0/extensions/security-groups-default-rules HTTP/1.1" status: 200 len: 456 time: 0.0040224
2026-07-08 16:49:31.272 9 INFO neutron.api.wsgi [None req-d9d46c84-f195-4f5a-a8bb-e50010adca15 ddc373713c044c6291fcd99624b5178e 33400a73160c4f41b6a37d1222788fe1 - - default default] 10.0.0.6 "GET /v2.0/extensions/security-groups-normalized-cidr HTTP/1.1" status: 200 len: 445 time: 0.0045290
2026-07-08 16:49:31.281 9 INFO neutron.api.wsgi [None req-2408ee16-fce3-4939-a93f-9292fae20b4a ddc373713c044c6291fcd99624b5178e 33400a73160c4f41b6a37d1222788fe1 - - default default] 10.0.0.6 "GET /v2.0/extensions/security-groups-remote-address-group HTTP/1.1" status: 200 len: 448 time: 0.0039847
2026-07-08 16:49:31.290 9 INFO neutron.api.wsgi [None req-04a57d2f-d0ee-4e1d-81be-2fb9668b1eb8 ddc373713c044c6291fcd99624b5178e 33400a73160c4f41b6a37d1222788fe1 - - default default] 10.0.0.6 "GET /v2.0/extensions/security-groups-rules-belongs-to-default-sg HTTP/1.1" status: 200 len: 508 time: 0.0039513
2026-07-08 16:49:31.298 9 INFO neutron.api.wsgi [None req-f20ae689-12cb-4e61-b735-99e7a1fadaf8 ddc373713c044c6291fcd99624b5178e 33400a73160c4f41b6a37d1222788fe1 - - default default] 10.0.0.6 "GET /v2.0/extensions/security-groups-shared-filtering HTTP/1.1" status: 200 len: 435 time: 0.0038283 /var/lib/openstack/lib/python3.12/site-packages/pycadf/identifier.py:71: UserWarning: Invalid uuid: neutron. To ensure interoperability, identifiers should be a valid uuid. warnings.warn(('Invalid uuid: %s. To ensure interoperability, '
2026-07-08 16:49:31.306 10 INFO neutron.api.wsgi [None req-8975fdf4-f6a7-4c05-a840-2226b8e81cb4 ddc373713c044c6291fcd99624b5178e 33400a73160c4f41b6a37d1222788fe1 - - default default] 10.0.0.6 "GET /v2.0/extensions/security-group HTTP/1.1" status: 200 len: 364 time: 0.0046055
2026-07-08 16:49:31.316 10 INFO neutron.api.wsgi [None req-01ce8056-11be-42d6-9c3d-2f89fc5a385e ddc373713c044c6291fcd99624b5178e 33400a73160c4f41b6a37d1222788fe1 - - default default] 10.0.0.6 "GET /v2.0/extensions/segment HTTP/1.1" status: 200 len: 339 time: 0.0059757
2026-07-08 16:49:31.325 9 INFO neutron.api.wsgi [None req-944db7d7-81db-4836-a166-9c4ebad5c95b ddc373713c044c6291fcd99624b5178e 33400a73160c4f41b6a37d1222788fe1 - - default default] 10.0.0.6 "GET /v2.0/extensions/segments-peer-subnet-host-routes HTTP/1.1" status: 200 len: 427 time: 0.0060446
2026-07-08 16:49:31.338 10 INFO neutron.api.wsgi [None req-5c8730bb-0792-42a3-9d94-e4a487dd8c7e ddc373713c044c6291fcd99624b5178e 33400a73160c4f41b6a37d1222788fe1 - - default default] 10.0.0.6 "GET /v2.0/extensions/service-type HTTP/1.1" status: 200 len: 415 time: 0.0070417
2026-07-08 16:49:31.347 9 INFO neutron.api.wsgi [None req-ca4e2b5c-3c3d-4ad0-a2cc-a7d08a3419cc ddc373713c044c6291fcd99624b5178e 33400a73160c4f41b6a37d1222788fe1 - - default default] 10.0.0.6 "GET /v2.0/extensions/sorting HTTP/1.1" status: 200 len: 377 time: 0.0034707
2026-07-08 16:49:31.359 10 INFO neutron.api.wsgi [None req-8d19f264-0c2b-49d4-8bc8-fb93ad3d4250 ddc373713c044c6291fcd99624b5178e 33400a73160c4f41b6a37d1222788fe1 - - default default] 10.0.0.6 "GET /v2.0/extensions/standard-attr-segment HTTP/1.1" status: 200 len: 406 time: 0.0085294
2026-07-08 16:49:31.375 9 INFO neutron.api.wsgi [None req-6aeca1ce-820d-47be-9537-bdf456b0829a ddc373713c044c6291fcd99624b5178e 33400a73160c4f41b6a37d1222788fe1 - - default default] 10.0.0.6 "GET /v2.0/extensions/standard-attr-description HTTP/1.1" status: 200 len: 408 time: 0.0043850
2026-07-08 16:49:31.386 9 INFO neutron.api.wsgi [req-c069e976-42f5-4d84-98c5-4a0b93cbcf0f req-33d83def-6014-471f-a4d8-aefe15670f2e 9039a0bc2c7d47a9ac043170d65a3b55 1699b4544dfe4721af00099d4a20a1f0 - - default default] 10.0.0.89 "GET /v2.0/ports?device_id=b7408bbc-559d-4132-b4fd-f63548931b0e HTTP/1.1" status: 200 len: 1210 time: 0.0870409
2026-07-08 16:49:31.390 9 INFO neutron.api.wsgi [None req-a0f6361a-a0a6-4c38-a516-4fa93f682df7 ddc373713c044c6291fcd99624b5178e 33400a73160c4f41b6a37d1222788fe1 - - default default] 10.0.0.6 "GET /v2.0/extensions/stateful-security-group HTTP/1.1" status: 200 len: 402 time: 0.0110619
2026-07-08 16:49:31.400 10 INFO neutron.api.wsgi [None req-832ad8cd-dc57-410a-b4cb-da6ed752cca5 ddc373713c044c6291fcd99624b5178e 33400a73160c4f41b6a37d1222788fe1 - - default default] 10.0.0.6 "GET /v2.0/extensions/subnet-dns-publish-fixed-ip HTTP/1.1" status: 200 len: 421 time: 0.0051098
2026-07-08 16:49:31.401 10 INFO neutron.db.ovn_revision_numbers_db [None req-aff021ed-77be-4fd5-8d3b-08497a9b0864 77479936a0734a1ea7a1f1a503d6d21a e249e688ca4b47b9af865e38a86e740d - - default default] Successfully bumped revision number for resource 9567c79d-77db-4e9b-bef8-aefa48c2cfea (type: ports) to 1
2026-07-08 16:49:31.416 10 INFO neutron.api.wsgi [None req-f220f05a-1faa-41f0-a681-324bdae9d8f5 ddc373713c044c6291fcd99624b5178e 33400a73160c4f41b6a37d1222788fe1 - - default default] 10.0.0.6 "GET /v2.0/extensions/subnet-external-network HTTP/1.1" status: 200 len: 418 time: 0.0046897
2026-07-08 16:49:31.428 10 INFO neutron.api.wsgi [None req-a354533a-e6f8-48a0-be78-140d4bc8d261 ddc373713c044c6291fcd99624b5178e 33400a73160c4f41b6a37d1222788fe1 - - default default] 10.0.0.6 "GET /v2.0/extensions/subnet-segmentid-writable HTTP/1.1" status: 200 len: 421 time: 0.0045950
2026-07-08 16:49:31.446 10 INFO neutron.api.wsgi [None req-aff021ed-77be-4fd5-8d3b-08497a9b0864 77479936a0734a1ea7a1f1a503d6d21a e249e688ca4b47b9af865e38a86e740d - - default default] 10.0.0.6 "POST /v2.0/ports HTTP/1.1" status: 201 len: 1152 time: 0.6039729
2026-07-08 16:49:31.450 10 INFO neutron.api.wsgi [None req-b40e3692-96e3-4074-9ab8-8a7dc4b2167e ddc373713c044c6291fcd99624b5178e 33400a73160c4f41b6a37d1222788fe1 - - default default] 10.0.0.6 "GET /v2.0/extensions/subnet-service-types HTTP/1.1" status: 200 len: 400 time: 0.0073473
2026-07-08 16:49:31.463 10 INFO neutron.api.wsgi [None req-9a38feba-6ada-49d9-8f68-b6ed09c9eba9 ddc373713c044c6291fcd99624b5178e 33400a73160c4f41b6a37d1222788fe1 - - default default] 10.0.0.6 "GET /v2.0/extensions/subnet_allocation HTTP/1.1" status: 200 len: 388 time: 0.0038667
2026-07-08 16:49:31.479 9 INFO neutron.api.wsgi [None req-1bff55b4-330f-47ee-ade4-957da00b151c ddc373713c044c6291fcd99624b5178e 33400a73160c4f41b6a37d1222788fe1 - - default default] 10.0.0.6 "GET /v2.0/extensions/subnetpool-prefix-ops HTTP/1.1" status: 200 len: 418 time: 0.0070014
2026-07-08 16:49:31.489 9 INFO neutron.api.wsgi [None req-00990b8c-265f-422e-9281-efeb35cbce54 ddc373713c044c6291fcd99624b5178e 33400a73160c4f41b6a37d1222788fe1 - - default default] 10.0.0.6 "GET /v2.0/extensions/tag-creation HTTP/1.1" status: 200 len: 384 time: 0.0055580
2026-07-08 16:49:31.498 10 INFO neutron.api.wsgi [None req-b053b696-81cd-44ba-9e8d-0692dd3e5ea1 ddc373713c044c6291fcd99624b5178e 33400a73160c4f41b6a37d1222788fe1 - - default default] 10.0.0.6 "GET /v2.0/extensions/standard-attr-tag HTTP/1.1" status: 200 len: 537 time: 0.0046453
2026-07-08 16:49:31.507 9 INFO neutron.api.wsgi [None req-8cd5385c-1f19-43ef-b563-2b9d1b22ac05 ddc373713c044c6291fcd99624b5178e 33400a73160c4f41b6a37d1222788fe1 - - default default] 10.0.0.6 "GET /v2.0/extensions/standard-attr-timestamp HTTP/1.1" status: 200 len: 449 time: 0.0042229
2026-07-08 16:49:31.519 9 INFO neutron.api.wsgi [None req-ff229f29-2c01-4612-9d70-91b1d285ec8c ddc373713c044c6291fcd99624b5178e 33400a73160c4f41b6a37d1222788fe1 - - default default] 10.0.0.6 "GET /v2.0/extensions/trunk HTTP/1.1" status: 200 len: 358 time: 0.0077252
2026-07-08 16:49:31.535 10 INFO neutron.api.wsgi [None req-ee84cfe4-f1f5-479f-b351-91feef45e9ee ddc373713c044c6291fcd99624b5178e 33400a73160c4f41b6a37d1222788fe1 - - default default] 10.0.0.6 "GET /v2.0/extensions/trunk-details HTTP/1.1" status: 200 len: 362 time: 0.0099699
2026-07-08 16:49:31.544 9 INFO neutron.api.wsgi [None req-6075df21-3c26-48aa-a1f8-d43a32a5a17e ddc373713c044c6291fcd99624b5178e 33400a73160c4f41b6a37d1222788fe1 - - default default] 10.0.0.6 "GET /v2.0/extensions/vpn-agent-scheduler HTTP/1.1" status: 200 len: 393 time: 0.0049565
2026-07-08 16:49:31.555 9 INFO neutron.api.wsgi [None req-acf47799-31ca-4dae-a445-e569709fe162 ddc373713c044c6291fcd99624b5178e 33400a73160c4f41b6a37d1222788fe1 - - default default] 10.0.0.6 "GET /v2.0/extensions/vpn-endpoint-groups HTTP/1.1" status: 200 len: 371 time: 0.0054152
2026-07-08 16:49:31.572 10 INFO neutron.api.wsgi [None req-fb4ca359-0775-411f-9963-ab75c5e9cdb0 ddc373713c044c6291fcd99624b5178e 33400a73160c4f41b6a37d1222788fe1 - - default default] 10.0.0.6 "GET /v2.0/extensions/vpn-flavors HTTP/1.1" status: 200 len: 376 time: 0.0085316
2026-07-08 16:49:31.580 10 INFO neutron.api.wsgi [None req-5b0fa2b0-40b1-4782-a7c2-f5bd2c3ac7a0 ddc373713c044c6291fcd99624b5178e 33400a73160c4f41b6a37d1222788fe1 - - default default] 10.0.0.6 "GET /v2.0/extensions/vpnaas HTTP/1.1" status: 200 len: 348 time: 0.0038028
2026-07-08 16:49:31.777 10 INFO neutron.api.wsgi [None req-5b5202e1-dfb9-4fe4-b8b1-78935da8a84a 77479936a0734a1ea7a1f1a503d6d21a e249e688ca4b47b9af865e38a86e740d - - default default] 10.0.0.6 "DELETE /v2.0/ports/9567c79d-77db-4e9b-bef8-aefa48c2cfea HTTP/1.1" status: 204 len: 168 time: 0.3250275
2026-07-08 16:49:31.800 10 INFO neutron.pecan_wsgi.hooks.translation [None req-8c78f3f0-9621-4c7d-a33a-4dc4019bbfa6 77479936a0734a1ea7a1f1a503d6d21a e249e688ca4b47b9af865e38a86e740d - - default default] DELETE failed (client error): The resource could not be found.
2026-07-08 16:49:31.802 10 INFO neutron.api.wsgi [None req-8c78f3f0-9621-4c7d-a33a-4dc4019bbfa6 77479936a0734a1ea7a1f1a503d6d21a e249e688ca4b47b9af865e38a86e740d - - default default] 10.0.0.6 "DELETE /v2.0/ports/9567c79d-77db-4e9b-bef8-aefa48c2cfea HTTP/1.1" status: 404 len: 333 time: 0.0181170
2026-07-08 16:49:31.822 10 INFO neutron.pecan_wsgi.hooks.translation [None req-e9f9b1dc-113f-4597-afce-3f063b80c3e7 77479936a0734a1ea7a1f1a503d6d21a e249e688ca4b47b9af865e38a86e740d - - default default] GET failed (client error): The resource could not be found.
2026-07-08 16:49:31.824 10 INFO neutron.api.wsgi [None req-e9f9b1dc-113f-4597-afce-3f063b80c3e7 77479936a0734a1ea7a1f1a503d6d21a e249e688ca4b47b9af865e38a86e740d - - default default] 10.0.0.6 "GET /v2.0/ports/9567c79d-77db-4e9b-bef8-aefa48c2cfea HTTP/1.1" status: 404 len: 333 time: 0.0167408
2026-07-08 16:49:32.026 9 INFO neutron.db.ovn_revision_numbers_db [None req-d1b8349f-6b35-4b33-ba0a-6210555609ea 9039a0bc2c7d47a9ac043170d65a3b55 1699b4544dfe4721af00099d4a20a1f0 - - default default] Successfully bumped revision number for resource 9a5b0eab-d2a2-47b5-b7cb-1e4b4c7ccc7a (type: floatingips) to 1
2026-07-08 16:49:32.027 10 INFO neutron.api.wsgi [None req-1ad3f27c-c69e-48cb-8612-6292e9925f95 77479936a0734a1ea7a1f1a503d6d21a e249e688ca4b47b9af865e38a86e740d - - default default] 10.0.0.6 "DELETE /v2.0/subnets/c59eab8a-9f72-4ac3-a264-4da183131f39 HTTP/1.1" status: 204 len: 168 time: 0.1986456
2026-07-08 16:49:32.145 9 INFO neutron.db.ovn_revision_numbers_db [None req-d1b8349f-6b35-4b33-ba0a-6210555609ea 9039a0bc2c7d47a9ac043170d65a3b55 1699b4544dfe4721af00099d4a20a1f0 - - default default] Successfully bumped revision number for resource 9a5b0eab-d2a2-47b5-b7cb-1e4b4c7ccc7a (type: floatingips) to 2
2026-07-08 16:49:32.146 9 INFO neutron.db.l3_db [None req-d1b8349f-6b35-4b33-ba0a-6210555609ea 9039a0bc2c7d47a9ac043170d65a3b55 1699b4544dfe4721af00099d4a20a1f0 - - default default] Floating IP 9a5b0eab-d2a2-47b5-b7cb-1e4b4c7ccc7a associated. External IP: 10.96.250.206, port: 2c627f4f-ceea-4173-a676-9703c5c30775.
2026-07-08 16:49:32.176 9 INFO neutron.api.wsgi [None req-d1b8349f-6b35-4b33-ba0a-6210555609ea 9039a0bc2c7d47a9ac043170d65a3b55 1699b4544dfe4721af00099d4a20a1f0 - - default default] 10.0.0.6 "PUT /v2.0/floatingips/9a5b0eab-d2a2-47b5-b7cb-1e4b4c7ccc7a HTTP/1.1" status: 200 len: 1049 time: 0.7755218
2026-07-08 16:49:32.210 9 INFO neutron.notifiers.nova [-] Nova event matching ['req-58bab2a6-6cdd-4449-9d7f-6275d58bb271'] response: {'name': 'network-changed', 'server_uuid': 'b7408bbc-559d-4132-b4fd-f63548931b0e', 'tag': '2c627f4f-ceea-4173-a676-9703c5c30775', 'status': 'completed', 'code': 200} /var/lib/openstack/lib/python3.12/site-packages/pycadf/identifier.py:71: UserWarning: Invalid uuid: neutron. To ensure interoperability, identifiers should be a valid uuid. warnings.warn(('Invalid uuid: %s. To ensure interoperability, '
2026-07-08 16:49:32.311 10 INFO neutron.services.segments.plugin [-] Segment f8cefcf7-739e-4a20-b7b3-dade5710fd18 resource provider aggregate not found
2026-07-08 16:49:32.316 10 INFO neutron.services.segments.plugin [-] Segment f8cefcf7-739e-4a20-b7b3-dade5710fd18 resource provider aggregate not found
2026-07-08 16:49:32.320 10 INFO neutron.services.segments.plugin [-] Segment f8cefcf7-739e-4a20-b7b3-dade5710fd18 resource provider not found; error: Placement Client Error (4xx): {"errors": [{"status": 404, "title": "Not Found", "detail": "The resource could not be found.\n\n No resource provider with uuid f8cefcf7-739e-4a20-b7b3-dade5710fd18 found for delete ", "request_id": "req-ce8d3206-b955-4d84-8792-a66aae85d2cc"}]}
2026-07-08 16:49:32.331 10 INFO neutron.services.segments.plugin [-] Segment f8cefcf7-739e-4a20-b7b3-dade5710fd18 resource provider not found; error: Placement Client Error (4xx): {"errors": [{"status": 404, "title": "Not Found", "detail": "The resource could not be found.\n\n No resource provider with uuid f8cefcf7-739e-4a20-b7b3-dade5710fd18 found for delete ", "request_id": "req-2404032f-eb38-4a01-8c10-3de7ec9363b6"}]}
2026-07-08 16:49:32.362 10 INFO neutron.api.wsgi [None req-20e9c8b2-d2a2-4f01-abcf-67cb2aa96927 77479936a0734a1ea7a1f1a503d6d21a e249e688ca4b47b9af865e38a86e740d - - default default] 10.0.0.6 "DELETE /v2.0/networks/53074468-74a2-41d1-b003-54befedbf6c3 HTTP/1.1" status: 204 len: 168 time: 0.3302531
2026-07-08 16:49:32.379 10 WARNING neutron_lib.context [None req-69ad25fb-b6ce-418c-9e11-11e56d2bfc75 77479936a0734a1ea7a1f1a503d6d21a e249e688ca4b47b9af865e38a86e740d - - default default] Method 'is_advsvc' is deprecated since 2023.2 release (neutron-lib 3.8.0) and will be removed once support for the old RBAC API policies will be removed from Neutron. Please use method 'is_service_role' instead.
2026-07-08 16:49:32.440 9 INFO neutron.db.ovn_revision_numbers_db [None req-b9e84a11-a139-4fc5-8674-cfb1081a392a 8057a3b54f3c49eb8c48efc6513d7feb 6ccd7419d0ec40d0b630d2276fdc26f8 - - default default] Successfully bumped revision number for resource 176c4243-b65c-4551-ad50-2f0b9a201852 (type: security_groups) to 1
2026-07-08 16:49:32.464 9 INFO neutron.db.ovn_revision_numbers_db [None req-b9e84a11-a139-4fc5-8674-cfb1081a392a 8057a3b54f3c49eb8c48efc6513d7feb 6ccd7419d0ec40d0b630d2276fdc26f8 - - default default] Successfully bumped revision number for resource 6455fa44-4f88-4a87-be5a-c8d6e4ce0dd6 (type: security_group_rules) to 0
2026-07-08 16:49:32.482 9 INFO neutron.db.ovn_revision_numbers_db [None req-b9e84a11-a139-4fc5-8674-cfb1081a392a 8057a3b54f3c49eb8c48efc6513d7feb 6ccd7419d0ec40d0b630d2276fdc26f8 - - default default] Successfully bumped revision number for resource 7fc20886-57aa-4d2e-8b9d-863eba093126 (type: security_group_rules) to 0
2026-07-08 16:49:32.483 10 INFO neutron.db.segments_db [None req-69ad25fb-b6ce-418c-9e11-11e56d2bfc75 77479936a0734a1ea7a1f1a503d6d21a e249e688ca4b47b9af865e38a86e740d - - default default] Added segment ed16d55b-67e1-473b-8b11-eed8239827c1 of type geneve for network f01cf5a9-2190-4840-a923-3fc29faff5f9
2026-07-08 16:49:32.497 9 INFO neutron.db.ovn_revision_numbers_db [None req-b9e84a11-a139-4fc5-8674-cfb1081a392a 8057a3b54f3c49eb8c48efc6513d7feb 6ccd7419d0ec40d0b630d2276fdc26f8 - - default default] Successfully bumped revision number for resource b00d399f-ddab-4903-82b1-730b56c25ae6 (type: security_group_rules) to 0
2026-07-08 16:49:32.511 9 INFO neutron.db.ovn_revision_numbers_db [None req-b9e84a11-a139-4fc5-8674-cfb1081a392a 8057a3b54f3c49eb8c48efc6513d7feb 6ccd7419d0ec40d0b630d2276fdc26f8 - - default default] Successfully bumped revision number for resource bd68a949-43c9-401a-873a-92c7be5db6f6 (type: security_group_rules) to 0
2026-07-08 16:49:32.560 9 INFO neutron.api.wsgi [None req-b9e84a11-a139-4fc5-8674-cfb1081a392a 8057a3b54f3c49eb8c48efc6513d7feb 6ccd7419d0ec40d0b630d2276fdc26f8 - - default default] 10.0.0.6 "GET /v2.0/security-groups?tenant_id=33400a73160c4f41b6a37d1222788fe1&name=default HTTP/1.1" status: 200 len: 3120 time: 0.4241810
2026-07-08 16:49:32.634 10 INFO neutron.db.ovn_revision_numbers_db [None req-69ad25fb-b6ce-418c-9e11-11e56d2bfc75 77479936a0734a1ea7a1f1a503d6d21a e249e688ca4b47b9af865e38a86e740d - - default default] Successfully bumped revision number for resource f01cf5a9-2190-4840-a923-3fc29faff5f9 (type: networks) to 1
2026-07-08 16:49:32.756 9 INFO neutron.api.wsgi [req-b9af4462-d67f-47c3-b2bb-2186f161a284 req-59816b09-f9cd-46b9-8464-ab998434f7a8 eb79f5259edf4cb68071e4e9ea46e2a3 55f034e22be643a981621d93018c7824 - - 49b15faec86749c5a9d548c4b944feec 49b15faec86749c5a9d548c4b944feec] 199.19.213.66 "GET /v2.0/ports?tenant_id=1699b4544dfe4721af00099d4a20a1f0&device_id=b7408bbc-559d-4132-b4fd-f63548931b0e HTTP/1.1" status: 200 len: 1448 time: 0.0343728
2026-07-08 16:49:32.808 9 INFO neutron.api.wsgi [req-b9af4462-d67f-47c3-b2bb-2186f161a284 req-4b51d21c-b15f-4684-9dd1-78a18a358afb eb79f5259edf4cb68071e4e9ea46e2a3 55f034e22be643a981621d93018c7824 - - 49b15faec86749c5a9d548c4b944feec 49b15faec86749c5a9d548c4b944feec] 199.19.213.66 "GET /v2.0/networks?id=db03b512-a4dd-48f5-a42d-3981ce394e64 HTTP/1.1" status: 200 len: 971 time: 0.0421374
2026-07-08 16:49:32.816 10 WARNING neutron.scheduler.dhcp_agent_scheduler [None req-69ad25fb-b6ce-418c-9e11-11e56d2bfc75 77479936a0734a1ea7a1f1a503d6d21a e249e688ca4b47b9af865e38a86e740d - - default default] No more DHCP agents
2026-07-08 16:49:32.818 10 WARNING neutron.api.rpc.agentnotifiers.dhcp_rpc_agent_api [None req-69ad25fb-b6ce-418c-9e11-11e56d2bfc75 77479936a0734a1ea7a1f1a503d6d21a e249e688ca4b47b9af865e38a86e740d - - default default] Unable to schedule network f01cf5a9-2190-4840-a923-3fc29faff5f9: no agents available; will retry on subsequent port and subnet creation events.
2026-07-08 16:49:32.823 9 INFO neutron.api.wsgi [None req-87cbb55d-701a-48a3-adea-c47c9650b795 8057a3b54f3c49eb8c48efc6513d7feb 6ccd7419d0ec40d0b630d2276fdc26f8 - - default default] 10.0.0.6 "DELETE /v2.0/security-groups/176c4243-b65c-4551-ad50-2f0b9a201852 HTTP/1.1" status: 204 len: 168 time: 0.2556095
2026-07-08 16:49:32.856 9 INFO neutron.api.wsgi [req-b9af4462-d67f-47c3-b2bb-2186f161a284 req-b4a8a33c-3be1-4ae8-87b2-bba6bf73d5c8 eb79f5259edf4cb68071e4e9ea46e2a3 55f034e22be643a981621d93018c7824 - - 49b15faec86749c5a9d548c4b944feec 49b15faec86749c5a9d548c4b944feec] 199.19.213.66 "GET /v2.0/floatingips?fixed_ip_address=10.100.0.8&port_id=2c627f4f-ceea-4173-a676-9703c5c30775 HTTP/1.1" status: 200 len: 1059 time: 0.0411253
2026-07-08 16:49:32.894 9 INFO neutron.api.wsgi [req-b9af4462-d67f-47c3-b2bb-2186f161a284 req-03d76672-38c8-473b-a690-5fd213cfc021 eb79f5259edf4cb68071e4e9ea46e2a3 55f034e22be643a981621d93018c7824 - - 49b15faec86749c5a9d548c4b944feec 49b15faec86749c5a9d548c4b944feec] 199.19.213.66 "GET /v2.0/subnets?id=272d96cf-2116-43cc-bfee-61c79237da44 HTTP/1.1" status: 200 len: 890 time: 0.0328922
2026-07-08 16:49:32.914 9 INFO neutron.api.wsgi [req-b9af4462-d67f-47c3-b2bb-2186f161a284 req-373b2796-23a1-426c-b479-22e28983557e eb79f5259edf4cb68071e4e9ea46e2a3 55f034e22be643a981621d93018c7824 - - 49b15faec86749c5a9d548c4b944feec 49b15faec86749c5a9d548c4b944feec] 199.19.213.66 "GET /v2.0/ports?network_id=db03b512-a4dd-48f5-a42d-3981ce394e64&device_owner=network%3Adhcp HTTP/1.1" status: 200 len: 210 time: 0.0145535
2026-07-08 16:49:32.916 10 INFO neutron.db.ovn_revision_numbers_db [None req-69ad25fb-b6ce-418c-9e11-11e56d2bfc75 77479936a0734a1ea7a1f1a503d6d21a e249e688ca4b47b9af865e38a86e740d - - default default] Successfully bumped revision number for resource f440f19f-9647-4b35-93cc-90cc6ed8d9be (type: ports) to 1
2026-07-08 16:49:32.943 10 INFO neutron.api.wsgi [None req-69ad25fb-b6ce-418c-9e11-11e56d2bfc75 77479936a0734a1ea7a1f1a503d6d21a e249e688ca4b47b9af865e38a86e740d - - default default] 10.0.0.6 "POST /v2.0/networks HTTP/1.1" status: 201 len: 830 time: 0.5689824
2026-07-08 16:49:32.953 9 WARNING neutron_lib.context [None req-8837d0bc-3688-40a9-8e1f-cfee1b716d5a 77479936a0734a1ea7a1f1a503d6d21a e249e688ca4b47b9af865e38a86e740d - - default default] Method 'is_advsvc' is deprecated since 2023.2 release (neutron-lib 3.8.0) and will be removed once support for the old RBAC API policies will be removed from Neutron. Please use method 'is_service_role' instead.
2026-07-08 16:49:32.976 9 INFO neutron.api.wsgi [req-b9af4462-d67f-47c3-b2bb-2186f161a284 req-4edf4bb0-9ce2-41e8-b363-cc2b016c6f88 eb79f5259edf4cb68071e4e9ea46e2a3 55f034e22be643a981621d93018c7824 - - 49b15faec86749c5a9d548c4b944feec 49b15faec86749c5a9d548c4b944feec] 199.19.213.66 "GET /v2.0/networks/db03b512-a4dd-48f5-a42d-3981ce394e64?fields=segments HTTP/1.1" status: 200 len: 212 time: 0.0560932
2026-07-08 16:49:33.028 9 INFO neutron.api.wsgi [req-b9af4462-d67f-47c3-b2bb-2186f161a284 req-d6c43b02-6fe0-4bca-8901-4c55e5d1851f eb79f5259edf4cb68071e4e9ea46e2a3 55f034e22be643a981621d93018c7824 - - 49b15faec86749c5a9d548c4b944feec 49b15faec86749c5a9d548c4b944feec] 199.19.213.66 "GET /v2.0/networks/db03b512-a4dd-48f5-a42d-3981ce394e64?fields=provider%3Aphysical_network&fields=provider%3Anetwork_type HTTP/1.1" status: 200 len: 277 time: 0.0462110
2026-07-08 16:49:33.154 9 WARNING neutron.scheduler.dhcp_agent_scheduler [None req-8837d0bc-3688-40a9-8e1f-cfee1b716d5a 77479936a0734a1ea7a1f1a503d6d21a e249e688ca4b47b9af865e38a86e740d - - default default] No more DHCP agents
2026-07-08 16:49:33.155 9 WARNING neutron.api.rpc.agentnotifiers.dhcp_rpc_agent_api [None req-8837d0bc-3688-40a9-8e1f-cfee1b716d5a 77479936a0734a1ea7a1f1a503d6d21a e249e688ca4b47b9af865e38a86e740d - - default default] Unable to schedule network f01cf5a9-2190-4840-a923-3fc29faff5f9: no agents available; will retry on subsequent port and subnet creation events.
2026-07-08 16:49:33.631 9 INFO neutron.db.ovn_revision_numbers_db [None req-157104c2-c7ea-4d12-ab3a-799cae86c657 - - - - - -] Successfully bumped revision number for resource f440f19f-9647-4b35-93cc-90cc6ed8d9be (type: ports) to 2
2026-07-08 16:49:33.671 9 INFO neutron.db.ovn_revision_numbers_db [None req-157104c2-c7ea-4d12-ab3a-799cae86c657 - - - - - -] Successfully bumped revision number for resource b38510d5-f81f-4667-ae7a-d87b32d873a1 (type: subnets) to 0
2026-07-08 16:49:33.689 9 INFO neutron.api.wsgi [None req-8837d0bc-3688-40a9-8e1f-cfee1b716d5a 77479936a0734a1ea7a1f1a503d6d21a e249e688ca4b47b9af865e38a86e740d - - default default] 10.0.0.6 "POST /v2.0/subnets HTTP/1.1" status: 201 len: 825 time: 0.7414885
2026-07-08 16:49:33.697 9 WARNING neutron_lib.context [None req-9844755a-38a7-4509-826d-532dc5fa1eae 77479936a0734a1ea7a1f1a503d6d21a e249e688ca4b47b9af865e38a86e740d - - default default] Method 'is_advsvc' is deprecated since 2023.2 release (neutron-lib 3.8.0) and will be removed once support for the old RBAC API policies will be removed from Neutron. Please use method 'is_service_role' instead.
2026-07-08 16:49:33.971 9 WARNING neutron.scheduler.dhcp_agent_scheduler [None req-9844755a-38a7-4509-826d-532dc5fa1eae 77479936a0734a1ea7a1f1a503d6d21a e249e688ca4b47b9af865e38a86e740d - - default default] No more DHCP agents
2026-07-08 16:49:33.972 9 WARNING neutron.api.rpc.agentnotifiers.dhcp_rpc_agent_api [None req-9844755a-38a7-4509-826d-532dc5fa1eae 77479936a0734a1ea7a1f1a503d6d21a e249e688ca4b47b9af865e38a86e740d - - default default] Unable to schedule network f01cf5a9-2190-4840-a923-3fc29faff5f9: no agents available; will retry on subsequent port and subnet creation events.
2026-07-08 16:49:34.109 9 INFO neutron.db.ovn_revision_numbers_db [None req-9844755a-38a7-4509-826d-532dc5fa1eae 77479936a0734a1ea7a1f1a503d6d21a e249e688ca4b47b9af865e38a86e740d - - default default] Successfully bumped revision number for resource 741c848e-f5de-4111-8498-e3709593ca53 (type: ports) to 1
2026-07-08 16:49:34.132 9 INFO neutron.api.wsgi [None req-9844755a-38a7-4509-826d-532dc5fa1eae 77479936a0734a1ea7a1f1a503d6d21a e249e688ca4b47b9af865e38a86e740d - - default default] 10.0.0.6 "POST /v2.0/ports HTTP/1.1" status: 201 len: 1114 time: 0.4391315
2026-07-08 16:49:34.718 9 INFO neutron.api.wsgi [None req-b028e99e-ea52-47a2-991d-edf17a38761d 77479936a0734a1ea7a1f1a503d6d21a e249e688ca4b47b9af865e38a86e740d - - default default] 10.0.0.6 "DELETE /v2.0/ports/741c848e-f5de-4111-8498-e3709593ca53 HTTP/1.1" status: 204 len: 168 time: 0.5806158
2026-07-08 16:49:34.730 10 WARNING neutron_lib.context [None req-c50d0ec2-6c91-49ee-a72e-2976359db653 f8200eaa3ac54bb8bac1f91ba9916b6e 05237a7dbc9b4b5aa56a6385dbbd62b4 - - default default] Method 'is_advsvc' is deprecated since 2023.2 release (neutron-lib 3.8.0) and will be removed once support for the old RBAC API policies will be removed from Neutron. Please use method 'is_service_role' instead.
2026-07-08 16:49:34.737 9 INFO neutron.pecan_wsgi.hooks.translation [None req-ea3bd246-a241-4b5a-9ab6-ff14b0a509b2 77479936a0734a1ea7a1f1a503d6d21a e249e688ca4b47b9af865e38a86e740d - - default default] GET failed (client error): The resource could not be found.
2026-07-08 16:49:34.739 9 INFO neutron.api.wsgi [None req-ea3bd246-a241-4b5a-9ab6-ff14b0a509b2 77479936a0734a1ea7a1f1a503d6d21a e249e688ca4b47b9af865e38a86e740d - - default default] 10.0.0.6 "GET /v2.0/ports/741c848e-f5de-4111-8498-e3709593ca53 HTTP/1.1" status: 404 len: 333 time: 0.0154400
2026-07-08 16:49:34.877 10 INFO neutron.db.ovn_revision_numbers_db [None req-c50d0ec2-6c91-49ee-a72e-2976359db653 f8200eaa3ac54bb8bac1f91ba9916b6e 05237a7dbc9b4b5aa56a6385dbbd62b4 - - default default] Successfully bumped revision number for resource 327a01e9-d820-4ec9-a7bf-31149e416fae (type: security_groups) to 1
2026-07-08 16:49:34.916 10 INFO neutron.db.ovn_revision_numbers_db [None req-c50d0ec2-6c91-49ee-a72e-2976359db653 f8200eaa3ac54bb8bac1f91ba9916b6e 05237a7dbc9b4b5aa56a6385dbbd62b4 - - default default] Successfully bumped revision number for resource 4fb5c150-3055-4419-af91-bdb862846bda (type: security_group_rules) to 0
2026-07-08 16:49:34.939 10 INFO neutron.db.ovn_revision_numbers_db [None req-c50d0ec2-6c91-49ee-a72e-2976359db653 f8200eaa3ac54bb8bac1f91ba9916b6e 05237a7dbc9b4b5aa56a6385dbbd62b4 - - default default] Successfully bumped revision number for resource 93466519-a8db-4521-9211-0444eab99144 (type: security_group_rules) to 0
2026-07-08 16:49:34.948 9 INFO neutron.api.wsgi [None req-991cf69e-fdbb-4f82-9093-a765f2e572d2 77479936a0734a1ea7a1f1a503d6d21a e249e688ca4b47b9af865e38a86e740d - - default default] 10.0.0.6 "DELETE /v2.0/subnets/b38510d5-f81f-4667-ae7a-d87b32d873a1 HTTP/1.1" status: 204 len: 168 time: 0.2031736
2026-07-08 16:49:34.967 10 INFO neutron.db.ovn_revision_numbers_db [None req-c50d0ec2-6c91-49ee-a72e-2976359db653 f8200eaa3ac54bb8bac1f91ba9916b6e 05237a7dbc9b4b5aa56a6385dbbd62b4 - - default default] Successfully bumped revision number for resource c922865c-77e3-4fb8-b74e-1987a065a7bd (type: security_group_rules) to 0
2026-07-08 16:49:34.985 10 INFO neutron.db.ovn_revision_numbers_db [None req-c50d0ec2-6c91-49ee-a72e-2976359db653 f8200eaa3ac54bb8bac1f91ba9916b6e 05237a7dbc9b4b5aa56a6385dbbd62b4 - - default default] Successfully bumped revision number for resource dde614fb-2a34-48a8-bb30-27f9cc546435 (type: security_group_rules) to 0
2026-07-08 16:49:35.071 10 INFO neutron.db.segments_db [None req-c50d0ec2-6c91-49ee-a72e-2976359db653 f8200eaa3ac54bb8bac1f91ba9916b6e 05237a7dbc9b4b5aa56a6385dbbd62b4 - - default default] Added segment 3475cf57-8bf6-4005-8cf3-ca382095169f of type geneve for network ebb1ef69-1c7a-405e-9194-cba32c6a70e1
2026-07-08 16:49:35.191 10 INFO neutron.db.ovn_revision_numbers_db [None req-c50d0ec2-6c91-49ee-a72e-2976359db653 f8200eaa3ac54bb8bac1f91ba9916b6e 05237a7dbc9b4b5aa56a6385dbbd62b4 - - default default] Successfully bumped revision number for resource ebb1ef69-1c7a-405e-9194-cba32c6a70e1 (type: networks) to 1
2026-07-08 16:49:35.281 9 INFO neutron.services.segments.plugin [-] Segment ed16d55b-67e1-473b-8b11-eed8239827c1 resource provider aggregate not found
2026-07-08 16:49:35.286 9 INFO neutron.services.segments.plugin [-] Segment ed16d55b-67e1-473b-8b11-eed8239827c1 resource provider aggregate not found
2026-07-08 16:49:35.298 9 INFO neutron.services.segments.plugin [-] Segment ed16d55b-67e1-473b-8b11-eed8239827c1 resource provider not found; error: Placement Client Error (4xx): {"errors": [{"status": 404, "title": "Not Found", "detail": "The resource could not be found.\n\n No resource provider with uuid ed16d55b-67e1-473b-8b11-eed8239827c1 found for delete ", "request_id": "req-f446f353-f687-46db-a2e9-aa7f8dafe159"}]}
2026-07-08 16:49:35.300 9 INFO neutron.services.segments.plugin [-] Segment ed16d55b-67e1-473b-8b11-eed8239827c1 resource provider not found; error: Placement Client Error (4xx): {"errors": [{"status": 404, "title": "Not Found", "detail": "The resource could not be found.\n\n No resource provider with uuid ed16d55b-67e1-473b-8b11-eed8239827c1 found for delete ", "request_id": "req-18c0cd74-4c9c-48ad-9f9b-d87b053d9f9e"}]}
2026-07-08 16:49:35.316 9 INFO neutron.api.wsgi [None req-5bcc2c25-2520-4911-8a28-e5f23760ffdc 77479936a0734a1ea7a1f1a503d6d21a e249e688ca4b47b9af865e38a86e740d - - default default] 10.0.0.6 "DELETE /v2.0/networks/f01cf5a9-2190-4840-a923-3fc29faff5f9 HTTP/1.1" status: 204 len: 168 time: 0.3604774
2026-07-08 16:49:35.328 9 WARNING neutron_lib.context [None req-4651a850-1fd4-4d98-ad13-7bef01da15e2 77479936a0734a1ea7a1f1a503d6d21a e249e688ca4b47b9af865e38a86e740d - - default default] Method 'is_advsvc' is deprecated since 2023.2 release (neutron-lib 3.8.0) and will be removed once support for the old RBAC API policies will be removed from Neutron. Please use method 'is_service_role' instead.
2026-07-08 16:49:35.372 10 WARNING neutron.scheduler.dhcp_agent_scheduler [None req-c50d0ec2-6c91-49ee-a72e-2976359db653 f8200eaa3ac54bb8bac1f91ba9916b6e 05237a7dbc9b4b5aa56a6385dbbd62b4 - - default default] No more DHCP agents
2026-07-08 16:49:35.374 10 WARNING neutron.api.rpc.agentnotifiers.dhcp_rpc_agent_api [None req-c50d0ec2-6c91-49ee-a72e-2976359db653 f8200eaa3ac54bb8bac1f91ba9916b6e 05237a7dbc9b4b5aa56a6385dbbd62b4 - - default default] Unable to schedule network ebb1ef69-1c7a-405e-9194-cba32c6a70e1: no agents available; will retry on subsequent port and subnet creation events.
2026-07-08 16:49:35.477 10 INFO neutron.db.ovn_revision_numbers_db [None req-c50d0ec2-6c91-49ee-a72e-2976359db653 f8200eaa3ac54bb8bac1f91ba9916b6e 05237a7dbc9b4b5aa56a6385dbbd62b4 - - default default] Successfully bumped revision number for resource 922a5c23-9d10-4d9e-92a1-7b8ed8b218a2 (type: ports) to 1
2026-07-08 16:49:35.501 10 INFO neutron.api.wsgi [None req-c50d0ec2-6c91-49ee-a72e-2976359db653 f8200eaa3ac54bb8bac1f91ba9916b6e 05237a7dbc9b4b5aa56a6385dbbd62b4 - - default default] 10.0.0.6 "POST /v2.0/networks HTTP/1.1" status: 201 len: 848 time: 0.9291344
2026-07-08 16:49:35.511 10 WARNING neutron_lib.context [None req-e63bb69d-d302-4472-9158-007fdb9414f5 f8200eaa3ac54bb8bac1f91ba9916b6e 05237a7dbc9b4b5aa56a6385dbbd62b4 - - default default] Method 'is_advsvc' is deprecated since 2023.2 release (neutron-lib 3.8.0) and will be removed once support for the old RBAC API policies will be removed from Neutron. Please use method 'is_service_role' instead.
2026-07-08 16:49:35.578 9 WARNING neutron.scheduler.dhcp_agent_scheduler [None req-4651a850-1fd4-4d98-ad13-7bef01da15e2 77479936a0734a1ea7a1f1a503d6d21a e249e688ca4b47b9af865e38a86e740d - - default default] No more DHCP agents
2026-07-08 16:49:35.580 9 WARNING neutron.api.rpc.agentnotifiers.dhcp_rpc_agent_api [None req-4651a850-1fd4-4d98-ad13-7bef01da15e2 77479936a0734a1ea7a1f1a503d6d21a e249e688ca4b47b9af865e38a86e740d - - default default] Unable to schedule network 4917d8af-74a1-49dc-a954-b51a402d6226: no agents available; will retry on subsequent port and subnet creation events.
2026-07-08 16:49:35.639 9 INFO neutron.db.ovn_revision_numbers_db [None req-4651a850-1fd4-4d98-ad13-7bef01da15e2 77479936a0734a1ea7a1f1a503d6d21a e249e688ca4b47b9af865e38a86e740d - - default default] Successfully bumped revision number for resource 93e7ce18-82f1-45cd-b696-d9ec4506fbc5 (type: ports) to 1
2026-07-08 16:49:35.656 9 INFO neutron.api.wsgi [None req-4651a850-1fd4-4d98-ad13-7bef01da15e2 77479936a0734a1ea7a1f1a503d6d21a e249e688ca4b47b9af865e38a86e740d - - default default] 10.0.0.6 "POST /v2.0/ports HTTP/1.1" status: 201 len: 974 time: 0.3332884 /var/lib/openstack/lib/python3.12/site-packages/pycadf/identifier.py:71: UserWarning: Invalid uuid: neutron. To ensure interoperability, identifiers should be a valid uuid. warnings.warn(('Invalid uuid: %s. To ensure interoperability, '
2026-07-08 16:49:35.739 10 WARNING neutron.scheduler.dhcp_agent_scheduler [None req-e63bb69d-d302-4472-9158-007fdb9414f5 f8200eaa3ac54bb8bac1f91ba9916b6e 05237a7dbc9b4b5aa56a6385dbbd62b4 - - default default] No more DHCP agents
2026-07-08 16:49:35.740 10 WARNING neutron.api.rpc.agentnotifiers.dhcp_rpc_agent_api [None req-e63bb69d-d302-4472-9158-007fdb9414f5 f8200eaa3ac54bb8bac1f91ba9916b6e 05237a7dbc9b4b5aa56a6385dbbd62b4 - - default default] Unable to schedule network ebb1ef69-1c7a-405e-9194-cba32c6a70e1: no agents available; will retry on subsequent port and subnet creation events.
2026-07-08 16:49:35.761 10 INFO neutron.db.ovn_revision_numbers_db [None req-e63bb69d-d302-4472-9158-007fdb9414f5 f8200eaa3ac54bb8bac1f91ba9916b6e 05237a7dbc9b4b5aa56a6385dbbd62b4 - - default default] Successfully bumped revision number for resource 0a245adf-323f-47f8-a298-cad15361108c (type: subnets) to 0
2026-07-08 16:49:35.775 10 INFO neutron.api.wsgi [None req-e63bb69d-d302-4472-9158-007fdb9414f5 f8200eaa3ac54bb8bac1f91ba9916b6e 05237a7dbc9b4b5aa56a6385dbbd62b4 - - default default] 10.0.0.6 "POST /v2.0/subnets HTTP/1.1" status: 201 len: 826 time: 0.2692831
2026-07-08 16:49:35.784 10 WARNING neutron_lib.context [None req-4ac89b1d-22b7-4783-897e-e337ac0743df f8200eaa3ac54bb8bac1f91ba9916b6e 05237a7dbc9b4b5aa56a6385dbbd62b4 - - default default] Method 'is_advsvc' is deprecated since 2023.2 release (neutron-lib 3.8.0) and will be removed once support for the old RBAC API policies will be removed from Neutron. Please use method 'is_service_role' instead.
2026-07-08 16:49:35.878 10 INFO neutron.plugins.ml2.drivers.ovn.mech_driver.mech_driver [None req-89a6ffe7-a05c-4f5e-a9e7-62918cab38d1 - - - - - -] OVN reports status down for port: 93e7ce18-82f1-45cd-b696-d9ec4506fbc5
2026-07-08 16:49:35.899 9 INFO neutron.db.ovn_revision_numbers_db [None req-d4b7a33f-8064-4a46-91c5-90d00a6ac09e 77479936a0734a1ea7a1f1a503d6d21a e249e688ca4b47b9af865e38a86e740d - - default default] Successfully bumped revision number for resource 93e7ce18-82f1-45cd-b696-d9ec4506fbc5 (type: ports) to 2
2026-07-08 16:49:35.908 9 INFO neutron.api.wsgi [None req-d4b7a33f-8064-4a46-91c5-90d00a6ac09e 77479936a0734a1ea7a1f1a503d6d21a e249e688ca4b47b9af865e38a86e740d - - default default] 10.0.0.6 "PUT /v2.0/ports/93e7ce18-82f1-45cd-b696-d9ec4506fbc5 HTTP/1.1" status: 200 len: 946 time: 0.2455885 /var/lib/openstack/lib/python3.12/site-packages/pycadf/identifier.py:71: UserWarning: Invalid uuid: neutron. To ensure interoperability, identifiers should be a valid uuid. warnings.warn(('Invalid uuid: %s. To ensure interoperability, '
2026-07-08 16:49:36.141 9 INFO neutron.api.wsgi [None req-455c782f-a025-4df9-af01-2a2999d86ed0 77479936a0734a1ea7a1f1a503d6d21a e249e688ca4b47b9af865e38a86e740d - - default default] 10.0.0.6 "DELETE /v2.0/ports/93e7ce18-82f1-45cd-b696-d9ec4506fbc5 HTTP/1.1" status: 204 len: 168 time: 0.2263753
2026-07-08 16:49:36.187 9 INFO neutron.api.wsgi [None req-09defe03-ba6f-4a93-95c5-3319f0241f8b 77479936a0734a1ea7a1f1a503d6d21a e249e688ca4b47b9af865e38a86e740d - - default default] 10.0.0.6 "GET /v2.0/ports HTTP/1.1" status: 200 len: 1729 time: 0.0399709
