2026-07-08 16:21:22.011 10 INFO neutron.api.wsgi [-] 10.0.0.223 "GET / HTTP/1.1" status: 200 len: 246 time: 0.0015197
2026-07-08 16:21:37.009 9 INFO neutron.api.wsgi [-] 10.0.0.223 "GET / HTTP/1.1" status: 200 len: 246 time: 0.0014911
2026-07-08 16:21:37.015 9 INFO neutron.api.wsgi [-] 10.0.0.223 "GET / HTTP/1.1" status: 200 len: 246 time: 0.0058322
2026-07-08 16:21:52.008 9 INFO neutron.api.wsgi [-] 10.0.0.223 "GET / HTTP/1.1" status: 200 len: 246 time: 0.0016265
2026-07-08 16:21:52.009 10 INFO neutron.api.wsgi [-] 10.0.0.223 "GET / HTTP/1.1" status: 200 len: 246 time: 0.0020099
2026-07-08 16:22:07.009 9 INFO neutron.api.wsgi [-] 10.0.0.223 "GET / HTTP/1.1" status: 200 len: 246 time: 0.0024366
2026-07-08 16:22:07.009 10 INFO neutron.api.wsgi [-] 10.0.0.223 "GET / HTTP/1.1" status: 200 len: 246 time: 0.0024586
2026-07-08 16:22:09.257 15 INFO neutron.db.ovn_revision_numbers_db [None req-a015359e-68c5-4404-8e80-a34f30fe093b - - - - - -] Successfully bumped revision number for resource e87c4b8b-34e1-40cb-8e92-c0afe9ddca38 (type: networks) to 2
2026-07-08 16:22:09.312 15 INFO neutron.db.ovn_revision_numbers_db [None req-a015359e-68c5-4404-8e80-a34f30fe093b - - - - - -] Successfully bumped revision number for resource 4bab1def-021f-4f16-9b43-0176aefaf47b (type: security_groups) to 6
2026-07-08 16:22:09.396 15 INFO neutron.db.ovn_revision_numbers_db [None req-a015359e-68c5-4404-8e80-a34f30fe093b - - - - - -] Successfully bumped revision number for resource a90abd5b-5e45-4fe7-ac5a-8ed97350a43f (type: security_groups) to 3
2026-07-08 16:22:09.397 15 INFO neutron.plugins.ml2.drivers.ovn.mech_driver.ovsdb.maintenance [None req-a015359e-68c5-4404-8e80-a34f30fe093b - - - - - -] OVN maintenance task check_for_inconsistencies finished in 0.234 seconds
2026-07-08 16:22:22.008 10 INFO neutron.api.wsgi [-] 10.0.0.223 "GET / HTTP/1.1" status: 200 len: 246 time: 0.0013611
2026-07-08 16:22:22.009 9 INFO neutron.api.wsgi [-] 10.0.0.223 "GET / HTTP/1.1" status: 200 len: 246 time: 0.0018950
2026-07-08 16:22:37.009 9 INFO neutron.api.wsgi [-] 10.0.0.223 "GET / HTTP/1.1" status: 200 len: 246 time: 0.0024221
2026-07-08 16:22:37.010 10 INFO neutron.api.wsgi [-] 10.0.0.223 "GET / HTTP/1.1" status: 200 len: 246 time: 0.0033648
2026-07-08 16:22:52.009 10 INFO neutron.api.wsgi [-] 10.0.0.223 "GET / HTTP/1.1" status: 200 len: 246 time: 0.0016608
2026-07-08 16:22:52.012 9 INFO neutron.api.wsgi [-] 10.0.0.223 "GET / HTTP/1.1" status: 200 len: 246 time: 0.0042951
2026-07-08 16:23:07.009 9 INFO neutron.api.wsgi [-] 10.0.0.223 "GET / HTTP/1.1" status: 200 len: 246 time: 0.0025918
2026-07-08 16:23:07.010 10 INFO neutron.api.wsgi [-] 10.0.0.223 "GET / HTTP/1.1" status: 200 len: 246 time: 0.0034578
2026-07-08 16:23:22.010 10 INFO neutron.api.wsgi [-] 10.0.0.223 "GET / HTTP/1.1" status: 200 len: 246 time: 0.0030580
2026-07-08 16:23:22.011 9 INFO neutron.api.wsgi [-] 10.0.0.223 "GET / HTTP/1.1" status: 200 len: 246 time: 0.0031087
2026-07-08 16:23:37.010 10 INFO neutron.api.wsgi [-] 10.0.0.223 "GET / HTTP/1.1" status: 200 len: 246 time: 0.0025139
2026-07-08 16:23:37.011 9 INFO neutron.api.wsgi [-] 10.0.0.223 "GET / HTTP/1.1" status: 200 len: 246 time: 0.0029416
2026-07-08 16:23:52.010 10 INFO neutron.api.wsgi [-] 10.0.0.223 "GET / HTTP/1.1" status: 200 len: 246 time: 0.0024638
2026-07-08 16:23:52.010 9 INFO neutron.api.wsgi [-] 10.0.0.223 "GET / HTTP/1.1" status: 200 len: 246 time: 0.0027363
2026-07-08 16:24:07.011 9 INFO neutron.api.wsgi [-] 10.0.0.223 "GET / HTTP/1.1" status: 200 len: 246 time: 0.0036891
2026-07-08 16:24:07.013 9 INFO neutron.api.wsgi [-] 10.0.0.223 "GET / HTTP/1.1" status: 200 len: 246 time: 0.0017533
2026-07-08 16:24:22.010 10 INFO neutron.api.wsgi [-] 10.0.0.223 "GET / HTTP/1.1" status: 200 len: 246 time: 0.0031016
2026-07-08 16:24:22.012 10 INFO neutron.api.wsgi [-] 10.0.0.223 "GET / HTTP/1.1" status: 200 len: 246 time: 0.0011907
2026-07-08 16:24:37.010 10 INFO neutron.api.wsgi [-] 10.0.0.223 "GET / HTTP/1.1" status: 200 len: 246 time: 0.0025215
2026-07-08 16:24:37.012 9 INFO neutron.api.wsgi [-] 10.0.0.223 "GET / HTTP/1.1" status: 200 len: 246 time: 0.0026305
2026-07-08 16:24:52.009 9 INFO neutron.api.wsgi [-] 10.0.0.223 "GET / HTTP/1.1" status: 200 len: 246 time: 0.0018928
2026-07-08 16:24:52.012 9 INFO neutron.api.wsgi [-] 10.0.0.223 "GET / HTTP/1.1" status: 200 len: 246 time: 0.0024359
2026-07-08 16:25:07.010 10 INFO neutron.api.wsgi [-] 10.0.0.223 "GET / HTTP/1.1" status: 200 len: 246 time: 0.0032291
2026-07-08 16:25:07.014 10 INFO neutron.api.wsgi [-] 10.0.0.223 "GET / HTTP/1.1" status: 200 len: 246 time: 0.0027270
2026-07-08 16:25:22.008 9 INFO neutron.api.wsgi [-] 10.0.0.223 "GET / HTTP/1.1" status: 200 len: 246 time: 0.0015261
2026-07-08 16:25:22.010 9 INFO neutron.api.wsgi [-] 10.0.0.223 "GET / HTTP/1.1" status: 200 len: 246 time: 0.0011947
2026-07-08 16:25:37.010 10 INFO neutron.api.wsgi [-] 10.0.0.223 "GET / HTTP/1.1" status: 200 len: 246 time: 0.0027888
2026-07-08 16:25:37.012 9 INFO neutron.api.wsgi [-] 10.0.0.223 "GET / HTTP/1.1" status: 200 len: 246 time: 0.0044584
2026-07-08 16:25:52.008 9 INFO neutron.api.wsgi [-] 10.0.0.223 "GET / HTTP/1.1" status: 200 len: 246 time: 0.0013034
2026-07-08 16:25:52.014 10 INFO neutron.api.wsgi [-] 10.0.0.223 "GET / HTTP/1.1" status: 200 len: 246 time: 0.0069039
2026-07-08 16:26:07.009 9 INFO neutron.api.wsgi [-] 10.0.0.223 "GET / HTTP/1.1" status: 200 len: 246 time: 0.0019422
2026-07-08 16:26:07.009 10 INFO neutron.api.wsgi [-] 10.0.0.223 "GET / HTTP/1.1" status: 200 len: 246 time: 0.0023673
2026-07-08 16:26:22.010 9 INFO neutron.api.wsgi [-] 10.0.0.223 "GET / HTTP/1.1" status: 200 len: 246 time: 0.0028150
2026-07-08 16:26:22.013 9 INFO neutron.api.wsgi [-] 10.0.0.223 "GET / HTTP/1.1" status: 200 len: 246 time: 0.0017922
2026-07-08 16:26:37.009 10 INFO neutron.api.wsgi [-] 10.0.0.223 "GET / HTTP/1.1" status: 200 len: 246 time: 0.0014892
2026-07-08 16:26:37.009 9 INFO neutron.api.wsgi [-] 10.0.0.223 "GET / HTTP/1.1" status: 200 len: 246 time: 0.0015693
2026-07-08 16:26:52.010 10 INFO neutron.api.wsgi [-] 10.0.0.223 "GET / HTTP/1.1" status: 200 len: 246 time: 0.0027845
2026-07-08 16:26:52.012 10 INFO neutron.api.wsgi [-] 10.0.0.223 "GET / HTTP/1.1" status: 200 len: 246 time: 0.0013964
2026-07-08 16:26:54.571 10 INFO neutron.api.v2.resource [None req-cb45593f-0839-426a-b9ea-9a2ef194206e 8057a3b54f3c49eb8c48efc6513d7feb 6ccd7419d0ec40d0b630d2276fdc26f8 - - default default] show failed (client error): The resource could not be found.
2026-07-08 16:26:54.572 10 INFO neutron.api.wsgi [None req-cb45593f-0839-426a-b9ea-9a2ef194206e 8057a3b54f3c49eb8c48efc6513d7feb 6ccd7419d0ec40d0b630d2276fdc26f8 - - default default] 199.19.213.66,10.0.0.223 "GET /v2.0/security-groups/manila-service-security-group?project_id=55f034e22be643a981621d93018c7824 HTTP/1.1" status: 404 len: 321 time: 0.1302722
2026-07-08 16:26:54.713 10 INFO neutron.db.ovn_revision_numbers_db [None req-244cab83-8c5c-48a1-934c-686b038ccd6e 8057a3b54f3c49eb8c48efc6513d7feb 6ccd7419d0ec40d0b630d2276fdc26f8 - - default default] Successfully bumped revision number for resource c9e3df8a-efed-4ab1-8554-50523e2cd8d9 (type: security_groups) to 1
2026-07-08 16:26:54.728 10 INFO neutron.db.ovn_revision_numbers_db [None req-244cab83-8c5c-48a1-934c-686b038ccd6e 8057a3b54f3c49eb8c48efc6513d7feb 6ccd7419d0ec40d0b630d2276fdc26f8 - - default default] Successfully bumped revision number for resource 015ec894-e486-4f7f-a662-dade2bdefd94 (type: security_group_rules) to 0
2026-07-08 16:26:54.748 10 INFO neutron.db.ovn_revision_numbers_db [None req-244cab83-8c5c-48a1-934c-686b038ccd6e 8057a3b54f3c49eb8c48efc6513d7feb 6ccd7419d0ec40d0b630d2276fdc26f8 - - default default] Successfully bumped revision number for resource 5668c978-4aa3-4834-a29b-43db24a2bfa8 (type: security_group_rules) to 0
2026-07-08 16:26:54.763 10 INFO neutron.db.ovn_revision_numbers_db [None req-244cab83-8c5c-48a1-934c-686b038ccd6e 8057a3b54f3c49eb8c48efc6513d7feb 6ccd7419d0ec40d0b630d2276fdc26f8 - - default default] Successfully bumped revision number for resource 578260f1-aea5-4b56-b492-0e9bfbb026a7 (type: security_group_rules) to 0
2026-07-08 16:26:54.775 10 INFO neutron.db.ovn_revision_numbers_db [None req-244cab83-8c5c-48a1-934c-686b038ccd6e 8057a3b54f3c49eb8c48efc6513d7feb 6ccd7419d0ec40d0b630d2276fdc26f8 - - default default] Successfully bumped revision number for resource ac8988a0-12fd-485b-9445-eb5b93f9638e (type: security_group_rules) to 0
2026-07-08 16:26:54.814 10 INFO neutron.api.wsgi [None req-244cab83-8c5c-48a1-934c-686b038ccd6e 8057a3b54f3c49eb8c48efc6513d7feb 6ccd7419d0ec40d0b630d2276fdc26f8 - - default default] 199.19.213.66,10.0.0.223 "GET /v2.0/security-groups?name=manila-service-security-group&project_id=55f034e22be643a981621d93018c7824 HTTP/1.1" status: 200 len: 197 time: 0.2378781
2026-07-08 16:26:55.010 10 INFO neutron.db.ovn_revision_numbers_db [None req-3119fca0-aa6f-407b-8c96-66e2e42940ce 8057a3b54f3c49eb8c48efc6513d7feb 6ccd7419d0ec40d0b630d2276fdc26f8 - - default default] Successfully bumped revision number for resource 6d942d78-454b-4e2e-ba0d-2b43e80c5400 (type: security_groups) to 1
2026-07-08 16:26:55.024 10 INFO neutron.db.ovn_revision_numbers_db [None req-3119fca0-aa6f-407b-8c96-66e2e42940ce 8057a3b54f3c49eb8c48efc6513d7feb 6ccd7419d0ec40d0b630d2276fdc26f8 - - default default] Successfully bumped revision number for resource 091cade4-4ccd-4cc0-b2d5-c91833fc92ec (type: security_group_rules) to 0
2026-07-08 16:26:55.040 10 INFO neutron.db.ovn_revision_numbers_db [None req-3119fca0-aa6f-407b-8c96-66e2e42940ce 8057a3b54f3c49eb8c48efc6513d7feb 6ccd7419d0ec40d0b630d2276fdc26f8 - - default default] Successfully bumped revision number for resource 6b96aa28-1cdb-490d-a0a2-de858f0da8c3 (type: security_group_rules) to 0
2026-07-08 16:26:55.072 10 INFO neutron.api.wsgi [None req-3119fca0-aa6f-407b-8c96-66e2e42940ce 8057a3b54f3c49eb8c48efc6513d7feb 6ccd7419d0ec40d0b630d2276fdc26f8 - - default default] 199.19.213.66,10.0.0.223 "POST /v2.0/security-groups HTTP/1.1" status: 201 len: 1805 time: 0.1833668
2026-07-08 16:26:56.137 10 INFO neutron.api.wsgi [None req-4d81f38e-2a18-4683-ad87-291b902a1d51 8057a3b54f3c49eb8c48efc6513d7feb 6ccd7419d0ec40d0b630d2276fdc26f8 - - default default] 199.19.213.66,10.0.0.223 "GET /v2.0/security-groups/6d942d78-454b-4e2e-ba0d-2b43e80c5400?project_id=55f034e22be643a981621d93018c7824 HTTP/1.1" status: 200 len: 1800 time: 0.0455310
2026-07-08 16:26:56.169 10 INFO neutron.api.wsgi [None req-7d9fa286-0a7c-41e2-95f0-c1b6baa0a231 8057a3b54f3c49eb8c48efc6513d7feb 6ccd7419d0ec40d0b630d2276fdc26f8 - - default default] 199.19.213.66,10.0.0.223 "GET /v2.0/security-groups/6d942d78-454b-4e2e-ba0d-2b43e80c5400 HTTP/1.1" status: 200 len: 1800 time: 0.0227826
2026-07-08 16:26:56.262 10 INFO neutron.api.wsgi [None req-b5c221f7-d274-47a1-a553-b0c4fd5fead6 8057a3b54f3c49eb8c48efc6513d7feb 6ccd7419d0ec40d0b630d2276fdc26f8 - - default default] 199.19.213.66,10.0.0.223 "GET /v2.0/security-groups/6d942d78-454b-4e2e-ba0d-2b43e80c5400?project_id=55f034e22be643a981621d93018c7824 HTTP/1.1" status: 200 len: 1800 time: 0.0213904
2026-07-08 16:26:56.391 10 INFO neutron.db.ovn_revision_numbers_db [None req-2907bf02-20a9-4dfa-8b25-be2d2fbddfa5 8057a3b54f3c49eb8c48efc6513d7feb 6ccd7419d0ec40d0b630d2276fdc26f8 - - default default] Successfully bumped revision number for resource 11df8cf3-a5b9-460a-a584-a2d7b05b7f51 (type: security_group_rules) to 0
2026-07-08 16:26:56.425 10 INFO neutron.api.wsgi [None req-2907bf02-20a9-4dfa-8b25-be2d2fbddfa5 8057a3b54f3c49eb8c48efc6513d7feb 6ccd7419d0ec40d0b630d2276fdc26f8 - - default default] 199.19.213.66,10.0.0.223 "POST /v2.0/security-group-rules HTTP/1.1" status: 201 len: 777 time: 0.1528275
2026-07-08 16:26:57.368 10 INFO neutron.api.wsgi [None req-a9cd7f9a-7d52-4a0b-994a-c54691533641 8057a3b54f3c49eb8c48efc6513d7feb 6ccd7419d0ec40d0b630d2276fdc26f8 - - default default] 199.19.213.66,10.0.0.223 "GET /v2.0/security-groups/6d942d78-454b-4e2e-ba0d-2b43e80c5400?project_id=55f034e22be643a981621d93018c7824 HTTP/1.1" status: 200 len: 2410 time: 0.0614836
2026-07-08 16:26:57.402 10 INFO neutron.api.wsgi [None req-4f031dbb-5225-4553-bb9c-b40ff7f57ad7 8057a3b54f3c49eb8c48efc6513d7feb 6ccd7419d0ec40d0b630d2276fdc26f8 - - default default] 199.19.213.66,10.0.0.223 "GET /v2.0/security-groups/6d942d78-454b-4e2e-ba0d-2b43e80c5400 HTTP/1.1" status: 200 len: 2410 time: 0.0288935
2026-07-08 16:26:57.484 10 INFO neutron.api.wsgi [None req-e7397b06-a45f-489e-b076-eda7b6ec01aa 8057a3b54f3c49eb8c48efc6513d7feb 6ccd7419d0ec40d0b630d2276fdc26f8 - - default default] 199.19.213.66,10.0.0.223 "GET /v2.0/security-groups/6d942d78-454b-4e2e-ba0d-2b43e80c5400?project_id=55f034e22be643a981621d93018c7824 HTTP/1.1" status: 200 len: 2410 time: 0.0205631
2026-07-08 16:26:57.591 10 INFO neutron.db.ovn_revision_numbers_db [None req-7426d1db-0988-496f-aeb5-28011f6ce4b8 8057a3b54f3c49eb8c48efc6513d7feb 6ccd7419d0ec40d0b630d2276fdc26f8 - - default default] Successfully bumped revision number for resource ceaf35b9-abaa-449b-acf0-c48379299835 (type: security_group_rules) to 0
2026-07-08 16:26:57.613 10 INFO neutron.api.wsgi [None req-7426d1db-0988-496f-aeb5-28011f6ce4b8 8057a3b54f3c49eb8c48efc6513d7feb 6ccd7419d0ec40d0b630d2276fdc26f8 - - default default] 199.19.213.66,10.0.0.223 "POST /v2.0/security-group-rules HTTP/1.1" status: 201 len: 779 time: 0.1228089
2026-07-08 16:26:58.565 10 INFO neutron.api.wsgi [None req-d5d14ece-0193-4e62-a317-42762bcea0a0 8057a3b54f3c49eb8c48efc6513d7feb 6ccd7419d0ec40d0b630d2276fdc26f8 - - default default] 199.19.213.66,10.0.0.223 "GET /v2.0/security-groups/6d942d78-454b-4e2e-ba0d-2b43e80c5400?project_id=55f034e22be643a981621d93018c7824 HTTP/1.1" status: 200 len: 3022 time: 0.0492160
2026-07-08 16:26:58.593 10 INFO neutron.api.wsgi [None req-0d11f3ab-8083-436e-b766-9742c417c5af 8057a3b54f3c49eb8c48efc6513d7feb 6ccd7419d0ec40d0b630d2276fdc26f8 - - default default] 199.19.213.66,10.0.0.223 "GET /v2.0/security-groups/6d942d78-454b-4e2e-ba0d-2b43e80c5400 HTTP/1.1" status: 200 len: 3022 time: 0.0217335
2026-07-08 16:26:58.683 10 INFO neutron.api.wsgi [None req-bc04e680-e02f-4120-a81a-e5ccd0e04f2c 8057a3b54f3c49eb8c48efc6513d7feb 6ccd7419d0ec40d0b630d2276fdc26f8 - - default default] 199.19.213.66,10.0.0.223 "GET /v2.0/security-groups/6d942d78-454b-4e2e-ba0d-2b43e80c5400?project_id=55f034e22be643a981621d93018c7824 HTTP/1.1" status: 200 len: 3022 time: 0.0283237
2026-07-08 16:26:58.802 10 INFO neutron.db.ovn_revision_numbers_db [None req-f181203c-df7c-4ad2-9577-c552d7c112b1 8057a3b54f3c49eb8c48efc6513d7feb 6ccd7419d0ec40d0b630d2276fdc26f8 - - default default] Successfully bumped revision number for resource c9f87d50-6cee-4f40-8823-ca04362e6a07 (type: security_group_rules) to 0
2026-07-08 16:26:58.836 10 INFO neutron.api.wsgi [None req-f181203c-df7c-4ad2-9577-c552d7c112b1 8057a3b54f3c49eb8c48efc6513d7feb 6ccd7419d0ec40d0b630d2276fdc26f8 - - default default] 199.19.213.66,10.0.0.223 "POST /v2.0/security-group-rules HTTP/1.1" status: 201 len: 781 time: 0.1457288
2026-07-08 16:26:59.908 10 INFO neutron.api.wsgi [None req-cb1436a7-f012-48a7-b3b4-080a04eb514b 8057a3b54f3c49eb8c48efc6513d7feb 6ccd7419d0ec40d0b630d2276fdc26f8 - - default default] 199.19.213.66,10.0.0.223 "GET /v2.0/security-groups/6d942d78-454b-4e2e-ba0d-2b43e80c5400?project_id=55f034e22be643a981621d93018c7824 HTTP/1.1" status: 200 len: 3636 time: 0.1030481
2026-07-08 16:26:59.939 10 INFO neutron.api.wsgi [None req-dfdfcbf3-5aa1-4cda-98f2-6bd4a68da5aa 8057a3b54f3c49eb8c48efc6513d7feb 6ccd7419d0ec40d0b630d2276fdc26f8 - - default default] 199.19.213.66,10.0.0.223 "GET /v2.0/security-groups/6d942d78-454b-4e2e-ba0d-2b43e80c5400 HTTP/1.1" status: 200 len: 3636 time: 0.0235195
2026-07-08 16:27:00.030 10 INFO neutron.api.wsgi [None req-e4cdfc42-7afd-4091-a39e-e660238f356b 8057a3b54f3c49eb8c48efc6513d7feb 6ccd7419d0ec40d0b630d2276fdc26f8 - - default default] 199.19.213.66,10.0.0.223 "GET /v2.0/security-groups/6d942d78-454b-4e2e-ba0d-2b43e80c5400?project_id=55f034e22be643a981621d93018c7824 HTTP/1.1" status: 200 len: 3636 time: 0.0257971
2026-07-08 16:27:00.182 10 INFO neutron.db.ovn_revision_numbers_db [None req-296e3cd0-9b98-489e-9f14-4fd4df884d26 8057a3b54f3c49eb8c48efc6513d7feb 6ccd7419d0ec40d0b630d2276fdc26f8 - - default default] Successfully bumped revision number for resource 2cc5730b-4825-435b-85ed-784533f9a911 (type: security_group_rules) to 0
2026-07-08 16:27:00.211 10 INFO neutron.api.wsgi [None req-296e3cd0-9b98-489e-9f14-4fd4df884d26 8057a3b54f3c49eb8c48efc6513d7feb 6ccd7419d0ec40d0b630d2276fdc26f8 - - default default] 199.19.213.66,10.0.0.223 "POST /v2.0/security-group-rules HTTP/1.1" status: 201 len: 782 time: 0.1738887
2026-07-08 16:27:07.008 10 INFO neutron.api.wsgi [-] 10.0.0.223 "GET / HTTP/1.1" status: 200 len: 246 time: 0.0017087
2026-07-08 16:27:07.010 9 INFO neutron.api.wsgi [-] 10.0.0.223 "GET / HTTP/1.1" status: 200 len: 246 time: 0.0034688
2026-07-08 16:27:09.186 15 INFO neutron.plugins.ml2.drivers.ovn.mech_driver.ovsdb.maintenance [None req-a015359e-68c5-4404-8e80-a34f30fe093b - - - - - -] OVN maintenance task check_for_inconsistencies finished in 0.019 seconds
2026-07-08 16:27:22.011 9 INFO neutron.api.wsgi [-] 10.0.0.223 "GET / HTTP/1.1" status: 200 len: 246 time: 0.0033464
2026-07-08 16:27:22.013 9 INFO neutron.api.wsgi [-] 10.0.0.223 "GET / HTTP/1.1" status: 200 len: 246 time: 0.0017002
2026-07-08 16:27:37.009 9 INFO neutron.api.wsgi [-] 10.0.0.223 "GET / HTTP/1.1" status: 200 len: 246 time: 0.0022414
2026-07-08 16:27:37.011 10 INFO neutron.api.wsgi [-] 10.0.0.223 "GET / HTTP/1.1" status: 200 len: 246 time: 0.0036726
2026-07-08 16:27:52.009 9 INFO neutron.api.wsgi [-] 10.0.0.223 "GET / HTTP/1.1" status: 200 len: 246 time: 0.0020161
2026-07-08 16:27:52.010 10 INFO neutron.api.wsgi [-] 10.0.0.223 "GET / HTTP/1.1" status: 200 len: 246 time: 0.0023129
2026-07-08 16:28:07.010 9 INFO neutron.api.wsgi [-] 10.0.0.223 "GET / HTTP/1.1" status: 200 len: 246 time: 0.0024786
2026-07-08 16:28:07.010 10 INFO neutron.api.wsgi [-] 10.0.0.223 "GET / HTTP/1.1" status: 200 len: 246 time: 0.0030951
2026-07-08 16:28:22.010 9 INFO neutron.api.wsgi [-] 10.0.0.223 "GET / HTTP/1.1" status: 200 len: 246 time: 0.0028684
2026-07-08 16:28:22.014 9 INFO neutron.api.wsgi [-] 10.0.0.223 "GET / HTTP/1.1" status: 200 len: 246 time: 0.0026288
2026-07-08 16:28:37.014 9 INFO neutron.api.wsgi [-] 10.0.0.223 "GET / HTTP/1.1" status: 200 len: 246 time: 0.0022779
2026-07-08 16:28:37.015 10 INFO neutron.api.wsgi [-] 10.0.0.223 "GET / HTTP/1.1" status: 200 len: 246 time: 0.0024941
2026-07-08 16:28:52.009 9 INFO neutron.api.wsgi [-] 10.0.0.223 "GET / HTTP/1.1" status: 200 len: 246 time: 0.0021367
2026-07-08 16:28:52.010 10 INFO neutron.api.wsgi [-] 10.0.0.223 "GET / HTTP/1.1" status: 200 len: 246 time: 0.0026875
2026-07-08 16:29:07.010 9 INFO neutron.api.wsgi [-] 10.0.0.223 "GET / HTTP/1.1" status: 200 len: 246 time: 0.0033050
2026-07-08 16:29:07.011 10 INFO neutron.api.wsgi [-] 10.0.0.223 "GET / HTTP/1.1" status: 200 len: 246 time: 0.0038898
2026-07-08 16:29:20.131 10 INFO neutron.api.wsgi [None req-22feb426-d022-42ee-80ad-843b935aad4e 8b4f22ff5ff04a40b3fcc3d205103d9d 55f034e22be643a981621d93018c7824 - - 49b15faec86749c5a9d548c4b944feec 49b15faec86749c5a9d548c4b944feec] 199.19.213.66 "GET /v2.0/networks?tenant_id=55f034e22be643a981621d93018c7824&shared=False HTTP/1.1" status: 200 len: 213 time: 0.1463158
2026-07-08 16:29:20.251 10 INFO neutron.db.segments_db [None req-ac3c3b1f-58f0-4a56-ae67-2be2eae0759c 8b4f22ff5ff04a40b3fcc3d205103d9d 55f034e22be643a981621d93018c7824 - - 49b15faec86749c5a9d548c4b944feec 49b15faec86749c5a9d548c4b944feec] Added segment a01278b5-ea87-41a0-b627-37f14e574dba of type geneve for network 4ac6e3f9-1788-4dce-affa-83824a154544
2026-07-08 16:29:20.617 10 INFO neutron.db.ovn_revision_numbers_db [None req-ac3c3b1f-58f0-4a56-ae67-2be2eae0759c 8b4f22ff5ff04a40b3fcc3d205103d9d 55f034e22be643a981621d93018c7824 - - 49b15faec86749c5a9d548c4b944feec 49b15faec86749c5a9d548c4b944feec] Successfully bumped revision number for resource 4ac6e3f9-1788-4dce-affa-83824a154544 (type: networks) to 1
2026-07-08 16:29:20.886 10 WARNING neutron.scheduler.dhcp_agent_scheduler [None req-ac3c3b1f-58f0-4a56-ae67-2be2eae0759c 8b4f22ff5ff04a40b3fcc3d205103d9d 55f034e22be643a981621d93018c7824 - - 49b15faec86749c5a9d548c4b944feec 49b15faec86749c5a9d548c4b944feec] No more DHCP agents
2026-07-08 16:29:20.889 10 WARNING neutron.api.rpc.agentnotifiers.dhcp_rpc_agent_api [None req-ac3c3b1f-58f0-4a56-ae67-2be2eae0759c 8b4f22ff5ff04a40b3fcc3d205103d9d 55f034e22be643a981621d93018c7824 - - 49b15faec86749c5a9d548c4b944feec 49b15faec86749c5a9d548c4b944feec] Unable to schedule network 4ac6e3f9-1788-4dce-affa-83824a154544: no agents available; will retry on subsequent port and subnet creation events.
2026-07-08 16:29:20.982 10 INFO neutron.db.ovn_revision_numbers_db [None req-ac3c3b1f-58f0-4a56-ae67-2be2eae0759c 8b4f22ff5ff04a40b3fcc3d205103d9d 55f034e22be643a981621d93018c7824 - - 49b15faec86749c5a9d548c4b944feec 49b15faec86749c5a9d548c4b944feec] Successfully bumped revision number for resource 1c2bd616-7468-40d8-b82b-42657044e19a (type: ports) to 1
2026-07-08 16:29:21.010 10 INFO neutron.api.wsgi [None req-ac3c3b1f-58f0-4a56-ae67-2be2eae0759c 8b4f22ff5ff04a40b3fcc3d205103d9d 55f034e22be643a981621d93018c7824 - - 49b15faec86749c5a9d548c4b944feec 49b15faec86749c5a9d548c4b944feec] 199.19.213.66 "POST /v2.0/networks HTTP/1.1" status: 201 len: 925 time: 0.8757446
2026-07-08 16:29:21.047 10 INFO neutron.api.wsgi [None req-fc1fcc17-13bc-4606-9390-eef2267c1af9 8b4f22ff5ff04a40b3fcc3d205103d9d 55f034e22be643a981621d93018c7824 - - 49b15faec86749c5a9d548c4b944feec 49b15faec86749c5a9d548c4b944feec] 199.19.213.66 "GET /v2.0/ports?device_id=manila-share&binding%3Ahost_id=instance HTTP/1.1" status: 200 len: 210 time: 0.0301239
2026-07-08 16:29:21.058 10 INFO neutron.api.wsgi [None req-2da20036-c445-4665-a9fd-88f2fa95e802 8b4f22ff5ff04a40b3fcc3d205103d9d 55f034e22be643a981621d93018c7824 - - 49b15faec86749c5a9d548c4b944feec 49b15faec86749c5a9d548c4b944feec] 199.19.213.66 "GET /v2.0/extensions HTTP/1.1" status: 200 len: 19298 time: 0.0058372
2026-07-08 16:29:21.477 10 WARNING neutron.scheduler.dhcp_agent_scheduler [None req-06f2c407-681b-42ca-b35a-7df0fd2d7967 8b4f22ff5ff04a40b3fcc3d205103d9d 55f034e22be643a981621d93018c7824 - - 49b15faec86749c5a9d548c4b944feec 49b15faec86749c5a9d548c4b944feec] No more DHCP agents
2026-07-08 16:29:21.478 10 WARNING neutron.api.rpc.agentnotifiers.dhcp_rpc_agent_api [None req-06f2c407-681b-42ca-b35a-7df0fd2d7967 8b4f22ff5ff04a40b3fcc3d205103d9d 55f034e22be643a981621d93018c7824 - - 49b15faec86749c5a9d548c4b944feec 49b15faec86749c5a9d548c4b944feec] Unable to schedule network 4ac6e3f9-1788-4dce-affa-83824a154544: no agents available; will retry on subsequent port and subnet creation events.
2026-07-08 16:29:21.720 10 INFO neutron.db.ovn_revision_numbers_db [None req-06f2c407-681b-42ca-b35a-7df0fd2d7967 8b4f22ff5ff04a40b3fcc3d205103d9d 55f034e22be643a981621d93018c7824 - - 49b15faec86749c5a9d548c4b944feec 49b15faec86749c5a9d548c4b944feec] Successfully bumped revision number for resource b805752a-09e2-466e-b983-f35f1ff33bd9 (type: ports) to 1
2026-07-08 16:29:22.008 9 INFO neutron.api.wsgi [-] 10.0.0.223 "GET / HTTP/1.1" status: 200 len: 246 time: 0.0012887
2026-07-08 16:29:22.010 9 INFO neutron.api.wsgi [-] 10.0.0.223 "GET / HTTP/1.1" status: 200 len: 246 time: 0.0009217
2026-07-08 16:29:22.172 10 INFO neutron.db.ovn_revision_numbers_db [None req-06f2c407-681b-42ca-b35a-7df0fd2d7967 8b4f22ff5ff04a40b3fcc3d205103d9d 55f034e22be643a981621d93018c7824 - - 49b15faec86749c5a9d548c4b944feec 49b15faec86749c5a9d548c4b944feec] Successfully bumped revision number for resource b805752a-09e2-466e-b983-f35f1ff33bd9 (type: ports) to 3
2026-07-08 16:29:22.401 10 INFO neutron.api.wsgi [None req-06f2c407-681b-42ca-b35a-7df0fd2d7967 8b4f22ff5ff04a40b3fcc3d205103d9d 55f034e22be643a981621d93018c7824 - - 49b15faec86749c5a9d548c4b944feec 49b15faec86749c5a9d548c4b944feec] 199.19.213.66 "POST /v2.0/ports HTTP/1.1" status: 201 len: 1172 time: 1.3390021
2026-07-08 16:29:22.439 10 INFO neutron.api.wsgi [None req-c4ea8372-1dda-41de-89ce-253b8fc95ae4 8b4f22ff5ff04a40b3fcc3d205103d9d 55f034e22be643a981621d93018c7824 - - 49b15faec86749c5a9d548c4b944feec 49b15faec86749c5a9d548c4b944feec] 199.19.213.66 "GET /v2.0/networks/4ac6e3f9-1788-4dce-affa-83824a154544 HTTP/1.1" status: 200 len: 907 time: 0.0321853
2026-07-08 16:29:23.141 10 INFO neutron.plugins.ml2.drivers.ovn.mech_driver.mech_driver [-] OVN reports status up for port: b805752a-09e2-466e-b983-f35f1ff33bd9
2026-07-08 16:29:23.190 10 INFO neutron.plugins.ml2.plugin [None req-d701987c-6209-495e-81f2-7d402181977e - - - - - -] Attempt 1 to provision port b805752a-09e2-466e-b983-f35f1ff33bd9
2026-07-08 16:29:23.456 10 INFO neutron.db.ovn_revision_numbers_db [None req-d701987c-6209-495e-81f2-7d402181977e - - - - - -] Successfully bumped revision number for resource b805752a-09e2-466e-b983-f35f1ff33bd9 (type: ports) to 4
2026-07-08 16:29:24.764 10 INFO neutron.api.wsgi [None req-adf57bcb-10cc-4178-866c-910705de7417 8b4f22ff5ff04a40b3fcc3d205103d9d 55f034e22be643a981621d93018c7824 - - 49b15faec86749c5a9d548c4b944feec 49b15faec86749c5a9d548c4b944feec] 199.19.213.66 "GET /v2.0/ports?device_id=manila-share&binding%3Ahost_id=instance HTTP/1.1" status: 200 len: 1172 time: 0.0354047
2026-07-08 16:29:24.803 10 INFO neutron.api.wsgi [None req-855b5b93-f446-47e4-b289-56368f10d288 8b4f22ff5ff04a40b3fcc3d205103d9d 55f034e22be643a981621d93018c7824 - - 49b15faec86749c5a9d548c4b944feec 49b15faec86749c5a9d548c4b944feec] 199.19.213.66 "GET /v2.0/networks/4ac6e3f9-1788-4dce-affa-83824a154544 HTTP/1.1" status: 200 len: 907 time: 0.0319960
2026-07-08 16:29:37.009 10 INFO neutron.api.wsgi [-] 10.0.0.223 "GET / HTTP/1.1" status: 200 len: 246 time: 0.0017419
2026-07-08 16:29:37.010 9 INFO neutron.api.wsgi [-] 10.0.0.223 "GET / HTTP/1.1" status: 200 len: 246 time: 0.0031791 /var/lib/openstack/lib/python3.12/site-packages/pycadf/identifier.py:71: UserWarning: Invalid uuid: unknown. To ensure interoperability, identifiers should be a valid uuid. warnings.warn(('Invalid uuid: %s. To ensure interoperability, '
2026-07-08 16:29:47.502 9 INFO neutron.api.wsgi [None req-720c8f61-fbc4-4bec-8a07-765c12f53261 8057a3b54f3c49eb8c48efc6513d7feb 6ccd7419d0ec40d0b630d2276fdc26f8 - - default default] 199.19.213.66,10.0.0.223 "GET /v2.0/quotas/55f034e22be643a981621d93018c7824 HTTP/1.1" status: 200 len: 467 time: 0.0129731 /var/lib/openstack/lib/python3.12/site-packages/neutron/extensions/quotasv2.py:139: UserWarning: Neutron quota engine will require "--force" parameter to set a quota limit without checking the resource usage. warnings.warn('Neutron quota engine will require "--force" '
2026-07-08 16:29:49.146 9 INFO neutron.api.wsgi [None req-a8ed0bdd-174d-478f-a586-db3333538406 8057a3b54f3c49eb8c48efc6513d7feb 6ccd7419d0ec40d0b630d2276fdc26f8 - - default default] 199.19.213.66,10.0.0.223 "PUT /v2.0/quotas/55f034e22be643a981621d93018c7824 HTTP/1.1" status: 200 len: 466 time: 0.2601366
2026-07-08 16:29:52.009 10 INFO neutron.api.wsgi [-] 10.0.0.223 "GET / HTTP/1.1" status: 200 len: 246 time: 0.0019329
2026-07-08 16:29:52.012 10 INFO neutron.api.wsgi [-] 10.0.0.223 "GET / HTTP/1.1" status: 200 len: 246 time: 0.0018742
2026-07-08 16:30:07.010 10 INFO neutron.api.wsgi [-] 10.0.0.223 "GET / HTTP/1.1" status: 200 len: 246 time: 0.0024405
2026-07-08 16:30:07.011 9 INFO neutron.api.wsgi [-] 10.0.0.223 "GET / HTTP/1.1" status: 200 len: 246 time: 0.0040469
2026-07-08 16:30:22.010 9 INFO neutron.api.wsgi [-] 10.0.0.223 "GET / HTTP/1.1" status: 200 len: 246 time: 0.0026314
2026-07-08 16:30:22.014 9 INFO neutron.api.wsgi [-] 10.0.0.223 "GET / HTTP/1.1" status: 200 len: 246 time: 0.0029581
2026-07-08 16:30:37.008 9 INFO neutron.api.wsgi [-] 10.0.0.223 "GET / HTTP/1.1" status: 200 len: 246 time: 0.0013778
2026-07-08 16:30:37.012 10 INFO neutron.api.wsgi [-] 10.0.0.223 "GET / HTTP/1.1" status: 200 len: 246 time: 0.0049851
2026-07-08 16:30:52.008 9 INFO neutron.api.wsgi [-] 10.0.0.223 "GET / HTTP/1.1" status: 200 len: 246 time: 0.0015481
2026-07-08 16:30:52.010 10 INFO neutron.api.wsgi [-] 10.0.0.223 "GET / HTTP/1.1" status: 200 len: 246 time: 0.0034499
2026-07-08 16:31:07.009 9 INFO neutron.api.wsgi [-] 10.0.0.223 "GET / HTTP/1.1" status: 200 len: 246 time: 0.0030649
2026-07-08 16:31:07.012 9 INFO neutron.api.wsgi [-] 10.0.0.223 "GET / HTTP/1.1" status: 200 len: 246 time: 0.0016015 /var/lib/openstack/lib/python3.12/site-packages/pycadf/identifier.py:71: UserWarning: Invalid uuid: neutron. To ensure interoperability, identifiers should be a valid uuid. warnings.warn(('Invalid uuid: %s. To ensure interoperability, '
2026-07-08 16:31:13.258 9 INFO neutron.api.wsgi [None req-a21d4160-f327-4e37-9544-62043db32f66 8057a3b54f3c49eb8c48efc6513d7feb 6ccd7419d0ec40d0b630d2276fdc26f8 - - default default] 10.0.0.150 "GET /v2.0/ports HTTP/1.1" status: 200 len: 5351 time: 0.1464105
2026-07-08 16:31:13.338 9 INFO neutron.api.wsgi [None req-a858b1cf-2665-49f6-8f2c-0f5a4f68b5c2 8057a3b54f3c49eb8c48efc6513d7feb 6ccd7419d0ec40d0b630d2276fdc26f8 - - default default] 10.0.0.150 "GET /v2.0/networks HTTP/1.1" status: 200 len: 2350 time: 0.0775218
2026-07-08 16:31:13.403 9 INFO neutron.api.wsgi [None req-ad7b71d5-faec-4ee4-85a0-457011f45dd7 8057a3b54f3c49eb8c48efc6513d7feb 6ccd7419d0ec40d0b630d2276fdc26f8 - - default default] 10.0.0.150 "GET /v2.0/subnets HTTP/1.1" status: 200 len: 1484 time: 0.0568061
2026-07-08 16:31:13.447 9 INFO neutron.api.wsgi [None req-8ce04340-234a-4d9e-b9f9-2cb30163911d 8057a3b54f3c49eb8c48efc6513d7feb 6ccd7419d0ec40d0b630d2276fdc26f8 - - default default] 10.0.0.150 "GET /v2.0/routers HTTP/1.1" status: 200 len: 189 time: 0.0427394
2026-07-08 16:31:13.499 9 INFO neutron.api.wsgi [None req-9fd201db-a8f6-43fd-be96-74cee7b8e121 8057a3b54f3c49eb8c48efc6513d7feb 6ccd7419d0ec40d0b630d2276fdc26f8 - - default default] 10.0.0.150 "GET /v2.0/agents?binary=ovn-controller HTTP/1.1" status: 200 len: 591 time: 0.0511844
2026-07-08 16:31:13.532 9 INFO neutron.api.wsgi [None req-fee3c203-1892-499b-9b55-ec99df0e296b 8057a3b54f3c49eb8c48efc6513d7feb 6ccd7419d0ec40d0b630d2276fdc26f8 - - default default] 10.0.0.150 "GET /v2.0/subnets HTTP/1.1" status: 200 len: 1484 time: 0.0320461
2026-07-08 16:31:13.545 9 INFO neutron.api.wsgi [None req-4a6eea61-fa32-4e80-8a20-740dbe7f5ccc 8057a3b54f3c49eb8c48efc6513d7feb 6ccd7419d0ec40d0b630d2276fdc26f8 - - default default] 10.0.0.150 "GET /v2.0/subnetpools HTTP/1.1" status: 200 len: 193 time: 0.0115352
2026-07-08 16:31:13.584 9 INFO neutron.api.wsgi [None req-a2cbad55-c63e-49c3-875f-a927a7a376d5 8057a3b54f3c49eb8c48efc6513d7feb 6ccd7419d0ec40d0b630d2276fdc26f8 - - default default] 10.0.0.150 "GET /v2.0/security-groups HTTP/1.1" status: 200 len: 17578 time: 0.0385540
2026-07-08 16:31:13.602 9 INFO neutron.api.wsgi [None req-d11765bb-f8b2-4335-ad32-846d3642a5d1 8057a3b54f3c49eb8c48efc6513d7feb 6ccd7419d0ec40d0b630d2276fdc26f8 - - default default] 10.0.0.150 "GET /v2.0/network-ip-availabilities HTTP/1.1" status: 200 len: 1280 time: 0.0133619
2026-07-08 16:31:13.642 9 INFO neutron.api.wsgi [None req-8693c017-7ea1-4238-b17d-f3962b53c461 8057a3b54f3c49eb8c48efc6513d7feb 6ccd7419d0ec40d0b630d2276fdc26f8 - - default default] 10.0.0.150 "GET /v2.0/floatingips HTTP/1.1" status: 200 len: 193 time: 0.0384278
2026-07-08 16:31:13.656 9 INFO neutron.api.wsgi [None req-e9144b36-f719-4bee-a905-45dac4826b4d 8057a3b54f3c49eb8c48efc6513d7feb 6ccd7419d0ec40d0b630d2276fdc26f8 - - default default] 10.0.0.150 "GET /v2.0/agents HTTP/1.1" status: 200 len: 1390 time: 0.0126922
2026-07-08 16:31:22.011 10 INFO neutron.api.wsgi [-] 10.0.0.223 "GET / HTTP/1.1" status: 200 len: 246 time: 0.0031352
2026-07-08 16:31:22.013 10 INFO neutron.api.wsgi [-] 10.0.0.223 "GET / HTTP/1.1" status: 200 len: 246 time: 0.0017514
2026-07-08 16:31:37.013 10 INFO neutron.api.wsgi [-] 10.0.0.223 "GET / HTTP/1.1" status: 200 len: 246 time: 0.0048282
2026-07-08 16:31:37.015 10 INFO neutron.api.wsgi [-] 10.0.0.223 "GET / HTTP/1.1" status: 200 len: 246 time: 0.0020645
2026-07-08 16:31:52.011 10 INFO neutron.api.wsgi [-] 10.0.0.223 "GET / HTTP/1.1" status: 200 len: 246 time: 0.0031025
2026-07-08 16:31:52.015 10 INFO neutron.api.wsgi [-] 10.0.0.223 "GET / HTTP/1.1" status: 200 len: 246 time: 0.0022278
2026-07-08 16:32:07.010 9 INFO neutron.api.wsgi [-] 10.0.0.223 "GET / HTTP/1.1" status: 200 len: 246 time: 0.0029204
2026-07-08 16:32:07.015 9 INFO neutron.api.wsgi [-] 10.0.0.223 "GET / HTTP/1.1" status: 200 len: 246 time: 0.0030584
2026-07-08 16:32:09.267 15 INFO neutron.db.ovn_revision_numbers_db [None req-a015359e-68c5-4404-8e80-a34f30fe093b - - - - - -] Successfully bumped revision number for resource 6d942d78-454b-4e2e-ba0d-2b43e80c5400 (type: security_groups) to 5
2026-07-08 16:32:09.268 15 INFO neutron.plugins.ml2.drivers.ovn.mech_driver.ovsdb.maintenance [None req-a015359e-68c5-4404-8e80-a34f30fe093b - - - - - -] OVN maintenance task check_for_inconsistencies finished in 0.073 seconds
2026-07-08 16:32:13.110 9 INFO neutron.api.wsgi [None req-239fadb1-6559-470b-9c97-494b6e5228ec 8057a3b54f3c49eb8c48efc6513d7feb 6ccd7419d0ec40d0b630d2276fdc26f8 - - default default] 10.0.0.150 "GET /v2.0/floatingips HTTP/1.1" status: 200 len: 193 time: 0.0599802
2026-07-08 16:32:13.157 9 INFO neutron.api.wsgi [None req-2504a2b7-b83b-46f4-908d-32fd13d753cb 8057a3b54f3c49eb8c48efc6513d7feb 6ccd7419d0ec40d0b630d2276fdc26f8 - - default default] 10.0.0.150 "GET /v2.0/ports HTTP/1.1" status: 200 len: 5351 time: 0.0457761
2026-07-08 16:32:13.175 9 INFO neutron.api.wsgi [None req-3115cddc-a05b-4749-8c78-e6567e9e37ae 8057a3b54f3c49eb8c48efc6513d7feb 6ccd7419d0ec40d0b630d2276fdc26f8 - - default default] 10.0.0.150 "GET /v2.0/routers HTTP/1.1" status: 200 len: 189 time: 0.0143037
2026-07-08 16:32:13.207 9 INFO neutron.api.wsgi [None req-075d46d6-0116-4319-8835-7e1e14a0521a 8057a3b54f3c49eb8c48efc6513d7feb 6ccd7419d0ec40d0b630d2276fdc26f8 - - default default] 10.0.0.150 "GET /v2.0/agents?binary=ovn-controller HTTP/1.1" status: 200 len: 591 time: 0.0311654
2026-07-08 16:32:13.251 9 INFO neutron.api.wsgi [None req-6a485368-62ff-48fb-8d43-0dbcb1c8e750 8057a3b54f3c49eb8c48efc6513d7feb 6ccd7419d0ec40d0b630d2276fdc26f8 - - default default] 10.0.0.150 "GET /v2.0/networks HTTP/1.1" status: 200 len: 2350 time: 0.0431576
2026-07-08 16:32:13.289 9 INFO neutron.api.wsgi [None req-f8f7f209-86a5-45f3-82c4-67e361bb0a86 8057a3b54f3c49eb8c48efc6513d7feb 6ccd7419d0ec40d0b630d2276fdc26f8 - - default default] 10.0.0.150 "GET /v2.0/security-groups HTTP/1.1" status: 200 len: 17578 time: 0.0351973
2026-07-08 16:32:13.311 9 INFO neutron.api.wsgi [None req-a4e5019c-1b7e-49a4-a288-e73d47a713a8 8057a3b54f3c49eb8c48efc6513d7feb 6ccd7419d0ec40d0b630d2276fdc26f8 - - default default] 10.0.0.150 "GET /v2.0/agents HTTP/1.1" status: 200 len: 1390 time: 0.0142238
2026-07-08 16:32:13.326 9 INFO neutron.api.wsgi [None req-1280ccb5-7cdf-407f-b554-7beb7fad463f 8057a3b54f3c49eb8c48efc6513d7feb 6ccd7419d0ec40d0b630d2276fdc26f8 - - default default] 10.0.0.150 "GET /v2.0/network-ip-availabilities HTTP/1.1" status: 200 len: 1280 time: 0.0142107
2026-07-08 16:32:13.370 9 INFO neutron.api.wsgi [None req-bbf98bf6-2c6b-442a-b3ce-d0ec26830e8a 8057a3b54f3c49eb8c48efc6513d7feb 6ccd7419d0ec40d0b630d2276fdc26f8 - - default default] 10.0.0.150 "GET /v2.0/subnets HTTP/1.1" status: 200 len: 1484 time: 0.0427413
2026-07-08 16:32:13.389 9 INFO neutron.api.wsgi [None req-38a51398-7f6d-43f5-9ec3-61286829591e 8057a3b54f3c49eb8c48efc6513d7feb 6ccd7419d0ec40d0b630d2276fdc26f8 - - default default] 10.0.0.150 "GET /v2.0/subnetpools HTTP/1.1" status: 200 len: 193 time: 0.0178599
2026-07-08 16:32:13.426 9 INFO neutron.api.wsgi [None req-af5e6c90-8350-4271-bcb3-c652018add76 8057a3b54f3c49eb8c48efc6513d7feb 6ccd7419d0ec40d0b630d2276fdc26f8 - - default default] 10.0.0.150 "GET /v2.0/subnets HTTP/1.1" status: 200 len: 1484 time: 0.0356739
2026-07-08 16:32:22.012 10 INFO neutron.api.wsgi [-] 10.0.0.223 "GET / HTTP/1.1" status: 200 len: 246 time: 0.0035532
2026-07-08 16:32:22.011 9 INFO neutron.api.wsgi [-] 10.0.0.223 "GET / HTTP/1.1" status: 200 len: 246 time: 0.0025241
2026-07-08 16:32:37.010 10 INFO neutron.api.wsgi [-] 10.0.0.223 "GET / HTTP/1.1" status: 200 len: 246 time: 0.0025160
2026-07-08 16:32:37.011 9 INFO neutron.api.wsgi [-] 10.0.0.223 "GET / HTTP/1.1" status: 200 len: 246 time: 0.0033514
2026-07-08 16:32:52.009 10 INFO neutron.api.wsgi [-] 10.0.0.223 "GET / HTTP/1.1" status: 200 len: 246 time: 0.0024164
2026-07-08 16:32:52.011 9 INFO neutron.api.wsgi [-] 10.0.0.223 "GET / HTTP/1.1" status: 200 len: 246 time: 0.0036852
2026-07-08 16:33:07.009 10 INFO neutron.api.wsgi [-] 10.0.0.223 "GET / HTTP/1.1" status: 200 len: 246 time: 0.0017300
2026-07-08 16:33:07.011 9 INFO neutron.api.wsgi [-] 10.0.0.223 "GET / HTTP/1.1" status: 200 len: 246 time: 0.0034478
2026-07-08 16:33:13.141 9 INFO neutron.api.wsgi [None req-52a82695-3427-4c0e-8763-6ce0b050d054 8057a3b54f3c49eb8c48efc6513d7feb 6ccd7419d0ec40d0b630d2276fdc26f8 - - default default] 10.0.0.150 "GET /v2.0/routers HTTP/1.1" status: 200 len: 189 time: 0.0605018
2026-07-08 16:33:13.167 9 INFO neutron.api.wsgi [None req-56c60c1d-b4e2-424e-8dfb-76faa95180fb 8057a3b54f3c49eb8c48efc6513d7feb 6ccd7419d0ec40d0b630d2276fdc26f8 - - default default] 10.0.0.150 "GET /v2.0/agents?binary=ovn-controller HTTP/1.1" status: 200 len: 591 time: 0.0255690
2026-07-08 16:33:13.209 9 INFO neutron.api.wsgi [None req-12866e68-303b-44bd-9dd2-6c18c2b0fa44 8057a3b54f3c49eb8c48efc6513d7feb 6ccd7419d0ec40d0b630d2276fdc26f8 - - default default] 10.0.0.150 "GET /v2.0/ports HTTP/1.1" status: 200 len: 5351 time: 0.0404382
2026-07-08 16:33:13.261 9 INFO neutron.api.wsgi [None req-55b491e8-3b6e-4619-a202-7d6a34c99088 8057a3b54f3c49eb8c48efc6513d7feb 6ccd7419d0ec40d0b630d2276fdc26f8 - - default default] 10.0.0.150 "GET /v2.0/networks HTTP/1.1" status: 200 len: 2350 time: 0.0497792
2026-07-08 16:33:13.292 9 INFO neutron.api.wsgi [None req-a9e2b97b-5489-43cc-9752-e6e53ba21ef5 8057a3b54f3c49eb8c48efc6513d7feb 6ccd7419d0ec40d0b630d2276fdc26f8 - - default default] 10.0.0.150 "GET /v2.0/subnets HTTP/1.1" status: 200 len: 1484 time: 0.0279999
2026-07-08 16:33:13.303 9 INFO neutron.api.wsgi [None req-a612f98c-a9c9-47df-a1a2-4a347b27c47b 8057a3b54f3c49eb8c48efc6513d7feb 6ccd7419d0ec40d0b630d2276fdc26f8 - - default default] 10.0.0.150 "GET /v2.0/agents HTTP/1.1" status: 200 len: 1390 time: 0.0099819
2026-07-08 16:33:13.317 9 INFO neutron.api.wsgi [None req-839507b7-2f42-497b-8ee6-e05649ce8587 8057a3b54f3c49eb8c48efc6513d7feb 6ccd7419d0ec40d0b630d2276fdc26f8 - - default default] 10.0.0.150 "GET /v2.0/floatingips HTTP/1.1" status: 200 len: 193 time: 0.0128834
2026-07-08 16:33:13.391 9 INFO neutron.api.wsgi [None req-bf13f7dc-ea3d-4dc2-808f-d8b032c941f6 8057a3b54f3c49eb8c48efc6513d7feb 6ccd7419d0ec40d0b630d2276fdc26f8 - - default default] 10.0.0.150 "GET /v2.0/security-groups HTTP/1.1" status: 200 len: 17578 time: 0.0729420
2026-07-08 16:33:13.412 9 INFO neutron.api.wsgi [None req-8435092d-c2e2-421b-8993-af52dc181970 8057a3b54f3c49eb8c48efc6513d7feb 6ccd7419d0ec40d0b630d2276fdc26f8 - - default default] 10.0.0.150 "GET /v2.0/network-ip-availabilities HTTP/1.1" status: 200 len: 1280 time: 0.0126324
2026-07-08 16:33:13.456 9 INFO neutron.api.wsgi [None req-6a0b7b9d-4b22-48b6-8428-10bd596693fe 8057a3b54f3c49eb8c48efc6513d7feb 6ccd7419d0ec40d0b630d2276fdc26f8 - - default default] 10.0.0.150 "GET /v2.0/subnets HTTP/1.1" status: 200 len: 1484 time: 0.0426390
2026-07-08 16:33:13.465 9 INFO neutron.api.wsgi [None req-5b712ab1-6a58-42ac-85db-369239d7192c 8057a3b54f3c49eb8c48efc6513d7feb 6ccd7419d0ec40d0b630d2276fdc26f8 - - default default] 10.0.0.150 "GET /v2.0/subnetpools HTTP/1.1" status: 200 len: 193 time: 0.0083735
2026-07-08 16:33:22.009 9 INFO neutron.api.wsgi [-] 10.0.0.223 "GET / HTTP/1.1" status: 200 len: 246 time: 0.0017467
2026-07-08 16:33:22.010 10 INFO neutron.api.wsgi [-] 10.0.0.223 "GET / HTTP/1.1" status: 200 len: 246 time: 0.0026429
2026-07-08 16:33:37.011 10 INFO neutron.api.wsgi [-] 10.0.0.223 "GET / HTTP/1.1" status: 200 len: 246 time: 0.0040059
2026-07-08 16:33:37.013 10 INFO neutron.api.wsgi [-] 10.0.0.223 "GET / HTTP/1.1" status: 200 len: 246 time: 0.0012894
2026-07-08 16:33:52.010 10 INFO neutron.api.wsgi [-] 10.0.0.223 "GET / HTTP/1.1" status: 200 len: 246 time: 0.0024600
2026-07-08 16:33:52.013 9 INFO neutron.api.wsgi [-] 10.0.0.223 "GET / HTTP/1.1" status: 200 len: 246 time: 0.0050287
2026-07-08 16:34:07.009 9 INFO neutron.api.wsgi [-] 10.0.0.223 "GET / HTTP/1.1" status: 200 len: 246 time: 0.0024836
2026-07-08 16:34:07.013 9 INFO neutron.api.wsgi [-] 10.0.0.223 "GET / HTTP/1.1" status: 200 len: 246 time: 0.0025904
2026-07-08 16:34:13.173 9 INFO neutron.api.wsgi [None req-6808b94d-9ffa-4314-a43b-697155c372ae 8057a3b54f3c49eb8c48efc6513d7feb 6ccd7419d0ec40d0b630d2276fdc26f8 - - default default] 10.0.0.150 "GET /v2.0/floatingips HTTP/1.1" status: 200 len: 193 time: 0.0579293
2026-07-08 16:34:13.206 9 INFO neutron.api.wsgi [None req-b5572ab3-fa17-47b1-af27-394c294af8a2 8057a3b54f3c49eb8c48efc6513d7feb 6ccd7419d0ec40d0b630d2276fdc26f8 - - default default] 10.0.0.150 "GET /v2.0/subnets HTTP/1.1" status: 200 len: 1484 time: 0.0327909
2026-07-08 16:34:13.220 9 INFO neutron.api.wsgi [None req-fac4b7d9-e13d-4452-84bb-4f3c863fce6d 8057a3b54f3c49eb8c48efc6513d7feb 6ccd7419d0ec40d0b630d2276fdc26f8 - - default default] 10.0.0.150 "GET /v2.0/network-ip-availabilities HTTP/1.1" status: 200 len: 1280 time: 0.0129893
2026-07-08 16:34:13.238 9 INFO neutron.api.wsgi [None req-8eb50c5c-0bb1-444b-9a24-c3dfd1e58f72 8057a3b54f3c49eb8c48efc6513d7feb 6ccd7419d0ec40d0b630d2276fdc26f8 - - default default] 10.0.0.150 "GET /v2.0/routers HTTP/1.1" status: 200 len: 189 time: 0.0171974
2026-07-08 16:34:13.267 9 INFO neutron.api.wsgi [None req-bc9ed19e-57a9-443f-914f-767251565681 8057a3b54f3c49eb8c48efc6513d7feb 6ccd7419d0ec40d0b630d2276fdc26f8 - - default default] 10.0.0.150 "GET /v2.0/agents?binary=ovn-controller HTTP/1.1" status: 200 len: 591 time: 0.0282581
2026-07-08 16:34:13.328 9 INFO neutron.api.wsgi [None req-6c5174c4-69c7-42f7-a270-b766c8e49279 8057a3b54f3c49eb8c48efc6513d7feb 6ccd7419d0ec40d0b630d2276fdc26f8 - - default default] 10.0.0.150 "GET /v2.0/networks HTTP/1.1" status: 200 len: 2350 time: 0.0596898
2026-07-08 16:34:13.396 9 INFO neutron.api.wsgi [None req-f5f292f1-8f79-487d-bf9f-450c3bbaa642 8057a3b54f3c49eb8c48efc6513d7feb 6ccd7419d0ec40d0b630d2276fdc26f8 - - default default] 10.0.0.150 "GET /v2.0/ports HTTP/1.1" status: 200 len: 5351 time: 0.0637705
2026-07-08 16:34:13.445 9 INFO neutron.api.wsgi [None req-48ac65cc-6c0f-4498-ad96-ef0ffb131e30 8057a3b54f3c49eb8c48efc6513d7feb 6ccd7419d0ec40d0b630d2276fdc26f8 - - default default] 10.0.0.150 "GET /v2.0/security-groups HTTP/1.1" status: 200 len: 17578 time: 0.0440505
2026-07-08 16:34:13.470 9 INFO neutron.api.wsgi [None req-287f9606-617b-4a40-acc5-9dee5faf0ae5 8057a3b54f3c49eb8c48efc6513d7feb 6ccd7419d0ec40d0b630d2276fdc26f8 - - default default] 10.0.0.150 "GET /v2.0/agents HTTP/1.1" status: 200 len: 1390 time: 0.0175807
2026-07-08 16:34:13.507 9 INFO neutron.api.wsgi [None req-bce548de-d746-405b-9a44-a93f4069230d 8057a3b54f3c49eb8c48efc6513d7feb 6ccd7419d0ec40d0b630d2276fdc26f8 - - default default] 10.0.0.150 "GET /v2.0/subnets HTTP/1.1" status: 200 len: 1484 time: 0.0363145
2026-07-08 16:34:13.521 9 INFO neutron.api.wsgi [None req-19666350-81ee-4374-a316-b29bf8304afe 8057a3b54f3c49eb8c48efc6513d7feb 6ccd7419d0ec40d0b630d2276fdc26f8 - - default default] 10.0.0.150 "GET /v2.0/subnetpools HTTP/1.1" status: 200 len: 193 time: 0.0125232
2026-07-08 16:34:22.008 10 INFO neutron.api.wsgi [-] 10.0.0.223 "GET / HTTP/1.1" status: 200 len: 246 time: 0.0013094
2026-07-08 16:34:22.011 9 INFO neutron.api.wsgi [-] 10.0.0.223 "GET / HTTP/1.1" status: 200 len: 246 time: 0.0038083
2026-07-08 16:34:37.008 10 INFO neutron.api.wsgi [-] 10.0.0.223 "GET / HTTP/1.1" status: 200 len: 246 time: 0.0016534
2026-07-08 16:34:37.011 10 INFO neutron.api.wsgi [-] 10.0.0.223 "GET / HTTP/1.1" status: 200 len: 246 time: 0.0014710
2026-07-08 16:34:52.011 10 INFO neutron.api.wsgi [-] 10.0.0.223 "GET / HTTP/1.1" status: 200 len: 246 time: 0.0033059
2026-07-08 16:34:52.011 9 INFO neutron.api.wsgi [-] 10.0.0.223 "GET / HTTP/1.1" status: 200 len: 246 time: 0.0017962
2026-07-08 16:35:07.011 9 INFO neutron.api.wsgi [-] 10.0.0.223 "GET / HTTP/1.1" status: 200 len: 246 time: 0.0034106
2026-07-08 16:35:07.014 9 INFO neutron.api.wsgi [-] 10.0.0.223 "GET / HTTP/1.1" status: 200 len: 246 time: 0.0021052
2026-07-08 16:35:13.125 9 INFO neutron.api.wsgi [None req-2590fee3-18cb-49ee-92b4-646c2286d9c8 8057a3b54f3c49eb8c48efc6513d7feb 6ccd7419d0ec40d0b630d2276fdc26f8 - - default default] 10.0.0.150 "GET /v2.0/floatingips HTTP/1.1" status: 200 len: 193 time: 0.0795624
2026-07-08 16:35:13.185 9 INFO neutron.api.wsgi [None req-fadb8195-ae28-4875-843d-82ea891195cf 8057a3b54f3c49eb8c48efc6513d7feb 6ccd7419d0ec40d0b630d2276fdc26f8 - - default default] 10.0.0.150 "GET /v2.0/networks HTTP/1.1" status: 200 len: 2350 time: 0.0593739
2026-07-08 16:35:13.216 9 INFO neutron.api.wsgi [None req-5e2be3b9-4586-4e89-b7ac-c4d87ca456de 8057a3b54f3c49eb8c48efc6513d7feb 6ccd7419d0ec40d0b630d2276fdc26f8 - - default default] 10.0.0.150 "GET /v2.0/security-groups HTTP/1.1" status: 200 len: 17578 time: 0.0293148
2026-07-08 16:35:13.271 9 INFO neutron.api.wsgi [None req-9a757812-b5d3-478b-adc1-49e651899d42 8057a3b54f3c49eb8c48efc6513d7feb 6ccd7419d0ec40d0b630d2276fdc26f8 - - default default] 10.0.0.150 "GET /v2.0/ports HTTP/1.1" status: 200 len: 5351 time: 0.0493257
2026-07-08 16:35:13.373 9 INFO neutron.api.wsgi [None req-e91fb94b-20cb-4860-b46d-c8616ab9e551 8057a3b54f3c49eb8c48efc6513d7feb 6ccd7419d0ec40d0b630d2276fdc26f8 - - default default] 10.0.0.150 "GET /v2.0/subnets HTTP/1.1" status: 200 len: 1484 time: 0.0970976
2026-07-08 16:35:13.381 9 INFO neutron.api.wsgi [None req-efbbd37d-8281-4395-8b10-f524530e0745 8057a3b54f3c49eb8c48efc6513d7feb 6ccd7419d0ec40d0b630d2276fdc26f8 - - default default] 10.0.0.150 "GET /v2.0/subnetpools HTTP/1.1" status: 200 len: 193 time: 0.0068121
2026-07-08 16:35:13.396 9 INFO neutron.api.wsgi [None req-0fcc439d-7aea-4f87-b5c4-45a3ca2a5d15 8057a3b54f3c49eb8c48efc6513d7feb 6ccd7419d0ec40d0b630d2276fdc26f8 - - default default] 10.0.0.150 "GET /v2.0/routers HTTP/1.1" status: 200 len: 189 time: 0.0135272
2026-07-08 16:35:13.416 9 INFO neutron.api.wsgi [None req-024648eb-dfe8-4e56-b09a-69dff039b885 8057a3b54f3c49eb8c48efc6513d7feb 6ccd7419d0ec40d0b630d2276fdc26f8 - - default default] 10.0.0.150 "GET /v2.0/agents?binary=ovn-controller HTTP/1.1" status: 200 len: 591 time: 0.0195055
2026-07-08 16:35:13.441 9 INFO neutron.api.wsgi [None req-084b6265-3b0a-4f9c-b96a-2bed33979bca 8057a3b54f3c49eb8c48efc6513d7feb 6ccd7419d0ec40d0b630d2276fdc26f8 - - default default] 10.0.0.150 "GET /v2.0/subnets HTTP/1.1" status: 200 len: 1484 time: 0.0232825
2026-07-08 16:35:13.485 9 INFO neutron.api.wsgi [None req-fe7cd9b1-d4d1-49fd-81e4-9154aa05c7a2 8057a3b54f3c49eb8c48efc6513d7feb 6ccd7419d0ec40d0b630d2276fdc26f8 - - default default] 10.0.0.150 "GET /v2.0/network-ip-availabilities HTTP/1.1" status: 200 len: 1280 time: 0.0431907
2026-07-08 16:35:13.496 9 INFO neutron.api.wsgi [None req-dbe91bce-428c-415e-8213-6c2c298fbecb 8057a3b54f3c49eb8c48efc6513d7feb 6ccd7419d0ec40d0b630d2276fdc26f8 - - default default] 10.0.0.150 "GET /v2.0/agents HTTP/1.1" status: 200 len: 1390 time: 0.0100534
2026-07-08 16:35:22.010 9 INFO neutron.api.wsgi [-] 10.0.0.223 "GET / HTTP/1.1" status: 200 len: 246 time: 0.0024080
2026-07-08 16:35:22.011 10 INFO neutron.api.wsgi [-] 10.0.0.223 "GET / HTTP/1.1" status: 200 len: 246 time: 0.0029776
2026-07-08 16:35:37.009 10 INFO neutron.api.wsgi [-] 10.0.0.223 "GET / HTTP/1.1" status: 200 len: 246 time: 0.0021327
2026-07-08 16:35:37.010 9 INFO neutron.api.wsgi [-] 10.0.0.223 "GET / HTTP/1.1" status: 200 len: 246 time: 0.0023243
2026-07-08 16:35:52.009 10 INFO neutron.api.wsgi [-] 10.0.0.223 "GET / HTTP/1.1" status: 200 len: 246 time: 0.0016086
2026-07-08 16:35:52.010 9 INFO neutron.api.wsgi [-] 10.0.0.223 "GET / HTTP/1.1" status: 200 len: 246 time: 0.0025609
2026-07-08 16:36:07.009 10 INFO neutron.api.wsgi [-] 10.0.0.223 "GET / HTTP/1.1" status: 200 len: 246 time: 0.0016665
2026-07-08 16:36:07.010 9 INFO neutron.api.wsgi [-] 10.0.0.223 "GET / HTTP/1.1" status: 200 len: 246 time: 0.0027230
2026-07-08 16:36:13.101 9 INFO neutron.api.wsgi [None req-5a9527af-561c-4b6f-9edd-3f6039c1abca 8057a3b54f3c49eb8c48efc6513d7feb 6ccd7419d0ec40d0b630d2276fdc26f8 - - default default] 10.0.0.150 "GET /v2.0/network-ip-availabilities HTTP/1.1" status: 200 len: 1280 time: 0.0578599
2026-07-08 16:36:13.140 9 INFO neutron.api.wsgi [None req-4d5faba2-3b2c-439a-87aa-0c1539b4674f 8057a3b54f3c49eb8c48efc6513d7feb 6ccd7419d0ec40d0b630d2276fdc26f8 - - default default] 10.0.0.150 "GET /v2.0/security-groups HTTP/1.1" status: 200 len: 17578 time: 0.0384235
2026-07-08 16:36:13.178 9 INFO neutron.api.wsgi [None req-ac606330-763e-4094-a4ce-b63dc0282297 8057a3b54f3c49eb8c48efc6513d7feb 6ccd7419d0ec40d0b630d2276fdc26f8 - - default default] 10.0.0.150 "GET /v2.0/subnets HTTP/1.1" status: 200 len: 1484 time: 0.0327272
2026-07-08 16:36:13.214 9 INFO neutron.api.wsgi [None req-20ac962a-47ff-4d26-954b-a1661a89557f 8057a3b54f3c49eb8c48efc6513d7feb 6ccd7419d0ec40d0b630d2276fdc26f8 - - default default] 10.0.0.150 "GET /v2.0/ports HTTP/1.1" status: 200 len: 5351 time: 0.0342724
2026-07-08 16:36:13.231 9 INFO neutron.api.wsgi [None req-59b17eab-15bd-455e-b2d3-9b8ee31687e6 8057a3b54f3c49eb8c48efc6513d7feb 6ccd7419d0ec40d0b630d2276fdc26f8 - - default default] 10.0.0.150 "GET /v2.0/floatingips HTTP/1.1" status: 200 len: 193 time: 0.0145087
