2026-07-08 16:48:14.478 10 INFO neutron.api.wsgi [None req-af37e84d-5c5e-4915-b999-f8aaadd9d9ad 8057a3b54f3c49eb8c48efc6513d7feb 6ccd7419d0ec40d0b630d2276fdc26f8 - - default default] 10.0.0.6 "PUT /v2.0/routers/5939dfdd-7e2b-4c34-b325-143018217fac/add_router_interface HTTP/1.1" status: 200 len: 503 time: 2.8240423
2026-07-08 16:48:14.511 10 INFO neutron.plugins.ml2.drivers.ovn.mech_driver.mech_driver [None req-3ad745c8-dc8b-42b2-9dff-8edba0e5747b - - - - - -] OVN reports status up for port: 62dbbc26-7184-4940-a3c9-46f3006b95b9
2026-07-08 16:48:14.523 10 INFO neutron.plugins.ml2.plugin [None req-3ad745c8-dc8b-42b2-9dff-8edba0e5747b - - - - - -] Attempt 1 to provision port 62dbbc26-7184-4940-a3c9-46f3006b95b9
2026-07-08 16:48:14.542 10 INFO neutron.db.ovn_revision_numbers_db [None req-3366649a-c250-482b-adfb-f97e18f2d74c 0b21da2995b3418086327746a2ba4ecc 2d99ef8bd5574041afcd64156944baab - - default default] Successfully bumped revision number for resource 2769e2c4-34ae-447f-aab6-c4ad14030516 (type: floatingips) to 1 /var/lib/openstack/lib/python3.12/site-packages/pycadf/identifier.py:71: UserWarning: Invalid uuid: neutron. To ensure interoperability, identifiers should be a valid uuid. warnings.warn(('Invalid uuid: %s. To ensure interoperability, '
2026-07-08 16:48:14.675 10 INFO neutron.db.ovn_revision_numbers_db [None req-3366649a-c250-482b-adfb-f97e18f2d74c 0b21da2995b3418086327746a2ba4ecc 2d99ef8bd5574041afcd64156944baab - - default default] Successfully bumped revision number for resource 2769e2c4-34ae-447f-aab6-c4ad14030516 (type: floatingips) to 2
2026-07-08 16:48:14.675 10 INFO neutron.db.l3_db [None req-3366649a-c250-482b-adfb-f97e18f2d74c 0b21da2995b3418086327746a2ba4ecc 2d99ef8bd5574041afcd64156944baab - - default default] Floating IP 2769e2c4-34ae-447f-aab6-c4ad14030516 associated. External IP: 10.96.250.205, port: c1c5dfcd-3f6b-4189-b218-25d6c8e1fef6.
2026-07-08 16:48:14.706 10 INFO neutron.api.wsgi [None req-3366649a-c250-482b-adfb-f97e18f2d74c 0b21da2995b3418086327746a2ba4ecc 2d99ef8bd5574041afcd64156944baab - - default default] 10.0.0.6 "PUT /v2.0/floatingips/2769e2c4-34ae-447f-aab6-c4ad14030516 HTTP/1.1" status: 200 len: 1050 time: 1.1693585
2026-07-08 16:48:14.743 10 INFO neutron.notifiers.nova [-] Nova event matching ['req-ecf0056f-2d6e-4efb-afee-da9d4bb29768'] response: {'name': 'network-changed', 'server_uuid': 'b7f1908a-c258-4cfe-8ee2-47f29cf54256', 'tag': 'c1c5dfcd-3f6b-4189-b218-25d6c8e1fef6', 'status': 'completed', 'code': 200}
2026-07-08 16:48:14.772 9 INFO neutron.db.ovn_revision_numbers_db [None req-7d167692-2d5f-45c1-a566-7ea5af12b34c 8057a3b54f3c49eb8c48efc6513d7feb 6ccd7419d0ec40d0b630d2276fdc26f8 - - default default] Successfully bumped revision number for resource 3288cacc-cd78-49d2-a90a-9de467625727 (type: security_groups) to 1
2026-07-08 16:48:14.788 9 INFO neutron.db.ovn_revision_numbers_db [None req-7d167692-2d5f-45c1-a566-7ea5af12b34c 8057a3b54f3c49eb8c48efc6513d7feb 6ccd7419d0ec40d0b630d2276fdc26f8 - - default default] Successfully bumped revision number for resource 019a8a3a-7d7a-4fc4-bdc6-41efe3eedb3e (type: security_group_rules) to 0
2026-07-08 16:48:14.814 9 INFO neutron.db.ovn_revision_numbers_db [None req-7d167692-2d5f-45c1-a566-7ea5af12b34c 8057a3b54f3c49eb8c48efc6513d7feb 6ccd7419d0ec40d0b630d2276fdc26f8 - - default default] Successfully bumped revision number for resource 2f16bfc8-c59b-49ae-916c-a7256b4ca6c0 (type: security_group_rules) to 0
2026-07-08 16:48:14.828 9 INFO neutron.db.ovn_revision_numbers_db [None req-7d167692-2d5f-45c1-a566-7ea5af12b34c 8057a3b54f3c49eb8c48efc6513d7feb 6ccd7419d0ec40d0b630d2276fdc26f8 - - default default] Successfully bumped revision number for resource 7d30c73b-1ff8-448c-9212-e1e4c203c189 (type: security_group_rules) to 0
2026-07-08 16:48:14.841 9 INFO neutron.db.ovn_revision_numbers_db [None req-7d167692-2d5f-45c1-a566-7ea5af12b34c 8057a3b54f3c49eb8c48efc6513d7feb 6ccd7419d0ec40d0b630d2276fdc26f8 - - default default] Successfully bumped revision number for resource 8d48ca54-49ed-4148-bc58-6ffa13ac4266 (type: security_group_rules) to 0
2026-07-08 16:48:14.893 9 INFO neutron.api.wsgi [None req-7d167692-2d5f-45c1-a566-7ea5af12b34c 8057a3b54f3c49eb8c48efc6513d7feb 6ccd7419d0ec40d0b630d2276fdc26f8 - - default default] 10.0.0.6 "GET /v2.0/security-groups?tenant_id=6474119f816947fabe2792c53bdc642e&name=default HTTP/1.1" status: 200 len: 3120 time: 0.3332713
2026-07-08 16:48:14.908 9 INFO neutron.api.wsgi [None req-495ec98e-7ba3-48a9-98a4-2fc83dfbaae0 8057a3b54f3c49eb8c48efc6513d7feb 6ccd7419d0ec40d0b630d2276fdc26f8 - - default default] 10.0.0.6 "GET /v2.0/security-groups?tenant_id=4ab8797a136844efbc62b2f7799d8a86&name=default HTTP/1.1" status: 200 len: 3120 time: 0.0718327
2026-07-08 16:48:14.980 10 INFO neutron.db.ovn_revision_numbers_db [None req-3ad745c8-dc8b-42b2-9dff-8edba0e5747b - - - - - -] Successfully bumped revision number for resource 62dbbc26-7184-4940-a3c9-46f3006b95b9 (type: ports) to 2
2026-07-08 16:48:15.054 10 WARNING neutron_lib.context [None req-4e569c7b-827d-44cd-9f59-3cf7bede65a1 da2f25a306294896b33b0b2aaa810b11 5c6b095e51204c4a8ecea60a420f11cc - - default default] Method 'is_advsvc' is deprecated since 2023.2 release (neutron-lib 3.8.0) and will be removed once support for the old RBAC API policies will be removed from Neutron. Please use method 'is_service_role' instead.
2026-07-08 16:48:15.159 9 INFO neutron.api.wsgi [None req-869b75e7-cc39-499d-ab10-3e5ea25a18e7 8057a3b54f3c49eb8c48efc6513d7feb 6ccd7419d0ec40d0b630d2276fdc26f8 - - default default] 10.0.0.6 "DELETE /v2.0/security-groups/3288cacc-cd78-49d2-a90a-9de467625727 HTTP/1.1" status: 204 len: 168 time: 0.2601311
2026-07-08 16:48:15.183 9 INFO neutron.api.wsgi [None req-c609a075-3d12-44e4-a25f-20e90a9df5b2 8057a3b54f3c49eb8c48efc6513d7feb 6ccd7419d0ec40d0b630d2276fdc26f8 - - default default] 10.0.0.6 "DELETE /v2.0/security-groups/a29fce7b-f0cd-41b5-aaaf-4b6dcd8c3520 HTTP/1.1" status: 204 len: 168 time: 0.2697241
2026-07-08 16:48:15.195 10 INFO neutron.db.ovn_revision_numbers_db [None req-4e569c7b-827d-44cd-9f59-3cf7bede65a1 da2f25a306294896b33b0b2aaa810b11 5c6b095e51204c4a8ecea60a420f11cc - - default default] Successfully bumped revision number for resource 39e1e326-c361-4b01-b74a-3b6428997dbb (type: security_groups) to 1
2026-07-08 16:48:15.208 10 INFO neutron.db.ovn_revision_numbers_db [None req-4e569c7b-827d-44cd-9f59-3cf7bede65a1 da2f25a306294896b33b0b2aaa810b11 5c6b095e51204c4a8ecea60a420f11cc - - default default] Successfully bumped revision number for resource 622d2745-2cb9-49ff-974c-ef7a1b447606 (type: security_group_rules) to 0
2026-07-08 16:48:15.221 10 INFO neutron.db.ovn_revision_numbers_db [None req-4e569c7b-827d-44cd-9f59-3cf7bede65a1 da2f25a306294896b33b0b2aaa810b11 5c6b095e51204c4a8ecea60a420f11cc - - default default] Successfully bumped revision number for resource c31be14d-2991-460e-96e3-b342ed34d9e8 (type: security_group_rules) to 0
2026-07-08 16:48:15.258 10 INFO neutron.api.wsgi [None req-4e569c7b-827d-44cd-9f59-3cf7bede65a1 da2f25a306294896b33b0b2aaa810b11 5c6b095e51204c4a8ecea60a420f11cc - - default default] 10.0.0.6 "POST /v2.0/security-groups HTTP/1.1" status: 201 len: 1859 time: 0.2082520
2026-07-08 16:48:15.267 9 WARNING neutron_lib.context [None req-cbda4704-5cc5-4769-aebf-acac3da62f6b da2f25a306294896b33b0b2aaa810b11 5c6b095e51204c4a8ecea60a420f11cc - - default default] Method 'is_advsvc' is deprecated since 2023.2 release (neutron-lib 3.8.0) and will be removed once support for the old RBAC API policies will be removed from Neutron. Please use method 'is_service_role' instead.
2026-07-08 16:48:15.303 9 INFO neutron.api.wsgi [req-9c6dfd6a-8ad7-4bc1-94f1-121f3d679b74 req-43aed4f3-a062-4f3d-9b5a-b70b5371da60 eb79f5259edf4cb68071e4e9ea46e2a3 55f034e22be643a981621d93018c7824 - - 49b15faec86749c5a9d548c4b944feec 49b15faec86749c5a9d548c4b944feec] 199.19.213.66 "GET /v2.0/ports?tenant_id=2d99ef8bd5574041afcd64156944baab&device_id=b7f1908a-c258-4cfe-8ee2-47f29cf54256 HTTP/1.1" status: 200 len: 1413 time: 0.0508397
2026-07-08 16:48:15.384 9 INFO neutron.api.wsgi [req-9c6dfd6a-8ad7-4bc1-94f1-121f3d679b74 req-e64697fe-6546-4c4e-a4d2-a8f988962624 eb79f5259edf4cb68071e4e9ea46e2a3 55f034e22be643a981621d93018c7824 - - 49b15faec86749c5a9d548c4b944feec 49b15faec86749c5a9d548c4b944feec] 199.19.213.66 "GET /v2.0/networks?id=8e909ba3-95a5-4194-8b6e-2fd3a308197f HTTP/1.1" status: 200 len: 974 time: 0.0738506
2026-07-08 16:48:15.443 9 INFO neutron.api.wsgi [req-9c6dfd6a-8ad7-4bc1-94f1-121f3d679b74 req-41d05389-293d-499f-8732-92a9f3c219dc eb79f5259edf4cb68071e4e9ea46e2a3 55f034e22be643a981621d93018c7824 - - 49b15faec86749c5a9d548c4b944feec 49b15faec86749c5a9d548c4b944feec] 199.19.213.66 "GET /v2.0/floatingips?fixed_ip_address=10.100.0.11&port_id=c1c5dfcd-3f6b-4189-b218-25d6c8e1fef6 HTTP/1.1" status: 200 len: 1060 time: 0.0533726
2026-07-08 16:48:15.457 9 INFO neutron.db.ovn_revision_numbers_db [None req-dc531d71-fd6c-4a0e-99b3-e197977eeab9 8057a3b54f3c49eb8c48efc6513d7feb 6ccd7419d0ec40d0b630d2276fdc26f8 - - default default] Successfully bumped revision number for resource fe78a8ea-6a67-4c89-a443-bf312ad4853b (type: security_groups) to 1
2026-07-08 16:48:15.478 9 INFO neutron.db.ovn_revision_numbers_db [None req-dc531d71-fd6c-4a0e-99b3-e197977eeab9 8057a3b54f3c49eb8c48efc6513d7feb 6ccd7419d0ec40d0b630d2276fdc26f8 - - default default] Successfully bumped revision number for resource 2e9982ea-ce98-4574-805f-6a2e2baf3f1f (type: security_group_rules) to 0
2026-07-08 16:48:15.481 9 INFO neutron.api.wsgi [req-9c6dfd6a-8ad7-4bc1-94f1-121f3d679b74 req-06559517-685f-4c95-b18d-51469d7a36e3 eb79f5259edf4cb68071e4e9ea46e2a3 55f034e22be643a981621d93018c7824 - - 49b15faec86749c5a9d548c4b944feec 49b15faec86749c5a9d548c4b944feec] 199.19.213.66 "GET /v2.0/subnets?id=b9264012-87f8-4459-ab63-60958c4cd460 HTTP/1.1" status: 200 len: 893 time: 0.0340106
2026-07-08 16:48:15.495 9 INFO neutron.db.ovn_revision_numbers_db [None req-cbda4704-5cc5-4769-aebf-acac3da62f6b da2f25a306294896b33b0b2aaa810b11 5c6b095e51204c4a8ecea60a420f11cc - - default default] Successfully bumped revision number for resource da8af01e-7360-421e-8d7d-114764ce402c (type: security_group_rules) to 0
2026-07-08 16:48:15.500 9 INFO neutron.db.ovn_revision_numbers_db [None req-dc531d71-fd6c-4a0e-99b3-e197977eeab9 8057a3b54f3c49eb8c48efc6513d7feb 6ccd7419d0ec40d0b630d2276fdc26f8 - - default default] Successfully bumped revision number for resource 873d8239-7b1d-4e0f-b5e6-86949231790c (type: security_group_rules) to 0
2026-07-08 16:48:15.502 9 INFO neutron.api.wsgi [req-9c6dfd6a-8ad7-4bc1-94f1-121f3d679b74 req-5716c55e-e1fc-40d1-8ccb-be88ab426461 eb79f5259edf4cb68071e4e9ea46e2a3 55f034e22be643a981621d93018c7824 - - 49b15faec86749c5a9d548c4b944feec 49b15faec86749c5a9d548c4b944feec] 199.19.213.66 "GET /v2.0/ports?network_id=8e909ba3-95a5-4194-8b6e-2fd3a308197f&device_owner=network%3Adhcp HTTP/1.1" status: 200 len: 210 time: 0.0155776
2026-07-08 16:48:15.522 9 INFO neutron.db.ovn_revision_numbers_db [None req-dc531d71-fd6c-4a0e-99b3-e197977eeab9 8057a3b54f3c49eb8c48efc6513d7feb 6ccd7419d0ec40d0b630d2276fdc26f8 - - default default] Successfully bumped revision number for resource c2fee48c-f740-44bc-b50b-3c5ae893c999 (type: security_group_rules) to 0
2026-07-08 16:48:15.539 9 INFO neutron.db.ovn_revision_numbers_db [None req-dc531d71-fd6c-4a0e-99b3-e197977eeab9 8057a3b54f3c49eb8c48efc6513d7feb 6ccd7419d0ec40d0b630d2276fdc26f8 - - default default] Successfully bumped revision number for resource c6af5be2-c4f8-473b-95ad-5d80055699a8 (type: security_group_rules) to 0
2026-07-08 16:48:15.544 9 INFO neutron.api.wsgi [None req-cbda4704-5cc5-4769-aebf-acac3da62f6b da2f25a306294896b33b0b2aaa810b11 5c6b095e51204c4a8ecea60a420f11cc - - default default] 10.0.0.6 "POST /v2.0/security-group-rules HTTP/1.1" status: 201 len: 796 time: 0.2810750
2026-07-08 16:48:15.556 10 WARNING neutron_lib.context [None req-f7d4c691-7a18-4488-90f8-66da5ec6314d da2f25a306294896b33b0b2aaa810b11 5c6b095e51204c4a8ecea60a420f11cc - - default default] Method 'is_advsvc' is deprecated since 2023.2 release (neutron-lib 3.8.0) and will be removed once support for the old RBAC API policies will be removed from Neutron. Please use method 'is_service_role' instead.
2026-07-08 16:48:15.564 9 INFO neutron.api.wsgi [req-9c6dfd6a-8ad7-4bc1-94f1-121f3d679b74 req-12f9f4e0-5276-4dcf-98f0-932cec657e5b eb79f5259edf4cb68071e4e9ea46e2a3 55f034e22be643a981621d93018c7824 - - 49b15faec86749c5a9d548c4b944feec 49b15faec86749c5a9d548c4b944feec] 199.19.213.66 "GET /v2.0/networks/8e909ba3-95a5-4194-8b6e-2fd3a308197f?fields=segments HTTP/1.1" status: 200 len: 212 time: 0.0541942
2026-07-08 16:48:15.591 9 INFO neutron.api.wsgi [None req-dc531d71-fd6c-4a0e-99b3-e197977eeab9 8057a3b54f3c49eb8c48efc6513d7feb 6ccd7419d0ec40d0b630d2276fdc26f8 - - default default] 10.0.0.6 "GET /v2.0/security-groups?tenant_id=30e976d29e0f4bc8b42909de2d6cb044&name=default HTTP/1.1" status: 200 len: 3120 time: 0.3436520
2026-07-08 16:48:15.613 9 INFO neutron.api.wsgi [req-9c6dfd6a-8ad7-4bc1-94f1-121f3d679b74 req-07d5737f-a409-4604-9e23-499d0164ad82 eb79f5259edf4cb68071e4e9ea46e2a3 55f034e22be643a981621d93018c7824 - - 49b15faec86749c5a9d548c4b944feec 49b15faec86749c5a9d548c4b944feec] 199.19.213.66 "GET /v2.0/networks/8e909ba3-95a5-4194-8b6e-2fd3a308197f?fields=provider%3Aphysical_network&fields=provider%3Anetwork_type HTTP/1.1" status: 200 len: 277 time: 0.0447819
2026-07-08 16:48:15.722 10 INFO neutron.db.ovn_revision_numbers_db [None req-f7d4c691-7a18-4488-90f8-66da5ec6314d da2f25a306294896b33b0b2aaa810b11 5c6b095e51204c4a8ecea60a420f11cc - - default default] Successfully bumped revision number for resource af370fc5-0fd6-494d-a614-36ae1bf2cfa2 (type: security_group_rules) to 0
2026-07-08 16:48:15.763 10 INFO neutron.api.wsgi [None req-f7d4c691-7a18-4488-90f8-66da5ec6314d da2f25a306294896b33b0b2aaa810b11 5c6b095e51204c4a8ecea60a420f11cc - - default default] 10.0.0.6 "POST /v2.0/security-group-rules HTTP/1.1" status: 201 len: 801 time: 0.2132726
2026-07-08 16:48:15.772 10 WARNING neutron_lib.context [None req-1529ae73-dc94-4b54-9eaf-4f0ddc19af6e da2f25a306294896b33b0b2aaa810b11 5c6b095e51204c4a8ecea60a420f11cc - - default default] Method 'is_advsvc' is deprecated since 2023.2 release (neutron-lib 3.8.0) and will be removed once support for the old RBAC API policies will be removed from Neutron. Please use method 'is_service_role' instead.
2026-07-08 16:48:15.846 10 INFO neutron.api.wsgi [None req-8aed8fb4-b98d-41a1-8dbd-d57baf43bf38 8057a3b54f3c49eb8c48efc6513d7feb 6ccd7419d0ec40d0b630d2276fdc26f8 - - default default] 10.0.0.6 "DELETE /v2.0/security-groups/fe78a8ea-6a67-4c89-a443-bf312ad4853b HTTP/1.1" status: 204 len: 168 time: 0.2497642
2026-07-08 16:48:16.012 10 WARNING neutron.scheduler.dhcp_agent_scheduler [None req-1529ae73-dc94-4b54-9eaf-4f0ddc19af6e da2f25a306294896b33b0b2aaa810b11 5c6b095e51204c4a8ecea60a420f11cc - - default default] No more DHCP agents
2026-07-08 16:48:16.014 10 WARNING neutron.api.rpc.agentnotifiers.dhcp_rpc_agent_api [None req-1529ae73-dc94-4b54-9eaf-4f0ddc19af6e da2f25a306294896b33b0b2aaa810b11 5c6b095e51204c4a8ecea60a420f11cc - - default default] Unable to schedule network 3327b290-1c6c-4d62-b112-8c73cb43a3b2: no agents available; will retry on subsequent port and subnet creation events.
2026-07-08 16:48:16.307 10 INFO neutron.api.wsgi [None req-1529ae73-dc94-4b54-9eaf-4f0ddc19af6e da2f25a306294896b33b0b2aaa810b11 5c6b095e51204c4a8ecea60a420f11cc - - default default] 10.0.0.6 "POST /v2.0/floatingips HTTP/1.1" status: 201 len: 751 time: 0.5391481
2026-07-08 16:48:16.799 9 INFO neutron.api.wsgi [req-c791f565-2821-42fb-9f20-2399efedf158 req-60589f79-7e74-4aea-8b8d-f5c2f7eb5b94 da2f25a306294896b33b0b2aaa810b11 5c6b095e51204c4a8ecea60a420f11cc - - default default] 10.0.0.89 "GET /v2.0/security-groups?name=tempest-securitygroup--1371882851&fields=id&tenant_id=5c6b095e51204c4a8ecea60a420f11cc HTTP/1.1" status: 200 len: 267 time: 0.0388484
2026-07-08 16:48:16.861 9 INFO neutron.api.wsgi [req-c791f565-2821-42fb-9f20-2399efedf158 req-6d7683b9-d721-49f3-b824-0f4119d065a5 da2f25a306294896b33b0b2aaa810b11 5c6b095e51204c4a8ecea60a420f11cc - - default default] 10.0.0.89 "GET /v2.0/networks?id=a346ebc6-dbc0-40ff-9343-b6f562e34d2a HTTP/1.1" status: 200 len: 868 time: 0.0548477
2026-07-08 16:48:16.878 9 INFO neutron.api.wsgi [req-c791f565-2821-42fb-9f20-2399efedf158 req-1cc2d89c-9b2b-4e78-b2e8-04bbe89a7430 da2f25a306294896b33b0b2aaa810b11 5c6b095e51204c4a8ecea60a420f11cc - - default default] 10.0.0.89 "GET /v2.0/quotas/5c6b095e51204c4a8ecea60a420f11cc HTTP/1.1" status: 200 len: 491 time: 0.0099878
2026-07-08 16:48:16.978 9 INFO neutron.api.wsgi [req-c791f565-2821-42fb-9f20-2399efedf158 req-8078cceb-661d-4050-ad39-2aa4d0422597 da2f25a306294896b33b0b2aaa810b11 5c6b095e51204c4a8ecea60a420f11cc - - default default] 10.0.0.89 "GET /v2.0/ports?tenant_id=5c6b095e51204c4a8ecea60a420f11cc&fields=id HTTP/1.1" status: 200 len: 302 time: 0.0921667
2026-07-08 16:48:17.032 9 INFO neutron.api.wsgi [req-c791f565-2821-42fb-9f20-2399efedf158 req-b231aeaf-86d2-41c4-a5b4-44aa59c5ce82 eb79f5259edf4cb68071e4e9ea46e2a3 55f034e22be643a981621d93018c7824 - - 49b15faec86749c5a9d548c4b944feec 49b15faec86749c5a9d548c4b944feec] 10.0.0.89 "GET /v2.0/networks/a346ebc6-dbc0-40ff-9343-b6f562e34d2a?fields=segments HTTP/1.1" status: 200 len: 212 time: 0.0393591
2026-07-08 16:48:17.080 9 INFO neutron.api.wsgi [req-c791f565-2821-42fb-9f20-2399efedf158 req-fc5d3dc8-aa76-489d-ab3d-a73977a0b944 eb79f5259edf4cb68071e4e9ea46e2a3 55f034e22be643a981621d93018c7824 - - 49b15faec86749c5a9d548c4b944feec 49b15faec86749c5a9d548c4b944feec] 10.0.0.89 "GET /v2.0/networks/a346ebc6-dbc0-40ff-9343-b6f562e34d2a?fields=provider%3Aphysical_network&fields=provider%3Anetwork_type HTTP/1.1" status: 200 len: 277 time: 0.0427799
2026-07-08 16:48:17.153 9 WARNING neutron_lib.context [None req-40158ca2-a8ea-4fab-a5cd-3de9b8a11c97 f9110bf695b147bd9aa362596a6b88cb d8b6a191a3ba4661a2f1febeee2cba4c - - default default] Method 'is_advsvc' is deprecated since 2023.2 release (neutron-lib 3.8.0) and will be removed once support for the old RBAC API policies will be removed from Neutron. Please use method 'is_service_role' instead.
2026-07-08 16:48:17.208 9 INFO neutron.api.wsgi [None req-40158ca2-a8ea-4fab-a5cd-3de9b8a11c97 f9110bf695b147bd9aa362596a6b88cb d8b6a191a3ba4661a2f1febeee2cba4c - - default default] 10.0.0.6 "POST /v2.0/subnetpools HTTP/1.1" status: 201 len: 748 time: 0.2190635
2026-07-08 16:48:17.231 10 INFO neutron.api.wsgi [req-85658af1-0540-431a-a746-ecbcd1dc8b05 req-bd672506-ef53-4f6e-b850-f79fdce9beb0 da2f25a306294896b33b0b2aaa810b11 5c6b095e51204c4a8ecea60a420f11cc - - default default] 10.0.0.89 "GET /v2.0/ports?device_id=2a4589fd-5abf-4aa1-9fb0-0632ec9fe597 HTTP/1.1" status: 200 len: 210 time: 0.0174725
2026-07-08 16:48:17.235 9 INFO neutron.api.wsgi [None req-5c085083-2c66-4388-99ae-9e6613426a46 f9110bf695b147bd9aa362596a6b88cb d8b6a191a3ba4661a2f1febeee2cba4c - - default default] 10.0.0.6 "GET /v2.0/subnetpools/99b3ccee-0069-46fe-a44c-17fdbb0afcaf HTTP/1.1" status: 200 len: 743 time: 0.0220449
2026-07-08 16:48:17.307 9 INFO neutron.api.wsgi [None req-e63fef40-dfd5-427e-94ca-a575a7e11669 f9110bf695b147bd9aa362596a6b88cb d8b6a191a3ba4661a2f1febeee2cba4c - - default default] 10.0.0.6 "PUT /v2.0/subnetpools/99b3ccee-0069-46fe-a44c-17fdbb0afcaf HTTP/1.1" status: 200 len: 695 time: 0.0666244
2026-07-08 16:48:17.381 10 INFO neutron.api.wsgi [None req-d7a91397-1c1e-44bf-a1ef-b1336f76a862 f9110bf695b147bd9aa362596a6b88cb d8b6a191a3ba4661a2f1febeee2cba4c - - default default] 10.0.0.6 "DELETE /v2.0/subnetpools/99b3ccee-0069-46fe-a44c-17fdbb0afcaf HTTP/1.1" status: 204 len: 168 time: 0.0683484
2026-07-08 16:48:17.400 10 INFO neutron.api.v2.resource [None req-65a56c33-7671-4eb5-85d9-b4d0622ea98a f9110bf695b147bd9aa362596a6b88cb d8b6a191a3ba4661a2f1febeee2cba4c - - default default] show failed (client error): The resource could not be found.
2026-07-08 16:48:17.402 10 INFO neutron.api.wsgi [None req-65a56c33-7671-4eb5-85d9-b4d0622ea98a f9110bf695b147bd9aa362596a6b88cb d8b6a191a3ba4661a2f1febeee2cba4c - - default default] 10.0.0.6 "GET /v2.0/subnetpools/99b3ccee-0069-46fe-a44c-17fdbb0afcaf HTTP/1.1" status: 404 len: 346 time: 0.0128682
2026-07-08 16:48:17.423 9 INFO neutron.api.v2.resource [None req-41d32986-0bbb-400f-90be-19ddf4e7719c f9110bf695b147bd9aa362596a6b88cb d8b6a191a3ba4661a2f1febeee2cba4c - - default default] delete failed (client error): The resource could not be found.
2026-07-08 16:48:17.424 9 INFO neutron.api.wsgi [None req-41d32986-0bbb-400f-90be-19ddf4e7719c f9110bf695b147bd9aa362596a6b88cb d8b6a191a3ba4661a2f1febeee2cba4c - - default default] 10.0.0.6 "DELETE /v2.0/subnetpools/99b3ccee-0069-46fe-a44c-17fdbb0afcaf HTTP/1.1" status: 404 len: 346 time: 0.0124538
2026-07-08 16:48:18.312 10 INFO neutron.db.ovn_revision_numbers_db [None req-d0eb36ab-6a4b-4295-bca2-f5065e8b969e 8057a3b54f3c49eb8c48efc6513d7feb 6ccd7419d0ec40d0b630d2276fdc26f8 - - default default] Successfully bumped revision number for resource 58126fc2-0431-44d5-8a40-b9432182ca1d (type: security_groups) to 1
2026-07-08 16:48:18.317 9 INFO neutron.api.wsgi [req-dd26af2c-f96b-47d3-84b0-4945cb358567 req-ade2f3f3-1a0c-448e-ab17-90a8bb0cb912 da2f25a306294896b33b0b2aaa810b11 5c6b095e51204c4a8ecea60a420f11cc - - default default] 10.0.0.89 "GET /v2.0/ports?device_id=2a4589fd-5abf-4aa1-9fb0-0632ec9fe597 HTTP/1.1" status: 200 len: 210 time: 0.0250330
2026-07-08 16:48:18.334 10 INFO neutron.db.ovn_revision_numbers_db [None req-d0eb36ab-6a4b-4295-bca2-f5065e8b969e 8057a3b54f3c49eb8c48efc6513d7feb 6ccd7419d0ec40d0b630d2276fdc26f8 - - default default] Successfully bumped revision number for resource 4a9feda9-5ce4-4992-a189-68645129ed3e (type: security_group_rules) to 0
2026-07-08 16:48:18.363 10 INFO neutron.db.ovn_revision_numbers_db [None req-d0eb36ab-6a4b-4295-bca2-f5065e8b969e 8057a3b54f3c49eb8c48efc6513d7feb 6ccd7419d0ec40d0b630d2276fdc26f8 - - default default] Successfully bumped revision number for resource 5a667f2c-262b-4ab4-a1e4-220b79f09669 (type: security_group_rules) to 0
2026-07-08 16:48:18.392 10 INFO neutron.db.ovn_revision_numbers_db [None req-d0eb36ab-6a4b-4295-bca2-f5065e8b969e 8057a3b54f3c49eb8c48efc6513d7feb 6ccd7419d0ec40d0b630d2276fdc26f8 - - default default] Successfully bumped revision number for resource ac8fc74c-4df9-42ed-a001-a6cfd6330bbe (type: security_group_rules) to 0
2026-07-08 16:48:18.416 10 INFO neutron.db.ovn_revision_numbers_db [None req-d0eb36ab-6a4b-4295-bca2-f5065e8b969e 8057a3b54f3c49eb8c48efc6513d7feb 6ccd7419d0ec40d0b630d2276fdc26f8 - - default default] Successfully bumped revision number for resource c120df58-02fc-4f90-848d-33f0ec9c0d71 (type: security_group_rules) to 0
2026-07-08 16:48:18.465 10 INFO neutron.api.wsgi [None req-d0eb36ab-6a4b-4295-bca2-f5065e8b969e 8057a3b54f3c49eb8c48efc6513d7feb 6ccd7419d0ec40d0b630d2276fdc26f8 - - default default] 10.0.0.6 "GET /v2.0/security-groups?tenant_id=d8b6a191a3ba4661a2f1febeee2cba4c&name=default HTTP/1.1" status: 200 len: 3120 time: 0.4785376
2026-07-08 16:48:18.703 10 INFO neutron.api.wsgi [None req-4dba23a5-ee16-453e-9f59-0194c34ebafa 8057a3b54f3c49eb8c48efc6513d7feb 6ccd7419d0ec40d0b630d2276fdc26f8 - - default default] 10.0.0.6 "DELETE /v2.0/security-groups/58126fc2-0431-44d5-8a40-b9432182ca1d HTTP/1.1" status: 204 len: 168 time: 0.2322664
2026-07-08 16:48:19.429 10 INFO neutron.api.wsgi [req-eb4faff6-ae55-41dc-ae00-093adfc3bc07 req-b57186e2-5e66-47e5-a078-50f043033972 da2f25a306294896b33b0b2aaa810b11 5c6b095e51204c4a8ecea60a420f11cc - - default default] 10.0.0.89 "GET /v2.0/ports?device_id=2a4589fd-5abf-4aa1-9fb0-0632ec9fe597 HTTP/1.1" status: 200 len: 210 time: 0.0321372
2026-07-08 16:48:19.652 10 WARNING neutron.plugins.ml2.drivers.ovn.mech_driver.ovsdb.ovn_client [None req-3c5b6b4f-cb12-4400-a82e-43609a4acf03 - - - - - -] No hosting information found for port 62dbbc26-7184-4940-a3c9-46f3006b95b9: RuntimeError: No hosting information found for port 62dbbc26-7184-4940-a3c9-46f3006b95b9
2026-07-08 16:48:19.756 10 INFO neutron.db.ovn_revision_numbers_db [None req-3c5b6b4f-cb12-4400-a82e-43609a4acf03 - - - - - -] Successfully bumped revision number for resource 62dbbc26-7184-4940-a3c9-46f3006b95b9 (type: router_ports) to 2
2026-07-08 16:48:20.524 9 INFO neutron.api.wsgi [req-b48bf252-0d38-478c-84c9-8fb8d451b8ef req-03e6b806-ec25-4a7a-8110-5d34664a6d58 da2f25a306294896b33b0b2aaa810b11 5c6b095e51204c4a8ecea60a420f11cc - - default default] 10.0.0.89 "GET /v2.0/ports?device_id=2a4589fd-5abf-4aa1-9fb0-0632ec9fe597 HTTP/1.1" status: 200 len: 210 time: 0.0178196
2026-07-08 16:48:20.831 9 INFO neutron.db.ovn_revision_numbers_db [None req-f8acca2a-529f-4bb1-b79c-50c220b79b3b 8057a3b54f3c49eb8c48efc6513d7feb 6ccd7419d0ec40d0b630d2276fdc26f8 - - default default] Successfully bumped revision number for resource ccfe2864-e9df-4312-a0fc-65c3c76547e4 (type: security_groups) to 1
2026-07-08 16:48:20.851 9 INFO neutron.db.ovn_revision_numbers_db [None req-f8acca2a-529f-4bb1-b79c-50c220b79b3b 8057a3b54f3c49eb8c48efc6513d7feb 6ccd7419d0ec40d0b630d2276fdc26f8 - - default default] Successfully bumped revision number for resource 15e5a2a4-494e-4b3d-9b58-53b1d158e060 (type: security_group_rules) to 0
2026-07-08 16:48:20.866 9 INFO neutron.db.ovn_revision_numbers_db [None req-f8acca2a-529f-4bb1-b79c-50c220b79b3b 8057a3b54f3c49eb8c48efc6513d7feb 6ccd7419d0ec40d0b630d2276fdc26f8 - - default default] Successfully bumped revision number for resource 250a3e06-0001-4eed-ab2d-470b4efc5738 (type: security_group_rules) to 0
2026-07-08 16:48:20.879 9 INFO neutron.db.ovn_revision_numbers_db [None req-f8acca2a-529f-4bb1-b79c-50c220b79b3b 8057a3b54f3c49eb8c48efc6513d7feb 6ccd7419d0ec40d0b630d2276fdc26f8 - - default default] Successfully bumped revision number for resource a5d959d4-fd74-4f56-84da-7d1757dde563 (type: security_group_rules) to 0
2026-07-08 16:48:20.891 9 INFO neutron.db.ovn_revision_numbers_db [None req-f8acca2a-529f-4bb1-b79c-50c220b79b3b 8057a3b54f3c49eb8c48efc6513d7feb 6ccd7419d0ec40d0b630d2276fdc26f8 - - default default] Successfully bumped revision number for resource b7575049-6109-4c68-b5af-5e0dd38e23f1 (type: security_group_rules) to 0
2026-07-08 16:48:20.929 9 INFO neutron.api.wsgi [None req-f8acca2a-529f-4bb1-b79c-50c220b79b3b 8057a3b54f3c49eb8c48efc6513d7feb 6ccd7419d0ec40d0b630d2276fdc26f8 - - default default] 10.0.0.6 "GET /v2.0/security-groups?tenant_id=0f8884ea136f49e7bbe5926da16b7911&name=default HTTP/1.1" status: 200 len: 3120 time: 0.3991058
2026-07-08 16:48:21.254 9 INFO neutron.api.wsgi [None req-25de5205-c05f-4191-87aa-9c94a906ebf5 8057a3b54f3c49eb8c48efc6513d7feb 6ccd7419d0ec40d0b630d2276fdc26f8 - - default default] 10.0.0.6 "DELETE /v2.0/security-groups/ccfe2864-e9df-4312-a0fc-65c3c76547e4 HTTP/1.1" status: 204 len: 168 time: 0.3207414
2026-07-08 16:48:21.563 9 INFO neutron.api.wsgi [req-c791f565-2821-42fb-9f20-2399efedf158 req-84366458-ebc5-46a0-ac1e-df86eca5bd3d da2f25a306294896b33b0b2aaa810b11 5c6b095e51204c4a8ecea60a420f11cc - - default default] 199.19.213.66 "GET /v2.0/networks?id=a346ebc6-dbc0-40ff-9343-b6f562e34d2a HTTP/1.1" status: 200 len: 868 time: 0.0472906
2026-07-08 16:48:21.617 10 INFO neutron.api.wsgi [req-68fc9fea-272e-439c-9805-18ab57cdd10f req-130a1db1-6f31-45b2-932d-ac6d5297d8f1 da2f25a306294896b33b0b2aaa810b11 5c6b095e51204c4a8ecea60a420f11cc - - default default] 10.0.0.89 "GET /v2.0/ports?device_id=2a4589fd-5abf-4aa1-9fb0-0632ec9fe597 HTTP/1.1" status: 200 len: 210 time: 0.0206542
2026-07-08 16:48:21.622 9 INFO neutron.api.wsgi [req-c791f565-2821-42fb-9f20-2399efedf158 req-c9dcfab7-5e65-4b6c-a7c4-3abb7797a811 da2f25a306294896b33b0b2aaa810b11 5c6b095e51204c4a8ecea60a420f11cc - - default default] 199.19.213.66 "GET /v2.0/security-groups?fields=id&fields=name&tenant_id=5c6b095e51204c4a8ecea60a420f11cc HTTP/1.1" status: 200 len: 380 time: 0.0521910
2026-07-08 16:48:21.632 9 WARNING neutron_lib.context [req-c791f565-2821-42fb-9f20-2399efedf158 req-88d3cd9f-1e9b-4d78-9e84-191907ce910d da2f25a306294896b33b0b2aaa810b11 5c6b095e51204c4a8ecea60a420f11cc - - default default] Method 'is_advsvc' is deprecated since 2023.2 release (neutron-lib 3.8.0) and will be removed once support for the old RBAC API policies will be removed from Neutron. Please use method 'is_service_role' instead.
2026-07-08 16:48:21.905 10 INFO neutron.api.wsgi [req-d80da626-57fd-49ec-9882-409f99072ada req-541682b2-8e9c-41e9-859e-fd18b8063c53 eb79f5259edf4cb68071e4e9ea46e2a3 55f034e22be643a981621d93018c7824 - - 49b15faec86749c5a9d548c4b944feec 49b15faec86749c5a9d548c4b944feec] 199.19.213.66 "GET /v2.0/ports?device_id=b7f1908a-c258-4cfe-8ee2-47f29cf54256&fields=binding%3Ahost_id&fields=binding%3Avif_type HTTP/1.1" status: 200 len: 265 time: 0.0343628
2026-07-08 16:48:21.923 9 WARNING neutron.scheduler.dhcp_agent_scheduler [req-c791f565-2821-42fb-9f20-2399efedf158 req-88d3cd9f-1e9b-4d78-9e84-191907ce910d da2f25a306294896b33b0b2aaa810b11 5c6b095e51204c4a8ecea60a420f11cc - - default default] No more DHCP agents
2026-07-08 16:48:21.924 9 WARNING neutron.api.rpc.agentnotifiers.dhcp_rpc_agent_api [req-c791f565-2821-42fb-9f20-2399efedf158 req-88d3cd9f-1e9b-4d78-9e84-191907ce910d da2f25a306294896b33b0b2aaa810b11 5c6b095e51204c4a8ecea60a420f11cc - - default default] Unable to schedule network a346ebc6-dbc0-40ff-9343-b6f562e34d2a: no agents available; will retry on subsequent port and subnet creation events.
2026-07-08 16:48:22.009 9 INFO neutron.api.wsgi [-] 10.0.0.223 "GET / HTTP/1.1" status: 200 len: 246 time: 0.0014591
2026-07-08 16:48:22.010 10 INFO neutron.api.wsgi [-] 10.0.0.223 "GET / HTTP/1.1" status: 200 len: 246 time: 0.0023794
2026-07-08 16:48:22.050 9 INFO neutron.db.ovn_revision_numbers_db [req-c791f565-2821-42fb-9f20-2399efedf158 req-88d3cd9f-1e9b-4d78-9e84-191907ce910d da2f25a306294896b33b0b2aaa810b11 5c6b095e51204c4a8ecea60a420f11cc - - default default] Successfully bumped revision number for resource 23d40585-5efc-4f38-9dba-b42880146af6 (type: ports) to 1
2026-07-08 16:48:22.073 9 INFO neutron.api.wsgi [req-c791f565-2821-42fb-9f20-2399efedf158 req-88d3cd9f-1e9b-4d78-9e84-191907ce910d da2f25a306294896b33b0b2aaa810b11 5c6b095e51204c4a8ecea60a420f11cc - - default default] 199.19.213.66 "POST /v2.0/ports HTTP/1.1" status: 201 len: 1158 time: 0.4461143 /var/lib/openstack/lib/python3.12/site-packages/pycadf/identifier.py:71: UserWarning: Invalid uuid: neutron. To ensure interoperability, identifiers should be a valid uuid. warnings.warn(('Invalid uuid: %s. To ensure interoperability, '
2026-07-08 16:48:22.484 9 INFO neutron.db.ovn_revision_numbers_db [req-c791f565-2821-42fb-9f20-2399efedf158 req-f604d69f-68c4-4b0b-943b-9d86278235cc eb79f5259edf4cb68071e4e9ea46e2a3 55f034e22be643a981621d93018c7824 - - 49b15faec86749c5a9d548c4b944feec 49b15faec86749c5a9d548c4b944feec] Successfully bumped revision number for resource 23d40585-5efc-4f38-9dba-b42880146af6 (type: ports) to 2 /var/lib/openstack/lib/python3.12/site-packages/pycadf/identifier.py:71: UserWarning: Invalid uuid: neutron. To ensure interoperability, identifiers should be a valid uuid. warnings.warn(('Invalid uuid: %s. To ensure interoperability, '
2026-07-08 16:48:22.730 9 INFO neutron.db.ovn_revision_numbers_db [req-c791f565-2821-42fb-9f20-2399efedf158 req-f604d69f-68c4-4b0b-943b-9d86278235cc eb79f5259edf4cb68071e4e9ea46e2a3 55f034e22be643a981621d93018c7824 - - 49b15faec86749c5a9d548c4b944feec 49b15faec86749c5a9d548c4b944feec] Successfully bumped revision number for resource 23d40585-5efc-4f38-9dba-b42880146af6 (type: ports) to 4
2026-07-08 16:48:22.752 9 INFO neutron.api.wsgi [req-c791f565-2821-42fb-9f20-2399efedf158 req-f604d69f-68c4-4b0b-943b-9d86278235cc eb79f5259edf4cb68071e4e9ea46e2a3 55f034e22be643a981621d93018c7824 - - 49b15faec86749c5a9d548c4b944feec 49b15faec86749c5a9d548c4b944feec] 199.19.213.66 "PUT /v2.0/ports/23d40585-5efc-4f38-9dba-b42880146af6 HTTP/1.1" status: 200 len: 1404 time: 0.6732023
2026-07-08 16:48:22.788 9 INFO neutron.api.wsgi [req-2dd3f44c-5736-477c-9adb-ab20dfbf0fe9 req-0a23f263-dc0d-4507-a380-b2e5de830782 da2f25a306294896b33b0b2aaa810b11 5c6b095e51204c4a8ecea60a420f11cc - - default default] 10.0.0.89 "GET /v2.0/ports?device_id=2a4589fd-5abf-4aa1-9fb0-0632ec9fe597 HTTP/1.1" status: 200 len: 1168 time: 0.0983655
2026-07-08 16:48:22.789 9 INFO neutron.notifiers.nova [-] Nova event matching ['req-801b9c02-b505-491f-a4b2-826d9d388b7d'] response: {'name': 'network-changed', 'server_uuid': '2a4589fd-5abf-4aa1-9fb0-0632ec9fe597', 'tag': '23d40585-5efc-4f38-9dba-b42880146af6', 'status': 'completed', 'code': 200}
2026-07-08 16:48:22.836 9 INFO neutron.api.wsgi [req-2dd3f44c-5736-477c-9adb-ab20dfbf0fe9 req-8fe33e45-2fe3-4ef5-a07a-78077d235260 da2f25a306294896b33b0b2aaa810b11 5c6b095e51204c4a8ecea60a420f11cc - - default default] 10.0.0.89 "GET /v2.0/security-groups?id=39e1e326-c361-4b01-b74a-3b6428997dbb&fields=id&fields=name HTTP/1.1" status: 200 len: 313 time: 0.0339270
2026-07-08 16:48:22.954 9 INFO neutron.api.wsgi [req-d80da626-57fd-49ec-9882-409f99072ada req-abcf1307-37e9-4778-85ca-bdbfe332992d eb79f5259edf4cb68071e4e9ea46e2a3 55f034e22be643a981621d93018c7824 - - 49b15faec86749c5a9d548c4b944feec 49b15faec86749c5a9d548c4b944feec] 199.19.213.66 "GET /v2.0/ports?tenant_id=2d99ef8bd5574041afcd64156944baab&device_id=b7f1908a-c258-4cfe-8ee2-47f29cf54256 HTTP/1.1" status: 200 len: 1413 time: 0.0359380
2026-07-08 16:48:23.332 9 INFO neutron.api.wsgi [req-50af2e09-fcbb-40e5-aca1-22229c2c95b4 req-efbafa74-a09f-4861-923e-3d70f533e562 eb79f5259edf4cb68071e4e9ea46e2a3 55f034e22be643a981621d93018c7824 - - 49b15faec86749c5a9d548c4b944feec 49b15faec86749c5a9d548c4b944feec] 199.19.213.66 "GET /v2.0/ports?tenant_id=5c6b095e51204c4a8ecea60a420f11cc&device_id=2a4589fd-5abf-4aa1-9fb0-0632ec9fe597 HTTP/1.1" status: 200 len: 1407 time: 0.0333776
2026-07-08 16:48:23.397 9 INFO neutron.api.wsgi [req-50af2e09-fcbb-40e5-aca1-22229c2c95b4 req-7b9f59a3-0dae-42a7-9b93-32255d3366b8 eb79f5259edf4cb68071e4e9ea46e2a3 55f034e22be643a981621d93018c7824 - - 49b15faec86749c5a9d548c4b944feec 49b15faec86749c5a9d548c4b944feec] 199.19.213.66 "GET /v2.0/networks?tenant_id=5c6b095e51204c4a8ecea60a420f11cc&shared=False HTTP/1.1" status: 200 len: 966 time: 0.0567667
2026-07-08 16:48:23.461 9 INFO neutron.api.wsgi [req-50af2e09-fcbb-40e5-aca1-22229c2c95b4 req-867ba13e-209a-48d4-9202-eb6f5ab4fa2d eb79f5259edf4cb68071e4e9ea46e2a3 55f034e22be643a981621d93018c7824 - - 49b15faec86749c5a9d548c4b944feec 49b15faec86749c5a9d548c4b944feec] 199.19.213.66 "GET /v2.0/networks?shared=True HTTP/1.1" status: 200 len: 952 time: 0.0589564
2026-07-08 16:48:23.508 10 INFO neutron.api.wsgi [req-d80da626-57fd-49ec-9882-409f99072ada req-f8fba9bb-7012-42b4-9426-5afa3d26ee07 eb79f5259edf4cb68071e4e9ea46e2a3 55f034e22be643a981621d93018c7824 - - 49b15faec86749c5a9d548c4b944feec 49b15faec86749c5a9d548c4b944feec] 199.19.213.66 "GET /v2.0/networks?id=8e909ba3-95a5-4194-8b6e-2fd3a308197f HTTP/1.1" status: 200 len: 974 time: 0.0420144
2026-07-08 16:48:23.551 10 INFO neutron.api.wsgi [req-d80da626-57fd-49ec-9882-409f99072ada req-a382b402-d048-4a7d-8f05-88d3e81b4d3f eb79f5259edf4cb68071e4e9ea46e2a3 55f034e22be643a981621d93018c7824 - - 49b15faec86749c5a9d548c4b944feec 49b15faec86749c5a9d548c4b944feec] 199.19.213.66 "GET /v2.0/floatingips?fixed_ip_address=10.100.0.11&port_id=c1c5dfcd-3f6b-4189-b218-25d6c8e1fef6 HTTP/1.1" status: 200 len: 1060 time: 0.0383582
2026-07-08 16:48:23.598 10 INFO neutron.api.wsgi [req-d80da626-57fd-49ec-9882-409f99072ada req-65d9b4c1-4ccf-4916-852a-9a0c095413e2 eb79f5259edf4cb68071e4e9ea46e2a3 55f034e22be643a981621d93018c7824 - - 49b15faec86749c5a9d548c4b944feec 49b15faec86749c5a9d548c4b944feec] 199.19.213.66 "GET /v2.0/subnets?id=b9264012-87f8-4459-ab63-60958c4cd460 HTTP/1.1" status: 200 len: 893 time: 0.0280402
2026-07-08 16:48:23.626 10 INFO neutron.api.wsgi [req-d80da626-57fd-49ec-9882-409f99072ada req-e5972a48-9008-428a-92c8-73db94cb4f01 eb79f5259edf4cb68071e4e9ea46e2a3 55f034e22be643a981621d93018c7824 - - 49b15faec86749c5a9d548c4b944feec 49b15faec86749c5a9d548c4b944feec] 199.19.213.66 "GET /v2.0/ports?network_id=8e909ba3-95a5-4194-8b6e-2fd3a308197f&device_owner=network%3Adhcp HTTP/1.1" status: 200 len: 210 time: 0.0195870
2026-07-08 16:48:23.677 10 INFO neutron.api.wsgi [req-d80da626-57fd-49ec-9882-409f99072ada req-84284a10-4c6c-485f-a834-84dfeeadfe2d eb79f5259edf4cb68071e4e9ea46e2a3 55f034e22be643a981621d93018c7824 - - 49b15faec86749c5a9d548c4b944feec 49b15faec86749c5a9d548c4b944feec] 199.19.213.66 "GET /v2.0/networks/8e909ba3-95a5-4194-8b6e-2fd3a308197f?fields=segments HTTP/1.1" status: 200 len: 212 time: 0.0437300
2026-07-08 16:48:23.745 10 INFO neutron.api.wsgi [req-d80da626-57fd-49ec-9882-409f99072ada req-cfdbe391-babc-4a55-8647-ce5bc0afeaa4 eb79f5259edf4cb68071e4e9ea46e2a3 55f034e22be643a981621d93018c7824 - - 49b15faec86749c5a9d548c4b944feec 49b15faec86749c5a9d548c4b944feec] 199.19.213.66 "GET /v2.0/networks/8e909ba3-95a5-4194-8b6e-2fd3a308197f?fields=provider%3Aphysical_network&fields=provider%3Anetwork_type HTTP/1.1" status: 200 len: 277 time: 0.0555906
2026-07-08 16:48:23.902 9 INFO neutron.db.ovn_revision_numbers_db [None req-a585e3e2-04a7-4e07-a5bc-7dba88d9a425 8057a3b54f3c49eb8c48efc6513d7feb 6ccd7419d0ec40d0b630d2276fdc26f8 - - default default] Successfully bumped revision number for resource 117fea1f-7063-49a3-94c1-1d61d49b1298 (type: security_groups) to 1
2026-07-08 16:48:23.914 9 INFO neutron.db.ovn_revision_numbers_db [None req-a585e3e2-04a7-4e07-a5bc-7dba88d9a425 8057a3b54f3c49eb8c48efc6513d7feb 6ccd7419d0ec40d0b630d2276fdc26f8 - - default default] Successfully bumped revision number for resource 12f3656b-aca8-4abf-b7dc-eb114cadd91f (type: security_group_rules) to 0
2026-07-08 16:48:23.930 9 INFO neutron.db.ovn_revision_numbers_db [None req-a585e3e2-04a7-4e07-a5bc-7dba88d9a425 8057a3b54f3c49eb8c48efc6513d7feb 6ccd7419d0ec40d0b630d2276fdc26f8 - - default default] Successfully bumped revision number for resource 884009b8-f312-4e70-b9e3-6086203cb6db (type: security_group_rules) to 0
2026-07-08 16:48:23.944 9 INFO neutron.db.ovn_revision_numbers_db [None req-a585e3e2-04a7-4e07-a5bc-7dba88d9a425 8057a3b54f3c49eb8c48efc6513d7feb 6ccd7419d0ec40d0b630d2276fdc26f8 - - default default] Successfully bumped revision number for resource 91d2c696-64c9-4807-aa65-b6dc2512994a (type: security_group_rules) to 0
2026-07-08 16:48:23.961 9 INFO neutron.db.ovn_revision_numbers_db [None req-a585e3e2-04a7-4e07-a5bc-7dba88d9a425 8057a3b54f3c49eb8c48efc6513d7feb 6ccd7419d0ec40d0b630d2276fdc26f8 - - default default] Successfully bumped revision number for resource acf12a6a-2efb-4b51-b851-c5b7af1a0f70 (type: security_group_rules) to 0
2026-07-08 16:48:24.000 10 INFO neutron.api.wsgi [req-fef0250f-1344-4600-b1ee-b841438b226e req-faa123a0-d9ec-434b-a01b-e14c5a4d93ec da2f25a306294896b33b0b2aaa810b11 5c6b095e51204c4a8ecea60a420f11cc - - default default] 10.0.0.89 "GET /v2.0/ports?device_id=2a4589fd-5abf-4aa1-9fb0-0632ec9fe597 HTTP/1.1" status: 200 len: 1168 time: 0.0857112
2026-07-08 16:48:24.015 9 INFO neutron.api.wsgi [None req-a585e3e2-04a7-4e07-a5bc-7dba88d9a425 8057a3b54f3c49eb8c48efc6513d7feb 6ccd7419d0ec40d0b630d2276fdc26f8 - - default default] 10.0.0.6 "GET /v2.0/security-groups?tenant_id=9bf37c23f57a426888ecba67e38a1a68&name=default HTTP/1.1" status: 200 len: 3120 time: 0.2936199
2026-07-08 16:48:24.039 10 INFO neutron.api.wsgi [req-fef0250f-1344-4600-b1ee-b841438b226e req-aa3e35de-9bc0-49e6-8ed1-a7f475f551e2 da2f25a306294896b33b0b2aaa810b11 5c6b095e51204c4a8ecea60a420f11cc - - default default] 10.0.0.89 "GET /v2.0/security-groups?id=39e1e326-c361-4b01-b74a-3b6428997dbb&fields=id&fields=name HTTP/1.1" status: 200 len: 313 time: 0.0326746
2026-07-08 16:48:24.272 9 INFO neutron.api.wsgi [req-123e854c-bb93-402a-8905-f489417c421f req-3ea4e4c3-509e-488a-944a-bd8ae9de06ac eb79f5259edf4cb68071e4e9ea46e2a3 55f034e22be643a981621d93018c7824 - - 49b15faec86749c5a9d548c4b944feec 49b15faec86749c5a9d548c4b944feec] 10.0.0.91 "GET /v2.0/ports?device_id=b7f1908a-c258-4cfe-8ee2-47f29cf54256 HTTP/1.1" status: 200 len: 1413 time: 0.1371746
2026-07-08 16:48:24.319 9 INFO neutron.api.wsgi [req-123e854c-bb93-402a-8905-f489417c421f req-f8c7da92-432e-4c6b-90d0-6fac4bce1861 eb79f5259edf4cb68071e4e9ea46e2a3 55f034e22be643a981621d93018c7824 - - 49b15faec86749c5a9d548c4b944feec 49b15faec86749c5a9d548c4b944feec] 10.0.0.91 "GET /v2.0/security-groups?id=2deffac9-cb89-47aa-ae80-f39c5e1b8b20&fields=id&fields=name HTTP/1.1" status: 200 len: 313 time: 0.0392222
2026-07-08 16:48:24.354 9 INFO neutron.api.wsgi [None req-27a291a1-b416-4ea7-958f-0026df90dc51 8057a3b54f3c49eb8c48efc6513d7feb 6ccd7419d0ec40d0b630d2276fdc26f8 - - default default] 10.0.0.6 "DELETE /v2.0/security-groups/117fea1f-7063-49a3-94c1-1d61d49b1298 HTTP/1.1" status: 204 len: 168 time: 0.3293700
2026-07-08 16:48:24.512 10 INFO neutron.api.wsgi [req-c791f565-2821-42fb-9f20-2399efedf158 req-2cba1e61-90d3-42e0-a8ff-92b6d65ab7e5 eb79f5259edf4cb68071e4e9ea46e2a3 55f034e22be643a981621d93018c7824 - - 49b15faec86749c5a9d548c4b944feec 49b15faec86749c5a9d548c4b944feec] 199.19.213.66 "GET /v2.0/ports?tenant_id=5c6b095e51204c4a8ecea60a420f11cc&device_id=2a4589fd-5abf-4aa1-9fb0-0632ec9fe597 HTTP/1.1" status: 200 len: 1407 time: 0.0303535
2026-07-08 16:48:24.540 10 INFO neutron.api.wsgi [req-c791f565-2821-42fb-9f20-2399efedf158 req-51f02c6a-fc2f-4012-a12f-dfb835543ae4 eb79f5259edf4cb68071e4e9ea46e2a3 55f034e22be643a981621d93018c7824 - - 49b15faec86749c5a9d548c4b944feec 49b15faec86749c5a9d548c4b944feec] 199.19.213.66 "GET /v2.0/floatingips?fixed_ip_address=10.100.0.8&port_id=23d40585-5efc-4f38-9dba-b42880146af6 HTTP/1.1" status: 200 len: 217 time: 0.0229630
2026-07-08 16:48:24.574 10 INFO neutron.api.wsgi [req-c791f565-2821-42fb-9f20-2399efedf158 req-a43d7195-488f-4b58-89ae-fef0e987a6f7 eb79f5259edf4cb68071e4e9ea46e2a3 55f034e22be643a981621d93018c7824 - - 49b15faec86749c5a9d548c4b944feec 49b15faec86749c5a9d548c4b944feec] 199.19.213.66 "GET /v2.0/subnets?id=04438eb4-a245-4c14-a8f7-ad96db1e5b03 HTTP/1.1" status: 200 len: 886 time: 0.0266604
2026-07-08 16:48:24.604 10 INFO neutron.api.wsgi [req-c791f565-2821-42fb-9f20-2399efedf158 req-836eb436-abd8-4ba1-911d-f8f4418fa9ff eb79f5259edf4cb68071e4e9ea46e2a3 55f034e22be643a981621d93018c7824 - - 49b15faec86749c5a9d548c4b944feec 49b15faec86749c5a9d548c4b944feec] 199.19.213.66 "GET /v2.0/ports?network_id=a346ebc6-dbc0-40ff-9343-b6f562e34d2a&device_owner=network%3Adhcp HTTP/1.1" status: 200 len: 210 time: 0.0223563
2026-07-08 16:48:24.611 9 INFO neutron.db.ovn_revision_numbers_db [None req-e27f7392-23d7-4858-ae1c-c0013c8cb0ea 8057a3b54f3c49eb8c48efc6513d7feb 6ccd7419d0ec40d0b630d2276fdc26f8 - - default default] Successfully bumped revision number for resource dfc99837-378d-4844-9a2c-848a0b15cab6 (type: security_groups) to 1
2026-07-08 16:48:24.638 9 INFO neutron.db.ovn_revision_numbers_db [None req-e27f7392-23d7-4858-ae1c-c0013c8cb0ea 8057a3b54f3c49eb8c48efc6513d7feb 6ccd7419d0ec40d0b630d2276fdc26f8 - - default default] Successfully bumped revision number for resource 60d169c5-7797-4ade-a0db-43ac55dde818 (type: security_group_rules) to 0
2026-07-08 16:48:24.651 10 INFO neutron.api.wsgi [req-c791f565-2821-42fb-9f20-2399efedf158 req-7cd2d7e3-b253-4dbe-af9b-1e40c2eb6419 eb79f5259edf4cb68071e4e9ea46e2a3 55f034e22be643a981621d93018c7824 - - 49b15faec86749c5a9d548c4b944feec 49b15faec86749c5a9d548c4b944feec] 199.19.213.66 "GET /v2.0/networks/a346ebc6-dbc0-40ff-9343-b6f562e34d2a?fields=segments HTTP/1.1" status: 200 len: 212 time: 0.0424752
2026-07-08 16:48:24.661 9 INFO neutron.db.ovn_revision_numbers_db [None req-e27f7392-23d7-4858-ae1c-c0013c8cb0ea 8057a3b54f3c49eb8c48efc6513d7feb 6ccd7419d0ec40d0b630d2276fdc26f8 - - default default] Successfully bumped revision number for resource a2cc21b5-4ff2-4284-942c-0d1c6242b1fe (type: security_group_rules) to 0
2026-07-08 16:48:24.682 9 INFO neutron.db.ovn_revision_numbers_db [None req-e27f7392-23d7-4858-ae1c-c0013c8cb0ea 8057a3b54f3c49eb8c48efc6513d7feb 6ccd7419d0ec40d0b630d2276fdc26f8 - - default default] Successfully bumped revision number for resource b1fb86e2-39d0-42d8-9c54-32bd504f6d01 (type: security_group_rules) to 0
2026-07-08 16:48:24.699 9 INFO neutron.db.ovn_revision_numbers_db [None req-e27f7392-23d7-4858-ae1c-c0013c8cb0ea 8057a3b54f3c49eb8c48efc6513d7feb 6ccd7419d0ec40d0b630d2276fdc26f8 - - default default] Successfully bumped revision number for resource d0a9d50f-f8f7-4c03-954d-e104ed88bb24 (type: security_group_rules) to 0
2026-07-08 16:48:24.704 10 INFO neutron.api.wsgi [req-c791f565-2821-42fb-9f20-2399efedf158 req-75e916c9-7aea-4f3f-8edc-fb293979cb18 eb79f5259edf4cb68071e4e9ea46e2a3 55f034e22be643a981621d93018c7824 - - 49b15faec86749c5a9d548c4b944feec 49b15faec86749c5a9d548c4b944feec] 199.19.213.66 "GET /v2.0/networks/a346ebc6-dbc0-40ff-9343-b6f562e34d2a?fields=provider%3Aphysical_network&fields=provider%3Anetwork_type HTTP/1.1" status: 200 len: 277 time: 0.0488350
2026-07-08 16:48:24.734 9 INFO neutron.api.wsgi [None req-e27f7392-23d7-4858-ae1c-c0013c8cb0ea 8057a3b54f3c49eb8c48efc6513d7feb 6ccd7419d0ec40d0b630d2276fdc26f8 - - default default] 10.0.0.6 "GET /v2.0/security-groups?tenant_id=fe08c84717314195ae1b7909a446ec7f&name=default HTTP/1.1" status: 200 len: 3120 time: 0.2480235
2026-07-08 16:48:24.958 9 INFO neutron.api.wsgi [None req-5d118c88-5d03-465f-aa68-98c865dc85d9 8057a3b54f3c49eb8c48efc6513d7feb 6ccd7419d0ec40d0b630d2276fdc26f8 - - default default] 10.0.0.6 "DELETE /v2.0/security-groups/dfc99837-378d-4844-9a2c-848a0b15cab6 HTTP/1.1" status: 204 len: 168 time: 0.2194219
2026-07-08 16:48:25.141 9 INFO neutron.api.wsgi [req-967feb61-423c-4d91-9c99-ea3e4a028353 req-92fd706d-6cf1-4733-81bf-caf6a9ce7156 da2f25a306294896b33b0b2aaa810b11 5c6b095e51204c4a8ecea60a420f11cc - - default default] 10.0.0.89 "GET /v2.0/ports?device_id=2a4589fd-5abf-4aa1-9fb0-0632ec9fe597 HTTP/1.1" status: 200 len: 1168 time: 0.0385509
2026-07-08 16:48:25.141 9 INFO neutron.db.ovn_revision_numbers_db [None req-724da0de-e6a9-4baf-a6f7-b55965cc52f3 8057a3b54f3c49eb8c48efc6513d7feb 6ccd7419d0ec40d0b630d2276fdc26f8 - - default default] Successfully bumped revision number for resource da72cdf4-4b7a-43d2-8544-329ee1e63a1e (type: security_groups) to 1
2026-07-08 16:48:25.157 9 INFO neutron.db.ovn_revision_numbers_db [None req-724da0de-e6a9-4baf-a6f7-b55965cc52f3 8057a3b54f3c49eb8c48efc6513d7feb 6ccd7419d0ec40d0b630d2276fdc26f8 - - default default] Successfully bumped revision number for resource 2c5893ac-c362-4079-9a75-03db607e4a12 (type: security_group_rules) to 0
2026-07-08 16:48:25.170 9 INFO neutron.db.ovn_revision_numbers_db [None req-724da0de-e6a9-4baf-a6f7-b55965cc52f3 8057a3b54f3c49eb8c48efc6513d7feb 6ccd7419d0ec40d0b630d2276fdc26f8 - - default default] Successfully bumped revision number for resource 2d45382c-2268-457b-a9a9-7f9dabc929e6 (type: security_group_rules) to 0
2026-07-08 16:48:25.178 9 INFO neutron.api.wsgi [req-967feb61-423c-4d91-9c99-ea3e4a028353 req-49289645-1836-4fa9-9644-44d3d03be8b3 da2f25a306294896b33b0b2aaa810b11 5c6b095e51204c4a8ecea60a420f11cc - - default default] 10.0.0.89 "GET /v2.0/security-groups?id=39e1e326-c361-4b01-b74a-3b6428997dbb&fields=id&fields=name HTTP/1.1" status: 200 len: 313 time: 0.0315962
2026-07-08 16:48:25.187 9 INFO neutron.db.ovn_revision_numbers_db [None req-724da0de-e6a9-4baf-a6f7-b55965cc52f3 8057a3b54f3c49eb8c48efc6513d7feb 6ccd7419d0ec40d0b630d2276fdc26f8 - - default default] Successfully bumped revision number for resource 34379a96-baa6-4769-98fb-b75c7860bfb9 (type: security_group_rules) to 0
2026-07-08 16:48:25.206 9 INFO neutron.db.ovn_revision_numbers_db [None req-724da0de-e6a9-4baf-a6f7-b55965cc52f3 8057a3b54f3c49eb8c48efc6513d7feb 6ccd7419d0ec40d0b630d2276fdc26f8 - - default default] Successfully bumped revision number for resource 9d6f35f7-67eb-493c-912c-fcf3af6c92dd (type: security_group_rules) to 0
2026-07-08 16:48:25.256 9 INFO neutron.api.wsgi [None req-724da0de-e6a9-4baf-a6f7-b55965cc52f3 8057a3b54f3c49eb8c48efc6513d7feb 6ccd7419d0ec40d0b630d2276fdc26f8 - - default default] 10.0.0.6 "GET /v2.0/security-groups?tenant_id=fde289ec055549af851b6bb01b520735&name=default HTTP/1.1" status: 200 len: 3120 time: 0.3466427
2026-07-08 16:48:25.523 9 INFO neutron.api.wsgi [None req-4018b69f-eb8e-4074-a8c2-06ee97975ad0 8057a3b54f3c49eb8c48efc6513d7feb 6ccd7419d0ec40d0b630d2276fdc26f8 - - default default] 10.0.0.6 "DELETE /v2.0/security-groups/da72cdf4-4b7a-43d2-8544-329ee1e63a1e HTTP/1.1" status: 204 len: 168 time: 0.2619653
2026-07-08 16:48:26.303 10 INFO neutron.api.wsgi [req-b3f830d7-e0e6-4690-b046-1f9c2b08ea2b req-9d74f843-a782-44d2-833f-ff634572d532 da2f25a306294896b33b0b2aaa810b11 5c6b095e51204c4a8ecea60a420f11cc - - default default] 10.0.0.89 "GET /v2.0/ports?device_id=2a4589fd-5abf-4aa1-9fb0-0632ec9fe597 HTTP/1.1" status: 200 len: 1168 time: 0.0581760
2026-07-08 16:48:26.373 10 INFO neutron.api.wsgi [req-b3f830d7-e0e6-4690-b046-1f9c2b08ea2b req-ecab139f-ef50-4975-9ac6-3c639b5fe501 da2f25a306294896b33b0b2aaa810b11 5c6b095e51204c4a8ecea60a420f11cc - - default default] 10.0.0.89 "GET /v2.0/security-groups?id=39e1e326-c361-4b01-b74a-3b6428997dbb&fields=id&fields=name HTTP/1.1" status: 200 len: 313 time: 0.0602107
2026-07-08 16:48:26.868 10 INFO neutron.plugins.ml2.drivers.ovn.mech_driver.mech_driver [None req-3c5b6b4f-cb12-4400-a82e-43609a4acf03 - - - - - -] OVN reports status up for port: 23d40585-5efc-4f38-9dba-b42880146af6
2026-07-08 16:48:26.884 10 INFO neutron.plugins.ml2.plugin [None req-3c5b6b4f-cb12-4400-a82e-43609a4acf03 - - - - - -] Attempt 1 to provision port 23d40585-5efc-4f38-9dba-b42880146af6
2026-07-08 16:48:27.065 10 INFO neutron.notifiers.nova [-] Nova event matching ['req-f7a5eec6-a1e3-4422-beb3-8d943a046dde'] response: {'server_uuid': '2a4589fd-5abf-4aa1-9fb0-0632ec9fe597', 'name': 'network-vif-plugged', 'status': 'completed', 'tag': '23d40585-5efc-4f38-9dba-b42880146af6', 'code': 200}
