2026-04-02 10:10:36.397 8 INFO placement.requestlog [None req-34818bf7-e09b-4ae9-b374-6080f241f674 - - - - - -] 10.0.0.19 "GET /" status: 200 len: 136 microversion: 1.0
2026-04-02 10:10:36.397 7 INFO placement.requestlog [None req-b7ea79ec-503a-4810-a29f-d6b569345b62 - - - - - -] 10.0.0.19 "GET /" status: 200 len: 136 microversion: 1.0
2026-04-02 10:10:46.396 8 INFO placement.requestlog [None req-39a67be9-b45a-4099-9a23-e671c8edfaf8 - - - - - -] 10.0.0.19 "GET /" status: 200 len: 136 microversion: 1.0
2026-04-02 10:10:46.398 7 INFO placement.requestlog [None req-707012ba-bc00-4180-a6c1-33f49ad20db1 - - - - - -] 10.0.0.19 "GET /" status: 200 len: 136 microversion: 1.0
2026-04-02 10:10:56.397 8 INFO placement.requestlog [None req-74d24347-5cdf-4e2d-b256-81d7699e0913 - - - - - -] 10.0.0.19 "GET /" status: 200 len: 136 microversion: 1.0
2026-04-02 10:10:56.397 7 INFO placement.requestlog [None req-77b1cdc0-0786-422e-8055-2c976902679f - - - - - -] 10.0.0.19 "GET /" status: 200 len: 136 microversion: 1.0
2026-04-02 10:11:06.397 7 INFO placement.requestlog [None req-0237dd32-deeb-4cf0-b154-4d0b50c4f078 - - - - - -] 10.0.0.19 "GET /" status: 200 len: 136 microversion: 1.0
2026-04-02 10:11:06.397 8 INFO placement.requestlog [None req-3cfe7346-533a-4dfc-9144-d018c4f0b9b4 - - - - - -] 10.0.0.19 "GET /" status: 200 len: 136 microversion: 1.0
2026-04-02 10:11:16.396 8 INFO placement.requestlog [None req-90704144-34ff-4093-a5f5-57f88927f568 - - - - - -] 10.0.0.19 "GET /" status: 200 len: 136 microversion: 1.0
2026-04-02 10:11:16.397 7 INFO placement.requestlog [None req-6bd056f9-7a79-48db-b957-d24b09c0f9e3 - - - - - -] 10.0.0.19 "GET /" status: 200 len: 136 microversion: 1.0
2026-04-02 10:11:26.397 7 INFO placement.requestlog [None req-68b4ddc7-bec2-4f6a-a600-c4a88ed44f43 - - - - - -] 10.0.0.19 "GET /" status: 200 len: 136 microversion: 1.0
2026-04-02 10:11:26.397 8 INFO placement.requestlog [None req-a640a619-39fb-4900-884e-12ab7d6a331c - - - - - -] 10.0.0.19 "GET /" status: 200 len: 136 microversion: 1.0
2026-04-02 10:11:33.520 7 INFO placement.requestlog [req-30c4c82f-aa3b-4f2c-b3d2-a55032bddae2 req-be139477-1951-4f85-b291-4bccb82da58c 25a106e32f8c447f9074824a7c673f60 8ded5da4b8dd4cbfb548012848615277 - - c335f53214d149d69a85f99d6d37453c c335f53214d149d69a85f99d6d37453c] 199.204.45.162 "GET /resource_providers/01ea6e9b-e8d2-4a10-84dd-06b5343be1ee/allocations" status: 200 len: 54 microversion: 1.0 [pid: 7|app: 0|req: 297/595] 199.204.45.162 () {32 vars in 857 bytes} [Thu Apr 2 10:11:33 2026] GET /resource_providers/01ea6e9b-e8d2-4a10-84dd-06b5343be1ee/allocations => generated 54 bytes in 20 msecs (HTTP/1.1 200) 6 headers in 223 bytes (1 switches on core 0)
2026-04-02 10:11:33.544 8 INFO placement.requestlog [req-30c4c82f-aa3b-4f2c-b3d2-a55032bddae2 req-ed5fb51b-a768-41b2-ba6b-3572df7db6f5 25a106e32f8c447f9074824a7c673f60 8ded5da4b8dd4cbfb548012848615277 - - c335f53214d149d69a85f99d6d37453c c335f53214d149d69a85f99d6d37453c] 199.204.45.162 "GET /resource_providers/01ea6e9b-e8d2-4a10-84dd-06b5343be1ee/allocations" status: 200 len: 54 microversion: 1.0 [pid: 8|app: 0|req: 299/596] 199.204.45.162 () {32 vars in 857 bytes} [Thu Apr 2 10:11:33 2026] GET /resource_providers/01ea6e9b-e8d2-4a10-84dd-06b5343be1ee/allocations => generated 54 bytes in 15 msecs (HTTP/1.1 200) 6 headers in 223 bytes (1 switches on core 0)
2026-04-02 10:11:36.396 7 INFO placement.requestlog [None req-4f959788-f38b-4c9d-a6fc-bdba9165bd38 - - - - - -] 10.0.0.19 "GET /" status: 200 len: 136 microversion: 1.0
2026-04-02 10:11:36.397 8 INFO placement.requestlog [None req-d8ef7c28-f823-494c-afce-23c16fc15981 - - - - - -] 10.0.0.19 "GET /" status: 200 len: 136 microversion: 1.0
2026-04-02 10:11:46.397 7 INFO placement.requestlog [None req-fba4b82e-f618-4b6b-aa08-66d7a736ddd1 - - - - - -] 10.0.0.19 "GET /" status: 200 len: 136 microversion: 1.0
2026-04-02 10:11:46.397 8 INFO placement.requestlog [None req-5a704948-2207-4b89-9755-a9c7782dfa4b - - - - - -] 10.0.0.19 "GET /" status: 200 len: 136 microversion: 1.0
2026-04-02 10:11:56.397 7 INFO placement.requestlog [None req-ee6b15fa-4355-4473-b8be-72e334c53c9e - - - - - -] 10.0.0.19 "GET /" status: 200 len: 136 microversion: 1.0
2026-04-02 10:11:56.397 8 INFO placement.requestlog [None req-97273582-ddf2-47e0-8d75-26761697014b - - - - - -] 10.0.0.19 "GET /" status: 200 len: 136 microversion: 1.0
2026-04-02 10:12:06.397 7 INFO placement.requestlog [None req-a2eb22d5-3db3-499c-9ae9-33d09ef65dc1 - - - - - -] 10.0.0.19 "GET /" status: 200 len: 136 microversion: 1.0
2026-04-02 10:12:06.397 8 INFO placement.requestlog [None req-9c177662-7359-4fa9-becc-9a7b35dff994 - - - - - -] 10.0.0.19 "GET /" status: 200 len: 136 microversion: 1.0
2026-04-02 10:12:16.396 7 INFO placement.requestlog [None req-e54c893a-1cbc-47cc-880f-a469d664d04b - - - - - -] 10.0.0.19 "GET /" status: 200 len: 136 microversion: 1.0
2026-04-02 10:12:16.397 8 INFO placement.requestlog [None req-7dfec6c4-bc50-44c4-a420-b553dfc559fd - - - - - -] 10.0.0.19 "GET /" status: 200 len: 136 microversion: 1.0
2026-04-02 10:12:26.405 7 INFO placement.requestlog [None req-f74772c1-a6db-4bc9-9e95-5ad5cc3b0ae7 - - - - - -] 10.0.0.19 "GET /" status: 200 len: 136 microversion: 1.0
2026-04-02 10:12:26.406 8 INFO placement.requestlog [None req-df786f53-b242-4e81-a131-21777f768370 - - - - - -] 10.0.0.19 "GET /" status: 200 len: 136 microversion: 1.0
2026-04-02 10:12:35.735 7 INFO placement.requestlog [req-f34aea93-a452-4f62-b85b-b0f8cc796f26 req-8659796e-7a9d-4187-9ec9-16877a171b88 25a106e32f8c447f9074824a7c673f60 8ded5da4b8dd4cbfb548012848615277 - - c335f53214d149d69a85f99d6d37453c c335f53214d149d69a85f99d6d37453c] 199.204.45.162 "GET /resource_providers/01ea6e9b-e8d2-4a10-84dd-06b5343be1ee/allocations" status: 200 len: 54 microversion: 1.0 [pid: 7|app: 0|req: 304/609] 199.204.45.162 () {32 vars in 857 bytes} [Thu Apr 2 10:12:35 2026] GET /resource_providers/01ea6e9b-e8d2-4a10-84dd-06b5343be1ee/allocations => generated 54 bytes in 155 msecs (HTTP/1.1 200) 6 headers in 223 bytes (1 switches on core 0)
2026-04-02 10:12:35.767 8 INFO placement.requestlog [req-f34aea93-a452-4f62-b85b-b0f8cc796f26 req-9462b319-0221-41ba-96e9-a6fc25b26526 25a106e32f8c447f9074824a7c673f60 8ded5da4b8dd4cbfb548012848615277 - - c335f53214d149d69a85f99d6d37453c c335f53214d149d69a85f99d6d37453c] 199.204.45.162 "GET /resource_providers?in_tree=01ea6e9b-e8d2-4a10-84dd-06b5343be1ee" status: 200 len: 797 microversion: 1.14 [pid: 8|app: 0|req: 306/610] 199.204.45.162 () {34 vars in 892 bytes} [Thu Apr 2 10:12:35 2026] GET /resource_providers?in_tree=01ea6e9b-e8d2-4a10-84dd-06b5343be1ee => generated 797 bytes in 23 msecs (HTTP/1.1 200) 6 headers in 225 bytes (1 switches on core 0)
2026-04-02 10:12:35.788 7 INFO placement.requestlog [req-f34aea93-a452-4f62-b85b-b0f8cc796f26 req-ffa31b73-fc83-4e15-93d4-6d8aeb0c968f 25a106e32f8c447f9074824a7c673f60 8ded5da4b8dd4cbfb548012848615277 - - c335f53214d149d69a85f99d6d37453c c335f53214d149d69a85f99d6d37453c] 199.204.45.162 "GET /resource_providers/01ea6e9b-e8d2-4a10-84dd-06b5343be1ee/inventories" status: 200 len: 400 microversion: 1.0 [pid: 7|app: 0|req: 305/611] 199.204.45.162 () {32 vars in 857 bytes} [Thu Apr 2 10:12:35 2026] GET /resource_providers/01ea6e9b-e8d2-4a10-84dd-06b5343be1ee/inventories => generated 400 bytes in 18 msecs (HTTP/1.1 200) 6 headers in 224 bytes (1 switches on core 0)
2026-04-02 10:12:35.808 8 INFO placement.requestlog [req-f34aea93-a452-4f62-b85b-b0f8cc796f26 req-68c3ef70-22c2-4d68-90a0-d6fcd307e694 25a106e32f8c447f9074824a7c673f60 8ded5da4b8dd4cbfb548012848615277 - - c335f53214d149d69a85f99d6d37453c c335f53214d149d69a85f99d6d37453c] 199.204.45.162 "GET /resource_providers/01ea6e9b-e8d2-4a10-84dd-06b5343be1ee/aggregates" status: 200 len: 53 microversion: 1.19 [pid: 8|app: 0|req: 307/612] 199.204.45.162 () {34 vars in 899 bytes} [Thu Apr 2 10:12:35 2026] GET /resource_providers/01ea6e9b-e8d2-4a10-84dd-06b5343be1ee/aggregates => generated 53 bytes in 11 msecs (HTTP/1.1 200) 8 headers in 295 bytes (1 switches on core 0)
2026-04-02 10:12:35.834 7 INFO placement.requestlog [req-f34aea93-a452-4f62-b85b-b0f8cc796f26 req-745776b2-1371-44a6-9a45-e69a52928568 25a106e32f8c447f9074824a7c673f60 8ded5da4b8dd4cbfb548012848615277 - - c335f53214d149d69a85f99d6d37453c c335f53214d149d69a85f99d6d37453c] 199.204.45.162 "GET /resource_providers/01ea6e9b-e8d2-4a10-84dd-06b5343be1ee/traits" status: 200 len: 2316 microversion: 1.6 [pid: 7|app: 0|req: 306/613] 199.204.45.162 () {34 vars in 890 bytes} [Thu Apr 2 10:12:35 2026] GET /resource_providers/01ea6e9b-e8d2-4a10-84dd-06b5343be1ee/traits => generated 2316 bytes in 18 msecs (HTTP/1.1 200) 6 headers in 225 bytes (1 switches on core 0)
2026-04-02 10:12:35.856 8 INFO placement.requestlog [req-f34aea93-a452-4f62-b85b-b0f8cc796f26 req-e190979f-6030-4209-ac36-a2d761a866ec 25a106e32f8c447f9074824a7c673f60 8ded5da4b8dd4cbfb548012848615277 - - c335f53214d149d69a85f99d6d37453c c335f53214d149d69a85f99d6d37453c] 199.204.45.162 "GET /resource_providers/01ea6e9b-e8d2-4a10-84dd-06b5343be1ee/allocations" status: 200 len: 54 microversion: 1.0 [pid: 8|app: 0|req: 308/614] 199.204.45.162 () {32 vars in 857 bytes} [Thu Apr 2 10:12:35 2026] GET /resource_providers/01ea6e9b-e8d2-4a10-84dd-06b5343be1ee/allocations => generated 54 bytes in 16 msecs (HTTP/1.1 200) 6 headers in 223 bytes (1 switches on core 0)
2026-04-02 10:12:36.397 8 INFO placement.requestlog [None req-5fa26229-13ec-44a5-998e-5febe53c08b7 - - - - - -] 10.0.0.19 "GET /" status: 200 len: 136 microversion: 1.0
2026-04-02 10:12:36.398 7 INFO placement.requestlog [None req-709546ea-d676-4760-998e-8078420d3f4a - - - - - -] 10.0.0.19 "GET /" status: 200 len: 136 microversion: 1.0
2026-04-02 10:12:46.396 8 INFO placement.requestlog [None req-3223ac3b-5cba-446e-9205-937b4b838694 - - - - - -] 10.0.0.19 "GET /" status: 200 len: 136 microversion: 1.0
2026-04-02 10:12:46.397 7 INFO placement.requestlog [None req-bf3ec918-d047-4a46-b353-393075a29588 - - - - - -] 10.0.0.19 "GET /" status: 200 len: 136 microversion: 1.0
2026-04-02 10:12:56.397 7 INFO placement.requestlog [None req-a9883ac4-30a3-4d1a-b57d-0c521a7bd584 - - - - - -] 10.0.0.19 "GET /" status: 200 len: 136 microversion: 1.0
2026-04-02 10:12:56.397 8 INFO placement.requestlog [None req-78770fd8-2c6b-43cb-be5a-9dcd2d840665 - - - - - -] 10.0.0.19 "GET /" status: 200 len: 136 microversion: 1.0
2026-04-02 10:13:06.397 8 INFO placement.requestlog [None req-4bf0cf2c-75d1-411f-8418-fa6965b1d745 - - - - - -] 10.0.0.19 "GET /" status: 200 len: 136 microversion: 1.0
2026-04-02 10:13:06.397 7 INFO placement.requestlog [None req-5f19f4f3-655b-46b4-9be0-c145a0fd82cd - - - - - -] 10.0.0.19 "GET /" status: 200 len: 136 microversion: 1.0
2026-04-02 10:13:16.396 7 INFO placement.requestlog [None req-5f834a08-9ba2-4c42-b2a7-c300ae3e0e9c - - - - - -] 10.0.0.19 "GET /" status: 200 len: 136 microversion: 1.0
2026-04-02 10:13:16.396 8 INFO placement.requestlog [None req-dd4c0826-d4e2-4f19-bbf2-0bde9c81ceed - - - - - -] 10.0.0.19 "GET /" status: 200 len: 136 microversion: 1.0
2026-04-02 10:13:26.397 7 INFO placement.requestlog [None req-c3119bfe-59f3-4a14-99fb-b191c69a9541 - - - - - -] 10.0.0.19 "GET /" status: 200 len: 136 microversion: 1.0
2026-04-02 10:13:26.398 8 INFO placement.requestlog [None req-0ddf7cd7-0cdf-4224-98c4-5f92eb7a41f1 - - - - - -] 10.0.0.19 "GET /" status: 200 len: 136 microversion: 1.0
2026-04-02 10:13:36.397 8 INFO placement.requestlog [None req-49023d3b-8971-40ac-b910-e3950b8a09d6 - - - - - -] 10.0.0.19 "GET /" status: 200 len: 136 microversion: 1.0
2026-04-02 10:13:36.397 7 INFO placement.requestlog [None req-dc46c6a9-e857-4f58-8e11-94690ef23f14 - - - - - -] 10.0.0.19 "GET /" status: 200 len: 136 microversion: 1.0
2026-04-02 10:13:37.124 7 INFO placement.requestlog [req-7a9c2dd8-389d-4f04-82a9-f76b3947b3b9 req-ceac067b-e814-4e47-ab1e-02d232cabaa6 25a106e32f8c447f9074824a7c673f60 8ded5da4b8dd4cbfb548012848615277 - - c335f53214d149d69a85f99d6d37453c c335f53214d149d69a85f99d6d37453c] 199.204.45.162 "GET /resource_providers/01ea6e9b-e8d2-4a10-84dd-06b5343be1ee/allocations" status: 200 len: 54 microversion: 1.0 [pid: 7|app: 0|req: 314/629] 199.204.45.162 () {32 vars in 857 bytes} [Thu Apr 2 10:13:37 2026] GET /resource_providers/01ea6e9b-e8d2-4a10-84dd-06b5343be1ee/allocations => generated 54 bytes in 17 msecs (HTTP/1.1 200) 6 headers in 223 bytes (1 switches on core 0)
2026-04-02 10:13:37.148 8 INFO placement.requestlog [req-7a9c2dd8-389d-4f04-82a9-f76b3947b3b9 req-acf36118-5c37-4895-b968-d701162616df 25a106e32f8c447f9074824a7c673f60 8ded5da4b8dd4cbfb548012848615277 - - c335f53214d149d69a85f99d6d37453c c335f53214d149d69a85f99d6d37453c] 199.204.45.162 "GET /resource_providers/01ea6e9b-e8d2-4a10-84dd-06b5343be1ee/allocations" status: 200 len: 54 microversion: 1.0 [pid: 8|app: 0|req: 316/630] 199.204.45.162 () {32 vars in 857 bytes} [Thu Apr 2 10:13:37 2026] GET /resource_providers/01ea6e9b-e8d2-4a10-84dd-06b5343be1ee/allocations => generated 54 bytes in 16 msecs (HTTP/1.1 200) 6 headers in 223 bytes (1 switches on core 0)
2026-04-02 10:13:46.397 8 INFO placement.requestlog [None req-f3e67941-0adf-449b-85c4-c8ec67f2c97a - - - - - -] 10.0.0.19 "GET /" status: 200 len: 136 microversion: 1.0
2026-04-02 10:13:46.397 7 INFO placement.requestlog [None req-fb970fef-ce4c-4688-9558-2e87a4477d9a - - - - - -] 10.0.0.19 "GET /" status: 200 len: 136 microversion: 1.0
2026-04-02 10:13:56.397 7 INFO placement.requestlog [None req-c9c96ffb-af13-44f2-bbca-ac6358f882ec - - - - - -] 10.0.0.19 "GET /" status: 200 len: 136 microversion: 1.0
2026-04-02 10:13:56.397 8 INFO placement.requestlog [None req-79e0df69-8e38-4476-b140-9b9d2e1b6e54 - - - - - -] 10.0.0.19 "GET /" status: 200 len: 136 microversion: 1.0
2026-04-02 10:14:06.397 7 INFO placement.requestlog [None req-f177ac19-e9eb-42c5-a7a0-bd2cc0672dce - - - - - -] 10.0.0.19 "GET /" status: 200 len: 136 microversion: 1.0
2026-04-02 10:14:06.398 8 INFO placement.requestlog [None req-2e152d66-faec-4226-b0cb-6ed56f1085c1 - - - - - -] 10.0.0.19 "GET /" status: 200 len: 136 microversion: 1.0
2026-04-02 10:14:16.409 7 INFO placement.requestlog [None req-f818657e-5785-4d27-8bf7-7a60c3787a33 - - - - - -] 10.0.0.19 "GET /" status: 200 len: 136 microversion: 1.0
2026-04-02 10:14:16.409 8 INFO placement.requestlog [None req-415d3c9d-5e5e-4aeb-8a8d-2c415ba66c00 - - - - - -] 10.0.0.19 "GET /" status: 200 len: 136 microversion: 1.0
2026-04-02 10:14:26.397 7 INFO placement.requestlog [None req-fb5e59ce-c378-4484-9c6d-cd249b0aaf01 - - - - - -] 10.0.0.19 "GET /" status: 200 len: 136 microversion: 1.0
2026-04-02 10:14:26.397 8 INFO placement.requestlog [None req-804f2e0c-eb21-4641-b7d4-2c628730c707 - - - - - -] 10.0.0.19 "GET /" status: 200 len: 136 microversion: 1.0
2026-04-02 10:14:36.397 8 INFO placement.requestlog [None req-9645a6cb-b8db-4652-8d21-b82c9ab28067 - - - - - -] 10.0.0.19 "GET /" status: 200 len: 136 microversion: 1.0
2026-04-02 10:14:36.397 7 INFO placement.requestlog [None req-3c634421-bafd-4c07-a3b4-8e3b0c7d5827 - - - - - -] 10.0.0.19 "GET /" status: 200 len: 136 microversion: 1.0
2026-04-02 10:14:36.663 8 INFO placement.requestlog [req-954f4973-a843-43bd-affe-8b9fa683c815 req-2434a0d5-ae3c-4f6c-a6da-dc53c9f6fc7a 25a106e32f8c447f9074824a7c673f60 8ded5da4b8dd4cbfb548012848615277 - - c335f53214d149d69a85f99d6d37453c c335f53214d149d69a85f99d6d37453c] 199.204.45.162 "GET /resource_providers/01ea6e9b-e8d2-4a10-84dd-06b5343be1ee/allocations" status: 200 len: 54 microversion: 1.0 [pid: 8|app: 0|req: 323/643] 199.204.45.162 () {32 vars in 857 bytes} [Thu Apr 2 10:14:36 2026] GET /resource_providers/01ea6e9b-e8d2-4a10-84dd-06b5343be1ee/allocations => generated 54 bytes in 16 msecs (HTTP/1.1 200) 6 headers in 223 bytes (1 switches on core 0)
2026-04-02 10:14:36.684 7 INFO placement.requestlog [req-954f4973-a843-43bd-affe-8b9fa683c815 req-b8031e0c-0cda-4136-a10c-f35f6a03ba15 25a106e32f8c447f9074824a7c673f60 8ded5da4b8dd4cbfb548012848615277 - - c335f53214d149d69a85f99d6d37453c c335f53214d149d69a85f99d6d37453c] 199.204.45.162 "GET /resource_providers/01ea6e9b-e8d2-4a10-84dd-06b5343be1ee/allocations" status: 200 len: 54 microversion: 1.0 [pid: 7|app: 0|req: 321/644] 199.204.45.162 () {32 vars in 857 bytes} [Thu Apr 2 10:14:36 2026] GET /resource_providers/01ea6e9b-e8d2-4a10-84dd-06b5343be1ee/allocations => generated 54 bytes in 13 msecs (HTTP/1.1 200) 6 headers in 223 bytes (1 switches on core 0)
2026-04-02 10:14:46.397 8 INFO placement.requestlog [None req-899263ca-1bd2-465f-aaae-993c88b49860 - - - - - -] 10.0.0.19 "GET /" status: 200 len: 136 microversion: 1.0
2026-04-02 10:14:46.397 7 INFO placement.requestlog [None req-58719bb8-4039-4825-9ea5-17ab3b57a4f0 - - - - - -] 10.0.0.19 "GET /" status: 200 len: 136 microversion: 1.0
2026-04-02 10:14:56.397 8 INFO placement.requestlog [None req-4a325b26-c694-4f9b-acfc-e231072ac923 - - - - - -] 10.0.0.19 "GET /" status: 200 len: 136 microversion: 1.0
2026-04-02 10:14:56.397 7 INFO placement.requestlog [None req-9fe7dc6d-ef00-4500-8fb8-63baf11a7a66 - - - - - -] 10.0.0.19 "GET /" status: 200 len: 136 microversion: 1.0
2026-04-02 10:15:06.397 7 INFO placement.requestlog [None req-61ef0b59-42c0-48d8-94a7-05808d5aa83b - - - - - -] 10.0.0.19 "GET /" status: 200 len: 136 microversion: 1.0
2026-04-02 10:15:06.397 8 INFO placement.requestlog [None req-20693e10-93ac-4abf-b0b1-163c4bc70273 - - - - - -] 10.0.0.19 "GET /" status: 200 len: 136 microversion: 1.0
2026-04-02 10:15:16.396 8 INFO placement.requestlog [None req-e0036e39-ff2e-4513-a838-6f31d2459945 - - - - - -] 10.0.0.19 "GET /" status: 200 len: 136 microversion: 1.0
2026-04-02 10:15:16.397 7 INFO placement.requestlog [None req-ac284c43-1c5c-4035-80a6-efb2b522ff33 - - - - - -] 10.0.0.19 "GET /" status: 200 len: 136 microversion: 1.0
2026-04-02 10:15:26.396 8 INFO placement.requestlog [None req-4435506d-5952-456b-9924-d880c629bb7d - - - - - -] 10.0.0.19 "GET /" status: 200 len: 136 microversion: 1.0
2026-04-02 10:15:26.397 7 INFO placement.requestlog [None req-678b42dd-05e8-483d-9505-bf3917dd3096 - - - - - -] 10.0.0.19 "GET /" status: 200 len: 136 microversion: 1.0
2026-04-02 10:15:36.397 7 INFO placement.requestlog [None req-59e75139-0a6c-4bff-b7ec-f25ab19aa28a - - - - - -] 10.0.0.19 "GET /" status: 200 len: 136 microversion: 1.0
2026-04-02 10:15:36.397 8 INFO placement.requestlog [None req-96b07234-9a7e-4211-88fa-e41df66dc061 - - - - - -] 10.0.0.19 "GET /" status: 200 len: 136 microversion: 1.0
2026-04-02 10:15:36.667 7 INFO placement.requestlog [req-f4332c6b-c80e-41fc-8672-71b3499eac0d req-39f21c2a-dc2d-4df6-82af-7c6dd321685a 25a106e32f8c447f9074824a7c673f60 8ded5da4b8dd4cbfb548012848615277 - - c335f53214d149d69a85f99d6d37453c c335f53214d149d69a85f99d6d37453c] 199.204.45.162 "GET /resource_providers/01ea6e9b-e8d2-4a10-84dd-06b5343be1ee/allocations" status: 200 len: 54 microversion: 1.0 [pid: 7|app: 0|req: 328/657] 199.204.45.162 () {32 vars in 857 bytes} [Thu Apr 2 10:15:36 2026] GET /resource_providers/01ea6e9b-e8d2-4a10-84dd-06b5343be1ee/allocations => generated 54 bytes in 22 msecs (HTTP/1.1 200) 6 headers in 223 bytes (1 switches on core 0)
2026-04-02 10:15:36.696 8 INFO placement.requestlog [req-f4332c6b-c80e-41fc-8672-71b3499eac0d req-b3047142-d2fd-429a-990b-4d71ad345316 25a106e32f8c447f9074824a7c673f60 8ded5da4b8dd4cbfb548012848615277 - - c335f53214d149d69a85f99d6d37453c c335f53214d149d69a85f99d6d37453c] 199.204.45.162 "GET /resource_providers/01ea6e9b-e8d2-4a10-84dd-06b5343be1ee/allocations" status: 200 len: 54 microversion: 1.0 [pid: 8|app: 0|req: 330/658] 199.204.45.162 () {32 vars in 857 bytes} [Thu Apr 2 10:15:36 2026] GET /resource_providers/01ea6e9b-e8d2-4a10-84dd-06b5343be1ee/allocations => generated 54 bytes in 18 msecs (HTTP/1.1 200) 6 headers in 223 bytes (1 switches on core 0)
2026-04-02 10:15:46.397 8 INFO placement.requestlog [None req-8d7621d4-519f-4380-bb81-405bc1fe05fd - - - - - -] 10.0.0.19 "GET /" status: 200 len: 136 microversion: 1.0
2026-04-02 10:15:46.397 7 INFO placement.requestlog [None req-f5c145af-7c82-4ed9-ab96-c42c518d1396 - - - - - -] 10.0.0.19 "GET /" status: 200 len: 136 microversion: 1.0
2026-04-02 10:15:56.397 8 INFO placement.requestlog [None req-eb97f708-8521-4169-95df-083beea6fe8f - - - - - -] 10.0.0.19 "GET /" status: 200 len: 136 microversion: 1.0
2026-04-02 10:15:56.397 7 INFO placement.requestlog [None req-5325cc0c-ea8c-4108-9aae-d9b4d9e0775a - - - - - -] 10.0.0.19 "GET /" status: 200 len: 136 microversion: 1.0
2026-04-02 10:16:06.397 7 INFO placement.requestlog [None req-71c567e6-dbea-413e-98ff-5fd24020c7ed - - - - - -] 10.0.0.19 "GET /" status: 200 len: 136 microversion: 1.0
2026-04-02 10:16:06.397 8 INFO placement.requestlog [None req-b1ece7af-1790-4f3d-97b4-4bf5f26cc12a - - - - - -] 10.0.0.19 "GET /" status: 200 len: 136 microversion: 1.0
2026-04-02 10:16:16.401 7 INFO placement.requestlog [None req-f8db2520-da00-41ea-be57-8d16939a11bd - - - - - -] 10.0.0.19 "GET /" status: 200 len: 136 microversion: 1.0
2026-04-02 10:16:16.401 8 INFO placement.requestlog [None req-3f150237-c726-44c3-ace1-3099b81fb8c2 - - - - - -] 10.0.0.19 "GET /" status: 200 len: 136 microversion: 1.0
2026-04-02 10:16:26.397 8 INFO placement.requestlog [None req-6829ca07-75a9-408a-aa29-53df418c8009 - - - - - -] 10.0.0.19 "GET /" status: 200 len: 136 microversion: 1.0
2026-04-02 10:16:26.396 7 INFO placement.requestlog [None req-147730d6-aa2f-4c8c-be32-d1def1032163 - - - - - -] 10.0.0.19 "GET /" status: 200 len: 136 microversion: 1.0
2026-04-02 10:16:36.715 7 INFO placement.requestlog [None req-9c1418b3-8a90-4093-b917-c1c885ec11d0 b6e30ca6b1e2469fab35196027e40422 8ded5da4b8dd4cbfb548012848615277 - - c335f53214d149d69a85f99d6d37453c c335f53214d149d69a85f99d6d37453c] 10.0.0.253 "GET /resource_providers/e88d12d3-bc6e-4ced-b7d8-191ff022c2f3/aggregates" status: 404 len: 235 microversion: 1.1 [pid: 7|app: 0|req: 334/669] 10.0.0.253 () {32 vars in 816 bytes} [Thu Apr 2 10:16:36 2026] GET /resource_providers/e88d12d3-bc6e-4ced-b7d8-191ff022c2f3/aggregates => generated 235 bytes in 407 msecs (HTTP/1.1 404) 5 headers in 202 bytes (1 switches on core 0)
2026-04-02 10:16:36.769 8 INFO placement.requestlog [None req-b5da45a9-d0b6-418f-90b8-4485afda90cf b6e30ca6b1e2469fab35196027e40422 8ded5da4b8dd4cbfb548012848615277 - - c335f53214d149d69a85f99d6d37453c c335f53214d149d69a85f99d6d37453c] 10.0.0.253 "GET /resource_providers/e88d12d3-bc6e-4ced-b7d8-191ff022c2f3/aggregates" status: 404 len: 235 microversion: 1.1 [pid: 8|app: 0|req: 336/670] 10.0.0.253 () {32 vars in 816 bytes} [Thu Apr 2 10:16:36 2026] GET /resource_providers/e88d12d3-bc6e-4ced-b7d8-191ff022c2f3/aggregates => generated 235 bytes in 437 msecs (HTTP/1.1 404) 5 headers in 202 bytes (1 switches on core 0)
2026-04-02 10:16:36.770 8 INFO placement.requestlog [None req-9d832881-4087-438d-b899-20899e91b6d7 - - - - - -] 10.0.0.19 "GET /" status: 200 len: 136 microversion: 1.0
2026-04-02 10:16:36.771 8 INFO placement.requestlog [None req-a860f772-ef4a-4145-8395-f6ed739d52db - - - - - -] 10.0.0.19 "GET /" status: 200 len: 136 microversion: 1.0
2026-04-02 10:16:36.782 7 INFO placement.requestlog [None req-700af6d3-d7cd-48bd-ae1b-21ca821cffed b6e30ca6b1e2469fab35196027e40422 8ded5da4b8dd4cbfb548012848615277 - - c335f53214d149d69a85f99d6d37453c c335f53214d149d69a85f99d6d37453c] 10.0.0.253 "GET /resource_providers/ad2d6042-767d-4ab3-b0eb-58a85a9360ea/aggregates" status: 404 len: 235 microversion: 1.1 [pid: 7|app: 0|req: 335/673] 10.0.0.253 () {32 vars in 816 bytes} [Thu Apr 2 10:16:36 2026] GET /resource_providers/ad2d6042-767d-4ab3-b0eb-58a85a9360ea/aggregates => generated 235 bytes in 65 msecs (HTTP/1.1 404) 5 headers in 202 bytes (1 switches on core 0)
2026-04-02 10:16:36.791 7 INFO placement.requestlog [None req-8f7653a8-f666-4838-960d-47e82bbbe13c b6e30ca6b1e2469fab35196027e40422 8ded5da4b8dd4cbfb548012848615277 - - c335f53214d149d69a85f99d6d37453c c335f53214d149d69a85f99d6d37453c] 10.0.0.253 "DELETE /resource_providers/e88d12d3-bc6e-4ced-b7d8-191ff022c2f3" status: 404 len: 246 microversion: 1.1 [pid: 7|app: 0|req: 336/674] 10.0.0.253 () {34 vars in 816 bytes} [Thu Apr 2 10:16:36 2026] DELETE /resource_providers/e88d12d3-bc6e-4ced-b7d8-191ff022c2f3 => generated 246 bytes in 8 msecs (HTTP/1.1 404) 6 headers in 231 bytes (1 switches on core 0)
2026-04-02 10:16:36.806 7 INFO placement.requestlog [None req-4cce13e8-29bf-4cb2-bed9-4d428bb177f9 b6e30ca6b1e2469fab35196027e40422 8ded5da4b8dd4cbfb548012848615277 - - c335f53214d149d69a85f99d6d37453c c335f53214d149d69a85f99d6d37453c] 10.0.0.253 "DELETE /resource_providers/e88d12d3-bc6e-4ced-b7d8-191ff022c2f3" status: 404 len: 246 microversion: 1.1 [pid: 7|app: 0|req: 337/675] 10.0.0.253 () {34 vars in 816 bytes} [Thu Apr 2 10:16:36 2026] DELETE /resource_providers/e88d12d3-bc6e-4ced-b7d8-191ff022c2f3 => generated 246 bytes in 15 msecs (HTTP/1.1 404) 6 headers in 231 bytes (1 switches on core 0)
2026-04-02 10:16:36.822 7 INFO placement.requestlog [None req-88b5b551-4113-40c9-aff1-71766d4d153d b6e30ca6b1e2469fab35196027e40422 8ded5da4b8dd4cbfb548012848615277 - - c335f53214d149d69a85f99d6d37453c c335f53214d149d69a85f99d6d37453c] 10.0.0.253 "DELETE /resource_providers/ad2d6042-767d-4ab3-b0eb-58a85a9360ea" status: 404 len: 246 microversion: 1.1 [pid: 7|app: 0|req: 338/676] 10.0.0.253 () {34 vars in 816 bytes} [Thu Apr 2 10:16:36 2026] DELETE /resource_providers/ad2d6042-767d-4ab3-b0eb-58a85a9360ea => generated 246 bytes in 15 msecs (HTTP/1.1 404) 6 headers in 231 bytes (1 switches on core 0)
2026-04-02 10:16:36.835 8 INFO placement.requestlog [None req-d6559b8c-40c4-4aab-9d87-5fee12ad058b b6e30ca6b1e2469fab35196027e40422 8ded5da4b8dd4cbfb548012848615277 - - c335f53214d149d69a85f99d6d37453c c335f53214d149d69a85f99d6d37453c] 10.0.0.253 "GET /resource_providers/ad2d6042-767d-4ab3-b0eb-58a85a9360ea/aggregates" status: 404 len: 235 microversion: 1.1 [pid: 8|app: 0|req: 339/677] 10.0.0.253 () {32 vars in 816 bytes} [Thu Apr 2 10:16:36 2026] GET /resource_providers/ad2d6042-767d-4ab3-b0eb-58a85a9360ea/aggregates => generated 235 bytes in 63 msecs (HTTP/1.1 404) 5 headers in 202 bytes (1 switches on core 0)
2026-04-02 10:16:36.857 7 INFO placement.requestlog [None req-a4ad1440-1305-46fb-9aac-ba7bbb29ad78 b6e30ca6b1e2469fab35196027e40422 8ded5da4b8dd4cbfb548012848615277 - - c335f53214d149d69a85f99d6d37453c c335f53214d149d69a85f99d6d37453c] 10.0.0.253 "DELETE /resource_providers/ad2d6042-767d-4ab3-b0eb-58a85a9360ea" status: 404 len: 246 microversion: 1.1 [pid: 7|app: 0|req: 339/678] 10.0.0.253 () {34 vars in 816 bytes} [Thu Apr 2 10:16:36 2026] DELETE /resource_providers/ad2d6042-767d-4ab3-b0eb-58a85a9360ea => generated 246 bytes in 13 msecs (HTTP/1.1 404) 6 headers in 231 bytes (1 switches on core 0)
2026-04-02 10:16:37.461 8 INFO placement.requestlog [req-70c6240a-5820-40a0-88da-62ff1fc8302a req-a7bc96a7-370e-466b-ae24-a305e7b8d247 25a106e32f8c447f9074824a7c673f60 8ded5da4b8dd4cbfb548012848615277 - - c335f53214d149d69a85f99d6d37453c c335f53214d149d69a85f99d6d37453c] 10.0.0.81 "GET /allocation_candidates?limit=1000&resources=DISK_GB%3A1%2CMEMORY_MB%3A512%2CVCPU%3A1&root_required=%21COMPUTE_STATUS_DISABLED" status: 200 len: 2781 microversion: 1.36 [pid: 8|app: 0|req: 340/679] 10.0.0.81 () {34 vars in 1011 bytes} [Thu Apr 2 10:16:37 2026] GET /allocation_candidates?limit=1000&resources=DISK_GB%3A1%2CMEMORY_MB%3A512%2CVCPU%3A1&root_required=%21COMPUTE_STATUS_DISABLED => generated 2781 bytes in 224 msecs (HTTP/1.1 200) 8 headers in 297 bytes (1 switches on core 0)
2026-04-02 10:16:37.509 7 INFO placement.requestlog [req-70c6240a-5820-40a0-88da-62ff1fc8302a req-fbc14d8e-7840-4229-ad69-dc3073993c5d 25a106e32f8c447f9074824a7c673f60 8ded5da4b8dd4cbfb548012848615277 - - c335f53214d149d69a85f99d6d37453c c335f53214d149d69a85f99d6d37453c] 10.0.0.81 "GET /allocations/3574681c-6eb2-4ef3-995e-97deb0967b69" status: 200 len: 19 microversion: 1.28 [pid: 7|app: 0|req: 340/680] 10.0.0.81 () {34 vars in 860 bytes} [Thu Apr 2 10:16:37 2026] GET /allocations/3574681c-6eb2-4ef3-995e-97deb0967b69 => generated 19 bytes in 10 msecs (HTTP/1.1 200) 8 headers in 295 bytes (1 switches on core 0)
2026-04-02 10:16:37.599 8 INFO placement.requestlog [req-70c6240a-5820-40a0-88da-62ff1fc8302a req-9e56f9c5-2880-4d8a-bbc6-923f8ed046cd 25a106e32f8c447f9074824a7c673f60 8ded5da4b8dd4cbfb548012848615277 - - c335f53214d149d69a85f99d6d37453c c335f53214d149d69a85f99d6d37453c] 10.0.0.81 "PUT /allocations/3574681c-6eb2-4ef3-995e-97deb0967b69" status: 204 len: 0 microversion: 1.36 [pid: 8|app: 0|req: 341/681] 10.0.0.81 () {38 vars in 913 bytes} [Thu Apr 2 10:16:37 2026] PUT /allocations/3574681c-6eb2-4ef3-995e-97deb0967b69 => generated 0 bytes in 86 msecs (HTTP/1.1 204) 5 headers in 199 bytes (1 switches on core 0)
2026-04-02 10:16:37.847 7 INFO placement.requestlog [req-9aaaa3b5-e861-4ed8-9e31-39854cfc6c6a req-d70c8db3-8795-4873-8494-030bc0a834ea 25a106e32f8c447f9074824a7c673f60 8ded5da4b8dd4cbfb548012848615277 - - c335f53214d149d69a85f99d6d37453c c335f53214d149d69a85f99d6d37453c] 199.204.45.162 "GET /resource_providers/01ea6e9b-e8d2-4a10-84dd-06b5343be1ee/allocations" status: 200 len: 152 microversion: 1.0 [pid: 7|app: 0|req: 341/682] 199.204.45.162 () {32 vars in 857 bytes} [Thu Apr 2 10:16:37 2026] GET /resource_providers/01ea6e9b-e8d2-4a10-84dd-06b5343be1ee/allocations => generated 152 bytes in 32 msecs (HTTP/1.1 200) 6 headers in 224 bytes (1 switches on core 0)
2026-04-02 10:16:38.383 8 INFO placement.requestlog [req-9aaaa3b5-e861-4ed8-9e31-39854cfc6c6a req-2b88c33c-0df0-4db3-8c14-4c35ecad45a9 25a106e32f8c447f9074824a7c673f60 8ded5da4b8dd4cbfb548012848615277 - - c335f53214d149d69a85f99d6d37453c c335f53214d149d69a85f99d6d37453c] 199.204.45.162 "GET /resource_providers/01ea6e9b-e8d2-4a10-84dd-06b5343be1ee/allocations" status: 200 len: 152 microversion: 1.0 [pid: 8|app: 0|req: 342/683] 199.204.45.162 () {32 vars in 857 bytes} [Thu Apr 2 10:16:38 2026] GET /resource_providers/01ea6e9b-e8d2-4a10-84dd-06b5343be1ee/allocations => generated 152 bytes in 23 msecs (HTTP/1.1 200) 6 headers in 224 bytes (1 switches on core 0)
2026-04-02 10:16:38.404 7 INFO placement.requestlog [req-9aaaa3b5-e861-4ed8-9e31-39854cfc6c6a req-2c32c768-4651-4a43-8670-1133e9ef20c1 25a106e32f8c447f9074824a7c673f60 8ded5da4b8dd4cbfb548012848615277 - - c335f53214d149d69a85f99d6d37453c c335f53214d149d69a85f99d6d37453c] 199.204.45.162 "GET /allocations/3574681c-6eb2-4ef3-995e-97deb0967b69" status: 200 len: 257 microversion: 1.28 [pid: 7|app: 0|req: 342/684] 199.204.45.162 () {34 vars in 863 bytes} [Thu Apr 2 10:16:38 2026] GET /allocations/3574681c-6eb2-4ef3-995e-97deb0967b69 => generated 257 bytes in 17 msecs (HTTP/1.1 200) 8 headers in 296 bytes (1 switches on core 0)
2026-04-02 10:16:39.098 8 INFO placement.requestlog [req-70c6240a-5820-40a0-88da-62ff1fc8302a req-d674925c-52f9-4cf4-851d-0d5eb754333d 25a106e32f8c447f9074824a7c673f60 8ded5da4b8dd4cbfb548012848615277 - - c335f53214d149d69a85f99d6d37453c c335f53214d149d69a85f99d6d37453c] 199.204.45.162 "GET /allocations/3574681c-6eb2-4ef3-995e-97deb0967b69" status: 200 len: 257 microversion: 1.28 [pid: 8|app: 0|req: 343/685] 199.204.45.162 () {34 vars in 863 bytes} [Thu Apr 2 10:16:39 2026] GET /allocations/3574681c-6eb2-4ef3-995e-97deb0967b69 => generated 257 bytes in 22 msecs (HTTP/1.1 200) 8 headers in 296 bytes (1 switches on core 0)
2026-04-02 10:16:40.462 7 INFO placement.requestlog [req-70c6240a-5820-40a0-88da-62ff1fc8302a req-269eada1-3e99-4453-b665-bfaeffaf7c5e 25a106e32f8c447f9074824a7c673f60 8ded5da4b8dd4cbfb548012848615277 - - c335f53214d149d69a85f99d6d37453c c335f53214d149d69a85f99d6d37453c] 199.204.45.162 "GET /resource_providers/01ea6e9b-e8d2-4a10-84dd-06b5343be1ee/allocations" status: 200 len: 152 microversion: 1.0 [pid: 7|app: 0|req: 343/686] 199.204.45.162 () {32 vars in 857 bytes} [Thu Apr 2 10:16:40 2026] GET /resource_providers/01ea6e9b-e8d2-4a10-84dd-06b5343be1ee/allocations => generated 152 bytes in 15 msecs (HTTP/1.1 200) 6 headers in 224 bytes (1 switches on core 0)
2026-04-02 10:16:40.482 8 INFO placement.requestlog [req-70c6240a-5820-40a0-88da-62ff1fc8302a req-f8a8091f-475a-4800-a65e-6895771b7935 25a106e32f8c447f9074824a7c673f60 8ded5da4b8dd4cbfb548012848615277 - - c335f53214d149d69a85f99d6d37453c c335f53214d149d69a85f99d6d37453c] 199.204.45.162 "GET /allocations/3574681c-6eb2-4ef3-995e-97deb0967b69" status: 200 len: 257 microversion: 1.28 [pid: 8|app: 0|req: 344/687] 199.204.45.162 () {34 vars in 863 bytes} [Thu Apr 2 10:16:40 2026] GET /allocations/3574681c-6eb2-4ef3-995e-97deb0967b69 => generated 257 bytes in 14 msecs (HTTP/1.1 200) 8 headers in 296 bytes (1 switches on core 0)
2026-04-02 10:16:46.397 8 INFO placement.requestlog [None req-ac42a626-6a40-4ee0-b09f-666ee06e7754 - - - - - -] 10.0.0.19 "GET /" status: 200 len: 136 microversion: 1.0
2026-04-02 10:16:46.397 7 INFO placement.requestlog [None req-e5ea83b0-16f4-4319-b7af-8ba2f19cf05c - - - - - -] 10.0.0.19 "GET /" status: 200 len: 136 microversion: 1.0
2026-04-02 10:16:50.456 8 INFO placement.requestlog [req-7d1771e3-5dfd-427a-b653-e8e86c028124 req-6322ba73-448c-4f03-9529-01a585d3c29c 25a106e32f8c447f9074824a7c673f60 8ded5da4b8dd4cbfb548012848615277 - - c335f53214d149d69a85f99d6d37453c c335f53214d149d69a85f99d6d37453c] 10.0.0.81 "GET /allocation_candidates?limit=1000&resources=DISK_GB%3A1%2CMEMORY_MB%3A512%2CVCPU%3A1&root_required=%21COMPUTE_STATUS_DISABLED" status: 200 len: 2783 microversion: 1.36 [pid: 8|app: 0|req: 346/690] 10.0.0.81 () {34 vars in 1011 bytes} [Thu Apr 2 10:16:50 2026] GET /allocation_candidates?limit=1000&resources=DISK_GB%3A1%2CMEMORY_MB%3A512%2CVCPU%3A1&root_required=%21COMPUTE_STATUS_DISABLED => generated 2783 bytes in 58 msecs (HTTP/1.1 200) 8 headers in 297 bytes (1 switches on core 0)
2026-04-02 10:16:50.501 7 INFO placement.requestlog [req-7d1771e3-5dfd-427a-b653-e8e86c028124 req-7e2a34ad-31e4-4076-8b6a-6291a130a1b0 25a106e32f8c447f9074824a7c673f60 8ded5da4b8dd4cbfb548012848615277 - - c335f53214d149d69a85f99d6d37453c c335f53214d149d69a85f99d6d37453c] 10.0.0.81 "GET /allocations/fe5bdb90-7b54-4fbe-b05d-4f9bdec185b6" status: 200 len: 19 microversion: 1.28 [pid: 7|app: 0|req: 345/691] 10.0.0.81 () {34 vars in 860 bytes} [Thu Apr 2 10:16:50 2026] GET /allocations/fe5bdb90-7b54-4fbe-b05d-4f9bdec185b6 => generated 19 bytes in 18 msecs (HTTP/1.1 200) 8 headers in 295 bytes (1 switches on core 0)
2026-04-02 10:16:50.598 8 INFO placement.requestlog [req-7d1771e3-5dfd-427a-b653-e8e86c028124 req-f56db587-9d76-4d16-a14d-6cd7eb78478b 25a106e32f8c447f9074824a7c673f60 8ded5da4b8dd4cbfb548012848615277 - - c335f53214d149d69a85f99d6d37453c c335f53214d149d69a85f99d6d37453c] 10.0.0.81 "PUT /allocations/fe5bdb90-7b54-4fbe-b05d-4f9bdec185b6" status: 204 len: 0 microversion: 1.36 [pid: 8|app: 0|req: 347/692] 10.0.0.81 () {38 vars in 913 bytes} [Thu Apr 2 10:16:50 2026] PUT /allocations/fe5bdb90-7b54-4fbe-b05d-4f9bdec185b6 => generated 0 bytes in 91 msecs (HTTP/1.1 204) 5 headers in 199 bytes (1 switches on core 0)
2026-04-02 10:16:52.086 7 INFO placement.requestlog [req-7d1771e3-5dfd-427a-b653-e8e86c028124 req-7d88dab4-e2e0-4551-8b30-85795fd17d11 25a106e32f8c447f9074824a7c673f60 8ded5da4b8dd4cbfb548012848615277 - - c335f53214d149d69a85f99d6d37453c c335f53214d149d69a85f99d6d37453c] 199.204.45.162 "GET /allocations/fe5bdb90-7b54-4fbe-b05d-4f9bdec185b6" status: 200 len: 257 microversion: 1.28 [pid: 7|app: 0|req: 346/693] 199.204.45.162 () {34 vars in 863 bytes} [Thu Apr 2 10:16:52 2026] GET /allocations/fe5bdb90-7b54-4fbe-b05d-4f9bdec185b6 => generated 257 bytes in 13 msecs (HTTP/1.1 200) 8 headers in 296 bytes (1 switches on core 0)
2026-04-02 10:16:53.132 8 INFO placement.requestlog [req-7d1771e3-5dfd-427a-b653-e8e86c028124 req-ce2782a3-18cb-4141-97e1-b4c9e25ac026 25a106e32f8c447f9074824a7c673f60 8ded5da4b8dd4cbfb548012848615277 - - c335f53214d149d69a85f99d6d37453c c335f53214d149d69a85f99d6d37453c] 199.204.45.162 "GET /resource_providers/01ea6e9b-e8d2-4a10-84dd-06b5343be1ee/allocations" status: 200 len: 252 microversion: 1.0 [pid: 8|app: 0|req: 348/694] 199.204.45.162 () {32 vars in 857 bytes} [Thu Apr 2 10:16:53 2026] GET /resource_providers/01ea6e9b-e8d2-4a10-84dd-06b5343be1ee/allocations => generated 252 bytes in 18 msecs (HTTP/1.1 200) 6 headers in 224 bytes (1 switches on core 0)
2026-04-02 10:16:53.150 7 INFO placement.requestlog [req-7d1771e3-5dfd-427a-b653-e8e86c028124 req-6f7fb776-bf42-4c15-af8c-ccc1904c889c 25a106e32f8c447f9074824a7c673f60 8ded5da4b8dd4cbfb548012848615277 - - c335f53214d149d69a85f99d6d37453c c335f53214d149d69a85f99d6d37453c] 199.204.45.162 "GET /allocations/fe5bdb90-7b54-4fbe-b05d-4f9bdec185b6" status: 200 len: 257 microversion: 1.28 [pid: 7|app: 0|req: 347/695] 199.204.45.162 () {34 vars in 863 bytes} [Thu Apr 2 10:16:53 2026] GET /allocations/fe5bdb90-7b54-4fbe-b05d-4f9bdec185b6 => generated 257 bytes in 11 msecs (HTTP/1.1 200) 8 headers in 296 bytes (1 switches on core 0)
2026-04-02 10:16:53.167 8 INFO placement.requestlog [req-7d1771e3-5dfd-427a-b653-e8e86c028124 req-969a2d85-4f2e-4dc9-94ca-03243b497e0a 25a106e32f8c447f9074824a7c673f60 8ded5da4b8dd4cbfb548012848615277 - - c335f53214d149d69a85f99d6d37453c c335f53214d149d69a85f99d6d37453c] 199.204.45.162 "GET /allocations/3574681c-6eb2-4ef3-995e-97deb0967b69" status: 200 len: 257 microversion: 1.28 [pid: 8|app: 0|req: 349/696] 199.204.45.162 () {34 vars in 863 bytes} [Thu Apr 2 10:16:53 2026] GET /allocations/3574681c-6eb2-4ef3-995e-97deb0967b69 => generated 257 bytes in 11 msecs (HTTP/1.1 200) 8 headers in 296 bytes (1 switches on core 0)
2026-04-02 10:16:54.883 7 INFO placement.requestlog [req-424d2487-565d-461d-8dc3-fa36cfee2a1e req-d2586f2d-73a2-4926-91ba-88ee5e5705f4 25a106e32f8c447f9074824a7c673f60 8ded5da4b8dd4cbfb548012848615277 - - c335f53214d149d69a85f99d6d37453c c335f53214d149d69a85f99d6d37453c] 10.0.0.81 "GET /allocation_candidates?limit=1000&resources=MEMORY_MB%3A512%2CVCPU%3A1&root_required=%21COMPUTE_STATUS_DISABLED" status: 200 len: 2770 microversion: 1.36 [pid: 7|app: 0|req: 348/697] 10.0.0.81 () {34 vars in 983 bytes} [Thu Apr 2 10:16:54 2026] GET /allocation_candidates?limit=1000&resources=MEMORY_MB%3A512%2CVCPU%3A1&root_required=%21COMPUTE_STATUS_DISABLED => generated 2770 bytes in 87 msecs (HTTP/1.1 200) 8 headers in 297 bytes (1 switches on core 0)
2026-04-02 10:16:54.937 8 INFO placement.requestlog [req-424d2487-565d-461d-8dc3-fa36cfee2a1e req-9ee752b0-f4db-4302-a7e5-5b0ddda4ac8e 25a106e32f8c447f9074824a7c673f60 8ded5da4b8dd4cbfb548012848615277 - - c335f53214d149d69a85f99d6d37453c c335f53214d149d69a85f99d6d37453c] 10.0.0.81 "GET /allocations/2f647727-cdc1-4b94-bb3e-aebd5b730837" status: 200 len: 19 microversion: 1.28 [pid: 8|app: 0|req: 350/698] 10.0.0.81 () {34 vars in 860 bytes} [Thu Apr 2 10:16:54 2026] GET /allocations/2f647727-cdc1-4b94-bb3e-aebd5b730837 => generated 19 bytes in 11 msecs (HTTP/1.1 200) 8 headers in 295 bytes (1 switches on core 0)
2026-04-02 10:16:55.055 7 INFO placement.requestlog [req-424d2487-565d-461d-8dc3-fa36cfee2a1e req-586a832b-4bfb-4bb8-8c5e-b1bc6ec67d52 25a106e32f8c447f9074824a7c673f60 8ded5da4b8dd4cbfb548012848615277 - - c335f53214d149d69a85f99d6d37453c c335f53214d149d69a85f99d6d37453c] 10.0.0.81 "PUT /allocations/2f647727-cdc1-4b94-bb3e-aebd5b730837" status: 204 len: 0 microversion: 1.36 [pid: 7|app: 0|req: 349/699] 10.0.0.81 () {38 vars in 913 bytes} [Thu Apr 2 10:16:54 2026] PUT /allocations/2f647727-cdc1-4b94-bb3e-aebd5b730837 => generated 0 bytes in 106 msecs (HTTP/1.1 204) 5 headers in 199 bytes (1 switches on core 0)
2026-04-02 10:16:56.397 8 INFO placement.requestlog [None req-37729bcd-ba8e-4445-b40a-18b2a541e06d - - - - - -] 10.0.0.19 "GET /" status: 200 len: 136 microversion: 1.0
2026-04-02 10:16:56.397 7 INFO placement.requestlog [None req-0729f74b-a7ed-4e0c-8f7e-ebc750c33d9f - - - - - -] 10.0.0.19 "GET /" status: 200 len: 136 microversion: 1.0
2026-04-02 10:16:56.488 8 INFO placement.requestlog [req-424d2487-565d-461d-8dc3-fa36cfee2a1e req-f95fb432-5346-4ab2-b9e5-3f0d21a28069 25a106e32f8c447f9074824a7c673f60 8ded5da4b8dd4cbfb548012848615277 - - c335f53214d149d69a85f99d6d37453c c335f53214d149d69a85f99d6d37453c] 199.204.45.162 "GET /allocations/2f647727-cdc1-4b94-bb3e-aebd5b730837" status: 200 len: 243 microversion: 1.28 [pid: 8|app: 0|req: 352/702] 199.204.45.162 () {34 vars in 863 bytes} [Thu Apr 2 10:16:56 2026] GET /allocations/2f647727-cdc1-4b94-bb3e-aebd5b730837 => generated 243 bytes in 27 msecs (HTTP/1.1 200) 8 headers in 296 bytes (1 switches on core 0)
2026-04-02 10:16:57.538 7 INFO placement.requestlog [req-424d2487-565d-461d-8dc3-fa36cfee2a1e req-a3e4a9e1-291c-4c69-ae17-1367f622d343 25a106e32f8c447f9074824a7c673f60 8ded5da4b8dd4cbfb548012848615277 - - c335f53214d149d69a85f99d6d37453c c335f53214d149d69a85f99d6d37453c] 199.204.45.162 "GET /resource_providers/01ea6e9b-e8d2-4a10-84dd-06b5343be1ee/allocations" status: 200 len: 338 microversion: 1.0 [pid: 7|app: 0|req: 351/703] 199.204.45.162 () {32 vars in 857 bytes} [Thu Apr 2 10:16:57 2026] GET /resource_providers/01ea6e9b-e8d2-4a10-84dd-06b5343be1ee/allocations => generated 338 bytes in 21 msecs (HTTP/1.1 200) 6 headers in 224 bytes (1 switches on core 0)
2026-04-02 10:16:57.559 8 INFO placement.requestlog [req-424d2487-565d-461d-8dc3-fa36cfee2a1e req-19fa7106-fc76-4c54-b7d3-12a2afc96930 25a106e32f8c447f9074824a7c673f60 8ded5da4b8dd4cbfb548012848615277 - - c335f53214d149d69a85f99d6d37453c c335f53214d149d69a85f99d6d37453c] 199.204.45.162 "GET /allocations/fe5bdb90-7b54-4fbe-b05d-4f9bdec185b6" status: 200 len: 257 microversion: 1.28 [pid: 8|app: 0|req: 353/704] 199.204.45.162 () {34 vars in 863 bytes} [Thu Apr 2 10:16:57 2026] GET /allocations/fe5bdb90-7b54-4fbe-b05d-4f9bdec185b6 => generated 257 bytes in 14 msecs (HTTP/1.1 200) 8 headers in 296 bytes (1 switches on core 0)
2026-04-02 10:16:57.578 7 INFO placement.requestlog [req-424d2487-565d-461d-8dc3-fa36cfee2a1e req-3a75096a-55e6-4dd0-920e-fdfb9e13371e 25a106e32f8c447f9074824a7c673f60 8ded5da4b8dd4cbfb548012848615277 - - c335f53214d149d69a85f99d6d37453c c335f53214d149d69a85f99d6d37453c] 199.204.45.162 "GET /allocations/3574681c-6eb2-4ef3-995e-97deb0967b69" status: 200 len: 257 microversion: 1.28 [pid: 7|app: 0|req: 352/705] 199.204.45.162 () {34 vars in 863 bytes} [Thu Apr 2 10:16:57 2026] GET /allocations/3574681c-6eb2-4ef3-995e-97deb0967b69 => generated 257 bytes in 13 msecs (HTTP/1.1 200) 8 headers in 296 bytes (1 switches on core 0)
2026-04-02 10:16:57.597 8 INFO placement.requestlog [req-424d2487-565d-461d-8dc3-fa36cfee2a1e req-77cad66f-52a5-4589-ae64-d64894419484 25a106e32f8c447f9074824a7c673f60 8ded5da4b8dd4cbfb548012848615277 - - c335f53214d149d69a85f99d6d37453c c335f53214d149d69a85f99d6d37453c] 199.204.45.162 "GET /allocations/2f647727-cdc1-4b94-bb3e-aebd5b730837" status: 200 len: 243 microversion: 1.28 [pid: 8|app: 0|req: 354/706] 199.204.45.162 () {34 vars in 863 bytes} [Thu Apr 2 10:16:57 2026] GET /allocations/2f647727-cdc1-4b94-bb3e-aebd5b730837 => generated 243 bytes in 12 msecs (HTTP/1.1 200) 8 headers in 296 bytes (1 switches on core 0)
2026-04-02 10:17:06.397 8 INFO placement.requestlog [None req-4bf4f428-961e-45c4-9c57-72a00ce70c1b - - - - - -] 10.0.0.19 "GET /" status: 200 len: 136 microversion: 1.0
2026-04-02 10:17:06.397 7 INFO placement.requestlog [None req-4c245e30-38a7-48ce-b61b-ac329b2b8db5 - - - - - -] 10.0.0.19 "GET /" status: 200 len: 136 microversion: 1.0
2026-04-02 10:17:07.286 8 INFO placement.requestlog [None req-d872624f-9c0c-480d-8d7e-84951a2a92d3 b6e30ca6b1e2469fab35196027e40422 8ded5da4b8dd4cbfb548012848615277 - - c335f53214d149d69a85f99d6d37453c c335f53214d149d69a85f99d6d37453c] 10.0.0.253 "GET /resource_providers/85f3453c-3f77-429b-abf4-ee74b242b0fa/aggregates" status: 404 len: 235 microversion: 1.1 [pid: 8|app: 0|req: 356/709] 10.0.0.253 () {32 vars in 816 bytes} [Thu Apr 2 10:17:07 2026] GET /resource_providers/85f3453c-3f77-429b-abf4-ee74b242b0fa/aggregates => generated 235 bytes in 13 msecs (HTTP/1.1 404) 5 headers in 202 bytes (1 switches on core 0)
2026-04-02 10:17:07.287 7 INFO placement.requestlog [None req-a13e7368-f33e-42c8-8ab7-636335719ea5 b6e30ca6b1e2469fab35196027e40422 8ded5da4b8dd4cbfb548012848615277 - - c335f53214d149d69a85f99d6d37453c c335f53214d149d69a85f99d6d37453c] 10.0.0.253 "GET /resource_providers/85f3453c-3f77-429b-abf4-ee74b242b0fa/aggregates" status: 404 len: 235 microversion: 1.1 [pid: 7|app: 0|req: 354/710] 10.0.0.253 () {32 vars in 816 bytes} [Thu Apr 2 10:17:07 2026] GET /resource_providers/85f3453c-3f77-429b-abf4-ee74b242b0fa/aggregates => generated 235 bytes in 10 msecs (HTTP/1.1 404) 5 headers in 202 bytes (1 switches on core 0)
2026-04-02 10:17:07.311 8 INFO placement.requestlog [None req-a5aeb6e2-5732-4966-93ac-94bb0a2b9e2f b6e30ca6b1e2469fab35196027e40422 8ded5da4b8dd4cbfb548012848615277 - - c335f53214d149d69a85f99d6d37453c c335f53214d149d69a85f99d6d37453c] 10.0.0.253 "DELETE /resource_providers/85f3453c-3f77-429b-abf4-ee74b242b0fa" status: 404 len: 246 microversion: 1.1 [pid: 8|app: 0|req: 357/711] 10.0.0.253 () {34 vars in 816 bytes} [Thu Apr 2 10:17:07 2026] DELETE /resource_providers/85f3453c-3f77-429b-abf4-ee74b242b0fa => generated 246 bytes in 14 msecs (HTTP/1.1 404) 6 headers in 231 bytes (1 switches on core 0)
2026-04-02 10:17:07.312 7 INFO placement.requestlog [None req-90c3f88c-7594-497f-a07b-3e626fab354d b6e30ca6b1e2469fab35196027e40422 8ded5da4b8dd4cbfb548012848615277 - - c335f53214d149d69a85f99d6d37453c c335f53214d149d69a85f99d6d37453c] 10.0.0.253 "DELETE /resource_providers/85f3453c-3f77-429b-abf4-ee74b242b0fa" status: 404 len: 246 microversion: 1.1 [pid: 7|app: 0|req: 355/712] 10.0.0.253 () {34 vars in 816 bytes} [Thu Apr 2 10:17:07 2026] DELETE /resource_providers/85f3453c-3f77-429b-abf4-ee74b242b0fa => generated 246 bytes in 13 msecs (HTTP/1.1 404) 6 headers in 231 bytes (1 switches on core 0)
2026-04-02 10:17:08.504 8 INFO placement.requestlog [None req-230c2935-6d44-47ff-9fcf-561606ea9400 b6e30ca6b1e2469fab35196027e40422 8ded5da4b8dd4cbfb548012848615277 - - c335f53214d149d69a85f99d6d37453c c335f53214d149d69a85f99d6d37453c] 10.0.0.253 "GET /resource_providers/53119869-bb31-4541-912b-8c3986050164/aggregates" status: 404 len: 235 microversion: 1.1 [pid: 8|app: 0|req: 358/713] 10.0.0.253 () {32 vars in 816 bytes} [Thu Apr 2 10:17:08 2026] GET /resource_providers/53119869-bb31-4541-912b-8c3986050164/aggregates => generated 235 bytes in 12 msecs (HTTP/1.1 404) 5 headers in 202 bytes (1 switches on core 0)
2026-04-02 10:17:08.515 7 INFO placement.requestlog [None req-6ac43b60-b1c6-4e6e-9248-a295a70b63f4 b6e30ca6b1e2469fab35196027e40422 8ded5da4b8dd4cbfb548012848615277 - - c335f53214d149d69a85f99d6d37453c c335f53214d149d69a85f99d6d37453c] 10.0.0.253 "GET /resource_providers/53119869-bb31-4541-912b-8c3986050164/aggregates" status: 404 len: 235 microversion: 1.1 [pid: 7|app: 0|req: 356/714] 10.0.0.253 () {32 vars in 816 bytes} [Thu Apr 2 10:17:08 2026] GET /resource_providers/53119869-bb31-4541-912b-8c3986050164/aggregates => generated 235 bytes in 19 msecs (HTTP/1.1 404) 5 headers in 202 bytes (1 switches on core 0)
2026-04-02 10:17:08.536 7 INFO placement.requestlog [None req-10589cf2-c1e3-4316-a09c-6a4983e7dcc1 b6e30ca6b1e2469fab35196027e40422 8ded5da4b8dd4cbfb548012848615277 - - c335f53214d149d69a85f99d6d37453c c335f53214d149d69a85f99d6d37453c] 10.0.0.253 "DELETE /resource_providers/53119869-bb31-4541-912b-8c3986050164" status: 404 len: 246 microversion: 1.1 [pid: 7|app: 0|req: 357/715] 10.0.0.253 () {34 vars in 816 bytes} [Thu Apr 2 10:17:08 2026] DELETE /resource_providers/53119869-bb31-4541-912b-8c3986050164 => generated 246 bytes in 9 msecs (HTTP/1.1 404) 6 headers in 231 bytes (1 switches on core 0)
2026-04-02 10:17:08.537 8 INFO placement.requestlog [None req-83f5cf3a-842f-4e00-8ac9-b2d39aa0deb3 b6e30ca6b1e2469fab35196027e40422 8ded5da4b8dd4cbfb548012848615277 - - c335f53214d149d69a85f99d6d37453c c335f53214d149d69a85f99d6d37453c] 10.0.0.253 "DELETE /resource_providers/53119869-bb31-4541-912b-8c3986050164" status: 404 len: 246 microversion: 1.1 [pid: 8|app: 0|req: 359/716] 10.0.0.253 () {34 vars in 816 bytes} [Thu Apr 2 10:17:08 2026] DELETE /resource_providers/53119869-bb31-4541-912b-8c3986050164 => generated 246 bytes in 17 msecs (HTTP/1.1 404) 6 headers in 231 bytes (1 switches on core 0)
2026-04-02 10:17:10.886 7 INFO placement.requestlog [req-cc76e2c7-20bc-455b-927a-f1c362b44cf0 req-73853e01-82f3-4bc2-b32d-ffcc38c68207 25a106e32f8c447f9074824a7c673f60 8ded5da4b8dd4cbfb548012848615277 - - c335f53214d149d69a85f99d6d37453c c335f53214d149d69a85f99d6d37453c] 199.204.45.162 "GET /resource_providers/01ea6e9b-e8d2-4a10-84dd-06b5343be1ee/allocations" status: 200 len: 338 microversion: 1.0 [pid: 7|app: 0|req: 358/717] 199.204.45.162 () {32 vars in 857 bytes} [Thu Apr 2 10:17:10 2026] GET /resource_providers/01ea6e9b-e8d2-4a10-84dd-06b5343be1ee/allocations => generated 338 bytes in 14 msecs (HTTP/1.1 200) 6 headers in 224 bytes (1 switches on core 0)
2026-04-02 10:17:10.914 8 INFO placement.requestlog [req-cc76e2c7-20bc-455b-927a-f1c362b44cf0 req-d4fe9d0e-00ee-4f50-add9-34105ba0a533 25a106e32f8c447f9074824a7c673f60 8ded5da4b8dd4cbfb548012848615277 - - c335f53214d149d69a85f99d6d37453c c335f53214d149d69a85f99d6d37453c] 199.204.45.162 "GET /allocations/fe5bdb90-7b54-4fbe-b05d-4f9bdec185b6" status: 200 len: 257 microversion: 1.28 [pid: 8|app: 0|req: 360/718] 199.204.45.162 () {34 vars in 863 bytes} [Thu Apr 2 10:17:10 2026] GET /allocations/fe5bdb90-7b54-4fbe-b05d-4f9bdec185b6 => generated 257 bytes in 20 msecs (HTTP/1.1 200) 8 headers in 296 bytes (1 switches on core 0)
