2026-04-02 10:20:45.215 8 WARNING neutron.api.rpc.agentnotifiers.dhcp_rpc_agent_api [None req-5a5075d8-6842-4a6d-b0e1-0a5d43bc219f 74b679891d7c437f91102a2e7aa37943 7c99e0d4b6494062a44c365e1f1d6ade - - default default] Unable to schedule network eefcf0c3-ed55-45f0-88c9-66fa38e611e8: no agents available; will retry on subsequent port and subnet creation events.
2026-04-02 10:20:45.237 8 INFO neutron.db.ovn_revision_numbers_db [None req-f899d4de-1fc9-481e-a2b6-e049ba021895 - - - - - -] Successfully bumped revision number for resource 78068a7e-aa3e-4814-9245-0c040d54f715 (type: ports) to 4
2026-04-02 10:20:46.325 7 INFO neutron.db.ovn_revision_numbers_db [None req-4f74a0b3-098b-45cf-8fa2-3f5fc637adf7 a3d4c942c5784400924536d71f107c3e 68db1ef5a729434b8581129c3ff4abdc - - default default] Successfully bumped revision number for resource d0e88f06-b4bd-4564-8a4e-b27e62d43263 (type: security_groups) to 1
2026-04-02 10:20:46.432 7 INFO neutron.db.ovn_revision_numbers_db [None req-4f74a0b3-098b-45cf-8fa2-3f5fc637adf7 a3d4c942c5784400924536d71f107c3e 68db1ef5a729434b8581129c3ff4abdc - - default default] Successfully bumped revision number for resource 058c6b35-3f09-4e8c-a63b-2bb51bf8504b (type: security_group_rules) to 0
2026-04-02 10:20:46.463 7 INFO neutron.db.ovn_revision_numbers_db [None req-4f74a0b3-098b-45cf-8fa2-3f5fc637adf7 a3d4c942c5784400924536d71f107c3e 68db1ef5a729434b8581129c3ff4abdc - - default default] Successfully bumped revision number for resource 0d08e761-2ab4-45d2-80e5-5eda9a9d7234 (type: security_group_rules) to 0
2026-04-02 10:20:46.488 7 INFO neutron.db.ovn_revision_numbers_db [None req-4f74a0b3-098b-45cf-8fa2-3f5fc637adf7 a3d4c942c5784400924536d71f107c3e 68db1ef5a729434b8581129c3ff4abdc - - default default] Successfully bumped revision number for resource d6b3fc8d-7245-475d-839a-eb271bae341d (type: security_group_rules) to 0
2026-04-02 10:20:46.518 7 INFO neutron.db.ovn_revision_numbers_db [None req-4f74a0b3-098b-45cf-8fa2-3f5fc637adf7 a3d4c942c5784400924536d71f107c3e 68db1ef5a729434b8581129c3ff4abdc - - default default] Successfully bumped revision number for resource e5771da6-3864-4524-9f77-03e9a4d9506e (type: security_group_rules) to 0 [pid: 7|app: 0|req: 996/2157] 10.0.0.122 () {32 vars in 774 bytes} [Thu Apr 2 10:20:45 2026] GET /v2.0/security-groups?tenant_id=ce39bc858ad048a581475a3442017414&name=default => generated 2925 bytes in 856 msecs (HTTP/1.1 200) 4 headers in 158 bytes (1 switches on core 0)
2026-04-02 10:20:46.564 8 INFO neutron.db.ovn_revision_numbers_db [None req-f899d4de-1fc9-481e-a2b6-e049ba021895 - - - - - -] Successfully bumped revision number for resource 78068a7e-aa3e-4814-9245-0c040d54f715 (type: ports) to 5 [pid: 7|app: 0|req: 997/2158] 10.0.0.122 () {34 vars in 678 bytes} [Thu Apr 2 10:20:46 2026] POST /v2.0/qos/policies => generated 359 bytes in 64 msecs (HTTP/1.1 201) 4 headers in 162 bytes (1 switches on core 0)
2026-04-02 10:20:46.755 8 INFO neutron.db.ovn_revision_numbers_db [None req-7a1c53dc-46f7-4885-8ca3-9748aea73734 - - - - - -] Successfully bumped revision number for resource daf1a5b0-74a2-496b-bebc-2cd618890c56 (type: ports) to 2
2026-04-02 10:20:46.800 8 INFO neutron.db.ovn_revision_numbers_db [None req-7a1c53dc-46f7-4885-8ca3-9748aea73734 - - - - - -] Successfully bumped revision number for resource e6d692f9-c48e-4765-a970-e2dc8ca25811 (type: subnets) to 0 [pid: 8|app: 0|req: 1162/2159] 10.0.0.122 () {34 vars in 669 bytes} [Thu Apr 2 10:20:44 2026] POST /v2.0/subnets => generated 657 bytes in 2172 msecs (HTTP/1.1 201) 4 headers in 162 bytes (1 switches on core 0) [pid: 8|app: 0|req: 1163/2160] 10.0.0.122 () {34 vars in 678 bytes} [Thu Apr 2 10:20:46 2026] POST /v2.0/qos/policies => generated 359 bytes in 39 msecs (HTTP/1.1 201) 4 headers in 162 bytes (1 switches on core 0) [pid: 7|app: 0|req: 998/2161] 10.0.0.122 () {32 vars in 740 bytes} [Thu Apr 2 10:20:46 2026] DELETE /v2.0/security-groups/d0e88f06-b4bd-4564-8a4e-b27e62d43263 => generated 0 bytes in 258 msecs (HTTP/1.1 204) 2 headers in 112 bytes (1 switches on core 0) [pid: 7|app: 0|req: 999/2162] 10.0.0.122 () {34 vars in 678 bytes} [Thu Apr 2 10:20:46 2026] POST /v2.0/qos/policies => generated 359 bytes in 37 msecs (HTTP/1.1 201) 4 headers in 162 bytes (1 switches on core 0) [pid: 7|app: 0|req: 1000/2163] 10.0.0.122 () {34 vars in 678 bytes} [Thu Apr 2 10:20:46 2026] POST /v2.0/qos/policies => generated 359 bytes in 39 msecs (HTTP/1.1 201) 4 headers in 162 bytes (1 switches on core 0) [pid: 7|app: 0|req: 1001/2164] 10.0.0.122 () {34 vars in 678 bytes} [Thu Apr 2 10:20:46 2026] POST /v2.0/qos/policies => generated 359 bytes in 84 msecs (HTTP/1.1 201) 4 headers in 162 bytes (1 switches on core 0) [pid: 7|app: 0|req: 1002/2165] 10.0.0.122 () {34 vars in 753 bytes} [Thu Apr 2 10:20:47 2026] PUT /v2.0/policies/f856fe0c-6192-4fee-965d-827613aa5daa/tags => generated 17 bytes in 70 msecs (HTTP/1.1 200) 4 headers in 156 bytes (1 switches on core 0) [pid: 7|app: 0|req: 1003/2166] 10.0.0.122 () {34 vars in 753 bytes} [Thu Apr 2 10:20:47 2026] PUT /v2.0/policies/79a325e6-420d-48e2-ba5d-2123210284aa/tags => generated 25 bytes in 72 msecs (HTTP/1.1 200) 4 headers in 156 bytes (1 switches on core 0) [pid: 7|app: 0|req: 1004/2167] 10.0.0.122 () {34 vars in 753 bytes} [Thu Apr 2 10:20:47 2026] PUT /v2.0/policies/169ff796-1a88-4934-b2a0-8ffff8b8ed72/tags => generated 34 bytes in 48 msecs (HTTP/1.1 200) 4 headers in 156 bytes (1 switches on core 0) [pid: 7|app: 0|req: 1005/2168] 10.0.0.122 () {34 vars in 753 bytes} [Thu Apr 2 10:20:47 2026] PUT /v2.0/policies/dfecbc06-643c-4817-a1a7-db87f83a581f/tags => generated 19 bytes in 46 msecs (HTTP/1.1 200) 4 headers in 156 bytes (1 switches on core 0)
2026-04-02 10:20:47.354 8 WARNING neutron.scheduler.dhcp_agent_scheduler [None req-26abd128-ad91-4d26-bb77-e9d4c49346b7 74b679891d7c437f91102a2e7aa37943 7c99e0d4b6494062a44c365e1f1d6ade - - default default] No more DHCP agents
2026-04-02 10:20:47.355 8 WARNING neutron.api.rpc.agentnotifiers.dhcp_rpc_agent_api [None req-26abd128-ad91-4d26-bb77-e9d4c49346b7 74b679891d7c437f91102a2e7aa37943 7c99e0d4b6494062a44c365e1f1d6ade - - default default] Unable to schedule network eefcf0c3-ed55-45f0-88c9-66fa38e611e8: no agents available; will retry on subsequent port and subnet creation events.
2026-04-02 10:20:47.455 8 INFO neutron.plugins.ml2.drivers.ovn.mech_driver.mech_driver [None req-252956ad-4d78-4755-97ba-17c75956cdf8 - - - - - -] OVN reports status down for port: 8f81d683-58c4-4218-8c63-8d6baba26ea4
2026-04-02 10:20:47.518 8 INFO neutron.db.ovn_revision_numbers_db [None req-26abd128-ad91-4d26-bb77-e9d4c49346b7 74b679891d7c437f91102a2e7aa37943 7c99e0d4b6494062a44c365e1f1d6ade - - default default] Successfully bumped revision number for resource 8f81d683-58c4-4218-8c63-8d6baba26ea4 (type: ports) to 1 [pid: 7|app: 0|req: 1006/2169] 10.0.0.122 () {32 vars in 674 bytes} [Thu Apr 2 10:20:47 2026] GET /v2.0/qos/policies?tags=red => generated 1101 bytes in 299 msecs (HTTP/1.1 200) 4 headers in 158 bytes (1 switches on core 0) [pid: 7|app: 0|req: 1007/2170] 10.0.0.122 () {32 vars in 688 bytes} [Thu Apr 2 10:20:47 2026] GET /v2.0/qos/policies?tags=red%2Cblue => generated 747 bytes in 58 msecs (HTTP/1.1 200) 4 headers in 157 bytes (1 switches on core 0) [pid: 7|app: 0|req: 1008/2171] 10.0.0.122 () {32 vars in 684 bytes} [Thu Apr 2 10:20:48 2026] GET /v2.0/qos/policies?tags-any=blue => generated 747 bytes in 56 msecs (HTTP/1.1 200) 4 headers in 157 bytes (1 switches on core 0) [pid: 7|app: 0|req: 1009/2172] 10.0.0.122 () {32 vars in 696 bytes} [Thu Apr 2 10:20:48 2026] GET /v2.0/qos/policies?tags-any=red%2Cblue => generated 1101 bytes in 63 msecs (HTTP/1.1 200) 4 headers in 158 bytes (1 switches on core 0)
2026-04-02 10:20:48.192 8 INFO neutron.plugins.ml2.drivers.ovn.mech_driver.mech_driver [None req-252956ad-4d78-4755-97ba-17c75956cdf8 - - - - - -] OVN reports status up for port: 8f81d683-58c4-4218-8c63-8d6baba26ea4
2026-04-02 10:20:48.218 8 INFO neutron.plugins.ml2.plugin [None req-252956ad-4d78-4755-97ba-17c75956cdf8 - - - - - -] Attempt 1 to provision port 8f81d683-58c4-4218-8c63-8d6baba26ea4 [pid: 7|app: 0|req: 1010/2173] 10.0.0.122 () {32 vars in 682 bytes} [Thu Apr 2 10:20:48 2026] GET /v2.0/qos/policies?not-tags=red => generated 719 bytes in 58 msecs (HTTP/1.1 200) 4 headers in 157 bytes (1 switches on core 0) [pid: 7|app: 0|req: 1011/2174] 10.0.0.122 () {32 vars in 696 bytes} [Thu Apr 2 10:20:48 2026] GET /v2.0/qos/policies?not-tags=red%2Cblue => generated 1073 bytes in 52 msecs (HTTP/1.1 200) 4 headers in 158 bytes (1 switches on core 0)
2026-04-02 10:20:48.319 8 WARNING neutron.scheduler.dhcp_agent_scheduler [None req-26abd128-ad91-4d26-bb77-e9d4c49346b7 74b679891d7c437f91102a2e7aa37943 7c99e0d4b6494062a44c365e1f1d6ade - - default default] No more DHCP agents
2026-04-02 10:20:48.322 8 WARNING neutron.api.rpc.agentnotifiers.dhcp_rpc_agent_api [None req-26abd128-ad91-4d26-bb77-e9d4c49346b7 74b679891d7c437f91102a2e7aa37943 7c99e0d4b6494062a44c365e1f1d6ade - - default default] Unable to schedule network eefcf0c3-ed55-45f0-88c9-66fa38e611e8: no agents available; will retry on subsequent port and subnet creation events. [pid: 7|app: 0|req: 1012/2175] 10.0.0.122 () {32 vars in 692 bytes} [Thu Apr 2 10:20:48 2026] GET /v2.0/qos/policies?not-tags-any=blue => generated 1073 bytes in 54 msecs (HTTP/1.1 200) 4 headers in 158 bytes (1 switches on core 0) [pid: 7|app: 0|req: 1013/2176] 10.0.0.122 () {32 vars in 704 bytes} [Thu Apr 2 10:20:48 2026] GET /v2.0/qos/policies?not-tags-any=red%2Cblue => generated 719 bytes in 61 msecs (HTTP/1.1 200) 4 headers in 157 bytes (1 switches on core 0) [pid: 7|app: 0|req: 1014/2177] 10.0.0.122 () {32 vars in 734 bytes} [Thu Apr 2 10:20:48 2026] DELETE /v2.0/qos/policies/f856fe0c-6192-4fee-965d-827613aa5daa => generated 0 bytes in 55 msecs (HTTP/1.1 204) 2 headers in 112 bytes (1 switches on core 0) [pid: 7|app: 0|req: 1015/2178] 10.0.0.122 () {32 vars in 734 bytes} [Thu Apr 2 10:20:48 2026] DELETE /v2.0/qos/policies/79a325e6-420d-48e2-ba5d-2123210284aa => generated 0 bytes in 124 msecs (HTTP/1.1 204) 2 headers in 112 bytes (1 switches on core 0)
2026-04-02 10:20:48.847 7 INFO neutron.db.ovn_revision_numbers_db [None req-a3a95695-249c-4146-aebb-2548bdb0e5b8 a3d4c942c5784400924536d71f107c3e 68db1ef5a729434b8581129c3ff4abdc - - default default] Successfully bumped revision number for resource 6a4ab43d-fed3-4ea9-9651-045901918f35 (type: security_groups) to 1
2026-04-02 10:20:48.864 7 INFO neutron.db.ovn_revision_numbers_db [None req-a3a95695-249c-4146-aebb-2548bdb0e5b8 a3d4c942c5784400924536d71f107c3e 68db1ef5a729434b8581129c3ff4abdc - - default default] Successfully bumped revision number for resource 076c2e17-da1c-41bd-be30-850337ea926e (type: security_group_rules) to 0
2026-04-02 10:20:48.879 7 INFO neutron.db.ovn_revision_numbers_db [None req-a3a95695-249c-4146-aebb-2548bdb0e5b8 a3d4c942c5784400924536d71f107c3e 68db1ef5a729434b8581129c3ff4abdc - - default default] Successfully bumped revision number for resource 73007142-1ee4-477d-a6bf-4dd42c3460a9 (type: security_group_rules) to 0
2026-04-02 10:20:48.898 7 INFO neutron.db.ovn_revision_numbers_db [None req-a3a95695-249c-4146-aebb-2548bdb0e5b8 a3d4c942c5784400924536d71f107c3e 68db1ef5a729434b8581129c3ff4abdc - - default default] Successfully bumped revision number for resource c539c626-fccc-4200-9dbf-cb5f39c1d806 (type: security_group_rules) to 0
2026-04-02 10:20:48.946 7 INFO neutron.db.ovn_revision_numbers_db [None req-a3a95695-249c-4146-aebb-2548bdb0e5b8 a3d4c942c5784400924536d71f107c3e 68db1ef5a729434b8581129c3ff4abdc - - default default] Successfully bumped revision number for resource f96c0ce8-c4d2-4df8-aca0-ea5dffdbe445 (type: security_group_rules) to 0
2026-04-02 10:20:48.975 8 INFO neutron.db.ovn_revision_numbers_db [None req-26abd128-ad91-4d26-bb77-e9d4c49346b7 74b679891d7c437f91102a2e7aa37943 7c99e0d4b6494062a44c365e1f1d6ade - - default default] Successfully bumped revision number for resource 8f81d683-58c4-4218-8c63-8d6baba26ea4 (type: router_ports) to 1 [pid: 8|app: 0|req: 1164/2179] 10.0.0.122 () {34 vars in 783 bytes} [Thu Apr 2 10:20:46 2026] PUT /v2.0/routers/19c34401-7d21-49bb-bc0c-c3b3aeb35fa1/add_router_interface => generated 309 bytes in 2121 msecs (HTTP/1.1 200) 4 headers in 157 bytes (1 switches on core 0)
2026-04-02 10:20:49.029 7 INFO neutron.db.segments_db [None req-a3a95695-249c-4146-aebb-2548bdb0e5b8 a3d4c942c5784400924536d71f107c3e 68db1ef5a729434b8581129c3ff4abdc - - default default] Added segment 7c72b0e2-d860-4902-a89f-265939faf1b6 of type geneve for network 2abba303-a83f-462b-859f-e2eb0755a3a4 [pid: 8|app: 0|req: 1165/2180] 10.0.0.122 () {32 vars in 734 bytes} [Thu Apr 2 10:20:48 2026] DELETE /v2.0/qos/policies/169ff796-1a88-4934-b2a0-8ffff8b8ed72 => generated 0 bytes in 187 msecs (HTTP/1.1 204) 2 headers in 112 bytes (1 switches on core 0)
2026-04-02 10:20:49.211 8 INFO neutron.db.ovn_revision_numbers_db [None req-252956ad-4d78-4755-97ba-17c75956cdf8 - - - - - -] Successfully bumped revision number for resource 8f81d683-58c4-4218-8c63-8d6baba26ea4 (type: ports) to 2
2026-04-02 10:20:49.227 7 INFO neutron.db.ovn_revision_numbers_db [None req-a3a95695-249c-4146-aebb-2548bdb0e5b8 a3d4c942c5784400924536d71f107c3e 68db1ef5a729434b8581129c3ff4abdc - - default default] Successfully bumped revision number for resource 2abba303-a83f-462b-859f-e2eb0755a3a4 (type: networks) to 1 [pid: 8|app: 0|req: 1166/2181] 10.0.0.122 () {32 vars in 649 bytes} [Thu Apr 2 10:20:49 2026] GET /v2.0/networks => generated 3828 bytes in 78 msecs (HTTP/1.1 200) 4 headers in 158 bytes (1 switches on core 0) [pid: 8|app: 0|req: 1167/2182] 10.0.0.122 () {32 vars in 734 bytes} [Thu Apr 2 10:20:49 2026] DELETE /v2.0/qos/policies/dfecbc06-643c-4817-a1a7-db87f83a581f => generated 0 bytes in 106 msecs (HTTP/1.1 204) 2 headers in 112 bytes (1 switches on core 0)
2026-04-02 10:20:49.380 7 WARNING neutron.scheduler.dhcp_agent_scheduler [None req-a3a95695-249c-4146-aebb-2548bdb0e5b8 a3d4c942c5784400924536d71f107c3e 68db1ef5a729434b8581129c3ff4abdc - - default default] No more DHCP agents
2026-04-02 10:20:49.381 7 WARNING neutron.api.rpc.agentnotifiers.dhcp_rpc_agent_api [None req-a3a95695-249c-4146-aebb-2548bdb0e5b8 a3d4c942c5784400924536d71f107c3e 68db1ef5a729434b8581129c3ff4abdc - - default default] Unable to schedule network 2abba303-a83f-462b-859f-e2eb0755a3a4: no agents available; will retry on subsequent port and subnet creation events. [pid: 8|app: 0|req: 1168/2183] 10.0.0.122 () {32 vars in 647 bytes} [Thu Apr 2 10:20:49 2026] GET /v2.0/subnets => generated 1973 bytes in 30 msecs (HTTP/1.1 200) 4 headers in 158 bytes (1 switches on core 0)
2026-04-02 10:20:49.429 7 INFO neutron.plugins.ml2.drivers.ovn.mech_driver.mech_driver [None req-68630c0f-3a89-449c-aa20-7fe3a0918483 - - - - - -] OVN reports status down for port: fe5c849b-8abc-4bfa-a97b-dce64ce56818 [pid: 8|app: 0|req: 1169/2184] 10.0.0.122 () {32 vars in 734 bytes} [Thu Apr 2 10:20:49 2026] DELETE /v2.0/qos/policies/33036042-e58c-4b0c-b7c3-8812197c3df5 => generated 0 bytes in 114 msecs (HTTP/1.1 204) 2 headers in 112 bytes (1 switches on core 0)
2026-04-02 10:20:49.591 7 INFO neutron.db.ovn_revision_numbers_db [None req-a3a95695-249c-4146-aebb-2548bdb0e5b8 a3d4c942c5784400924536d71f107c3e 68db1ef5a729434b8581129c3ff4abdc - - default default] Successfully bumped revision number for resource fe5c849b-8abc-4bfa-a97b-dce64ce56818 (type: ports) to 1 [pid: 8|app: 0|req: 1170/2185] 10.0.0.122 () {32 vars in 647 bytes} [Thu Apr 2 10:20:49 2026] GET /v2.0/routers => generated 975 bytes in 98 msecs (HTTP/1.1 200) 4 headers in 157 bytes (1 switches on core 0) [pid: 7|app: 0|req: 1016/2186] 10.0.0.122 () {34 vars in 671 bytes} [Thu Apr 2 10:20:48 2026] POST /v2.0/networks => generated 762 bytes in 1154 msecs (HTTP/1.1 201) 4 headers in 162 bytes (1 switches on core 0)
2026-04-02 10:20:50.202 8 WARNING neutron.scheduler.dhcp_agent_scheduler [None req-986393fd-253a-48a8-9d18-0376e813e23f a3d4c942c5784400924536d71f107c3e 68db1ef5a729434b8581129c3ff4abdc - - default default] No more DHCP agents
2026-04-02 10:20:50.204 8 WARNING neutron.api.rpc.agentnotifiers.dhcp_rpc_agent_api [None req-986393fd-253a-48a8-9d18-0376e813e23f a3d4c942c5784400924536d71f107c3e 68db1ef5a729434b8581129c3ff4abdc - - default default] Unable to schedule network 2abba303-a83f-462b-859f-e2eb0755a3a4: no agents available; will retry on subsequent port and subnet creation events.
2026-04-02 10:20:50.269 7 INFO neutron.db.ovn_revision_numbers_db [None req-a3117106-8833-46a8-ac07-681042791807 74b679891d7c437f91102a2e7aa37943 7c99e0d4b6494062a44c365e1f1d6ade - - default default] Successfully bumped revision number for resource 5eb9ed6a-cf63-4e44-8ed3-b89320a66650 (type: security_groups) to 1
2026-04-02 10:20:50.287 7 INFO neutron.db.ovn_revision_numbers_db [None req-a3117106-8833-46a8-ac07-681042791807 74b679891d7c437f91102a2e7aa37943 7c99e0d4b6494062a44c365e1f1d6ade - - default default] Successfully bumped revision number for resource 52a1aaa8-045d-41b3-a777-327737c8950a (type: security_group_rules) to 0
2026-04-02 10:20:50.332 7 INFO neutron.db.ovn_revision_numbers_db [None req-a3117106-8833-46a8-ac07-681042791807 74b679891d7c437f91102a2e7aa37943 7c99e0d4b6494062a44c365e1f1d6ade - - default default] Successfully bumped revision number for resource a8dec85b-e164-41ed-becc-b46990a214a7 (type: security_group_rules) to 0 [pid: 7|app: 0|req: 1018/2189] 10.0.0.122 () {34 vars in 685 bytes} [Thu Apr 2 10:20:49 2026] POST /v2.0/security-groups => generated 1675 bytes in 617 msecs (HTTP/1.1 201) 4 headers in 163 bytes (1 switches on core 0)
2026-04-02 10:20:50.743 7 INFO neutron.db.ovn_revision_numbers_db [None req-9b60d389-f4ee-4e12-af2a-a45dc7e9d481 74b679891d7c437f91102a2e7aa37943 7c99e0d4b6494062a44c365e1f1d6ade - - default default] Successfully bumped revision number for resource 2f964140-c57f-4289-800a-4e226eea6415 (type: security_group_rules) to 0 [pid: 7|app: 0|req: 1019/2190] 10.0.0.122 () {34 vars in 695 bytes} [Thu Apr 2 10:20:50 2026] POST /v2.0/security-group-rules => generated 597 bytes in 460 msecs (HTTP/1.1 201) 4 headers in 162 bytes (1 switches on core 0)
2026-04-02 10:20:50.889 8 INFO neutron.db.ovn_revision_numbers_db [None req-d4e87eaf-280a-4003-806e-101796c1e18d - - - - - -] Successfully bumped revision number for resource fe5c849b-8abc-4bfa-a97b-dce64ce56818 (type: ports) to 2
2026-04-02 10:20:50.952 8 INFO neutron.db.ovn_revision_numbers_db [None req-d4e87eaf-280a-4003-806e-101796c1e18d - - - - - -] Successfully bumped revision number for resource 8421676c-8f33-468a-8c7d-23b9dbeaa916 (type: subnets) to 0 [pid: 8|app: 0|req: 1172/2191] 10.0.0.122 () {34 vars in 669 bytes} [Thu Apr 2 10:20:49 2026] POST /v2.0/subnets => generated 687 bytes in 1205 msecs (HTTP/1.1 201) 4 headers in 162 bytes (1 switches on core 0)
2026-04-02 10:20:51.094 7 INFO neutron.db.ovn_revision_numbers_db [None req-d33fa0bf-84e8-42f5-8e35-0ca768f107dc 74b679891d7c437f91102a2e7aa37943 7c99e0d4b6494062a44c365e1f1d6ade - - default default] Successfully bumped revision number for resource b10a5eed-8518-42e9-95c9-5b6f13d2bded (type: security_group_rules) to 0 [pid: 7|app: 0|req: 1020/2192] 10.0.0.122 () {34 vars in 695 bytes} [Thu Apr 2 10:20:50 2026] POST /v2.0/security-group-rules => generated 596 bytes in 274 msecs (HTTP/1.1 201) 4 headers in 162 bytes (1 switches on core 0)
2026-04-02 10:20:51.341 8 INFO neutron.db.ovn_revision_numbers_db [None req-4e5c0e11-d4f7-43dd-b42e-f587ba48cc25 a3d4c942c5784400924536d71f107c3e 68db1ef5a729434b8581129c3ff4abdc - - default default] Successfully bumped revision number for resource ae1d9178-48fd-4198-8cdc-31c0b8d606ec (type: security_groups) to 1
2026-04-02 10:20:51.359 8 INFO neutron.db.ovn_revision_numbers_db [None req-4e5c0e11-d4f7-43dd-b42e-f587ba48cc25 a3d4c942c5784400924536d71f107c3e 68db1ef5a729434b8581129c3ff4abdc - - default default] Successfully bumped revision number for resource 0ec75698-0427-4eb1-b038-49b59db83651 (type: security_group_rules) to 0
2026-04-02 10:20:51.389 8 INFO neutron.db.ovn_revision_numbers_db [None req-4e5c0e11-d4f7-43dd-b42e-f587ba48cc25 a3d4c942c5784400924536d71f107c3e 68db1ef5a729434b8581129c3ff4abdc - - default default] Successfully bumped revision number for resource 505f7c78-414b-4a89-a637-7b1a6a763af9 (type: security_group_rules) to 0
2026-04-02 10:20:51.405 8 INFO neutron.db.ovn_revision_numbers_db [None req-4e5c0e11-d4f7-43dd-b42e-f587ba48cc25 a3d4c942c5784400924536d71f107c3e 68db1ef5a729434b8581129c3ff4abdc - - default default] Successfully bumped revision number for resource ce15bab2-80ee-48ec-9435-78a7f02dc078 (type: security_group_rules) to 0
2026-04-02 10:20:51.423 8 INFO neutron.db.ovn_revision_numbers_db [None req-4e5c0e11-d4f7-43dd-b42e-f587ba48cc25 a3d4c942c5784400924536d71f107c3e 68db1ef5a729434b8581129c3ff4abdc - - default default] Successfully bumped revision number for resource d77ab9b5-4bdb-4a9f-ab29-fa419401fd5f (type: security_group_rules) to 0 [pid: 8|app: 0|req: 1173/2193] 10.0.0.122 () {32 vars in 774 bytes} [Thu Apr 2 10:20:50 2026] GET /v2.0/security-groups?tenant_id=1f55a014994f4f049f53b1ab60930404&name=default => generated 2925 bytes in 491 msecs (HTTP/1.1 200) 4 headers in 158 bytes (1 switches on core 0)
2026-04-02 10:20:51.598 7 WARNING neutron.scheduler.dhcp_agent_scheduler [None req-1393e1dc-e359-40c6-9535-fb00ddf77c64 a3d4c942c5784400924536d71f107c3e 68db1ef5a729434b8581129c3ff4abdc - - default default] No more DHCP agents
2026-04-02 10:20:51.599 7 WARNING neutron.api.rpc.agentnotifiers.dhcp_rpc_agent_api [None req-1393e1dc-e359-40c6-9535-fb00ddf77c64 a3d4c942c5784400924536d71f107c3e 68db1ef5a729434b8581129c3ff4abdc - - default default] Unable to schedule network d866305d-0dd3-4931-8a33-1be42646d1af: no agents available; will retry on subsequent port and subnet creation events.
2026-04-02 10:20:51.709 7 INFO neutron.plugins.ml2.drivers.ovn.mech_driver.mech_driver [None req-68630c0f-3a89-449c-aa20-7fe3a0918483 - - - - - -] OVN reports status down for port: ee63ac78-2ab4-4eb3-a749-166c48072cf0
2026-04-02 10:20:51.729 8 INFO neutron.db.ovn_revision_numbers_db [None req-40a8283e-758b-4715-a2ce-5f855822c369 74b679891d7c437f91102a2e7aa37943 7c99e0d4b6494062a44c365e1f1d6ade - - default default] Successfully bumped revision number for resource ec15f860-0ea1-47dd-8da4-c9534fce2316 (type: security_group_rules) to 0
2026-04-02 10:20:51.785 7 INFO neutron.db.ovn_revision_numbers_db [None req-1393e1dc-e359-40c6-9535-fb00ddf77c64 a3d4c942c5784400924536d71f107c3e 68db1ef5a729434b8581129c3ff4abdc - - default default] Successfully bumped revision number for resource ee63ac78-2ab4-4eb3-a749-166c48072cf0 (type: ports) to 1 [pid: 8|app: 0|req: 1174/2194] 10.0.0.122 () {34 vars in 695 bytes} [Thu Apr 2 10:20:51 2026] POST /v2.0/security-group-rules => generated 602 bytes in 325 msecs (HTTP/1.1 201) 4 headers in 162 bytes (1 switches on core 0) [pid: 8|app: 0|req: 1175/2195] 10.0.0.122 () {32 vars in 740 bytes} [Thu Apr 2 10:20:51 2026] DELETE /v2.0/security-groups/ae1d9178-48fd-4198-8cdc-31c0b8d606ec => generated 0 bytes in 413 msecs (HTTP/1.1 204) 2 headers in 112 bytes (1 switches on core 0)
2026-04-02 10:20:52.446 8 INFO neutron.db.ovn_revision_numbers_db [None req-595182ba-3484-4999-bdea-85fd64616768 74b679891d7c437f91102a2e7aa37943 7c99e0d4b6494062a44c365e1f1d6ade - - default default] Successfully bumped revision number for resource 5efdb45d-af69-4da7-b50e-1371c45db022 (type: security_group_rules) to 0
2026-04-02 10:20:52.464 7 INFO neutron.plugins.ml2.drivers.ovn.mech_driver.ovsdb.commands [None req-b94a403f-04f3-4b7c-b78c-0a306a5a209c - - - - - -] Schedule LRP lrp-ee63ac78-2ab4-4eb3-a749-166c48072cf0 on gateway 6ed2794f-eaab-44a2-91de-a68421863345 with priority 1 [pid: 8|app: 0|req: 1176/2196] 10.0.0.122 () {34 vars in 695 bytes} [Thu Apr 2 10:20:52 2026] POST /v2.0/security-group-rules => generated 601 bytes in 369 msecs (HTTP/1.1 201) 4 headers in 162 bytes (1 switches on core 0)
2026-04-02 10:20:52.577 7 INFO neutron.plugins.ml2.drivers.ovn.mech_driver.mech_driver [None req-68630c0f-3a89-449c-aa20-7fe3a0918483 - - - - - -] OVN reports status up for port: ee63ac78-2ab4-4eb3-a749-166c48072cf0
2026-04-02 10:20:52.597 8 INFO neutron.plugins.ml2.drivers.ovn.mech_driver.ovsdb.ovsdb_monitor [None req-f899d4de-1fc9-481e-a2b6-e049ba021895 - - - - - -] Router a3d80062-69cd-4c79-90c8-481c901c5321 is bound to host instance
2026-04-02 10:20:52.689 7 INFO neutron.plugins.ml2.plugin [None req-68630c0f-3a89-449c-aa20-7fe3a0918483 - - - - - -] Attempt 1 to provision port ee63ac78-2ab4-4eb3-a749-166c48072cf0
2026-04-02 10:20:52.718 7 INFO neutron.db.ovn_revision_numbers_db [None req-1393e1dc-e359-40c6-9535-fb00ddf77c64 a3d4c942c5784400924536d71f107c3e 68db1ef5a729434b8581129c3ff4abdc - - default default] Successfully bumped revision number for resource ee63ac78-2ab4-4eb3-a749-166c48072cf0 (type: router_ports) to 1
2026-04-02 10:20:52.863 7 INFO neutron.db.ovn_revision_numbers_db [None req-1393e1dc-e359-40c6-9535-fb00ddf77c64 a3d4c942c5784400924536d71f107c3e 68db1ef5a729434b8581129c3ff4abdc - - default default] Successfully bumped revision number for resource a3d80062-69cd-4c79-90c8-481c901c5321 (type: routers) to 2
2026-04-02 10:20:52.903 8 INFO neutron.db.ovn_revision_numbers_db [None req-a82a178f-3b8c-437a-adba-52e0b62fe363 a3d4c942c5784400924536d71f107c3e 68db1ef5a729434b8581129c3ff4abdc - - default default] Successfully bumped revision number for resource f81bfea4-6344-4af9-9969-f852766b5d5c (type: security_groups) to 1 [pid: 7|app: 0|req: 1021/2197] 10.0.0.122 () {34 vars in 669 bytes} [Thu Apr 2 10:20:51 2026] POST /v2.0/routers => generated 965 bytes in 1785 msecs (HTTP/1.1 201) 4 headers in 162 bytes (1 switches on core 0)
2026-04-02 10:20:52.990 8 INFO neutron.db.ovn_revision_numbers_db [None req-a82a178f-3b8c-437a-adba-52e0b62fe363 a3d4c942c5784400924536d71f107c3e 68db1ef5a729434b8581129c3ff4abdc - - default default] Successfully bumped revision number for resource 06a5f665-a3e3-4928-8904-f392c2844854 (type: security_group_rules) to 0
2026-04-02 10:20:53.017 7 INFO neutron.db.securitygroups_db [None req-3b88dbe8-3b69-4c56-98b8-c5852b750a3d 74b679891d7c437f91102a2e7aa37943 7c99e0d4b6494062a44c365e1f1d6ade - - default default] Project 7c99e0d4b6494062a44c365e1f1d6ade added a security group rule with legacy IPv6 ICMP protocol name icmp, ipv6-icmp should be used instead. It was automatically converted.
2026-04-02 10:20:53.018 8 INFO neutron.db.ovn_revision_numbers_db [None req-a82a178f-3b8c-437a-adba-52e0b62fe363 a3d4c942c5784400924536d71f107c3e 68db1ef5a729434b8581129c3ff4abdc - - default default] Successfully bumped revision number for resource 580fd1c9-ffb1-4ca7-93f8-86201ca940eb (type: security_group_rules) to 0
2026-04-02 10:20:53.094 8 INFO neutron.db.ovn_revision_numbers_db [None req-a82a178f-3b8c-437a-adba-52e0b62fe363 a3d4c942c5784400924536d71f107c3e 68db1ef5a729434b8581129c3ff4abdc - - default default] Successfully bumped revision number for resource 7b4c7f2a-c3a8-4ca3-9142-a91b437b8651 (type: security_group_rules) to 0
2026-04-02 10:20:53.165 8 INFO neutron.db.ovn_revision_numbers_db [None req-a82a178f-3b8c-437a-adba-52e0b62fe363 a3d4c942c5784400924536d71f107c3e 68db1ef5a729434b8581129c3ff4abdc - - default default] Successfully bumped revision number for resource e193be44-68ad-44cf-ab34-bdb86750b4a0 (type: security_group_rules) to 0
2026-04-02 10:20:53.211 7 INFO neutron.db.ovn_revision_numbers_db [None req-3b88dbe8-3b69-4c56-98b8-c5852b750a3d 74b679891d7c437f91102a2e7aa37943 7c99e0d4b6494062a44c365e1f1d6ade - - default default] Successfully bumped revision number for resource 96330385-5095-4b8e-9866-9ca3a45c0063 (type: security_group_rules) to 0 [pid: 8|app: 0|req: 1177/2198] 10.0.0.122 () {32 vars in 774 bytes} [Thu Apr 2 10:20:52 2026] GET /v2.0/security-groups?tenant_id=6e05f9b0df50438ea99241ae7e0be79d&name=default => generated 2925 bytes in 655 msecs (HTTP/1.1 200) 4 headers in 158 bytes (1 switches on core 0) [pid: 7|app: 0|req: 1022/2199] 10.0.0.122 () {34 vars in 695 bytes} [Thu Apr 2 10:20:52 2026] POST /v2.0/security-group-rules => generated 607 bytes in 342 msecs (HTTP/1.1 201) 4 headers in 162 bytes (1 switches on core 0) [pid: 7|app: 0|req: 1023/2200] 10.0.0.122 () {32 vars in 740 bytes} [Thu Apr 2 10:20:53 2026] DELETE /v2.0/security-groups/f81bfea4-6344-4af9-9969-f852766b5d5c => generated 0 bytes in 588 msecs (HTTP/1.1 204) 2 headers in 112 bytes (1 switches on core 0)
2026-04-02 10:20:53.983 8 WARNING neutron.plugins.ml2.drivers.ovn.mech_driver.ovsdb.ovn_client [None req-1fb12843-3af0-4619-88d4-383442874749 - - - - - -] No hosting information found for port 8f81d683-58c4-4218-8c63-8d6baba26ea4: RuntimeError: No hosting information found for port 8f81d683-58c4-4218-8c63-8d6baba26ea4
2026-04-02 10:20:54.007 8 WARNING neutron.scheduler.dhcp_agent_scheduler [None req-8c18657f-a156-49b6-ab89-50da4ff266d9 a3d4c942c5784400924536d71f107c3e 68db1ef5a729434b8581129c3ff4abdc - - default default] No more DHCP agents
2026-04-02 10:20:54.008 8 WARNING neutron.api.rpc.agentnotifiers.dhcp_rpc_agent_api [None req-8c18657f-a156-49b6-ab89-50da4ff266d9 a3d4c942c5784400924536d71f107c3e 68db1ef5a729434b8581129c3ff4abdc - - default default] Unable to schedule network 2abba303-a83f-462b-859f-e2eb0755a3a4: no agents available; will retry on subsequent port and subnet creation events.
2026-04-02 10:20:54.049 7 INFO neutron.db.securitygroups_db [None req-6509026a-f779-4b0f-a258-4aa778b47a2e 74b679891d7c437f91102a2e7aa37943 7c99e0d4b6494062a44c365e1f1d6ade - - default default] Project 7c99e0d4b6494062a44c365e1f1d6ade added a security group rule with legacy IPv6 ICMP protocol name icmp, ipv6-icmp should be used instead. It was automatically converted.
2026-04-02 10:20:54.064 8 INFO neutron.db.ovn_revision_numbers_db [None req-9d2bfa7e-3f85-4361-bbf9-42c561b79ed1 - - - - - -] Successfully bumped revision number for resource ee63ac78-2ab4-4eb3-a749-166c48072cf0 (type: ports) to 4
2026-04-02 10:20:54.259 8 INFO neutron.db.ovn_revision_numbers_db [None req-1fb12843-3af0-4619-88d4-383442874749 - - - - - -] Successfully bumped revision number for resource 8f81d683-58c4-4218-8c63-8d6baba26ea4 (type: router_ports) to 2
2026-04-02 10:20:54.344 8 INFO neutron.plugins.ml2.drivers.ovn.mech_driver.mech_driver [None req-1fb12843-3af0-4619-88d4-383442874749 - - - - - -] OVN reports status down for port: 3210e8be-223a-4bde-ba92-3fdee6f5a108
2026-04-02 10:20:54.413 7 INFO neutron.db.ovn_revision_numbers_db [None req-6509026a-f779-4b0f-a258-4aa778b47a2e 74b679891d7c437f91102a2e7aa37943 7c99e0d4b6494062a44c365e1f1d6ade - - default default] Successfully bumped revision number for resource 58a5dd52-f5a7-4d9f-ab13-59d7abbe1983 (type: security_group_rules) to 0
2026-04-02 10:20:54.457 8 INFO neutron.db.ovn_revision_numbers_db [None req-8c18657f-a156-49b6-ab89-50da4ff266d9 a3d4c942c5784400924536d71f107c3e 68db1ef5a729434b8581129c3ff4abdc - - default default] Successfully bumped revision number for resource 3210e8be-223a-4bde-ba92-3fdee6f5a108 (type: ports) to 1 [pid: 7|app: 0|req: 1024/2201] 10.0.0.122 () {34 vars in 695 bytes} [Thu Apr 2 10:20:53 2026] POST /v2.0/security-group-rules => generated 606 bytes in 662 msecs (HTTP/1.1 201) 4 headers in 162 bytes (1 switches on core 0)
2026-04-02 10:20:54.876 8 INFO neutron.db.ovn_revision_numbers_db [None req-9d2bfa7e-3f85-4361-bbf9-42c561b79ed1 - - - - - -] Successfully bumped revision number for resource ee63ac78-2ab4-4eb3-a749-166c48072cf0 (type: ports) to 5
2026-04-02 10:20:55.071 7 INFO neutron.db.ovn_revision_numbers_db [None req-ec57c4fb-faab-45ad-9c22-05c8fad18005 a3d4c942c5784400924536d71f107c3e 68db1ef5a729434b8581129c3ff4abdc - - default default] Successfully bumped revision number for resource c3cecdb3-880d-40f9-9b21-88d659e8e65e (type: security_groups) to 1
2026-04-02 10:20:55.123 7 INFO neutron.db.ovn_revision_numbers_db [None req-ec57c4fb-faab-45ad-9c22-05c8fad18005 a3d4c942c5784400924536d71f107c3e 68db1ef5a729434b8581129c3ff4abdc - - default default] Successfully bumped revision number for resource 197e29fa-da6b-4249-adc6-4bff474475a0 (type: security_group_rules) to 0
2026-04-02 10:20:55.237 7 INFO neutron.db.ovn_revision_numbers_db [None req-ec57c4fb-faab-45ad-9c22-05c8fad18005 a3d4c942c5784400924536d71f107c3e 68db1ef5a729434b8581129c3ff4abdc - - default default] Successfully bumped revision number for resource 54298577-2a22-4146-89ec-20c97ad852e2 (type: security_group_rules) to 0
2026-04-02 10:20:55.288 7 INFO neutron.db.ovn_revision_numbers_db [None req-ec57c4fb-faab-45ad-9c22-05c8fad18005 a3d4c942c5784400924536d71f107c3e 68db1ef5a729434b8581129c3ff4abdc - - default default] Successfully bumped revision number for resource 95ec2b8f-03b9-4c15-a196-41f0c2be832c (type: security_group_rules) to 0
2026-04-02 10:20:55.328 7 INFO neutron.db.ovn_revision_numbers_db [None req-ec57c4fb-faab-45ad-9c22-05c8fad18005 a3d4c942c5784400924536d71f107c3e 68db1ef5a729434b8581129c3ff4abdc - - default default] Successfully bumped revision number for resource c871d07d-391f-42c1-8feb-ecc28c0b71ef (type: security_group_rules) to 0 [pid: 7|app: 0|req: 1025/2202] 10.0.0.122 () {32 vars in 774 bytes} [Thu Apr 2 10:20:54 2026] GET /v2.0/security-groups?tenant_id=39e920932b0347eb9ea62ef90225bcf0&name=default => generated 2925 bytes in 864 msecs (HTTP/1.1 200) 4 headers in 158 bytes (1 switches on core 0)
2026-04-02 10:20:55.407 8 INFO neutron.plugins.ml2.drivers.ovn.mech_driver.mech_driver [None req-1fb12843-3af0-4619-88d4-383442874749 - - - - - -] OVN reports status up for port: 3210e8be-223a-4bde-ba92-3fdee6f5a108
2026-04-02 10:20:55.454 8 INFO neutron.plugins.ml2.plugin [None req-1fb12843-3af0-4619-88d4-383442874749 - - - - - -] Attempt 1 to provision port 3210e8be-223a-4bde-ba92-3fdee6f5a108 [pid: 7|app: 0|req: 1026/2203] 10.0.0.122 () {32 vars in 649 bytes} [Thu Apr 2 10:20:55 2026] GET /v2.0/networks => generated 1373 bytes in 153 msecs (HTTP/1.1 200) 4 headers in 158 bytes (1 switches on core 0)
2026-04-02 10:20:55.535 8 WARNING neutron.scheduler.dhcp_agent_scheduler [None req-8c18657f-a156-49b6-ab89-50da4ff266d9 a3d4c942c5784400924536d71f107c3e 68db1ef5a729434b8581129c3ff4abdc - - default default] No more DHCP agents
2026-04-02 10:20:55.537 8 WARNING neutron.api.rpc.agentnotifiers.dhcp_rpc_agent_api [None req-8c18657f-a156-49b6-ab89-50da4ff266d9 a3d4c942c5784400924536d71f107c3e 68db1ef5a729434b8581129c3ff4abdc - - default default] Unable to schedule network 2abba303-a83f-462b-859f-e2eb0755a3a4: no agents available; will retry on subsequent port and subnet creation events.
2026-04-02 10:20:56.318 8 INFO neutron.db.ovn_revision_numbers_db [None req-1fb12843-3af0-4619-88d4-383442874749 - - - - - -] Successfully bumped revision number for resource 3210e8be-223a-4bde-ba92-3fdee6f5a108 (type: ports) to 2
2026-04-02 10:20:56.476 8 INFO neutron.db.ovn_revision_numbers_db [None req-8c18657f-a156-49b6-ab89-50da4ff266d9 a3d4c942c5784400924536d71f107c3e 68db1ef5a729434b8581129c3ff4abdc - - default default] Successfully bumped revision number for resource 3210e8be-223a-4bde-ba92-3fdee6f5a108 (type: router_ports) to 1 [pid: 8|app: 0|req: 1178/2204] 10.0.0.122 () {34 vars in 783 bytes} [Thu Apr 2 10:20:53 2026] PUT /v2.0/routers/a3d80062-69cd-4c79-90c8-481c901c5321/add_router_interface => generated 309 bytes in 3260 msecs (HTTP/1.1 200) 4 headers in 157 bytes (1 switches on core 0) [pid: 7|app: 0|req: 1027/2205] 10.0.0.122 () {32 vars in 740 bytes} [Thu Apr 2 10:20:55 2026] DELETE /v2.0/security-groups/c3cecdb3-880d-40f9-9b21-88d659e8e65e => generated 0 bytes in 1002 msecs (HTTP/1.1 204) 2 headers in 112 bytes (1 switches on core 0) [pid: 8|app: 0|req: 1179/2206] 10.0.0.233 () {34 vars in 1100 bytes} [Thu Apr 2 10:20:56 2026] GET /v2.0/security-groups?name=tempest-secgroup-smoke-1960296166&fields=id&tenant_id=7c99e0d4b6494062a44c365e1f1d6ade => generated 69 bytes in 50 msecs (HTTP/1.1 200) 4 headers in 156 bytes (1 switches on core 0) [pid: 7|app: 0|req: 1028/2207] 10.0.0.233 () {34 vars in 982 bytes} [Thu Apr 2 10:20:56 2026] GET /v2.0/networks?id=eefcf0c3-ed55-45f0-88c9-66fa38e611e8 => generated 698 bytes in 62 msecs (HTTP/1.1 200) 4 headers in 157 bytes (1 switches on core 0) [pid: 8|app: 0|req: 1180/2208] 10.0.0.233 () {34 vars in 965 bytes} [Thu Apr 2 10:20:56 2026] GET /v2.0/quotas/7c99e0d4b6494062a44c365e1f1d6ade => generated 292 bytes in 17 msecs (HTTP/1.1 200) 4 headers in 157 bytes (1 switches on core 0) [pid: 7|app: 0|req: 1029/2209] 10.0.0.233 () {34 vars in 1002 bytes} [Thu Apr 2 10:20:56 2026] GET /v2.0/ports?tenant_id=7c99e0d4b6494062a44c365e1f1d6ade&fields=id => generated 103 bytes in 109 msecs (HTTP/1.1 200) 4 headers in 157 bytes (1 switches on core 0) [pid: 8|app: 0|req: 1181/2210] 10.0.0.233 () {34 vars in 1008 bytes} [Thu Apr 2 10:20:56 2026] GET /v2.0/networks/eefcf0c3-ed55-45f0-88c9-66fa38e611e8?fields=segments => generated 14 bytes in 48 msecs (HTTP/1.1 200) 4 headers in 156 bytes (1 switches on core 0) [pid: 7|app: 0|req: 1030/2211] 10.0.0.233 () {34 vars in 1108 bytes} [Thu Apr 2 10:20:56 2026] GET /v2.0/networks/eefcf0c3-ed55-45f0-88c9-66fa38e611e8?fields=provider%3Aphysical_network&fields=provider%3Anetwork_type => generated 79 bytes in 35 msecs (HTTP/1.1 200) 4 headers in 156 bytes (1 switches on core 0) [pid: 8|app: 0|req: 1182/2212] 10.0.0.233 () {34 vars in 990 bytes} [Thu Apr 2 10:20:57 2026] GET /v2.0/ports?device_id=74bcc087-4f20-48bd-8e91-c1d328130cd4 => generated 12 bytes in 20 msecs (HTTP/1.1 200) 4 headers in 156 bytes (1 switches on core 0)
2026-04-02 10:20:58.352 7 INFO neutron.db.ovn_revision_numbers_db [None req-55935f09-e1a3-43d9-8226-1d1e88e5b8a0 a3d4c942c5784400924536d71f107c3e 68db1ef5a729434b8581129c3ff4abdc - - default default] Successfully bumped revision number for resource 53701d9f-fb3f-4c5c-9c90-26390cf43e9d (type: security_groups) to 1
2026-04-02 10:20:58.371 7 INFO neutron.db.ovn_revision_numbers_db [None req-55935f09-e1a3-43d9-8226-1d1e88e5b8a0 a3d4c942c5784400924536d71f107c3e 68db1ef5a729434b8581129c3ff4abdc - - default default] Successfully bumped revision number for resource 0ae213b1-1af8-4d6f-b8af-c2a9b78bcaf8 (type: security_group_rules) to 0
2026-04-02 10:20:58.393 7 INFO neutron.db.ovn_revision_numbers_db [None req-55935f09-e1a3-43d9-8226-1d1e88e5b8a0 a3d4c942c5784400924536d71f107c3e 68db1ef5a729434b8581129c3ff4abdc - - default default] Successfully bumped revision number for resource 7d50040c-b6a2-4f4e-b71d-e692f885f33a (type: security_group_rules) to 0
2026-04-02 10:20:58.412 7 INFO neutron.db.ovn_revision_numbers_db [None req-55935f09-e1a3-43d9-8226-1d1e88e5b8a0 a3d4c942c5784400924536d71f107c3e 68db1ef5a729434b8581129c3ff4abdc - - default default] Successfully bumped revision number for resource ae7886be-4f2d-43ba-b068-61867ce26d10 (type: security_group_rules) to 0
2026-04-02 10:20:58.442 7 INFO neutron.db.ovn_revision_numbers_db [None req-55935f09-e1a3-43d9-8226-1d1e88e5b8a0 a3d4c942c5784400924536d71f107c3e 68db1ef5a729434b8581129c3ff4abdc - - default default] Successfully bumped revision number for resource f9603dba-f854-4136-9ddd-cea61d98cf15 (type: security_group_rules) to 0
2026-04-02 10:20:58.533 7 INFO neutron.db.segments_db [None req-55935f09-e1a3-43d9-8226-1d1e88e5b8a0 a3d4c942c5784400924536d71f107c3e 68db1ef5a729434b8581129c3ff4abdc - - default default] Added segment 7df294fc-f433-4078-8b82-48b51ec51e45 of type geneve for network cdb1fa67-9b5b-463d-b2fd-d3b960a66c7c [pid: 8|app: 0|req: 1183/2213] 10.0.0.233 () {34 vars in 990 bytes} [Thu Apr 2 10:20:58 2026] GET /v2.0/ports?device_id=74bcc087-4f20-48bd-8e91-c1d328130cd4 => generated 12 bytes in 23 msecs (HTTP/1.1 200) 4 headers in 156 bytes (1 switches on core 0)
2026-04-02 10:20:58.897 7 INFO neutron.db.ovn_revision_numbers_db [None req-55935f09-e1a3-43d9-8226-1d1e88e5b8a0 a3d4c942c5784400924536d71f107c3e 68db1ef5a729434b8581129c3ff4abdc - - default default] Successfully bumped revision number for resource cdb1fa67-9b5b-463d-b2fd-d3b960a66c7c (type: networks) to 1
2026-04-02 10:20:59.051 7 WARNING neutron.scheduler.dhcp_agent_scheduler [None req-55935f09-e1a3-43d9-8226-1d1e88e5b8a0 a3d4c942c5784400924536d71f107c3e 68db1ef5a729434b8581129c3ff4abdc - - default default] No more DHCP agents
2026-04-02 10:20:59.053 7 WARNING neutron.api.rpc.agentnotifiers.dhcp_rpc_agent_api [None req-55935f09-e1a3-43d9-8226-1d1e88e5b8a0 a3d4c942c5784400924536d71f107c3e 68db1ef5a729434b8581129c3ff4abdc - - default default] Unable to schedule network cdb1fa67-9b5b-463d-b2fd-d3b960a66c7c: no agents available; will retry on subsequent port and subnet creation events.
2026-04-02 10:20:59.243 7 INFO neutron.db.ovn_revision_numbers_db [None req-55935f09-e1a3-43d9-8226-1d1e88e5b8a0 a3d4c942c5784400924536d71f107c3e 68db1ef5a729434b8581129c3ff4abdc - - default default] Successfully bumped revision number for resource 1ac6b744-b32a-4f89-b0a9-b37a69eabf9f (type: ports) to 1 [pid: 7|app: 0|req: 1031/2214] 10.0.0.122 () {34 vars in 671 bytes} [Thu Apr 2 10:20:57 2026] POST /v2.0/networks => generated 763 bytes in 1574 msecs (HTTP/1.1 201) 4 headers in 162 bytes (1 switches on core 0) [pid: 7|app: 0|req: 1032/2215] 10.0.0.233 () {34 vars in 990 bytes} [Thu Apr 2 10:20:59 2026] GET /v2.0/ports?device_id=74bcc087-4f20-48bd-8e91-c1d328130cd4 => generated 12 bytes in 26 msecs (HTTP/1.1 200) 4 headers in 156 bytes (1 switches on core 0)
2026-04-02 10:20:59.637 8 WARNING neutron.scheduler.dhcp_agent_scheduler [None req-ec3476dd-c14a-4feb-87b9-86089f033090 a3d4c942c5784400924536d71f107c3e 68db1ef5a729434b8581129c3ff4abdc - - default default] No more DHCP agents
2026-04-02 10:20:59.639 8 WARNING neutron.api.rpc.agentnotifiers.dhcp_rpc_agent_api [None req-ec3476dd-c14a-4feb-87b9-86089f033090 a3d4c942c5784400924536d71f107c3e 68db1ef5a729434b8581129c3ff4abdc - - default default] Unable to schedule network cdb1fa67-9b5b-463d-b2fd-d3b960a66c7c: no agents available; will retry on subsequent port and subnet creation events.
2026-04-02 10:21:00.304 8 INFO neutron.db.ovn_revision_numbers_db [None req-55a9cb41-7fb2-469b-94db-21adf055106b - - - - - -] Successfully bumped revision number for resource 1ac6b744-b32a-4f89-b0a9-b37a69eabf9f (type: ports) to 2 [pid: 7|app: 0|req: 1033/2216] 10.0.0.233 () {34 vars in 990 bytes} [Thu Apr 2 10:21:00 2026] GET /v2.0/ports?device_id=74bcc087-4f20-48bd-8e91-c1d328130cd4 => generated 12 bytes in 21 msecs (HTTP/1.1 200) 4 headers in 156 bytes (1 switches on core 0)
2026-04-02 10:21:00.963 8 WARNING neutron.plugins.ml2.drivers.ovn.mech_driver.ovsdb.ovn_client [None req-374ccbf9-bcbf-4fed-b2df-fa79efe53a72 - - - - - -] No hosting information found for port 3210e8be-223a-4bde-ba92-3fdee6f5a108: RuntimeError: No hosting information found for port 3210e8be-223a-4bde-ba92-3fdee6f5a108
2026-04-02 10:21:01.284 8 INFO neutron.db.ovn_revision_numbers_db [None req-55a9cb41-7fb2-469b-94db-21adf055106b - - - - - -] Successfully bumped revision number for resource 828464a0-5336-4fa3-a80d-656b308943bd (type: subnets) to 0 [pid: 8|app: 0|req: 1184/2217] 10.0.0.122 () {34 vars in 669 bytes} [Thu Apr 2 10:20:59 2026] POST /v2.0/subnets => generated 688 bytes in 2359 msecs (HTTP/1.1 201) 4 headers in 162 bytes (1 switches on core 0)
2026-04-02 10:21:01.759 8 INFO neutron.db.ovn_revision_numbers_db [None req-374ccbf9-bcbf-4fed-b2df-fa79efe53a72 - - - - - -] Successfully bumped revision number for resource 3210e8be-223a-4bde-ba92-3fdee6f5a108 (type: router_ports) to 2
2026-04-02 10:21:01.759 8 INFO neutron.plugins.ml2.drivers.ovn.mech_driver.mech_driver [None req-374ccbf9-bcbf-4fed-b2df-fa79efe53a72 - - - - - -] OVN reports status down for port: 1ac6b744-b32a-4f89-b0a9-b37a69eabf9f [pid: 8|app: 0|req: 1185/2218] 10.0.0.233 () {34 vars in 990 bytes} [Thu Apr 2 10:21:01 2026] GET /v2.0/ports?device_id=74bcc087-4f20-48bd-8e91-c1d328130cd4 => generated 12 bytes in 24 msecs (HTTP/1.1 200) 4 headers in 156 bytes (1 switches on core 0) [pid: 8|app: 0|req: 1186/2219] 199.204.45.162 () {34 vars in 986 bytes} [Thu Apr 2 10:21:02 2026] GET /v2.0/networks?id=eefcf0c3-ed55-45f0-88c9-66fa38e611e8 => generated 698 bytes in 42 msecs (HTTP/1.1 200) 4 headers in 157 bytes (1 switches on core 0) [pid: 8|app: 0|req: 1187/2220] 199.204.45.162 () {34 vars in 1050 bytes} [Thu Apr 2 10:21:02 2026] GET /v2.0/security-groups?fields=id&fields=name&tenant_id=7c99e0d4b6494062a44c365e1f1d6ade => generated 181 bytes in 34 msecs (HTTP/1.1 200) 4 headers in 157 bytes (1 switches on core 0)
2026-04-02 10:21:03.002 8 WARNING neutron.scheduler.dhcp_agent_scheduler [req-700e5d90-c3d0-46ac-a288-37ad0a4abe72 req-52894d98-4983-4aa5-a17a-722e704623f7 74b679891d7c437f91102a2e7aa37943 7c99e0d4b6494062a44c365e1f1d6ade - - default default] No more DHCP agents
2026-04-02 10:21:03.004 8 WARNING neutron.api.rpc.agentnotifiers.dhcp_rpc_agent_api [req-700e5d90-c3d0-46ac-a288-37ad0a4abe72 req-52894d98-4983-4aa5-a17a-722e704623f7 74b679891d7c437f91102a2e7aa37943 7c99e0d4b6494062a44c365e1f1d6ade - - default default] Unable to schedule network eefcf0c3-ed55-45f0-88c9-66fa38e611e8: no agents available; will retry on subsequent port and subnet creation events.
2026-04-02 10:21:03.303 8 INFO neutron.db.ovn_revision_numbers_db [req-700e5d90-c3d0-46ac-a288-37ad0a4abe72 req-52894d98-4983-4aa5-a17a-722e704623f7 74b679891d7c437f91102a2e7aa37943 7c99e0d4b6494062a44c365e1f1d6ade - - default default] Successfully bumped revision number for resource cbce4f8c-42ce-4b9c-a6ff-a33c953c7179 (type: ports) to 1
2026-04-02 10:21:03.324 7 INFO neutron.plugins.ml2.drivers.ovn.mech_driver.mech_driver [None req-68630c0f-3a89-449c-aa20-7fe3a0918483 - - - - - -] OVN reports status down for port: cbce4f8c-42ce-4b9c-a6ff-a33c953c7179 [pid: 8|app: 0|req: 1188/2221] 199.204.45.162 () {38 vars in 955 bytes} [Thu Apr 2 10:21:02 2026] POST /v2.0/ports => generated 954 bytes in 830 msecs (HTTP/1.1 201) 4 headers in 162 bytes (1 switches on core 0) /var/lib/openstack/lib/python3.12/site-packages/pycadf/identifier.py:70: UserWarning: Invalid uuid: neutron. To ensure interoperability, identifiers should be a valid uuid. warnings.warn(('Invalid uuid: %s. To ensure interoperability, '
2026-04-02 10:21:03.653 7 WARNING neutron.scheduler.dhcp_agent_scheduler [None req-e1a91488-707b-4f2a-a077-f9887d837472 a3d4c942c5784400924536d71f107c3e 68db1ef5a729434b8581129c3ff4abdc - - default default] No more DHCP agents
2026-04-02 10:21:03.654 7 WARNING neutron.api.rpc.agentnotifiers.dhcp_rpc_agent_api [None req-e1a91488-707b-4f2a-a077-f9887d837472 a3d4c942c5784400924536d71f107c3e 68db1ef5a729434b8581129c3ff4abdc - - default default] Unable to schedule network d866305d-0dd3-4931-8a33-1be42646d1af: no agents available; will retry on subsequent port and subnet creation events. [pid: 8|app: 0|req: 1189/2222] 10.0.0.122 () {34 vars in 676 bytes} [Thu Apr 2 10:21:03 2026] POST /v2.0/subnetpools => generated 516 bytes in 383 msecs (HTTP/1.1 201) 4 headers in 162 bytes (1 switches on core 0) [pid: 8|app: 0|req: 1190/2223] 10.0.0.233 () {34 vars in 990 bytes} [Thu Apr 2 10:21:03 2026] GET /v2.0/ports?device_id=74bcc087-4f20-48bd-8e91-c1d328130cd4 => generated 957 bytes in 33 msecs (HTTP/1.1 200) 4 headers in 157 bytes (1 switches on core 0)
2026-04-02 10:21:03.919 7 INFO neutron.plugins.ml2.drivers.ovn.mech_driver.mech_driver [None req-68630c0f-3a89-449c-aa20-7fe3a0918483 - - - - - -] OVN reports status down for port: 3b993121-1ff0-4427-b71d-050c840d39d7
2026-04-02 10:21:04.239 7 INFO neutron.db.ovn_revision_numbers_db [None req-e1a91488-707b-4f2a-a077-f9887d837472 a3d4c942c5784400924536d71f107c3e 68db1ef5a729434b8581129c3ff4abdc - - default default] Successfully bumped revision number for resource 3b993121-1ff0-4427-b71d-050c840d39d7 (type: ports) to 1
2026-04-02 10:21:04.484 8 INFO neutron.db.ovn_revision_numbers_db [req-700e5d90-c3d0-46ac-a288-37ad0a4abe72 req-570e5e85-e37f-46c5-9ae8-3e2987e08b95 b6e30ca6b1e2469fab35196027e40422 8ded5da4b8dd4cbfb548012848615277 - - c335f53214d149d69a85f99d6d37453c c335f53214d149d69a85f99d6d37453c] Successfully bumped revision number for resource cbce4f8c-42ce-4b9c-a6ff-a33c953c7179 (type: ports) to 2
2026-04-02 10:21:05.110 7 INFO neutron.plugins.ml2.drivers.ovn.mech_driver.ovsdb.commands [None req-b94a403f-04f3-4b7c-b78c-0a306a5a209c - - - - - -] Schedule LRP lrp-3b993121-1ff0-4427-b71d-050c840d39d7 on gateway 6ed2794f-eaab-44a2-91de-a68421863345 with priority 1
2026-04-02 10:21:05.144 8 INFO neutron.db.ovn_revision_numbers_db [req-700e5d90-c3d0-46ac-a288-37ad0a4abe72 req-570e5e85-e37f-46c5-9ae8-3e2987e08b95 b6e30ca6b1e2469fab35196027e40422 8ded5da4b8dd4cbfb548012848615277 - - c335f53214d149d69a85f99d6d37453c c335f53214d149d69a85f99d6d37453c] Successfully bumped revision number for resource cbce4f8c-42ce-4b9c-a6ff-a33c953c7179 (type: ports) to 4
2026-04-02 10:21:05.156 7 INFO neutron.plugins.ml2.drivers.ovn.mech_driver.mech_driver [None req-68630c0f-3a89-449c-aa20-7fe3a0918483 - - - - - -] OVN reports status up for port: 3b993121-1ff0-4427-b71d-050c840d39d7 [pid: 8|app: 0|req: 1191/2224] 199.204.45.162 () {38 vars in 1028 bytes} [Thu Apr 2 10:21:03 2026] PUT /v2.0/ports/cbce4f8c-42ce-4b9c-a6ff-a33c953c7179 => generated 1204 bytes in 1331 msecs (HTTP/1.1 200) 4 headers in 158 bytes (1 switches on core 0) /var/lib/openstack/lib/python3.12/site-packages/pycadf/identifier.py:70: UserWarning: Invalid uuid: neutron. To ensure interoperability, identifiers should be a valid uuid. warnings.warn(('Invalid uuid: %s. To ensure interoperability, '
2026-04-02 10:21:05.222 8 INFO neutron.notifiers.nova [-] Nova event matching ['req-98279765-e189-4716-a4fb-b61d4835748c'] response: {'name': 'network-changed', 'server_uuid': '74bcc087-4f20-48bd-8e91-c1d328130cd4', 'tag': 'cbce4f8c-42ce-4b9c-a6ff-a33c953c7179', 'status': 'completed', 'code': 200}
2026-04-02 10:21:05.251 8 INFO neutron.plugins.ml2.drivers.ovn.mech_driver.ovsdb.ovsdb_monitor [None req-9d2bfa7e-3f85-4361-bbf9-42c561b79ed1 - - - - - -] Router 021deb7d-aa0b-4fba-98f4-221744a3a183 is bound to host instance
