2026-04-02 10:18:44.805 8 INFO neutron.db.ovn_revision_numbers_db [None req-68f82f81-4b12-4ef3-8a4d-7075a1ddd159 a3d4c942c5784400924536d71f107c3e 68db1ef5a729434b8581129c3ff4abdc - - default default] Successfully bumped revision number for resource 4951afb4-5e25-46fa-b7a5-c20612bc4f7b (type: security_group_rules) to 0
2026-04-02 10:18:44.818 8 INFO neutron.db.ovn_revision_numbers_db [None req-68f82f81-4b12-4ef3-8a4d-7075a1ddd159 a3d4c942c5784400924536d71f107c3e 68db1ef5a729434b8581129c3ff4abdc - - default default] Successfully bumped revision number for resource 4cb45f06-5459-426e-aa22-7484b9faff56 (type: security_group_rules) to 0
2026-04-02 10:18:44.828 8 INFO neutron.db.ovn_revision_numbers_db [None req-68f82f81-4b12-4ef3-8a4d-7075a1ddd159 a3d4c942c5784400924536d71f107c3e 68db1ef5a729434b8581129c3ff4abdc - - default default] Successfully bumped revision number for resource 9f0be983-cfcb-42d1-bef4-a6d4ab1d5eb4 (type: security_group_rules) to 0 [pid: 7|app: 0|req: 751/1636] 10.0.0.122 () {32 vars in 643 bytes} [Thu Apr 2 10:18:44 2026] GET /v2.0/ports => generated 3018 bytes in 186 msecs (HTTP/1.1 200) 4 headers in 158 bytes (1 switches on core 0) [pid: 8|app: 0|req: 886/1637] 10.0.0.122 () {32 vars in 774 bytes} [Thu Apr 2 10:18:44 2026] GET /v2.0/security-groups?tenant_id=f2d75969343f417ea4d7a20791c046fc&name=default => generated 2925 bytes in 389 msecs (HTTP/1.1 200) 4 headers in 158 bytes (1 switches on core 0)
2026-04-02 10:18:44.986 8 INFO neutron_taas.services.taas.taas_plugin [None req-ca45ee55-9557-482a-a778-b53963449d8e c98de28db4be419cbc8e0e09c96aae35 658676ed51dc423eaf3581df062e3ac0 - - default default] TaaS: Handle Delete Port: 747494d2-1e54-4524-8262-1738e5659305
2026-04-02 10:18:44.990 8 INFO neutron_taas.services.taas.tap_mirror_plugin [None req-ca45ee55-9557-482a-a778-b53963449d8e c98de28db4be419cbc8e0e09c96aae35 658676ed51dc423eaf3581df062e3ac0 - - default default] Tap Mirror: Handle Delete Port: 747494d2-1e54-4524-8262-1738e5659305
2026-04-02 10:18:45.062 7 WARNING neutron.scheduler.dhcp_agent_scheduler [None req-53fe2215-97a7-4110-8f59-24f8c9c535f2 e6bf02862892440bb129847b4f5b38d2 805b4c012f6f426aa337446710b5dcdc - - default default] No more DHCP agents
2026-04-02 10:18:45.063 7 WARNING neutron.api.rpc.agentnotifiers.dhcp_rpc_agent_api [None req-53fe2215-97a7-4110-8f59-24f8c9c535f2 e6bf02862892440bb129847b4f5b38d2 805b4c012f6f426aa337446710b5dcdc - - default default] Unable to schedule network d6772acf-dfe9-4edf-809c-f60efe2a56a9: no agents available; will retry on subsequent port and subnet creation events. [pid: 8|app: 0|req: 887/1638] 10.0.0.122 () {32 vars in 720 bytes} [Thu Apr 2 10:18:44 2026] DELETE /v2.0/ports/747494d2-1e54-4524-8262-1738e5659305 => generated 0 bytes in 232 msecs (HTTP/1.1 204) 3 headers in 131 bytes (1 switches on core 0)
2026-04-02 10:18:45.141 7 INFO neutron.plugins.ml2.drivers.ovn.mech_driver.mech_driver [None req-3a571bbc-8ea7-4fbe-b620-ba81d21f3e95 - - - - - -] OVN reports status down for port: bbb5426d-0680-4e00-a92d-a4ffa41ce867
2026-04-02 10:18:45.213 7 INFO neutron.db.ovn_revision_numbers_db [None req-53fe2215-97a7-4110-8f59-24f8c9c535f2 e6bf02862892440bb129847b4f5b38d2 805b4c012f6f426aa337446710b5dcdc - - default default] Successfully bumped revision number for resource bbb5426d-0680-4e00-a92d-a4ffa41ce867 (type: ports) to 1 [pid: 7|app: 0|req: 752/1639] 10.0.0.122 () {34 vars in 665 bytes} [Thu Apr 2 10:18:44 2026] POST /v2.0/ports => generated 778 bytes in 477 msecs (HTTP/1.1 201) 4 headers in 162 bytes (1 switches on core 0) /var/lib/openstack/lib/python3.12/site-packages/pycadf/identifier.py:70: UserWarning: Invalid uuid: neutron. To ensure interoperability, identifiers should be a valid uuid. warnings.warn(('Invalid uuid: %s. To ensure interoperability, ' [pid: 8|app: 0|req: 888/1640] 10.0.0.122 () {32 vars in 740 bytes} [Thu Apr 2 10:18:45 2026] DELETE /v2.0/security-groups/95b63b1a-03d2-4693-be40-5c0ec7ee7fff => generated 0 bytes in 309 msecs (HTTP/1.1 204) 2 headers in 112 bytes (1 switches on core 0)
2026-04-02 10:18:45.450 7 INFO neutron_taas.services.taas.taas_plugin [None req-0243ecaa-50dc-4f40-8b4a-8df942e91650 c98de28db4be419cbc8e0e09c96aae35 658676ed51dc423eaf3581df062e3ac0 - - default default] TaaS: Handle Delete Port: fb202dc7-6412-4467-8a5e-cb30b4c41bee
2026-04-02 10:18:45.453 7 INFO neutron_taas.services.taas.tap_mirror_plugin [None req-0243ecaa-50dc-4f40-8b4a-8df942e91650 c98de28db4be419cbc8e0e09c96aae35 658676ed51dc423eaf3581df062e3ac0 - - default default] Tap Mirror: Handle Delete Port: fb202dc7-6412-4467-8a5e-cb30b4c41bee
2026-04-02 10:18:45.496 8 INFO neutron.db.segments_db [None req-c208e4b0-11c8-46a4-a4b7-772b7af82126 e6bf02862892440bb129847b4f5b38d2 805b4c012f6f426aa337446710b5dcdc - - default default] Added segment 7a8f4ff4-515c-48cd-aebd-9c345eddfc21 of type geneve for network 8c27b0fd-c9a0-487e-88d7-d5e12a95aabc [pid: 7|app: 0|req: 753/1641] 10.0.0.122 () {32 vars in 720 bytes} [Thu Apr 2 10:18:45 2026] DELETE /v2.0/ports/fb202dc7-6412-4467-8a5e-cb30b4c41bee => generated 0 bytes in 258 msecs (HTTP/1.1 204) 3 headers in 131 bytes (1 switches on core 0)
2026-04-02 10:18:45.645 8 INFO neutron.db.ovn_revision_numbers_db [None req-c208e4b0-11c8-46a4-a4b7-772b7af82126 e6bf02862892440bb129847b4f5b38d2 805b4c012f6f426aa337446710b5dcdc - - default default] Successfully bumped revision number for resource 8c27b0fd-c9a0-487e-88d7-d5e12a95aabc (type: networks) to 1
2026-04-02 10:18:45.694 7 INFO neutron.db.ovn_revision_numbers_db [None req-ffa7b822-107b-4a17-be0e-3ac30e28f723 a3d4c942c5784400924536d71f107c3e 68db1ef5a729434b8581129c3ff4abdc - - default default] Successfully bumped revision number for resource 230ac030-bc3c-4e81-a625-3a3cdab41f1a (type: security_groups) to 1
2026-04-02 10:18:45.708 7 INFO neutron.db.ovn_revision_numbers_db [None req-ffa7b822-107b-4a17-be0e-3ac30e28f723 a3d4c942c5784400924536d71f107c3e 68db1ef5a729434b8581129c3ff4abdc - - default default] Successfully bumped revision number for resource 48377cf8-9866-4431-9f0b-09b80d8ba6b8 (type: security_group_rules) to 0
2026-04-02 10:18:45.718 7 INFO neutron.db.ovn_revision_numbers_db [None req-ffa7b822-107b-4a17-be0e-3ac30e28f723 a3d4c942c5784400924536d71f107c3e 68db1ef5a729434b8581129c3ff4abdc - - default default] Successfully bumped revision number for resource 9fd278d3-e57f-467f-9468-293ee212e324 (type: security_group_rules) to 0
2026-04-02 10:18:45.730 7 INFO neutron.db.ovn_revision_numbers_db [None req-ffa7b822-107b-4a17-be0e-3ac30e28f723 a3d4c942c5784400924536d71f107c3e 68db1ef5a729434b8581129c3ff4abdc - - default default] Successfully bumped revision number for resource a256b01e-a7ee-4a1d-b773-c0d49d8c6d4f (type: security_group_rules) to 0
2026-04-02 10:18:45.741 7 INFO neutron.db.ovn_revision_numbers_db [None req-ffa7b822-107b-4a17-be0e-3ac30e28f723 a3d4c942c5784400924536d71f107c3e 68db1ef5a729434b8581129c3ff4abdc - - default default] Successfully bumped revision number for resource db109d38-f364-4c21-8b27-59d2753d6e0d (type: security_group_rules) to 0 [pid: 7|app: 0|req: 754/1642] 10.0.0.122 () {32 vars in 774 bytes} [Thu Apr 2 10:18:45 2026] GET /v2.0/security-groups?tenant_id=70389a994e2e45d99db9d97052d71fb6&name=default => generated 2925 bytes in 196 msecs (HTTP/1.1 200) 4 headers in 158 bytes (1 switches on core 0) [pid: 7|app: 0|req: 755/1643] 10.0.0.122 () {32 vars in 643 bytes} [Thu Apr 2 10:18:45 2026] GET /v2.0/ports => generated 1523 bytes in 37 msecs (HTTP/1.1 200) 4 headers in 158 bytes (1 switches on core 0)
2026-04-02 10:18:45.820 8 WARNING neutron.scheduler.dhcp_agent_scheduler [None req-c208e4b0-11c8-46a4-a4b7-772b7af82126 e6bf02862892440bb129847b4f5b38d2 805b4c012f6f426aa337446710b5dcdc - - default default] No more DHCP agents
2026-04-02 10:18:45.821 8 WARNING neutron.api.rpc.agentnotifiers.dhcp_rpc_agent_api [None req-c208e4b0-11c8-46a4-a4b7-772b7af82126 e6bf02862892440bb129847b4f5b38d2 805b4c012f6f426aa337446710b5dcdc - - default default] Unable to schedule network 8c27b0fd-c9a0-487e-88d7-d5e12a95aabc: no agents available; will retry on subsequent port and subnet creation events.
2026-04-02 10:18:45.875 7 INFO neutron.plugins.ml2.drivers.ovn.mech_driver.mech_driver [None req-3a571bbc-8ea7-4fbe-b620-ba81d21f3e95 - - - - - -] OVN reports status down for port: 4e4d4e86-1b1c-49eb-91f7-e912bfbefa18
2026-04-02 10:18:45.906 8 INFO neutron.db.ovn_revision_numbers_db [None req-c208e4b0-11c8-46a4-a4b7-772b7af82126 e6bf02862892440bb129847b4f5b38d2 805b4c012f6f426aa337446710b5dcdc - - default default] Successfully bumped revision number for resource 4e4d4e86-1b1c-49eb-91f7-e912bfbefa18 (type: ports) to 1 [pid: 8|app: 0|req: 889/1644] 10.0.0.122 () {34 vars in 670 bytes} [Thu Apr 2 10:18:45 2026] POST /v2.0/networks => generated 654 bytes in 518 msecs (HTTP/1.1 201) 4 headers in 162 bytes (1 switches on core 0)
2026-04-02 10:18:46.051 8 INFO neutron.db.segments_db [None req-d63c2111-899a-4afd-ac2d-7da1c55452e0 c98de28db4be419cbc8e0e09c96aae35 658676ed51dc423eaf3581df062e3ac0 - - default default] Added segment b0bddbb7-bd2a-47e7-b00c-d74d0c05aafb of type geneve for network b60f50ed-46b0-462c-92f9-942f96a033c8 [pid: 7|app: 0|req: 756/1645] 10.0.0.122 () {32 vars in 740 bytes} [Thu Apr 2 10:18:45 2026] DELETE /v2.0/security-groups/230ac030-bc3c-4e81-a625-3a3cdab41f1a => generated 0 bytes in 322 msecs (HTTP/1.1 204) 2 headers in 112 bytes (1 switches on core 0)
2026-04-02 10:18:46.186 8 INFO neutron.db.ovn_revision_numbers_db [None req-d63c2111-899a-4afd-ac2d-7da1c55452e0 c98de28db4be419cbc8e0e09c96aae35 658676ed51dc423eaf3581df062e3ac0 - - default default] Successfully bumped revision number for resource b60f50ed-46b0-462c-92f9-942f96a033c8 (type: networks) to 1
2026-04-02 10:18:46.346 7 WARNING neutron.scheduler.dhcp_agent_scheduler [None req-43c05331-522e-4333-94a9-ccfda0e44d65 e6bf02862892440bb129847b4f5b38d2 805b4c012f6f426aa337446710b5dcdc - - default default] No more DHCP agents
2026-04-02 10:18:46.347 8 WARNING neutron.scheduler.dhcp_agent_scheduler [None req-d63c2111-899a-4afd-ac2d-7da1c55452e0 c98de28db4be419cbc8e0e09c96aae35 658676ed51dc423eaf3581df062e3ac0 - - default default] No more DHCP agents
2026-04-02 10:18:46.348 7 WARNING neutron.api.rpc.agentnotifiers.dhcp_rpc_agent_api [None req-43c05331-522e-4333-94a9-ccfda0e44d65 e6bf02862892440bb129847b4f5b38d2 805b4c012f6f426aa337446710b5dcdc - - default default] Unable to schedule network 8c27b0fd-c9a0-487e-88d7-d5e12a95aabc: no agents available; will retry on subsequent port and subnet creation events.
2026-04-02 10:18:46.348 8 WARNING neutron.api.rpc.agentnotifiers.dhcp_rpc_agent_api [None req-d63c2111-899a-4afd-ac2d-7da1c55452e0 c98de28db4be419cbc8e0e09c96aae35 658676ed51dc423eaf3581df062e3ac0 - - default default] Unable to schedule network b60f50ed-46b0-462c-92f9-942f96a033c8: no agents available; will retry on subsequent port and subnet creation events.
2026-04-02 10:18:46.379 7 INFO neutron.db.ovn_revision_numbers_db [None req-43c05331-522e-4333-94a9-ccfda0e44d65 e6bf02862892440bb129847b4f5b38d2 805b4c012f6f426aa337446710b5dcdc - - default default] Successfully bumped revision number for resource ec95d008-0a66-47da-b3bd-6315b5e4adf4 (type: subnets) to 0
2026-04-02 10:18:46.411 8 INFO neutron.plugins.ml2.drivers.ovn.mech_driver.mech_driver [None req-30a3ff2b-0f7d-4c8b-a3f0-be31d826bca3 - - - - - -] OVN reports status down for port: 59c4cf4a-887c-4942-873c-cfe127353453 [pid: 7|app: 0|req: 757/1646] 10.0.0.122 () {34 vars in 669 bytes} [Thu Apr 2 10:18:46 2026] POST /v2.0/subnets => generated 646 bytes in 283 msecs (HTTP/1.1 201) 4 headers in 162 bytes (1 switches on core 0)
2026-04-02 10:18:46.505 8 INFO neutron.db.ovn_revision_numbers_db [None req-d63c2111-899a-4afd-ac2d-7da1c55452e0 c98de28db4be419cbc8e0e09c96aae35 658676ed51dc423eaf3581df062e3ac0 - - default default] Successfully bumped revision number for resource 59c4cf4a-887c-4942-873c-cfe127353453 (type: ports) to 1 [pid: 8|app: 0|req: 890/1647] 10.0.0.122 () {34 vars in 670 bytes} [Thu Apr 2 10:18:45 2026] POST /v2.0/networks => generated 669 bytes in 627 msecs (HTTP/1.1 201) 4 headers in 162 bytes (1 switches on core 0) [pid: 8|app: 0|req: 891/1648] 10.0.0.122 () {32 vars in 774 bytes} [Thu Apr 2 10:18:46 2026] GET /v2.0/security-groups?tenant_id=6d0976317a71481a9b18d90680d49af9&name=default => generated 2925 bytes in 28 msecs (HTTP/1.1 200) 4 headers in 158 bytes (1 switches on core 0)
2026-04-02 10:18:46.810 8 WARNING neutron.scheduler.dhcp_agent_scheduler [None req-0c886588-520f-47c6-abbc-e4ef33dac9b7 e6bf02862892440bb129847b4f5b38d2 805b4c012f6f426aa337446710b5dcdc - - default default] No more DHCP agents
2026-04-02 10:18:46.811 8 WARNING neutron.api.rpc.agentnotifiers.dhcp_rpc_agent_api [None req-0c886588-520f-47c6-abbc-e4ef33dac9b7 e6bf02862892440bb129847b4f5b38d2 805b4c012f6f426aa337446710b5dcdc - - default default] Unable to schedule network 8c27b0fd-c9a0-487e-88d7-d5e12a95aabc: no agents available; will retry on subsequent port and subnet creation events.
2026-04-02 10:18:46.811 7 INFO neutron.db.ovn_revision_numbers_db [None req-da453520-cf6a-49f8-99a5-c9277baa6b4e a3d4c942c5784400924536d71f107c3e 68db1ef5a729434b8581129c3ff4abdc - - default default] Successfully bumped revision number for resource 65d74cf6-d817-4726-9f7c-a1ebc22e5142 (type: security_groups) to 1
2026-04-02 10:18:46.822 7 INFO neutron.db.ovn_revision_numbers_db [None req-da453520-cf6a-49f8-99a5-c9277baa6b4e a3d4c942c5784400924536d71f107c3e 68db1ef5a729434b8581129c3ff4abdc - - default default] Successfully bumped revision number for resource 5538de79-4356-4f8e-a5b2-03f2a3e06f9d (type: security_group_rules) to 0
2026-04-02 10:18:46.833 7 INFO neutron.db.ovn_revision_numbers_db [None req-da453520-cf6a-49f8-99a5-c9277baa6b4e a3d4c942c5784400924536d71f107c3e 68db1ef5a729434b8581129c3ff4abdc - - default default] Successfully bumped revision number for resource 57bd2b69-6d8a-4810-b631-a1b31c706a2b (type: security_group_rules) to 0
2026-04-02 10:18:46.844 7 INFO neutron.db.ovn_revision_numbers_db [None req-da453520-cf6a-49f8-99a5-c9277baa6b4e a3d4c942c5784400924536d71f107c3e 68db1ef5a729434b8581129c3ff4abdc - - default default] Successfully bumped revision number for resource 83ab0ce6-3e62-43f2-af5f-1f59e58c4e82 (type: security_group_rules) to 0
2026-04-02 10:18:46.869 7 INFO neutron.db.ovn_revision_numbers_db [None req-da453520-cf6a-49f8-99a5-c9277baa6b4e a3d4c942c5784400924536d71f107c3e 68db1ef5a729434b8581129c3ff4abdc - - default default] Successfully bumped revision number for resource b06d5716-f72e-49b4-8bc5-118648b7ea0f (type: security_group_rules) to 0
2026-04-02 10:18:46.886 7 INFO neutron.plugins.ml2.drivers.ovn.mech_driver.mech_driver [None req-3a571bbc-8ea7-4fbe-b620-ba81d21f3e95 - - - - - -] OVN reports status down for port: 9ae44627-dd43-4128-8555-446e8ddc4b09
2026-04-02 10:18:46.915 8 INFO neutron.db.ovn_revision_numbers_db [None req-0c886588-520f-47c6-abbc-e4ef33dac9b7 e6bf02862892440bb129847b4f5b38d2 805b4c012f6f426aa337446710b5dcdc - - default default] Successfully bumped revision number for resource 9ae44627-dd43-4128-8555-446e8ddc4b09 (type: ports) to 1 [pid: 7|app: 0|req: 758/1649] 10.0.0.122 () {32 vars in 774 bytes} [Thu Apr 2 10:18:46 2026] GET /v2.0/security-groups?tenant_id=decef07ab2de4b58b50b935818640de6&name=default => generated 2925 bytes in 513 msecs (HTTP/1.1 200) 4 headers in 158 bytes (1 switches on core 0) [pid: 8|app: 0|req: 892/1650] 10.0.0.122 () {34 vars in 665 bytes} [Thu Apr 2 10:18:46 2026] POST /v2.0/ports => generated 962 bytes in 386 msecs (HTTP/1.1 201) 4 headers in 162 bytes (1 switches on core 0) /var/lib/openstack/lib/python3.12/site-packages/pycadf/identifier.py:70: UserWarning: Invalid uuid: neutron. To ensure interoperability, identifiers should be a valid uuid. warnings.warn(('Invalid uuid: %s. To ensure interoperability, '
2026-04-02 10:18:47.057 7 INFO neutron.db.segments_db [None req-03829632-a645-4604-9e94-5133715b6adb c98de28db4be419cbc8e0e09c96aae35 658676ed51dc423eaf3581df062e3ac0 - - default default] Added segment 7aa35996-b7d5-422c-a599-a1cdcfcab3f9 of type geneve for network 273b28fe-d1d7-49ad-af9b-691eee1ba133 [pid: 8|app: 0|req: 893/1651] 10.0.0.122 () {32 vars in 740 bytes} [Thu Apr 2 10:18:46 2026] DELETE /v2.0/security-groups/3570bab7-28d6-4097-b14d-ca5d9f6c9e99 => generated 0 bytes in 256 msecs (HTTP/1.1 204) 2 headers in 112 bytes (1 switches on core 0)
2026-04-02 10:18:47.250 7 INFO neutron.db.ovn_revision_numbers_db [None req-03829632-a645-4604-9e94-5133715b6adb c98de28db4be419cbc8e0e09c96aae35 658676ed51dc423eaf3581df062e3ac0 - - default default] Successfully bumped revision number for resource 273b28fe-d1d7-49ad-af9b-691eee1ba133 (type: networks) to 1
2026-04-02 10:18:47.432 7 WARNING neutron.scheduler.dhcp_agent_scheduler [None req-03829632-a645-4604-9e94-5133715b6adb c98de28db4be419cbc8e0e09c96aae35 658676ed51dc423eaf3581df062e3ac0 - - default default] No more DHCP agents
2026-04-02 10:18:47.434 7 WARNING neutron.api.rpc.agentnotifiers.dhcp_rpc_agent_api [None req-03829632-a645-4604-9e94-5133715b6adb c98de28db4be419cbc8e0e09c96aae35 658676ed51dc423eaf3581df062e3ac0 - - default default] Unable to schedule network 273b28fe-d1d7-49ad-af9b-691eee1ba133: no agents available; will retry on subsequent port and subnet creation events. [pid: 8|app: 0|req: 894/1652] 10.0.0.122 () {32 vars in 740 bytes} [Thu Apr 2 10:18:47 2026] DELETE /v2.0/security-groups/65d74cf6-d817-4726-9f7c-a1ebc22e5142 => generated 0 bytes in 236 msecs (HTTP/1.1 204) 2 headers in 112 bytes (1 switches on core 0)
2026-04-02 10:18:47.502 8 INFO neutron.plugins.ml2.drivers.ovn.mech_driver.mech_driver [None req-30a3ff2b-0f7d-4c8b-a3f0-be31d826bca3 - - - - - -] OVN reports status down for port: c3c2a7cc-32bd-4463-a41f-b2eb02404f14
2026-04-02 10:18:47.523 7 INFO neutron.db.ovn_revision_numbers_db [None req-03829632-a645-4604-9e94-5133715b6adb c98de28db4be419cbc8e0e09c96aae35 658676ed51dc423eaf3581df062e3ac0 - - default default] Successfully bumped revision number for resource c3c2a7cc-32bd-4463-a41f-b2eb02404f14 (type: ports) to 1 [pid: 7|app: 0|req: 759/1653] 10.0.0.122 () {34 vars in 670 bytes} [Thu Apr 2 10:18:46 2026] POST /v2.0/networks => generated 668 bytes in 623 msecs (HTTP/1.1 201) 4 headers in 162 bytes (1 switches on core 0)
2026-04-02 10:18:47.685 8 INFO neutron_taas.services.taas.taas_plugin [None req-4baae177-4dc9-4683-a4ba-0f18b37000da e6bf02862892440bb129847b4f5b38d2 805b4c012f6f426aa337446710b5dcdc - - default default] TaaS: Handle Delete Port: 9ae44627-dd43-4128-8555-446e8ddc4b09
2026-04-02 10:18:47.689 8 INFO neutron_taas.services.taas.tap_mirror_plugin [None req-4baae177-4dc9-4683-a4ba-0f18b37000da e6bf02862892440bb129847b4f5b38d2 805b4c012f6f426aa337446710b5dcdc - - default default] Tap Mirror: Handle Delete Port: 9ae44627-dd43-4128-8555-446e8ddc4b09 [pid: 8|app: 0|req: 895/1654] 10.0.0.122 () {32 vars in 720 bytes} [Thu Apr 2 10:18:47 2026] DELETE /v2.0/ports/9ae44627-dd43-4128-8555-446e8ddc4b09 => generated 0 bytes in 354 msecs (HTTP/1.1 204) 3 headers in 131 bytes (1 switches on core 0)
2026-04-02 10:18:47.900 7 WARNING neutron.scheduler.dhcp_agent_scheduler [None req-7d9a1ae7-c5d6-414d-a827-d84a22da53fd c98de28db4be419cbc8e0e09c96aae35 658676ed51dc423eaf3581df062e3ac0 - - default default] No more DHCP agents
2026-04-02 10:18:47.904 7 WARNING neutron.api.rpc.agentnotifiers.dhcp_rpc_agent_api [None req-7d9a1ae7-c5d6-414d-a827-d84a22da53fd c98de28db4be419cbc8e0e09c96aae35 658676ed51dc423eaf3581df062e3ac0 - - default default] Unable to schedule network b60f50ed-46b0-462c-92f9-942f96a033c8: no agents available; will retry on subsequent port and subnet creation events.
2026-04-02 10:18:47.922 8 INFO neutron.db.ovn_revision_numbers_db [None req-bbf5d304-3d27-4034-a08d-4c0a480d58aa a3d4c942c5784400924536d71f107c3e 68db1ef5a729434b8581129c3ff4abdc - - default default] Successfully bumped revision number for resource 3e05bc07-6a10-487c-bd39-2d2a52315ab6 (type: security_groups) to 1
2026-04-02 10:18:47.933 8 INFO neutron.db.ovn_revision_numbers_db [None req-bbf5d304-3d27-4034-a08d-4c0a480d58aa a3d4c942c5784400924536d71f107c3e 68db1ef5a729434b8581129c3ff4abdc - - default default] Successfully bumped revision number for resource 05e89777-fe8e-4f91-bb4c-4d204ab33883 (type: security_group_rules) to 0
2026-04-02 10:18:47.946 8 INFO neutron.db.ovn_revision_numbers_db [None req-bbf5d304-3d27-4034-a08d-4c0a480d58aa a3d4c942c5784400924536d71f107c3e 68db1ef5a729434b8581129c3ff4abdc - - default default] Successfully bumped revision number for resource 3c94a395-83bc-495e-812d-f871b10e4613 (type: security_group_rules) to 0
2026-04-02 10:18:47.956 8 INFO neutron.db.ovn_revision_numbers_db [None req-bbf5d304-3d27-4034-a08d-4c0a480d58aa a3d4c942c5784400924536d71f107c3e 68db1ef5a729434b8581129c3ff4abdc - - default default] Successfully bumped revision number for resource c7d9189f-3d21-4640-86da-cdae8404f8d4 (type: security_group_rules) to 0
2026-04-02 10:18:47.970 8 INFO neutron.db.ovn_revision_numbers_db [None req-bbf5d304-3d27-4034-a08d-4c0a480d58aa a3d4c942c5784400924536d71f107c3e 68db1ef5a729434b8581129c3ff4abdc - - default default] Successfully bumped revision number for resource eaac9bea-5e34-45d0-ac83-b5cdc12caf6e (type: security_group_rules) to 0 [pid: 8|app: 0|req: 896/1655] 10.0.0.122 () {32 vars in 774 bytes} [Thu Apr 2 10:18:47 2026] GET /v2.0/security-groups?tenant_id=ea4fefbc57654d728c4b46d886633067&name=default => generated 2925 bytes in 182 msecs (HTTP/1.1 200) 4 headers in 158 bytes (1 switches on core 0)
2026-04-02 10:18:48.017 8 INFO neutron.pecan_wsgi.hooks.translation [None req-7d1d8705-b153-4fca-8892-31bc536a0670 e6bf02862892440bb129847b4f5b38d2 805b4c012f6f426aa337446710b5dcdc - - default default] DELETE failed (client error): The resource could not be found. [pid: 8|app: 0|req: 897/1656] 10.0.0.122 () {32 vars in 720 bytes} [Thu Apr 2 10:18:48 2026] DELETE /v2.0/ports/9ae44627-dd43-4128-8555-446e8ddc4b09 => generated 132 bytes in 17 msecs (HTTP/1.1 404) 4 headers in 164 bytes (1 switches on core 0) [pid: 8|app: 0|req: 898/1657] 10.0.0.122 () {32 vars in 740 bytes} [Thu Apr 2 10:18:48 2026] DELETE /v2.0/security-groups/3e05bc07-6a10-487c-bd39-2d2a52315ab6 => generated 0 bytes in 221 msecs (HTTP/1.1 204) 2 headers in 112 bytes (1 switches on core 0)
2026-04-02 10:18:48.263 8 INFO neutron.pecan_wsgi.hooks.translation [None req-283a780d-07bc-46e7-867f-136a78a3a494 e6bf02862892440bb129847b4f5b38d2 805b4c012f6f426aa337446710b5dcdc - - default default] GET failed (client error): The resource could not be found. [pid: 8|app: 0|req: 899/1658] 10.0.0.122 () {32 vars in 717 bytes} [Thu Apr 2 10:18:48 2026] GET /v2.0/ports/9ae44627-dd43-4128-8555-446e8ddc4b09 => generated 132 bytes in 21 msecs (HTTP/1.1 404) 4 headers in 164 bytes (1 switches on core 0)
2026-04-02 10:18:48.358 7 INFO neutron.db.ovn_revision_numbers_db [None req-85d5bf59-a81e-4de8-91e9-ce7b0ca4979d - - - - - -] Successfully bumped revision number for resource 59c4cf4a-887c-4942-873c-cfe127353453 (type: ports) to 2
2026-04-02 10:18:48.400 7 INFO neutron.db.ovn_revision_numbers_db [None req-85d5bf59-a81e-4de8-91e9-ce7b0ca4979d - - - - - -] Successfully bumped revision number for resource 89f54881-3d39-46b8-aa62-cda7e77b82c9 (type: subnets) to 0
2026-04-02 10:18:48.427 7 WARNING neutron.scheduler.dhcp_agent_scheduler [None req-7d9a1ae7-c5d6-414d-a827-d84a22da53fd c98de28db4be419cbc8e0e09c96aae35 658676ed51dc423eaf3581df062e3ac0 - - default default] No more DHCP agents
2026-04-02 10:18:48.428 7 WARNING neutron.api.rpc.agentnotifiers.dhcp_rpc_agent_api [None req-7d9a1ae7-c5d6-414d-a827-d84a22da53fd c98de28db4be419cbc8e0e09c96aae35 658676ed51dc423eaf3581df062e3ac0 - - default default] Unable to schedule network 273b28fe-d1d7-49ad-af9b-691eee1ba133: no agents available; will retry on subsequent port and subnet creation events. [pid: 8|app: 0|req: 900/1659] 10.0.0.122 () {32 vars in 724 bytes} [Thu Apr 2 10:18:48 2026] DELETE /v2.0/subnets/ec95d008-0a66-47da-b3bd-6315b5e4adf4 => generated 0 bytes in 191 msecs (HTTP/1.1 204) 3 headers in 131 bytes (1 switches on core 0)
2026-04-02 10:18:48.599 8 INFO neutron_taas.services.taas.taas_plugin [None req-d72e46cc-c0ad-4fd0-92cf-f6de42d3a4ee e6bf02862892440bb129847b4f5b38d2 805b4c012f6f426aa337446710b5dcdc - - default default] TaaS: Handle Delete Port: 4e4d4e86-1b1c-49eb-91f7-e912bfbefa18
2026-04-02 10:18:48.602 8 INFO neutron_taas.services.taas.tap_mirror_plugin [None req-d72e46cc-c0ad-4fd0-92cf-f6de42d3a4ee e6bf02862892440bb129847b4f5b38d2 805b4c012f6f426aa337446710b5dcdc - - default default] Tap Mirror: Handle Delete Port: 4e4d4e86-1b1c-49eb-91f7-e912bfbefa18
2026-04-02 10:18:48.800 8 INFO neutron.services.segments.plugin [-] Segment 7a8f4ff4-515c-48cd-aebd-9c345eddfc21 resource provider aggregate not found
2026-04-02 10:18:48.806 8 INFO neutron.services.segments.plugin [-] Segment 7a8f4ff4-515c-48cd-aebd-9c345eddfc21 resource provider aggregate not found
2026-04-02 10:18:48.821 8 INFO neutron.services.segments.plugin [-] Segment 7a8f4ff4-515c-48cd-aebd-9c345eddfc21 resource provider not found; error: Placement Client Error (4xx): {"errors": [{"status": 404, "title": "Not Found", "detail": "The resource could not be found.\n\n No resource provider with uuid 7a8f4ff4-515c-48cd-aebd-9c345eddfc21 found for delete ", "request_id": "req-46a02f9d-27df-4312-8a62-aaa7345a7217"}]}
2026-04-02 10:18:48.827 8 INFO neutron.services.segments.plugin [-] Segment 7a8f4ff4-515c-48cd-aebd-9c345eddfc21 resource provider not found; error: Placement Client Error (4xx): {"errors": [{"status": 404, "title": "Not Found", "detail": "The resource could not be found.\n\n No resource provider with uuid 7a8f4ff4-515c-48cd-aebd-9c345eddfc21 found for delete ", "request_id": "req-b291d81b-ffab-44b0-9466-64c996399227"}]} [pid: 8|app: 0|req: 901/1660] 10.0.0.122 () {32 vars in 726 bytes} [Thu Apr 2 10:18:48 2026] DELETE /v2.0/networks/8c27b0fd-c9a0-487e-88d7-d5e12a95aabc => generated 0 bytes in 406 msecs (HTTP/1.1 204) 3 headers in 131 bytes (1 switches on core 0)
2026-04-02 10:18:48.907 7 INFO neutron.db.ovn_revision_numbers_db [None req-58442670-76b4-411e-bf10-26c98f129110 - - - - - -] Successfully bumped revision number for resource c3c2a7cc-32bd-4463-a41f-b2eb02404f14 (type: ports) to 2
2026-04-02 10:18:48.948 7 INFO neutron.db.ovn_revision_numbers_db [None req-58442670-76b4-411e-bf10-26c98f129110 - - - - - -] Successfully bumped revision number for resource 7f60167a-8915-46cb-bcde-6f5604ccd5e2 (type: subnets) to 0 [pid: 7|app: 0|req: 760/1661] 10.0.0.122 () {34 vars in 669 bytes} [Thu Apr 2 10:18:47 2026] POST /v2.0/subnets => generated 1274 bytes in 1378 msecs (HTTP/1.1 201) 4 headers in 163 bytes (1 switches on core 0)
2026-04-02 10:18:48.975 8 INFO neutron.db.segments_db [None req-1f4b8319-02d2-4926-931e-91e9688f19a0 e6bf02862892440bb129847b4f5b38d2 805b4c012f6f426aa337446710b5dcdc - - default default] Added segment 18f0eb17-bfd6-402b-828d-d767fddeeff4 of type geneve for network a3d7f20e-8362-4e73-bfac-55bfc21e7a02 [pid: 7|app: 0|req: 761/1662] 10.0.0.122 () {32 vars in 647 bytes} [Thu Apr 2 10:18:48 2026] GET /v2.0/subnets => generated 1910 bytes in 34 msecs (HTTP/1.1 200) 4 headers in 158 bytes (1 switches on core 0)
2026-04-02 10:18:49.093 8 INFO neutron.db.ovn_revision_numbers_db [None req-1f4b8319-02d2-4926-931e-91e9688f19a0 e6bf02862892440bb129847b4f5b38d2 805b4c012f6f426aa337446710b5dcdc - - default default] Successfully bumped revision number for resource a3d7f20e-8362-4e73-bfac-55bfc21e7a02 (type: networks) to 1 [pid: 7|app: 0|req: 762/1663] 10.0.0.122 () {32 vars in 724 bytes} [Thu Apr 2 10:18:49 2026] DELETE /v2.0/subnets/89f54881-3d39-46b8-aa62-cda7e77b82c9 => generated 0 bytes in 195 msecs (HTTP/1.1 204) 3 headers in 131 bytes (1 switches on core 0)
2026-04-02 10:18:49.253 8 WARNING neutron.scheduler.dhcp_agent_scheduler [None req-1f4b8319-02d2-4926-931e-91e9688f19a0 e6bf02862892440bb129847b4f5b38d2 805b4c012f6f426aa337446710b5dcdc - - default default] No more DHCP agents
2026-04-02 10:18:49.255 8 WARNING neutron.api.rpc.agentnotifiers.dhcp_rpc_agent_api [None req-1f4b8319-02d2-4926-931e-91e9688f19a0 e6bf02862892440bb129847b4f5b38d2 805b4c012f6f426aa337446710b5dcdc - - default default] Unable to schedule network a3d7f20e-8362-4e73-bfac-55bfc21e7a02: no agents available; will retry on subsequent port and subnet creation events.
2026-04-02 10:18:49.306 8 INFO neutron.plugins.ml2.drivers.ovn.mech_driver.mech_driver [None req-30a3ff2b-0f7d-4c8b-a3f0-be31d826bca3 - - - - - -] OVN reports status down for port: a6397420-acaa-4008-80b9-74461a843a35
2026-04-02 10:18:49.359 8 INFO neutron.db.ovn_revision_numbers_db [None req-1f4b8319-02d2-4926-931e-91e9688f19a0 e6bf02862892440bb129847b4f5b38d2 805b4c012f6f426aa337446710b5dcdc - - default default] Successfully bumped revision number for resource a6397420-acaa-4008-80b9-74461a843a35 (type: ports) to 1 [pid: 8|app: 0|req: 902/1664] 10.0.0.122 () {34 vars in 670 bytes} [Thu Apr 2 10:18:48 2026] POST /v2.0/networks => generated 655 bytes in 520 msecs (HTTP/1.1 201) 4 headers in 162 bytes (1 switches on core 0) [pid: 7|app: 0|req: 763/1665] 10.0.0.122 () {32 vars in 724 bytes} [Thu Apr 2 10:18:49 2026] DELETE /v2.0/subnets/7f60167a-8915-46cb-bcde-6f5604ccd5e2 => generated 0 bytes in 312 msecs (HTTP/1.1 204) 3 headers in 131 bytes (1 switches on core 0) [pid: 7|app: 0|req: 764/1666] 10.0.0.122 () {32 vars in 647 bytes} [Thu Apr 2 10:18:49 2026] GET /v2.0/subnets => generated 649 bytes in 27 msecs (HTTP/1.1 200) 4 headers in 157 bytes (1 switches on core 0)
2026-04-02 10:18:49.676 7 INFO neutron_taas.services.taas.taas_plugin [None req-8c065963-c556-405e-94ee-276ab524061e c98de28db4be419cbc8e0e09c96aae35 658676ed51dc423eaf3581df062e3ac0 - - default default] TaaS: Handle Delete Port: c3c2a7cc-32bd-4463-a41f-b2eb02404f14
2026-04-02 10:18:49.695 7 INFO neutron_taas.services.taas.tap_mirror_plugin [None req-8c065963-c556-405e-94ee-276ab524061e c98de28db4be419cbc8e0e09c96aae35 658676ed51dc423eaf3581df062e3ac0 - - default default] Tap Mirror: Handle Delete Port: c3c2a7cc-32bd-4463-a41f-b2eb02404f14
2026-04-02 10:18:49.798 8 WARNING neutron.scheduler.dhcp_agent_scheduler [None req-c3da24d8-d32e-4ec6-9152-fb9c71feed5d e6bf02862892440bb129847b4f5b38d2 805b4c012f6f426aa337446710b5dcdc - - default default] No more DHCP agents
2026-04-02 10:18:49.799 8 WARNING neutron.api.rpc.agentnotifiers.dhcp_rpc_agent_api [None req-c3da24d8-d32e-4ec6-9152-fb9c71feed5d e6bf02862892440bb129847b4f5b38d2 805b4c012f6f426aa337446710b5dcdc - - default default] Unable to schedule network a3d7f20e-8362-4e73-bfac-55bfc21e7a02: no agents available; will retry on subsequent port and subnet creation events.
2026-04-02 10:18:49.878 8 INFO neutron.db.ovn_revision_numbers_db [None req-c3da24d8-d32e-4ec6-9152-fb9c71feed5d e6bf02862892440bb129847b4f5b38d2 805b4c012f6f426aa337446710b5dcdc - - default default] Successfully bumped revision number for resource 14b68bb1-3e01-4309-8e1b-64885159505c (type: subnets) to 0 [pid: 8|app: 0|req: 903/1667] 10.0.0.122 () {34 vars in 669 bytes} [Thu Apr 2 10:18:49 2026] POST /v2.0/subnets => generated 646 bytes in 528 msecs (HTTP/1.1 201) 4 headers in 162 bytes (1 switches on core 0)
2026-04-02 10:18:50.022 7 INFO neutron.services.segments.plugin [-] Segment 7aa35996-b7d5-422c-a599-a1cdcfcab3f9 resource provider aggregate not found
2026-04-02 10:18:50.027 7 INFO neutron.services.segments.plugin [-] Segment 7aa35996-b7d5-422c-a599-a1cdcfcab3f9 resource provider aggregate not found
2026-04-02 10:18:50.040 7 INFO neutron.services.segments.plugin [-] Segment 7aa35996-b7d5-422c-a599-a1cdcfcab3f9 resource provider not found; error: Placement Client Error (4xx): {"errors": [{"status": 404, "title": "Not Found", "detail": "The resource could not be found.\n\n No resource provider with uuid 7aa35996-b7d5-422c-a599-a1cdcfcab3f9 found for delete ", "request_id": "req-c262a30c-5b84-4540-bb9f-420d7f59a265"}]}
2026-04-02 10:18:50.041 7 INFO neutron.services.segments.plugin [-] Segment 7aa35996-b7d5-422c-a599-a1cdcfcab3f9 resource provider not found; error: Placement Client Error (4xx): {"errors": [{"status": 404, "title": "Not Found", "detail": "The resource could not be found.\n\n No resource provider with uuid 7aa35996-b7d5-422c-a599-a1cdcfcab3f9 found for delete ", "request_id": "req-d96e3738-e146-4967-8515-0c055337be47"}]} [pid: 7|app: 0|req: 765/1670] 10.0.0.122 () {32 vars in 726 bytes} [Thu Apr 2 10:18:49 2026] DELETE /v2.0/networks/273b28fe-d1d7-49ad-af9b-691eee1ba133 => generated 0 bytes in 512 msecs (HTTP/1.1 204) 3 headers in 131 bytes (1 switches on core 0)
2026-04-02 10:18:50.216 7 INFO neutron_taas.services.taas.taas_plugin [None req-f558759c-0663-47a5-8a50-633bbcb45997 c98de28db4be419cbc8e0e09c96aae35 658676ed51dc423eaf3581df062e3ac0 - - default default] TaaS: Handle Delete Port: 59c4cf4a-887c-4942-873c-cfe127353453
2026-04-02 10:18:50.219 7 INFO neutron_taas.services.taas.tap_mirror_plugin [None req-f558759c-0663-47a5-8a50-633bbcb45997 c98de28db4be419cbc8e0e09c96aae35 658676ed51dc423eaf3581df062e3ac0 - - default default] Tap Mirror: Handle Delete Port: 59c4cf4a-887c-4942-873c-cfe127353453
2026-04-02 10:18:50.263 8 WARNING neutron.scheduler.dhcp_agent_scheduler [None req-7b7c8b44-f320-4e96-89b4-49519d02a716 e6bf02862892440bb129847b4f5b38d2 805b4c012f6f426aa337446710b5dcdc - - default default] No more DHCP agents
2026-04-02 10:18:50.265 8 WARNING neutron.api.rpc.agentnotifiers.dhcp_rpc_agent_api [None req-7b7c8b44-f320-4e96-89b4-49519d02a716 e6bf02862892440bb129847b4f5b38d2 805b4c012f6f426aa337446710b5dcdc - - default default] Unable to schedule network a3d7f20e-8362-4e73-bfac-55bfc21e7a02: no agents available; will retry on subsequent port and subnet creation events.
2026-04-02 10:18:50.352 8 INFO neutron.plugins.ml2.drivers.ovn.mech_driver.mech_driver [None req-30a3ff2b-0f7d-4c8b-a3f0-be31d826bca3 - - - - - -] OVN reports status down for port: 018bcf82-6377-4b1d-876a-1d88a4bf7e6f
2026-04-02 10:18:50.473 8 INFO neutron.db.ovn_revision_numbers_db [None req-7b7c8b44-f320-4e96-89b4-49519d02a716 e6bf02862892440bb129847b4f5b38d2 805b4c012f6f426aa337446710b5dcdc - - default default] Successfully bumped revision number for resource 018bcf82-6377-4b1d-876a-1d88a4bf7e6f (type: ports) to 1 [pid: 8|app: 0|req: 906/1671] 10.0.0.122 () {34 vars in 665 bytes} [Thu Apr 2 10:18:49 2026] POST /v2.0/ports => generated 924 bytes in 617 msecs (HTTP/1.1 201) 4 headers in 162 bytes (1 switches on core 0) [pid: 7|app: 0|req: 766/1672] 10.0.0.122 () {32 vars in 726 bytes} [Thu Apr 2 10:18:50 2026] DELETE /v2.0/networks/b60f50ed-46b0-462c-92f9-942f96a033c8 => generated 0 bytes in 535 msecs (HTTP/1.1 204) 3 headers in 131 bytes (1 switches on core 0)
2026-04-02 10:18:50.704 8 INFO neutron_taas.services.taas.taas_plugin [None req-dd2ab741-e40f-4d1a-8a8b-f18234ef9a92 e6bf02862892440bb129847b4f5b38d2 805b4c012f6f426aa337446710b5dcdc - - default default] TaaS: Handle Delete Port: 018bcf82-6377-4b1d-876a-1d88a4bf7e6f
2026-04-02 10:18:50.707 8 INFO neutron_taas.services.taas.tap_mirror_plugin [None req-dd2ab741-e40f-4d1a-8a8b-f18234ef9a92 e6bf02862892440bb129847b4f5b38d2 805b4c012f6f426aa337446710b5dcdc - - default default] Tap Mirror: Handle Delete Port: 018bcf82-6377-4b1d-876a-1d88a4bf7e6f
2026-04-02 10:18:50.741 7 INFO neutron_taas.services.taas.taas_plugin [None req-e4f0a206-7a8b-4b64-b0aa-8cc83bf10a04 c98de28db4be419cbc8e0e09c96aae35 658676ed51dc423eaf3581df062e3ac0 - - default default] TaaS: Handle Delete Port: 587ede39-c431-41bc-9611-93b122c86783
2026-04-02 10:18:50.744 7 INFO neutron_taas.services.taas.tap_mirror_plugin [None req-e4f0a206-7a8b-4b64-b0aa-8cc83bf10a04 c98de28db4be419cbc8e0e09c96aae35 658676ed51dc423eaf3581df062e3ac0 - - default default] Tap Mirror: Handle Delete Port: 587ede39-c431-41bc-9611-93b122c86783 [pid: 8|app: 0|req: 907/1673] 10.0.0.122 () {32 vars in 720 bytes} [Thu Apr 2 10:18:50 2026] DELETE /v2.0/ports/018bcf82-6377-4b1d-876a-1d88a4bf7e6f => generated 0 bytes in 477 msecs (HTTP/1.1 204) 3 headers in 131 bytes (1 switches on core 0) [pid: 7|app: 0|req: 767/1674] 10.0.0.122 () {32 vars in 726 bytes} [Thu Apr 2 10:18:50 2026] DELETE /v2.0/networks/2f1d74ba-76a1-4b22-96ea-24f677f20290 => generated 0 bytes in 631 msecs (HTTP/1.1 204) 3 headers in 131 bytes (1 switches on core 0)
2026-04-02 10:18:51.274 7 INFO neutron.pecan_wsgi.hooks.translation [None req-2fff2c0f-9f9e-4623-b4c0-fae4b35c8a15 e6bf02862892440bb129847b4f5b38d2 805b4c012f6f426aa337446710b5dcdc - - default default] GET failed (client error): The resource could not be found. [pid: 7|app: 0|req: 768/1675] 10.0.0.122 () {32 vars in 717 bytes} [Thu Apr 2 10:18:51 2026] GET /v2.0/ports/018bcf82-6377-4b1d-876a-1d88a4bf7e6f => generated 132 bytes in 21 msecs (HTTP/1.1 404) 4 headers in 164 bytes (1 switches on core 0)
2026-04-02 10:18:51.425 7 INFO neutron_taas.services.taas.taas_plugin [None req-1e39733b-a1d8-4164-b1c3-ed1dbb7e38af c98de28db4be419cbc8e0e09c96aae35 658676ed51dc423eaf3581df062e3ac0 - - default default] TaaS: Handle Delete Port: b39c59bd-2d8a-427a-af88-307da66f0605
2026-04-02 10:18:51.428 7 INFO neutron_taas.services.taas.tap_mirror_plugin [None req-1e39733b-a1d8-4164-b1c3-ed1dbb7e38af c98de28db4be419cbc8e0e09c96aae35 658676ed51dc423eaf3581df062e3ac0 - - default default] Tap Mirror: Handle Delete Port: b39c59bd-2d8a-427a-af88-307da66f0605
2026-04-02 10:18:51.432 8 INFO neutron.db.ovn_revision_numbers_db [None req-e9ea4ccd-4848-4f30-b99c-7b07697243d1 a3d4c942c5784400924536d71f107c3e 68db1ef5a729434b8581129c3ff4abdc - - default default] Successfully bumped revision number for resource 6417f804-d7f5-499f-8eb9-931bdb2bbd16 (type: security_groups) to 1
2026-04-02 10:18:51.521 8 INFO neutron.db.ovn_revision_numbers_db [None req-e9ea4ccd-4848-4f30-b99c-7b07697243d1 a3d4c942c5784400924536d71f107c3e 68db1ef5a729434b8581129c3ff4abdc - - default default] Successfully bumped revision number for resource 56ed30dd-9f29-4651-a920-e4b6136151c4 (type: security_group_rules) to 0
2026-04-02 10:18:51.600 8 INFO neutron.db.ovn_revision_numbers_db [None req-e9ea4ccd-4848-4f30-b99c-7b07697243d1 a3d4c942c5784400924536d71f107c3e 68db1ef5a729434b8581129c3ff4abdc - - default default] Successfully bumped revision number for resource 570d3aea-6043-4a5a-b79a-a7a89cb44b6e (type: security_group_rules) to 0
2026-04-02 10:18:51.687 8 INFO neutron.db.ovn_revision_numbers_db [None req-e9ea4ccd-4848-4f30-b99c-7b07697243d1 a3d4c942c5784400924536d71f107c3e 68db1ef5a729434b8581129c3ff4abdc - - default default] Successfully bumped revision number for resource 8319bf92-9f22-4bda-8730-e8e654a0571e (type: security_group_rules) to 0
2026-04-02 10:18:51.818 8 INFO neutron.db.ovn_revision_numbers_db [None req-e9ea4ccd-4848-4f30-b99c-7b07697243d1 a3d4c942c5784400924536d71f107c3e 68db1ef5a729434b8581129c3ff4abdc - - default default] Successfully bumped revision number for resource fedcc180-b281-40ab-83b1-1b44747e84ec (type: security_group_rules) to 0 [pid: 8|app: 0|req: 908/1676] 10.0.0.122 () {32 vars in 774 bytes} [Thu Apr 2 10:18:51 2026] GET /v2.0/security-groups?tenant_id=afaf6ab1bcbf436b8f2d1b9c29654a8e&name=default => generated 2925 bytes in 821 msecs (HTTP/1.1 200) 4 headers in 158 bytes (1 switches on core 0) [pid: 7|app: 0|req: 769/1677] 10.0.0.122 () {32 vars in 726 bytes} [Thu Apr 2 10:18:51 2026] DELETE /v2.0/networks/c7659429-baa7-4295-8903-828e9c1c5945 => generated 0 bytes in 751 msecs (HTTP/1.1 204) 3 headers in 131 bytes (1 switches on core 0)
2026-04-02 10:18:52.063 7 INFO neutron.services.segments.plugin [-] Segment b0bddbb7-bd2a-47e7-b00c-d74d0c05aafb resource provider aggregate not found
2026-04-02 10:18:52.068 7 INFO neutron.services.segments.plugin [-] Segment b0bddbb7-bd2a-47e7-b00c-d74d0c05aafb resource provider aggregate not found
2026-04-02 10:18:52.093 7 INFO neutron.services.segments.plugin [-] Segment b0bddbb7-bd2a-47e7-b00c-d74d0c05aafb resource provider not found; error: Placement Client Error (4xx): {"errors": [{"status": 404, "title": "Not Found", "detail": "The resource could not be found.\n\n No resource provider with uuid b0bddbb7-bd2a-47e7-b00c-d74d0c05aafb found for delete ", "request_id": "req-ec1bfab2-65df-41e1-8b8d-5874a9543001"}]}
2026-04-02 10:18:52.098 7 INFO neutron.services.segments.plugin [-] Segment b0bddbb7-bd2a-47e7-b00c-d74d0c05aafb resource provider not found; error: Placement Client Error (4xx): {"errors": [{"status": 404, "title": "Not Found", "detail": "The resource could not be found.\n\n No resource provider with uuid b0bddbb7-bd2a-47e7-b00c-d74d0c05aafb found for delete ", "request_id": "req-e9edaa57-1840-47b6-94a3-0a1dfb6f3212"}]}
2026-04-02 10:18:52.115 7 INFO neutron.services.segments.plugin [-] Segment cd49b62a-2de9-4190-8c82-d11b985ad597 resource provider aggregate not found
2026-04-02 10:18:52.121 7 INFO neutron.services.segments.plugin [-] Segment cd49b62a-2de9-4190-8c82-d11b985ad597 resource provider aggregate not found
2026-04-02 10:18:52.139 7 INFO neutron.services.segments.plugin [-] Segment cd49b62a-2de9-4190-8c82-d11b985ad597 resource provider not found; error: Placement Client Error (4xx): {"errors": [{"status": 404, "title": "Not Found", "detail": "The resource could not be found.\n\n No resource provider with uuid cd49b62a-2de9-4190-8c82-d11b985ad597 found for delete ", "request_id": "req-989b0263-b453-4059-ae1c-7d14965abc9e"}]}
2026-04-02 10:18:52.144 7 INFO neutron.services.segments.plugin [-] Segment cd49b62a-2de9-4190-8c82-d11b985ad597 resource provider not found; error: Placement Client Error (4xx): {"errors": [{"status": 404, "title": "Not Found", "detail": "The resource could not be found.\n\n No resource provider with uuid cd49b62a-2de9-4190-8c82-d11b985ad597 found for delete ", "request_id": "req-d763371a-31a9-49ba-8009-ba279a1ae8eb"}]}
2026-04-02 10:18:52.164 7 INFO neutron.services.segments.plugin [-] Segment 93debd75-26f5-4608-acb9-51aaab24f18b resource provider aggregate not found
2026-04-02 10:18:52.169 7 INFO neutron.services.segments.plugin [-] Segment 93debd75-26f5-4608-acb9-51aaab24f18b resource provider aggregate not found [pid: 8|app: 0|req: 909/1678] 10.0.0.122 () {32 vars in 724 bytes} [Thu Apr 2 10:18:51 2026] DELETE /v2.0/subnets/14b68bb1-3e01-4309-8e1b-64885159505c => generated 0 bytes in 312 msecs (HTTP/1.1 204) 3 headers in 131 bytes (1 switches on core 0)
2026-04-02 10:18:52.192 7 INFO neutron.services.segments.plugin [-] Segment 93debd75-26f5-4608-acb9-51aaab24f18b resource provider not found; error: Placement Client Error (4xx): {"errors": [{"status": 404, "title": "Not Found", "detail": "The resource could not be found.\n\n No resource provider with uuid 93debd75-26f5-4608-acb9-51aaab24f18b found for delete ", "request_id": "req-5c9297c4-5b2f-45ae-86f3-826d48fe78fc"}]}
2026-04-02 10:18:52.192 7 INFO neutron.services.segments.plugin [-] Segment 93debd75-26f5-4608-acb9-51aaab24f18b resource provider not found; error: Placement Client Error (4xx): {"errors": [{"status": 404, "title": "Not Found", "detail": "The resource could not be found.\n\n No resource provider with uuid 93debd75-26f5-4608-acb9-51aaab24f18b found for delete ", "request_id": "req-875bbe82-0f66-4a67-b3ac-0ad3589ae076"}]}
2026-04-02 10:18:52.677 7 INFO neutron.db.ovn_revision_numbers_db [None req-88eb3999-663a-4582-9441-3667b51b1382 d4dd4c37d6ef4f79893f4341a4497af0 8f4a93b24a4b484d9382d3cebfb6bd36 - - default default] Successfully bumped revision number for resource a823a03c-1471-4189-a6b0-98d836232441 (type: security_groups) to 1
2026-04-02 10:18:52.725 7 INFO neutron.db.ovn_revision_numbers_db [None req-88eb3999-663a-4582-9441-3667b51b1382 d4dd4c37d6ef4f79893f4341a4497af0 8f4a93b24a4b484d9382d3cebfb6bd36 - - default default] Successfully bumped revision number for resource 4aff1a35-d12b-43c5-ad8e-f673881dbe6b (type: security_group_rules) to 0
2026-04-02 10:18:52.793 7 INFO neutron.db.ovn_revision_numbers_db [None req-88eb3999-663a-4582-9441-3667b51b1382 d4dd4c37d6ef4f79893f4341a4497af0 8f4a93b24a4b484d9382d3cebfb6bd36 - - default default] Successfully bumped revision number for resource 5c453f01-c463-44be-902c-c5775845ae41 (type: security_group_rules) to 0
2026-04-02 10:18:52.858 7 INFO neutron.db.ovn_revision_numbers_db [None req-88eb3999-663a-4582-9441-3667b51b1382 d4dd4c37d6ef4f79893f4341a4497af0 8f4a93b24a4b484d9382d3cebfb6bd36 - - default default] Successfully bumped revision number for resource ae8b08cc-73f1-4869-be17-ba3e389be318 (type: security_group_rules) to 0
2026-04-02 10:18:52.949 7 INFO neutron.db.ovn_revision_numbers_db [None req-88eb3999-663a-4582-9441-3667b51b1382 d4dd4c37d6ef4f79893f4341a4497af0 8f4a93b24a4b484d9382d3cebfb6bd36 - - default default] Successfully bumped revision number for resource c3b32658-9f2c-433c-a793-021ce195063c (type: security_group_rules) to 0
2026-04-02 10:18:53.037 7 INFO neutron.db.segments_db [None req-88eb3999-663a-4582-9441-3667b51b1382 d4dd4c37d6ef4f79893f4341a4497af0 8f4a93b24a4b484d9382d3cebfb6bd36 - - default default] Added segment 321ae01d-c6e1-4eb8-b86e-0952fb9d6e3a of type geneve for network 30aba265-55c4-4186-a909-d426b9011777
2026-04-02 10:18:53.597 7 INFO neutron.db.ovn_revision_numbers_db [None req-88eb3999-663a-4582-9441-3667b51b1382 d4dd4c37d6ef4f79893f4341a4497af0 8f4a93b24a4b484d9382d3cebfb6bd36 - - default default] Successfully bumped revision number for resource 30aba265-55c4-4186-a909-d426b9011777 (type: networks) to 1
2026-04-02 10:18:53.918 7 WARNING neutron.scheduler.dhcp_agent_scheduler [None req-88eb3999-663a-4582-9441-3667b51b1382 d4dd4c37d6ef4f79893f4341a4497af0 8f4a93b24a4b484d9382d3cebfb6bd36 - - default default] No more DHCP agents
2026-04-02 10:18:53.920 7 WARNING neutron.api.rpc.agentnotifiers.dhcp_rpc_agent_api [None req-88eb3999-663a-4582-9441-3667b51b1382 d4dd4c37d6ef4f79893f4341a4497af0 8f4a93b24a4b484d9382d3cebfb6bd36 - - default default] Unable to schedule network 30aba265-55c4-4186-a909-d426b9011777: no agents available; will retry on subsequent port and subnet creation events. [pid: 8|app: 0|req: 910/1679] 10.0.0.122 () {32 vars in 740 bytes} [Thu Apr 2 10:18:52 2026] DELETE /v2.0/security-groups/6417f804-d7f5-499f-8eb9-931bdb2bbd16 => generated 0 bytes in 1789 msecs (HTTP/1.1 204) 2 headers in 112 bytes (1 switches on core 0)
2026-04-02 10:18:53.991 8 INFO neutron.plugins.ml2.drivers.ovn.mech_driver.mech_driver [None req-30a3ff2b-0f7d-4c8b-a3f0-be31d826bca3 - - - - - -] OVN reports status down for port: c1ec9b27-7e68-4f33-9245-36fbe664026c
2026-04-02 10:18:54.064 7 INFO neutron.db.ovn_revision_numbers_db [None req-88eb3999-663a-4582-9441-3667b51b1382 d4dd4c37d6ef4f79893f4341a4497af0 8f4a93b24a4b484d9382d3cebfb6bd36 - - default default] Successfully bumped revision number for resource c1ec9b27-7e68-4f33-9245-36fbe664026c (type: ports) to 1 [pid: 7|app: 0|req: 770/1680] 10.0.0.122 () {34 vars in 670 bytes} [Thu Apr 2 10:18:52 2026] POST /v2.0/networks => generated 651 bytes in 2087 msecs (HTTP/1.1 201) 4 headers in 162 bytes (1 switches on core 0)
2026-04-02 10:18:54.162 8 INFO neutron_taas.services.taas.taas_plugin [None req-f232b48a-4153-4b50-b44d-ae6859c10926 e6bf02862892440bb129847b4f5b38d2 805b4c012f6f426aa337446710b5dcdc - - default default] TaaS: Handle Delete Port: a6397420-acaa-4008-80b9-74461a843a35
2026-04-02 10:18:54.167 8 INFO neutron_taas.services.taas.tap_mirror_plugin [None req-f232b48a-4153-4b50-b44d-ae6859c10926 e6bf02862892440bb129847b4f5b38d2 805b4c012f6f426aa337446710b5dcdc - - default default] Tap Mirror: Handle Delete Port: a6397420-acaa-4008-80b9-74461a843a35 [pid: 7|app: 0|req: 771/1681] 10.0.0.122 () {32 vars in 774 bytes} [Thu Apr 2 10:18:54 2026] GET /v2.0/security-groups?tenant_id=658676ed51dc423eaf3581df062e3ac0&name=default => generated 2925 bytes in 193 msecs (HTTP/1.1 200) 4 headers in 158 bytes (1 switches on core 0)
2026-04-02 10:18:54.585 8 INFO neutron.services.segments.plugin [-] Segment 18f0eb17-bfd6-402b-828d-d767fddeeff4 resource provider aggregate not found
2026-04-02 10:18:54.592 8 INFO neutron.services.segments.plugin [-] Segment 18f0eb17-bfd6-402b-828d-d767fddeeff4 resource provider aggregate not found
2026-04-02 10:18:54.606 8 INFO neutron.services.segments.plugin [-] Segment 18f0eb17-bfd6-402b-828d-d767fddeeff4 resource provider not found; error: Placement Client Error (4xx): {"errors": [{"status": 404, "title": "Not Found", "detail": "The resource could not be found.\n\n No resource provider with uuid 18f0eb17-bfd6-402b-828d-d767fddeeff4 found for delete ", "request_id": "req-0952d64f-b854-4a03-b401-06748a0b12d0"}]}
2026-04-02 10:18:54.607 8 INFO neutron.services.segments.plugin [-] Segment 18f0eb17-bfd6-402b-828d-d767fddeeff4 resource provider not found; error: Placement Client Error (4xx): {"errors": [{"status": 404, "title": "Not Found", "detail": "The resource could not be found.\n\n No resource provider with uuid 18f0eb17-bfd6-402b-828d-d767fddeeff4 found for delete ", "request_id": "req-953d3be1-8c42-437b-931b-0d11f090ccbe"}]}
2026-04-02 10:18:54.715 7 WARNING neutron.scheduler.dhcp_agent_scheduler [None req-32606b21-0177-4938-acb2-5c89c994d569 d4dd4c37d6ef4f79893f4341a4497af0 8f4a93b24a4b484d9382d3cebfb6bd36 - - default default] No more DHCP agents
2026-04-02 10:18:54.717 7 WARNING neutron.api.rpc.agentnotifiers.dhcp_rpc_agent_api [None req-32606b21-0177-4938-acb2-5c89c994d569 d4dd4c37d6ef4f79893f4341a4497af0 8f4a93b24a4b484d9382d3cebfb6bd36 - - default default] Unable to schedule network 30aba265-55c4-4186-a909-d426b9011777: no agents available; will retry on subsequent port and subnet creation events. [pid: 8|app: 0|req: 911/1682] 10.0.0.122 () {32 vars in 726 bytes} [Thu Apr 2 10:18:53 2026] DELETE /v2.0/networks/a3d7f20e-8362-4e73-bfac-55bfc21e7a02 => generated 0 bytes in 916 msecs (HTTP/1.1 204) 3 headers in 131 bytes (1 switches on core 0) [pid: 8|app: 0|req: 912/1683] 10.0.0.122 () {32 vars in 740 bytes} [Thu Apr 2 10:18:54 2026] DELETE /v2.0/security-groups/20616588-a298-4a52-9a84-d362ebb8a9b5 => generated 0 bytes in 684 msecs (HTTP/1.1 204) 2 headers in 112 bytes (1 switches on core 0)
