2026-06-30 19:11:34.938 7 INFO placement.requestlog [req-b54cfa54-83d7-41a7-8b19-62c7d171f5de req-d73e3a14-d287-4605-9614-ff0b803ff733 d510099473ec4bfaac46ad34832b96fa 9e87a226553f4b4a821d76fca7e776bc - - bbc4d2f7230e43ac89655b01cd30e2b7 bbc4d2f7230e43ac89655b01cd30e2b7] 199.19.213.147 "GET /resource_providers?in_tree=a2c5a7f8-dea5-4b6e-b84c-2a59e3a22fec" status: 200 len: 797 microversion: 1.14 [pid: 7|app: 0|req: 289/581] 199.19.213.147 () {34 vars in 892 bytes} [Tue Jun 30 19:11:34 2026] GET /resource_providers?in_tree=a2c5a7f8-dea5-4b6e-b84c-2a59e3a22fec => generated 797 bytes in 18 msecs (HTTP/1.1 200) 6 headers in 225 bytes (1 switches on core 0)
2026-06-30 19:11:34.958 8 INFO placement.requestlog [req-b54cfa54-83d7-41a7-8b19-62c7d171f5de req-ed3879a9-c764-437f-823c-5263dc95cd60 d510099473ec4bfaac46ad34832b96fa 9e87a226553f4b4a821d76fca7e776bc - - bbc4d2f7230e43ac89655b01cd30e2b7 bbc4d2f7230e43ac89655b01cd30e2b7] 199.19.213.147 "GET /resource_providers/a2c5a7f8-dea5-4b6e-b84c-2a59e3a22fec/inventories" status: 200 len: 400 microversion: 1.0 [pid: 8|app: 0|req: 293/582] 199.19.213.147 () {32 vars in 857 bytes} [Tue Jun 30 19:11:34 2026] GET /resource_providers/a2c5a7f8-dea5-4b6e-b84c-2a59e3a22fec/inventories => generated 400 bytes in 14 msecs (HTTP/1.1 200) 6 headers in 224 bytes (1 switches on core 0)
2026-06-30 19:11:34.981 7 INFO placement.requestlog [req-b54cfa54-83d7-41a7-8b19-62c7d171f5de req-4e2e877d-117e-416c-bb4d-05f0faf583ae d510099473ec4bfaac46ad34832b96fa 9e87a226553f4b4a821d76fca7e776bc - - bbc4d2f7230e43ac89655b01cd30e2b7 bbc4d2f7230e43ac89655b01cd30e2b7] 199.19.213.147 "GET /resource_providers/a2c5a7f8-dea5-4b6e-b84c-2a59e3a22fec/aggregates" status: 200 len: 53 microversion: 1.19 [pid: 7|app: 0|req: 290/583] 199.19.213.147 () {34 vars in 899 bytes} [Tue Jun 30 19:11:34 2026] GET /resource_providers/a2c5a7f8-dea5-4b6e-b84c-2a59e3a22fec/aggregates => generated 53 bytes in 12 msecs (HTTP/1.1 200) 8 headers in 295 bytes (1 switches on core 0)
2026-06-30 19:11:35.016 8 INFO placement.requestlog [req-b54cfa54-83d7-41a7-8b19-62c7d171f5de req-289140a8-2409-44c9-9ba9-1fc94c397ba7 d510099473ec4bfaac46ad34832b96fa 9e87a226553f4b4a821d76fca7e776bc - - bbc4d2f7230e43ac89655b01cd30e2b7 bbc4d2f7230e43ac89655b01cd30e2b7] 199.19.213.147 "GET /resource_providers/a2c5a7f8-dea5-4b6e-b84c-2a59e3a22fec/traits" status: 200 len: 1682 microversion: 1.6 [pid: 8|app: 0|req: 294/584] 199.19.213.147 () {34 vars in 890 bytes} [Tue Jun 30 19:11:34 2026] GET /resource_providers/a2c5a7f8-dea5-4b6e-b84c-2a59e3a22fec/traits => generated 1682 bytes in 21 msecs (HTTP/1.1 200) 6 headers in 225 bytes (1 switches on core 0)
2026-06-30 19:11:35.039 7 INFO placement.requestlog [req-b54cfa54-83d7-41a7-8b19-62c7d171f5de req-024b59c8-cdf0-40d5-b676-51be040a719e d510099473ec4bfaac46ad34832b96fa 9e87a226553f4b4a821d76fca7e776bc - - bbc4d2f7230e43ac89655b01cd30e2b7 bbc4d2f7230e43ac89655b01cd30e2b7] 199.19.213.147 "GET /resource_providers/a2c5a7f8-dea5-4b6e-b84c-2a59e3a22fec/allocations" status: 200 len: 54 microversion: 1.0 [pid: 7|app: 0|req: 291/585] 199.19.213.147 () {32 vars in 857 bytes} [Tue Jun 30 19:11:35 2026] GET /resource_providers/a2c5a7f8-dea5-4b6e-b84c-2a59e3a22fec/allocations => generated 54 bytes in 14 msecs (HTTP/1.1 200) 6 headers in 223 bytes (1 switches on core 0)
2026-06-30 19:11:43.026 7 INFO placement.requestlog [None req-8a89d59f-6c52-44b5-8b4d-935236013866 - - - - - -] 10.0.0.140 "GET /" status: 200 len: 136 microversion: 1.0
2026-06-30 19:11:43.027 8 INFO placement.requestlog [None req-01c92c3d-d3d7-4812-bf6d-6dc6c5d103fd - - - - - -] 10.0.0.140 "GET /" status: 200 len: 136 microversion: 1.0
2026-06-30 19:11:53.026 8 INFO placement.requestlog [None req-6e64ffd1-8d06-4665-a52d-fb42b12b52bc - - - - - -] 10.0.0.140 "GET /" status: 200 len: 136 microversion: 1.0
2026-06-30 19:11:53.026 7 INFO placement.requestlog [None req-dc850dfb-bf52-4368-8d25-4bb7a1b3015e - - - - - -] 10.0.0.140 "GET /" status: 200 len: 136 microversion: 1.0
2026-06-30 19:12:03.026 8 INFO placement.requestlog [None req-b7d33413-b2b6-4e45-bb0e-45b0a15c56cf - - - - - -] 10.0.0.140 "GET /" status: 200 len: 136 microversion: 1.0
2026-06-30 19:12:03.026 7 INFO placement.requestlog [None req-bb63d3fb-5123-4b8a-a3ba-12fe2eae8d7b - - - - - -] 10.0.0.140 "GET /" status: 200 len: 136 microversion: 1.0
2026-06-30 19:12:13.027 7 INFO placement.requestlog [None req-a02d0976-29af-44bb-9c14-0f8f79a60dd8 - - - - - -] 10.0.0.140 "GET /" status: 200 len: 136 microversion: 1.0
2026-06-30 19:12:13.027 8 INFO placement.requestlog [None req-91d1d76b-3246-4c5d-be01-9678166336cc - - - - - -] 10.0.0.140 "GET /" status: 200 len: 136 microversion: 1.0
2026-06-30 19:12:23.028 8 INFO placement.requestlog [None req-196a3271-bcca-4877-acba-e0bb3bbd5902 - - - - - -] 10.0.0.140 "GET /" status: 200 len: 136 microversion: 1.0
2026-06-30 19:12:23.028 7 INFO placement.requestlog [None req-07e9212f-629d-43f8-88ef-50f686b45749 - - - - - -] 10.0.0.140 "GET /" status: 200 len: 136 microversion: 1.0
2026-06-30 19:12:33.026 7 INFO placement.requestlog [None req-beee7720-ddc0-4f65-b4e5-5eabad6098a1 - - - - - -] 10.0.0.140 "GET /" status: 200 len: 136 microversion: 1.0
2026-06-30 19:12:33.028 8 INFO placement.requestlog [None req-85a73d9b-93c7-407b-9433-c9a96ba6144a - - - - - -] 10.0.0.140 "GET /" status: 200 len: 136 microversion: 1.0
2026-06-30 19:12:35.834 7 INFO placement.requestlog [req-2ee47772-13a2-4c27-86bb-207a0e9ba025 req-8b66e252-41bd-476f-bbbb-85bb08e8ac3b d510099473ec4bfaac46ad34832b96fa 9e87a226553f4b4a821d76fca7e776bc - - bbc4d2f7230e43ac89655b01cd30e2b7 bbc4d2f7230e43ac89655b01cd30e2b7] 199.19.213.147 "GET /resource_providers/a2c5a7f8-dea5-4b6e-b84c-2a59e3a22fec/allocations" status: 200 len: 54 microversion: 1.0 [pid: 7|app: 0|req: 298/598] 199.19.213.147 () {32 vars in 857 bytes} [Tue Jun 30 19:12:35 2026] GET /resource_providers/a2c5a7f8-dea5-4b6e-b84c-2a59e3a22fec/allocations => generated 54 bytes in 17 msecs (HTTP/1.1 200) 6 headers in 223 bytes (1 switches on core 0)
2026-06-30 19:12:35.863 8 INFO placement.requestlog [req-2ee47772-13a2-4c27-86bb-207a0e9ba025 req-2f98b326-620b-420e-b863-13b3e8b7fd8c d510099473ec4bfaac46ad34832b96fa 9e87a226553f4b4a821d76fca7e776bc - - bbc4d2f7230e43ac89655b01cd30e2b7 bbc4d2f7230e43ac89655b01cd30e2b7] 199.19.213.147 "GET /resource_providers/a2c5a7f8-dea5-4b6e-b84c-2a59e3a22fec/allocations" status: 200 len: 54 microversion: 1.0 [pid: 8|app: 0|req: 301/599] 199.19.213.147 () {32 vars in 857 bytes} [Tue Jun 30 19:12:35 2026] GET /resource_providers/a2c5a7f8-dea5-4b6e-b84c-2a59e3a22fec/allocations => generated 54 bytes in 17 msecs (HTTP/1.1 200) 6 headers in 223 bytes (1 switches on core 0)
2026-06-30 19:12:43.027 8 INFO placement.requestlog [None req-c90c526f-aa9f-44c2-85b9-3fe3da74d1ae - - - - - -] 10.0.0.140 "GET /" status: 200 len: 136 microversion: 1.0
2026-06-30 19:12:43.027 7 INFO placement.requestlog [None req-30e2b54e-cc84-4cbd-944d-527a7ddb6333 - - - - - -] 10.0.0.140 "GET /" status: 200 len: 136 microversion: 1.0
2026-06-30 19:12:53.026 7 INFO placement.requestlog [None req-817f9039-124e-475f-8194-bd8d1800fbd1 - - - - - -] 10.0.0.140 "GET /" status: 200 len: 136 microversion: 1.0
2026-06-30 19:12:53.026 8 INFO placement.requestlog [None req-b578d375-e6e9-44c0-9b8a-b6e9d7f73cd9 - - - - - -] 10.0.0.140 "GET /" status: 200 len: 136 microversion: 1.0
2026-06-30 19:13:03.027 8 INFO placement.requestlog [None req-b38e88f8-411b-43ba-82c4-6f57de6ebab5 - - - - - -] 10.0.0.140 "GET /" status: 200 len: 136 microversion: 1.0
2026-06-30 19:13:03.027 7 INFO placement.requestlog [None req-d78e92c5-c10c-4c83-abb6-1e5a55191915 - - - - - -] 10.0.0.140 "GET /" status: 200 len: 136 microversion: 1.0
2026-06-30 19:13:13.026 7 INFO placement.requestlog [None req-0f19b99a-7d70-4bc1-b33a-832450afa7c4 - - - - - -] 10.0.0.140 "GET /" status: 200 len: 136 microversion: 1.0
2026-06-30 19:13:13.026 8 INFO placement.requestlog [None req-8d4a0849-8075-49a1-9d60-ec10ccb3679b - - - - - -] 10.0.0.140 "GET /" status: 200 len: 136 microversion: 1.0
2026-06-30 19:13:23.027 7 INFO placement.requestlog [None req-f1b1c041-a425-4911-8b9d-50ad8a695c29 - - - - - -] 10.0.0.140 "GET /" status: 200 len: 136 microversion: 1.0
2026-06-30 19:13:23.029 8 INFO placement.requestlog [None req-89bc44e5-0ba7-4f58-8743-018346e6f9f4 - - - - - -] 10.0.0.140 "GET /" status: 200 len: 136 microversion: 1.0
2026-06-30 19:13:33.026 7 INFO placement.requestlog [None req-04fe1016-ef00-4d6b-9185-05bdaaa198e6 - - - - - -] 10.0.0.140 "GET /" status: 200 len: 136 microversion: 1.0
2026-06-30 19:13:33.026 8 INFO placement.requestlog [None req-6f9c80b6-ac33-440d-8cb0-52696d608de2 - - - - - -] 10.0.0.140 "GET /" status: 200 len: 136 microversion: 1.0
2026-06-30 19:13:36.858 7 INFO placement.requestlog [req-98059f49-5020-4d6a-8423-ef82925eb373 req-4336216d-4141-4081-b674-f8f07bfbaab6 d510099473ec4bfaac46ad34832b96fa 9e87a226553f4b4a821d76fca7e776bc - - bbc4d2f7230e43ac89655b01cd30e2b7 bbc4d2f7230e43ac89655b01cd30e2b7] 199.19.213.147 "GET /resource_providers/a2c5a7f8-dea5-4b6e-b84c-2a59e3a22fec/allocations" status: 200 len: 54 microversion: 1.0 [pid: 7|app: 0|req: 305/612] 199.19.213.147 () {32 vars in 857 bytes} [Tue Jun 30 19:13:36 2026] GET /resource_providers/a2c5a7f8-dea5-4b6e-b84c-2a59e3a22fec/allocations => generated 54 bytes in 18 msecs (HTTP/1.1 200) 6 headers in 223 bytes (1 switches on core 0)
2026-06-30 19:13:36.884 8 INFO placement.requestlog [req-98059f49-5020-4d6a-8423-ef82925eb373 req-5f74dc85-6e30-46a5-87fe-da39892e7410 d510099473ec4bfaac46ad34832b96fa 9e87a226553f4b4a821d76fca7e776bc - - bbc4d2f7230e43ac89655b01cd30e2b7 bbc4d2f7230e43ac89655b01cd30e2b7] 199.19.213.147 "GET /resource_providers/a2c5a7f8-dea5-4b6e-b84c-2a59e3a22fec/allocations" status: 200 len: 54 microversion: 1.0 [pid: 8|app: 0|req: 308/613] 199.19.213.147 () {32 vars in 857 bytes} [Tue Jun 30 19:13:36 2026] GET /resource_providers/a2c5a7f8-dea5-4b6e-b84c-2a59e3a22fec/allocations => generated 54 bytes in 16 msecs (HTTP/1.1 200) 6 headers in 223 bytes (1 switches on core 0)
2026-06-30 19:13:43.026 8 INFO placement.requestlog [None req-9fb0ca6d-d028-4f09-bcb8-091cf800595d - - - - - -] 10.0.0.140 "GET /" status: 200 len: 136 microversion: 1.0
2026-06-30 19:13:43.026 7 INFO placement.requestlog [None req-a9082b48-4a10-4555-aaaf-9a5f0cdd1145 - - - - - -] 10.0.0.140 "GET /" status: 200 len: 136 microversion: 1.0
2026-06-30 19:13:53.029 8 INFO placement.requestlog [None req-5c008434-31de-49e0-99ed-2189e962546f - - - - - -] 10.0.0.140 "GET /" status: 200 len: 136 microversion: 1.0
2026-06-30 19:13:53.030 7 INFO placement.requestlog [None req-edbc47c2-5dd2-4855-a501-63ab167448d2 - - - - - -] 10.0.0.140 "GET /" status: 200 len: 136 microversion: 1.0
2026-06-30 19:14:03.026 7 INFO placement.requestlog [None req-e5ff7270-ec00-45d8-9c02-d7c6db608b99 - - - - - -] 10.0.0.140 "GET /" status: 200 len: 136 microversion: 1.0
2026-06-30 19:14:03.027 8 INFO placement.requestlog [None req-b5779bac-fcd4-4ead-bc99-e4f2bff5a228 - - - - - -] 10.0.0.140 "GET /" status: 200 len: 136 microversion: 1.0
2026-06-30 19:14:13.026 7 INFO placement.requestlog [None req-15aa0ad5-bf56-4159-b93f-bb7edfd9253a - - - - - -] 10.0.0.140 "GET /" status: 200 len: 136 microversion: 1.0
2026-06-30 19:14:13.026 8 INFO placement.requestlog [None req-17a55f93-70bd-49d5-bfe6-99c1333045a1 - - - - - -] 10.0.0.140 "GET /" status: 200 len: 136 microversion: 1.0
2026-06-30 19:14:23.026 7 INFO placement.requestlog [None req-a4ce8332-63bc-466b-b81f-54e014655d4f - - - - - -] 10.0.0.140 "GET /" status: 200 len: 136 microversion: 1.0
2026-06-30 19:14:23.027 8 INFO placement.requestlog [None req-253d97d5-b57f-4876-b144-252b1a481882 - - - - - -] 10.0.0.140 "GET /" status: 200 len: 136 microversion: 1.0
2026-06-30 19:14:33.026 7 INFO placement.requestlog [None req-bcf1ecfb-4afd-43e7-a063-85fec4b59ac9 - - - - - -] 10.0.0.140 "GET /" status: 200 len: 136 microversion: 1.0
2026-06-30 19:14:33.026 8 INFO placement.requestlog [None req-f23e1817-b323-4dd8-8dba-764bf898ed58 - - - - - -] 10.0.0.140 "GET /" status: 200 len: 136 microversion: 1.0
2026-06-30 19:14:36.806 7 INFO placement.requestlog [req-48b8e58e-9675-4b90-ae3e-40c3b1cb7b94 req-75bf142a-f363-4eea-a046-cc9f4b9ce301 d510099473ec4bfaac46ad34832b96fa 9e87a226553f4b4a821d76fca7e776bc - - bbc4d2f7230e43ac89655b01cd30e2b7 bbc4d2f7230e43ac89655b01cd30e2b7] 199.19.213.147 "GET /resource_providers/a2c5a7f8-dea5-4b6e-b84c-2a59e3a22fec/allocations" status: 200 len: 54 microversion: 1.0 [pid: 7|app: 0|req: 312/626] 199.19.213.147 () {32 vars in 857 bytes} [Tue Jun 30 19:14:36 2026] GET /resource_providers/a2c5a7f8-dea5-4b6e-b84c-2a59e3a22fec/allocations => generated 54 bytes in 16 msecs (HTTP/1.1 200) 6 headers in 223 bytes (1 switches on core 0)
2026-06-30 19:14:36.830 8 INFO placement.requestlog [req-48b8e58e-9675-4b90-ae3e-40c3b1cb7b94 req-11cd6efd-3fed-4028-b03b-ce809bf2aa5d d510099473ec4bfaac46ad34832b96fa 9e87a226553f4b4a821d76fca7e776bc - - bbc4d2f7230e43ac89655b01cd30e2b7 bbc4d2f7230e43ac89655b01cd30e2b7] 199.19.213.147 "GET /resource_providers/a2c5a7f8-dea5-4b6e-b84c-2a59e3a22fec/allocations" status: 200 len: 54 microversion: 1.0 [pid: 8|app: 0|req: 315/627] 199.19.213.147 () {32 vars in 857 bytes} [Tue Jun 30 19:14:36 2026] GET /resource_providers/a2c5a7f8-dea5-4b6e-b84c-2a59e3a22fec/allocations => generated 54 bytes in 14 msecs (HTTP/1.1 200) 6 headers in 223 bytes (1 switches on core 0)
2026-06-30 19:14:43.027 8 INFO placement.requestlog [None req-0f4c5cc3-774f-4486-a9a6-84c9fd549b1b - - - - - -] 10.0.0.140 "GET /" status: 200 len: 136 microversion: 1.0
2026-06-30 19:14:43.027 7 INFO placement.requestlog [None req-7734a008-e91c-4539-9355-4af4f1d89c30 - - - - - -] 10.0.0.140 "GET /" status: 200 len: 136 microversion: 1.0
2026-06-30 19:14:53.026 7 INFO placement.requestlog [None req-e5a53b6a-d832-4699-aefb-619a4958ce33 - - - - - -] 10.0.0.140 "GET /" status: 200 len: 136 microversion: 1.0
2026-06-30 19:14:53.027 8 INFO placement.requestlog [None req-f555c7ed-6439-4c95-ada8-ebd2862d352e - - - - - -] 10.0.0.140 "GET /" status: 200 len: 136 microversion: 1.0
2026-06-30 19:15:03.026 7 INFO placement.requestlog [None req-e70648e7-9629-47be-a35c-348aca79eb35 - - - - - -] 10.0.0.140 "GET /" status: 200 len: 136 microversion: 1.0
2026-06-30 19:15:03.026 8 INFO placement.requestlog [None req-3340c5e3-8cd7-444f-a15c-11f5bc23aa92 - - - - - -] 10.0.0.140 "GET /" status: 200 len: 136 microversion: 1.0
2026-06-30 19:15:13.026 8 INFO placement.requestlog [None req-082de9c5-4626-46b2-849a-e96b0c179879 - - - - - -] 10.0.0.140 "GET /" status: 200 len: 136 microversion: 1.0
2026-06-30 19:15:13.026 7 INFO placement.requestlog [None req-6412dcbd-e040-416c-a0f6-6aa77e06e8ee - - - - - -] 10.0.0.140 "GET /" status: 200 len: 136 microversion: 1.0
2026-06-30 19:15:23.026 8 INFO placement.requestlog [None req-80ec76c4-2d37-4b17-aae8-041897a2237a - - - - - -] 10.0.0.140 "GET /" status: 200 len: 136 microversion: 1.0
2026-06-30 19:15:23.027 7 INFO placement.requestlog [None req-55731602-00e8-40c6-9d2b-c3b15ecfe8ce - - - - - -] 10.0.0.140 "GET /" status: 200 len: 136 microversion: 1.0
2026-06-30 19:15:33.026 7 INFO placement.requestlog [None req-1606d5fa-cf6c-4d1b-aa79-2c0e5a9bdba6 - - - - - -] 10.0.0.140 "GET /" status: 200 len: 136 microversion: 1.0
2026-06-30 19:15:33.026 8 INFO placement.requestlog [None req-f9f7a1e7-6694-4a89-a0ad-a249fdbf4b24 - - - - - -] 10.0.0.140 "GET /" status: 200 len: 136 microversion: 1.0
2026-06-30 19:15:36.824 7 INFO placement.requestlog [req-143d783a-be6d-4190-968d-999c4c750950 req-948eb8d7-c0e2-4aa0-ac72-0c9dc8a72be2 d510099473ec4bfaac46ad34832b96fa 9e87a226553f4b4a821d76fca7e776bc - - bbc4d2f7230e43ac89655b01cd30e2b7 bbc4d2f7230e43ac89655b01cd30e2b7] 199.19.213.147 "GET /resource_providers/a2c5a7f8-dea5-4b6e-b84c-2a59e3a22fec/allocations" status: 200 len: 54 microversion: 1.0 [pid: 7|app: 0|req: 319/640] 199.19.213.147 () {32 vars in 857 bytes} [Tue Jun 30 19:15:36 2026] GET /resource_providers/a2c5a7f8-dea5-4b6e-b84c-2a59e3a22fec/allocations => generated 54 bytes in 16 msecs (HTTP/1.1 200) 6 headers in 223 bytes (1 switches on core 0)
2026-06-30 19:15:36.857 8 INFO placement.requestlog [req-143d783a-be6d-4190-968d-999c4c750950 req-29e2b112-eb3d-4891-9ac9-5ab4840e98ce d510099473ec4bfaac46ad34832b96fa 9e87a226553f4b4a821d76fca7e776bc - - bbc4d2f7230e43ac89655b01cd30e2b7 bbc4d2f7230e43ac89655b01cd30e2b7] 199.19.213.147 "GET /resource_providers/a2c5a7f8-dea5-4b6e-b84c-2a59e3a22fec/allocations" status: 200 len: 54 microversion: 1.0 [pid: 8|app: 0|req: 322/641] 199.19.213.147 () {32 vars in 857 bytes} [Tue Jun 30 19:15:36 2026] GET /resource_providers/a2c5a7f8-dea5-4b6e-b84c-2a59e3a22fec/allocations => generated 54 bytes in 23 msecs (HTTP/1.1 200) 6 headers in 223 bytes (1 switches on core 0)
2026-06-30 19:15:43.027 8 INFO placement.requestlog [None req-8ee121e7-fe00-4b6c-84b8-59efb0987c45 - - - - - -] 10.0.0.140 "GET /" status: 200 len: 136 microversion: 1.0
2026-06-30 19:15:43.028 7 INFO placement.requestlog [None req-af65926a-3bdb-403e-b14b-b36081e116c2 - - - - - -] 10.0.0.140 "GET /" status: 200 len: 136 microversion: 1.0
2026-06-30 19:15:53.026 7 INFO placement.requestlog [None req-7dedfb5d-ff7c-4618-9ef3-041002d11011 - - - - - -] 10.0.0.140 "GET /" status: 200 len: 136 microversion: 1.0
2026-06-30 19:15:53.026 8 INFO placement.requestlog [None req-b66ef5b2-84ea-4985-929b-a664a0c00430 - - - - - -] 10.0.0.140 "GET /" status: 200 len: 136 microversion: 1.0
2026-06-30 19:15:59.674 7 INFO placement.requestlog [None req-a318233e-bfcf-4938-8feb-c10fb39cb827 eff23f8a1364407d8b3a970c8fb0a198 9e87a226553f4b4a821d76fca7e776bc - - bbc4d2f7230e43ac89655b01cd30e2b7 bbc4d2f7230e43ac89655b01cd30e2b7] 10.0.0.97 "GET /resource_providers/f90bcfa7-f0c2-4a39-9a10-b418a4881a9c/aggregates" status: 404 len: 235 microversion: 1.1 [pid: 7|app: 0|req: 322/646] 10.0.0.97 () {32 vars in 824 bytes} [Tue Jun 30 19:15:59 2026] GET /resource_providers/f90bcfa7-f0c2-4a39-9a10-b418a4881a9c/aggregates => generated 235 bytes in 160 msecs (HTTP/1.1 404) 5 headers in 202 bytes (1 switches on core 0)
2026-06-30 19:15:59.678 8 INFO placement.requestlog [None req-81b0fe71-e703-44f2-a230-6c4f516f6731 eff23f8a1364407d8b3a970c8fb0a198 9e87a226553f4b4a821d76fca7e776bc - - bbc4d2f7230e43ac89655b01cd30e2b7 bbc4d2f7230e43ac89655b01cd30e2b7] 10.0.0.97 "GET /resource_providers/f90bcfa7-f0c2-4a39-9a10-b418a4881a9c/aggregates" status: 404 len: 235 microversion: 1.1 [pid: 8|app: 0|req: 325/647] 10.0.0.97 () {32 vars in 824 bytes} [Tue Jun 30 19:15:59 2026] GET /resource_providers/f90bcfa7-f0c2-4a39-9a10-b418a4881a9c/aggregates => generated 235 bytes in 156 msecs (HTTP/1.1 404) 5 headers in 202 bytes (1 switches on core 0)
2026-06-30 19:15:59.704 7 INFO placement.requestlog [None req-97180cf8-f9ca-45f7-8ad4-f63850b01386 eff23f8a1364407d8b3a970c8fb0a198 9e87a226553f4b4a821d76fca7e776bc - - bbc4d2f7230e43ac89655b01cd30e2b7 bbc4d2f7230e43ac89655b01cd30e2b7] 10.0.0.97 "DELETE /resource_providers/f90bcfa7-f0c2-4a39-9a10-b418a4881a9c" status: 404 len: 246 microversion: 1.1 [pid: 7|app: 0|req: 323/648] 10.0.0.97 () {34 vars in 824 bytes} [Tue Jun 30 19:15:59 2026] DELETE /resource_providers/f90bcfa7-f0c2-4a39-9a10-b418a4881a9c => generated 246 bytes in 12 msecs (HTTP/1.1 404) 6 headers in 231 bytes (1 switches on core 0)
2026-06-30 19:15:59.705 8 INFO placement.requestlog [None req-534079a1-c381-42cf-99b7-3d0d9889c557 eff23f8a1364407d8b3a970c8fb0a198 9e87a226553f4b4a821d76fca7e776bc - - bbc4d2f7230e43ac89655b01cd30e2b7 bbc4d2f7230e43ac89655b01cd30e2b7] 10.0.0.97 "DELETE /resource_providers/f90bcfa7-f0c2-4a39-9a10-b418a4881a9c" status: 404 len: 246 microversion: 1.1 [pid: 8|app: 0|req: 326/649] 10.0.0.97 () {34 vars in 824 bytes} [Tue Jun 30 19:15:59 2026] DELETE /resource_providers/f90bcfa7-f0c2-4a39-9a10-b418a4881a9c => generated 246 bytes in 11 msecs (HTTP/1.1 404) 6 headers in 231 bytes (1 switches on core 0)
2026-06-30 19:15:59.997 7 INFO placement.requestlog [req-49cfdedb-57a8-4bb0-ae72-73f8ee51c69a req-b22600c9-93b0-4e44-948e-22b2500bf786 d510099473ec4bfaac46ad34832b96fa 9e87a226553f4b4a821d76fca7e776bc - - bbc4d2f7230e43ac89655b01cd30e2b7 bbc4d2f7230e43ac89655b01cd30e2b7] 10.0.0.170 "GET /allocation_candidates?limit=1000&resources=DISK_GB%3A1%2CMEMORY_MB%3A512%2CVCPU%3A1&root_required=%21COMPUTE_STATUS_DISABLED" status: 200 len: 2147 microversion: 1.36 [pid: 7|app: 0|req: 324/650] 10.0.0.170 () {34 vars in 1012 bytes} [Tue Jun 30 19:15:59 2026] GET /allocation_candidates?limit=1000&resources=DISK_GB%3A1%2CMEMORY_MB%3A512%2CVCPU%3A1&root_required=%21COMPUTE_STATUS_DISABLED => generated 2147 bytes in 95 msecs (HTTP/1.1 200) 8 headers in 297 bytes (1 switches on core 0)
2026-06-30 19:16:00.055 8 INFO placement.requestlog [req-49cfdedb-57a8-4bb0-ae72-73f8ee51c69a req-13677ede-590a-4354-8090-5e9952e4c327 d510099473ec4bfaac46ad34832b96fa 9e87a226553f4b4a821d76fca7e776bc - - bbc4d2f7230e43ac89655b01cd30e2b7 bbc4d2f7230e43ac89655b01cd30e2b7] 10.0.0.170 "GET /allocations/fdaf0668-17d5-41e7-966c-7b6500dd41a7" status: 200 len: 19 microversion: 1.28 [pid: 8|app: 0|req: 327/651] 10.0.0.170 () {34 vars in 861 bytes} [Tue Jun 30 19:16:00 2026] GET /allocations/fdaf0668-17d5-41e7-966c-7b6500dd41a7 => generated 19 bytes in 20 msecs (HTTP/1.1 200) 8 headers in 295 bytes (1 switches on core 0)
2026-06-30 19:16:00.142 7 INFO placement.requestlog [req-49cfdedb-57a8-4bb0-ae72-73f8ee51c69a req-ddb4cf86-df1b-4792-aa1c-22794c4443cc d510099473ec4bfaac46ad34832b96fa 9e87a226553f4b4a821d76fca7e776bc - - bbc4d2f7230e43ac89655b01cd30e2b7 bbc4d2f7230e43ac89655b01cd30e2b7] 10.0.0.170 "PUT /allocations/fdaf0668-17d5-41e7-966c-7b6500dd41a7" status: 204 len: 0 microversion: 1.36 [pid: 7|app: 0|req: 325/652] 10.0.0.170 () {38 vars in 914 bytes} [Tue Jun 30 19:16:00 2026] PUT /allocations/fdaf0668-17d5-41e7-966c-7b6500dd41a7 => generated 0 bytes in 75 msecs (HTTP/1.1 204) 5 headers in 199 bytes (1 switches on core 0)
2026-06-30 19:16:00.705 8 INFO placement.requestlog [req-49cfdedb-57a8-4bb0-ae72-73f8ee51c69a req-771d9a5a-0def-46cc-b9ff-7c4153b771e8 d510099473ec4bfaac46ad34832b96fa 9e87a226553f4b4a821d76fca7e776bc - - bbc4d2f7230e43ac89655b01cd30e2b7 bbc4d2f7230e43ac89655b01cd30e2b7] 199.19.213.147 "GET /allocations/fdaf0668-17d5-41e7-966c-7b6500dd41a7" status: 200 len: 257 microversion: 1.28 [pid: 8|app: 0|req: 328/653] 199.19.213.147 () {34 vars in 863 bytes} [Tue Jun 30 19:16:00 2026] GET /allocations/fdaf0668-17d5-41e7-966c-7b6500dd41a7 => generated 257 bytes in 34 msecs (HTTP/1.1 200) 8 headers in 296 bytes (1 switches on core 0)
2026-06-30 19:16:00.901 7 INFO placement.requestlog [req-49cfdedb-57a8-4bb0-ae72-73f8ee51c69a req-4cc41eb2-9af7-4f3c-861e-6aeaaf0ea9aa d510099473ec4bfaac46ad34832b96fa 9e87a226553f4b4a821d76fca7e776bc - - bbc4d2f7230e43ac89655b01cd30e2b7 bbc4d2f7230e43ac89655b01cd30e2b7] 199.19.213.147 "GET /resource_providers/a2c5a7f8-dea5-4b6e-b84c-2a59e3a22fec/allocations" status: 200 len: 152 microversion: 1.0 [pid: 7|app: 0|req: 326/654] 199.19.213.147 () {32 vars in 857 bytes} [Tue Jun 30 19:16:00 2026] GET /resource_providers/a2c5a7f8-dea5-4b6e-b84c-2a59e3a22fec/allocations => generated 152 bytes in 21 msecs (HTTP/1.1 200) 6 headers in 224 bytes (1 switches on core 0)
2026-06-30 19:16:00.923 8 INFO placement.requestlog [req-49cfdedb-57a8-4bb0-ae72-73f8ee51c69a req-292df824-76dd-47dd-a8fe-eb525ff5e745 d510099473ec4bfaac46ad34832b96fa 9e87a226553f4b4a821d76fca7e776bc - - bbc4d2f7230e43ac89655b01cd30e2b7 bbc4d2f7230e43ac89655b01cd30e2b7] 199.19.213.147 "GET /allocations/fdaf0668-17d5-41e7-966c-7b6500dd41a7" status: 200 len: 257 microversion: 1.28 [pid: 8|app: 0|req: 329/655] 199.19.213.147 () {34 vars in 863 bytes} [Tue Jun 30 19:16:00 2026] GET /allocations/fdaf0668-17d5-41e7-966c-7b6500dd41a7 => generated 257 bytes in 16 msecs (HTTP/1.1 200) 8 headers in 296 bytes (1 switches on core 0)
2026-06-30 19:16:01.737 8 INFO placement.requestlog [None req-d18f1a5c-5302-4153-baa6-1f182e5c30af eff23f8a1364407d8b3a970c8fb0a198 9e87a226553f4b4a821d76fca7e776bc - - bbc4d2f7230e43ac89655b01cd30e2b7 bbc4d2f7230e43ac89655b01cd30e2b7] 10.0.0.97 "GET /resource_providers/692a5a7a-dc37-4037-b008-28f1ef5d9a89/aggregates" status: 404 len: 235 microversion: 1.1 [pid: 8|app: 0|req: 330/656] 10.0.0.97 () {32 vars in 824 bytes} [Tue Jun 30 19:16:01 2026] GET /resource_providers/692a5a7a-dc37-4037-b008-28f1ef5d9a89/aggregates => generated 235 bytes in 11 msecs (HTTP/1.1 404) 5 headers in 202 bytes (1 switches on core 0)
2026-06-30 19:16:01.739 7 INFO placement.requestlog [None req-1020eb32-ff1f-41ee-9d58-37cc337c4088 eff23f8a1364407d8b3a970c8fb0a198 9e87a226553f4b4a821d76fca7e776bc - - bbc4d2f7230e43ac89655b01cd30e2b7 bbc4d2f7230e43ac89655b01cd30e2b7] 10.0.0.97 "GET /resource_providers/692a5a7a-dc37-4037-b008-28f1ef5d9a89/aggregates" status: 404 len: 235 microversion: 1.1 [pid: 7|app: 0|req: 327/657] 10.0.0.97 () {32 vars in 824 bytes} [Tue Jun 30 19:16:01 2026] GET /resource_providers/692a5a7a-dc37-4037-b008-28f1ef5d9a89/aggregates => generated 235 bytes in 14 msecs (HTTP/1.1 404) 5 headers in 202 bytes (1 switches on core 0)
2026-06-30 19:16:01.758 8 INFO placement.requestlog [None req-dd4f3e35-f79c-4fee-b01a-f6203922226b eff23f8a1364407d8b3a970c8fb0a198 9e87a226553f4b4a821d76fca7e776bc - - bbc4d2f7230e43ac89655b01cd30e2b7 bbc4d2f7230e43ac89655b01cd30e2b7] 10.0.0.97 "DELETE /resource_providers/692a5a7a-dc37-4037-b008-28f1ef5d9a89" status: 404 len: 246 microversion: 1.1 [pid: 8|app: 0|req: 331/658] 10.0.0.97 () {34 vars in 824 bytes} [Tue Jun 30 19:16:01 2026] DELETE /resource_providers/692a5a7a-dc37-4037-b008-28f1ef5d9a89 => generated 246 bytes in 11 msecs (HTTP/1.1 404) 6 headers in 231 bytes (1 switches on core 0)
2026-06-30 19:16:01.769 7 INFO placement.requestlog [None req-be57c055-fa20-401f-af22-4a9e823b73c9 eff23f8a1364407d8b3a970c8fb0a198 9e87a226553f4b4a821d76fca7e776bc - - bbc4d2f7230e43ac89655b01cd30e2b7 bbc4d2f7230e43ac89655b01cd30e2b7] 10.0.0.97 "DELETE /resource_providers/692a5a7a-dc37-4037-b008-28f1ef5d9a89" status: 404 len: 246 microversion: 1.1 [pid: 7|app: 0|req: 328/659] 10.0.0.97 () {34 vars in 824 bytes} [Tue Jun 30 19:16:01 2026] DELETE /resource_providers/692a5a7a-dc37-4037-b008-28f1ef5d9a89 => generated 246 bytes in 15 msecs (HTTP/1.1 404) 6 headers in 231 bytes (1 switches on core 0)
2026-06-30 19:16:03.027 8 INFO placement.requestlog [None req-0f6fa745-b44e-4db5-a14a-c0c139ee97b1 - - - - - -] 10.0.0.140 "GET /" status: 200 len: 136 microversion: 1.0
2026-06-30 19:16:03.031 7 INFO placement.requestlog [None req-0385def9-8ce2-4b34-8f10-9b06d63e9f16 - - - - - -] 10.0.0.140 "GET /" status: 200 len: 136 microversion: 1.0
2026-06-30 19:16:13.026 8 INFO placement.requestlog [None req-9704cb89-43d0-4927-946d-97f0b4d0f60b - - - - - -] 10.0.0.140 "GET /" status: 200 len: 136 microversion: 1.0
2026-06-30 19:16:13.027 7 INFO placement.requestlog [None req-7281c9b6-0a76-4a4c-9dea-ea93d4d45e5b - - - - - -] 10.0.0.140 "GET /" status: 200 len: 136 microversion: 1.0
2026-06-30 19:16:15.189 7 INFO placement.requestlog [req-f13dcfce-32b3-4e38-a707-76a0bb9dff5a req-3717a8b0-894e-4be6-9aad-47c80e57c9cf d510099473ec4bfaac46ad34832b96fa 9e87a226553f4b4a821d76fca7e776bc - - bbc4d2f7230e43ac89655b01cd30e2b7 bbc4d2f7230e43ac89655b01cd30e2b7] 199.19.213.147 "GET /resource_providers/a2c5a7f8-dea5-4b6e-b84c-2a59e3a22fec/allocations" status: 200 len: 152 microversion: 1.0 [pid: 7|app: 0|req: 331/664] 199.19.213.147 () {32 vars in 857 bytes} [Tue Jun 30 19:16:15 2026] GET /resource_providers/a2c5a7f8-dea5-4b6e-b84c-2a59e3a22fec/allocations => generated 152 bytes in 33 msecs (HTTP/1.1 200) 6 headers in 224 bytes (1 switches on core 0)
2026-06-30 19:16:15.202 8 INFO placement.requestlog [req-7819f550-effa-4637-9e3f-c296c8f61399 req-16f11d8d-20de-467d-a3ee-fe3eda2c4038 d510099473ec4bfaac46ad34832b96fa 9e87a226553f4b4a821d76fca7e776bc - - bbc4d2f7230e43ac89655b01cd30e2b7 bbc4d2f7230e43ac89655b01cd30e2b7] 10.0.0.170 "GET /allocation_candidates?limit=1000&resources=DISK_GB%3A1%2CMEMORY_MB%3A512%2CVCPU%3A1&root_required=%21COMPUTE_STATUS_DISABLED" status: 200 len: 2149 microversion: 1.36 [pid: 8|app: 0|req: 334/665] 10.0.0.170 () {34 vars in 1012 bytes} [Tue Jun 30 19:16:15 2026] GET /allocation_candidates?limit=1000&resources=DISK_GB%3A1%2CMEMORY_MB%3A512%2CVCPU%3A1&root_required=%21COMPUTE_STATUS_DISABLED => generated 2149 bytes in 59 msecs (HTTP/1.1 200) 8 headers in 297 bytes (1 switches on core 0)
2026-06-30 19:16:15.215 7 INFO placement.requestlog [req-f13dcfce-32b3-4e38-a707-76a0bb9dff5a req-6f974091-c435-4e36-aeae-fae7ccb85601 d510099473ec4bfaac46ad34832b96fa 9e87a226553f4b4a821d76fca7e776bc - - bbc4d2f7230e43ac89655b01cd30e2b7 bbc4d2f7230e43ac89655b01cd30e2b7] 199.19.213.147 "GET /allocations/fdaf0668-17d5-41e7-966c-7b6500dd41a7" status: 200 len: 257 microversion: 1.28 [pid: 7|app: 0|req: 332/666] 199.19.213.147 () {34 vars in 863 bytes} [Tue Jun 30 19:16:15 2026] GET /allocations/fdaf0668-17d5-41e7-966c-7b6500dd41a7 => generated 257 bytes in 15 msecs (HTTP/1.1 200) 8 headers in 296 bytes (1 switches on core 0)
2026-06-30 19:16:15.255 8 INFO placement.requestlog [req-7819f550-effa-4637-9e3f-c296c8f61399 req-5dc18432-d395-4731-9817-473cf5347047 d510099473ec4bfaac46ad34832b96fa 9e87a226553f4b4a821d76fca7e776bc - - bbc4d2f7230e43ac89655b01cd30e2b7 bbc4d2f7230e43ac89655b01cd30e2b7] 10.0.0.170 "GET /allocations/393b6bfc-7433-4967-8d4c-b02c3c455361" status: 200 len: 19 microversion: 1.28 [pid: 8|app: 0|req: 335/667] 10.0.0.170 () {34 vars in 861 bytes} [Tue Jun 30 19:16:15 2026] GET /allocations/393b6bfc-7433-4967-8d4c-b02c3c455361 => generated 19 bytes in 12 msecs (HTTP/1.1 200) 8 headers in 295 bytes (1 switches on core 0)
2026-06-30 19:16:15.270 7 INFO placement.requestlog [req-f13dcfce-32b3-4e38-a707-76a0bb9dff5a req-1cb0b40b-7078-4827-b9d1-542a4dba3f25 d510099473ec4bfaac46ad34832b96fa 9e87a226553f4b4a821d76fca7e776bc - - bbc4d2f7230e43ac89655b01cd30e2b7 bbc4d2f7230e43ac89655b01cd30e2b7] 199.19.213.147 "DELETE /allocations/fdaf0668-17d5-41e7-966c-7b6500dd41a7" status: 204 len: 0 microversion: 1.0 [pid: 7|app: 0|req: 333/668] 199.19.213.147 () {34 vars in 841 bytes} [Tue Jun 30 19:16:15 2026] DELETE /allocations/fdaf0668-17d5-41e7-966c-7b6500dd41a7 => generated 0 bytes in 25 msecs (HTTP/1.1 204) 5 headers in 198 bytes (1 switches on core 0)
2026-06-30 19:16:15.336 8 INFO placement.requestlog [req-7819f550-effa-4637-9e3f-c296c8f61399 req-d57792c0-9b5e-4908-927f-df87855584e5 d510099473ec4bfaac46ad34832b96fa 9e87a226553f4b4a821d76fca7e776bc - - bbc4d2f7230e43ac89655b01cd30e2b7 bbc4d2f7230e43ac89655b01cd30e2b7] 10.0.0.170 "PUT /allocations/393b6bfc-7433-4967-8d4c-b02c3c455361" status: 204 len: 0 microversion: 1.36 [pid: 8|app: 0|req: 336/669] 10.0.0.170 () {38 vars in 914 bytes} [Tue Jun 30 19:16:15 2026] PUT /allocations/393b6bfc-7433-4967-8d4c-b02c3c455361 => generated 0 bytes in 68 msecs (HTTP/1.1 204) 5 headers in 199 bytes (1 switches on core 0)
2026-06-30 19:16:15.729 7 INFO placement.requestlog [req-75acc709-4785-4979-889d-dc6cc7cf7ba1 req-73cb6718-cfb2-41b5-84e0-725a0c4c15b4 d510099473ec4bfaac46ad34832b96fa 9e87a226553f4b4a821d76fca7e776bc - - bbc4d2f7230e43ac89655b01cd30e2b7 bbc4d2f7230e43ac89655b01cd30e2b7] 10.0.0.170 "GET /allocation_candidates?limit=1000&resources=DISK_GB%3A1%2CMEMORY_MB%3A512%2CVCPU%3A1&root_required=%21COMPUTE_STATUS_DISABLED" status: 200 len: 2149 microversion: 1.36 [pid: 7|app: 0|req: 334/670] 10.0.0.170 () {34 vars in 1012 bytes} [Tue Jun 30 19:16:15 2026] GET /allocation_candidates?limit=1000&resources=DISK_GB%3A1%2CMEMORY_MB%3A512%2CVCPU%3A1&root_required=%21COMPUTE_STATUS_DISABLED => generated 2149 bytes in 56 msecs (HTTP/1.1 200) 8 headers in 297 bytes (1 switches on core 0)
2026-06-30 19:16:15.743 8 INFO placement.requestlog [req-7819f550-effa-4637-9e3f-c296c8f61399 req-5efcd928-b4e9-4d1c-b823-18b318f12f61 d510099473ec4bfaac46ad34832b96fa 9e87a226553f4b4a821d76fca7e776bc - - bbc4d2f7230e43ac89655b01cd30e2b7 bbc4d2f7230e43ac89655b01cd30e2b7] 199.19.213.147 "GET /allocations/393b6bfc-7433-4967-8d4c-b02c3c455361" status: 200 len: 257 microversion: 1.28 [pid: 8|app: 0|req: 337/671] 199.19.213.147 () {34 vars in 863 bytes} [Tue Jun 30 19:16:15 2026] GET /allocations/393b6bfc-7433-4967-8d4c-b02c3c455361 => generated 257 bytes in 22 msecs (HTTP/1.1 200) 8 headers in 296 bytes (1 switches on core 0)
2026-06-30 19:16:15.769 7 INFO placement.requestlog [req-75acc709-4785-4979-889d-dc6cc7cf7ba1 req-732b23fa-e52a-4d35-b8a3-cf45fe4c81a3 d510099473ec4bfaac46ad34832b96fa 9e87a226553f4b4a821d76fca7e776bc - - bbc4d2f7230e43ac89655b01cd30e2b7 bbc4d2f7230e43ac89655b01cd30e2b7] 10.0.0.170 "GET /allocations/e37e00fa-f6fe-4664-bcd8-dfcb0df5dd23" status: 200 len: 19 microversion: 1.28 [pid: 7|app: 0|req: 335/672] 10.0.0.170 () {34 vars in 861 bytes} [Tue Jun 30 19:16:15 2026] GET /allocations/e37e00fa-f6fe-4664-bcd8-dfcb0df5dd23 => generated 19 bytes in 15 msecs (HTTP/1.1 200) 8 headers in 295 bytes (1 switches on core 0)
2026-06-30 19:16:15.866 8 INFO placement.requestlog [req-75acc709-4785-4979-889d-dc6cc7cf7ba1 req-80567d51-310a-4847-a08b-5262bab5b958 d510099473ec4bfaac46ad34832b96fa 9e87a226553f4b4a821d76fca7e776bc - - bbc4d2f7230e43ac89655b01cd30e2b7 bbc4d2f7230e43ac89655b01cd30e2b7] 10.0.0.170 "PUT /allocations/e37e00fa-f6fe-4664-bcd8-dfcb0df5dd23" status: 204 len: 0 microversion: 1.36 [pid: 8|app: 0|req: 338/673] 10.0.0.170 () {38 vars in 914 bytes} [Tue Jun 30 19:16:15 2026] PUT /allocations/e37e00fa-f6fe-4664-bcd8-dfcb0df5dd23 => generated 0 bytes in 89 msecs (HTTP/1.1 204) 5 headers in 199 bytes (1 switches on core 0)
2026-06-30 19:16:15.896 7 INFO placement.requestlog [req-7819f550-effa-4637-9e3f-c296c8f61399 req-df47cf5e-104b-496a-a1dd-90db8c4df3f3 d510099473ec4bfaac46ad34832b96fa 9e87a226553f4b4a821d76fca7e776bc - - bbc4d2f7230e43ac89655b01cd30e2b7 bbc4d2f7230e43ac89655b01cd30e2b7] 199.19.213.147 "GET /resource_providers/a2c5a7f8-dea5-4b6e-b84c-2a59e3a22fec/allocations" status: 200 len: 252 microversion: 1.0 [pid: 7|app: 0|req: 336/674] 199.19.213.147 () {32 vars in 857 bytes} [Tue Jun 30 19:16:15 2026] GET /resource_providers/a2c5a7f8-dea5-4b6e-b84c-2a59e3a22fec/allocations => generated 252 bytes in 22 msecs (HTTP/1.1 200) 6 headers in 224 bytes (1 switches on core 0)
2026-06-30 19:16:15.919 8 INFO placement.requestlog [req-7819f550-effa-4637-9e3f-c296c8f61399 req-184e6dbe-9d21-4212-aedd-83f7a67fbb6b d510099473ec4bfaac46ad34832b96fa 9e87a226553f4b4a821d76fca7e776bc - - bbc4d2f7230e43ac89655b01cd30e2b7 bbc4d2f7230e43ac89655b01cd30e2b7] 199.19.213.147 "GET /allocations/e37e00fa-f6fe-4664-bcd8-dfcb0df5dd23" status: 200 len: 257 microversion: 1.28 [pid: 8|app: 0|req: 339/675] 199.19.213.147 () {34 vars in 863 bytes} [Tue Jun 30 19:16:15 2026] GET /allocations/e37e00fa-f6fe-4664-bcd8-dfcb0df5dd23 => generated 257 bytes in 17 msecs (HTTP/1.1 200) 8 headers in 296 bytes (1 switches on core 0)
2026-06-30 19:16:15.937 7 INFO placement.requestlog [req-7819f550-effa-4637-9e3f-c296c8f61399 req-b2bf8e2b-c71c-444c-92f0-fc95c4c8ef01 d510099473ec4bfaac46ad34832b96fa 9e87a226553f4b4a821d76fca7e776bc - - bbc4d2f7230e43ac89655b01cd30e2b7 bbc4d2f7230e43ac89655b01cd30e2b7] 199.19.213.147 "GET /allocations/393b6bfc-7433-4967-8d4c-b02c3c455361" status: 200 len: 257 microversion: 1.28 [pid: 7|app: 0|req: 337/676] 199.19.213.147 () {34 vars in 863 bytes} [Tue Jun 30 19:16:15 2026] GET /allocations/393b6bfc-7433-4967-8d4c-b02c3c455361 => generated 257 bytes in 12 msecs (HTTP/1.1 200) 8 headers in 296 bytes (1 switches on core 0)
2026-06-30 19:16:16.121 8 INFO placement.requestlog [req-75acc709-4785-4979-889d-dc6cc7cf7ba1 req-bda1168a-bfe2-402e-9b91-30ee144badee d510099473ec4bfaac46ad34832b96fa 9e87a226553f4b4a821d76fca7e776bc - - bbc4d2f7230e43ac89655b01cd30e2b7 bbc4d2f7230e43ac89655b01cd30e2b7] 199.19.213.147 "GET /allocations/e37e00fa-f6fe-4664-bcd8-dfcb0df5dd23" status: 200 len: 257 microversion: 1.28 [pid: 8|app: 0|req: 340/677] 199.19.213.147 () {34 vars in 863 bytes} [Tue Jun 30 19:16:16 2026] GET /allocations/e37e00fa-f6fe-4664-bcd8-dfcb0df5dd23 => generated 257 bytes in 17 msecs (HTTP/1.1 200) 8 headers in 296 bytes (1 switches on core 0)
2026-06-30 19:16:16.284 7 INFO placement.requestlog [req-75acc709-4785-4979-889d-dc6cc7cf7ba1 req-8e8a087b-eb32-4efc-aa2e-89cb9c7499f8 d510099473ec4bfaac46ad34832b96fa 9e87a226553f4b4a821d76fca7e776bc - - bbc4d2f7230e43ac89655b01cd30e2b7 bbc4d2f7230e43ac89655b01cd30e2b7] 199.19.213.147 "GET /resource_providers/a2c5a7f8-dea5-4b6e-b84c-2a59e3a22fec/allocations" status: 200 len: 252 microversion: 1.0 [pid: 7|app: 0|req: 338/678] 199.19.213.147 () {32 vars in 857 bytes} [Tue Jun 30 19:16:16 2026] GET /resource_providers/a2c5a7f8-dea5-4b6e-b84c-2a59e3a22fec/allocations => generated 252 bytes in 22 msecs (HTTP/1.1 200) 6 headers in 224 bytes (1 switches on core 0)
2026-06-30 19:16:16.312 8 INFO placement.requestlog [req-75acc709-4785-4979-889d-dc6cc7cf7ba1 req-fd2a4078-b6ad-40a3-88c4-1d3a1cad1a12 d510099473ec4bfaac46ad34832b96fa 9e87a226553f4b4a821d76fca7e776bc - - bbc4d2f7230e43ac89655b01cd30e2b7 bbc4d2f7230e43ac89655b01cd30e2b7] 199.19.213.147 "GET /allocations/e37e00fa-f6fe-4664-bcd8-dfcb0df5dd23" status: 200 len: 257 microversion: 1.28 [pid: 8|app: 0|req: 341/679] 199.19.213.147 () {34 vars in 863 bytes} [Tue Jun 30 19:16:16 2026] GET /allocations/e37e00fa-f6fe-4664-bcd8-dfcb0df5dd23 => generated 257 bytes in 17 msecs (HTTP/1.1 200) 8 headers in 296 bytes (1 switches on core 0)
2026-06-30 19:16:16.349 7 INFO placement.requestlog [req-75acc709-4785-4979-889d-dc6cc7cf7ba1 req-e69289a4-1198-4399-9149-5305a8c6b50f d510099473ec4bfaac46ad34832b96fa 9e87a226553f4b4a821d76fca7e776bc - - bbc4d2f7230e43ac89655b01cd30e2b7 bbc4d2f7230e43ac89655b01cd30e2b7] 199.19.213.147 "GET /allocations/393b6bfc-7433-4967-8d4c-b02c3c455361" status: 200 len: 257 microversion: 1.28 [pid: 7|app: 0|req: 339/680] 199.19.213.147 () {34 vars in 863 bytes} [Tue Jun 30 19:16:16 2026] GET /allocations/393b6bfc-7433-4967-8d4c-b02c3c455361 => generated 257 bytes in 17 msecs (HTTP/1.1 200) 8 headers in 296 bytes (1 switches on core 0)
2026-06-30 19:16:21.299 7 INFO placement.requestlog [None req-ee420e17-ebe9-4963-a20b-ff36cc9c12ec eff23f8a1364407d8b3a970c8fb0a198 9e87a226553f4b4a821d76fca7e776bc - - bbc4d2f7230e43ac89655b01cd30e2b7 bbc4d2f7230e43ac89655b01cd30e2b7] 10.0.0.97 "GET /resource_providers/2359a817-84e5-4879-84bc-af87f551292e/aggregates" status: 404 len: 235 microversion: 1.1 [pid: 7|app: 0|req: 340/681] 10.0.0.97 () {32 vars in 824 bytes} [Tue Jun 30 19:16:21 2026] GET /resource_providers/2359a817-84e5-4879-84bc-af87f551292e/aggregates => generated 235 bytes in 138 msecs (HTTP/1.1 404) 5 headers in 202 bytes (1 switches on core 0)
2026-06-30 19:16:21.365 7 INFO placement.requestlog [None req-5be72517-0588-485f-acbc-a2c0ad610e2b eff23f8a1364407d8b3a970c8fb0a198 9e87a226553f4b4a821d76fca7e776bc - - bbc4d2f7230e43ac89655b01cd30e2b7 bbc4d2f7230e43ac89655b01cd30e2b7] 10.0.0.97 "DELETE /resource_providers/2359a817-84e5-4879-84bc-af87f551292e" status: 404 len: 246 microversion: 1.1 [pid: 7|app: 0|req: 341/682] 10.0.0.97 () {34 vars in 824 bytes} [Tue Jun 30 19:16:21 2026] DELETE /resource_providers/2359a817-84e5-4879-84bc-af87f551292e => generated 246 bytes in 45 msecs (HTTP/1.1 404) 6 headers in 231 bytes (1 switches on core 0)
2026-06-30 19:16:21.399 8 INFO placement.requestlog [None req-307bd0b6-95f8-4ee7-a50b-2b3ce7fd01ec eff23f8a1364407d8b3a970c8fb0a198 9e87a226553f4b4a821d76fca7e776bc - - bbc4d2f7230e43ac89655b01cd30e2b7 bbc4d2f7230e43ac89655b01cd30e2b7] 10.0.0.97 "GET /resource_providers/2359a817-84e5-4879-84bc-af87f551292e/aggregates" status: 404 len: 235 microversion: 1.1 [pid: 8|app: 0|req: 342/683] 10.0.0.97 () {32 vars in 824 bytes} [Tue Jun 30 19:16:21 2026] GET /resource_providers/2359a817-84e5-4879-84bc-af87f551292e/aggregates => generated 235 bytes in 248 msecs (HTTP/1.1 404) 5 headers in 202 bytes (1 switches on core 0)
2026-06-30 19:16:21.424 7 INFO placement.requestlog [None req-d826be87-49ad-4615-94ff-675d524d4352 eff23f8a1364407d8b3a970c8fb0a198 9e87a226553f4b4a821d76fca7e776bc - - bbc4d2f7230e43ac89655b01cd30e2b7 bbc4d2f7230e43ac89655b01cd30e2b7] 10.0.0.97 "DELETE /resource_providers/2359a817-84e5-4879-84bc-af87f551292e" status: 404 len: 246 microversion: 1.1 [pid: 7|app: 0|req: 342/684] 10.0.0.97 () {34 vars in 824 bytes} [Tue Jun 30 19:16:21 2026] DELETE /resource_providers/2359a817-84e5-4879-84bc-af87f551292e => generated 246 bytes in 17 msecs (HTTP/1.1 404) 6 headers in 231 bytes (1 switches on core 0)
2026-06-30 19:16:21.664 8 INFO placement.requestlog [None req-62c709a0-4a19-4571-a139-86c4f87e20d6 eff23f8a1364407d8b3a970c8fb0a198 9e87a226553f4b4a821d76fca7e776bc - - bbc4d2f7230e43ac89655b01cd30e2b7 bbc4d2f7230e43ac89655b01cd30e2b7] 10.0.0.97 "GET /resource_providers/b5f9cf1a-9274-4beb-96ab-ec76efeaaf33/aggregates" status: 404 len: 235 microversion: 1.1 [pid: 8|app: 0|req: 343/685] 10.0.0.97 () {32 vars in 824 bytes} [Tue Jun 30 19:16:21 2026] GET /resource_providers/b5f9cf1a-9274-4beb-96ab-ec76efeaaf33/aggregates => generated 235 bytes in 13 msecs (HTTP/1.1 404) 5 headers in 202 bytes (1 switches on core 0)
2026-06-30 19:16:21.673 7 INFO placement.requestlog [None req-1282c19a-06d2-46b3-b914-34f009597302 eff23f8a1364407d8b3a970c8fb0a198 9e87a226553f4b4a821d76fca7e776bc - - bbc4d2f7230e43ac89655b01cd30e2b7 bbc4d2f7230e43ac89655b01cd30e2b7] 10.0.0.97 "GET /resource_providers/b5f9cf1a-9274-4beb-96ab-ec76efeaaf33/aggregates" status: 404 len: 235 microversion: 1.1 [pid: 7|app: 0|req: 343/686] 10.0.0.97 () {32 vars in 824 bytes} [Tue Jun 30 19:16:21 2026] GET /resource_providers/b5f9cf1a-9274-4beb-96ab-ec76efeaaf33/aggregates => generated 235 bytes in 17 msecs (HTTP/1.1 404) 5 headers in 202 bytes (1 switches on core 0)
2026-06-30 19:16:21.697 8 INFO placement.requestlog [None req-feb74349-5f86-49b6-b1cd-c4470e4dc0c3 eff23f8a1364407d8b3a970c8fb0a198 9e87a226553f4b4a821d76fca7e776bc - - bbc4d2f7230e43ac89655b01cd30e2b7 bbc4d2f7230e43ac89655b01cd30e2b7] 10.0.0.97 "DELETE /resource_providers/b5f9cf1a-9274-4beb-96ab-ec76efeaaf33" status: 404 len: 246 microversion: 1.1 [pid: 8|app: 0|req: 344/687] 10.0.0.97 () {34 vars in 824 bytes} [Tue Jun 30 19:16:21 2026] DELETE /resource_providers/b5f9cf1a-9274-4beb-96ab-ec76efeaaf33 => generated 246 bytes in 15 msecs (HTTP/1.1 404) 6 headers in 231 bytes (1 switches on core 0)
2026-06-30 19:16:21.701 7 INFO placement.requestlog [None req-1281e2b7-c733-44a4-b543-e91e4f367546 eff23f8a1364407d8b3a970c8fb0a198 9e87a226553f4b4a821d76fca7e776bc - - bbc4d2f7230e43ac89655b01cd30e2b7 bbc4d2f7230e43ac89655b01cd30e2b7] 10.0.0.97 "DELETE /resource_providers/b5f9cf1a-9274-4beb-96ab-ec76efeaaf33" status: 404 len: 246 microversion: 1.1 [pid: 7|app: 0|req: 344/688] 10.0.0.97 () {34 vars in 824 bytes} [Tue Jun 30 19:16:21 2026] DELETE /resource_providers/b5f9cf1a-9274-4beb-96ab-ec76efeaaf33 => generated 246 bytes in 15 msecs (HTTP/1.1 404) 6 headers in 231 bytes (1 switches on core 0)
2026-06-30 19:16:23.026 8 INFO placement.requestlog [None req-253a3cb4-3dc2-4560-82ae-e878a994178f - - - - - -] 10.0.0.140 "GET /" status: 200 len: 136 microversion: 1.0
2026-06-30 19:16:23.027 7 INFO placement.requestlog [None req-bd029542-9e23-41a3-9b42-c0095ab353f6 - - - - - -] 10.0.0.140 "GET /" status: 200 len: 136 microversion: 1.0
2026-06-30 19:16:23.718 8 INFO placement.requestlog [None req-b2c7ab95-ecf6-44e5-9cc8-34c9b0dd6d22 eff23f8a1364407d8b3a970c8fb0a198 9e87a226553f4b4a821d76fca7e776bc - - bbc4d2f7230e43ac89655b01cd30e2b7 bbc4d2f7230e43ac89655b01cd30e2b7] 10.0.0.97 "GET /resource_providers/6521d81c-4484-4247-a0e3-be5a76903e9b/aggregates" status: 404 len: 235 microversion: 1.1 [pid: 8|app: 0|req: 346/691] 10.0.0.97 () {32 vars in 824 bytes} [Tue Jun 30 19:16:23 2026] GET /resource_providers/6521d81c-4484-4247-a0e3-be5a76903e9b/aggregates => generated 235 bytes in 11 msecs (HTTP/1.1 404) 5 headers in 202 bytes (1 switches on core 0)
2026-06-30 19:16:23.744 7 INFO placement.requestlog [None req-c7c93803-0909-4c42-95ab-7abc77dc7dce eff23f8a1364407d8b3a970c8fb0a198 9e87a226553f4b4a821d76fca7e776bc - - bbc4d2f7230e43ac89655b01cd30e2b7 bbc4d2f7230e43ac89655b01cd30e2b7] 10.0.0.97 "GET /resource_providers/6521d81c-4484-4247-a0e3-be5a76903e9b/aggregates" status: 404 len: 235 microversion: 1.1 [pid: 7|app: 0|req: 346/692] 10.0.0.97 () {32 vars in 824 bytes} [Tue Jun 30 19:16:23 2026] GET /resource_providers/6521d81c-4484-4247-a0e3-be5a76903e9b/aggregates => generated 235 bytes in 15 msecs (HTTP/1.1 404) 5 headers in 202 bytes (1 switches on core 0)
2026-06-30 19:16:23.748 8 INFO placement.requestlog [None req-adda56c0-fbc8-4dc4-82ea-d302d2416906 eff23f8a1364407d8b3a970c8fb0a198 9e87a226553f4b4a821d76fca7e776bc - - bbc4d2f7230e43ac89655b01cd30e2b7 bbc4d2f7230e43ac89655b01cd30e2b7] 10.0.0.97 "DELETE /resource_providers/6521d81c-4484-4247-a0e3-be5a76903e9b" status: 404 len: 246 microversion: 1.1 [pid: 8|app: 0|req: 347/693] 10.0.0.97 () {34 vars in 824 bytes} [Tue Jun 30 19:16:23 2026] DELETE /resource_providers/6521d81c-4484-4247-a0e3-be5a76903e9b => generated 246 bytes in 8 msecs (HTTP/1.1 404) 6 headers in 231 bytes (1 switches on core 0)
2026-06-30 19:16:23.781 7 INFO placement.requestlog [None req-573cb7d0-ab76-4e57-82c2-5ce18faf2f07 eff23f8a1364407d8b3a970c8fb0a198 9e87a226553f4b4a821d76fca7e776bc - - bbc4d2f7230e43ac89655b01cd30e2b7 bbc4d2f7230e43ac89655b01cd30e2b7] 10.0.0.97 "DELETE /resource_providers/6521d81c-4484-4247-a0e3-be5a76903e9b" status: 404 len: 246 microversion: 1.1 [pid: 7|app: 0|req: 347/694] 10.0.0.97 () {34 vars in 824 bytes} [Tue Jun 30 19:16:23 2026] DELETE /resource_providers/6521d81c-4484-4247-a0e3-be5a76903e9b => generated 246 bytes in 16 msecs (HTTP/1.1 404) 6 headers in 231 bytes (1 switches on core 0)
2026-06-30 19:16:24.411 8 INFO placement.requestlog [req-0491070d-8921-4482-afd1-9b4e20cf0172 req-a39d2068-05c4-4a41-88a6-d902c33a4c27 d510099473ec4bfaac46ad34832b96fa 9e87a226553f4b4a821d76fca7e776bc - - bbc4d2f7230e43ac89655b01cd30e2b7 bbc4d2f7230e43ac89655b01cd30e2b7] 199.19.213.147 "GET /resource_providers/a2c5a7f8-dea5-4b6e-b84c-2a59e3a22fec/allocations" status: 200 len: 252 microversion: 1.0 [pid: 8|app: 0|req: 348/695] 199.19.213.147 () {32 vars in 857 bytes} [Tue Jun 30 19:16:24 2026] GET /resource_providers/a2c5a7f8-dea5-4b6e-b84c-2a59e3a22fec/allocations => generated 252 bytes in 25 msecs (HTTP/1.1 200) 6 headers in 224 bytes (1 switches on core 0)
2026-06-30 19:16:24.432 7 INFO placement.requestlog [req-0491070d-8921-4482-afd1-9b4e20cf0172 req-8c64c2d9-b114-44f1-acd9-30e308a936e1 d510099473ec4bfaac46ad34832b96fa 9e87a226553f4b4a821d76fca7e776bc - - bbc4d2f7230e43ac89655b01cd30e2b7 bbc4d2f7230e43ac89655b01cd30e2b7] 199.19.213.147 "GET /allocations/e37e00fa-f6fe-4664-bcd8-dfcb0df5dd23" status: 200 len: 257 microversion: 1.28 [pid: 7|app: 0|req: 348/696] 199.19.213.147 () {34 vars in 863 bytes} [Tue Jun 30 19:16:24 2026] GET /allocations/e37e00fa-f6fe-4664-bcd8-dfcb0df5dd23 => generated 257 bytes in 14 msecs (HTTP/1.1 200) 8 headers in 296 bytes (1 switches on core 0)
2026-06-30 19:16:24.466 8 INFO placement.requestlog [req-0491070d-8921-4482-afd1-9b4e20cf0172 req-4586969b-b51b-46fa-b565-b76025243b3e d510099473ec4bfaac46ad34832b96fa 9e87a226553f4b4a821d76fca7e776bc - - bbc4d2f7230e43ac89655b01cd30e2b7 bbc4d2f7230e43ac89655b01cd30e2b7] 199.19.213.147 "GET /allocations/393b6bfc-7433-4967-8d4c-b02c3c455361" status: 200 len: 257 microversion: 1.28 [pid: 8|app: 0|req: 349/697] 199.19.213.147 () {34 vars in 863 bytes} [Tue Jun 30 19:16:24 2026] GET /allocations/393b6bfc-7433-4967-8d4c-b02c3c455361 => generated 257 bytes in 14 msecs (HTTP/1.1 200) 8 headers in 296 bytes (1 switches on core 0)
2026-06-30 19:16:24.544 7 INFO placement.requestlog [req-0491070d-8921-4482-afd1-9b4e20cf0172 req-535e7ff4-6559-4823-8a91-40a024afcdc3 d510099473ec4bfaac46ad34832b96fa 9e87a226553f4b4a821d76fca7e776bc - - bbc4d2f7230e43ac89655b01cd30e2b7 bbc4d2f7230e43ac89655b01cd30e2b7] 199.19.213.147 "DELETE /allocations/e37e00fa-f6fe-4664-bcd8-dfcb0df5dd23" status: 204 len: 0 microversion: 1.0 [pid: 7|app: 0|req: 349/698] 199.19.213.147 () {34 vars in 841 bytes} [Tue Jun 30 19:16:24 2026] DELETE /allocations/e37e00fa-f6fe-4664-bcd8-dfcb0df5dd23 => generated 0 bytes in 36 msecs (HTTP/1.1 204) 5 headers in 198 bytes (1 switches on core 0)
2026-06-30 19:16:29.565 8 INFO placement.requestlog [None req-669a870d-71e1-48a5-ae03-a7ad0f6e9fb5 eff23f8a1364407d8b3a970c8fb0a198 9e87a226553f4b4a821d76fca7e776bc - - bbc4d2f7230e43ac89655b01cd30e2b7 bbc4d2f7230e43ac89655b01cd30e2b7] 10.0.0.97 "GET /resource_providers/cd5419e3-d5ac-46c9-8460-d4e6f62e2ee1/aggregates" status: 404 len: 235 microversion: 1.1 [pid: 8|app: 0|req: 350/699] 10.0.0.97 () {32 vars in 824 bytes} [Tue Jun 30 19:16:29 2026] GET /resource_providers/cd5419e3-d5ac-46c9-8460-d4e6f62e2ee1/aggregates => generated 235 bytes in 11 msecs (HTTP/1.1 404) 5 headers in 202 bytes (1 switches on core 0)
2026-06-30 19:16:29.567 7 INFO placement.requestlog [None req-60d29a99-95ef-4468-8cf1-79fb1e231419 eff23f8a1364407d8b3a970c8fb0a198 9e87a226553f4b4a821d76fca7e776bc - - bbc4d2f7230e43ac89655b01cd30e2b7 bbc4d2f7230e43ac89655b01cd30e2b7] 10.0.0.97 "GET /resource_providers/cd5419e3-d5ac-46c9-8460-d4e6f62e2ee1/aggregates" status: 404 len: 235 microversion: 1.1 [pid: 7|app: 0|req: 350/700] 10.0.0.97 () {32 vars in 824 bytes} [Tue Jun 30 19:16:29 2026] GET /resource_providers/cd5419e3-d5ac-46c9-8460-d4e6f62e2ee1/aggregates => generated 235 bytes in 12 msecs (HTTP/1.1 404) 5 headers in 202 bytes (1 switches on core 0)
