2026-06-30 19:21:58.866 10 INFO neutron.wsgi [req-0b85138c-eef6-43ba-8804-7a9ad511f37a req-e62fa3cc-ea4a-4dbd-984f-b76b771574ab eff23f8a1364407d8b3a970c8fb0a198 9e87a226553f4b4a821d76fca7e776bc - - bbc4d2f7230e43ac89655b01cd30e2b7 bbc4d2f7230e43ac89655b01cd30e2b7] 199.19.213.147 "GET /v2.0/ports?tenant_id=8b5a2e91b56e421daa84bcf5d91a809d&device_id=c686757d-ef6f-46a0-8f66-65f3c21af99d HTTP/1.1" status: 200 len: 4928 time: 0.0405893
2026-06-30 19:21:58.925 9 INFO neutron.wsgi [None req-c1d35f92-6518-4ca5-a4ac-8b8cd525049f 6d56b05daa884ec9a26d68371538b4fa 8b5a2e91b56e421daa84bcf5d91a809d - - default default] 199.19.213.147 "GET /v2.0/extensions/security-group HTTP/1.1" status: 200 len: 369 time: 0.0068178
2026-06-30 19:21:58.925 10 INFO neutron.wsgi [req-0b85138c-eef6-43ba-8804-7a9ad511f37a req-e9fc46a2-028d-4cde-abca-4a41b4905c26 eff23f8a1364407d8b3a970c8fb0a198 9e87a226553f4b4a821d76fca7e776bc - - bbc4d2f7230e43ac89655b01cd30e2b7 bbc4d2f7230e43ac89655b01cd30e2b7] 199.19.213.147 "GET /v2.0/networks?id=b48ac207-5482-48e9-9c21-0a924b3b0f71 HTTP/1.1" status: 200 len: 1003 time: 0.0522785
2026-06-30 19:21:58.933 9 INFO neutron.wsgi [None req-71bf0bf0-29a2-4a71-a80c-99865c760072 6d56b05daa884ec9a26d68371538b4fa 8b5a2e91b56e421daa84bcf5d91a809d - - default default] 199.19.213.147 "GET /v2.0/extensions/dns-integration HTTP/1.1" status: 200 len: 371 time: 0.0039811
2026-06-30 19:21:58.941 9 INFO neutron.wsgi [None req-da913dc2-d077-4e79-8dae-9e5874fb4426 6d56b05daa884ec9a26d68371538b4fa 8b5a2e91b56e421daa84bcf5d91a809d - - default default] 199.19.213.147 "GET /v2.0/extensions/qos HTTP/1.1" status: 200 len: 365 time: 0.0046046
2026-06-30 19:21:58.950 9 INFO neutron.wsgi [None req-b07f14ce-2b01-456d-b8df-ad5f4ed286df 6d56b05daa884ec9a26d68371538b4fa 8b5a2e91b56e421daa84bcf5d91a809d - - default default] 199.19.213.147 "GET /v2.0/extensions/allowed-address-pairs HTTP/1.1" status: 200 len: 383 time: 0.0046704
2026-06-30 19:21:58.969 10 INFO neutron.wsgi [req-0b85138c-eef6-43ba-8804-7a9ad511f37a req-e68a8537-762a-4995-9365-be27c6453f60 eff23f8a1364407d8b3a970c8fb0a198 9e87a226553f4b4a821d76fca7e776bc - - bbc4d2f7230e43ac89655b01cd30e2b7 bbc4d2f7230e43ac89655b01cd30e2b7] 199.19.213.147 "GET /v2.0/floatingips?fixed_ip_address=10.2.2.230&port_id=00e6c101-6842-4579-af29-17d3aea2c60e HTTP/1.1" status: 200 len: 217 time: 0.0283356
2026-06-30 19:21:58.988 9 INFO neutron.wsgi [None req-d1ea75d6-55de-4317-8773-5e470342679c 6d56b05daa884ec9a26d68371538b4fa 8b5a2e91b56e421daa84bcf5d91a809d - - default default] 199.19.213.147 "GET /v2.0/subnets/7e819515-6071-475c-a551-a2614429dc2e HTTP/1.1" status: 200 len: 850 time: 0.0305994
2026-06-30 19:21:59.008 10 INFO neutron.wsgi [req-0b85138c-eef6-43ba-8804-7a9ad511f37a req-ebdcce31-9e56-43be-97f7-76f649a71ab2 eff23f8a1364407d8b3a970c8fb0a198 9e87a226553f4b4a821d76fca7e776bc - - bbc4d2f7230e43ac89655b01cd30e2b7 bbc4d2f7230e43ac89655b01cd30e2b7] 199.19.213.147 "GET /v2.0/subnets?id=01f05347-1e17-4a71-b694-a5e3ff563a2c HTTP/1.1" status: 200 len: 852 time: 0.0313361
2026-06-30 19:21:59.029 9 INFO neutron.wsgi [None req-523929b0-6a0e-480f-9dcb-65ae1f653b78 6d56b05daa884ec9a26d68371538b4fa 8b5a2e91b56e421daa84bcf5d91a809d - - default default] 199.19.213.147 "GET /v2.0/ports/390310b3-4749-4535-b17d-66ae054caa4e HTTP/1.1" status: 200 len: 1340 time: 0.0343609
2026-06-30 19:21:59.047 10 INFO neutron.wsgi [req-0b85138c-eef6-43ba-8804-7a9ad511f37a req-ec559a9d-0aa6-4532-843f-b136c75838e9 eff23f8a1364407d8b3a970c8fb0a198 9e87a226553f4b4a821d76fca7e776bc - - bbc4d2f7230e43ac89655b01cd30e2b7 bbc4d2f7230e43ac89655b01cd30e2b7] 199.19.213.147 "GET /v2.0/ports?network_id=b48ac207-5482-48e9-9c21-0a924b3b0f71&device_owner=network%3Adhcp HTTP/1.1" status: 200 len: 210 time: 0.0337951
2026-06-30 19:21:59.081 9 INFO neutron.wsgi [None req-1dafc825-937d-4daf-9139-ce0687790f13 6d56b05daa884ec9a26d68371538b4fa 8b5a2e91b56e421daa84bcf5d91a809d - - default default] 199.19.213.147 "GET /v2.0/ports/1a791e42-835b-48d8-9d12-36bc6702af8c HTTP/1.1" status: 200 len: 1471 time: 0.0454016
2026-06-30 19:21:59.116 9 INFO neutron.wsgi [None req-e684ee22-a9b0-4812-a685-4156d7557ec2 6d56b05daa884ec9a26d68371538b4fa 8b5a2e91b56e421daa84bcf5d91a809d - - default default] 199.19.213.147 "GET /v2.0/subnets/7e819515-6071-475c-a551-a2614429dc2e HTTP/1.1" status: 200 len: 850 time: 0.0292411
2026-06-30 19:21:59.135 10 INFO neutron.wsgi [req-0b85138c-eef6-43ba-8804-7a9ad511f37a req-ca351a04-6b60-48f9-a1be-e10d27daf74f eff23f8a1364407d8b3a970c8fb0a198 9e87a226553f4b4a821d76fca7e776bc - - bbc4d2f7230e43ac89655b01cd30e2b7 bbc4d2f7230e43ac89655b01cd30e2b7] 199.19.213.147 "GET /v2.0/networks/b48ac207-5482-48e9-9c21-0a924b3b0f71?fields=segments HTTP/1.1" status: 200 len: 212 time: 0.0801172
2026-06-30 19:21:59.175 9 INFO neutron.wsgi [None req-192d10b3-12fc-4362-82c0-08613ed72a09 6d56b05daa884ec9a26d68371538b4fa 8b5a2e91b56e421daa84bcf5d91a809d - - default default] 199.19.213.147 "GET /v2.0/networks/47280aff-f9bc-4025-8c7f-a00c7cc53d13 HTTP/1.1" status: 200 len: 1002 time: 0.0518003
2026-06-30 19:21:59.211 10 INFO neutron.wsgi [req-0b85138c-eef6-43ba-8804-7a9ad511f37a req-f11f70ed-a1b0-4a1e-8cb4-2979ae0ec532 eff23f8a1364407d8b3a970c8fb0a198 9e87a226553f4b4a821d76fca7e776bc - - bbc4d2f7230e43ac89655b01cd30e2b7 bbc4d2f7230e43ac89655b01cd30e2b7] 199.19.213.147 "GET /v2.0/networks/b48ac207-5482-48e9-9c21-0a924b3b0f71?fields=provider%3Aphysical_network&fields=provider%3Anetwork_type HTTP/1.1" status: 200 len: 277 time: 0.0682819
2026-06-30 19:21:59.229 9 INFO neutron.wsgi [None req-3d111594-22fd-4582-92fb-fb65050fbaec 6d56b05daa884ec9a26d68371538b4fa 8b5a2e91b56e421daa84bcf5d91a809d - - default default] 199.19.213.147 "GET /v2.0/ports/390310b3-4749-4535-b17d-66ae054caa4e HTTP/1.1" status: 200 len: 1340 time: 0.0448117
2026-06-30 19:21:59.268 9 INFO neutron.wsgi [None req-3c180a9a-30ca-4f5c-8bb1-417360eca23a 6d56b05daa884ec9a26d68371538b4fa 8b5a2e91b56e421daa84bcf5d91a809d - - default default] 199.19.213.147 "GET /v2.0/subnets/7e819515-6071-475c-a551-a2614429dc2e HTTP/1.1" status: 200 len: 850 time: 0.0326946
2026-06-30 19:21:59.830 9 INFO neutron.wsgi [-] 10.0.0.140 "GET / HTTP/1.1" status: 200 len: 246 time: 0.0020857
2026-06-30 19:21:59.832 9 INFO neutron.wsgi [-] 10.0.0.140 "GET / HTTP/1.1" status: 200 len: 246 time: 0.0013859
2026-06-30 19:22:08.246 9 INFO neutron.wsgi [None req-affe4e85-a197-4e7a-ba72-58bec2533eff 6d56b05daa884ec9a26d68371538b4fa 8b5a2e91b56e421daa84bcf5d91a809d - - default default] 199.19.213.147 "GET /v2.0/extensions/security-group HTTP/1.1" status: 200 len: 369 time: 0.0075419
2026-06-30 19:22:08.256 9 INFO neutron.wsgi [None req-0a65c117-2393-4c8e-b912-63fb82497d95 6d56b05daa884ec9a26d68371538b4fa 8b5a2e91b56e421daa84bcf5d91a809d - - default default] 199.19.213.147 "GET /v2.0/extensions/dns-integration HTTP/1.1" status: 200 len: 371 time: 0.0063782
2026-06-30 19:22:08.264 9 INFO neutron.wsgi [None req-6eeef9df-9a1a-4bd9-937c-b7d45e838e71 6d56b05daa884ec9a26d68371538b4fa 8b5a2e91b56e421daa84bcf5d91a809d - - default default] 199.19.213.147 "GET /v2.0/extensions/qos HTTP/1.1" status: 200 len: 365 time: 0.0039845
2026-06-30 19:22:08.272 9 INFO neutron.wsgi [None req-f2139b14-9015-4fe7-b816-be3e61b65772 6d56b05daa884ec9a26d68371538b4fa 8b5a2e91b56e421daa84bcf5d91a809d - - default default] 199.19.213.147 "GET /v2.0/extensions/allowed-address-pairs HTTP/1.1" status: 200 len: 383 time: 0.0038419
2026-06-30 19:22:08.313 9 INFO neutron.wsgi [None req-cabb0601-9d95-4ddb-bfa3-ff108ae4d414 6d56b05daa884ec9a26d68371538b4fa 8b5a2e91b56e421daa84bcf5d91a809d - - default default] 199.19.213.147 "GET /v2.0/subnets/23053fc8-7ab5-4687-86b0-65bec54b86ac HTTP/1.1" status: 200 len: 849 time: 0.0334234
2026-06-30 19:22:08.362 9 INFO neutron.wsgi [None req-594a5b7f-2587-4870-90ba-9055c57a6cc1 6d56b05daa884ec9a26d68371538b4fa 8b5a2e91b56e421daa84bcf5d91a809d - - default default] 199.19.213.147 "GET /v2.0/ports?device_id=c686757d-ef6f-46a0-8f66-65f3c21af99d HTTP/1.1" status: 200 len: 4928 time: 0.0405893
2026-06-30 19:22:08.506 9 INFO neutron.wsgi [None req-6532ee9e-8856-4984-8425-6c993cce8015 6d56b05daa884ec9a26d68371538b4fa 8b5a2e91b56e421daa84bcf5d91a809d - - default default] 199.19.213.147 "GET /v2.0/extensions/security-group HTTP/1.1" status: 200 len: 369 time: 0.0080884
2026-06-30 19:22:08.514 9 INFO neutron.wsgi [None req-45e3c7a3-9bbc-4fa8-9358-704e660acc74 6d56b05daa884ec9a26d68371538b4fa 8b5a2e91b56e421daa84bcf5d91a809d - - default default] 199.19.213.147 "GET /v2.0/extensions/dns-integration HTTP/1.1" status: 200 len: 371 time: 0.0045369
2026-06-30 19:22:08.526 9 INFO neutron.wsgi [None req-f56d5bd4-38a3-4573-9236-1eb935d62c2c 6d56b05daa884ec9a26d68371538b4fa 8b5a2e91b56e421daa84bcf5d91a809d - - default default] 199.19.213.147 "GET /v2.0/extensions/qos HTTP/1.1" status: 200 len: 365 time: 0.0076332
2026-06-30 19:22:08.537 9 INFO neutron.wsgi [None req-d685e081-6b90-4f94-908a-e4c096601b78 6d56b05daa884ec9a26d68371538b4fa 8b5a2e91b56e421daa84bcf5d91a809d - - default default] 199.19.213.147 "GET /v2.0/extensions/allowed-address-pairs HTTP/1.1" status: 200 len: 383 time: 0.0053747
2026-06-30 19:22:08.568 9 INFO neutron.wsgi [None req-79065ec7-ed01-41bb-a042-ab365dbe83cd 6d56b05daa884ec9a26d68371538b4fa 8b5a2e91b56e421daa84bcf5d91a809d - - default default] 199.19.213.147 "GET /v2.0/ports/00e6c101-6842-4579-af29-17d3aea2c60e HTTP/1.1" status: 200 len: 1358 time: 0.0254517
2026-06-30 19:22:09.203 9 INFO neutron.db.ovn_revision_numbers_db [None req-ee5c1e29-b92a-42bf-aa61-e399e652b0a1 6d56b05daa884ec9a26d68371538b4fa 8b5a2e91b56e421daa84bcf5d91a809d - - - -] Successfully bumped revision number for resource 00e6c101-6842-4579-af29-17d3aea2c60e (type: ports) to 6
2026-06-30 19:22:09.212 9 INFO neutron.wsgi [None req-ee5c1e29-b92a-42bf-aa61-e399e652b0a1 6d56b05daa884ec9a26d68371538b4fa 8b5a2e91b56e421daa84bcf5d91a809d - - - -] 199.19.213.147 "PUT /v2.0/ports/00e6c101-6842-4579-af29-17d3aea2c60e HTTP/1.1" status: 200 len: 1154 time: 0.6352186 /var/lib/openstack/lib/python3.10/site-packages/pycadf/identifier.py:71: UserWarning: Invalid uuid: neutron. To ensure interoperability, identifiers should be a valid uuid. warnings.warn(('Invalid uuid: %s. To ensure interoperability, '
2026-06-30 19:22:09.266 9 INFO neutron.notifiers.nova [-] Nova event matching ['req-6edb02e9-6f0b-47de-bde6-db2ccf810a5a'] response: {'name': 'network-changed', 'server_uuid': 'c686757d-ef6f-46a0-8f66-65f3c21af99d', 'tag': '00e6c101-6842-4579-af29-17d3aea2c60e', 'status': 'completed', 'code': 200}
2026-06-30 19:22:09.288 9 INFO neutron.wsgi [None req-2e576e8d-8651-4623-b623-ebeabe3250b1 6d56b05daa884ec9a26d68371538b4fa 8b5a2e91b56e421daa84bcf5d91a809d - - default default] 199.19.213.147 "GET /v2.0/networks/b48ac207-5482-48e9-9c21-0a924b3b0f71 HTTP/1.1" status: 200 len: 1000 time: 0.0694785
2026-06-30 19:22:09.317 10 INFO neutron.wsgi [req-73554761-4538-4a11-bf5a-a16deb6d9a19 req-4061998a-1690-4eb4-87ca-7d2177a4dd8f eff23f8a1364407d8b3a970c8fb0a198 9e87a226553f4b4a821d76fca7e776bc - - bbc4d2f7230e43ac89655b01cd30e2b7 bbc4d2f7230e43ac89655b01cd30e2b7] 199.19.213.147 "GET /v2.0/ports?tenant_id=8b5a2e91b56e421daa84bcf5d91a809d&device_id=c686757d-ef6f-46a0-8f66-65f3c21af99d HTTP/1.1" status: 200 len: 4753 time: 0.0401978
2026-06-30 19:22:09.330 9 INFO neutron.wsgi [None req-b3d3076c-e74a-4f89-a7e8-4b85fdeb27ed 6d56b05daa884ec9a26d68371538b4fa 8b5a2e91b56e421daa84bcf5d91a809d - - default default] 199.19.213.147 "GET /v2.0/ports?device_id=c686757d-ef6f-46a0-8f66-65f3c21af99d HTTP/1.1" status: 200 len: 4753 time: 0.0367601
2026-06-30 19:22:09.375 10 INFO neutron.wsgi [req-73554761-4538-4a11-bf5a-a16deb6d9a19 req-4276f15a-0490-4b28-a8e1-2beabfb6a422 eff23f8a1364407d8b3a970c8fb0a198 9e87a226553f4b4a821d76fca7e776bc - - bbc4d2f7230e43ac89655b01cd30e2b7 bbc4d2f7230e43ac89655b01cd30e2b7] 199.19.213.147 "GET /v2.0/networks?id=b48ac207-5482-48e9-9c21-0a924b3b0f71 HTTP/1.1" status: 200 len: 1003 time: 0.0524547
2026-06-30 19:22:09.450 9 INFO neutron.wsgi [None req-dc3d8949-5e36-4001-9c5c-2e67f690bde4 6d56b05daa884ec9a26d68371538b4fa 8b5a2e91b56e421daa84bcf5d91a809d - - default default] 199.19.213.147 "GET /v2.0/ports?device_id=c686757d-ef6f-46a0-8f66-65f3c21af99d HTTP/1.1" status: 200 len: 4753 time: 0.0339599
2026-06-30 19:22:09.452 10 INFO neutron.wsgi [req-73554761-4538-4a11-bf5a-a16deb6d9a19 req-d16efe0a-1b3f-4d0f-b424-95742b242906 eff23f8a1364407d8b3a970c8fb0a198 9e87a226553f4b4a821d76fca7e776bc - - bbc4d2f7230e43ac89655b01cd30e2b7 bbc4d2f7230e43ac89655b01cd30e2b7] 199.19.213.147 "GET /v2.0/networks/b48ac207-5482-48e9-9c21-0a924b3b0f71?fields=segments HTTP/1.1" status: 200 len: 212 time: 0.0677876
2026-06-30 19:22:09.538 10 INFO neutron.wsgi [req-73554761-4538-4a11-bf5a-a16deb6d9a19 req-5a5b22cf-569e-4a8a-9833-5da7df09623c eff23f8a1364407d8b3a970c8fb0a198 9e87a226553f4b4a821d76fca7e776bc - - bbc4d2f7230e43ac89655b01cd30e2b7 bbc4d2f7230e43ac89655b01cd30e2b7] 199.19.213.147 "GET /v2.0/networks/b48ac207-5482-48e9-9c21-0a924b3b0f71?fields=provider%3Aphysical_network&fields=provider%3Anetwork_type HTTP/1.1" status: 200 len: 277 time: 0.0793750
2026-06-30 19:22:09.726 10 INFO neutron.plugins.ml2.drivers.ovn.mech_driver.mech_driver [None req-288fa77a-60d8-48bf-b78e-43ba747f83cf - - - - - -] OVN reports status down for port: 00e6c101-6842-4579-af29-17d3aea2c60e
2026-06-30 19:22:09.797 10 INFO neutron.wsgi [req-94acfc0f-620a-4599-8b99-bbb87fc11279 req-3592b1a7-09a9-4d44-b7a7-5613f25a30c9 eff23f8a1364407d8b3a970c8fb0a198 9e87a226553f4b4a821d76fca7e776bc - - bbc4d2f7230e43ac89655b01cd30e2b7 bbc4d2f7230e43ac89655b01cd30e2b7] 199.19.213.147 "GET /v2.0/ports/00e6c101-6842-4579-af29-17d3aea2c60e HTTP/1.1" status: 200 len: 1182 time: 0.0457308
2026-06-30 19:22:09.916 10 INFO neutron.notifiers.nova [-] Nova event matching ['req-8dfb9e4b-95d0-43b7-8b31-7befa2274c9f'] response: {'server_uuid': 'c686757d-ef6f-46a0-8f66-65f3c21af99d', 'name': 'network-vif-unplugged', 'status': 'completed', 'tag': '00e6c101-6842-4579-af29-17d3aea2c60e', 'code': 200}
2026-06-30 19:22:10.123 10 INFO neutron.db.ovn_revision_numbers_db [None req-288fa77a-60d8-48bf-b78e-43ba747f83cf - - - - - -] Successfully bumped revision number for resource 00e6c101-6842-4579-af29-17d3aea2c60e (type: ports) to 7
2026-06-30 19:22:10.184 10 INFO neutron.wsgi [None req-5a08f5ef-91a8-4bb3-9d4b-a223b98d5d95 6d56b05daa884ec9a26d68371538b4fa 8b5a2e91b56e421daa84bcf5d91a809d - - - -] 199.19.213.147 "DELETE /v2.0/ports/00e6c101-6842-4579-af29-17d3aea2c60e HTTP/1.1" status: 204 len: 173 time: 0.3835487
2026-06-30 19:22:10.276 10 INFO neutron.wsgi [req-94acfc0f-620a-4599-8b99-bbb87fc11279 req-ec590fb1-c22c-4d78-83b9-68d0703898e4 eff23f8a1364407d8b3a970c8fb0a198 9e87a226553f4b4a821d76fca7e776bc - - bbc4d2f7230e43ac89655b01cd30e2b7 bbc4d2f7230e43ac89655b01cd30e2b7] 199.19.213.147 "GET /v2.0/ports?tenant_id=8b5a2e91b56e421daa84bcf5d91a809d&device_id=c686757d-ef6f-46a0-8f66-65f3c21af99d HTTP/1.1" status: 200 len: 3778 time: 0.0449002
2026-06-30 19:22:10.369 10 INFO neutron.wsgi [req-94acfc0f-620a-4599-8b99-bbb87fc11279 req-79e39383-e9df-4bd2-8001-fc35dd744f97 eff23f8a1364407d8b3a970c8fb0a198 9e87a226553f4b4a821d76fca7e776bc - - bbc4d2f7230e43ac89655b01cd30e2b7 bbc4d2f7230e43ac89655b01cd30e2b7] 199.19.213.147 "GET /v2.0/networks?id=0875a924-8b80-46bf-9153-f1ff8a129ac0&id=47280aff-f9bc-4025-8c7f-a00c7cc53d13&id=ece35acc-c896-48b4-9d24-38dd9115d876&id=b48ac207-5482-48e9-9c21-0a924b3b0f71 HTTP/1.1" status: 200 len: 3309 time: 0.0747020
2026-06-30 19:22:10.403 10 INFO neutron.wsgi [req-94acfc0f-620a-4599-8b99-bbb87fc11279 req-2e4945fd-ebea-40c2-a0bd-28834e74088c eff23f8a1364407d8b3a970c8fb0a198 9e87a226553f4b4a821d76fca7e776bc - - bbc4d2f7230e43ac89655b01cd30e2b7 bbc4d2f7230e43ac89655b01cd30e2b7] 199.19.213.147 "GET /v2.0/floatingips?fixed_ip_address=172.24.1.209&port_id=cd8a8f46-b028-4360-a091-397184f0bb9f HTTP/1.1" status: 200 len: 217 time: 0.0278826
2026-06-30 19:22:10.440 10 INFO neutron.wsgi [req-94acfc0f-620a-4599-8b99-bbb87fc11279 req-069275cf-ea08-4535-8d40-10cfe82235f5 eff23f8a1364407d8b3a970c8fb0a198 9e87a226553f4b4a821d76fca7e776bc - - bbc4d2f7230e43ac89655b01cd30e2b7 bbc4d2f7230e43ac89655b01cd30e2b7] 199.19.213.147 "GET /v2.0/subnets?id=104032fb-45c1-4495-9030-a0e1e6a3ba2c HTTP/1.1" status: 200 len: 829 time: 0.0280521
2026-06-30 19:22:10.467 10 INFO neutron.wsgi [req-94acfc0f-620a-4599-8b99-bbb87fc11279 req-a75bae18-0f87-455e-9694-f9d46f98b8c8 eff23f8a1364407d8b3a970c8fb0a198 9e87a226553f4b4a821d76fca7e776bc - - bbc4d2f7230e43ac89655b01cd30e2b7 bbc4d2f7230e43ac89655b01cd30e2b7] 199.19.213.147 "GET /v2.0/ports?network_id=0875a924-8b80-46bf-9153-f1ff8a129ac0&device_owner=network%3Adhcp HTTP/1.1" status: 200 len: 210 time: 0.0232346
2026-06-30 19:22:10.492 9 INFO neutron.wsgi [None req-0e748c79-e142-4093-a3ca-8c664ea4a1f5 6d56b05daa884ec9a26d68371538b4fa 8b5a2e91b56e421daa84bcf5d91a809d - - default default] 199.19.213.147 "GET /v2.0/ports?device_id=c686757d-ef6f-46a0-8f66-65f3c21af99d HTTP/1.1" status: 200 len: 3778 time: 0.0345056
2026-06-30 19:22:10.517 9 INFO neutron.pecan_wsgi.hooks.translation [None req-4f2abfc9-682d-4d6d-9ebe-fdbc3b1ec2fb 6d56b05daa884ec9a26d68371538b4fa 8b5a2e91b56e421daa84bcf5d91a809d - - - -] DELETE failed (client error): The resource could not be found.
2026-06-30 19:22:10.519 9 INFO neutron.wsgi [None req-4f2abfc9-682d-4d6d-9ebe-fdbc3b1ec2fb 6d56b05daa884ec9a26d68371538b4fa 8b5a2e91b56e421daa84bcf5d91a809d - - - -] 199.19.213.147 "DELETE /v2.0/ports/00e6c101-6842-4579-af29-17d3aea2c60e HTTP/1.1" status: 404 len: 338 time: 0.0208654
2026-06-30 19:22:10.534 10 INFO neutron.wsgi [req-94acfc0f-620a-4599-8b99-bbb87fc11279 req-7650ddc2-3fce-4623-aaf8-b3440e80314f eff23f8a1364407d8b3a970c8fb0a198 9e87a226553f4b4a821d76fca7e776bc - - bbc4d2f7230e43ac89655b01cd30e2b7 bbc4d2f7230e43ac89655b01cd30e2b7] 199.19.213.147 "GET /v2.0/networks/0875a924-8b80-46bf-9153-f1ff8a129ac0?fields=segments HTTP/1.1" status: 200 len: 212 time: 0.0590570
2026-06-30 19:22:10.612 10 INFO neutron.wsgi [req-94acfc0f-620a-4599-8b99-bbb87fc11279 req-eab2492b-c01a-4383-894c-ca6204c38ccc eff23f8a1364407d8b3a970c8fb0a198 9e87a226553f4b4a821d76fca7e776bc - - bbc4d2f7230e43ac89655b01cd30e2b7 bbc4d2f7230e43ac89655b01cd30e2b7] 199.19.213.147 "GET /v2.0/networks/0875a924-8b80-46bf-9153-f1ff8a129ac0?fields=provider%3Aphysical_network&fields=provider%3Anetwork_type HTTP/1.1" status: 200 len: 277 time: 0.0699570
2026-06-30 19:22:10.613 9 INFO neutron.wsgi [None req-d502a665-66c5-4215-a0e0-f5428c2adff3 6d56b05daa884ec9a26d68371538b4fa 8b5a2e91b56e421daa84bcf5d91a809d - - default default] 199.19.213.147 "GET /v2.0/extensions/security-group HTTP/1.1" status: 200 len: 369 time: 0.0068114
2026-06-30 19:22:10.627 9 INFO neutron.wsgi [None req-8b0f9cb3-e95f-4775-baa0-3afdd6ccf6f2 6d56b05daa884ec9a26d68371538b4fa 8b5a2e91b56e421daa84bcf5d91a809d - - default default] 199.19.213.147 "GET /v2.0/extensions/dns-integration HTTP/1.1" status: 200 len: 371 time: 0.0050554
2026-06-30 19:22:10.640 9 INFO neutron.wsgi [None req-767a8903-a488-4c9c-9621-fb04933c0bf5 6d56b05daa884ec9a26d68371538b4fa 8b5a2e91b56e421daa84bcf5d91a809d - - default default] 199.19.213.147 "GET /v2.0/extensions/qos HTTP/1.1" status: 200 len: 365 time: 0.0062654
2026-06-30 19:22:10.652 10 INFO neutron.wsgi [req-94acfc0f-620a-4599-8b99-bbb87fc11279 req-63b621eb-4a26-470d-989f-f26f46354285 eff23f8a1364407d8b3a970c8fb0a198 9e87a226553f4b4a821d76fca7e776bc - - bbc4d2f7230e43ac89655b01cd30e2b7 bbc4d2f7230e43ac89655b01cd30e2b7] 199.19.213.147 "GET /v2.0/floatingips?fixed_ip_address=10.1.1.141&port_id=1a791e42-835b-48d8-9d12-36bc6702af8c HTTP/1.1" status: 200 len: 217 time: 0.0341165
2026-06-30 19:22:10.654 9 INFO neutron.wsgi [None req-3c10b1c8-e370-4f7d-95ae-4eca048bdd4b 6d56b05daa884ec9a26d68371538b4fa 8b5a2e91b56e421daa84bcf5d91a809d - - default default] 199.19.213.147 "GET /v2.0/extensions/allowed-address-pairs HTTP/1.1" status: 200 len: 383 time: 0.0058181
2026-06-30 19:22:10.688 10 INFO neutron.wsgi [req-94acfc0f-620a-4599-8b99-bbb87fc11279 req-0232b1fa-0498-45de-9999-5e0885202dee eff23f8a1364407d8b3a970c8fb0a198 9e87a226553f4b4a821d76fca7e776bc - - bbc4d2f7230e43ac89655b01cd30e2b7 bbc4d2f7230e43ac89655b01cd30e2b7] 199.19.213.147 "GET /v2.0/subnets?id=7e819515-6071-475c-a551-a2614429dc2e HTTP/1.1" status: 200 len: 853 time: 0.0310991
2026-06-30 19:22:10.692 9 INFO neutron.wsgi [None req-6f929f6e-a5bb-4db4-834c-9d8b4779d911 6d56b05daa884ec9a26d68371538b4fa 8b5a2e91b56e421daa84bcf5d91a809d - - default default] 199.19.213.147 "GET /v2.0/subnets/7e819515-6071-475c-a551-a2614429dc2e HTTP/1.1" status: 200 len: 850 time: 0.0278568
2026-06-30 19:22:10.719 10 INFO neutron.wsgi [req-94acfc0f-620a-4599-8b99-bbb87fc11279 req-aa601239-0674-4043-ac40-20a59877efc4 eff23f8a1364407d8b3a970c8fb0a198 9e87a226553f4b4a821d76fca7e776bc - - bbc4d2f7230e43ac89655b01cd30e2b7 bbc4d2f7230e43ac89655b01cd30e2b7] 199.19.213.147 "GET /v2.0/ports?network_id=47280aff-f9bc-4025-8c7f-a00c7cc53d13&device_owner=network%3Adhcp HTTP/1.1" status: 200 len: 210 time: 0.0244091
2026-06-30 19:22:10.722 9 INFO neutron.wsgi [None req-4d1c552d-008a-4286-8e6d-bb109c9d49fd 6d56b05daa884ec9a26d68371538b4fa 8b5a2e91b56e421daa84bcf5d91a809d - - default default] 199.19.213.147 "GET /v2.0/ports/390310b3-4749-4535-b17d-66ae054caa4e HTTP/1.1" status: 200 len: 1340 time: 0.0227995
2026-06-30 19:22:10.767 9 INFO neutron.wsgi [None req-7dc432df-4f42-41c7-84ca-53fd4e663d10 6d56b05daa884ec9a26d68371538b4fa 8b5a2e91b56e421daa84bcf5d91a809d - - default default] 199.19.213.147 "GET /v2.0/ports/1a791e42-835b-48d8-9d12-36bc6702af8c HTTP/1.1" status: 200 len: 1471 time: 0.0378778
2026-06-30 19:22:10.789 10 INFO neutron.wsgi [req-94acfc0f-620a-4599-8b99-bbb87fc11279 req-6f89948a-d169-4dc1-bf86-282a7f0f3d3b eff23f8a1364407d8b3a970c8fb0a198 9e87a226553f4b4a821d76fca7e776bc - - bbc4d2f7230e43ac89655b01cd30e2b7 bbc4d2f7230e43ac89655b01cd30e2b7] 199.19.213.147 "GET /v2.0/networks/47280aff-f9bc-4025-8c7f-a00c7cc53d13?fields=segments HTTP/1.1" status: 200 len: 212 time: 0.0633280
2026-06-30 19:22:10.803 9 INFO neutron.wsgi [None req-f8218d6d-d621-4890-b1d5-7d59222c1c38 6d56b05daa884ec9a26d68371538b4fa 8b5a2e91b56e421daa84bcf5d91a809d - - default default] 199.19.213.147 "GET /v2.0/subnets/7e819515-6071-475c-a551-a2614429dc2e HTTP/1.1" status: 200 len: 850 time: 0.0280952
2026-06-30 19:22:10.855 10 INFO neutron.wsgi [req-94acfc0f-620a-4599-8b99-bbb87fc11279 req-bd36bbf6-5e5d-4626-9427-75a2b00eb92b eff23f8a1364407d8b3a970c8fb0a198 9e87a226553f4b4a821d76fca7e776bc - - bbc4d2f7230e43ac89655b01cd30e2b7 bbc4d2f7230e43ac89655b01cd30e2b7] 199.19.213.147 "GET /v2.0/networks/47280aff-f9bc-4025-8c7f-a00c7cc53d13?fields=provider%3Aphysical_network&fields=provider%3Anetwork_type HTTP/1.1" status: 200 len: 277 time: 0.0588882
2026-06-30 19:22:10.861 9 INFO neutron.wsgi [None req-663b4457-2dab-4204-9cbf-f902477f18ab 6d56b05daa884ec9a26d68371538b4fa 8b5a2e91b56e421daa84bcf5d91a809d - - default default] 199.19.213.147 "GET /v2.0/networks/47280aff-f9bc-4025-8c7f-a00c7cc53d13 HTTP/1.1" status: 200 len: 1002 time: 0.0519812
2026-06-30 19:22:10.889 10 INFO neutron.wsgi [req-94acfc0f-620a-4599-8b99-bbb87fc11279 req-bfdce137-08af-44f4-8fea-4b682d21f31d eff23f8a1364407d8b3a970c8fb0a198 9e87a226553f4b4a821d76fca7e776bc - - bbc4d2f7230e43ac89655b01cd30e2b7 bbc4d2f7230e43ac89655b01cd30e2b7] 199.19.213.147 "GET /v2.0/floatingips?fixed_ip_address=10.2.1.94&port_id=01fc97bc-7c5c-419a-8ae4-baeb742c4dcb HTTP/1.1" status: 200 len: 217 time: 0.0263925
2026-06-30 19:22:10.897 9 INFO neutron.wsgi [None req-8978910a-52ed-4dec-a5ea-239e1c2820a3 6d56b05daa884ec9a26d68371538b4fa 8b5a2e91b56e421daa84bcf5d91a809d - - default default] 199.19.213.147 "GET /v2.0/ports/390310b3-4749-4535-b17d-66ae054caa4e HTTP/1.1" status: 200 len: 1340 time: 0.0282755
2026-06-30 19:22:10.921 10 INFO neutron.wsgi [req-94acfc0f-620a-4599-8b99-bbb87fc11279 req-cf0d9eff-ac51-45a2-aabc-c968f768d880 eff23f8a1364407d8b3a970c8fb0a198 9e87a226553f4b4a821d76fca7e776bc - - bbc4d2f7230e43ac89655b01cd30e2b7 bbc4d2f7230e43ac89655b01cd30e2b7] 199.19.213.147 "GET /v2.0/subnets?id=23053fc8-7ab5-4687-86b0-65bec54b86ac HTTP/1.1" status: 200 len: 852 time: 0.0269768
2026-06-30 19:22:10.940 9 INFO neutron.wsgi [None req-554f6aa7-5e9d-4352-a905-4e41851db991 6d56b05daa884ec9a26d68371538b4fa 8b5a2e91b56e421daa84bcf5d91a809d - - default default] 199.19.213.147 "GET /v2.0/subnets/7e819515-6071-475c-a551-a2614429dc2e HTTP/1.1" status: 200 len: 850 time: 0.0348685
2026-06-30 19:22:10.956 10 INFO neutron.wsgi [req-94acfc0f-620a-4599-8b99-bbb87fc11279 req-91af4ee0-84b7-4da6-86c1-9bfa845ee2fb eff23f8a1364407d8b3a970c8fb0a198 9e87a226553f4b4a821d76fca7e776bc - - bbc4d2f7230e43ac89655b01cd30e2b7 bbc4d2f7230e43ac89655b01cd30e2b7] 199.19.213.147 "GET /v2.0/ports?network_id=ece35acc-c896-48b4-9d24-38dd9115d876&device_owner=network%3Adhcp HTTP/1.1" status: 200 len: 210 time: 0.0277820
2026-06-30 19:22:11.045 10 INFO neutron.wsgi [req-94acfc0f-620a-4599-8b99-bbb87fc11279 req-8a1ac2e8-9b58-4c5d-965c-745f3e39cc0b eff23f8a1364407d8b3a970c8fb0a198 9e87a226553f4b4a821d76fca7e776bc - - bbc4d2f7230e43ac89655b01cd30e2b7 bbc4d2f7230e43ac89655b01cd30e2b7] 199.19.213.147 "GET /v2.0/networks/ece35acc-c896-48b4-9d24-38dd9115d876?fields=segments HTTP/1.1" status: 200 len: 212 time: 0.0794497
2026-06-30 19:22:11.135 10 INFO neutron.wsgi [req-94acfc0f-620a-4599-8b99-bbb87fc11279 req-3df62534-300b-40be-a27e-f89a7cb36e9b eff23f8a1364407d8b3a970c8fb0a198 9e87a226553f4b4a821d76fca7e776bc - - bbc4d2f7230e43ac89655b01cd30e2b7 bbc4d2f7230e43ac89655b01cd30e2b7] 199.19.213.147 "GET /v2.0/networks/ece35acc-c896-48b4-9d24-38dd9115d876?fields=provider%3Aphysical_network&fields=provider%3Anetwork_type HTTP/1.1" status: 200 len: 277 time: 0.0844636
2026-06-30 19:22:11.958 10 INFO neutron.notifiers.nova [-] Nova event matching ['req-a4415a0a-653e-4710-9707-20744e6d6aab'] response: {'server_uuid': 'c686757d-ef6f-46a0-8f66-65f3c21af99d', 'name': 'network-vif-plugged', 'status': 'completed', 'tag': '00e6c101-6842-4579-af29-17d3aea2c60e', 'code': 200}
2026-06-30 19:22:11.959 10 INFO neutron.notifiers.nova [-] Nova event matching ['req-a4415a0a-653e-4710-9707-20744e6d6aab'] response: {'server_uuid': 'c686757d-ef6f-46a0-8f66-65f3c21af99d', 'name': 'network-vif-deleted', 'tag': '00e6c101-6842-4579-af29-17d3aea2c60e', 'status': 'completed', 'code': 200}
2026-06-30 19:22:13.765 9 INFO neutron.wsgi [None req-d890782b-19c2-43b9-8265-8907092913be 6d56b05daa884ec9a26d68371538b4fa 8b5a2e91b56e421daa84bcf5d91a809d - - default default] 199.19.213.147 "GET /v2.0/extensions/security-group HTTP/1.1" status: 200 len: 369 time: 0.0063710
2026-06-30 19:22:13.776 9 INFO neutron.wsgi [None req-a3ba3e2d-437d-4712-83b8-799752783cac 6d56b05daa884ec9a26d68371538b4fa 8b5a2e91b56e421daa84bcf5d91a809d - - default default] 199.19.213.147 "GET /v2.0/extensions/dns-integration HTTP/1.1" status: 200 len: 371 time: 0.0045350
2026-06-30 19:22:13.784 9 INFO neutron.wsgi [None req-62dbde0d-7e10-415f-b554-a4014d0fa35d 6d56b05daa884ec9a26d68371538b4fa 8b5a2e91b56e421daa84bcf5d91a809d - - default default] 199.19.213.147 "GET /v2.0/extensions/qos HTTP/1.1" status: 200 len: 365 time: 0.0042632
2026-06-30 19:22:13.794 9 INFO neutron.wsgi [None req-b897e515-e53a-48c4-8034-6fb8341b0e58 6d56b05daa884ec9a26d68371538b4fa 8b5a2e91b56e421daa84bcf5d91a809d - - default default] 199.19.213.147 "GET /v2.0/extensions/allowed-address-pairs HTTP/1.1" status: 200 len: 383 time: 0.0053391
2026-06-30 19:22:13.834 9 INFO neutron.wsgi [None req-f24f6abb-4fc5-45b3-8d00-827f7cdbb591 6d56b05daa884ec9a26d68371538b4fa 8b5a2e91b56e421daa84bcf5d91a809d - - default default] 199.19.213.147 "GET /v2.0/ports?device_id=c686757d-ef6f-46a0-8f66-65f3c21af99d HTTP/1.1" status: 200 len: 3778 time: 0.0346155
2026-06-30 19:22:13.976 9 INFO neutron.wsgi [None req-fbd5caf4-6ecc-4499-bf3b-b112734125e6 6d56b05daa884ec9a26d68371538b4fa 8b5a2e91b56e421daa84bcf5d91a809d - - default default] 199.19.213.147 "GET /v2.0/extensions/security-group HTTP/1.1" status: 200 len: 369 time: 0.0064242
2026-06-30 19:22:13.989 9 INFO neutron.wsgi [None req-0ddfe29e-4aef-4fb0-8c46-c8f251e3883d 6d56b05daa884ec9a26d68371538b4fa 8b5a2e91b56e421daa84bcf5d91a809d - - default default] 199.19.213.147 "GET /v2.0/extensions/dns-integration HTTP/1.1" status: 200 len: 371 time: 0.0053997
2026-06-30 19:22:14.001 9 INFO neutron.wsgi [None req-2cada838-152b-49bc-9500-d5f0c7db3985 6d56b05daa884ec9a26d68371538b4fa 8b5a2e91b56e421daa84bcf5d91a809d - - default default] 199.19.213.147 "GET /v2.0/extensions/qos HTTP/1.1" status: 200 len: 365 time: 0.0055819
2026-06-30 19:22:14.017 9 INFO neutron.wsgi [None req-c029845e-f59c-4dbc-b2a8-6fde81c48ab6 6d56b05daa884ec9a26d68371538b4fa 8b5a2e91b56e421daa84bcf5d91a809d - - default default] 199.19.213.147 "GET /v2.0/extensions/allowed-address-pairs HTTP/1.1" status: 200 len: 383 time: 0.0072997
2026-06-30 19:22:14.059 9 INFO neutron.wsgi [None req-9afe2315-21b4-44bb-bdde-ffebbf032c3b 6d56b05daa884ec9a26d68371538b4fa 8b5a2e91b56e421daa84bcf5d91a809d - - default default] 199.19.213.147 "GET /v2.0/ports/01fc97bc-7c5c-419a-8ae4-baeb742c4dcb HTTP/1.1" status: 200 len: 1354 time: 0.0359030
2026-06-30 19:22:14.496 9 INFO neutron.db.ovn_revision_numbers_db [None req-d3e6338f-bae0-4f86-99a5-5a0234abf711 6d56b05daa884ec9a26d68371538b4fa 8b5a2e91b56e421daa84bcf5d91a809d - - - -] Successfully bumped revision number for resource 01fc97bc-7c5c-419a-8ae4-baeb742c4dcb (type: ports) to 6
2026-06-30 19:22:14.506 9 INFO neutron.wsgi [None req-d3e6338f-bae0-4f86-99a5-5a0234abf711 6d56b05daa884ec9a26d68371538b4fa 8b5a2e91b56e421daa84bcf5d91a809d - - - -] 199.19.213.147 "PUT /v2.0/ports/01fc97bc-7c5c-419a-8ae4-baeb742c4dcb HTTP/1.1" status: 200 len: 1154 time: 0.4400883 /var/lib/openstack/lib/python3.10/site-packages/pycadf/identifier.py:71: UserWarning: Invalid uuid: neutron. To ensure interoperability, identifiers should be a valid uuid. warnings.warn(('Invalid uuid: %s. To ensure interoperability, '
2026-06-30 19:22:14.557 9 INFO neutron.notifiers.nova [-] Nova event matching ['req-f687ce7d-7881-442a-b649-f981123c4bf4'] response: {'name': 'network-changed', 'server_uuid': 'c686757d-ef6f-46a0-8f66-65f3c21af99d', 'tag': '01fc97bc-7c5c-419a-8ae4-baeb742c4dcb', 'status': 'completed', 'code': 200}
2026-06-30 19:22:14.577 9 INFO neutron.wsgi [None req-861f6312-8ba4-43fb-8795-cfb986195a10 6d56b05daa884ec9a26d68371538b4fa 8b5a2e91b56e421daa84bcf5d91a809d - - default default] 199.19.213.147 "GET /v2.0/networks/ece35acc-c896-48b4-9d24-38dd9115d876 HTTP/1.1" status: 200 len: 999 time: 0.0625553
2026-06-30 19:22:14.604 10 INFO neutron.wsgi [req-8399548d-f8cf-4467-a2dd-5d8b09d6ecdc req-37b5e75a-2ad8-4c58-bdd0-26522dc09e60 eff23f8a1364407d8b3a970c8fb0a198 9e87a226553f4b4a821d76fca7e776bc - - bbc4d2f7230e43ac89655b01cd30e2b7 bbc4d2f7230e43ac89655b01cd30e2b7] 199.19.213.147 "GET /v2.0/ports?tenant_id=8b5a2e91b56e421daa84bcf5d91a809d&device_id=c686757d-ef6f-46a0-8f66-65f3c21af99d HTTP/1.1" status: 200 len: 3607 time: 0.0343115
2026-06-30 19:22:14.612 9 INFO neutron.wsgi [None req-e445378b-fb3f-43a4-bd31-87bf468787d0 6d56b05daa884ec9a26d68371538b4fa 8b5a2e91b56e421daa84bcf5d91a809d - - default default] 199.19.213.147 "GET /v2.0/ports?device_id=c686757d-ef6f-46a0-8f66-65f3c21af99d HTTP/1.1" status: 200 len: 3607 time: 0.0302551
2026-06-30 19:22:14.680 10 INFO neutron.wsgi [req-8399548d-f8cf-4467-a2dd-5d8b09d6ecdc req-fa5e2e7c-081d-4e52-81e1-2c25700de06b eff23f8a1364407d8b3a970c8fb0a198 9e87a226553f4b4a821d76fca7e776bc - - bbc4d2f7230e43ac89655b01cd30e2b7 bbc4d2f7230e43ac89655b01cd30e2b7] 199.19.213.147 "GET /v2.0/networks?id=ece35acc-c896-48b4-9d24-38dd9115d876 HTTP/1.1" status: 200 len: 1002 time: 0.0700681
2026-06-30 19:22:14.730 9 INFO neutron.wsgi [None req-c202b176-1af2-47e7-a884-a0b545feb2f9 6d56b05daa884ec9a26d68371538b4fa 8b5a2e91b56e421daa84bcf5d91a809d - - default default] 199.19.213.147 "GET /v2.0/ports?device_id=c686757d-ef6f-46a0-8f66-65f3c21af99d HTTP/1.1" status: 200 len: 3607 time: 0.0528691
2026-06-30 19:22:14.754 10 INFO neutron.wsgi [req-8399548d-f8cf-4467-a2dd-5d8b09d6ecdc req-69db55f1-5615-45ee-a534-4e983ff9130c eff23f8a1364407d8b3a970c8fb0a198 9e87a226553f4b4a821d76fca7e776bc - - bbc4d2f7230e43ac89655b01cd30e2b7 bbc4d2f7230e43ac89655b01cd30e2b7] 199.19.213.147 "GET /v2.0/networks/ece35acc-c896-48b4-9d24-38dd9115d876?fields=segments HTTP/1.1" status: 200 len: 212 time: 0.0682554
2026-06-30 19:22:14.828 10 INFO neutron.wsgi [req-8399548d-f8cf-4467-a2dd-5d8b09d6ecdc req-9af61615-54bb-4f9b-b0ee-601ba7ec7c77 eff23f8a1364407d8b3a970c8fb0a198 9e87a226553f4b4a821d76fca7e776bc - - bbc4d2f7230e43ac89655b01cd30e2b7 bbc4d2f7230e43ac89655b01cd30e2b7] 199.19.213.147 "GET /v2.0/networks/ece35acc-c896-48b4-9d24-38dd9115d876?fields=provider%3Aphysical_network&fields=provider%3Anetwork_type HTTP/1.1" status: 200 len: 277 time: 0.0655615
2026-06-30 19:22:14.831 9 INFO neutron.wsgi [-] 10.0.0.140 "GET / HTTP/1.1" status: 200 len: 246 time: 0.0031116
2026-06-30 19:22:14.835 9 INFO neutron.wsgi [-] 10.0.0.140 "GET / HTTP/1.1" status: 200 len: 246 time: 0.0022411
2026-06-30 19:22:15.005 10 INFO neutron.plugins.ml2.drivers.ovn.mech_driver.mech_driver [None req-288fa77a-60d8-48bf-b78e-43ba747f83cf - - - - - -] OVN reports status down for port: 01fc97bc-7c5c-419a-8ae4-baeb742c4dcb
2026-06-30 19:22:15.084 10 INFO neutron.wsgi [req-56058562-630d-48f3-8274-72c86703622f req-25126f6f-abe7-4296-b1fd-3960aa1ada8c eff23f8a1364407d8b3a970c8fb0a198 9e87a226553f4b4a821d76fca7e776bc - - bbc4d2f7230e43ac89655b01cd30e2b7 bbc4d2f7230e43ac89655b01cd30e2b7] 199.19.213.147 "GET /v2.0/ports/01fc97bc-7c5c-419a-8ae4-baeb742c4dcb HTTP/1.1" status: 200 len: 1182 time: 0.0457194
2026-06-30 19:22:15.219 10 INFO neutron.notifiers.nova [-] Nova event matching ['req-1a4d48a7-9c63-4436-9254-3072323768f9'] response: {'server_uuid': 'c686757d-ef6f-46a0-8f66-65f3c21af99d', 'name': 'network-vif-unplugged', 'status': 'completed', 'tag': '01fc97bc-7c5c-419a-8ae4-baeb742c4dcb', 'code': 200}
2026-06-30 19:22:15.434 10 ERROR neutron.plugins.ml2.managers [None req-288fa77a-60d8-48bf-b78e-43ba747f83cf - - - - - -] Mechanism driver 'ovn' failed in update_port_postcommit: oslo_db.exception.DBReferenceError: (pymysql.err.IntegrityError) (1452, 'Cannot add or update a child row: a foreign key constraint fails (`neutron`.`ovn_revision_numbers`, CONSTRAINT `ovn_revision_numbers_ibfk_1` FOREIGN KEY (`standard_attr_id`) REFERENCES `standardattributes` (`id`) ON DELETE SET NULL)') [SQL: UPDATE ovn_revision_numbers SET standard_attr_id=%(standard_attr_id)s, revision_number=%(revision_number)s, updated_at=now() WHERE ovn_revision_numbers.resource_uuid = %(ovn_revision_numbers_resource_uuid)s AND ovn_revision_numbers.resource_type = %(ovn_revision_numbers_resource_type)s] [parameters: {'standard_attr_id': 1134, 'revision_number': 7, 'ovn_revision_numbers_resource_uuid': '01fc97bc-7c5c-419a-8ae4-baeb742c4dcb', 'ovn_revision_numbers_resource_type': 'ports'}] (Background on this error at: https://sqlalche.me/e/14/gkpj)
2026-06-30 19:22:15.434 10 ERROR neutron.plugins.ml2.managers
Traceback (most recent call last):
2026-06-30 19:22:15.434 10 ERROR neutron.plugins.ml2.managers
File "/var/lib/openstack/lib/python3.10/site-packages/sqlalchemy/engine/base.py", line 1900, in _execute_context
2026-06-30 19:22:15.434 10 ERROR neutron.plugins.ml2.managers self.dialect.do_execute(
2026-06-30 19:22:15.434 10 ERROR neutron.plugins.ml2.managers
File "/var/lib/openstack/lib/python3.10/site-packages/sqlalchemy/engine/default.py", line 732, in do_execute
2026-06-30 19:22:15.434 10 ERROR neutron.plugins.ml2.managers cursor.execute(statement, parameters)
2026-06-30 19:22:15.434 10 ERROR neutron.plugins.ml2.managers
File "/var/lib/openstack/lib/python3.10/site-packages/pymysql/cursors.py", line 148, in execute
2026-06-30 19:22:15.434 10 ERROR neutron.plugins.ml2.managers result = self._query(query)
2026-06-30 19:22:15.434 10 ERROR neutron.plugins.ml2.managers
File "/var/lib/openstack/lib/python3.10/site-packages/pymysql/cursors.py", line 310, in _query
2026-06-30 19:22:15.434 10 ERROR neutron.plugins.ml2.managers conn.query(q)
2026-06-30 19:22:15.434 10 ERROR neutron.plugins.ml2.managers
File "/var/lib/openstack/lib/python3.10/site-packages/pymysql/connections.py", line 548, in query
2026-06-30 19:22:15.434 10 ERROR neutron.plugins.ml2.managers self._affected_rows = self._read_query_result(unbuffered=unbuffered)
2026-06-30 19:22:15.434 10 ERROR neutron.plugins.ml2.managers
File "/var/lib/openstack/lib/python3.10/site-packages/pymysql/connections.py", line 775, in _read_query_result
2026-06-30 19:22:15.434 10 ERROR neutron.plugins.ml2.managers result.read()
2026-06-30 19:22:15.434 10 ERROR neutron.plugins.ml2.managers
File "/var/lib/openstack/lib/python3.10/site-packages/pymysql/connections.py", line 1156, in read
2026-06-30 19:22:15.434 10 ERROR neutron.plugins.ml2.managers first_packet = self.connection._read_packet()
2026-06-30 19:22:15.434 10 ERROR neutron.plugins.ml2.managers
File "/var/lib/openstack/lib/python3.10/site-packages/pymysql/connections.py", line 725, in _read_packet
2026-06-30 19:22:15.434 10 ERROR neutron.plugins.ml2.managers packet.raise_for_error()
2026-06-30 19:22:15.434 10 ERROR neutron.plugins.ml2.managers
File "/var/lib/openstack/lib/python3.10/site-packages/pymysql/protocol.py", line 221, in raise_for_error
2026-06-30 19:22:15.434 10 ERROR neutron.plugins.ml2.managers err.raise_mysql_exception(self._data)
2026-06-30 19:22:15.434 10 ERROR neutron.plugins.ml2.managers
File "/var/lib/openstack/lib/python3.10/site-packages/pymysql/err.py", line 143, in raise_mysql_exception
2026-06-30 19:22:15.434 10 ERROR neutron.plugins.ml2.managers raise errorclass(errno, errval)
2026-06-30 19:22:15.434 10 ERROR neutron.plugins.ml2.managers pymysql.err.IntegrityError: (1452, 'Cannot add or update a child row: a foreign key constraint fails (`neutron`.`ovn_revision_numbers`, CONSTRAINT `ovn_revision_numbers_ibfk_1` FOREIGN KEY (`standard_attr_id`) REFERENCES `standardattributes` (`id`) ON DELETE SET NULL)')
2026-06-30 19:22:15.434 10 ERROR neutron.plugins.ml2.managers
2026-06-30 19:22:15.434 10 ERROR neutron.plugins.ml2.managers The above exception was the direct cause of the following exception:
2026-06-30 19:22:15.434 10 ERROR neutron.plugins.ml2.managers
2026-06-30 19:22:15.434 10 ERROR neutron.plugins.ml2.managers
Traceback (most recent call last):
2026-06-30 19:22:15.434 10 ERROR neutron.plugins.ml2.managers
File "/var/lib/openstack/lib/python3.10/site-packages/neutron/plugins/ml2/managers.py", line 497, in _call_on_drivers
2026-06-30 19:22:15.434 10 ERROR neutron.plugins.ml2.managers getattr(driver.obj, method_name)(context)
2026-06-30 19:22:15.434 10 ERROR neutron.plugins.ml2.managers
File "/var/lib/openstack/lib/python3.10/site-packages/neutron/plugins/ml2/drivers/ovn/mech_driver/mech_driver.py", line 874, in update_port_postcommit
2026-06-30 19:22:15.434 10 ERROR neutron.plugins.ml2.managers self._ovn_update_port(context._plugin_context, port, original_port,
2026-06-30 19:22:15.434 10 ERROR neutron.plugins.ml2.managers
File "/var/lib/openstack/lib/python3.10/site-packages/neutron/plugins/ml2/drivers/ovn/mech_driver/mech_driver.py", line 757, in _ovn_update_port
2026-06-30 19:22:15.434 10 ERROR neutron.plugins.ml2.managers self._ovn_client.update_port(plugin_context, port,
2026-06-30 19:22:15.434 10 ERROR neutron.plugins.ml2.managers
File "/var/lib/openstack/lib/python3.10/site-packages/neutron/plugins/ml2/drivers/ovn/mech_driver/ovsdb/ovn_client.py", line 879, in update_port
2026-06-30 19:22:15.434 10 ERROR neutron.plugins.ml2.managers db_rev.bump_revision(context, port, ovn_const.TYPE_PORTS)
2026-06-30 19:22:15.434 10 ERROR neutron.plugins.ml2.managers
File "/var/lib/openstack/lib/python3.10/site-packages/neutron_lib/db/api.py", line 226, in wrapped
2026-06-30 19:22:15.434 10 ERROR neutron.plugins.ml2.managers return f_with_retry(*args, **kwargs,
2026-06-30 19:22:15.434 10 ERROR neutron.plugins.ml2.managers
File "/var/lib/openstack/lib/python3.10/site-packages/neutron_lib/db/api.py", line 140, in wrapped
2026-06-30 19:22:15.434 10 ERROR neutron.plugins.ml2.managers with excutils.save_and_reraise_exception():
2026-06-30 19:22:15.434 10 ERROR neutron.plugins.ml2.managers
File "/var/lib/openstack/lib/python3.10/site-packages/oslo_utils/excutils.py", line 227, in __exit__
2026-06-30 19:22:15.434 10 ERROR neutron.plugins.ml2.managers self.force_reraise()
2026-06-30 19:22:15.434 10 ERROR neutron.plugins.ml2.managers
File "/var/lib/openstack/lib/python3.10/site-packages/oslo_utils/excutils.py", line 200, in force_reraise
2026-06-30 19:22:15.434 10 ERROR neutron.plugins.ml2.managers raise self.value
2026-06-30 19:22:15.434 10 ERROR neutron.plugins.ml2.managers
File "/var/lib/openstack/lib/python3.10/site-packages/neutron_lib/db/api.py", line 138, in wrapped
2026-06-30 19:22:15.434 10 ERROR neutron.plugins.ml2.managers return f(*args, **kwargs)
2026-06-30 19:22:15.434 10 ERROR neutron.plugins.ml2.managers
File "/var/lib/openstack/lib/python3.10/site-packages/oslo_db/api.py", line 144, in wrapper
2026-06-30 19:22:15.434 10 ERROR neutron.plugins.ml2.managers with excutils.save_and_reraise_exception() as ectxt:
2026-06-30 19:22:15.434 10 ERROR neutron.plugins.ml2.managers
File "/var/lib/openstack/lib/python3.10/site-packages/oslo_utils/excutils.py", line 227, in __exit__
2026-06-30 19:22:15.434 10 ERROR neutron.plugins.ml2.managers self.force_reraise()
2026-06-30 19:22:15.434 10 ERROR neutron.plugins.ml2.managers
File "/var/lib/openstack/lib/python3.10/site-packages/oslo_utils/excutils.py", line 200, in force_reraise
2026-06-30 19:22:15.434 10 ERROR neutron.plugins.ml2.managers raise self.value
2026-06-30 19:22:15.434 10 ERROR neutron.plugins.ml2.managers
File "/var/lib/openstack/lib/python3.10/site-packages/oslo_db/api.py", line 142, in wrapper
2026-06-30 19:22:15.434 10 ERROR neutron.plugins.ml2.managers return f(*args, **kwargs)
2026-06-30 19:22:15.434 10 ERROR neutron.plugins.ml2.managers
File "/var/lib/openstack/lib/python3.10/site-packages/neutron_lib/db/api.py", line 186, in wrapped
2026-06-30 19:22:15.434 10 ERROR neutron.plugins.ml2.managers with excutils.save_and_reraise_exception():
2026-06-30 19:22:15.434 10 ERROR neutron.plugins.ml2.managers
File "/var/lib/openstack/lib/python3.10/site-packages/oslo_utils/excutils.py", line 227, in __exit__
2026-06-30 19:22:15.434 10 ERROR neutron.plugins.ml2.managers self.force_reraise()
2026-06-30 19:22:15.434 10 ERROR neutron.plugins.ml2.managers
File "/var/lib/openstack/lib/python3.10/site-packages/oslo_utils/excutils.py", line 200, in force_reraise
2026-06-30 19:22:15.434 10 ERROR neutron.plugins.ml2.managers raise self.value
2026-06-30 19:22:15.434 10 ERROR neutron.plugins.ml2.managers
File "/var/lib/openstack/lib/python3.10/site-packages/neutron_lib/db/api.py", line 184, in wrapped
2026-06-30 19:22:15.434 10 ERROR neutron.plugins.ml2.managers return f(*dup_args, **dup_kwargs)
2026-06-30 19:22:15.434 10 ERROR neutron.plugins.ml2.managers
File "/var/lib/openstack/lib/python3.10/site-packages/neutron/db/ovn_revision_numbers_db.py", line 190, in bump_revision
2026-06-30 19:22:15.434 10 ERROR neutron.plugins.ml2.managers context.session.merge(row)
2026-06-30 19:22:15.434 10 ERROR neutron.plugins.ml2.managers
File "/var/lib/openstack/lib/python3.10/site-packages/sqlalchemy/orm/session.py", line 2987, in merge
2026-06-30 19:22:15.434 10 ERROR neutron.plugins.ml2.managers self._autoflush()
2026-06-30 19:22:15.434 10 ERROR neutron.plugins.ml2.managers
File "/var/lib/openstack/lib/python3.10/site-packages/sqlalchemy/orm/session.py", line 2246, in _autoflush
2026-06-30 19:22:15.434 10 ERROR neutron.plugins.ml2.managers self.flush()
2026-06-30 19:22:15.434 10 ERROR neutron.plugins.ml2.managers
File "/var/lib/openstack/lib/python3.10/site-packages/sqlalchemy/orm/session.py", line 3383, in flush
2026-06-30 19:22:15.434 10 ERROR neutron.plugins.ml2.managers self._flush(objects)
2026-06-30 19:22:15.434 10 ERROR neutron.plugins.ml2.managers
File "/var/lib/openstack/lib/python3.10/site-packages/sqlalchemy/orm/session.py", line 3522, in _flush
2026-06-30 19:22:15.434 10 ERROR neutron.plugins.ml2.managers with util.safe_reraise():
2026-06-30 19:22:15.434 10 ERROR neutron.plugins.ml2.managers
File "/var/lib/openstack/lib/python3.10/site-packages/sqlalchemy/util/langhelpers.py", line 70, in __exit__
2026-06-30 19:22:15.434 10 ERROR neutron.plugins.ml2.managers compat.raise_(
2026-06-30 19:22:15.434 10 ERROR neutron.plugins.ml2.managers
File "/var/lib/openstack/lib/python3.10/site-packages/sqlalchemy/util/compat.py", line 208, in raise_
2026-06-30 19:22:15.434 10 ERROR neutron.plugins.ml2.managers raise exception
2026-06-30 19:22:15.434 10 ERROR neutron.plugins.ml2.managers
File "/var/lib/openstack/lib/python3.10/site-packages/sqlalchemy/orm/session.py", line 3483, in _flush
2026-06-30 19:22:15.434 10 ERROR neutron.plugins.ml2.managers flush_context.execute()
2026-06-30 19:22:15.434 10 ERROR neutron.plugins.ml2.managers
File "/var/lib/openstack/lib/python3.10/site-packages/sqlalchemy/orm/unitofwork.py", line 456, in execute
2026-06-30 19:22:15.434 10 ERROR neutron.plugins.ml2.managers rec.execute(self)
2026-06-30 19:22:15.434 10 ERROR neutron.plugins.ml2.managers
File "/var/lib/openstack/lib/python3.10/site-packages/sqlalchemy/orm/unitofwork.py", line 630, in execute
2026-06-30 19:22:15.434 10 ERROR neutron.plugins.ml2.managers util.preloaded.orm_persistence.save_obj(
2026-06-30 19:22:15.434 10 ERROR neutron.plugins.ml2.managers
File "/var/lib/openstack/lib/python3.10/site-packages/sqlalchemy/orm/persistence.py", line 237, in save_obj
2026-06-30 19:22:15.434 10 ERROR neutron.plugins.ml2.managers _emit_update_statements(
2026-06-30 19:22:15.434 10 ERROR neutron.plugins.ml2.managers
File "/var/lib/openstack/lib/python3.10/site-packages/sqlalchemy/orm/persistence.py", line 1001, in _emit_update_statements
2026-06-30 19:22:15.434 10 ERROR neutron.plugins.ml2.managers c = connection._execute_20(
2026-06-30 19:22:15.434 10 ERROR neutron.plugins.ml2.managers
File "/var/lib/openstack/lib/python3.10/site-packages/sqlalchemy/engine/base.py", line 1705, in _execute_20
2026-06-30 19:22:15.434 10 ERROR neutron.plugins.ml2.managers return meth(self, args_10style, kwargs_10style, execution_options)
2026-06-30 19:22:15.434 10 ERROR neutron.plugins.ml2.managers
File "/var/lib/openstack/lib/python3.10/site-packages/sqlalchemy/sql/elements.py", line 333, in _execute_on_connection
2026-06-30 19:22:15.434 10 ERROR neutron.plugins.ml2.managers return connection._execute_clauseelement(
2026-06-30 19:22:15.434 10 ERROR neutron.plugins.ml2.managers
File "/var/lib/openstack/lib/python3.10/site-packages/sqlalchemy/engine/base.py", line 1572, in _execute_clauseelement
2026-06-30 19:22:15.434 10 ERROR neutron.plugins.ml2.managers ret = self._execute_context(
2026-06-30 19:22:15.434 10 ERROR neutron.plugins.ml2.managers
File "/var/lib/openstack/lib/python3.10/site-packages/sqlalchemy/engine/base.py", line 1943, in _execute_context
2026-06-30 19:22:15.434 10 ERROR neutron.plugins.ml2.managers self._handle_dbapi_exception(
2026-06-30 19:22:15.434 10 ERROR neutron.plugins.ml2.managers
File "/var/lib/openstack/lib/python3.10/site-packages/sqlalchemy/engine/base.py", line 2122, in _handle_dbapi_exception
2026-06-30 19:22:15.434 10 ERROR neutron.plugins.ml2.managers util.raise_(newraise, with_traceback=exc_info[2], from_=e)
2026-06-30 19:22:15.434 10 ERROR neutron.plugins.ml2.managers
File "/var/lib/openstack/lib/python3.10/site-packages/sqlalchemy/util/compat.py", line 208, in raise_
2026-06-30 19:22:15.434 10 ERROR neutron.plugins.ml2.managers raise exception
2026-06-30 19:22:15.434 10 ERROR neutron.plugins.ml2.managers
File "/var/lib/openstack/lib/python3.10/site-packages/sqlalchemy/engine/base.py", line 1900, in _execute_context
2026-06-30 19:22:15.434 10 ERROR neutron.plugins.ml2.managers self.dialect.do_execute(
2026-06-30 19:22:15.434 10 ERROR neutron.plugins.ml2.managers
File "/var/lib/openstack/lib/python3.10/site-packages/sqlalchemy/engine/default.py", line 732, in do_execute
2026-06-30 19:22:15.434 10 ERROR neutron.plugins.ml2.managers cursor.execute(statement, parameters)
2026-06-30 19:22:15.434 10 ERROR neutron.plugins.ml2.managers
File "/var/lib/openstack/lib/python3.10/site-packages/pymysql/cursors.py", line 148, in execute
2026-06-30 19:22:15.434 10 ERROR neutron.plugins.ml2.managers result = self._query(query)
2026-06-30 19:22:15.434 10 ERROR neutron.plugins.ml2.managers
File "/var/lib/openstack/lib/python3.10/site-packages/pymysql/cursors.py", line 310, in _query
2026-06-30 19:22:15.434 10 ERROR neutron.plugins.ml2.managers conn.query(q)
2026-06-30 19:22:15.434 10 ERROR neutron.plugins.ml2.managers
File "/var/lib/openstack/lib/python3.10/site-packages/pymysql/connections.py", line 548, in query
2026-06-30 19:22:15.434 10 ERROR neutron.plugins.ml2.managers self._affected_rows = self._read_query_result(unbuffered=unbuffered)
2026-06-30 19:22:15.434 10 ERROR neutron.plugins.ml2.managers
File "/var/lib/openstack/lib/python3.10/site-packages/pymysql/connections.py", line 775, in _read_query_result
2026-06-30 19:22:15.434 10 ERROR neutron.plugins.ml2.managers result.read()
2026-06-30 19:22:15.434 10 ERROR neutron.plugins.ml2.managers
File "/var/lib/openstack/lib/python3.10/site-packages/pymysql/connections.py", line 1156, in read
2026-06-30 19:22:15.434 10 ERROR neutron.plugins.ml2.managers first_packet = self.connection._read_packet()
2026-06-30 19:22:15.434 10 ERROR neutron.plugins.ml2.managers
File "/var/lib/openstack/lib/python3.10/site-packages/pymysql/connections.py", line 725, in _read_packet
2026-06-30 19:22:15.434 10 ERROR neutron.plugins.ml2.managers packet.raise_for_error()
2026-06-30 19:22:15.434 10 ERROR neutron.plugins.ml2.managers
File "/var/lib/openstack/lib/python3.10/site-packages/pymysql/protocol.py", line 221, in raise_for_error
