2026-06-30 19:20:04.823 10 INFO neutron.db.ovn_revision_numbers_db [None req-708da253-411a-4a21-8a6b-900ee4267e4e 6d56b05daa884ec9a26d68371538b4fa 8b5a2e91b56e421daa84bcf5d91a809d - - default default] Successfully bumped revision number for resource 5c3fb016-cedb-48b8-96be-9b3680f9f45d (type: security_groups) to 1
2026-06-30 19:20:04.848 10 INFO neutron.wsgi [None req-708da253-411a-4a21-8a6b-900ee4267e4e 6d56b05daa884ec9a26d68371538b4fa 8b5a2e91b56e421daa84bcf5d91a809d - - default default] 10.0.0.232 "GET /v2.0/security-groups?tenant_id=5889cae6045647a5bcae4eda4a24d97b&name=default HTTP/1.1" status: 200 len: 3000 time: 0.2457623
2026-06-30 19:20:05.098 10 INFO neutron.wsgi [None req-02a59792-2898-4484-83c4-8926532a447d 6d56b05daa884ec9a26d68371538b4fa 8b5a2e91b56e421daa84bcf5d91a809d - - - -] 10.0.0.232 "DELETE /v2.0/security-groups/5c3fb016-cedb-48b8-96be-9b3680f9f45d HTTP/1.1" status: 204 len: 168 time: 0.2384281
2026-06-30 19:20:05.258 10 INFO neutron.wsgi [None req-a5d4d554-e01f-43be-83ab-9f80f24877ff 6d56b05daa884ec9a26d68371538b4fa 8b5a2e91b56e421daa84bcf5d91a809d - - default default] 10.0.0.232 "GET /v2.0/security-groups?tenant_id=e4ecb8b1b69f44958f9356ad16efe9cd&name=default HTTP/1.1" status: 200 len: 3000 time: 0.0362406
2026-06-30 19:20:05.432 10 INFO neutron.wsgi [None req-d6fec597-5e2f-4a22-a481-5ef504a2d3c4 6d56b05daa884ec9a26d68371538b4fa 8b5a2e91b56e421daa84bcf5d91a809d - - - -] 10.0.0.232 "DELETE /v2.0/security-groups/db0985ca-f006-4b0d-82b8-ee87647914e6 HTTP/1.1" status: 204 len: 168 time: 0.1688116
2026-06-30 19:20:05.625 10 INFO neutron.wsgi [req-237eeea2-8c52-4963-8806-15fbfc8932a0 req-f9bb82f0-5c1b-4abc-b3c6-3ba5d9a6ec1e efa3c40b17884287be902b5f55b4fffc dcd449f6a4a2478d96f85a8a646c49c8 - - default default] 10.0.0.200 "GET /v2.0/ports?device_id=aaf6401b-38e1-47ab-8265-2c67df9f06a8 HTTP/1.1" status: 200 len: 1396 time: 0.1032453
2026-06-30 19:20:05.672 10 INFO neutron.wsgi [req-237eeea2-8c52-4963-8806-15fbfc8932a0 req-6ba4cf6f-f7ff-4d38-a4af-4f3d0af7931e efa3c40b17884287be902b5f55b4fffc dcd449f6a4a2478d96f85a8a646c49c8 - - default default] 10.0.0.200 "GET /v2.0/security-groups?id=f14a4620-020f-4e5a-930c-e68439ca1274&fields=id&fields=name HTTP/1.1" status: 200 len: 310 time: 0.0380921
2026-06-30 19:20:05.827 9 INFO neutron.wsgi [None req-74f83d3b-27a9-442d-94c4-114206b8f9ef efa3c40b17884287be902b5f55b4fffc dcd449f6a4a2478d96f85a8a646c49c8 - - default default] 10.0.0.232 "GET /v2.0/ports?network_id=ece35acc-c896-48b4-9d24-38dd9115d876&mac_address=fa%3A16%3A3e%3A8e%3A3b%3Ac2 HTTP/1.1" status: 200 len: 1391 time: 0.1278632
2026-06-30 19:20:06.154 9 WARNING neutron.scheduler.dhcp_agent_scheduler [None req-0210bc1b-53f7-4e1c-a6ff-a4fb0826e740 efa3c40b17884287be902b5f55b4fffc dcd449f6a4a2478d96f85a8a646c49c8 - - - -] No more DHCP agents
2026-06-30 19:20:06.158 9 WARNING neutron.api.rpc.agentnotifiers.dhcp_rpc_agent_api [None req-0210bc1b-53f7-4e1c-a6ff-a4fb0826e740 efa3c40b17884287be902b5f55b4fffc dcd449f6a4a2478d96f85a8a646c49c8 - - - -] Unable to schedule network 563a5903-99d9-4944-b883-d819166e5307: no agents available; will retry on subsequent port and subnet creation events.
2026-06-30 19:20:07.029 9 INFO neutron.db.l3_db [None req-0210bc1b-53f7-4e1c-a6ff-a4fb0826e740 efa3c40b17884287be902b5f55b4fffc dcd449f6a4a2478d96f85a8a646c49c8 - - - -] Floating IP 7079bd22-fd62-42e1-91ef-16eb1d2f81bf associated. External IP: 10.96.250.203, port: 3d606e9b-5789-48a0-8229-36e36ae23aa6.
2026-06-30 19:20:07.235 9 INFO neutron.db.ovn_revision_numbers_db [None req-0210bc1b-53f7-4e1c-a6ff-a4fb0826e740 efa3c40b17884287be902b5f55b4fffc dcd449f6a4a2478d96f85a8a646c49c8 - - - -] Successfully bumped revision number for resource 7079bd22-fd62-42e1-91ef-16eb1d2f81bf (type: floatingips) to 0
2026-06-30 19:20:07.314 9 INFO neutron.db.ovn_revision_numbers_db [None req-0210bc1b-53f7-4e1c-a6ff-a4fb0826e740 efa3c40b17884287be902b5f55b4fffc dcd449f6a4a2478d96f85a8a646c49c8 - - - -] Successfully bumped revision number for resource 7079bd22-fd62-42e1-91ef-16eb1d2f81bf (type: floatingips) to 1
2026-06-30 19:20:07.353 9 INFO neutron.wsgi [None req-0210bc1b-53f7-4e1c-a6ff-a4fb0826e740 efa3c40b17884287be902b5f55b4fffc dcd449f6a4a2478d96f85a8a646c49c8 - - - -] 10.0.0.232 "POST /v2.0/floatingips HTTP/1.1" status: 201 len: 1054 time: 1.5216618
2026-06-30 19:20:07.387 9 INFO neutron.notifiers.nova [-] Nova event matching ['req-72b26de6-b5ef-4b05-b7f5-577f0a6e85fa'] response: {'name': 'network-changed', 'server_uuid': 'aaf6401b-38e1-47ab-8265-2c67df9f06a8', 'tag': '3d606e9b-5789-48a0-8229-36e36ae23aa6', 'status': 'completed', 'code': 200} /var/lib/openstack/lib/python3.10/site-packages/pycadf/identifier.py:71: UserWarning: Invalid uuid: neutron. To ensure interoperability, identifiers should be a valid uuid. warnings.warn(('Invalid uuid: %s. To ensure interoperability, '
2026-06-30 19:20:07.464 10 INFO neutron.wsgi [req-add2d457-d33a-4063-b8c4-05b66aa0782c req-4581d956-4aed-4538-9fa0-155820765e8a eff23f8a1364407d8b3a970c8fb0a198 9e87a226553f4b4a821d76fca7e776bc - - bbc4d2f7230e43ac89655b01cd30e2b7 bbc4d2f7230e43ac89655b01cd30e2b7] 199.19.213.147 "GET /v2.0/ports?tenant_id=dcd449f6a4a2478d96f85a8a646c49c8&device_id=aaf6401b-38e1-47ab-8265-2c67df9f06a8 HTTP/1.1" status: 200 len: 1586 time: 0.0549276
2026-06-30 19:20:07.494 10 INFO neutron.wsgi [req-803a8705-5c08-47ea-86b5-6680cc87e659 req-58b00061-a88b-46d8-900d-27f72b629cf2 efa3c40b17884287be902b5f55b4fffc dcd449f6a4a2478d96f85a8a646c49c8 - - default default] 10.0.0.200 "GET /v2.0/security-groups?name=tempest-lb_member_SG-687482474&fields=id&tenant_id=dcd449f6a4a2478d96f85a8a646c49c8 HTTP/1.1" status: 200 len: 267 time: 0.0479903
2026-06-30 19:20:07.571 10 INFO neutron.wsgi [req-add2d457-d33a-4063-b8c4-05b66aa0782c req-3ebcbeec-763d-4132-a8da-1a16c77f8688 eff23f8a1364407d8b3a970c8fb0a198 9e87a226553f4b4a821d76fca7e776bc - - bbc4d2f7230e43ac89655b01cd30e2b7 bbc4d2f7230e43ac89655b01cd30e2b7] 199.19.213.147 "GET /v2.0/networks?id=ece35acc-c896-48b4-9d24-38dd9115d876 HTTP/1.1" status: 200 len: 1002 time: 0.1005812
2026-06-30 19:20:07.619 10 INFO neutron.wsgi [req-803a8705-5c08-47ea-86b5-6680cc87e659 req-f78602ba-d4dc-4195-b42e-2ad737eb14da efa3c40b17884287be902b5f55b4fffc dcd449f6a4a2478d96f85a8a646c49c8 - - default default] 10.0.0.200 "GET /v2.0/networks?id=b48ac207-5482-48e9-9c21-0a924b3b0f71 HTTP/1.1" status: 200 len: 904 time: 0.1142123
2026-06-30 19:20:07.630 10 INFO neutron.wsgi [req-add2d457-d33a-4063-b8c4-05b66aa0782c req-4167f378-082f-4cb9-8374-b2fbbbcd60b4 eff23f8a1364407d8b3a970c8fb0a198 9e87a226553f4b4a821d76fca7e776bc - - bbc4d2f7230e43ac89655b01cd30e2b7 bbc4d2f7230e43ac89655b01cd30e2b7] 199.19.213.147 "GET /v2.0/floatingips?fixed_ip_address=10.2.1.245&port_id=3d606e9b-5789-48a0-8229-36e36ae23aa6 HTTP/1.1" status: 200 len: 1059 time: 0.0506670
2026-06-30 19:20:07.642 10 INFO neutron.wsgi [req-803a8705-5c08-47ea-86b5-6680cc87e659 req-2c62ddc1-0750-4cd3-a6de-d587f0825227 efa3c40b17884287be902b5f55b4fffc dcd449f6a4a2478d96f85a8a646c49c8 - - default default] 10.0.0.200 "GET /v2.0/quotas/dcd449f6a4a2478d96f85a8a646c49c8 HTTP/1.1" status: 200 len: 386 time: 0.0156534
2026-06-30 19:20:07.658 10 INFO neutron.wsgi [req-add2d457-d33a-4063-b8c4-05b66aa0782c req-32cba04f-6944-4b31-9573-17af517981de eff23f8a1364407d8b3a970c8fb0a198 9e87a226553f4b4a821d76fca7e776bc - - bbc4d2f7230e43ac89655b01cd30e2b7 bbc4d2f7230e43ac89655b01cd30e2b7] 199.19.213.147 "GET /v2.0/floatingips?fixed_ip_address=fd7b%3Af9f7%3Afff%3A4eca%3A%3A78&port_id=3d606e9b-5789-48a0-8229-36e36ae23aa6 HTTP/1.1" status: 200 len: 217 time: 0.0222287
2026-06-30 19:20:07.731 10 INFO neutron.wsgi [req-add2d457-d33a-4063-b8c4-05b66aa0782c req-434776cd-fd67-4ec7-9a83-81fa1efafb14 eff23f8a1364407d8b3a970c8fb0a198 9e87a226553f4b4a821d76fca7e776bc - - bbc4d2f7230e43ac89655b01cd30e2b7 bbc4d2f7230e43ac89655b01cd30e2b7] 199.19.213.147 "GET /v2.0/subnets?id=23053fc8-7ab5-4687-86b0-65bec54b86ac&id=ef108720-a640-41ab-91de-dce8e24a5220 HTTP/1.1" status: 200 len: 1563 time: 0.0680470
2026-06-30 19:20:07.769 10 INFO neutron.wsgi [req-add2d457-d33a-4063-b8c4-05b66aa0782c req-0cc21aad-1de7-4b0d-a496-2010420269d8 eff23f8a1364407d8b3a970c8fb0a198 9e87a226553f4b4a821d76fca7e776bc - - bbc4d2f7230e43ac89655b01cd30e2b7 bbc4d2f7230e43ac89655b01cd30e2b7] 199.19.213.147 "GET /v2.0/ports?network_id=ece35acc-c896-48b4-9d24-38dd9115d876&device_owner=network%3Adhcp HTTP/1.1" status: 200 len: 210 time: 0.0222824
2026-06-30 19:20:07.802 10 INFO neutron.wsgi [req-add2d457-d33a-4063-b8c4-05b66aa0782c req-83157f55-e2c3-42f5-b879-fb8c53f7b401 eff23f8a1364407d8b3a970c8fb0a198 9e87a226553f4b4a821d76fca7e776bc - - bbc4d2f7230e43ac89655b01cd30e2b7 bbc4d2f7230e43ac89655b01cd30e2b7] 199.19.213.147 "GET /v2.0/ports?network_id=ece35acc-c896-48b4-9d24-38dd9115d876&device_owner=network%3Adhcp HTTP/1.1" status: 200 len: 210 time: 0.0256932
2026-06-30 19:20:07.888 10 INFO neutron.wsgi [req-803a8705-5c08-47ea-86b5-6680cc87e659 req-560e8e2f-41f4-423d-bff3-270d664e63c5 efa3c40b17884287be902b5f55b4fffc dcd449f6a4a2478d96f85a8a646c49c8 - - default default] 10.0.0.200 "GET /v2.0/ports?tenant_id=dcd449f6a4a2478d96f85a8a646c49c8&fields=id HTTP/1.1" status: 200 len: 532 time: 0.2326310
2026-06-30 19:20:07.911 10 INFO neutron.wsgi [req-add2d457-d33a-4063-b8c4-05b66aa0782c req-0d3a0f70-0563-4fa5-9e4c-35efe8017f97 eff23f8a1364407d8b3a970c8fb0a198 9e87a226553f4b4a821d76fca7e776bc - - bbc4d2f7230e43ac89655b01cd30e2b7 bbc4d2f7230e43ac89655b01cd30e2b7] 199.19.213.147 "GET /v2.0/networks/ece35acc-c896-48b4-9d24-38dd9115d876?fields=segments HTTP/1.1" status: 200 len: 212 time: 0.1026244
2026-06-30 19:20:07.996 10 INFO neutron.wsgi [req-803a8705-5c08-47ea-86b5-6680cc87e659 req-03b99d41-7135-46da-bbe9-d53b66beb4ec eff23f8a1364407d8b3a970c8fb0a198 9e87a226553f4b4a821d76fca7e776bc - - bbc4d2f7230e43ac89655b01cd30e2b7 bbc4d2f7230e43ac89655b01cd30e2b7] 10.0.0.200 "GET /v2.0/networks/b48ac207-5482-48e9-9c21-0a924b3b0f71?fields=segments HTTP/1.1" status: 200 len: 212 time: 0.0958333
2026-06-30 19:20:08.016 10 INFO neutron.wsgi [req-add2d457-d33a-4063-b8c4-05b66aa0782c req-ff02402a-0d7b-45e5-ae35-33858a1dbadf eff23f8a1364407d8b3a970c8fb0a198 9e87a226553f4b4a821d76fca7e776bc - - bbc4d2f7230e43ac89655b01cd30e2b7 bbc4d2f7230e43ac89655b01cd30e2b7] 199.19.213.147 "GET /v2.0/networks/ece35acc-c896-48b4-9d24-38dd9115d876?fields=provider%3Aphysical_network&fields=provider%3Anetwork_type HTTP/1.1" status: 200 len: 277 time: 0.0967267
2026-06-30 19:20:08.080 10 INFO neutron.wsgi [req-803a8705-5c08-47ea-86b5-6680cc87e659 req-e28b61c9-b26c-4dfe-a3ac-7c55ce3b553e eff23f8a1364407d8b3a970c8fb0a198 9e87a226553f4b4a821d76fca7e776bc - - bbc4d2f7230e43ac89655b01cd30e2b7 bbc4d2f7230e43ac89655b01cd30e2b7] 10.0.0.200 "GET /v2.0/networks/b48ac207-5482-48e9-9c21-0a924b3b0f71?fields=provider%3Aphysical_network&fields=provider%3Anetwork_type HTTP/1.1" status: 200 len: 277 time: 0.0730512
2026-06-30 19:20:08.287 10 INFO neutron.wsgi [req-4e19fde6-8dd4-4fe1-b429-c94274c7e35a req-169a5b89-73a6-4a48-bb50-4c3563d249d5 efa3c40b17884287be902b5f55b4fffc dcd449f6a4a2478d96f85a8a646c49c8 - - default default] 10.0.0.200 "GET /v2.0/ports?device_id=aed2d61a-d49c-4bfc-bc67-368ca9077693 HTTP/1.1" status: 200 len: 210 time: 0.0362086
2026-06-30 19:20:09.066 10 INFO neutron.wsgi [req-803a8705-5c08-47ea-86b5-6680cc87e659 req-db116b82-b75d-498d-831c-ea7db1097558 efa3c40b17884287be902b5f55b4fffc dcd449f6a4a2478d96f85a8a646c49c8 - - default default] 199.19.213.147 "GET /v2.0/networks?id=b48ac207-5482-48e9-9c21-0a924b3b0f71 HTTP/1.1" status: 200 len: 904 time: 0.1089027
2026-06-30 19:20:09.132 10 INFO neutron.wsgi [req-803a8705-5c08-47ea-86b5-6680cc87e659 req-8e0dd368-f278-4ce9-810e-dd1f68d04de3 efa3c40b17884287be902b5f55b4fffc dcd449f6a4a2478d96f85a8a646c49c8 - - default default] 199.19.213.147 "GET /v2.0/security-groups?fields=id&fields=name&tenant_id=dcd449f6a4a2478d96f85a8a646c49c8 HTTP/1.1" status: 200 len: 377 time: 0.0606523
2026-06-30 19:20:09.514 10 WARNING neutron.scheduler.dhcp_agent_scheduler [None req-eeca54d8-604a-4b2a-a762-7b0f0c18a0ab efa3c40b17884287be902b5f55b4fffc dcd449f6a4a2478d96f85a8a646c49c8 - - - -] No more DHCP agents
2026-06-30 19:20:09.519 10 WARNING neutron.api.rpc.agentnotifiers.dhcp_rpc_agent_api [None req-eeca54d8-604a-4b2a-a762-7b0f0c18a0ab efa3c40b17884287be902b5f55b4fffc dcd449f6a4a2478d96f85a8a646c49c8 - - - -] Unable to schedule network b48ac207-5482-48e9-9c21-0a924b3b0f71: no agents available; will retry on subsequent port and subnet creation events.
2026-06-30 19:20:09.521 9 INFO neutron.db.ovn_revision_numbers_db [None req-f23481fa-e219-40bb-aca2-5e4796ba426c 236724b72ac9485cb2ac42c801dfc0fc ad111a77849646828a6e87efe12a0ebb - - - -] Successfully bumped revision number for resource 9ab9f22a-c01d-4e4d-96a9-91d0a92bccb5 (type: security_groups) to 1
2026-06-30 19:20:09.580 9 INFO neutron.db.segments_db [None req-f23481fa-e219-40bb-aca2-5e4796ba426c 236724b72ac9485cb2ac42c801dfc0fc ad111a77849646828a6e87efe12a0ebb - - - -] Added segment a8ebe62b-2f37-4c84-ad20-c75976b26e66 of type geneve for network 6054a434-3d49-4d56-8a9c-c6b96ef29b7d
2026-06-30 19:20:09.722 10 INFO neutron.db.ovn_revision_numbers_db [None req-eeca54d8-604a-4b2a-a762-7b0f0c18a0ab efa3c40b17884287be902b5f55b4fffc dcd449f6a4a2478d96f85a8a646c49c8 - - - -] Successfully bumped revision number for resource 50fc2748-1e8f-48e8-a56e-e8f135c8b35c (type: ports) to 1
2026-06-30 19:20:09.724 9 INFO neutron.db.ovn_revision_numbers_db [None req-f23481fa-e219-40bb-aca2-5e4796ba426c 236724b72ac9485cb2ac42c801dfc0fc ad111a77849646828a6e87efe12a0ebb - - - -] Successfully bumped revision number for resource 6054a434-3d49-4d56-8a9c-c6b96ef29b7d (type: networks) to 1
2026-06-30 19:20:09.745 10 INFO neutron.wsgi [None req-eeca54d8-604a-4b2a-a762-7b0f0c18a0ab efa3c40b17884287be902b5f55b4fffc dcd449f6a4a2478d96f85a8a646c49c8 - - - -] 199.19.213.147 "POST /v2.0/ports HTTP/1.1" status: 201 len: 1384 time: 0.6049626 /var/lib/openstack/lib/python3.10/site-packages/pycadf/identifier.py:71: UserWarning: Invalid uuid: neutron. To ensure interoperability, identifiers should be a valid uuid. warnings.warn(('Invalid uuid: %s. To ensure interoperability, '
2026-06-30 19:20:09.965 9 WARNING neutron.scheduler.dhcp_agent_scheduler [None req-f23481fa-e219-40bb-aca2-5e4796ba426c 236724b72ac9485cb2ac42c801dfc0fc ad111a77849646828a6e87efe12a0ebb - - - -] No more DHCP agents
2026-06-30 19:20:09.966 9 WARNING neutron.api.rpc.agentnotifiers.dhcp_rpc_agent_api [None req-f23481fa-e219-40bb-aca2-5e4796ba426c 236724b72ac9485cb2ac42c801dfc0fc ad111a77849646828a6e87efe12a0ebb - - - -] Unable to schedule network 6054a434-3d49-4d56-8a9c-c6b96ef29b7d: no agents available; will retry on subsequent port and subnet creation events.
2026-06-30 19:20:10.037 9 INFO neutron.db.ovn_revision_numbers_db [None req-f23481fa-e219-40bb-aca2-5e4796ba426c 236724b72ac9485cb2ac42c801dfc0fc ad111a77849646828a6e87efe12a0ebb - - - -] Successfully bumped revision number for resource d100cf19-2086-4aab-b063-bbb0f4313afb (type: ports) to 1
2026-06-30 19:20:10.081 9 INFO neutron.wsgi [None req-f23481fa-e219-40bb-aca2-5e4796ba426c 236724b72ac9485cb2ac42c801dfc0fc ad111a77849646828a6e87efe12a0ebb - - - -] 10.0.0.232 "POST /v2.0/networks HTTP/1.1" status: 201 len: 830 time: 0.8938084
2026-06-30 19:20:10.235 10 INFO neutron.db.ovn_revision_numbers_db [None req-f479b8fb-734a-48d9-b409-6e660ac4c99a eff23f8a1364407d8b3a970c8fb0a198 9e87a226553f4b4a821d76fca7e776bc - - - -] Successfully bumped revision number for resource 50fc2748-1e8f-48e8-a56e-e8f135c8b35c (type: ports) to 2
2026-06-30 19:20:10.333 9 WARNING neutron.scheduler.dhcp_agent_scheduler [None req-b41dccc0-9b53-4792-a59b-789998b3c83a 236724b72ac9485cb2ac42c801dfc0fc ad111a77849646828a6e87efe12a0ebb - - - -] No more DHCP agents
2026-06-30 19:20:10.334 9 WARNING neutron.api.rpc.agentnotifiers.dhcp_rpc_agent_api [None req-b41dccc0-9b53-4792-a59b-789998b3c83a 236724b72ac9485cb2ac42c801dfc0fc ad111a77849646828a6e87efe12a0ebb - - - -] Unable to schedule network 6054a434-3d49-4d56-8a9c-c6b96ef29b7d: no agents available; will retry on subsequent port and subnet creation events.
2026-06-30 19:20:10.398 9 INFO neutron.db.ovn_revision_numbers_db [None req-b41dccc0-9b53-4792-a59b-789998b3c83a 236724b72ac9485cb2ac42c801dfc0fc ad111a77849646828a6e87efe12a0ebb - - - -] Successfully bumped revision number for resource d0390eef-e532-445d-be38-3c3e272d4e66 (type: ports) to 1
2026-06-30 19:20:10.422 9 INFO neutron.wsgi [None req-b41dccc0-9b53-4792-a59b-789998b3c83a 236724b72ac9485cb2ac42c801dfc0fc ad111a77849646828a6e87efe12a0ebb - - - -] 10.0.0.232 "POST /v2.0/ports HTTP/1.1" status: 201 len: 942 time: 0.3325622 /var/lib/openstack/lib/python3.10/site-packages/pycadf/identifier.py:71: UserWarning: Invalid uuid: neutron. To ensure interoperability, identifiers should be a valid uuid. warnings.warn(('Invalid uuid: %s. To ensure interoperability, '
2026-06-30 19:20:10.432 10 INFO neutron.db.ovn_revision_numbers_db [None req-f479b8fb-734a-48d9-b409-6e660ac4c99a eff23f8a1364407d8b3a970c8fb0a198 9e87a226553f4b4a821d76fca7e776bc - - - -] Successfully bumped revision number for resource 50fc2748-1e8f-48e8-a56e-e8f135c8b35c (type: ports) to 2
2026-06-30 19:20:10.448 10 INFO neutron.wsgi [None req-f479b8fb-734a-48d9-b409-6e660ac4c99a eff23f8a1364407d8b3a970c8fb0a198 9e87a226553f4b4a821d76fca7e776bc - - - -] 199.19.213.147 "PUT /v2.0/ports/50fc2748-1e8f-48e8-a56e-e8f135c8b35c HTTP/1.1" status: 200 len: 1553 time: 0.6942236
2026-06-30 19:20:10.472 9 INFO neutron.wsgi [None req-02e0cfb6-aa1c-422e-9815-c314bbcd2944 236724b72ac9485cb2ac42c801dfc0fc ad111a77849646828a6e87efe12a0ebb - - - -] 10.0.0.232 "PUT /v2.0/ports/d0390eef-e532-445d-be38-3c3e272d4e66/tags HTTP/1.1" status: 200 len: 218 time: 0.0448940 /var/lib/openstack/lib/python3.10/site-packages/pycadf/identifier.py:71: UserWarning: Invalid uuid: neutron. To ensure interoperability, identifiers should be a valid uuid. warnings.warn(('Invalid uuid: %s. To ensure interoperability, '
2026-06-30 19:20:10.497 10 INFO neutron.notifiers.nova [-] Nova event matching ['req-f76ac95a-b057-476e-bd06-2dd0f7e8f97a'] response: {'name': 'network-changed', 'server_uuid': 'aed2d61a-d49c-4bfc-bc67-368ca9077693', 'tag': '50fc2748-1e8f-48e8-a56e-e8f135c8b35c', 'status': 'completed', 'code': 200}
2026-06-30 19:20:10.505 9 INFO neutron.wsgi [None req-d09cb9bc-fbd7-4c12-ac2a-c7e58147e4ec 236724b72ac9485cb2ac42c801dfc0fc ad111a77849646828a6e87efe12a0ebb - - default default] 10.0.0.232 "GET /v2.0/ports/d0390eef-e532-445d-be38-3c3e272d4e66/tags HTTP/1.1" status: 200 len: 218 time: 0.0261695
2026-06-30 19:20:10.519 10 INFO neutron.wsgi [req-803a8705-5c08-47ea-86b5-6680cc87e659 req-0c405fed-6877-4bc8-ae54-2bb506bf5b85 eff23f8a1364407d8b3a970c8fb0a198 9e87a226553f4b4a821d76fca7e776bc - - bbc4d2f7230e43ac89655b01cd30e2b7 bbc4d2f7230e43ac89655b01cd30e2b7] 199.19.213.147 "GET /v2.0/ports?tenant_id=dcd449f6a4a2478d96f85a8a646c49c8&device_id=aed2d61a-d49c-4bfc-bc67-368ca9077693 HTTP/1.1" status: 200 len: 1584 time: 0.0352378
2026-06-30 19:20:10.555 10 INFO neutron.wsgi [req-803a8705-5c08-47ea-86b5-6680cc87e659 req-0305b4ae-149b-4aeb-bb77-c7d5d1449e72 eff23f8a1364407d8b3a970c8fb0a198 9e87a226553f4b4a821d76fca7e776bc - - bbc4d2f7230e43ac89655b01cd30e2b7 bbc4d2f7230e43ac89655b01cd30e2b7] 199.19.213.147 "GET /v2.0/floatingips?fixed_ip_address=10.2.2.91&port_id=50fc2748-1e8f-48e8-a56e-e8f135c8b35c HTTP/1.1" status: 200 len: 217 time: 0.0289760
2026-06-30 19:20:10.558 9 INFO neutron.wsgi [None req-f849dc7c-f7d9-46e9-95f3-7792d7ed8a80 236724b72ac9485cb2ac42c801dfc0fc ad111a77849646828a6e87efe12a0ebb - - - -] 10.0.0.232 "PUT /v2.0/ports/d0390eef-e532-445d-be38-3c3e272d4e66/tags/green HTTP/1.1" status: 201 len: 201 time: 0.0484066
2026-06-30 19:20:10.583 10 INFO neutron.wsgi [req-803a8705-5c08-47ea-86b5-6680cc87e659 req-79d99804-f951-49c3-afd4-db992a398e13 eff23f8a1364407d8b3a970c8fb0a198 9e87a226553f4b4a821d76fca7e776bc - - bbc4d2f7230e43ac89655b01cd30e2b7 bbc4d2f7230e43ac89655b01cd30e2b7] 199.19.213.147 "GET /v2.0/floatingips?fixed_ip_address=fd77%3A1457%3A4cf0%3A26a8%3A%3Aa5&port_id=50fc2748-1e8f-48e8-a56e-e8f135c8b35c HTTP/1.1" status: 200 len: 217 time: 0.0221572
2026-06-30 19:20:10.598 9 INFO neutron.wsgi [None req-ba755ebc-6b23-4ff6-b9a7-334a65fb126a 236724b72ac9485cb2ac42c801dfc0fc ad111a77849646828a6e87efe12a0ebb - - default default] 10.0.0.232 "GET /v2.0/ports/d0390eef-e532-445d-be38-3c3e272d4e66/tags HTTP/1.1" status: 200 len: 227 time: 0.0356269
2026-06-30 19:20:10.620 10 INFO neutron.wsgi [req-803a8705-5c08-47ea-86b5-6680cc87e659 req-8e80be55-730c-4063-8784-fca729565b3c eff23f8a1364407d8b3a970c8fb0a198 9e87a226553f4b4a821d76fca7e776bc - - bbc4d2f7230e43ac89655b01cd30e2b7 bbc4d2f7230e43ac89655b01cd30e2b7] 199.19.213.147 "GET /v2.0/subnets?id=01f05347-1e17-4a71-b694-a5e3ff563a2c&id=1c4d7e37-e7ce-4ae6-9798-f182de33d40f HTTP/1.1" status: 200 len: 1567 time: 0.0302050
2026-06-30 19:20:10.636 9 INFO neutron.wsgi [None req-8ea57aec-cf30-456f-b0e9-00c8b83702d0 236724b72ac9485cb2ac42c801dfc0fc ad111a77849646828a6e87efe12a0ebb - - - -] 10.0.0.232 "PUT /v2.0/ports/d0390eef-e532-445d-be38-3c3e272d4e66/tags/red HTTP/1.1" status: 201 len: 201 time: 0.0323746
2026-06-30 19:20:10.651 10 INFO neutron.wsgi [req-803a8705-5c08-47ea-86b5-6680cc87e659 req-27343484-e0c0-4920-b60f-6c8e79f71c57 eff23f8a1364407d8b3a970c8fb0a198 9e87a226553f4b4a821d76fca7e776bc - - bbc4d2f7230e43ac89655b01cd30e2b7 bbc4d2f7230e43ac89655b01cd30e2b7] 199.19.213.147 "GET /v2.0/ports?network_id=b48ac207-5482-48e9-9c21-0a924b3b0f71&device_owner=network%3Adhcp HTTP/1.1" status: 200 len: 210 time: 0.0239446
2026-06-30 19:20:10.673 9 INFO neutron.wsgi [None req-1ea20065-48d7-4824-9de3-b41d8efdbd36 236724b72ac9485cb2ac42c801dfc0fc ad111a77849646828a6e87efe12a0ebb - - default default] 10.0.0.232 "GET /v2.0/ports/d0390eef-e532-445d-be38-3c3e272d4e66/tags HTTP/1.1" status: 200 len: 227 time: 0.0316875
2026-06-30 19:20:10.683 10 INFO neutron.wsgi [req-803a8705-5c08-47ea-86b5-6680cc87e659 req-975cb013-919e-4041-8b94-62c3f5219d3b eff23f8a1364407d8b3a970c8fb0a198 9e87a226553f4b4a821d76fca7e776bc - - bbc4d2f7230e43ac89655b01cd30e2b7 bbc4d2f7230e43ac89655b01cd30e2b7] 199.19.213.147 "GET /v2.0/ports?network_id=b48ac207-5482-48e9-9c21-0a924b3b0f71&device_owner=network%3Adhcp HTTP/1.1" status: 200 len: 210 time: 0.0264051
2026-06-30 19:20:10.730 9 INFO neutron.wsgi [None req-29fcce3e-c963-468d-a2d1-784bb91d2deb 236724b72ac9485cb2ac42c801dfc0fc ad111a77849646828a6e87efe12a0ebb - - - -] 10.0.0.232 "PUT /v2.0/ports/d0390eef-e532-445d-be38-3c3e272d4e66/tags/black.or.white HTTP/1.1" status: 201 len: 201 time: 0.0505519
2026-06-30 19:20:10.746 10 INFO neutron.wsgi [req-803a8705-5c08-47ea-86b5-6680cc87e659 req-9900075b-a74c-4e46-a541-968bd6641e74 eff23f8a1364407d8b3a970c8fb0a198 9e87a226553f4b4a821d76fca7e776bc - - bbc4d2f7230e43ac89655b01cd30e2b7 bbc4d2f7230e43ac89655b01cd30e2b7] 199.19.213.147 "GET /v2.0/networks/b48ac207-5482-48e9-9c21-0a924b3b0f71?fields=segments HTTP/1.1" status: 200 len: 212 time: 0.0559354
2026-06-30 19:20:10.764 9 INFO neutron.wsgi [None req-f54b0d04-ac1f-48e0-9d0a-38aa2820190e 236724b72ac9485cb2ac42c801dfc0fc ad111a77849646828a6e87efe12a0ebb - - default default] 10.0.0.232 "GET /v2.0/ports/d0390eef-e532-445d-be38-3c3e272d4e66/tags HTTP/1.1" status: 200 len: 245 time: 0.0270228
2026-06-30 19:20:10.802 9 INFO neutron.wsgi [None req-a9cc71e9-a524-4546-a516-a10aa0a75caa 236724b72ac9485cb2ac42c801dfc0fc ad111a77849646828a6e87efe12a0ebb - - - -] 10.0.0.232 "PUT /v2.0/ports/d0390eef-e532-445d-be38-3c3e272d4e66/tags HTTP/1.1" status: 200 len: 230 time: 0.0341585
2026-06-30 19:20:10.813 10 INFO neutron.wsgi [req-803a8705-5c08-47ea-86b5-6680cc87e659 req-bbca3501-8299-4565-9cfe-24a000bd886c eff23f8a1364407d8b3a970c8fb0a198 9e87a226553f4b4a821d76fca7e776bc - - bbc4d2f7230e43ac89655b01cd30e2b7 bbc4d2f7230e43ac89655b01cd30e2b7] 199.19.213.147 "GET /v2.0/networks/b48ac207-5482-48e9-9c21-0a924b3b0f71?fields=provider%3Aphysical_network&fields=provider%3Anetwork_type HTTP/1.1" status: 200 len: 277 time: 0.0616729
2026-06-30 19:20:10.838 9 INFO neutron.wsgi [None req-378a00ae-96ea-4788-b5c8-1759301c041a 236724b72ac9485cb2ac42c801dfc0fc ad111a77849646828a6e87efe12a0ebb - - default default] 10.0.0.232 "GET /v2.0/ports/d0390eef-e532-445d-be38-3c3e272d4e66/tags HTTP/1.1" status: 200 len: 230 time: 0.0289671
2026-06-30 19:20:10.880 9 INFO neutron.wsgi [None req-ba183025-0a51-42f3-98f8-bc8834572417 236724b72ac9485cb2ac42c801dfc0fc ad111a77849646828a6e87efe12a0ebb - - default default] 10.0.0.232 "GET /v2.0/ports/d0390eef-e532-445d-be38-3c3e272d4e66/tags/red HTTP/1.1" status: 204 len: 168 time: 0.0346246
2026-06-30 19:20:10.895 10 INFO neutron.wsgi [req-ee4a2671-f846-42a5-9738-a2905cb3cdb9 req-f136bb41-1413-401f-ae6e-49ce8aeb99fc eff23f8a1364407d8b3a970c8fb0a198 9e87a226553f4b4a821d76fca7e776bc - - bbc4d2f7230e43ac89655b01cd30e2b7 bbc4d2f7230e43ac89655b01cd30e2b7] 199.19.213.147 "GET /v2.0/ports?tenant_id=dcd449f6a4a2478d96f85a8a646c49c8&device_id=aed2d61a-d49c-4bfc-bc67-368ca9077693 HTTP/1.1" status: 200 len: 1584 time: 0.0368514
2026-06-30 19:20:10.921 9 INFO neutron.api.v2.resource [None req-ef26dc77-4e55-41bb-aee1-d6154a4caf34 236724b72ac9485cb2ac42c801dfc0fc ad111a77849646828a6e87efe12a0ebb - - default default] show failed (client error): The resource could not be found.
2026-06-30 19:20:10.923 9 INFO neutron.wsgi [None req-ef26dc77-4e55-41bb-aee1-d6154a4caf34 236724b72ac9485cb2ac42c801dfc0fc ad111a77849646828a6e87efe12a0ebb - - default default] 10.0.0.232 "GET /v2.0/ports/d0390eef-e532-445d-be38-3c3e272d4e66/tags/green HTTP/1.1" status: 404 len: 299 time: 0.0365026
2026-06-30 19:20:10.981 9 INFO neutron.wsgi [None req-ab95127d-cd8a-4035-8c0e-420ac71c2609 236724b72ac9485cb2ac42c801dfc0fc ad111a77849646828a6e87efe12a0ebb - - - -] 10.0.0.232 "DELETE /v2.0/ports/d0390eef-e532-445d-be38-3c3e272d4e66/tags/red HTTP/1.1" status: 204 len: 168 time: 0.0531275
2026-06-30 19:20:11.025 9 INFO neutron.plugins.ml2.drivers.ovn.mech_driver.mech_driver [None req-a066a905-fa80-415a-9414-a6e9dbe1c238 - - - - - -] OVN reports status up for port: 50fc2748-1e8f-48e8-a56e-e8f135c8b35c
2026-06-30 19:20:11.038 9 INFO neutron.wsgi [None req-3a0f292f-fa99-4373-aaba-25e74b6b2d47 236724b72ac9485cb2ac42c801dfc0fc ad111a77849646828a6e87efe12a0ebb - - default default] 10.0.0.232 "GET /v2.0/ports/d0390eef-e532-445d-be38-3c3e272d4e66/tags HTTP/1.1" status: 200 len: 223 time: 0.0533938
2026-06-30 19:20:11.049 9 INFO neutron.plugins.ml2.plugin [None req-a066a905-fa80-415a-9414-a6e9dbe1c238 - - - - - -] Attempt 1 to provision port 50fc2748-1e8f-48e8-a56e-e8f135c8b35c
2026-06-30 19:20:11.103 9 INFO neutron.api.v2.resource [None req-8d2cf763-f67d-4f6a-8df3-42cf0d01bc88 236724b72ac9485cb2ac42c801dfc0fc ad111a77849646828a6e87efe12a0ebb - - - -] delete failed (client error): The resource could not be found.
2026-06-30 19:20:11.105 9 INFO neutron.wsgi [None req-8d2cf763-f67d-4f6a-8df3-42cf0d01bc88 236724b72ac9485cb2ac42c801dfc0fc ad111a77849646828a6e87efe12a0ebb - - - -] 10.0.0.232 "DELETE /v2.0/ports/d0390eef-e532-445d-be38-3c3e272d4e66/tags/green HTTP/1.1" status: 404 len: 299 time: 0.0623775
2026-06-30 19:20:11.189 9 INFO neutron.wsgi [None req-693dd87c-f305-4af5-9e6e-72d07baf6b08 236724b72ac9485cb2ac42c801dfc0fc ad111a77849646828a6e87efe12a0ebb - - - -] 10.0.0.232 "DELETE /v2.0/ports/d0390eef-e532-445d-be38-3c3e272d4e66/tags HTTP/1.1" status: 204 len: 168 time: 0.0615060
2026-06-30 19:20:11.239 9 INFO neutron.notifiers.nova [-] Nova event matching ['req-fa0db2bf-17dc-46ea-a871-f295cea62bb1'] response: {'server_uuid': 'aed2d61a-d49c-4bfc-bc67-368ca9077693', 'name': 'network-vif-plugged', 'status': 'completed', 'tag': '50fc2748-1e8f-48e8-a56e-e8f135c8b35c', 'code': 200}
2026-06-30 19:20:11.247 9 INFO neutron.wsgi [None req-4992864e-3cdb-46ab-b997-7d8510827227 236724b72ac9485cb2ac42c801dfc0fc ad111a77849646828a6e87efe12a0ebb - - default default] 10.0.0.232 "GET /v2.0/ports/d0390eef-e532-445d-be38-3c3e272d4e66/tags HTTP/1.1" status: 200 len: 205 time: 0.0450659
2026-06-30 19:20:11.363 10 INFO neutron.wsgi [req-ee4a2671-f846-42a5-9738-a2905cb3cdb9 req-eb2c9e39-3d60-43ed-9607-dbab0b157edd eff23f8a1364407d8b3a970c8fb0a198 9e87a226553f4b4a821d76fca7e776bc - - bbc4d2f7230e43ac89655b01cd30e2b7 bbc4d2f7230e43ac89655b01cd30e2b7] 199.19.213.147 "GET /v2.0/networks?id=b48ac207-5482-48e9-9c21-0a924b3b0f71 HTTP/1.1" status: 200 len: 1003 time: 0.4576519
2026-06-30 19:20:11.391 10 INFO neutron.wsgi [req-ee4a2671-f846-42a5-9738-a2905cb3cdb9 req-c7014a2b-3aab-46d3-83d2-97ade6267141 eff23f8a1364407d8b3a970c8fb0a198 9e87a226553f4b4a821d76fca7e776bc - - bbc4d2f7230e43ac89655b01cd30e2b7 bbc4d2f7230e43ac89655b01cd30e2b7] 199.19.213.147 "GET /v2.0/floatingips?fixed_ip_address=10.2.2.91&port_id=50fc2748-1e8f-48e8-a56e-e8f135c8b35c HTTP/1.1" status: 200 len: 217 time: 0.0229151
2026-06-30 19:20:11.432 10 INFO neutron.wsgi [req-ee4a2671-f846-42a5-9738-a2905cb3cdb9 req-d846bd8f-a155-47c8-b081-2785ff6d7963 eff23f8a1364407d8b3a970c8fb0a198 9e87a226553f4b4a821d76fca7e776bc - - bbc4d2f7230e43ac89655b01cd30e2b7 bbc4d2f7230e43ac89655b01cd30e2b7] 199.19.213.147 "GET /v2.0/floatingips?fixed_ip_address=fd77%3A1457%3A4cf0%3A26a8%3A%3Aa5&port_id=50fc2748-1e8f-48e8-a56e-e8f135c8b35c HTTP/1.1" status: 200 len: 217 time: 0.0321217
2026-06-30 19:20:11.454 9 INFO neutron.db.ovn_revision_numbers_db [None req-a066a905-fa80-415a-9414-a6e9dbe1c238 - - - - - -] Successfully bumped revision number for resource 50fc2748-1e8f-48e8-a56e-e8f135c8b35c (type: ports) to 4
2026-06-30 19:20:11.478 10 INFO neutron.wsgi [req-ee4a2671-f846-42a5-9738-a2905cb3cdb9 req-f84a56f9-df86-4301-8e48-43cee91c2b91 eff23f8a1364407d8b3a970c8fb0a198 9e87a226553f4b4a821d76fca7e776bc - - bbc4d2f7230e43ac89655b01cd30e2b7 bbc4d2f7230e43ac89655b01cd30e2b7] 199.19.213.147 "GET /v2.0/subnets?id=01f05347-1e17-4a71-b694-a5e3ff563a2c&id=1c4d7e37-e7ce-4ae6-9798-f182de33d40f HTTP/1.1" status: 200 len: 1567 time: 0.0376070
2026-06-30 19:20:11.516 10 INFO neutron.wsgi [req-ee4a2671-f846-42a5-9738-a2905cb3cdb9 req-ead050d5-768b-4649-9c99-a976adf1d037 eff23f8a1364407d8b3a970c8fb0a198 9e87a226553f4b4a821d76fca7e776bc - - bbc4d2f7230e43ac89655b01cd30e2b7 bbc4d2f7230e43ac89655b01cd30e2b7] 199.19.213.147 "GET /v2.0/ports?network_id=b48ac207-5482-48e9-9c21-0a924b3b0f71&device_owner=network%3Adhcp HTTP/1.1" status: 200 len: 210 time: 0.0288887
2026-06-30 19:20:11.551 10 INFO neutron.wsgi [req-ee4a2671-f846-42a5-9738-a2905cb3cdb9 req-bc9e9630-5f15-446f-82d4-9458cf972ab2 eff23f8a1364407d8b3a970c8fb0a198 9e87a226553f4b4a821d76fca7e776bc - - bbc4d2f7230e43ac89655b01cd30e2b7 bbc4d2f7230e43ac89655b01cd30e2b7] 199.19.213.147 "GET /v2.0/ports?network_id=b48ac207-5482-48e9-9c21-0a924b3b0f71&device_owner=network%3Adhcp HTTP/1.1" status: 200 len: 210 time: 0.0290403
2026-06-30 19:20:11.611 9 INFO neutron.wsgi [None req-ddf337cf-199f-44f8-afd8-41699648ab58 236724b72ac9485cb2ac42c801dfc0fc ad111a77849646828a6e87efe12a0ebb - - - -] 10.0.0.232 "DELETE /v2.0/ports/d0390eef-e532-445d-be38-3c3e272d4e66 HTTP/1.1" status: 204 len: 168 time: 0.3490057 /var/lib/openstack/lib/python3.10/site-packages/pycadf/identifier.py:71: UserWarning: Invalid uuid: neutron. To ensure interoperability, identifiers should be a valid uuid. warnings.warn(('Invalid uuid: %s. To ensure interoperability, '
2026-06-30 19:20:11.631 10 INFO neutron.wsgi [req-ee4a2671-f846-42a5-9738-a2905cb3cdb9 req-bd639abb-9a2b-44cc-80fa-ab76bc7b1bae eff23f8a1364407d8b3a970c8fb0a198 9e87a226553f4b4a821d76fca7e776bc - - bbc4d2f7230e43ac89655b01cd30e2b7 bbc4d2f7230e43ac89655b01cd30e2b7] 199.19.213.147 "GET /v2.0/networks/b48ac207-5482-48e9-9c21-0a924b3b0f71?fields=segments HTTP/1.1" status: 200 len: 212 time: 0.0725174
2026-06-30 19:20:11.717 10 INFO neutron.wsgi [req-ee4a2671-f846-42a5-9738-a2905cb3cdb9 req-9a014d59-378a-4251-ac4d-270b177dfe0f eff23f8a1364407d8b3a970c8fb0a198 9e87a226553f4b4a821d76fca7e776bc - - bbc4d2f7230e43ac89655b01cd30e2b7 bbc4d2f7230e43ac89655b01cd30e2b7] 199.19.213.147 "GET /v2.0/networks/b48ac207-5482-48e9-9c21-0a924b3b0f71?fields=provider%3Aphysical_network&fields=provider%3Anetwork_type HTTP/1.1" status: 200 len: 277 time: 0.0770950
2026-06-30 19:20:11.988 9 INFO neutron.services.segments.plugin [-] Segment a8ebe62b-2f37-4c84-ad20-c75976b26e66 resource provider aggregate not found
2026-06-30 19:20:11.993 9 INFO neutron.services.segments.plugin [-] Segment a8ebe62b-2f37-4c84-ad20-c75976b26e66 resource provider aggregate not found
2026-06-30 19:20:12.014 9 INFO neutron.services.segments.plugin [-] Segment a8ebe62b-2f37-4c84-ad20-c75976b26e66 resource provider not found; error: Placement Client Error (4xx): {"errors": [{"status": 404, "title": "Not Found", "detail": "The resource could not be found.\n\n No resource provider with uuid a8ebe62b-2f37-4c84-ad20-c75976b26e66 found for delete ", "request_id": "req-5d90896e-86e9-46c3-ae15-0e97b76605d9"}]}
2026-06-30 19:20:12.016 9 INFO neutron.services.segments.plugin [-] Segment a8ebe62b-2f37-4c84-ad20-c75976b26e66 resource provider not found; error: Placement Client Error (4xx): {"errors": [{"status": 404, "title": "Not Found", "detail": "The resource could not be found.\n\n No resource provider with uuid a8ebe62b-2f37-4c84-ad20-c75976b26e66 found for delete ", "request_id": "req-c93d4b43-4ccf-4909-a7c8-0f40deecbd2d"}]}
2026-06-30 19:20:12.046 9 INFO neutron.wsgi [None req-32e30ada-5275-4803-a729-c9204f09e65a 236724b72ac9485cb2ac42c801dfc0fc ad111a77849646828a6e87efe12a0ebb - - - -] 10.0.0.232 "DELETE /v2.0/networks/6054a434-3d49-4d56-8a9c-c6b96ef29b7d HTTP/1.1" status: 204 len: 168 time: 0.4275057
2026-06-30 19:20:13.036 9 INFO neutron.db.ovn_revision_numbers_db [None req-efd3f14e-fbf6-456a-95ab-4cc52eedd634 6d56b05daa884ec9a26d68371538b4fa 8b5a2e91b56e421daa84bcf5d91a809d - - default default] Successfully bumped revision number for resource 381a3159-f45e-4802-9cd7-df6bde6570bd (type: security_groups) to 1
2026-06-30 19:20:13.066 9 INFO neutron.wsgi [None req-efd3f14e-fbf6-456a-95ab-4cc52eedd634 6d56b05daa884ec9a26d68371538b4fa 8b5a2e91b56e421daa84bcf5d91a809d - - default default] 10.0.0.232 "GET /v2.0/security-groups?tenant_id=a9100982298e48ac9071b62e68a4323b&name=default HTTP/1.1" status: 200 len: 3000 time: 0.2490158
2026-06-30 19:20:13.241 9 INFO neutron.wsgi [None req-5b5d881a-5bf3-41c6-b299-e95ec401aabb 6d56b05daa884ec9a26d68371538b4fa 8b5a2e91b56e421daa84bcf5d91a809d - - - -] 10.0.0.232 "DELETE /v2.0/security-groups/381a3159-f45e-4802-9cd7-df6bde6570bd HTTP/1.1" status: 204 len: 168 time: 0.1674097
2026-06-30 19:20:13.279 9 INFO neutron.notifiers.nova [-] Nova event matching ['req-da38bd38-a25e-4995-b580-9f397c732d81'] response: {'server_uuid': 'aed2d61a-d49c-4bfc-bc67-368ca9077693', 'name': 'network-vif-plugged', 'status': 'completed', 'tag': '50fc2748-1e8f-48e8-a56e-e8f135c8b35c', 'code': 200}
2026-06-30 19:20:13.354 10 INFO neutron.wsgi [None req-c48bc45a-843c-4855-ba37-67471386ffcc 6d56b05daa884ec9a26d68371538b4fa 8b5a2e91b56e421daa84bcf5d91a809d - - default default] 10.0.0.232 "GET /v2.0/security-groups?tenant_id=ad111a77849646828a6e87efe12a0ebb&name=default HTTP/1.1" status: 200 len: 3000 time: 0.0276506
2026-06-30 19:20:13.441 10 INFO neutron.wsgi [req-d3243297-7ce6-422f-b4ce-1d68af2c8b27 req-7f7bac9b-bd0b-4123-8fb4-1633cd17bf47 efa3c40b17884287be902b5f55b4fffc dcd449f6a4a2478d96f85a8a646c49c8 - - default default] 10.0.0.200 "GET /v2.0/ports?device_id=aed2d61a-d49c-4bfc-bc67-368ca9077693 HTTP/1.1" status: 200 len: 1396 time: 0.0860970
2026-06-30 19:20:13.486 10 INFO neutron.wsgi [req-d3243297-7ce6-422f-b4ce-1d68af2c8b27 req-b945b93b-0a90-4140-b4dc-ed02f0105ee2 efa3c40b17884287be902b5f55b4fffc dcd449f6a4a2478d96f85a8a646c49c8 - - default default] 10.0.0.200 "GET /v2.0/security-groups?id=f14a4620-020f-4e5a-930c-e68439ca1274&fields=id&fields=name HTTP/1.1" status: 200 len: 310 time: 0.0374258
2026-06-30 19:20:13.538 9 INFO neutron.wsgi [None req-3369dee9-4479-48ad-9d71-1537dc0950b9 6d56b05daa884ec9a26d68371538b4fa 8b5a2e91b56e421daa84bcf5d91a809d - - - -] 10.0.0.232 "DELETE /v2.0/security-groups/9ab9f22a-c01d-4e4d-96a9-91d0a92bccb5 HTTP/1.1" status: 204 len: 168 time: 0.1787322
2026-06-30 19:20:13.578 10 INFO neutron.wsgi [None req-1690130c-d8cc-40e4-a3a4-1040ea5b1783 efa3c40b17884287be902b5f55b4fffc dcd449f6a4a2478d96f85a8a646c49c8 - - default default] 10.0.0.232 "GET /v2.0/ports?network_id=b48ac207-5482-48e9-9c21-0a924b3b0f71&mac_address=fa%3A16%3A3e%3Aa8%3Ac5%3A2a HTTP/1.1" status: 200 len: 1391 time: 0.0575330
2026-06-30 19:20:13.847 10 WARNING neutron.scheduler.dhcp_agent_scheduler [None req-c535006d-a199-4f07-8334-54ab608f874d efa3c40b17884287be902b5f55b4fffc dcd449f6a4a2478d96f85a8a646c49c8 - - - -] No more DHCP agents
2026-06-30 19:20:13.850 10 WARNING neutron.api.rpc.agentnotifiers.dhcp_rpc_agent_api [None req-c535006d-a199-4f07-8334-54ab608f874d efa3c40b17884287be902b5f55b4fffc dcd449f6a4a2478d96f85a8a646c49c8 - - - -] Unable to schedule network 563a5903-99d9-4944-b883-d819166e5307: no agents available; will retry on subsequent port and subnet creation events.
2026-06-30 19:20:14.371 10 INFO neutron.db.l3_db [None req-c535006d-a199-4f07-8334-54ab608f874d efa3c40b17884287be902b5f55b4fffc dcd449f6a4a2478d96f85a8a646c49c8 - - - -] Floating IP 7af264dd-52b6-4d7e-9966-b4fbcb9f7f95 associated. External IP: 10.96.250.212, port: 50fc2748-1e8f-48e8-a56e-e8f135c8b35c.
2026-06-30 19:20:14.589 10 INFO neutron.db.ovn_revision_numbers_db [None req-c535006d-a199-4f07-8334-54ab608f874d efa3c40b17884287be902b5f55b4fffc dcd449f6a4a2478d96f85a8a646c49c8 - - - -] Successfully bumped revision number for resource 7af264dd-52b6-4d7e-9966-b4fbcb9f7f95 (type: floatingips) to 0
2026-06-30 19:20:14.688 10 INFO neutron.db.ovn_revision_numbers_db [None req-c535006d-a199-4f07-8334-54ab608f874d efa3c40b17884287be902b5f55b4fffc dcd449f6a4a2478d96f85a8a646c49c8 - - - -] Successfully bumped revision number for resource 7af264dd-52b6-4d7e-9966-b4fbcb9f7f95 (type: floatingips) to 1
2026-06-30 19:20:14.727 10 INFO neutron.wsgi [None req-c535006d-a199-4f07-8334-54ab608f874d efa3c40b17884287be902b5f55b4fffc dcd449f6a4a2478d96f85a8a646c49c8 - - - -] 10.0.0.232 "POST /v2.0/floatingips HTTP/1.1" status: 201 len: 1053 time: 1.1445861
2026-06-30 19:20:14.772 10 INFO neutron.notifiers.nova [-] Nova event matching ['req-ff9d2fb1-e327-444a-b0bd-58dd39874204'] response: {'name': 'network-changed', 'server_uuid': 'aed2d61a-d49c-4bfc-bc67-368ca9077693', 'tag': '50fc2748-1e8f-48e8-a56e-e8f135c8b35c', 'status': 'completed', 'code': 200} /var/lib/openstack/lib/python3.10/site-packages/pycadf/identifier.py:71: UserWarning: Invalid uuid: neutron. To ensure interoperability, identifiers should be a valid uuid. warnings.warn(('Invalid uuid: %s. To ensure interoperability, '
2026-06-30 19:20:14.826 10 INFO neutron.wsgi [req-e3ab7fa0-8a06-441c-b21d-30c123018cd4 req-72da81a5-5980-44d4-9e96-cf94e69c4bf3 eff23f8a1364407d8b3a970c8fb0a198 9e87a226553f4b4a821d76fca7e776bc - - bbc4d2f7230e43ac89655b01cd30e2b7 bbc4d2f7230e43ac89655b01cd30e2b7] 199.19.213.147 "GET /v2.0/ports?tenant_id=dcd449f6a4a2478d96f85a8a646c49c8&device_id=aed2d61a-d49c-4bfc-bc67-368ca9077693 HTTP/1.1" status: 200 len: 1586 time: 0.0321064
2026-06-30 19:20:14.828 10 INFO neutron.wsgi [-] 10.0.0.140 "GET / HTTP/1.1" status: 200 len: 246 time: 0.0011275
2026-06-30 19:20:14.831 9 INFO neutron.wsgi [-] 10.0.0.140 "GET / HTTP/1.1" status: 200 len: 246 time: 0.0026469
2026-06-30 19:20:14.897 10 INFO neutron.wsgi [req-e3ab7fa0-8a06-441c-b21d-30c123018cd4 req-e36510d4-0313-4db1-b3f1-d21d1fd2661c eff23f8a1364407d8b3a970c8fb0a198 9e87a226553f4b4a821d76fca7e776bc - - bbc4d2f7230e43ac89655b01cd30e2b7 bbc4d2f7230e43ac89655b01cd30e2b7] 199.19.213.147 "GET /v2.0/networks?id=b48ac207-5482-48e9-9c21-0a924b3b0f71 HTTP/1.1" status: 200 len: 1003 time: 0.0626976
2026-06-30 19:20:14.957 10 INFO neutron.wsgi [req-e3ab7fa0-8a06-441c-b21d-30c123018cd4 req-b4e0aa42-5d78-410b-8a6b-f3f6ea39801f eff23f8a1364407d8b3a970c8fb0a198 9e87a226553f4b4a821d76fca7e776bc - - bbc4d2f7230e43ac89655b01cd30e2b7 bbc4d2f7230e43ac89655b01cd30e2b7] 199.19.213.147 "GET /v2.0/floatingips?fixed_ip_address=10.2.2.91&port_id=50fc2748-1e8f-48e8-a56e-e8f135c8b35c HTTP/1.1" status: 200 len: 1058 time: 0.0497630
2026-06-30 19:20:15.015 10 INFO neutron.wsgi [req-e3ab7fa0-8a06-441c-b21d-30c123018cd4 req-60148ed8-9e46-4d87-8360-3f2429d443c8 eff23f8a1364407d8b3a970c8fb0a198 9e87a226553f4b4a821d76fca7e776bc - - bbc4d2f7230e43ac89655b01cd30e2b7 bbc4d2f7230e43ac89655b01cd30e2b7] 199.19.213.147 "GET /v2.0/floatingips?fixed_ip_address=fd77%3A1457%3A4cf0%3A26a8%3A%3Aa5&port_id=50fc2748-1e8f-48e8-a56e-e8f135c8b35c HTTP/1.1" status: 200 len: 217 time: 0.0506802
2026-06-30 19:20:15.079 10 INFO neutron.wsgi [req-e3ab7fa0-8a06-441c-b21d-30c123018cd4 req-291e20e3-f05c-4333-9b9a-d18803c5f6b5 eff23f8a1364407d8b3a970c8fb0a198 9e87a226553f4b4a821d76fca7e776bc - - bbc4d2f7230e43ac89655b01cd30e2b7 bbc4d2f7230e43ac89655b01cd30e2b7] 199.19.213.147 "GET /v2.0/subnets?id=01f05347-1e17-4a71-b694-a5e3ff563a2c&id=1c4d7e37-e7ce-4ae6-9798-f182de33d40f HTTP/1.1" status: 200 len: 1567 time: 0.0575168
2026-06-30 19:20:15.114 10 INFO neutron.wsgi [req-e3ab7fa0-8a06-441c-b21d-30c123018cd4 req-f47d8bdb-2263-475d-bf3f-e1b3e71ad9de eff23f8a1364407d8b3a970c8fb0a198 9e87a226553f4b4a821d76fca7e776bc - - bbc4d2f7230e43ac89655b01cd30e2b7 bbc4d2f7230e43ac89655b01cd30e2b7] 199.19.213.147 "GET /v2.0/ports?network_id=b48ac207-5482-48e9-9c21-0a924b3b0f71&device_owner=network%3Adhcp HTTP/1.1" status: 200 len: 210 time: 0.0264275
2026-06-30 19:20:15.145 10 INFO neutron.wsgi [req-e3ab7fa0-8a06-441c-b21d-30c123018cd4 req-c82b4ef6-ec35-4fab-b039-8bd835aa59ed eff23f8a1364407d8b3a970c8fb0a198 9e87a226553f4b4a821d76fca7e776bc - - bbc4d2f7230e43ac89655b01cd30e2b7 bbc4d2f7230e43ac89655b01cd30e2b7] 199.19.213.147 "GET /v2.0/ports?network_id=b48ac207-5482-48e9-9c21-0a924b3b0f71&device_owner=network%3Adhcp HTTP/1.1" status: 200 len: 210 time: 0.0256829
2026-06-30 19:20:15.225 10 INFO neutron.wsgi [req-e3ab7fa0-8a06-441c-b21d-30c123018cd4 req-135fb23e-1eb2-48ea-a81e-b39c8148246d eff23f8a1364407d8b3a970c8fb0a198 9e87a226553f4b4a821d76fca7e776bc - - bbc4d2f7230e43ac89655b01cd30e2b7 bbc4d2f7230e43ac89655b01cd30e2b7] 199.19.213.147 "GET /v2.0/networks/b48ac207-5482-48e9-9c21-0a924b3b0f71?fields=segments HTTP/1.1" status: 200 len: 212 time: 0.0737596
2026-06-30 19:20:15.331 10 INFO neutron.wsgi [req-e3ab7fa0-8a06-441c-b21d-30c123018cd4 req-6264a026-d6f3-4008-8d81-f993bb3e3687 eff23f8a1364407d8b3a970c8fb0a198 9e87a226553f4b4a821d76fca7e776bc - - bbc4d2f7230e43ac89655b01cd30e2b7 bbc4d2f7230e43ac89655b01cd30e2b7] 199.19.213.147 "GET /v2.0/networks/b48ac207-5482-48e9-9c21-0a924b3b0f71?fields=provider%3Aphysical_network&fields=provider%3Anetwork_type HTTP/1.1" status: 200 len: 277 time: 0.0887485
2026-06-30 19:20:17.101 10 INFO neutron.wsgi [req-1b2495d1-e3a7-4d21-9948-1f3e5a27dd06 req-6ecc8191-b9a5-4519-b6fa-b11e78f6e16d eff23f8a1364407d8b3a970c8fb0a198 9e87a226553f4b4a821d76fca7e776bc - - bbc4d2f7230e43ac89655b01cd30e2b7 bbc4d2f7230e43ac89655b01cd30e2b7] 10.0.0.89 "GET /v2.0/ports?device_id=aaf6401b-38e1-47ab-8265-2c67df9f06a8 HTTP/1.1" status: 200 len: 1586 time: 0.0586543
2026-06-30 19:20:17.169 9 INFO neutron.db.ovn_revision_numbers_db [None req-c40569c6-1749-4bee-b1b5-de81782fe384 48bc79b0e32f4c9981c1a73448658f26 4a3fffde3273462881911b4a50db4883 - - - -] Successfully bumped revision number for resource 12beb2e1-7eb8-49a9-971a-da88f6c236c0 (type: security_groups) to 1
2026-06-30 19:20:17.170 10 INFO neutron.wsgi [req-1b2495d1-e3a7-4d21-9948-1f3e5a27dd06 req-8fab70d6-414c-4e24-8ac2-87d021b55c77 eff23f8a1364407d8b3a970c8fb0a198 9e87a226553f4b4a821d76fca7e776bc - - bbc4d2f7230e43ac89655b01cd30e2b7 bbc4d2f7230e43ac89655b01cd30e2b7] 10.0.0.89 "GET /v2.0/security-groups?id=f14a4620-020f-4e5a-930c-e68439ca1274&fields=id&fields=name HTTP/1.1" status: 200 len: 310 time: 0.0627120
2026-06-30 19:20:17.224 9 INFO neutron.db.segments_db [None req-c40569c6-1749-4bee-b1b5-de81782fe384 48bc79b0e32f4c9981c1a73448658f26 4a3fffde3273462881911b4a50db4883 - - - -] Added segment 870a1fb0-200e-47d8-906d-ba5c621255f2 of type geneve for network 15b8c751-262a-49f9-9f0a-334c722db43c
2026-06-30 19:20:17.363 9 INFO neutron.db.ovn_revision_numbers_db [None req-c40569c6-1749-4bee-b1b5-de81782fe384 48bc79b0e32f4c9981c1a73448658f26 4a3fffde3273462881911b4a50db4883 - - - -] Successfully bumped revision number for resource 15b8c751-262a-49f9-9f0a-334c722db43c (type: networks) to 1
2026-06-30 19:20:17.527 9 WARNING neutron.scheduler.dhcp_agent_scheduler [None req-c40569c6-1749-4bee-b1b5-de81782fe384 48bc79b0e32f4c9981c1a73448658f26 4a3fffde3273462881911b4a50db4883 - - - -] No more DHCP agents
2026-06-30 19:20:17.529 9 WARNING neutron.api.rpc.agentnotifiers.dhcp_rpc_agent_api [None req-c40569c6-1749-4bee-b1b5-de81782fe384 48bc79b0e32f4c9981c1a73448658f26 4a3fffde3273462881911b4a50db4883 - - - -] Unable to schedule network 15b8c751-262a-49f9-9f0a-334c722db43c: no agents available; will retry on subsequent port and subnet creation events.
2026-06-30 19:20:17.598 9 INFO neutron.db.ovn_revision_numbers_db [None req-c40569c6-1749-4bee-b1b5-de81782fe384 48bc79b0e32f4c9981c1a73448658f26 4a3fffde3273462881911b4a50db4883 - - - -] Successfully bumped revision number for resource 4319bf37-6553-4878-b7bf-dfbff02d7644 (type: ports) to 1
2026-06-30 19:20:17.626 9 INFO neutron.wsgi [None req-c40569c6-1749-4bee-b1b5-de81782fe384 48bc79b0e32f4c9981c1a73448658f26 4a3fffde3273462881911b4a50db4883 - - - -] 10.0.0.232 "POST /v2.0/networks HTTP/1.1" status: 201 len: 831 time: 0.8368216
2026-06-30 19:20:17.906 9 WARNING neutron.scheduler.dhcp_agent_scheduler [None req-0f023d6c-511b-4d0e-ae09-265041a3ec43 48bc79b0e32f4c9981c1a73448658f26 4a3fffde3273462881911b4a50db4883 - - - -] No more DHCP agents
2026-06-30 19:20:17.908 9 WARNING neutron.api.rpc.agentnotifiers.dhcp_rpc_agent_api [None req-0f023d6c-511b-4d0e-ae09-265041a3ec43 48bc79b0e32f4c9981c1a73448658f26 4a3fffde3273462881911b4a50db4883 - - - -] Unable to schedule network 15b8c751-262a-49f9-9f0a-334c722db43c: no agents available; will retry on subsequent port and subnet creation events.
2026-06-30 19:20:18.420 9 INFO neutron.db.ovn_revision_numbers_db [None req-0f023d6c-511b-4d0e-ae09-265041a3ec43 48bc79b0e32f4c9981c1a73448658f26 4a3fffde3273462881911b4a50db4883 - - - -] Successfully bumped revision number for resource 4319bf37-6553-4878-b7bf-dfbff02d7644 (type: ports) to 2
2026-06-30 19:20:18.439 9 INFO neutron.db.ovn_revision_numbers_db [None req-0f023d6c-511b-4d0e-ae09-265041a3ec43 48bc79b0e32f4c9981c1a73448658f26 4a3fffde3273462881911b4a50db4883 - - - -] Successfully bumped revision number for resource 0cca3534-66db-4da1-b85c-300b8dff277f (type: subnets) to 0
2026-06-30 19:20:18.457 9 INFO neutron.wsgi [None req-0f023d6c-511b-4d0e-ae09-265041a3ec43 48bc79b0e32f4c9981c1a73448658f26 4a3fffde3273462881911b4a50db4883 - - - -] 10.0.0.232 "POST /v2.0/subnets HTTP/1.1" status: 201 len: 801 time: 0.8260279
2026-06-30 19:20:18.529 9 INFO neutron.wsgi [None req-6909c7bc-b2c3-4422-a08c-c466e2a1ea23 48bc79b0e32f4c9981c1a73448658f26 4a3fffde3273462881911b4a50db4883 - - - -] 10.0.0.232 "PUT /v2.0/subnets/0cca3534-66db-4da1-b85c-300b8dff277f/tags HTTP/1.1" status: 200 len: 218 time: 0.0643849
2026-06-30 19:20:18.567 9 INFO neutron.wsgi [None req-f74e94ca-9551-40cb-8840-96595495db41 48bc79b0e32f4c9981c1a73448658f26 4a3fffde3273462881911b4a50db4883 - - default default] 10.0.0.232 "GET /v2.0/subnets/0cca3534-66db-4da1-b85c-300b8dff277f/tags HTTP/1.1" status: 200 len: 218 time: 0.0327742
2026-06-30 19:20:18.613 9 INFO neutron.wsgi [None req-1b5f1c92-3c0e-43f5-b158-b56c362611e7 48bc79b0e32f4c9981c1a73448658f26 4a3fffde3273462881911b4a50db4883 - - - -] 10.0.0.232 "PUT /v2.0/subnets/0cca3534-66db-4da1-b85c-300b8dff277f/tags/green HTTP/1.1" status: 201 len: 201 time: 0.0419846
2026-06-30 19:20:18.644 9 INFO neutron.wsgi [None req-87b5f960-21f0-437a-843a-5819a196c187 48bc79b0e32f4c9981c1a73448658f26 4a3fffde3273462881911b4a50db4883 - - default default] 10.0.0.232 "GET /v2.0/subnets/0cca3534-66db-4da1-b85c-300b8dff277f/tags HTTP/1.1" status: 200 len: 227 time: 0.0253384
2026-06-30 19:20:18.685 9 INFO neutron.wsgi [None req-1ce93a44-26a3-472d-96b4-29263156f5f6 48bc79b0e32f4c9981c1a73448658f26 4a3fffde3273462881911b4a50db4883 - - - -] 10.0.0.232 "PUT /v2.0/subnets/0cca3534-66db-4da1-b85c-300b8dff277f/tags/red HTTP/1.1" status: 201 len: 201 time: 0.0355675
2026-06-30 19:20:18.975 9 INFO neutron.wsgi [None req-8199d1e4-2b3f-4208-a86c-699dd3e6e8b9 48bc79b0e32f4c9981c1a73448658f26 4a3fffde3273462881911b4a50db4883 - - default default] 10.0.0.232 "GET /v2.0/subnets/0cca3534-66db-4da1-b85c-300b8dff277f/tags HTTP/1.1" status: 200 len: 227 time: 0.2842987
2026-06-30 19:20:19.032 9 INFO neutron.wsgi [None req-acdae867-c8d1-49ff-b024-6dffb3a1d167 48bc79b0e32f4c9981c1a73448658f26 4a3fffde3273462881911b4a50db4883 - - - -] 10.0.0.232 "PUT /v2.0/subnets/0cca3534-66db-4da1-b85c-300b8dff277f/tags/black.or.white HTTP/1.1" status: 201 len: 201 time: 0.0526974
2026-06-30 19:20:19.073 9 INFO neutron.wsgi [None req-78dda637-f5be-4490-8274-f53f9d28e49d 48bc79b0e32f4c9981c1a73448658f26 4a3fffde3273462881911b4a50db4883 - - default default] 10.0.0.232 "GET /v2.0/subnets/0cca3534-66db-4da1-b85c-300b8dff277f/tags HTTP/1.1" status: 200 len: 245 time: 0.0363948
2026-06-30 19:20:19.165 10 INFO neutron.wsgi [None req-ad265dd8-166d-47fd-bff0-022a96487508 48bc79b0e32f4c9981c1a73448658f26 4a3fffde3273462881911b4a50db4883 - - - -] 10.0.0.232 "PUT /v2.0/subnets/0cca3534-66db-4da1-b85c-300b8dff277f/tags HTTP/1.1" status: 200 len: 230 time: 0.0849805
2026-06-30 19:20:19.201 9 INFO neutron.wsgi [None req-7625a6cd-0838-44e5-b97e-4c6b5ef8a35c 48bc79b0e32f4c9981c1a73448658f26 4a3fffde3273462881911b4a50db4883 - - default default] 10.0.0.232 "GET /v2.0/subnets/0cca3534-66db-4da1-b85c-300b8dff277f/tags HTTP/1.1" status: 200 len: 230 time: 0.0297282
