2026-06-30 19:18:08.127 10 INFO neutron.services.segments.plugin [-] Segment ef32a067-03d4-4044-b9cc-08e7c631595e resource provider aggregate not found
2026-06-30 19:18:08.149 10 INFO neutron.services.segments.plugin [-] Segment ef32a067-03d4-4044-b9cc-08e7c631595e resource provider aggregate not found
2026-06-30 19:18:08.158 10 INFO neutron.services.segments.plugin [-] Segment ef32a067-03d4-4044-b9cc-08e7c631595e resource provider not found; error: Placement Client Error (4xx): {"errors": [{"status": 404, "title": "Not Found", "detail": "The resource could not be found.\n\n No resource provider with uuid ef32a067-03d4-4044-b9cc-08e7c631595e found for delete ", "request_id": "req-9067534a-61da-4c2f-a180-f96e15ea582e"}]}
2026-06-30 19:18:08.170 10 INFO neutron.services.segments.plugin [-] Segment ef32a067-03d4-4044-b9cc-08e7c631595e resource provider not found; error: Placement Client Error (4xx): {"errors": [{"status": 404, "title": "Not Found", "detail": "The resource could not be found.\n\n No resource provider with uuid ef32a067-03d4-4044-b9cc-08e7c631595e found for delete ", "request_id": "req-6a333cd9-0262-4479-9f28-a07fc40c1494"}]}
2026-06-30 19:18:08.189 10 WARNING neutron.scheduler.dhcp_agent_scheduler [None req-a5298300-c23c-4de5-90f7-17cba0e27430 618acae5503c4160839597eda6dc76d5 b909d2a907be43c69f65d54b62734da8 - - - -] No more DHCP agents
2026-06-30 19:18:08.193 10 WARNING neutron.api.rpc.agentnotifiers.dhcp_rpc_agent_api [None req-a5298300-c23c-4de5-90f7-17cba0e27430 618acae5503c4160839597eda6dc76d5 b909d2a907be43c69f65d54b62734da8 - - - -] Unable to schedule network da4a1c9b-9480-4fc0-88a3-f62c034ec2b2: no agents available; will retry on subsequent port and subnet creation events.
2026-06-30 19:18:08.221 10 INFO neutron.wsgi [None req-90d41588-7b76-4a09-a5f3-991687a92863 519819778e824928a5cc0cb73153bbd9 6756e6f383fa45248816ff0153100547 - - - -] 10.0.0.232 "DELETE /v2.0/networks/f5792cfa-6108-4381-b55e-dde8cd34efc6 HTTP/1.1" status: 204 len: 168 time: 0.7312944
2026-06-30 19:18:08.282 9 WARNING neutron.scheduler.dhcp_agent_scheduler [None req-353465d3-6e28-4bde-9adf-4bb078521ea0 5ac1e76dde8f4b6aa334c4ead952c46a 9ab14b6e19f64820b35ea72a44fda439 - - default default] No more DHCP agents
2026-06-30 19:18:08.285 9 WARNING neutron.api.rpc.agentnotifiers.dhcp_rpc_agent_api [None req-353465d3-6e28-4bde-9adf-4bb078521ea0 5ac1e76dde8f4b6aa334c4ead952c46a 9ab14b6e19f64820b35ea72a44fda439 - - default default] Unable to schedule network bf3ee353-c7b7-4ba6-80c2-0fee90519efa: no agents available; will retry on subsequent port and subnet creation events.
2026-06-30 19:18:08.301 10 INFO neutron.db.ovn_revision_numbers_db [None req-a5298300-c23c-4de5-90f7-17cba0e27430 618acae5503c4160839597eda6dc76d5 b909d2a907be43c69f65d54b62734da8 - - - -] Successfully bumped revision number for resource bbcb9e66-b33c-4f2f-a5d3-85b087a5f209 (type: ports) to 1
2026-06-30 19:18:08.369 10 INFO neutron.db.ovn_revision_numbers_db [None req-a5298300-c23c-4de5-90f7-17cba0e27430 618acae5503c4160839597eda6dc76d5 b909d2a907be43c69f65d54b62734da8 - - - -] Successfully bumped revision number for resource 8cd566a7-cde6-481f-b6e9-f8499a37bb99 (type: networks) to 1
2026-06-30 19:18:08.450 9 INFO neutron.db.ovn_revision_numbers_db [None req-353465d3-6e28-4bde-9adf-4bb078521ea0 5ac1e76dde8f4b6aa334c4ead952c46a 9ab14b6e19f64820b35ea72a44fda439 - - default default] Successfully bumped revision number for resource 7f78f3d9-9ee4-4c53-bcca-5ff6db6d8b81 (type: ports) to 1
2026-06-30 19:18:08.661 10 WARNING neutron.scheduler.dhcp_agent_scheduler [None req-a5298300-c23c-4de5-90f7-17cba0e27430 618acae5503c4160839597eda6dc76d5 b909d2a907be43c69f65d54b62734da8 - - - -] No more DHCP agents
2026-06-30 19:18:08.665 10 WARNING neutron.api.rpc.agentnotifiers.dhcp_rpc_agent_api [None req-a5298300-c23c-4de5-90f7-17cba0e27430 618acae5503c4160839597eda6dc76d5 b909d2a907be43c69f65d54b62734da8 - - - -] Unable to schedule network 8cd566a7-cde6-481f-b6e9-f8499a37bb99: no agents available; will retry on subsequent port and subnet creation events.
2026-06-30 19:18:08.799 10 INFO neutron.db.ovn_revision_numbers_db [None req-a5298300-c23c-4de5-90f7-17cba0e27430 618acae5503c4160839597eda6dc76d5 b909d2a907be43c69f65d54b62734da8 - - - -] Successfully bumped revision number for resource 66c31131-eb2d-4c96-a8b0-830e943deba3 (type: ports) to 1
2026-06-30 19:18:08.845 10 INFO neutron.wsgi [None req-a5298300-c23c-4de5-90f7-17cba0e27430 618acae5503c4160839597eda6dc76d5 b909d2a907be43c69f65d54b62734da8 - - - -] 10.0.0.232 "POST /v2.0/networks HTTP/1.1" status: 201 len: 1446 time: 2.0785980
2026-06-30 19:18:08.864 9 INFO neutron.db.ovn_revision_numbers_db [None req-353465d3-6e28-4bde-9adf-4bb078521ea0 5ac1e76dde8f4b6aa334c4ead952c46a 9ab14b6e19f64820b35ea72a44fda439 - - default default] Successfully bumped revision number for resource 7f78f3d9-9ee4-4c53-bcca-5ff6db6d8b81 (type: router_ports) to 2
2026-06-30 19:18:08.866 10 INFO neutron.wsgi [None req-1dfaeb1a-5078-4ef6-aa3c-93c2a7799d20 519819778e824928a5cc0cb73153bbd9 6756e6f383fa45248816ff0153100547 - - - -] 10.0.0.232 "DELETE /v2.0/networks/2f5bcb2c-1fda-4ee7-838e-4562b915c2a9 HTTP/1.1" status: 204 len: 168 time: 0.6384346
2026-06-30 19:18:08.950 10 INFO neutron.wsgi [None req-59123291-8a46-43a6-a59d-e9605010c091 618acae5503c4160839597eda6dc76d5 b909d2a907be43c69f65d54b62734da8 - - default default] 10.0.0.232 "GET /v2.0/networks HTTP/1.1" status: 200 len: 2052 time: 0.0996287
2026-06-30 19:18:09.032 10 WARNING neutron.plugins.ml2.drivers.ovn.mech_driver.ovsdb.ovn_client [None req-288fa77a-60d8-48bf-b78e-43ba747f83cf - - - - - -] No port found with ID 33596541-6394-4a74-b971-cf69930b3322: RuntimeError: No port found with ID 33596541-6394-4a74-b971-cf69930b3322
2026-06-30 19:18:09.032 10 INFO neutron.plugins.ml2.drivers.ovn.mech_driver.mech_driver [None req-288fa77a-60d8-48bf-b78e-43ba747f83cf - - - - - -] OVN reports status up for port: 7f78f3d9-9ee4-4c53-bcca-5ff6db6d8b81
2026-06-30 19:18:09.044 9 INFO neutron.db.ovn_revision_numbers_db [None req-353465d3-6e28-4bde-9adf-4bb078521ea0 5ac1e76dde8f4b6aa334c4ead952c46a 9ab14b6e19f64820b35ea72a44fda439 - - default default] Successfully bumped revision number for resource 7f78f3d9-9ee4-4c53-bcca-5ff6db6d8b81 (type: ports) to 2
2026-06-30 19:18:09.049 10 INFO neutron.plugins.ml2.plugin [None req-288fa77a-60d8-48bf-b78e-43ba747f83cf - - - - - -] Attempt 1 to provision port 7f78f3d9-9ee4-4c53-bcca-5ff6db6d8b81
2026-06-30 19:18:09.135 9 WARNING neutron.scheduler.dhcp_agent_scheduler [None req-353465d3-6e28-4bde-9adf-4bb078521ea0 5ac1e76dde8f4b6aa334c4ead952c46a 9ab14b6e19f64820b35ea72a44fda439 - - default default] No more DHCP agents
2026-06-30 19:18:09.137 9 WARNING neutron.api.rpc.agentnotifiers.dhcp_rpc_agent_api [None req-353465d3-6e28-4bde-9adf-4bb078521ea0 5ac1e76dde8f4b6aa334c4ead952c46a 9ab14b6e19f64820b35ea72a44fda439 - - default default] Unable to schedule network bf3ee353-c7b7-4ba6-80c2-0fee90519efa: no agents available; will retry on subsequent port and subnet creation events.
2026-06-30 19:18:09.197 15 INFO neutron.plugins.ml2.drivers.ovn.mech_driver.ovsdb.maintenance [None req-439e0c8a-0091-4052-976b-b7b535828012 - - - - - -] Maintenance task: Synchronization finished (took 0.29 seconds)
2026-06-30 19:18:09.337 9 INFO neutron.db.ovn_revision_numbers_db [None req-353465d3-6e28-4bde-9adf-4bb078521ea0 5ac1e76dde8f4b6aa334c4ead952c46a 9ab14b6e19f64820b35ea72a44fda439 - - - -] Successfully bumped revision number for resource 7f78f3d9-9ee4-4c53-bcca-5ff6db6d8b81 (type: router_ports) to 2
2026-06-30 19:18:09.340 9 INFO neutron.wsgi [None req-353465d3-6e28-4bde-9adf-4bb078521ea0 5ac1e76dde8f4b6aa334c4ead952c46a 9ab14b6e19f64820b35ea72a44fda439 - - - -] 10.0.0.232 "PUT /v2.0/routers/b8ca2163-e377-464e-a7e0-6d03e7dd8ad0/add_router_interface HTTP/1.1" status: 200 len: 503 time: 1.5789003
2026-06-30 19:18:09.469 9 INFO neutron.wsgi [None req-d09054a9-58c4-49d4-aecd-d1fc3999a9ae 5ac1e76dde8f4b6aa334c4ead952c46a 9ab14b6e19f64820b35ea72a44fda439 - - default default] 10.0.0.232 "GET /v2.0/ports/7f78f3d9-9ee4-4c53-bcca-5ff6db6d8b81 HTTP/1.1" status: 200 len: 1137 time: 0.1240244
2026-06-30 19:18:09.518 9 INFO neutron.wsgi [None req-ce68cde6-ff77-4136-be3d-e3d214c5faf4 5ac1e76dde8f4b6aa334c4ead952c46a 9ab14b6e19f64820b35ea72a44fda439 - - default default] 10.0.0.232 "GET /v2.0/ports/7f78f3d9-9ee4-4c53-bcca-5ff6db6d8b81 HTTP/1.1" status: 200 len: 1137 time: 0.0403023
2026-06-30 19:18:09.646 10 INFO neutron.db.ovn_revision_numbers_db [None req-288fa77a-60d8-48bf-b78e-43ba747f83cf - - - - - -] Successfully bumped revision number for resource 7f78f3d9-9ee4-4c53-bcca-5ff6db6d8b81 (type: ports) to 3
2026-06-30 19:18:09.659 10 INFO neutron.wsgi [None req-3b3b3d8e-1d2d-49ab-85c1-a265a747cf02 519819778e824928a5cc0cb73153bbd9 6756e6f383fa45248816ff0153100547 - - - -] 10.0.0.232 "DELETE /v2.0/networks/6f8d1a41-e352-4785-8f19-49063c842da9 HTTP/1.1" status: 204 len: 168 time: 0.7837052
2026-06-30 19:18:09.721 10 INFO neutron.wsgi [None req-1860c88f-a14e-4d11-a5c5-731b6b5bdbc6 618acae5503c4160839597eda6dc76d5 b909d2a907be43c69f65d54b62734da8 - - - -] 10.0.0.232 "DELETE /v2.0/networks/da4a1c9b-9480-4fc0-88a3-f62c034ec2b2 HTTP/1.1" status: 204 len: 168 time: 0.7647963
2026-06-30 19:18:09.826 10 INFO neutron.db.ovn_revision_numbers_db [None req-288fa77a-60d8-48bf-b78e-43ba747f83cf - - - - - -] Successfully bumped revision number for resource 7f78f3d9-9ee4-4c53-bcca-5ff6db6d8b81 (type: router_ports) to 3
2026-06-30 19:18:10.191 10 INFO neutron.services.segments.plugin [-] Segment f1e0a29f-43cb-460e-bedf-973354ef2fe4 resource provider aggregate not found
2026-06-30 19:18:10.200 10 INFO neutron.services.segments.plugin [-] Segment f1e0a29f-43cb-460e-bedf-973354ef2fe4 resource provider aggregate not found
2026-06-30 19:18:10.202 9 INFO neutron.db.ovn_revision_numbers_db [None req-0298f022-970f-4222-822a-8edc619abb03 6d56b05daa884ec9a26d68371538b4fa 8b5a2e91b56e421daa84bcf5d91a809d - - default default] Successfully bumped revision number for resource f8792d78-838c-4e95-bc34-6ec94bc5d40e (type: security_groups) to 1
2026-06-30 19:18:10.217 10 INFO neutron.services.segments.plugin [-] Segment f1e0a29f-43cb-460e-bedf-973354ef2fe4 resource provider not found; error: Placement Client Error (4xx): {"errors": [{"status": 404, "title": "Not Found", "detail": "The resource could not be found.\n\n No resource provider with uuid f1e0a29f-43cb-460e-bedf-973354ef2fe4 found for delete ", "request_id": "req-d5b68f00-ad78-43bf-ae47-028f9c2ca4db"}]}
2026-06-30 19:18:10.223 10 INFO neutron.services.segments.plugin [-] Segment f1e0a29f-43cb-460e-bedf-973354ef2fe4 resource provider not found; error: Placement Client Error (4xx): {"errors": [{"status": 404, "title": "Not Found", "detail": "The resource could not be found.\n\n No resource provider with uuid f1e0a29f-43cb-460e-bedf-973354ef2fe4 found for delete ", "request_id": "req-8ce3f231-dc25-4c18-927f-966b30d07182"}]}
2026-06-30 19:18:10.235 10 INFO neutron.wsgi [None req-036f3ce6-689b-402e-98ae-c07f9b945d80 618acae5503c4160839597eda6dc76d5 b909d2a907be43c69f65d54b62734da8 - - - -] 10.0.0.232 "DELETE /v2.0/networks/8cd566a7-cde6-481f-b6e9-f8499a37bb99 HTTP/1.1" status: 204 len: 168 time: 0.5043333
2026-06-30 19:18:10.237 10 INFO neutron.services.segments.plugin [-] Segment 6455a96f-ddc8-4916-af30-968a4f355003 resource provider aggregate not found
2026-06-30 19:18:10.252 9 INFO neutron.wsgi [None req-0298f022-970f-4222-822a-8edc619abb03 6d56b05daa884ec9a26d68371538b4fa 8b5a2e91b56e421daa84bcf5d91a809d - - default default] 10.0.0.232 "GET /v2.0/security-groups?tenant_id=8fe9480d3959492d8b43fbcf8528c295&name=default HTTP/1.1" status: 200 len: 2996 time: 0.7329102
2026-06-30 19:18:10.437 9 INFO neutron.wsgi [None req-ec8a7202-bf62-419b-9954-a1699010603e 618acae5503c4160839597eda6dc76d5 b909d2a907be43c69f65d54b62734da8 - - default default] 10.0.0.232 "GET /v2.0/networks HTTP/1.1" status: 200 len: 845 time: 0.1809096
2026-06-30 19:18:10.533 10 INFO neutron.services.segments.plugin [-] Segment 6455a96f-ddc8-4916-af30-968a4f355003 resource provider aggregate not found
2026-06-30 19:18:10.556 10 INFO neutron.services.segments.plugin [-] Segment 6455a96f-ddc8-4916-af30-968a4f355003 resource provider not found; error: Placement Client Error (4xx): {"errors": [{"status": 404, "title": "Not Found", "detail": "The resource could not be found.\n\n No resource provider with uuid 6455a96f-ddc8-4916-af30-968a4f355003 found for delete ", "request_id": "req-6fd6c4b1-ed40-45b6-9391-f1da7ae5d332"}]}
2026-06-30 19:18:10.561 10 INFO neutron.services.segments.plugin [-] Segment 6455a96f-ddc8-4916-af30-968a4f355003 resource provider not found; error: Placement Client Error (4xx): {"errors": [{"status": 404, "title": "Not Found", "detail": "The resource could not be found.\n\n No resource provider with uuid 6455a96f-ddc8-4916-af30-968a4f355003 found for delete ", "request_id": "req-3b9b1d66-e91d-4c4d-8ea3-e3ab225e9168"}]}
2026-06-30 19:18:10.577 10 INFO neutron.services.segments.plugin [-] Segment 74c61dc4-7831-4892-97df-9a7ac23fdeb7 resource provider aggregate not found
2026-06-30 19:18:10.585 10 INFO neutron.services.segments.plugin [-] Segment 74c61dc4-7831-4892-97df-9a7ac23fdeb7 resource provider aggregate not found
2026-06-30 19:18:10.597 10 INFO neutron.services.segments.plugin [-] Segment 74c61dc4-7831-4892-97df-9a7ac23fdeb7 resource provider not found; error: Placement Client Error (4xx): {"errors": [{"status": 404, "title": "Not Found", "detail": "The resource could not be found.\n\n No resource provider with uuid 74c61dc4-7831-4892-97df-9a7ac23fdeb7 found for delete ", "request_id": "req-93b04e63-282d-4921-9e36-77f7c0287c54"}]}
2026-06-30 19:18:10.605 10 INFO neutron.services.segments.plugin [-] Segment 74c61dc4-7831-4892-97df-9a7ac23fdeb7 resource provider not found; error: Placement Client Error (4xx): {"errors": [{"status": 404, "title": "Not Found", "detail": "The resource could not be found.\n\n No resource provider with uuid 74c61dc4-7831-4892-97df-9a7ac23fdeb7 found for delete ", "request_id": "req-e78fe558-7440-41b9-b18f-20e590876a4a"}]}
2026-06-30 19:18:10.616 10 INFO neutron.services.segments.plugin [-] Segment 3e7abdb1-2419-420a-b836-0c07c55d0e61 resource provider aggregate not found
2026-06-30 19:18:10.623 10 INFO neutron.services.segments.plugin [-] Segment 3e7abdb1-2419-420a-b836-0c07c55d0e61 resource provider aggregate not found
2026-06-30 19:18:10.638 10 INFO neutron.services.segments.plugin [-] Segment 3e7abdb1-2419-420a-b836-0c07c55d0e61 resource provider not found; error: Placement Client Error (4xx): {"errors": [{"status": 404, "title": "Not Found", "detail": "The resource could not be found.\n\n No resource provider with uuid 3e7abdb1-2419-420a-b836-0c07c55d0e61 found for delete ", "request_id": "req-911a0933-f336-46ba-ab78-3820a32fe606"}]}
2026-06-30 19:18:10.644 10 INFO neutron.services.segments.plugin [-] Segment 3e7abdb1-2419-420a-b836-0c07c55d0e61 resource provider not found; error: Placement Client Error (4xx): {"errors": [{"status": 404, "title": "Not Found", "detail": "The resource could not be found.\n\n No resource provider with uuid 3e7abdb1-2419-420a-b836-0c07c55d0e61 found for delete ", "request_id": "req-d4204b9a-4466-419b-bde5-4af48f316162"}]}
2026-06-30 19:18:10.654 9 INFO neutron.db.segments_db [None req-a035452a-910e-4d87-94ca-37bb69d97c1f 618acae5503c4160839597eda6dc76d5 b909d2a907be43c69f65d54b62734da8 - - - -] Added segment 6efbbad6-d628-43a5-9c86-ca41e2e3a0fb of type geneve for network 345edef5-4e20-41e9-b4a6-da77c388767d
2026-06-30 19:18:10.690 9 INFO neutron.services.segments.plugin [-] Segment 76affd72-5749-4a52-80ec-5ad46f727ef0 resource provider aggregate not found
2026-06-30 19:18:10.694 9 INFO neutron.services.segments.plugin [-] Segment 76affd72-5749-4a52-80ec-5ad46f727ef0 resource provider aggregate not found
2026-06-30 19:18:10.716 9 INFO neutron.services.segments.plugin [-] Segment 76affd72-5749-4a52-80ec-5ad46f727ef0 resource provider not found; error: Placement Client Error (4xx): {"errors": [{"status": 404, "title": "Not Found", "detail": "The resource could not be found.\n\n No resource provider with uuid 76affd72-5749-4a52-80ec-5ad46f727ef0 found for delete ", "request_id": "req-2617ef0b-4744-49e0-929c-4cef9d2a7466"}]}
2026-06-30 19:18:10.716 9 INFO neutron.services.segments.plugin [-] Segment 76affd72-5749-4a52-80ec-5ad46f727ef0 resource provider not found; error: Placement Client Error (4xx): {"errors": [{"status": 404, "title": "Not Found", "detail": "The resource could not be found.\n\n No resource provider with uuid 76affd72-5749-4a52-80ec-5ad46f727ef0 found for delete ", "request_id": "req-6a8cb46f-ed98-4902-96d9-dcd2375b8be8"}]}
2026-06-30 19:18:10.805 9 INFO neutron.wsgi [None req-f1e55c59-b030-4c8d-97bc-0a88f2630b24 519819778e824928a5cc0cb73153bbd9 6756e6f383fa45248816ff0153100547 - - - -] 10.0.0.232 "DELETE /v2.0/networks/b778359f-04e6-4bae-99d0-61dd4ad14c7c HTTP/1.1" status: 204 len: 168 time: 1.1397064
2026-06-30 19:18:10.918 9 INFO neutron.wsgi [None req-cf69ad28-5bf6-4816-bbff-d91f579608fb 6d56b05daa884ec9a26d68371538b4fa 8b5a2e91b56e421daa84bcf5d91a809d - - - -] 10.0.0.232 "DELETE /v2.0/security-groups/f8792d78-838c-4e95-bc34-6ec94bc5d40e HTTP/1.1" status: 204 len: 168 time: 0.6357498
2026-06-30 19:18:10.920 9 INFO neutron.db.ovn_revision_numbers_db [None req-a035452a-910e-4d87-94ca-37bb69d97c1f 618acae5503c4160839597eda6dc76d5 b909d2a907be43c69f65d54b62734da8 - - - -] Successfully bumped revision number for resource 345edef5-4e20-41e9-b4a6-da77c388767d (type: networks) to 1
2026-06-30 19:18:11.059 9 INFO neutron.wsgi [None req-2277e8ed-6c04-45ff-bfec-f25c6126510e 5ac1e76dde8f4b6aa334c4ead952c46a 9ab14b6e19f64820b35ea72a44fda439 - - - -] 10.0.0.232 "PUT /v2.0/routers/b8ca2163-e377-464e-a7e0-6d03e7dd8ad0/remove_router_interface HTTP/1.1" status: 200 len: 503 time: 1.5359399
2026-06-30 19:18:11.092 10 INFO neutron.wsgi [None req-ac292553-1ba9-4d2f-ba85-71ab26ed1084 5ac1e76dde8f4b6aa334c4ead952c46a 9ab14b6e19f64820b35ea72a44fda439 - - default default] 10.0.0.232 "GET /v2.0/ports?device_id=b8ca2163-e377-464e-a7e0-6d03e7dd8ad0 HTTP/1.1" status: 200 len: 205 time: 0.0258074
2026-06-30 19:18:11.194 9 WARNING neutron.scheduler.dhcp_agent_scheduler [None req-a035452a-910e-4d87-94ca-37bb69d97c1f 618acae5503c4160839597eda6dc76d5 b909d2a907be43c69f65d54b62734da8 - - - -] No more DHCP agents
2026-06-30 19:18:11.196 9 WARNING neutron.api.rpc.agentnotifiers.dhcp_rpc_agent_api [None req-a035452a-910e-4d87-94ca-37bb69d97c1f 618acae5503c4160839597eda6dc76d5 b909d2a907be43c69f65d54b62734da8 - - - -] Unable to schedule network 345edef5-4e20-41e9-b4a6-da77c388767d: no agents available; will retry on subsequent port and subnet creation events.
2026-06-30 19:18:11.254 9 INFO neutron.db.ovn_revision_numbers_db [None req-a035452a-910e-4d87-94ca-37bb69d97c1f 618acae5503c4160839597eda6dc76d5 b909d2a907be43c69f65d54b62734da8 - - - -] Successfully bumped revision number for resource c76aab07-d254-4a34-a302-97d675412ba8 (type: ports) to 1
2026-06-30 19:18:11.274 9 INFO neutron.wsgi [None req-a035452a-910e-4d87-94ca-37bb69d97c1f 618acae5503c4160839597eda6dc76d5 b909d2a907be43c69f65d54b62734da8 - - - -] 10.0.0.232 "POST /v2.0/networks HTTP/1.1" status: 201 len: 848 time: 0.8265455 /var/lib/openstack/lib/python3.10/site-packages/pycadf/identifier.py:71: UserWarning: Invalid uuid: neutron. To ensure interoperability, identifiers should be a valid uuid. warnings.warn(('Invalid uuid: %s. To ensure interoperability, '
2026-06-30 19:18:11.339 10 INFO neutron.wsgi [None req-eb7df921-4440-4ada-808e-ce7ea6d5660b 5ac1e76dde8f4b6aa334c4ead952c46a 9ab14b6e19f64820b35ea72a44fda439 - - - -] 10.0.0.232 "DELETE /v2.0/routers/b8ca2163-e377-464e-a7e0-6d03e7dd8ad0 HTTP/1.1" status: 204 len: 168 time: 0.2425406
2026-06-30 19:18:11.385 9 INFO neutron.db.segments_db [None req-f5f3a244-9517-42f8-b3e6-86e4f5583eaf 618acae5503c4160839597eda6dc76d5 b909d2a907be43c69f65d54b62734da8 - - - -] Added segment abe1fb7f-c85e-406e-8227-1d8222aab014 of type geneve for network 567c620e-cf77-4c43-891b-9023ed84a2b9
2026-06-30 19:18:11.548 9 INFO neutron.db.ovn_revision_numbers_db [None req-f5f3a244-9517-42f8-b3e6-86e4f5583eaf 618acae5503c4160839597eda6dc76d5 b909d2a907be43c69f65d54b62734da8 - - - -] Successfully bumped revision number for resource 567c620e-cf77-4c43-891b-9023ed84a2b9 (type: networks) to 1
2026-06-30 19:18:11.822 10 INFO neutron.db.ovn_revision_numbers_db [None req-d498284d-babb-4a33-bc77-51a5cd5352fb 6d56b05daa884ec9a26d68371538b4fa 8b5a2e91b56e421daa84bcf5d91a809d - - default default] Successfully bumped revision number for resource 32821bd8-951d-43f6-a28c-a79e46b96c4f (type: security_groups) to 1
2026-06-30 19:18:11.844 10 INFO neutron.wsgi [None req-d498284d-babb-4a33-bc77-51a5cd5352fb 6d56b05daa884ec9a26d68371538b4fa 8b5a2e91b56e421daa84bcf5d91a809d - - default default] 10.0.0.232 "GET /v2.0/security-groups?tenant_id=c35d9cb2846e46b699917b2569f9fcc1&name=default HTTP/1.1" status: 200 len: 2996 time: 0.2091756
2026-06-30 19:18:11.900 9 INFO neutron.wsgi [None req-4eebb473-7dfb-420e-88c2-e789fc5d7a6b 5ac1e76dde8f4b6aa334c4ead952c46a 9ab14b6e19f64820b35ea72a44fda439 - - - -] 10.0.0.232 "DELETE /v2.0/subnets/3d9710ae-d72e-40d2-bc46-e588cf282db5 HTTP/1.1" status: 204 len: 168 time: 0.5373554
2026-06-30 19:18:11.972 9 WARNING neutron.scheduler.dhcp_agent_scheduler [None req-f5f3a244-9517-42f8-b3e6-86e4f5583eaf 618acae5503c4160839597eda6dc76d5 b909d2a907be43c69f65d54b62734da8 - - - -] No more DHCP agents
2026-06-30 19:18:11.973 9 WARNING neutron.api.rpc.agentnotifiers.dhcp_rpc_agent_api [None req-f5f3a244-9517-42f8-b3e6-86e4f5583eaf 618acae5503c4160839597eda6dc76d5 b909d2a907be43c69f65d54b62734da8 - - - -] Unable to schedule network 567c620e-cf77-4c43-891b-9023ed84a2b9: no agents available; will retry on subsequent port and subnet creation events.
2026-06-30 19:18:12.058 9 INFO neutron.db.ovn_revision_numbers_db [None req-f5f3a244-9517-42f8-b3e6-86e4f5583eaf 618acae5503c4160839597eda6dc76d5 b909d2a907be43c69f65d54b62734da8 - - - -] Successfully bumped revision number for resource 53004c03-bd77-4d8f-8eb3-4e9b132e2658 (type: ports) to 1
2026-06-30 19:18:12.088 9 INFO neutron.wsgi [None req-f5f3a244-9517-42f8-b3e6-86e4f5583eaf 618acae5503c4160839597eda6dc76d5 b909d2a907be43c69f65d54b62734da8 - - - -] 10.0.0.232 "POST /v2.0/networks HTTP/1.1" status: 201 len: 849 time: 0.8083937
2026-06-30 19:18:12.122 10 INFO neutron.wsgi [None req-3bd7e600-f483-4366-b93f-98fe4ac9123d 6d56b05daa884ec9a26d68371538b4fa 8b5a2e91b56e421daa84bcf5d91a809d - - - -] 10.0.0.232 "DELETE /v2.0/security-groups/32821bd8-951d-43f6-a28c-a79e46b96c4f HTTP/1.1" status: 204 len: 168 time: 0.2724891
2026-06-30 19:18:12.277 10 INFO neutron.wsgi [None req-b5577173-6a0c-496e-b2d6-6edb8b4d6b79 6d56b05daa884ec9a26d68371538b4fa 8b5a2e91b56e421daa84bcf5d91a809d - - default default] 10.0.0.232 "GET /v2.0/security-groups?tenant_id=6756e6f383fa45248816ff0153100547&name=default HTTP/1.1" status: 200 len: 2996 time: 0.0498028
2026-06-30 19:18:12.371 10 INFO neutron.wsgi [None req-e9bd5dbe-d439-4298-b2c1-2470e743e022 5ac1e76dde8f4b6aa334c4ead952c46a 9ab14b6e19f64820b35ea72a44fda439 - - - -] 10.0.0.232 "DELETE /v2.0/networks/bf3ee353-c7b7-4ba6-80c2-0fee90519efa HTTP/1.1" status: 204 len: 168 time: 0.4635823
2026-06-30 19:18:12.483 10 INFO neutron.wsgi [None req-60ec86fd-5e7c-4be4-8d77-27eb3fad209a 6d56b05daa884ec9a26d68371538b4fa 8b5a2e91b56e421daa84bcf5d91a809d - - - -] 10.0.0.232 "DELETE /v2.0/security-groups/8eaec53c-ea15-4c10-bf87-dc0cf872d828 HTTP/1.1" status: 204 len: 168 time: 0.2006145
2026-06-30 19:18:12.659 10 INFO neutron.services.segments.plugin [-] Segment 8d4f76bf-6bea-487d-b622-d690d76160c4 resource provider aggregate not found
2026-06-30 19:18:12.675 10 INFO neutron.services.segments.plugin [-] Segment 8d4f76bf-6bea-487d-b622-d690d76160c4 resource provider aggregate not found
2026-06-30 19:18:12.681 10 INFO neutron.services.segments.plugin [-] Segment 8d4f76bf-6bea-487d-b622-d690d76160c4 resource provider not found; error: Placement Client Error (4xx): {"errors": [{"status": 404, "title": "Not Found", "detail": "The resource could not be found.\n\n No resource provider with uuid 8d4f76bf-6bea-487d-b622-d690d76160c4 found for delete ", "request_id": "req-2bc42b38-f91f-4bf7-9073-63077235fe16"}]}
2026-06-30 19:18:12.694 10 INFO neutron.services.segments.plugin [-] Segment 8d4f76bf-6bea-487d-b622-d690d76160c4 resource provider not found; error: Placement Client Error (4xx): {"errors": [{"status": 404, "title": "Not Found", "detail": "The resource could not be found.\n\n No resource provider with uuid 8d4f76bf-6bea-487d-b622-d690d76160c4 found for delete ", "request_id": "req-b765cf2e-d3da-4ebb-ae68-50563070d94d"}]}
2026-06-30 19:18:12.739 9 WARNING neutron.scheduler.dhcp_agent_scheduler [None req-791f3c61-7fed-47c6-b6fc-9ada7d2cff95 618acae5503c4160839597eda6dc76d5 b909d2a907be43c69f65d54b62734da8 - - - -] No more DHCP agents
2026-06-30 19:18:12.743 9 WARNING neutron.api.rpc.agentnotifiers.dhcp_rpc_agent_api [None req-791f3c61-7fed-47c6-b6fc-9ada7d2cff95 618acae5503c4160839597eda6dc76d5 b909d2a907be43c69f65d54b62734da8 - - - -] Unable to schedule network 345edef5-4e20-41e9-b4a6-da77c388767d: no agents available; will retry on subsequent port and subnet creation events.
2026-06-30 19:18:12.776 10 INFO neutron.db.ovn_revision_numbers_db [None req-7c1f040d-017c-4139-93c5-f9fd429e8272 6d56b05daa884ec9a26d68371538b4fa 8b5a2e91b56e421daa84bcf5d91a809d - - default default] Successfully bumped revision number for resource 55163078-1b16-4eb4-b623-4372bef4e6c2 (type: security_groups) to 1
2026-06-30 19:18:12.799 10 INFO neutron.wsgi [None req-7c1f040d-017c-4139-93c5-f9fd429e8272 6d56b05daa884ec9a26d68371538b4fa 8b5a2e91b56e421daa84bcf5d91a809d - - default default] 10.0.0.232 "GET /v2.0/security-groups?tenant_id=e5a6e91b75e14eb4829ec27bac5566a3&name=default HTTP/1.1" status: 200 len: 2996 time: 0.1300898
2026-06-30 19:18:12.893 9 INFO neutron.db.ovn_revision_numbers_db [None req-791f3c61-7fed-47c6-b6fc-9ada7d2cff95 618acae5503c4160839597eda6dc76d5 b909d2a907be43c69f65d54b62734da8 - - - -] Successfully bumped revision number for resource 83d6704c-76e5-4fa5-a5df-b4f810379fca (type: ports) to 1
2026-06-30 19:18:12.949 9 WARNING neutron.scheduler.dhcp_agent_scheduler [None req-791f3c61-7fed-47c6-b6fc-9ada7d2cff95 618acae5503c4160839597eda6dc76d5 b909d2a907be43c69f65d54b62734da8 - - - -] No more DHCP agents
2026-06-30 19:18:12.956 9 WARNING neutron.api.rpc.agentnotifiers.dhcp_rpc_agent_api [None req-791f3c61-7fed-47c6-b6fc-9ada7d2cff95 618acae5503c4160839597eda6dc76d5 b909d2a907be43c69f65d54b62734da8 - - - -] Unable to schedule network 567c620e-cf77-4c43-891b-9023ed84a2b9: no agents available; will retry on subsequent port and subnet creation events.
2026-06-30 19:18:12.997 10 INFO neutron.wsgi [None req-58279dd6-5d90-4e14-9c7b-4a43bc9326ad 6d56b05daa884ec9a26d68371538b4fa 8b5a2e91b56e421daa84bcf5d91a809d - - - -] 10.0.0.232 "DELETE /v2.0/security-groups/55163078-1b16-4eb4-b623-4372bef4e6c2 HTTP/1.1" status: 204 len: 168 time: 0.1941791
2026-06-30 19:18:13.063 9 INFO neutron.db.ovn_revision_numbers_db [None req-791f3c61-7fed-47c6-b6fc-9ada7d2cff95 618acae5503c4160839597eda6dc76d5 b909d2a907be43c69f65d54b62734da8 - - - -] Successfully bumped revision number for resource 7cbb7825-7879-4517-80a1-ff39e096ae0d (type: ports) to 1
2026-06-30 19:18:13.092 9 INFO neutron.wsgi [None req-791f3c61-7fed-47c6-b6fc-9ada7d2cff95 618acae5503c4160839597eda6dc76d5 b909d2a907be43c69f65d54b62734da8 - - - -] 10.0.0.232 "POST /v2.0/ports HTTP/1.1" status: 201 len: 1705 time: 1.0001841
2026-06-30 19:18:13.118 9 WARNING neutron.scheduler.dhcp_agent_scheduler [None req-74eca671-9f3d-443d-a882-803e18b80360 5ac1e76dde8f4b6aa334c4ead952c46a 9ab14b6e19f64820b35ea72a44fda439 - - - -] No more DHCP agents
2026-06-30 19:18:13.120 9 WARNING neutron.api.rpc.agentnotifiers.dhcp_rpc_agent_api [None req-74eca671-9f3d-443d-a882-803e18b80360 5ac1e76dde8f4b6aa334c4ead952c46a 9ab14b6e19f64820b35ea72a44fda439 - - - -] Unable to schedule network 563a5903-99d9-4944-b883-d819166e5307: no agents available; will retry on subsequent port and subnet creation events.
2026-06-30 19:18:13.223 10 INFO neutron.wsgi [None req-a9692b43-fc71-49bf-a856-425bd4809165 618acae5503c4160839597eda6dc76d5 b909d2a907be43c69f65d54b62734da8 - - default default] 10.0.0.232 "GET /v2.0/ports HTTP/1.1" status: 200 len: 3212 time: 0.1258323 /var/lib/openstack/lib/python3.10/site-packages/pycadf/identifier.py:71: UserWarning: Invalid uuid: neutron. To ensure interoperability, identifiers should be a valid uuid. warnings.warn(('Invalid uuid: %s. To ensure interoperability, '
2026-06-30 19:18:13.270 9 INFO neutron.db.ovn_revision_numbers_db [None req-74eca671-9f3d-443d-a882-803e18b80360 5ac1e76dde8f4b6aa334c4ead952c46a 9ab14b6e19f64820b35ea72a44fda439 - - - -] Successfully bumped revision number for resource ea4eb469-8950-4550-a685-e210aa3f6f8b (type: ports) to 1
2026-06-30 19:18:13.645 10 INFO neutron.db.ovn_revision_numbers_db [None req-dda09b7a-5cac-487a-b17f-3c2c438a18b2 6d56b05daa884ec9a26d68371538b4fa 8b5a2e91b56e421daa84bcf5d91a809d - - default default] Successfully bumped revision number for resource 9896bafa-1e85-4ec1-9334-0dcda4049193 (type: security_groups) to 1
2026-06-30 19:18:13.671 10 INFO neutron.wsgi [None req-dda09b7a-5cac-487a-b17f-3c2c438a18b2 6d56b05daa884ec9a26d68371538b4fa 8b5a2e91b56e421daa84bcf5d91a809d - - default default] 10.0.0.232 "GET /v2.0/security-groups?tenant_id=5319acd4c5294251b54ebdd7bdee6fd4&name=default HTTP/1.1" status: 200 len: 2996 time: 0.3304107
2026-06-30 19:18:13.837 9 INFO neutron.wsgi [None req-aab7c185-2bb2-4ece-8869-cdc087d8c164 618acae5503c4160839597eda6dc76d5 b909d2a907be43c69f65d54b62734da8 - - - -] 10.0.0.232 "DELETE /v2.0/ports/83d6704c-76e5-4fa5-a5df-b4f810379fca HTTP/1.1" status: 204 len: 168 time: 0.5943696
2026-06-30 19:18:13.844 10 INFO neutron.wsgi [None req-29301026-e753-4d64-bef2-57b489c5bf70 6d56b05daa884ec9a26d68371538b4fa 8b5a2e91b56e421daa84bcf5d91a809d - - - -] 10.0.0.232 "DELETE /v2.0/security-groups/9896bafa-1e85-4ec1-9334-0dcda4049193 HTTP/1.1" status: 204 len: 168 time: 0.1644528
2026-06-30 19:18:14.227 9 INFO neutron.wsgi [None req-24138469-95be-40bf-a558-fc3f2be65a52 618acae5503c4160839597eda6dc76d5 b909d2a907be43c69f65d54b62734da8 - - - -] 10.0.0.232 "DELETE /v2.0/ports/7cbb7825-7879-4517-80a1-ff39e096ae0d HTTP/1.1" status: 204 len: 168 time: 0.3825135
2026-06-30 19:18:14.270 10 INFO neutron.wsgi [None req-69242d54-20a7-45a8-83d2-96b59306553d 618acae5503c4160839597eda6dc76d5 b909d2a907be43c69f65d54b62734da8 - - default default] 10.0.0.232 "GET /v2.0/ports HTTP/1.1" status: 200 len: 1718 time: 0.0374646
2026-06-30 19:18:14.294 9 INFO neutron.plugins.ml2.drivers.ovn.mech_driver.mech_driver [None req-a066a905-fa80-415a-9414-a6e9dbe1c238 - - - - - -] OVN reports status up for port: ea4eb469-8950-4550-a685-e210aa3f6f8b
2026-06-30 19:18:14.303 9 INFO neutron.plugins.ml2.plugin [None req-a066a905-fa80-415a-9414-a6e9dbe1c238 - - - - - -] Attempt 1 to provision port ea4eb469-8950-4550-a685-e210aa3f6f8b
2026-06-30 19:18:14.305 9 INFO neutron.db.ovn_revision_numbers_db [None req-74eca671-9f3d-443d-a882-803e18b80360 5ac1e76dde8f4b6aa334c4ead952c46a 9ab14b6e19f64820b35ea72a44fda439 - - - -] Successfully bumped revision number for resource ea4eb469-8950-4550-a685-e210aa3f6f8b (type: router_ports) to 1
2026-06-30 19:18:14.358 10 INFO neutron.db.segments_db [None req-b0d59a1b-3810-43dd-96df-18470971ff2d 618acae5503c4160839597eda6dc76d5 b909d2a907be43c69f65d54b62734da8 - - - -] Added segment e3ee418c-47c7-413a-831e-a755cc471516 of type geneve for network 8ac8501c-130a-4ffb-830b-d1a318520ee6
2026-06-30 19:18:14.389 9 INFO neutron.db.ovn_revision_numbers_db [None req-74eca671-9f3d-443d-a882-803e18b80360 5ac1e76dde8f4b6aa334c4ead952c46a 9ab14b6e19f64820b35ea72a44fda439 - - - -] Successfully bumped revision number for resource d4ac8a48-6e3f-4154-877f-45453f60d0d8 (type: routers) to 3
2026-06-30 19:18:14.404 9 INFO neutron.wsgi [None req-74eca671-9f3d-443d-a882-803e18b80360 5ac1e76dde8f4b6aa334c4ead952c46a 9ab14b6e19f64820b35ea72a44fda439 - - - -] 10.0.0.232 "POST /v2.0/routers HTTP/1.1" status: 201 len: 868 time: 2.0240266
2026-06-30 19:18:14.472 10 INFO neutron.db.ovn_revision_numbers_db [None req-b0d59a1b-3810-43dd-96df-18470971ff2d 618acae5503c4160839597eda6dc76d5 b909d2a907be43c69f65d54b62734da8 - - - -] Successfully bumped revision number for resource 8ac8501c-130a-4ffb-830b-d1a318520ee6 (type: networks) to 1
2026-06-30 19:18:14.485 9 INFO neutron.wsgi [None req-6a138d40-371f-4cff-9937-d25b9b055313 5ac1e76dde8f4b6aa334c4ead952c46a 9ab14b6e19f64820b35ea72a44fda439 - - default default] 10.0.0.232 "GET /v2.0/routers/d4ac8a48-6e3f-4154-877f-45453f60d0d8 HTTP/1.1" status: 200 len: 869 time: 0.0741587
2026-06-30 19:18:14.635 9 INFO neutron.wsgi [None req-0fa08be6-ad86-46bd-b34e-ae63c7997bd2 5ac1e76dde8f4b6aa334c4ead952c46a 9ab14b6e19f64820b35ea72a44fda439 - - default default] 10.0.0.232 "GET /v2.0/routers HTTP/1.1" status: 200 len: 872 time: 0.1421382
2026-06-30 19:18:14.729 10 WARNING neutron.scheduler.dhcp_agent_scheduler [None req-b0d59a1b-3810-43dd-96df-18470971ff2d 618acae5503c4160839597eda6dc76d5 b909d2a907be43c69f65d54b62734da8 - - - -] No more DHCP agents
2026-06-30 19:18:14.731 10 WARNING neutron.api.rpc.agentnotifiers.dhcp_rpc_agent_api [None req-b0d59a1b-3810-43dd-96df-18470971ff2d 618acae5503c4160839597eda6dc76d5 b909d2a907be43c69f65d54b62734da8 - - - -] Unable to schedule network 8ac8501c-130a-4ffb-830b-d1a318520ee6: no agents available; will retry on subsequent port and subnet creation events.
2026-06-30 19:18:14.830 9 INFO neutron.wsgi [-] 10.0.0.140 "GET / HTTP/1.1" status: 200 len: 246 time: 0.0017221
2026-06-30 19:18:14.832 9 INFO neutron.wsgi [-] 10.0.0.140 "GET / HTTP/1.1" status: 200 len: 246 time: 0.0012352
2026-06-30 19:18:14.835 10 INFO neutron.db.ovn_revision_numbers_db [None req-b0d59a1b-3810-43dd-96df-18470971ff2d 618acae5503c4160839597eda6dc76d5 b909d2a907be43c69f65d54b62734da8 - - - -] Successfully bumped revision number for resource a923f77d-961d-47d7-b2e3-e50b4ed7359b (type: ports) to 1
2026-06-30 19:18:14.869 10 INFO neutron.wsgi [None req-b0d59a1b-3810-43dd-96df-18470971ff2d 618acae5503c4160839597eda6dc76d5 b909d2a907be43c69f65d54b62734da8 - - - -] 10.0.0.232 "POST /v2.0/networks HTTP/1.1" status: 201 len: 849 time: 0.5830190
2026-06-30 19:18:14.993 10 INFO neutron.db.segments_db [None req-48bedc2b-a322-4ee5-909a-827563cb4cd6 618acae5503c4160839597eda6dc76d5 b909d2a907be43c69f65d54b62734da8 - - - -] Added segment 4c885c3d-8d97-4fa3-b603-fe55654ffffd of type geneve for network 703c6b44-9346-45e7-9bea-aee9450c15d8
2026-06-30 19:18:15.073 10 WARNING neutron.plugins.ml2.drivers.ovn.mech_driver.ovsdb.ovn_client [None req-288fa77a-60d8-48bf-b78e-43ba747f83cf - - - - - -] No port found with ID 7f78f3d9-9ee4-4c53-bcca-5ff6db6d8b81: RuntimeError: No port found with ID 7f78f3d9-9ee4-4c53-bcca-5ff6db6d8b81
2026-06-30 19:18:15.174 10 INFO neutron.db.ovn_revision_numbers_db [None req-48bedc2b-a322-4ee5-909a-827563cb4cd6 618acae5503c4160839597eda6dc76d5 b909d2a907be43c69f65d54b62734da8 - - - -] Successfully bumped revision number for resource 703c6b44-9346-45e7-9bea-aee9450c15d8 (type: networks) to 1
2026-06-30 19:18:15.200 10 INFO neutron.db.ovn_revision_numbers_db [None req-425f5e28-e5fe-4707-8fab-782e63543ee1 5ac1e76dde8f4b6aa334c4ead952c46a 9ab14b6e19f64820b35ea72a44fda439 - - - -] Successfully bumped revision number for resource d4ac8a48-6e3f-4154-877f-45453f60d0d8 (type: routers) to 4
2026-06-30 19:18:15.203 10 INFO neutron.wsgi [None req-425f5e28-e5fe-4707-8fab-782e63543ee1 5ac1e76dde8f4b6aa334c4ead952c46a 9ab14b6e19f64820b35ea72a44fda439 - - - -] 10.0.0.232 "PUT /v2.0/routers/d4ac8a48-6e3f-4154-877f-45453f60d0d8 HTTP/1.1" status: 200 len: 876 time: 0.5601244
2026-06-30 19:18:15.287 9 INFO neutron.wsgi [None req-90690c61-59ce-4b72-8122-e3e327de0f3f 5ac1e76dde8f4b6aa334c4ead952c46a 9ab14b6e19f64820b35ea72a44fda439 - - default default] 10.0.0.232 "GET /v2.0/routers/d4ac8a48-6e3f-4154-877f-45453f60d0d8 HTTP/1.1" status: 200 len: 876 time: 0.0773411
2026-06-30 19:18:15.318 10 INFO neutron.wsgi [None req-be6d1629-3f6b-4347-81c9-26a295b517b0 5ac1e76dde8f4b6aa334c4ead952c46a 9ab14b6e19f64820b35ea72a44fda439 - - default default] 10.0.0.232 "GET /v2.0/ports?device_id=d4ac8a48-6e3f-4154-877f-45453f60d0d8 HTTP/1.1" status: 200 len: 205 time: 0.0256672
2026-06-30 19:18:15.420 10 WARNING neutron.scheduler.dhcp_agent_scheduler [None req-48bedc2b-a322-4ee5-909a-827563cb4cd6 618acae5503c4160839597eda6dc76d5 b909d2a907be43c69f65d54b62734da8 - - - -] No more DHCP agents
2026-06-30 19:18:15.430 10 WARNING neutron.api.rpc.agentnotifiers.dhcp_rpc_agent_api [None req-48bedc2b-a322-4ee5-909a-827563cb4cd6 618acae5503c4160839597eda6dc76d5 b909d2a907be43c69f65d54b62734da8 - - - -] Unable to schedule network 703c6b44-9346-45e7-9bea-aee9450c15d8: no agents available; will retry on subsequent port and subnet creation events.
2026-06-30 19:18:15.764 10 INFO neutron.db.ovn_revision_numbers_db [None req-48bedc2b-a322-4ee5-909a-827563cb4cd6 618acae5503c4160839597eda6dc76d5 b909d2a907be43c69f65d54b62734da8 - - - -] Successfully bumped revision number for resource f196459e-9008-4a3a-9205-92c7c4877d0e (type: ports) to 1
2026-06-30 19:18:15.799 10 INFO neutron.wsgi [None req-48bedc2b-a322-4ee5-909a-827563cb4cd6 618acae5503c4160839597eda6dc76d5 b909d2a907be43c69f65d54b62734da8 - - - -] 10.0.0.232 "POST /v2.0/networks HTTP/1.1" status: 201 len: 847 time: 0.9239922
2026-06-30 19:18:16.390 10 INFO neutron.wsgi [None req-e3a14c04-0bbf-4797-b8e7-19b480942cc4 5ac1e76dde8f4b6aa334c4ead952c46a 9ab14b6e19f64820b35ea72a44fda439 - - - -] 10.0.0.232 "DELETE /v2.0/routers/d4ac8a48-6e3f-4154-877f-45453f60d0d8 HTTP/1.1" status: 204 len: 168 time: 1.0661955
2026-06-30 19:18:16.423 9 INFO neutron.wsgi [None req-24f1afb9-8719-4558-afaf-474a01dc48e7 5ac1e76dde8f4b6aa334c4ead952c46a 9ab14b6e19f64820b35ea72a44fda439 - - default default] 10.0.0.232 "GET /v2.0/ports?device_id=d4ac8a48-6e3f-4154-877f-45453f60d0d8 HTTP/1.1" status: 200 len: 205 time: 0.0250270
2026-06-30 19:18:16.447 10 WARNING neutron.scheduler.dhcp_agent_scheduler [None req-bdd66012-fd3c-46af-8cd0-c21206a53829 618acae5503c4160839597eda6dc76d5 b909d2a907be43c69f65d54b62734da8 - - - -] No more DHCP agents
2026-06-30 19:18:16.449 10 WARNING neutron.api.rpc.agentnotifiers.dhcp_rpc_agent_api [None req-bdd66012-fd3c-46af-8cd0-c21206a53829 618acae5503c4160839597eda6dc76d5 b909d2a907be43c69f65d54b62734da8 - - - -] Unable to schedule network 8ac8501c-130a-4ffb-830b-d1a318520ee6: no agents available; will retry on subsequent port and subnet creation events.
2026-06-30 19:18:16.451 9 INFO neutron.api.v2.resource [None req-09195f45-424a-496c-a766-23124594e5b1 5ac1e76dde8f4b6aa334c4ead952c46a 9ab14b6e19f64820b35ea72a44fda439 - - - -] delete failed (client error): The resource could not be found.
2026-06-30 19:18:16.452 9 INFO neutron.wsgi [None req-09195f45-424a-496c-a766-23124594e5b1 5ac1e76dde8f4b6aa334c4ead952c46a 9ab14b6e19f64820b35ea72a44fda439 - - - -] 10.0.0.232 "DELETE /v2.0/routers/d4ac8a48-6e3f-4154-877f-45453f60d0d8 HTTP/1.1" status: 404 len: 336 time: 0.0239866
2026-06-30 19:18:16.474 9 INFO neutron.wsgi [None req-1ba64e3e-d66c-4f2f-a896-7954cc9f0996 5ac1e76dde8f4b6aa334c4ead952c46a 9ab14b6e19f64820b35ea72a44fda439 - - default default] 10.0.0.232 "GET /v2.0/ports?device_id=b8ca2163-e377-464e-a7e0-6d03e7dd8ad0 HTTP/1.1" status: 200 len: 205 time: 0.0190170
2026-06-30 19:18:16.504 9 INFO neutron.api.v2.resource [None req-bdb2b6eb-7951-41ce-b399-0dbcfaa08e4a 5ac1e76dde8f4b6aa334c4ead952c46a 9ab14b6e19f64820b35ea72a44fda439 - - - -] delete failed (client error): The resource could not be found.
2026-06-30 19:18:16.505 9 INFO neutron.wsgi [None req-bdb2b6eb-7951-41ce-b399-0dbcfaa08e4a 5ac1e76dde8f4b6aa334c4ead952c46a 9ab14b6e19f64820b35ea72a44fda439 - - - -] 10.0.0.232 "DELETE /v2.0/routers/b8ca2163-e377-464e-a7e0-6d03e7dd8ad0 HTTP/1.1" status: 404 len: 336 time: 0.0267439
2026-06-30 19:18:16.531 9 INFO neutron.pecan_wsgi.hooks.translation [None req-85a5d730-e339-478a-89a1-b542335d3258 5ac1e76dde8f4b6aa334c4ead952c46a 9ab14b6e19f64820b35ea72a44fda439 - - - -] DELETE failed (client error): The resource could not be found.
2026-06-30 19:18:16.533 9 INFO neutron.wsgi [None req-85a5d730-e339-478a-89a1-b542335d3258 5ac1e76dde8f4b6aa334c4ead952c46a 9ab14b6e19f64820b35ea72a44fda439 - - - -] 10.0.0.232 "DELETE /v2.0/subnets/3d9710ae-d72e-40d2-bc46-e588cf282db5 HTTP/1.1" status: 404 len: 337 time: 0.0211842
2026-06-30 19:18:16.568 9 INFO neutron.wsgi [None req-9a42f6e0-e729-4b13-8ae2-da33c5c5ec59 5ac1e76dde8f4b6aa334c4ead952c46a 9ab14b6e19f64820b35ea72a44fda439 - - default default] 10.0.0.232 "GET /v2.0/ports?device_id=f0f14fd9-c460-43dc-9578-3a62f7aae933 HTTP/1.1" status: 200 len: 205 time: 0.0288017
2026-06-30 19:18:16.598 9 INFO neutron.api.v2.resource [None req-26bfe46b-826d-41eb-9c59-8ac1c01da45b 5ac1e76dde8f4b6aa334c4ead952c46a 9ab14b6e19f64820b35ea72a44fda439 - - - -] delete failed (client error): The resource could not be found.
2026-06-30 19:18:16.599 9 INFO neutron.wsgi [None req-26bfe46b-826d-41eb-9c59-8ac1c01da45b 5ac1e76dde8f4b6aa334c4ead952c46a 9ab14b6e19f64820b35ea72a44fda439 - - - -] 10.0.0.232 "DELETE /v2.0/routers/f0f14fd9-c460-43dc-9578-3a62f7aae933 HTTP/1.1" status: 404 len: 336 time: 0.0258570
2026-06-30 19:18:16.620 9 INFO neutron.pecan_wsgi.hooks.translation [None req-ba3fa5df-9707-4c0d-9672-c59f0a3a0838 5ac1e76dde8f4b6aa334c4ead952c46a 9ab14b6e19f64820b35ea72a44fda439 - - - -] DELETE failed (client error): The resource could not be found.
2026-06-30 19:18:16.623 9 INFO neutron.wsgi [None req-ba3fa5df-9707-4c0d-9672-c59f0a3a0838 5ac1e76dde8f4b6aa334c4ead952c46a 9ab14b6e19f64820b35ea72a44fda439 - - - -] 10.0.0.232 "DELETE /v2.0/subnets/6aa0dc29-cc20-4ce1-87f0-ad8de6da0cd3 HTTP/1.1" status: 404 len: 337 time: 0.0188611
2026-06-30 19:18:16.668 9 INFO neutron.wsgi [None req-bb92cab3-b297-4ad7-ab72-48016a8bd59d 5ac1e76dde8f4b6aa334c4ead952c46a 9ab14b6e19f64820b35ea72a44fda439 - - default default] 10.0.0.232 "GET /v2.0/ports?device_id=7c7b2b04-38c7-4dd8-b3f2-c06128ab7d7a HTTP/1.1" status: 200 len: 205 time: 0.0388670
2026-06-30 19:18:16.697 9 INFO neutron.api.v2.resource [None req-2afcbcb3-a445-490b-bcc6-da306624fc9f 5ac1e76dde8f4b6aa334c4ead952c46a 9ab14b6e19f64820b35ea72a44fda439 - - - -] delete failed (client error): The resource could not be found.
2026-06-30 19:18:16.698 9 INFO neutron.wsgi [None req-2afcbcb3-a445-490b-bcc6-da306624fc9f 5ac1e76dde8f4b6aa334c4ead952c46a 9ab14b6e19f64820b35ea72a44fda439 - - - -] 10.0.0.232 "DELETE /v2.0/routers/7c7b2b04-38c7-4dd8-b3f2-c06128ab7d7a HTTP/1.1" status: 404 len: 336 time: 0.0259166
2026-06-30 19:18:16.729 9 INFO neutron.pecan_wsgi.hooks.translation [None req-d0f38091-ca43-4f34-bd61-3a97a70f71be 5ac1e76dde8f4b6aa334c4ead952c46a 9ab14b6e19f64820b35ea72a44fda439 - - - -] DELETE failed (client error): The resource could not be found.
2026-06-30 19:18:16.735 9 INFO neutron.wsgi [None req-d0f38091-ca43-4f34-bd61-3a97a70f71be 5ac1e76dde8f4b6aa334c4ead952c46a 9ab14b6e19f64820b35ea72a44fda439 - - - -] 10.0.0.232 "DELETE /v2.0/subnets/8df928f1-2aa3-4be0-9f7d-43d5becf6bfe HTTP/1.1" status: 404 len: 337 time: 0.0306602
2026-06-30 19:18:16.756 9 INFO neutron.pecan_wsgi.hooks.translation [None req-8eb6b4c5-924c-4b17-a1fe-0081b1a16413 5ac1e76dde8f4b6aa334c4ead952c46a 9ab14b6e19f64820b35ea72a44fda439 - - - -] DELETE failed (client error): The resource could not be found.
2026-06-30 19:18:16.759 9 INFO neutron.wsgi [None req-8eb6b4c5-924c-4b17-a1fe-0081b1a16413 5ac1e76dde8f4b6aa334c4ead952c46a 9ab14b6e19f64820b35ea72a44fda439 - - - -] 10.0.0.232 "DELETE /v2.0/subnets/aebe048c-a4a7-4eeb-ade6-ae9882e1d16c HTTP/1.1" status: 404 len: 337 time: 0.0187767
2026-06-30 19:18:16.999 10 INFO neutron.db.ovn_revision_numbers_db [None req-bdd66012-fd3c-46af-8cd0-c21206a53829 618acae5503c4160839597eda6dc76d5 b909d2a907be43c69f65d54b62734da8 - - - -] Successfully bumped revision number for resource a923f77d-961d-47d7-b2e3-e50b4ed7359b (type: ports) to 2
2026-06-30 19:18:17.018 10 INFO neutron.db.ovn_revision_numbers_db [None req-bdd66012-fd3c-46af-8cd0-c21206a53829 618acae5503c4160839597eda6dc76d5 b909d2a907be43c69f65d54b62734da8 - - - -] Successfully bumped revision number for resource e433d84d-2811-4955-9047-a2a6f3df8f72 (type: subnets) to 0
2026-06-30 19:18:17.055 10 WARNING neutron.scheduler.dhcp_agent_scheduler [None req-bdd66012-fd3c-46af-8cd0-c21206a53829 618acae5503c4160839597eda6dc76d5 b909d2a907be43c69f65d54b62734da8 - - - -] No more DHCP agents
2026-06-30 19:18:17.058 10 WARNING neutron.api.rpc.agentnotifiers.dhcp_rpc_agent_api [None req-bdd66012-fd3c-46af-8cd0-c21206a53829 618acae5503c4160839597eda6dc76d5 b909d2a907be43c69f65d54b62734da8 - - - -] Unable to schedule network 703c6b44-9346-45e7-9bea-aee9450c15d8: no agents available; will retry on subsequent port and subnet creation events.
2026-06-30 19:18:17.348 9 INFO neutron.wsgi [None req-a1fc1c56-95de-4aa8-a404-1dd12198b02d 9ce004b133314676b493af9cff114094 e86e0115195a4457b258fd2e555fa55f - - default default] 10.0.0.55 "GET /v2.0/extensions HTTP/1.1" status: 200 len: 16525 time: 0.2324502
2026-06-30 19:18:17.397 9 INFO neutron.wsgi [None req-554536f0-c0d5-43f4-9f40-5db3df606a97 6d56b05daa884ec9a26d68371538b4fa 8b5a2e91b56e421daa84bcf5d91a809d - - default default] 10.0.0.232 "GET /v2.0/security-groups?tenant_id=9ab14b6e19f64820b35ea72a44fda439&name=default HTTP/1.1" status: 200 len: 2996 time: 0.1109917
2026-06-30 19:18:17.484 9 INFO neutron.wsgi [None req-cfb56cc0-cb1c-4045-9919-5c1bf1b2a747 9ce004b133314676b493af9cff114094 e86e0115195a4457b258fd2e555fa55f - - default default] 10.0.0.55 "GET /v2.0/quotas/e86e0115195a4457b258fd2e555fa55f/details HTTP/1.1" status: 200 len: 756 time: 0.1165545
2026-06-30 19:18:17.566 10 INFO neutron.db.ovn_revision_numbers_db [None req-bdd66012-fd3c-46af-8cd0-c21206a53829 618acae5503c4160839597eda6dc76d5 b909d2a907be43c69f65d54b62734da8 - - - -] Successfully bumped revision number for resource f196459e-9008-4a3a-9205-92c7c4877d0e (type: ports) to 2
2026-06-30 19:18:17.593 10 INFO neutron.db.ovn_revision_numbers_db [None req-bdd66012-fd3c-46af-8cd0-c21206a53829 618acae5503c4160839597eda6dc76d5 b909d2a907be43c69f65d54b62734da8 - - - -] Successfully bumped revision number for resource dbda46cd-29b9-4f39-9ca6-b877e4d56236 (type: subnets) to 0
2026-06-30 19:18:17.621 10 INFO neutron.wsgi [None req-bdd66012-fd3c-46af-8cd0-c21206a53829 618acae5503c4160839597eda6dc76d5 b909d2a907be43c69f65d54b62734da8 - - - -] 10.0.0.232 "POST /v2.0/subnets HTTP/1.1" status: 201 len: 1425 time: 1.7839694
2026-06-30 19:18:17.621 9 INFO neutron.db.ovn_revision_numbers_db [None req-0f36333f-1730-4f7e-b339-de70e6060c11 8f1732c464db45be90cd1465ea5a0758 e875a1087b8f405b8719747adca2a82a - - - -] Successfully bumped revision number for resource 3da39194-a0a9-47d0-9e6b-1b178164e48a (type: security_groups) to 1
2026-06-30 19:18:17.688 10 INFO neutron.wsgi [None req-d8c03403-0908-4fcb-a198-12f4050ccbbb 618acae5503c4160839597eda6dc76d5 b909d2a907be43c69f65d54b62734da8 - - default default] 10.0.0.232 "GET /v2.0/subnets HTTP/1.1" status: 200 len: 2033 time: 0.0592659
2026-06-30 19:18:17.696 9 INFO neutron.db.segments_db [None req-0f36333f-1730-4f7e-b339-de70e6060c11 8f1732c464db45be90cd1465ea5a0758 e875a1087b8f405b8719747adca2a82a - - - -] Added segment 73fdc77e-1fc7-41be-b32c-9acd74175e6a of type geneve for network 71e48810-2921-4b54-aefb-fc31ba89656c
2026-06-30 19:18:17.724 10 INFO neutron.wsgi [None req-751c652f-7cbf-42cc-bd9e-204f17ae28a4 6d56b05daa884ec9a26d68371538b4fa 8b5a2e91b56e421daa84bcf5d91a809d - - - -] 10.0.0.232 "DELETE /v2.0/security-groups/6ff6ce1d-89af-45cf-bc6e-ca9f2a77751b HTTP/1.1" status: 204 len: 168 time: 0.3207028
2026-06-30 19:18:17.828 9 INFO neutron.db.ovn_revision_numbers_db [None req-0f36333f-1730-4f7e-b339-de70e6060c11 8f1732c464db45be90cd1465ea5a0758 e875a1087b8f405b8719747adca2a82a - - - -] Successfully bumped revision number for resource 71e48810-2921-4b54-aefb-fc31ba89656c (type: networks) to 1
2026-06-30 19:18:17.921 10 INFO neutron.wsgi [None req-a3101ab3-ea7d-450c-a92a-12a3fe85e3ac 618acae5503c4160839597eda6dc76d5 b909d2a907be43c69f65d54b62734da8 - - - -] 10.0.0.232 "DELETE /v2.0/subnets/e433d84d-2811-4955-9047-a2a6f3df8f72 HTTP/1.1" status: 204 len: 168 time: 0.2269676
2026-06-30 19:18:18.026 9 WARNING neutron.scheduler.dhcp_agent_scheduler [None req-0f36333f-1730-4f7e-b339-de70e6060c11 8f1732c464db45be90cd1465ea5a0758 e875a1087b8f405b8719747adca2a82a - - - -] No more DHCP agents
2026-06-30 19:18:18.034 9 WARNING neutron.api.rpc.agentnotifiers.dhcp_rpc_agent_api [None req-0f36333f-1730-4f7e-b339-de70e6060c11 8f1732c464db45be90cd1465ea5a0758 e875a1087b8f405b8719747adca2a82a - - - -] Unable to schedule network 71e48810-2921-4b54-aefb-fc31ba89656c: no agents available; will retry on subsequent port and subnet creation events.
2026-06-30 19:18:18.106 9 INFO neutron.db.ovn_revision_numbers_db [None req-0f36333f-1730-4f7e-b339-de70e6060c11 8f1732c464db45be90cd1465ea5a0758 e875a1087b8f405b8719747adca2a82a - - - -] Successfully bumped revision number for resource 0c73c595-a0de-485e-9d07-b1876362a445 (type: ports) to 1
2026-06-30 19:18:18.132 9 INFO neutron.wsgi [None req-0f36333f-1730-4f7e-b339-de70e6060c11 8f1732c464db45be90cd1465ea5a0758 e875a1087b8f405b8719747adca2a82a - - - -] 10.0.0.232 "POST /v2.0/networks HTTP/1.1" status: 201 len: 830 time: 0.6916499
2026-06-30 19:18:18.167 10 INFO neutron.wsgi [None req-5a6a3fe7-0fb1-4280-b7f0-1631ba1a8cd6 618acae5503c4160839597eda6dc76d5 b909d2a907be43c69f65d54b62734da8 - - - -] 10.0.0.232 "DELETE /v2.0/subnets/dbda46cd-29b9-4f39-9ca6-b877e4d56236 HTTP/1.1" status: 204 len: 168 time: 0.2402604
