2026-06-30 19:16:29.298 10 INFO neutron.wsgi [None req-10336260-6614-4fa1-bdf1-d36634b7ff9c 6d56b05daa884ec9a26d68371538b4fa 8b5a2e91b56e421daa84bcf5d91a809d - - default default] 10.0.0.232 "GET /v2.0/security-groups?tenant_id=e1834f5597934fd6b8fc4cd80e153c39&name=default HTTP/1.1" status: 200 len: 2996 time: 0.3844018
2026-06-30 19:16:29.330 10 INFO neutron.db.ovn_revision_numbers_db [None req-6deb353c-3a2b-4aae-bde7-b4f039cadf49 6d56b05daa884ec9a26d68371538b4fa 8b5a2e91b56e421daa84bcf5d91a809d - - default default] Successfully bumped revision number for resource de142ea4-7b88-4b66-ad38-4022080d1ce7 (type: ports) to 2
2026-06-30 19:16:29.404 10 WARNING neutron.scheduler.dhcp_agent_scheduler [None req-6deb353c-3a2b-4aae-bde7-b4f039cadf49 6d56b05daa884ec9a26d68371538b4fa 8b5a2e91b56e421daa84bcf5d91a809d - - default default] No more DHCP agents
2026-06-30 19:16:29.406 10 WARNING neutron.api.rpc.agentnotifiers.dhcp_rpc_agent_api [None req-6deb353c-3a2b-4aae-bde7-b4f039cadf49 6d56b05daa884ec9a26d68371538b4fa 8b5a2e91b56e421daa84bcf5d91a809d - - default default] Unable to schedule network cd225670-85db-4769-91d0-437df92d0761: no agents available; will retry on subsequent port and subnet creation events.
2026-06-30 19:16:29.567 9 INFO neutron.services.segments.plugin [-] Segment cd5419e3-d5ac-46c9-8460-d4e6f62e2ee1 resource provider aggregate not found
2026-06-30 19:16:29.573 9 INFO neutron.services.segments.plugin [-] Segment cd5419e3-d5ac-46c9-8460-d4e6f62e2ee1 resource provider aggregate not found
2026-06-30 19:16:29.581 10 INFO neutron.wsgi [None req-2f6462a9-b8c3-4665-aa25-1d9da7dfab25 6d56b05daa884ec9a26d68371538b4fa 8b5a2e91b56e421daa84bcf5d91a809d - - - -] 10.0.0.232 "DELETE /v2.0/security-groups/54dae0d6-3be5-4e20-8403-51584a9eb0e1 HTTP/1.1" status: 204 len: 168 time: 0.2778070
2026-06-30 19:16:29.587 9 INFO neutron.services.segments.plugin [-] Segment cd5419e3-d5ac-46c9-8460-d4e6f62e2ee1 resource provider not found; error: Placement Client Error (4xx): {"errors": [{"status": 404, "title": "Not Found", "detail": "The resource could not be found.\n\n No resource provider with uuid cd5419e3-d5ac-46c9-8460-d4e6f62e2ee1 found for delete ", "request_id": "req-78e6e869-861a-416d-a19d-78384d04e887"}]}
2026-06-30 19:16:29.604 9 INFO neutron.services.segments.plugin [-] Segment cd5419e3-d5ac-46c9-8460-d4e6f62e2ee1 resource provider not found; error: Placement Client Error (4xx): {"errors": [{"status": 404, "title": "Not Found", "detail": "The resource could not be found.\n\n No resource provider with uuid cd5419e3-d5ac-46c9-8460-d4e6f62e2ee1 found for delete ", "request_id": "req-fdfa3751-5267-42cd-a730-72588e29ce74"}]}
2026-06-30 19:16:29.627 9 INFO neutron.wsgi [None req-f40fa1cb-3bda-4ee1-8900-a10c32ad43b1 6d56b05daa884ec9a26d68371538b4fa 8b5a2e91b56e421daa84bcf5d91a809d - - - -] 10.0.0.232 "DELETE /v2.0/networks/1fbdab38-f62b-46b2-adcb-3100e19bcda8 HTTP/1.1" status: 204 len: 168 time: 0.4335966
2026-06-30 19:16:29.780 9 INFO neutron.db.ovn_revision_numbers_db [None req-82354739-f74b-4fea-a0c3-d82e87c28d4f 6d56b05daa884ec9a26d68371538b4fa 8b5a2e91b56e421daa84bcf5d91a809d - - default default] Successfully bumped revision number for resource 215a1ddf-9b41-482f-b037-3c37a7902cbc (type: security_groups) to 1
2026-06-30 19:16:29.801 9 INFO neutron.wsgi [None req-82354739-f74b-4fea-a0c3-d82e87c28d4f 6d56b05daa884ec9a26d68371538b4fa 8b5a2e91b56e421daa84bcf5d91a809d - - default default] 10.0.0.232 "GET /v2.0/security-groups?tenant_id=dff3da3c1e6746618e82ac8878a06809&name=default HTTP/1.1" status: 200 len: 2996 time: 0.1249924
2026-06-30 19:16:29.831 9 INFO neutron.wsgi [-] 10.0.0.140 "GET / HTTP/1.1" status: 200 len: 246 time: 0.0021298
2026-06-30 19:16:29.833 9 INFO neutron.wsgi [-] 10.0.0.140 "GET / HTTP/1.1" status: 200 len: 246 time: 0.0012791
2026-06-30 19:16:29.854 10 INFO neutron.wsgi [None req-bc9b001b-d4c2-4992-a7df-3b46c0d23dca 6d56b05daa884ec9a26d68371538b4fa 8b5a2e91b56e421daa84bcf5d91a809d - - default default] 10.0.0.232 "GET /v2.0/security-groups?tenant_id=b8228a63f4e54cee803380d7e936b9de&name=default HTTP/1.1" status: 200 len: 2996 time: 0.0421085
2026-06-30 19:16:30.018 10 INFO neutron.db.ovn_revision_numbers_db [None req-6deb353c-3a2b-4aae-bde7-b4f039cadf49 6d56b05daa884ec9a26d68371538b4fa 8b5a2e91b56e421daa84bcf5d91a809d - - - -] Successfully bumped revision number for resource de142ea4-7b88-4b66-ad38-4022080d1ce7 (type: router_ports) to 2
2026-06-30 19:16:30.020 10 INFO neutron.wsgi [None req-6deb353c-3a2b-4aae-bde7-b4f039cadf49 6d56b05daa884ec9a26d68371538b4fa 8b5a2e91b56e421daa84bcf5d91a809d - - - -] 10.0.0.232 "PUT /v2.0/routers/871d406f-58da-415a-8ea6-f3e7a180d340/add_router_interface HTTP/1.1" status: 200 len: 503 time: 2.7857561
2026-06-30 19:16:30.077 9 INFO neutron.wsgi [None req-27256c19-7a07-4c70-a18a-a21ad86cccbb 6d56b05daa884ec9a26d68371538b4fa 8b5a2e91b56e421daa84bcf5d91a809d - - - -] 10.0.0.232 "DELETE /v2.0/security-groups/215a1ddf-9b41-482f-b037-3c37a7902cbc HTTP/1.1" status: 204 len: 168 time: 0.2700841
2026-06-30 19:16:30.089 10 INFO neutron.plugins.ml2.drivers.ovn.mech_driver.mech_driver [None req-288fa77a-60d8-48bf-b78e-43ba747f83cf - - - - - -] OVN reports status up for port: de142ea4-7b88-4b66-ad38-4022080d1ce7
2026-06-30 19:16:30.111 10 INFO neutron.plugins.ml2.plugin [None req-288fa77a-60d8-48bf-b78e-43ba747f83cf - - - - - -] Attempt 1 to provision port de142ea4-7b88-4b66-ad38-4022080d1ce7
2026-06-30 19:16:30.130 9 INFO neutron.wsgi [None req-d177f34b-87a5-4596-a550-18c67fb803d3 6d56b05daa884ec9a26d68371538b4fa 8b5a2e91b56e421daa84bcf5d91a809d - - - -] 10.0.0.232 "DELETE /v2.0/security-groups/00533030-8d9b-4640-8f2a-db56adbb5236 HTTP/1.1" status: 204 len: 168 time: 0.2663062
2026-06-30 19:16:30.366 10 INFO neutron.db.ovn_revision_numbers_db [None req-288fa77a-60d8-48bf-b78e-43ba747f83cf - - - - - -] Successfully bumped revision number for resource de142ea4-7b88-4b66-ad38-4022080d1ce7 (type: ports) to 3
2026-06-30 19:16:30.499 10 INFO neutron.db.ovn_revision_numbers_db [None req-288fa77a-60d8-48bf-b78e-43ba747f83cf - - - - - -] Successfully bumped revision number for resource de142ea4-7b88-4b66-ad38-4022080d1ce7 (type: router_ports) to 3
2026-06-30 19:16:30.780 9 INFO neutron.db.ovn_revision_numbers_db [None req-e75733dc-b013-4da7-bb61-43a15cfdd0d1 79dcf843a7cf46ec981e71402f18c551 e09b6e25f65f4a6db99e107655af9776 - - - -] Successfully bumped revision number for resource c10ce41c-1150-4891-a55c-287d6a0fc327 (type: security_groups) to 1
2026-06-30 19:16:30.810 9 INFO neutron.wsgi [None req-e75733dc-b013-4da7-bb61-43a15cfdd0d1 79dcf843a7cf46ec981e71402f18c551 e09b6e25f65f4a6db99e107655af9776 - - - -] 10.0.0.232 "POST /v2.0/security-groups HTTP/1.1" status: 201 len: 1796 time: 0.1716924
2026-06-30 19:16:30.912 9 INFO neutron.db.ovn_revision_numbers_db [None req-83b2312f-9683-47b1-bbc9-f18792eb078e 79dcf843a7cf46ec981e71402f18c551 e09b6e25f65f4a6db99e107655af9776 - - - -] Successfully bumped revision number for resource c93c17fd-1a43-4d22-ab0b-2eb39deef686 (type: security_group_rules) to 0
2026-06-30 19:16:30.943 9 INFO neutron.wsgi [None req-83b2312f-9683-47b1-bbc9-f18792eb078e 79dcf843a7cf46ec981e71402f18c551 e09b6e25f65f4a6db99e107655af9776 - - - -] 10.0.0.232 "POST /v2.0/security-group-rules HTTP/1.1" status: 201 len: 764 time: 0.1284728
2026-06-30 19:16:31.087 9 INFO neutron.db.ovn_revision_numbers_db [None req-4cee3d2c-859b-4a53-9dda-6c7da966587e 79dcf843a7cf46ec981e71402f18c551 e09b6e25f65f4a6db99e107655af9776 - - - -] Successfully bumped revision number for resource 91c2860c-dee8-4a8f-8dcc-6590b641fd35 (type: security_group_rules) to 0
2026-06-30 19:16:31.114 9 INFO neutron.wsgi [None req-4cee3d2c-859b-4a53-9dda-6c7da966587e 79dcf843a7cf46ec981e71402f18c551 e09b6e25f65f4a6db99e107655af9776 - - - -] 10.0.0.232 "POST /v2.0/security-group-rules HTTP/1.1" status: 201 len: 769 time: 0.1663775
2026-06-30 19:16:31.378 9 WARNING neutron.scheduler.dhcp_agent_scheduler [None req-8bd68c16-091f-45cd-8b9d-9195b9c3ec89 79dcf843a7cf46ec981e71402f18c551 e09b6e25f65f4a6db99e107655af9776 - - - -] No more DHCP agents
2026-06-30 19:16:31.381 9 WARNING neutron.api.rpc.agentnotifiers.dhcp_rpc_agent_api [None req-8bd68c16-091f-45cd-8b9d-9195b9c3ec89 79dcf843a7cf46ec981e71402f18c551 e09b6e25f65f4a6db99e107655af9776 - - - -] Unable to schedule network 563a5903-99d9-4944-b883-d819166e5307: no agents available; will retry on subsequent port and subnet creation events.
2026-06-30 19:16:31.670 9 INFO neutron.db.ovn_revision_numbers_db [None req-8bd68c16-091f-45cd-8b9d-9195b9c3ec89 79dcf843a7cf46ec981e71402f18c551 e09b6e25f65f4a6db99e107655af9776 - - - -] Successfully bumped revision number for resource de1d86ac-357f-43e9-a53a-775a1e21a998 (type: floatingips) to 0
2026-06-30 19:16:31.683 9 INFO neutron.wsgi [None req-8bd68c16-091f-45cd-8b9d-9195b9c3ec89 79dcf843a7cf46ec981e71402f18c551 e09b6e25f65f4a6db99e107655af9776 - - - -] 10.0.0.232 "POST /v2.0/floatingips HTTP/1.1" status: 201 len: 751 time: 0.5635958 /var/lib/openstack/lib/python3.10/site-packages/pycadf/identifier.py:71: UserWarning: Invalid uuid: neutron. To ensure interoperability, identifiers should be a valid uuid. warnings.warn(('Invalid uuid: %s. To ensure interoperability, '
2026-06-30 19:16:32.090 10 INFO neutron.db.ovn_revision_numbers_db [None req-e3196ea8-fd26-41c8-bab1-9b530ef399a9 6d56b05daa884ec9a26d68371538b4fa 8b5a2e91b56e421daa84bcf5d91a809d - - - -] Successfully bumped revision number for resource b1dc94d0-396f-4356-a4bd-d1d259ef19f8 (type: security_groups) to 1
2026-06-30 19:16:32.149 10 INFO neutron.db.segments_db [None req-e3196ea8-fd26-41c8-bab1-9b530ef399a9 6d56b05daa884ec9a26d68371538b4fa 8b5a2e91b56e421daa84bcf5d91a809d - - - -] Added segment 2387d020-e2d9-43ae-ad79-a5e393c89bae of type geneve for network b4607be1-86cb-4317-be55-422aefbf115e
2026-06-30 19:16:32.161 10 INFO neutron.wsgi [req-5f649878-0adf-411e-a84e-073cc135f5af req-c20c616b-629e-4a8d-9665-1fb685cc459e 79dcf843a7cf46ec981e71402f18c551 e09b6e25f65f4a6db99e107655af9776 - - default default] 10.0.0.200 "GET /v2.0/security-groups?name=tempest-securitygroup--1933552013&fields=id&tenant_id=e09b6e25f65f4a6db99e107655af9776 HTTP/1.1" status: 200 len: 267 time: 0.0430982
2026-06-30 19:16:32.253 10 INFO neutron.wsgi [req-5f649878-0adf-411e-a84e-073cc135f5af req-29385025-a943-4caa-8565-139207f4a00d 79dcf843a7cf46ec981e71402f18c551 e09b6e25f65f4a6db99e107655af9776 - - default default] 10.0.0.200 "GET /v2.0/networks?id=cd225670-85db-4769-91d0-437df92d0761 HTTP/1.1" status: 200 len: 874 time: 0.0830159
2026-06-30 19:16:32.291 10 INFO neutron.wsgi [req-5f649878-0adf-411e-a84e-073cc135f5af req-84422ed8-3477-4fd8-b7b5-60e6baa982cc 79dcf843a7cf46ec981e71402f18c551 e09b6e25f65f4a6db99e107655af9776 - - default default] 10.0.0.200 "GET /v2.0/quotas/e09b6e25f65f4a6db99e107655af9776 HTTP/1.1" status: 200 len: 386 time: 0.0281358
2026-06-30 19:16:32.353 10 INFO neutron.db.ovn_revision_numbers_db [None req-e3196ea8-fd26-41c8-bab1-9b530ef399a9 6d56b05daa884ec9a26d68371538b4fa 8b5a2e91b56e421daa84bcf5d91a809d - - - -] Successfully bumped revision number for resource b4607be1-86cb-4317-be55-422aefbf115e (type: networks) to 1
2026-06-30 19:16:32.470 10 INFO neutron.wsgi [req-5f649878-0adf-411e-a84e-073cc135f5af req-a18c1e46-8500-4842-836c-c17e540cd37e 79dcf843a7cf46ec981e71402f18c551 e09b6e25f65f4a6db99e107655af9776 - - default default] 10.0.0.200 "GET /v2.0/ports?tenant_id=e09b6e25f65f4a6db99e107655af9776&fields=id HTTP/1.1" status: 200 len: 302 time: 0.1661119
2026-06-30 19:16:32.562 10 INFO neutron.wsgi [req-5f649878-0adf-411e-a84e-073cc135f5af req-a0096fe7-7edb-407f-9eee-932b434e61c2 eff23f8a1364407d8b3a970c8fb0a198 9e87a226553f4b4a821d76fca7e776bc - - bbc4d2f7230e43ac89655b01cd30e2b7 bbc4d2f7230e43ac89655b01cd30e2b7] 10.0.0.200 "GET /v2.0/networks/cd225670-85db-4769-91d0-437df92d0761?fields=segments HTTP/1.1" status: 200 len: 212 time: 0.0725570
2026-06-30 19:16:32.606 10 WARNING neutron.scheduler.dhcp_agent_scheduler [None req-e3196ea8-fd26-41c8-bab1-9b530ef399a9 6d56b05daa884ec9a26d68371538b4fa 8b5a2e91b56e421daa84bcf5d91a809d - - - -] No more DHCP agents
2026-06-30 19:16:32.609 10 WARNING neutron.api.rpc.agentnotifiers.dhcp_rpc_agent_api [None req-e3196ea8-fd26-41c8-bab1-9b530ef399a9 6d56b05daa884ec9a26d68371538b4fa 8b5a2e91b56e421daa84bcf5d91a809d - - - -] Unable to schedule network b4607be1-86cb-4317-be55-422aefbf115e: no agents available; will retry on subsequent port and subnet creation events.
2026-06-30 19:16:32.875 10 INFO neutron.wsgi [req-5f649878-0adf-411e-a84e-073cc135f5af req-d7c7f434-5664-436b-bf93-6d6e57619ff6 eff23f8a1364407d8b3a970c8fb0a198 9e87a226553f4b4a821d76fca7e776bc - - bbc4d2f7230e43ac89655b01cd30e2b7 bbc4d2f7230e43ac89655b01cd30e2b7] 10.0.0.200 "GET /v2.0/networks/cd225670-85db-4769-91d0-437df92d0761?fields=provider%3Aphysical_network&fields=provider%3Anetwork_type HTTP/1.1" status: 200 len: 277 time: 0.2955303
2026-06-30 19:16:32.895 10 INFO neutron.db.ovn_revision_numbers_db [None req-e3196ea8-fd26-41c8-bab1-9b530ef399a9 6d56b05daa884ec9a26d68371538b4fa 8b5a2e91b56e421daa84bcf5d91a809d - - - -] Successfully bumped revision number for resource 9dc3646e-ad02-4c64-b53a-4ff3cb26f9a0 (type: ports) to 1
2026-06-30 19:16:32.918 10 INFO neutron.wsgi [None req-e3196ea8-fd26-41c8-bab1-9b530ef399a9 6d56b05daa884ec9a26d68371538b4fa 8b5a2e91b56e421daa84bcf5d91a809d - - - -] 10.0.0.232 "POST /v2.0/networks HTTP/1.1" status: 201 len: 948 time: 1.0867815
2026-06-30 19:16:33.023 10 INFO neutron.wsgi [req-79c92fea-a523-4e49-9957-46213d2ac841 req-1b9a726f-9a4c-443d-bda7-ff4da6889785 79dcf843a7cf46ec981e71402f18c551 e09b6e25f65f4a6db99e107655af9776 - - default default] 10.0.0.200 "GET /v2.0/ports?device_id=aa119900-2353-47ed-bd9e-491c031d73dc HTTP/1.1" status: 200 len: 210 time: 0.0293405
2026-06-30 19:16:33.142 10 WARNING neutron.scheduler.dhcp_agent_scheduler [None req-f4f1a571-b2f4-4231-89c6-772ac4bc0d14 6d56b05daa884ec9a26d68371538b4fa 8b5a2e91b56e421daa84bcf5d91a809d - - - -] No more DHCP agents
2026-06-30 19:16:33.144 10 WARNING neutron.api.rpc.agentnotifiers.dhcp_rpc_agent_api [None req-f4f1a571-b2f4-4231-89c6-772ac4bc0d14 6d56b05daa884ec9a26d68371538b4fa 8b5a2e91b56e421daa84bcf5d91a809d - - - -] Unable to schedule network b4607be1-86cb-4317-be55-422aefbf115e: no agents available; will retry on subsequent port and subnet creation events.
2026-06-30 19:16:33.647 10 INFO neutron.db.ovn_revision_numbers_db [None req-f4f1a571-b2f4-4231-89c6-772ac4bc0d14 6d56b05daa884ec9a26d68371538b4fa 8b5a2e91b56e421daa84bcf5d91a809d - - - -] Successfully bumped revision number for resource 9dc3646e-ad02-4c64-b53a-4ff3cb26f9a0 (type: ports) to 2
2026-06-30 19:16:33.664 10 INFO neutron.db.ovn_revision_numbers_db [None req-f4f1a571-b2f4-4231-89c6-772ac4bc0d14 6d56b05daa884ec9a26d68371538b4fa 8b5a2e91b56e421daa84bcf5d91a809d - - - -] Successfully bumped revision number for resource 2ed86454-f067-450e-a849-ca1a337fb297 (type: subnets) to 0
2026-06-30 19:16:33.679 10 INFO neutron.wsgi [None req-f4f1a571-b2f4-4231-89c6-772ac4bc0d14 6d56b05daa884ec9a26d68371538b4fa 8b5a2e91b56e421daa84bcf5d91a809d - - - -] 10.0.0.232 "POST /v2.0/subnets HTTP/1.1" status: 201 len: 868 time: 0.7552066
2026-06-30 19:16:33.806 10 INFO neutron.wsgi [req-5f649878-0adf-411e-a84e-073cc135f5af req-4fe7550d-2d36-4e1b-a9df-8e43986e0060 79dcf843a7cf46ec981e71402f18c551 e09b6e25f65f4a6db99e107655af9776 - - default default] 199.19.213.147 "GET /v2.0/networks?id=cd225670-85db-4769-91d0-437df92d0761 HTTP/1.1" status: 200 len: 874 time: 0.1040382
2026-06-30 19:16:33.896 10 INFO neutron.wsgi [req-5f649878-0adf-411e-a84e-073cc135f5af req-4f1b27c4-528b-43d4-a48b-ebea5e4da09a 79dcf843a7cf46ec981e71402f18c551 e09b6e25f65f4a6db99e107655af9776 - - default default] 199.19.213.147 "GET /v2.0/security-groups?fields=id&fields=name&tenant_id=e09b6e25f65f4a6db99e107655af9776 HTTP/1.1" status: 200 len: 380 time: 0.0697908
2026-06-30 19:16:34.138 10 INFO neutron.wsgi [req-ace19264-73ef-4622-a343-d279e2506dcf req-0dd16379-43ed-4fe9-b69b-ec52eecce790 79dcf843a7cf46ec981e71402f18c551 e09b6e25f65f4a6db99e107655af9776 - - default default] 10.0.0.200 "GET /v2.0/ports?device_id=aa119900-2353-47ed-bd9e-491c031d73dc HTTP/1.1" status: 200 len: 210 time: 0.0281971
2026-06-30 19:16:34.349 10 WARNING neutron.scheduler.dhcp_agent_scheduler [None req-bdb318ce-3e73-467e-8f72-4dbcee1b4bcd 6d56b05daa884ec9a26d68371538b4fa 8b5a2e91b56e421daa84bcf5d91a809d - - - -] No more DHCP agents
2026-06-30 19:16:34.354 10 WARNING neutron.api.rpc.agentnotifiers.dhcp_rpc_agent_api [None req-bdb318ce-3e73-467e-8f72-4dbcee1b4bcd 6d56b05daa884ec9a26d68371538b4fa 8b5a2e91b56e421daa84bcf5d91a809d - - - -] Unable to schedule network 563a5903-99d9-4944-b883-d819166e5307: no agents available; will retry on subsequent port and subnet creation events.
2026-06-30 19:16:34.369 10 WARNING neutron.scheduler.dhcp_agent_scheduler [None req-8491bdf2-d9d2-4d11-aa62-29ca941b729b 79dcf843a7cf46ec981e71402f18c551 e09b6e25f65f4a6db99e107655af9776 - - - -] No more DHCP agents
2026-06-30 19:16:34.382 10 WARNING neutron.api.rpc.agentnotifiers.dhcp_rpc_agent_api [None req-8491bdf2-d9d2-4d11-aa62-29ca941b729b 79dcf843a7cf46ec981e71402f18c551 e09b6e25f65f4a6db99e107655af9776 - - - -] Unable to schedule network cd225670-85db-4769-91d0-437df92d0761: no agents available; will retry on subsequent port and subnet creation events.
2026-06-30 19:16:34.551 10 INFO neutron.db.ovn_revision_numbers_db [None req-bdb318ce-3e73-467e-8f72-4dbcee1b4bcd 6d56b05daa884ec9a26d68371538b4fa 8b5a2e91b56e421daa84bcf5d91a809d - - - -] Successfully bumped revision number for resource 44aaf4a7-32ca-45d0-9b30-8ee450d54ef9 (type: ports) to 1
2026-06-30 19:16:34.617 10 INFO neutron.db.ovn_revision_numbers_db [None req-8491bdf2-d9d2-4d11-aa62-29ca941b729b 79dcf843a7cf46ec981e71402f18c551 e09b6e25f65f4a6db99e107655af9776 - - - -] Successfully bumped revision number for resource b5a33be9-e378-4140-ab63-76bc2fbb9479 (type: ports) to 1
2026-06-30 19:16:34.654 10 INFO neutron.wsgi [None req-8491bdf2-d9d2-4d11-aa62-29ca941b729b 79dcf843a7cf46ec981e71402f18c551 e09b6e25f65f4a6db99e107655af9776 - - - -] 199.19.213.147 "POST /v2.0/ports HTTP/1.1" status: 201 len: 1162 time: 0.7474020 /var/lib/openstack/lib/python3.10/site-packages/pycadf/identifier.py:71: UserWarning: Invalid uuid: neutron. To ensure interoperability, identifiers should be a valid uuid. warnings.warn(('Invalid uuid: %s. To ensure interoperability, '
2026-06-30 19:16:35.278 10 INFO neutron.wsgi [req-ef05a4af-5573-4f1f-8fc9-af64e07bffbf req-d7bee00d-820a-4e99-b079-4ac571708dfa 79dcf843a7cf46ec981e71402f18c551 e09b6e25f65f4a6db99e107655af9776 - - default default] 10.0.0.200 "GET /v2.0/ports?device_id=aa119900-2353-47ed-bd9e-491c031d73dc HTTP/1.1" status: 200 len: 1160 time: 0.0572493
2026-06-30 19:16:35.374 10 INFO neutron.wsgi [req-ef05a4af-5573-4f1f-8fc9-af64e07bffbf req-76154ad9-32ab-42a5-a0ce-ac319282f822 79dcf843a7cf46ec981e71402f18c551 e09b6e25f65f4a6db99e107655af9776 - - default default] 10.0.0.200 "GET /v2.0/security-groups?id=c10ce41c-1150-4891-a55c-287d6a0fc327&fields=id&fields=name HTTP/1.1" status: 200 len: 313 time: 0.0799217
2026-06-30 19:16:35.557 10 INFO neutron.db.ovn_revision_numbers_db [None req-e807e898-55ce-48d3-864d-c9c980e900a0 eff23f8a1364407d8b3a970c8fb0a198 9e87a226553f4b4a821d76fca7e776bc - - - -] Successfully bumped revision number for resource b5a33be9-e378-4140-ab63-76bc2fbb9479 (type: ports) to 2
2026-06-30 19:16:35.701 10 INFO neutron.plugins.ml2.drivers.ovn.mech_driver.ovsdb.ovsdb_monitor [None req-d1163dd3-9513-4ea7-876c-c531f77f90ce - - - - - -] Router eeff83c6-b02f-4f71-94f1-f0ad66f150de is bound to host instance
2026-06-30 19:16:35.720 10 INFO neutron.db.ovn_revision_numbers_db [None req-bdb318ce-3e73-467e-8f72-4dbcee1b4bcd 6d56b05daa884ec9a26d68371538b4fa 8b5a2e91b56e421daa84bcf5d91a809d - - - -] Successfully bumped revision number for resource 44aaf4a7-32ca-45d0-9b30-8ee450d54ef9 (type: router_ports) to 1
2026-06-30 19:16:35.838 10 INFO neutron.db.ovn_revision_numbers_db [None req-bdb318ce-3e73-467e-8f72-4dbcee1b4bcd 6d56b05daa884ec9a26d68371538b4fa 8b5a2e91b56e421daa84bcf5d91a809d - - - -] Successfully bumped revision number for resource eeff83c6-b02f-4f71-94f1-f0ad66f150de (type: routers) to 3
2026-06-30 19:16:35.886 10 INFO neutron.wsgi [None req-bdb318ce-3e73-467e-8f72-4dbcee1b4bcd 6d56b05daa884ec9a26d68371538b4fa 8b5a2e91b56e421daa84bcf5d91a809d - - - -] 10.0.0.232 "POST /v2.0/routers HTTP/1.1" status: 201 len: 879 time: 2.2000661
2026-06-30 19:16:35.932 10 INFO neutron.db.ovn_revision_numbers_db [None req-e807e898-55ce-48d3-864d-c9c980e900a0 eff23f8a1364407d8b3a970c8fb0a198 9e87a226553f4b4a821d76fca7e776bc - - - -] Successfully bumped revision number for resource b5a33be9-e378-4140-ab63-76bc2fbb9479 (type: ports) to 2
2026-06-30 19:16:35.953 10 INFO neutron.wsgi [None req-e807e898-55ce-48d3-864d-c9c980e900a0 eff23f8a1364407d8b3a970c8fb0a198 9e87a226553f4b4a821d76fca7e776bc - - - -] 199.19.213.147 "PUT /v2.0/ports/b5a33be9-e378-4140-ab63-76bc2fbb9479 HTTP/1.1" status: 200 len: 1332 time: 1.2548845
2026-06-30 19:16:36.006 10 INFO neutron.notifiers.nova [-] Nova event matching ['req-01af121a-188b-48f3-961b-5c5cd0d26875'] response: {'name': 'network-changed', 'server_uuid': 'aa119900-2353-47ed-bd9e-491c031d73dc', 'tag': 'b5a33be9-e378-4140-ab63-76bc2fbb9479', 'status': 'completed', 'code': 200} /var/lib/openstack/lib/python3.10/site-packages/pycadf/identifier.py:71: UserWarning: Invalid uuid: neutron. To ensure interoperability, identifiers should be a valid uuid. warnings.warn(('Invalid uuid: %s. To ensure interoperability, '
2026-06-30 19:16:36.056 10 INFO neutron.wsgi [req-5f649878-0adf-411e-a84e-073cc135f5af req-29ccc4ce-7945-4b1b-8702-f02ceb09201e eff23f8a1364407d8b3a970c8fb0a198 9e87a226553f4b4a821d76fca7e776bc - - bbc4d2f7230e43ac89655b01cd30e2b7 bbc4d2f7230e43ac89655b01cd30e2b7] 199.19.213.147 "GET /v2.0/ports?tenant_id=e09b6e25f65f4a6db99e107655af9776&device_id=aa119900-2353-47ed-bd9e-491c031d73dc HTTP/1.1" status: 200 len: 1363 time: 0.0497959
2026-06-30 19:16:36.103 10 INFO neutron.wsgi [req-5f649878-0adf-411e-a84e-073cc135f5af req-35fbf69f-5048-4cd3-9d4a-e8752318c206 eff23f8a1364407d8b3a970c8fb0a198 9e87a226553f4b4a821d76fca7e776bc - - bbc4d2f7230e43ac89655b01cd30e2b7 bbc4d2f7230e43ac89655b01cd30e2b7] 199.19.213.147 "GET /v2.0/floatingips?fixed_ip_address=10.100.0.11&port_id=b5a33be9-e378-4140-ab63-76bc2fbb9479 HTTP/1.1" status: 200 len: 217 time: 0.0311804
2026-06-30 19:16:36.159 10 INFO neutron.wsgi [req-5f649878-0adf-411e-a84e-073cc135f5af req-b59f3af3-c859-45ad-9cd4-4a7037ed5e4a eff23f8a1364407d8b3a970c8fb0a198 9e87a226553f4b4a821d76fca7e776bc - - bbc4d2f7230e43ac89655b01cd30e2b7 bbc4d2f7230e43ac89655b01cd30e2b7] 199.19.213.147 "GET /v2.0/subnets?id=6b4b4735-57e4-4ac2-b242-2dd49994b852 HTTP/1.1" status: 200 len: 868 time: 0.0488508
2026-06-30 19:16:36.187 10 INFO neutron.wsgi [req-5f649878-0adf-411e-a84e-073cc135f5af req-81f96d8d-0445-4766-bfca-8385b8ca0586 eff23f8a1364407d8b3a970c8fb0a198 9e87a226553f4b4a821d76fca7e776bc - - bbc4d2f7230e43ac89655b01cd30e2b7 bbc4d2f7230e43ac89655b01cd30e2b7] 199.19.213.147 "GET /v2.0/ports?network_id=cd225670-85db-4769-91d0-437df92d0761&device_owner=network%3Adhcp HTTP/1.1" status: 200 len: 210 time: 0.0225894
2026-06-30 19:16:36.277 10 INFO neutron.wsgi [req-5f649878-0adf-411e-a84e-073cc135f5af req-221a4183-c6bb-4722-90f6-bd9397702434 eff23f8a1364407d8b3a970c8fb0a198 9e87a226553f4b4a821d76fca7e776bc - - bbc4d2f7230e43ac89655b01cd30e2b7 bbc4d2f7230e43ac89655b01cd30e2b7] 199.19.213.147 "GET /v2.0/networks/cd225670-85db-4769-91d0-437df92d0761?fields=segments HTTP/1.1" status: 200 len: 212 time: 0.0833559
2026-06-30 19:16:36.352 10 INFO neutron.wsgi [req-5f649878-0adf-411e-a84e-073cc135f5af req-fcc6c45e-44fc-41cf-9d49-41075dbfbddb eff23f8a1364407d8b3a970c8fb0a198 9e87a226553f4b4a821d76fca7e776bc - - bbc4d2f7230e43ac89655b01cd30e2b7 bbc4d2f7230e43ac89655b01cd30e2b7] 199.19.213.147 "GET /v2.0/networks/cd225670-85db-4769-91d0-437df92d0761?fields=provider%3Aphysical_network&fields=provider%3Anetwork_type HTTP/1.1" status: 200 len: 277 time: 0.0690131
2026-06-30 19:16:36.367 9 WARNING neutron.scheduler.dhcp_agent_scheduler [None req-577e8406-70d2-416e-9186-526df643b917 6d56b05daa884ec9a26d68371538b4fa 8b5a2e91b56e421daa84bcf5d91a809d - - default default] No more DHCP agents
2026-06-30 19:16:36.370 9 WARNING neutron.api.rpc.agentnotifiers.dhcp_rpc_agent_api [None req-577e8406-70d2-416e-9186-526df643b917 6d56b05daa884ec9a26d68371538b4fa 8b5a2e91b56e421daa84bcf5d91a809d - - default default] Unable to schedule network b4607be1-86cb-4317-be55-422aefbf115e: no agents available; will retry on subsequent port and subnet creation events.
2026-06-30 19:16:36.390 10 WARNING neutron.plugins.ml2.drivers.ovn.mech_driver.ovsdb.ovn_client [None req-288fa77a-60d8-48bf-b78e-43ba747f83cf - - - - - -] No hosting information found for port de142ea4-7b88-4b66-ad38-4022080d1ce7: RuntimeError: No hosting information found for port de142ea4-7b88-4b66-ad38-4022080d1ce7
2026-06-30 19:16:36.391 10 INFO neutron.plugins.ml2.drivers.ovn.mech_driver.mech_driver [None req-288fa77a-60d8-48bf-b78e-43ba747f83cf - - - - - -] OVN reports status up for port: 44aaf4a7-32ca-45d0-9b30-8ee450d54ef9
2026-06-30 19:16:36.429 10 INFO neutron.plugins.ml2.plugin [None req-288fa77a-60d8-48bf-b78e-43ba747f83cf - - - - - -] Attempt 1 to provision port 44aaf4a7-32ca-45d0-9b30-8ee450d54ef9
2026-06-30 19:16:36.455 10 INFO neutron.wsgi [req-83653076-fc2b-4f63-8629-50264ed1412c req-e954637f-19a1-4e4b-b9eb-bd08dbc0a7d0 eff23f8a1364407d8b3a970c8fb0a198 9e87a226553f4b4a821d76fca7e776bc - - bbc4d2f7230e43ac89655b01cd30e2b7 bbc4d2f7230e43ac89655b01cd30e2b7] 199.19.213.147 "GET /v2.0/ports?tenant_id=e09b6e25f65f4a6db99e107655af9776&device_id=aa119900-2353-47ed-bd9e-491c031d73dc HTTP/1.1" status: 200 len: 1363 time: 0.0582075
2026-06-30 19:16:36.525 9 INFO neutron.db.ovn_revision_numbers_db [None req-577e8406-70d2-416e-9186-526df643b917 6d56b05daa884ec9a26d68371538b4fa 8b5a2e91b56e421daa84bcf5d91a809d - - default default] Successfully bumped revision number for resource 5758ec08-f039-4e2f-b182-dee77c043dc0 (type: ports) to 1
2026-06-30 19:16:36.751 10 INFO neutron.db.ovn_revision_numbers_db [None req-d1163dd3-9513-4ea7-876c-c531f77f90ce - - - - - -] Successfully bumped revision number for resource 44aaf4a7-32ca-45d0-9b30-8ee450d54ef9 (type: ports) to 1
2026-06-30 19:16:36.758 10 INFO neutron.wsgi [req-f1cbf66a-2fc1-4e50-82bb-b79af075a40e req-991dab90-b315-4922-a5c4-754d55067e0f 79dcf843a7cf46ec981e71402f18c551 e09b6e25f65f4a6db99e107655af9776 - - default default] 10.0.0.200 "GET /v2.0/ports?device_id=aa119900-2353-47ed-bd9e-491c031d73dc HTTP/1.1" status: 200 len: 1172 time: 0.3046486
2026-06-30 19:16:36.814 10 INFO neutron.plugins.ml2.drivers.ovn.mech_driver.mech_driver [None req-288fa77a-60d8-48bf-b78e-43ba747f83cf - - - - - -] OVN reports status up for port: b5a33be9-e378-4140-ab63-76bc2fbb9479
2026-06-30 19:16:36.847 10 INFO neutron.wsgi [req-83653076-fc2b-4f63-8629-50264ed1412c req-ce9bf625-0982-4062-85da-a330c498126a eff23f8a1364407d8b3a970c8fb0a198 9e87a226553f4b4a821d76fca7e776bc - - bbc4d2f7230e43ac89655b01cd30e2b7 bbc4d2f7230e43ac89655b01cd30e2b7] 199.19.213.147 "GET /v2.0/networks?id=cd225670-85db-4769-91d0-437df92d0761 HTTP/1.1" status: 200 len: 973 time: 0.3800211
2026-06-30 19:16:36.851 10 INFO neutron.plugins.ml2.plugin [None req-288fa77a-60d8-48bf-b78e-43ba747f83cf - - - - - -] Attempt 1 to provision port b5a33be9-e378-4140-ab63-76bc2fbb9479
2026-06-30 19:16:36.855 10 INFO neutron.wsgi [req-f1cbf66a-2fc1-4e50-82bb-b79af075a40e req-7abcd989-8e79-4042-be21-203690902509 79dcf843a7cf46ec981e71402f18c551 e09b6e25f65f4a6db99e107655af9776 - - default default] 10.0.0.200 "GET /v2.0/security-groups?id=c10ce41c-1150-4891-a55c-287d6a0fc327&fields=id&fields=name HTTP/1.1" status: 200 len: 313 time: 0.0828536
2026-06-30 19:16:36.908 10 INFO neutron.wsgi [req-83653076-fc2b-4f63-8629-50264ed1412c req-e679f478-f7bb-47a3-aa16-3544d5d361c0 eff23f8a1364407d8b3a970c8fb0a198 9e87a226553f4b4a821d76fca7e776bc - - bbc4d2f7230e43ac89655b01cd30e2b7 bbc4d2f7230e43ac89655b01cd30e2b7] 199.19.213.147 "GET /v2.0/floatingips?fixed_ip_address=10.100.0.11&port_id=b5a33be9-e378-4140-ab63-76bc2fbb9479 HTTP/1.1" status: 200 len: 217 time: 0.0518310
2026-06-30 19:16:36.997 10 INFO neutron.wsgi [req-83653076-fc2b-4f63-8629-50264ed1412c req-d8d8ffeb-55bc-421f-812d-d9ee06af6bd6 eff23f8a1364407d8b3a970c8fb0a198 9e87a226553f4b4a821d76fca7e776bc - - bbc4d2f7230e43ac89655b01cd30e2b7 bbc4d2f7230e43ac89655b01cd30e2b7] 199.19.213.147 "GET /v2.0/subnets?id=6b4b4735-57e4-4ac2-b242-2dd49994b852 HTTP/1.1" status: 200 len: 868 time: 0.0820796
2026-06-30 19:16:37.038 9 INFO neutron.plugins.ml2.drivers.ovn.mech_driver.mech_driver [None req-a066a905-fa80-415a-9414-a6e9dbe1c238 - - - - - -] OVN reports status up for port: 5758ec08-f039-4e2f-b182-dee77c043dc0
2026-06-30 19:16:37.047 9 INFO neutron.db.ovn_revision_numbers_db [None req-577e8406-70d2-416e-9186-526df643b917 6d56b05daa884ec9a26d68371538b4fa 8b5a2e91b56e421daa84bcf5d91a809d - - default default] Successfully bumped revision number for resource 5758ec08-f039-4e2f-b182-dee77c043dc0 (type: router_ports) to 2
2026-06-30 19:16:37.063 9 INFO neutron.plugins.ml2.plugin [None req-a066a905-fa80-415a-9414-a6e9dbe1c238 - - - - - -] Attempt 1 to provision port 5758ec08-f039-4e2f-b182-dee77c043dc0
2026-06-30 19:16:37.288 10 INFO neutron.db.ovn_revision_numbers_db [None req-d1163dd3-9513-4ea7-876c-c531f77f90ce - - - - - -] Successfully bumped revision number for resource 44aaf4a7-32ca-45d0-9b30-8ee450d54ef9 (type: router_ports) to 3
2026-06-30 19:16:37.328 10 INFO neutron.db.ovn_revision_numbers_db [None req-288fa77a-60d8-48bf-b78e-43ba747f83cf - - - - - -] Successfully bumped revision number for resource b5a33be9-e378-4140-ab63-76bc2fbb9479 (type: ports) to 4
2026-06-30 19:16:37.331 10 INFO neutron.wsgi [req-83653076-fc2b-4f63-8629-50264ed1412c req-debaf2fd-ddbd-4155-9066-0c91da4ce133 eff23f8a1364407d8b3a970c8fb0a198 9e87a226553f4b4a821d76fca7e776bc - - bbc4d2f7230e43ac89655b01cd30e2b7 bbc4d2f7230e43ac89655b01cd30e2b7] 199.19.213.147 "GET /v2.0/ports?network_id=cd225670-85db-4769-91d0-437df92d0761&device_owner=network%3Adhcp HTTP/1.1" status: 200 len: 210 time: 0.0258319
2026-06-30 19:16:37.452 9 INFO neutron.db.ovn_revision_numbers_db [None req-577e8406-70d2-416e-9186-526df643b917 6d56b05daa884ec9a26d68371538b4fa 8b5a2e91b56e421daa84bcf5d91a809d - - default default] Successfully bumped revision number for resource 5758ec08-f039-4e2f-b182-dee77c043dc0 (type: ports) to 2
2026-06-30 19:16:37.461 10 INFO neutron.wsgi [req-83653076-fc2b-4f63-8629-50264ed1412c req-9b807769-14e8-4e7b-b233-d88fe57617a2 eff23f8a1364407d8b3a970c8fb0a198 9e87a226553f4b4a821d76fca7e776bc - - bbc4d2f7230e43ac89655b01cd30e2b7 bbc4d2f7230e43ac89655b01cd30e2b7] 199.19.213.147 "GET /v2.0/networks/cd225670-85db-4769-91d0-437df92d0761?fields=segments HTTP/1.1" status: 200 len: 212 time: 0.1140983 /var/lib/openstack/lib/python3.10/site-packages/pycadf/identifier.py:71: UserWarning: Invalid uuid: neutron. To ensure interoperability, identifiers should be a valid uuid. warnings.warn(('Invalid uuid: %s. To ensure interoperability, '
2026-06-30 19:16:37.550 9 WARNING neutron.scheduler.dhcp_agent_scheduler [None req-577e8406-70d2-416e-9186-526df643b917 6d56b05daa884ec9a26d68371538b4fa 8b5a2e91b56e421daa84bcf5d91a809d - - default default] No more DHCP agents
2026-06-30 19:16:37.552 9 WARNING neutron.api.rpc.agentnotifiers.dhcp_rpc_agent_api [None req-577e8406-70d2-416e-9186-526df643b917 6d56b05daa884ec9a26d68371538b4fa 8b5a2e91b56e421daa84bcf5d91a809d - - default default] Unable to schedule network b4607be1-86cb-4317-be55-422aefbf115e: no agents available; will retry on subsequent port and subnet creation events.
2026-06-30 19:16:37.563 10 INFO neutron.wsgi [req-83653076-fc2b-4f63-8629-50264ed1412c req-8a2200fc-0e98-4260-8d66-d9af9610189a eff23f8a1364407d8b3a970c8fb0a198 9e87a226553f4b4a821d76fca7e776bc - - bbc4d2f7230e43ac89655b01cd30e2b7 bbc4d2f7230e43ac89655b01cd30e2b7] 199.19.213.147 "GET /v2.0/networks/cd225670-85db-4769-91d0-437df92d0761?fields=provider%3Aphysical_network&fields=provider%3Anetwork_type HTTP/1.1" status: 200 len: 277 time: 0.0857205
2026-06-30 19:16:37.572 10 INFO neutron.db.ovn_revision_numbers_db [None req-d1163dd3-9513-4ea7-876c-c531f77f90ce - - - - - -] Successfully bumped revision number for resource 44aaf4a7-32ca-45d0-9b30-8ee450d54ef9 (type: ports) to 2
2026-06-30 19:16:37.673 9 INFO neutron.db.ovn_revision_numbers_db [None req-a066a905-fa80-415a-9414-a6e9dbe1c238 - - - - - -] Successfully bumped revision number for resource 5758ec08-f039-4e2f-b182-dee77c043dc0 (type: ports) to 3
2026-06-30 19:16:37.808 9 INFO neutron.db.ovn_revision_numbers_db [None req-a066a905-fa80-415a-9414-a6e9dbe1c238 - - - - - -] Successfully bumped revision number for resource 5758ec08-f039-4e2f-b182-dee77c043dc0 (type: router_ports) to 3
2026-06-30 19:16:37.810 10 INFO neutron.db.ovn_revision_numbers_db [None req-d1163dd3-9513-4ea7-876c-c531f77f90ce - - - - - -] Successfully bumped revision number for resource 44aaf4a7-32ca-45d0-9b30-8ee450d54ef9 (type: ports) to 4
2026-06-30 19:16:38.054 10 INFO neutron.wsgi [req-3afab3b9-0589-4ce2-a00e-b9548526ee98 req-705c9a33-816f-4594-bcaa-0da0c0c6348b 79dcf843a7cf46ec981e71402f18c551 e09b6e25f65f4a6db99e107655af9776 - - default default] 10.0.0.200 "GET /v2.0/ports?device_id=aa119900-2353-47ed-bd9e-491c031d73dc HTTP/1.1" status: 200 len: 1174 time: 0.1277452
2026-06-30 19:16:38.057 10 INFO neutron.notifiers.nova [-] Nova event matching ['req-457d1d8e-2ec0-40be-99fc-e238cddae769'] response: {'server_uuid': 'aa119900-2353-47ed-bd9e-491c031d73dc', 'name': 'network-vif-plugged', 'status': 'completed', 'tag': 'b5a33be9-e378-4140-ab63-76bc2fbb9479', 'code': 200}
2026-06-30 19:16:38.057 10 INFO neutron.notifiers.nova [-] Nova event matching ['req-457d1d8e-2ec0-40be-99fc-e238cddae769'] response: {'server_uuid': 'aa119900-2353-47ed-bd9e-491c031d73dc', 'name': 'network-vif-plugged', 'status': 'completed', 'tag': 'b5a33be9-e378-4140-ab63-76bc2fbb9479', 'code': 200}
2026-06-30 19:16:38.110 10 INFO neutron.db.ovn_revision_numbers_db [None req-d1163dd3-9513-4ea7-876c-c531f77f90ce - - - - - -] Successfully bumped revision number for resource 44aaf4a7-32ca-45d0-9b30-8ee450d54ef9 (type: router_ports) to 4
2026-06-30 19:16:38.115 10 INFO neutron.wsgi [req-3afab3b9-0589-4ce2-a00e-b9548526ee98 req-126edef2-ace0-445b-9b44-ea19ec752a4b 79dcf843a7cf46ec981e71402f18c551 e09b6e25f65f4a6db99e107655af9776 - - default default] 10.0.0.200 "GET /v2.0/security-groups?id=c10ce41c-1150-4891-a55c-287d6a0fc327&fields=id&fields=name HTTP/1.1" status: 200 len: 313 time: 0.0501630
2026-06-30 19:16:38.371 9 INFO neutron.db.ovn_revision_numbers_db [None req-577e8406-70d2-416e-9186-526df643b917 6d56b05daa884ec9a26d68371538b4fa 8b5a2e91b56e421daa84bcf5d91a809d - - - -] Successfully bumped revision number for resource 5758ec08-f039-4e2f-b182-dee77c043dc0 (type: router_ports) to 3
2026-06-30 19:16:38.375 9 INFO neutron.wsgi [None req-577e8406-70d2-416e-9186-526df643b917 6d56b05daa884ec9a26d68371538b4fa 8b5a2e91b56e421daa84bcf5d91a809d - - - -] 10.0.0.232 "PUT /v2.0/routers/eeff83c6-b02f-4f71-94f1-f0ad66f150de/add_router_interface HTTP/1.1" status: 200 len: 503 time: 2.4810243
2026-06-30 19:16:38.521 10 INFO neutron.wsgi [req-f1736761-666b-433e-a7ba-8766898fd009 req-e3e6ff81-e800-42d0-bf10-b51e5d3b0dd9 eff23f8a1364407d8b3a970c8fb0a198 9e87a226553f4b4a821d76fca7e776bc - - bbc4d2f7230e43ac89655b01cd30e2b7 bbc4d2f7230e43ac89655b01cd30e2b7] 10.0.0.89 "GET /v2.0/ports?device_id=393b6bfc-7433-4967-8d4c-b02c3c455361 HTTP/1.1" status: 200 len: 1365 time: 0.1696508
2026-06-30 19:16:38.564 10 INFO neutron.wsgi [req-f1736761-666b-433e-a7ba-8766898fd009 req-fe6fe441-8716-4c4c-9d54-64e8baa0948a eff23f8a1364407d8b3a970c8fb0a198 9e87a226553f4b4a821d76fca7e776bc - - bbc4d2f7230e43ac89655b01cd30e2b7 bbc4d2f7230e43ac89655b01cd30e2b7] 10.0.0.89 "GET /v2.0/security-groups?id=192974cf-71a7-4cc9-b821-d386a3852cb7&fields=id&fields=name HTTP/1.1" status: 200 len: 313 time: 0.0346887
2026-06-30 19:16:39.215 10 INFO neutron.wsgi [req-ca21fde0-cbc3-46ee-b2f5-8869ceb8b58d req-439485a9-4ca8-4c3d-8cb8-1239c42fcb3b 79dcf843a7cf46ec981e71402f18c551 e09b6e25f65f4a6db99e107655af9776 - - default default] 10.0.0.200 "GET /v2.0/ports?device_id=aa119900-2353-47ed-bd9e-491c031d73dc HTTP/1.1" status: 200 len: 1174 time: 0.0351892
2026-06-30 19:16:39.470 10 INFO neutron.wsgi [req-ca21fde0-cbc3-46ee-b2f5-8869ceb8b58d req-4667024e-4cfd-4055-b059-5fc952164dd5 79dcf843a7cf46ec981e71402f18c551 e09b6e25f65f4a6db99e107655af9776 - - default default] 10.0.0.200 "GET /v2.0/security-groups?id=c10ce41c-1150-4891-a55c-287d6a0fc327&fields=id&fields=name HTTP/1.1" status: 200 len: 313 time: 0.2505574
2026-06-30 19:16:39.496 10 INFO neutron.wsgi [req-a547bc6a-a245-469b-802d-a232077eb4ab req-982fafc2-277f-4946-a2d7-01bbc0f2f88c 1a5a127c68b841edb1eefa312435172d 0959746bc49446a9ac9eff726e22eba8 - - default default] 10.0.0.200 "GET /v2.0/networks?id=b4607be1-86cb-4317-be55-422aefbf115e HTTP/1.1" status: 200 len: 877 time: 0.2708604
2026-06-30 19:16:39.516 10 INFO neutron.wsgi [req-a547bc6a-a245-469b-802d-a232077eb4ab req-f1d902f8-7801-499e-b7d3-7422faebd9ce 1a5a127c68b841edb1eefa312435172d 0959746bc49446a9ac9eff726e22eba8 - - default default] 10.0.0.200 "GET /v2.0/quotas/0959746bc49446a9ac9eff726e22eba8 HTTP/1.1" status: 200 len: 386 time: 0.0115085
2026-06-30 19:16:39.588 10 INFO neutron.wsgi [req-d20ffc24-8063-45bc-8485-00839aca3bbc req-a463337c-7ff5-47b3-a29c-1d12d2c3aec4 79dcf843a7cf46ec981e71402f18c551 e09b6e25f65f4a6db99e107655af9776 - - default default] 10.0.0.200 "GET /v2.0/ports?device_id=aa119900-2353-47ed-bd9e-491c031d73dc HTTP/1.1" status: 200 len: 1174 time: 0.0572431
2026-06-30 19:16:39.624 10 INFO neutron.wsgi [req-a547bc6a-a245-469b-802d-a232077eb4ab req-bc9ebae9-0faf-46b9-98a2-0b1623a279b2 1a5a127c68b841edb1eefa312435172d 0959746bc49446a9ac9eff726e22eba8 - - default default] 10.0.0.200 "GET /v2.0/ports?tenant_id=0959746bc49446a9ac9eff726e22eba8&fields=id HTTP/1.1" status: 200 len: 302 time: 0.1020737
2026-06-30 19:16:39.701 10 INFO neutron.wsgi [req-a547bc6a-a245-469b-802d-a232077eb4ab req-f2155cab-2feb-4d96-9e85-c85c7cac1487 eff23f8a1364407d8b3a970c8fb0a198 9e87a226553f4b4a821d76fca7e776bc - - bbc4d2f7230e43ac89655b01cd30e2b7 bbc4d2f7230e43ac89655b01cd30e2b7] 10.0.0.200 "GET /v2.0/networks/b4607be1-86cb-4317-be55-422aefbf115e?fields=segments HTTP/1.1" status: 200 len: 212 time: 0.0707598
2026-06-30 19:16:39.802 10 INFO neutron.wsgi [req-a547bc6a-a245-469b-802d-a232077eb4ab req-82656617-4077-4122-8eba-e3e6caa511d3 eff23f8a1364407d8b3a970c8fb0a198 9e87a226553f4b4a821d76fca7e776bc - - bbc4d2f7230e43ac89655b01cd30e2b7 bbc4d2f7230e43ac89655b01cd30e2b7] 10.0.0.200 "GET /v2.0/networks/b4607be1-86cb-4317-be55-422aefbf115e?fields=provider%3Aphysical_network&fields=provider%3Anetwork_type HTTP/1.1" status: 200 len: 277 time: 0.0967197
2026-06-30 19:16:39.950 10 INFO neutron.wsgi [req-7ad192ef-65e5-4db1-b9f9-3b7787e87655 req-a96e79d9-d516-4858-8916-76109155387c 1a5a127c68b841edb1eefa312435172d 0959746bc49446a9ac9eff726e22eba8 - - default default] 10.0.0.200 "GET /v2.0/ports?device_id=e705b0f7-b352-4089-8aec-3e0087a56d81 HTTP/1.1" status: 200 len: 210 time: 0.0356286
2026-06-30 19:16:40.005 9 INFO neutron.db.l3_db [None req-81bb3c28-a66c-4d40-a70a-dc44596b5f63 79dcf843a7cf46ec981e71402f18c551 e09b6e25f65f4a6db99e107655af9776 - - - -] Floating IP de1d86ac-357f-43e9-a53a-775a1e21a998 associated. External IP: 10.96.250.220, port: b5a33be9-e378-4140-ab63-76bc2fbb9479.
2026-06-30 19:16:40.418 9 INFO neutron.db.ovn_revision_numbers_db [None req-81bb3c28-a66c-4d40-a70a-dc44596b5f63 79dcf843a7cf46ec981e71402f18c551 e09b6e25f65f4a6db99e107655af9776 - - - -] Successfully bumped revision number for resource de1d86ac-357f-43e9-a53a-775a1e21a998 (type: floatingips) to 1
2026-06-30 19:16:40.529 9 INFO neutron.db.ovn_revision_numbers_db [None req-81bb3c28-a66c-4d40-a70a-dc44596b5f63 79dcf843a7cf46ec981e71402f18c551 e09b6e25f65f4a6db99e107655af9776 - - - -] Successfully bumped revision number for resource de1d86ac-357f-43e9-a53a-775a1e21a998 (type: floatingips) to 2
2026-06-30 19:16:40.552 9 INFO neutron.wsgi [None req-81bb3c28-a66c-4d40-a70a-dc44596b5f63 79dcf843a7cf46ec981e71402f18c551 e09b6e25f65f4a6db99e107655af9776 - - - -] 10.0.0.232 "PUT /v2.0/floatingips/de1d86ac-357f-43e9-a53a-775a1e21a998 HTTP/1.1" status: 200 len: 1050 time: 0.9516177
2026-06-30 19:16:40.600 9 INFO neutron.notifiers.nova [-] Nova event matching ['req-2ba88086-20f3-4381-9d50-583f67b44820'] response: {'name': 'network-changed', 'server_uuid': 'aa119900-2353-47ed-bd9e-491c031d73dc', 'tag': 'b5a33be9-e378-4140-ab63-76bc2fbb9479', 'status': 'completed', 'code': 200} /var/lib/openstack/lib/python3.10/site-packages/pycadf/identifier.py:71: UserWarning: Invalid uuid: neutron. To ensure interoperability, identifiers should be a valid uuid. warnings.warn(('Invalid uuid: %s. To ensure interoperability, '
2026-06-30 19:16:40.670 10 INFO neutron.wsgi [req-534dc749-bc1a-4803-8255-a176cc0ca44e req-f77e4fd0-1349-4890-89fb-f7addf7bbd3d eff23f8a1364407d8b3a970c8fb0a198 9e87a226553f4b4a821d76fca7e776bc - - bbc4d2f7230e43ac89655b01cd30e2b7 bbc4d2f7230e43ac89655b01cd30e2b7] 199.19.213.147 "GET /v2.0/ports?tenant_id=e09b6e25f65f4a6db99e107655af9776&device_id=aa119900-2353-47ed-bd9e-491c031d73dc HTTP/1.1" status: 200 len: 1365 time: 0.0478454
2026-06-30 19:16:40.793 10 INFO neutron.wsgi [req-534dc749-bc1a-4803-8255-a176cc0ca44e req-38a475b5-ba2b-46c2-832b-ec9aea974cf3 eff23f8a1364407d8b3a970c8fb0a198 9e87a226553f4b4a821d76fca7e776bc - - bbc4d2f7230e43ac89655b01cd30e2b7 bbc4d2f7230e43ac89655b01cd30e2b7] 199.19.213.147 "GET /v2.0/networks?id=cd225670-85db-4769-91d0-437df92d0761 HTTP/1.1" status: 200 len: 973 time: 0.1145849
2026-06-30 19:16:40.822 10 INFO neutron.wsgi [req-a547bc6a-a245-469b-802d-a232077eb4ab req-0aa75979-97f0-4e02-9041-fe9faae07873 1a5a127c68b841edb1eefa312435172d 0959746bc49446a9ac9eff726e22eba8 - - default default] 199.19.213.147 "GET /v2.0/networks?id=b4607be1-86cb-4317-be55-422aefbf115e HTTP/1.1" status: 200 len: 877 time: 0.1142015
2026-06-30 19:16:40.867 10 INFO neutron.wsgi [req-534dc749-bc1a-4803-8255-a176cc0ca44e req-07884272-0809-4259-81c4-4a0b5ee2392d eff23f8a1364407d8b3a970c8fb0a198 9e87a226553f4b4a821d76fca7e776bc - - bbc4d2f7230e43ac89655b01cd30e2b7 bbc4d2f7230e43ac89655b01cd30e2b7] 199.19.213.147 "GET /v2.0/floatingips?fixed_ip_address=10.100.0.11&port_id=b5a33be9-e378-4140-ab63-76bc2fbb9479 HTTP/1.1" status: 200 len: 1060 time: 0.0698099
2026-06-30 19:16:40.922 10 INFO neutron.wsgi [req-534dc749-bc1a-4803-8255-a176cc0ca44e req-a2a29c53-4f72-44a0-a4c0-945018d5bb67 eff23f8a1364407d8b3a970c8fb0a198 9e87a226553f4b4a821d76fca7e776bc - - bbc4d2f7230e43ac89655b01cd30e2b7 bbc4d2f7230e43ac89655b01cd30e2b7] 199.19.213.147 "GET /v2.0/subnets?id=6b4b4735-57e4-4ac2-b242-2dd49994b852 HTTP/1.1" status: 200 len: 868 time: 0.0429661
2026-06-30 19:16:40.959 10 INFO neutron.wsgi [req-534dc749-bc1a-4803-8255-a176cc0ca44e req-5c488351-d429-4ccb-b1af-b8cdf43b8f64 eff23f8a1364407d8b3a970c8fb0a198 9e87a226553f4b4a821d76fca7e776bc - - bbc4d2f7230e43ac89655b01cd30e2b7 bbc4d2f7230e43ac89655b01cd30e2b7] 199.19.213.147 "GET /v2.0/ports?network_id=cd225670-85db-4769-91d0-437df92d0761&device_owner=network%3Adhcp HTTP/1.1" status: 200 len: 210 time: 0.0296395
2026-06-30 19:16:41.065 10 INFO neutron.wsgi [req-4608ce52-d293-4bc2-adc9-c482f312af8a req-af69fab9-2baf-410b-8264-7df35f39c509 1a5a127c68b841edb1eefa312435172d 0959746bc49446a9ac9eff726e22eba8 - - default default] 10.0.0.200 "GET /v2.0/ports?device_id=e705b0f7-b352-4089-8aec-3e0087a56d81 HTTP/1.1" status: 200 len: 210 time: 0.0381751
2026-06-30 19:16:41.117 10 INFO neutron.wsgi [req-534dc749-bc1a-4803-8255-a176cc0ca44e req-9ceafb70-d541-4477-8d14-5c38011c3d22 eff23f8a1364407d8b3a970c8fb0a198 9e87a226553f4b4a821d76fca7e776bc - - bbc4d2f7230e43ac89655b01cd30e2b7 bbc4d2f7230e43ac89655b01cd30e2b7] 199.19.213.147 "GET /v2.0/networks/cd225670-85db-4769-91d0-437df92d0761?fields=segments HTTP/1.1" status: 200 len: 212 time: 0.1477704
2026-06-30 19:16:41.211 10 INFO neutron.wsgi [req-534dc749-bc1a-4803-8255-a176cc0ca44e req-9fbb9a9e-4bc4-41b1-97ca-fef5f663e615 eff23f8a1364407d8b3a970c8fb0a198 9e87a226553f4b4a821d76fca7e776bc - - bbc4d2f7230e43ac89655b01cd30e2b7 bbc4d2f7230e43ac89655b01cd30e2b7] 199.19.213.147 "GET /v2.0/networks/cd225670-85db-4769-91d0-437df92d0761?fields=provider%3Aphysical_network&fields=provider%3Anetwork_type HTTP/1.1" status: 200 len: 277 time: 0.0838959
2026-06-30 19:16:41.305 10 WARNING neutron.scheduler.dhcp_agent_scheduler [None req-d0ba7d88-c2a6-4709-a432-c3aeb2285d85 1a5a127c68b841edb1eefa312435172d 0959746bc49446a9ac9eff726e22eba8 - - - -] No more DHCP agents
2026-06-30 19:16:41.308 10 WARNING neutron.api.rpc.agentnotifiers.dhcp_rpc_agent_api [None req-d0ba7d88-c2a6-4709-a432-c3aeb2285d85 1a5a127c68b841edb1eefa312435172d 0959746bc49446a9ac9eff726e22eba8 - - - -] Unable to schedule network b4607be1-86cb-4317-be55-422aefbf115e: no agents available; will retry on subsequent port and subnet creation events.
2026-06-30 19:16:41.456 10 INFO neutron.db.ovn_revision_numbers_db [None req-d0ba7d88-c2a6-4709-a432-c3aeb2285d85 1a5a127c68b841edb1eefa312435172d 0959746bc49446a9ac9eff726e22eba8 - - - -] Successfully bumped revision number for resource 796b2566-59c4-42c4-83e8-89f7c83f2926 (type: ports) to 1
2026-06-30 19:16:41.483 10 INFO neutron.wsgi [None req-d0ba7d88-c2a6-4709-a432-c3aeb2285d85 1a5a127c68b841edb1eefa312435172d 0959746bc49446a9ac9eff726e22eba8 - - - -] 199.19.213.147 "POST /v2.0/ports HTTP/1.1" status: 201 len: 1162 time: 0.6471143 /var/lib/openstack/lib/python3.10/site-packages/pycadf/identifier.py:71: UserWarning: Invalid uuid: neutron. To ensure interoperability, identifiers should be a valid uuid. warnings.warn(('Invalid uuid: %s. To ensure interoperability, '
2026-06-30 19:16:41.836 10 INFO neutron.db.ovn_revision_numbers_db [None req-a70da407-0717-4e91-a510-679858679ce4 eff23f8a1364407d8b3a970c8fb0a198 9e87a226553f4b4a821d76fca7e776bc - - - -] Successfully bumped revision number for resource 796b2566-59c4-42c4-83e8-89f7c83f2926 (type: ports) to 2
2026-06-30 19:16:42.058 10 INFO neutron.db.ovn_revision_numbers_db [None req-a70da407-0717-4e91-a510-679858679ce4 eff23f8a1364407d8b3a970c8fb0a198 9e87a226553f4b4a821d76fca7e776bc - - - -] Successfully bumped revision number for resource 796b2566-59c4-42c4-83e8-89f7c83f2926 (type: ports) to 2
2026-06-30 19:16:42.077 10 INFO neutron.wsgi [None req-a70da407-0717-4e91-a510-679858679ce4 eff23f8a1364407d8b3a970c8fb0a198 9e87a226553f4b4a821d76fca7e776bc - - - -] 199.19.213.147 "PUT /v2.0/ports/796b2566-59c4-42c4-83e8-89f7c83f2926 HTTP/1.1" status: 200 len: 1332 time: 0.5764866 /var/lib/openstack/lib/python3.10/site-packages/pycadf/identifier.py:71: UserWarning: Invalid uuid: neutron. To ensure interoperability, identifiers should be a valid uuid. warnings.warn(('Invalid uuid: %s. To ensure interoperability, '
2026-06-30 19:16:42.128 10 INFO neutron.notifiers.nova [-] Nova event matching ['req-b2b6bdb6-1321-4b72-8888-665e59a9bf31'] response: {'name': 'network-changed', 'server_uuid': 'e705b0f7-b352-4089-8aec-3e0087a56d81', 'tag': '796b2566-59c4-42c4-83e8-89f7c83f2926', 'status': 'completed', 'code': 200}
2026-06-30 19:16:42.160 10 INFO neutron.wsgi [req-a547bc6a-a245-469b-802d-a232077eb4ab req-cecc949c-4bb1-4009-839d-c9217a9dde0d eff23f8a1364407d8b3a970c8fb0a198 9e87a226553f4b4a821d76fca7e776bc - - bbc4d2f7230e43ac89655b01cd30e2b7 bbc4d2f7230e43ac89655b01cd30e2b7] 199.19.213.147 "GET /v2.0/ports?tenant_id=0959746bc49446a9ac9eff726e22eba8&device_id=e705b0f7-b352-4089-8aec-3e0087a56d81 HTTP/1.1" status: 200 len: 1363 time: 0.0432892
2026-06-30 19:16:42.192 10 INFO neutron.wsgi [req-a547bc6a-a245-469b-802d-a232077eb4ab req-986e6afe-5707-4a6f-96c3-f409ce95cf8f eff23f8a1364407d8b3a970c8fb0a198 9e87a226553f4b4a821d76fca7e776bc - - bbc4d2f7230e43ac89655b01cd30e2b7 bbc4d2f7230e43ac89655b01cd30e2b7] 199.19.213.147 "GET /v2.0/floatingips?fixed_ip_address=10.100.0.14&port_id=796b2566-59c4-42c4-83e8-89f7c83f2926 HTTP/1.1" status: 200 len: 217 time: 0.0231655
2026-06-30 19:16:42.198 10 INFO neutron.wsgi [req-c8874d0c-a19d-4507-a994-e591d6d1c942 req-0dc2d4d6-41d4-42d9-832c-923cdb694d12 1a5a127c68b841edb1eefa312435172d 0959746bc49446a9ac9eff726e22eba8 - - default default] 10.0.0.200 "GET /v2.0/ports?device_id=e705b0f7-b352-4089-8aec-3e0087a56d81 HTTP/1.1" status: 200 len: 1172 time: 0.0515745
2026-06-30 19:16:42.235 10 INFO neutron.wsgi [req-a547bc6a-a245-469b-802d-a232077eb4ab req-c8d2da66-f7f7-4e90-9ee8-ba108731d5ac eff23f8a1364407d8b3a970c8fb0a198 9e87a226553f4b4a821d76fca7e776bc - - bbc4d2f7230e43ac89655b01cd30e2b7 bbc4d2f7230e43ac89655b01cd30e2b7] 199.19.213.147 "GET /v2.0/subnets?id=2ed86454-f067-450e-a849-ca1a337fb297 HTTP/1.1" status: 200 len: 871 time: 0.0366447
2026-06-30 19:16:42.245 10 INFO neutron.wsgi [req-c8874d0c-a19d-4507-a994-e591d6d1c942 req-c68a93d4-b525-4984-82aa-b616956724fe 1a5a127c68b841edb1eefa312435172d 0959746bc49446a9ac9eff726e22eba8 - - default default] 10.0.0.200 "GET /v2.0/security-groups?id=b1dc94d0-396f-4356-a4bd-d1d259ef19f8&fields=id&fields=name HTTP/1.1" status: 200 len: 286 time: 0.0376718
2026-06-30 19:16:42.260 10 INFO neutron.wsgi [req-a547bc6a-a245-469b-802d-a232077eb4ab req-ac924be0-72f2-453d-91b2-7f18e92a5ade eff23f8a1364407d8b3a970c8fb0a198 9e87a226553f4b4a821d76fca7e776bc - - bbc4d2f7230e43ac89655b01cd30e2b7 bbc4d2f7230e43ac89655b01cd30e2b7] 199.19.213.147 "GET /v2.0/ports?network_id=b4607be1-86cb-4317-be55-422aefbf115e&device_owner=network%3Adhcp HTTP/1.1" status: 200 len: 210 time: 0.0187914
