2026-06-30 19:17:28.691 10 INFO neutron.wsgi [None req-16368eec-ce96-4e8a-89cf-118301d3573d 6d56b05daa884ec9a26d68371538b4fa 8b5a2e91b56e421daa84bcf5d91a809d - - - -] 10.0.0.232 "DELETE /v2.0/security-groups/7b561903-3026-4ef9-b400-4055d0fc4e1f HTTP/1.1" status: 204 len: 168 time: 0.1726518
2026-06-30 19:17:28.733 9 WARNING neutron.scheduler.dhcp_agent_scheduler [None req-48e7ea65-1759-4397-9902-cdd1b1594fef 262f0ce867734b0b90adc6cc91e1f668 9b9146324d774c6da78a3607381dbe18 - - - -] No more DHCP agents
2026-06-30 19:17:28.735 9 WARNING neutron.api.rpc.agentnotifiers.dhcp_rpc_agent_api [None req-48e7ea65-1759-4397-9902-cdd1b1594fef 262f0ce867734b0b90adc6cc91e1f668 9b9146324d774c6da78a3607381dbe18 - - - -] Unable to schedule network 0921e39a-e8dc-4610-9f10-ed89afd56862: no agents available; will retry on subsequent port and subnet creation events.
2026-06-30 19:17:28.820 9 INFO neutron.db.ovn_revision_numbers_db [None req-48e7ea65-1759-4397-9902-cdd1b1594fef 262f0ce867734b0b90adc6cc91e1f668 9b9146324d774c6da78a3607381dbe18 - - - -] Successfully bumped revision number for resource 97a9784e-7218-43ba-9488-b59197100acb (type: ports) to 1
2026-06-30 19:17:28.847 9 INFO neutron.wsgi [None req-48e7ea65-1759-4397-9902-cdd1b1594fef 262f0ce867734b0b90adc6cc91e1f668 9b9146324d774c6da78a3607381dbe18 - - - -] 10.0.0.232 "POST /v2.0/networks HTTP/1.1" status: 201 len: 831 time: 0.5904338
2026-06-30 19:17:29.143 9 WARNING neutron.scheduler.dhcp_agent_scheduler [None req-e8fb544b-4327-4813-aeab-3d6d02988358 262f0ce867734b0b90adc6cc91e1f668 9b9146324d774c6da78a3607381dbe18 - - - -] No more DHCP agents
2026-06-30 19:17:29.146 9 WARNING neutron.api.rpc.agentnotifiers.dhcp_rpc_agent_api [None req-e8fb544b-4327-4813-aeab-3d6d02988358 262f0ce867734b0b90adc6cc91e1f668 9b9146324d774c6da78a3607381dbe18 - - - -] Unable to schedule network 0921e39a-e8dc-4610-9f10-ed89afd56862: no agents available; will retry on subsequent port and subnet creation events.
2026-06-30 19:17:29.613 9 INFO neutron.db.ovn_revision_numbers_db [None req-e8fb544b-4327-4813-aeab-3d6d02988358 262f0ce867734b0b90adc6cc91e1f668 9b9146324d774c6da78a3607381dbe18 - - - -] Successfully bumped revision number for resource 97a9784e-7218-43ba-9488-b59197100acb (type: ports) to 2
2026-06-30 19:17:29.633 9 INFO neutron.db.ovn_revision_numbers_db [None req-e8fb544b-4327-4813-aeab-3d6d02988358 262f0ce867734b0b90adc6cc91e1f668 9b9146324d774c6da78a3607381dbe18 - - - -] Successfully bumped revision number for resource e8d304c4-1035-47a8-bc79-e955900b64f4 (type: subnets) to 0
2026-06-30 19:17:29.668 9 INFO neutron.wsgi [None req-e8fb544b-4327-4813-aeab-3d6d02988358 262f0ce867734b0b90adc6cc91e1f668 9b9146324d774c6da78a3607381dbe18 - - - -] 10.0.0.232 "POST /v2.0/subnets HTTP/1.1" status: 201 len: 801 time: 0.8170817
2026-06-30 19:17:29.831 10 INFO neutron.wsgi [-] 10.0.0.140 "GET / HTTP/1.1" status: 200 len: 246 time: 0.0028946
2026-06-30 19:17:29.834 10 INFO neutron.wsgi [-] 10.0.0.140 "GET / HTTP/1.1" status: 200 len: 246 time: 0.0020359
2026-06-30 19:17:30.050 9 WARNING neutron.scheduler.dhcp_agent_scheduler [None req-91beb97c-3a76-451f-b902-5fa4520e87e6 262f0ce867734b0b90adc6cc91e1f668 9b9146324d774c6da78a3607381dbe18 - - - -] No more DHCP agents
2026-06-30 19:17:30.054 9 WARNING neutron.api.rpc.agentnotifiers.dhcp_rpc_agent_api [None req-91beb97c-3a76-451f-b902-5fa4520e87e6 262f0ce867734b0b90adc6cc91e1f668 9b9146324d774c6da78a3607381dbe18 - - - -] Unable to schedule network 0921e39a-e8dc-4610-9f10-ed89afd56862: no agents available; will retry on subsequent port and subnet creation events.
2026-06-30 19:17:30.207 9 INFO neutron.db.ovn_revision_numbers_db [None req-91beb97c-3a76-451f-b902-5fa4520e87e6 262f0ce867734b0b90adc6cc91e1f668 9b9146324d774c6da78a3607381dbe18 - - - -] Successfully bumped revision number for resource f79b7873-3be6-4dcf-a2e6-42fced2f58f7 (type: ports) to 1
2026-06-30 19:17:30.240 9 INFO neutron.wsgi [None req-91beb97c-3a76-451f-b902-5fa4520e87e6 262f0ce867734b0b90adc6cc91e1f668 9b9146324d774c6da78a3607381dbe18 - - - -] 10.0.0.232 "POST /v2.0/ports HTTP/1.1" status: 201 len: 1149 time: 0.5658834 /var/lib/openstack/lib/python3.10/site-packages/pycadf/identifier.py:71: UserWarning: Invalid uuid: neutron. To ensure interoperability, identifiers should be a valid uuid. warnings.warn(('Invalid uuid: %s. To ensure interoperability, '
2026-06-30 19:17:30.572 9 INFO neutron.wsgi [None req-8a8df7ad-5d6b-43ea-9d39-e9c7236b145c 262f0ce867734b0b90adc6cc91e1f668 9b9146324d774c6da78a3607381dbe18 - - - -] 10.0.0.232 "DELETE /v2.0/ports/f79b7873-3be6-4dcf-a2e6-42fced2f58f7 HTTP/1.1" status: 204 len: 168 time: 0.3281488
2026-06-30 19:17:30.598 9 INFO neutron.pecan_wsgi.hooks.translation [None req-1ff7bf4d-d1fe-4c42-b832-c4f93a023930 262f0ce867734b0b90adc6cc91e1f668 9b9146324d774c6da78a3607381dbe18 - - - -] DELETE failed (client error): The resource could not be found.
2026-06-30 19:17:30.600 9 INFO neutron.wsgi [None req-1ff7bf4d-d1fe-4c42-b832-c4f93a023930 262f0ce867734b0b90adc6cc91e1f668 9b9146324d774c6da78a3607381dbe18 - - - -] 10.0.0.232 "DELETE /v2.0/ports/f79b7873-3be6-4dcf-a2e6-42fced2f58f7 HTTP/1.1" status: 404 len: 333 time: 0.0229955
2026-06-30 19:17:30.624 9 INFO neutron.pecan_wsgi.hooks.translation [None req-20c12051-400e-4085-847b-cf3b62dc9a5c 262f0ce867734b0b90adc6cc91e1f668 9b9146324d774c6da78a3607381dbe18 - - default default] GET failed (client error): The resource could not be found.
2026-06-30 19:17:30.625 9 INFO neutron.wsgi [None req-20c12051-400e-4085-847b-cf3b62dc9a5c 262f0ce867734b0b90adc6cc91e1f668 9b9146324d774c6da78a3607381dbe18 - - default default] 10.0.0.232 "GET /v2.0/ports/f79b7873-3be6-4dcf-a2e6-42fced2f58f7 HTTP/1.1" status: 404 len: 333 time: 0.0188599
2026-06-30 19:17:30.822 9 INFO neutron.wsgi [None req-964876b1-af15-4c5a-9e4d-e6e7da2eb3d3 262f0ce867734b0b90adc6cc91e1f668 9b9146324d774c6da78a3607381dbe18 - - - -] 10.0.0.232 "DELETE /v2.0/subnets/e8d304c4-1035-47a8-bc79-e955900b64f4 HTTP/1.1" status: 204 len: 168 time: 0.1920602
2026-06-30 19:17:30.942 10 INFO neutron.db.ovn_revision_numbers_db [None req-1184c991-200a-4d8e-9a76-f4c01581fc84 6d56b05daa884ec9a26d68371538b4fa 8b5a2e91b56e421daa84bcf5d91a809d - - default default] Successfully bumped revision number for resource ab0da3f0-7cd8-46bf-92eb-88e60add503b (type: security_groups) to 1
2026-06-30 19:17:30.971 10 INFO neutron.wsgi [None req-1184c991-200a-4d8e-9a76-f4c01581fc84 6d56b05daa884ec9a26d68371538b4fa 8b5a2e91b56e421daa84bcf5d91a809d - - default default] 10.0.0.232 "GET /v2.0/security-groups?tenant_id=a8ab0968c8d04e00a2f24fb050c290d4&name=default HTTP/1.1" status: 200 len: 2996 time: 0.2692013
2026-06-30 19:17:31.446 9 INFO neutron.services.segments.plugin [-] Segment c1de032d-e9a4-41e5-9bb2-2a7d01edee4a resource provider aggregate not found
2026-06-30 19:17:31.451 9 INFO neutron.services.segments.plugin [-] Segment c1de032d-e9a4-41e5-9bb2-2a7d01edee4a resource provider aggregate not found
2026-06-30 19:17:31.474 9 INFO neutron.services.segments.plugin [-] Segment c1de032d-e9a4-41e5-9bb2-2a7d01edee4a resource provider not found; error: Placement Client Error (4xx): {"errors": [{"status": 404, "title": "Not Found", "detail": "The resource could not be found.\n\n No resource provider with uuid c1de032d-e9a4-41e5-9bb2-2a7d01edee4a found for delete ", "request_id": "req-02faf994-d2ef-48fa-a5ac-1fe07c1c0819"}]}
2026-06-30 19:17:31.474 9 INFO neutron.services.segments.plugin [-] Segment c1de032d-e9a4-41e5-9bb2-2a7d01edee4a resource provider not found; error: Placement Client Error (4xx): {"errors": [{"status": 404, "title": "Not Found", "detail": "The resource could not be found.\n\n No resource provider with uuid c1de032d-e9a4-41e5-9bb2-2a7d01edee4a found for delete ", "request_id": "req-9a8b7e91-863a-415f-8161-49f902b4e5ab"}]}
2026-06-30 19:17:31.507 9 INFO neutron.wsgi [None req-6be20eb5-5ea2-49a3-9960-b0851778ed08 262f0ce867734b0b90adc6cc91e1f668 9b9146324d774c6da78a3607381dbe18 - - - -] 10.0.0.232 "DELETE /v2.0/networks/0921e39a-e8dc-4610-9f10-ed89afd56862 HTTP/1.1" status: 204 len: 168 time: 0.6803229
2026-06-30 19:17:31.526 9 INFO neutron.wsgi [None req-2100a890-2886-4d02-8dd2-7f9edd355ae4 6d56b05daa884ec9a26d68371538b4fa 8b5a2e91b56e421daa84bcf5d91a809d - - - -] 10.0.0.232 "DELETE /v2.0/security-groups/ab0da3f0-7cd8-46bf-92eb-88e60add503b HTTP/1.1" status: 204 len: 168 time: 0.5450983
2026-06-30 19:17:31.601 10 INFO neutron.db.segments_db [None req-bde7bb99-4d5b-4225-a3fd-1fb13cc63f28 262f0ce867734b0b90adc6cc91e1f668 9b9146324d774c6da78a3607381dbe18 - - - -] Added segment dfc30717-ec92-4788-87de-74c3612d0619 of type geneve for network 08429993-ba9a-481e-9af7-65bc5c490733
2026-06-30 19:17:31.728 10 INFO neutron.db.ovn_revision_numbers_db [None req-bde7bb99-4d5b-4225-a3fd-1fb13cc63f28 262f0ce867734b0b90adc6cc91e1f668 9b9146324d774c6da78a3607381dbe18 - - - -] Successfully bumped revision number for resource 08429993-ba9a-481e-9af7-65bc5c490733 (type: networks) to 1
2026-06-30 19:17:31.884 10 INFO neutron.db.ovn_revision_numbers_db [None req-7b25b686-8e93-40d8-8560-3c0845a2bd2b 6d56b05daa884ec9a26d68371538b4fa 8b5a2e91b56e421daa84bcf5d91a809d - - default default] Successfully bumped revision number for resource 108e9f74-95b3-4cc1-86b9-7d9e68195099 (type: security_groups) to 1
2026-06-30 19:17:31.906 10 INFO neutron.wsgi [None req-7b25b686-8e93-40d8-8560-3c0845a2bd2b 6d56b05daa884ec9a26d68371538b4fa 8b5a2e91b56e421daa84bcf5d91a809d - - default default] 10.0.0.232 "GET /v2.0/security-groups?tenant_id=511f239f0e054c7dbebd7d7c8bc897aa&name=default HTTP/1.1" status: 200 len: 2996 time: 0.2044930
2026-06-30 19:17:31.931 10 WARNING neutron.scheduler.dhcp_agent_scheduler [None req-bde7bb99-4d5b-4225-a3fd-1fb13cc63f28 262f0ce867734b0b90adc6cc91e1f668 9b9146324d774c6da78a3607381dbe18 - - - -] No more DHCP agents
2026-06-30 19:17:31.933 10 WARNING neutron.api.rpc.agentnotifiers.dhcp_rpc_agent_api [None req-bde7bb99-4d5b-4225-a3fd-1fb13cc63f28 262f0ce867734b0b90adc6cc91e1f668 9b9146324d774c6da78a3607381dbe18 - - - -] Unable to schedule network 08429993-ba9a-481e-9af7-65bc5c490733: no agents available; will retry on subsequent port and subnet creation events.
2026-06-30 19:17:32.001 10 INFO neutron.db.ovn_revision_numbers_db [None req-bde7bb99-4d5b-4225-a3fd-1fb13cc63f28 262f0ce867734b0b90adc6cc91e1f668 9b9146324d774c6da78a3607381dbe18 - - - -] Successfully bumped revision number for resource ae5ab992-c1d2-41f0-8ae0-f3b96b6d6ac3 (type: ports) to 1
2026-06-30 19:17:32.029 10 INFO neutron.wsgi [None req-bde7bb99-4d5b-4225-a3fd-1fb13cc63f28 262f0ce867734b0b90adc6cc91e1f668 9b9146324d774c6da78a3607381dbe18 - - - -] 10.0.0.232 "POST /v2.0/networks HTTP/1.1" status: 201 len: 830 time: 0.5165424
2026-06-30 19:17:32.146 9 INFO neutron.wsgi [None req-acbe5c1f-376e-4a84-bd65-2a0e7d981553 6d56b05daa884ec9a26d68371538b4fa 8b5a2e91b56e421daa84bcf5d91a809d - - - -] 10.0.0.232 "DELETE /v2.0/security-groups/108e9f74-95b3-4cc1-86b9-7d9e68195099 HTTP/1.1" status: 204 len: 168 time: 0.2341216
2026-06-30 19:17:32.287 9 WARNING neutron.scheduler.dhcp_agent_scheduler [None req-570a2434-d4b9-48d9-98a2-c96e547818fa 262f0ce867734b0b90adc6cc91e1f668 9b9146324d774c6da78a3607381dbe18 - - - -] No more DHCP agents
2026-06-30 19:17:32.289 9 WARNING neutron.api.rpc.agentnotifiers.dhcp_rpc_agent_api [None req-570a2434-d4b9-48d9-98a2-c96e547818fa 262f0ce867734b0b90adc6cc91e1f668 9b9146324d774c6da78a3607381dbe18 - - - -] Unable to schedule network 08429993-ba9a-481e-9af7-65bc5c490733: no agents available; will retry on subsequent port and subnet creation events.
2026-06-30 19:17:32.791 9 INFO neutron.db.ovn_revision_numbers_db [None req-570a2434-d4b9-48d9-98a2-c96e547818fa 262f0ce867734b0b90adc6cc91e1f668 9b9146324d774c6da78a3607381dbe18 - - - -] Successfully bumped revision number for resource ae5ab992-c1d2-41f0-8ae0-f3b96b6d6ac3 (type: ports) to 2
2026-06-30 19:17:32.805 9 INFO neutron.db.ovn_revision_numbers_db [None req-570a2434-d4b9-48d9-98a2-c96e547818fa 262f0ce867734b0b90adc6cc91e1f668 9b9146324d774c6da78a3607381dbe18 - - - -] Successfully bumped revision number for resource 043a394b-03f8-4c4d-963b-140034ead748 (type: subnets) to 0
2026-06-30 19:17:32.823 9 INFO neutron.wsgi [None req-570a2434-d4b9-48d9-98a2-c96e547818fa 262f0ce867734b0b90adc6cc91e1f668 9b9146324d774c6da78a3607381dbe18 - - - -] 10.0.0.232 "POST /v2.0/subnets HTTP/1.1" status: 201 len: 801 time: 0.7870300
2026-06-30 19:17:33.188 9 WARNING neutron.scheduler.dhcp_agent_scheduler [None req-014e177b-7641-492c-a283-e020a6b329f4 262f0ce867734b0b90adc6cc91e1f668 9b9146324d774c6da78a3607381dbe18 - - - -] No more DHCP agents
2026-06-30 19:17:33.190 9 WARNING neutron.api.rpc.agentnotifiers.dhcp_rpc_agent_api [None req-014e177b-7641-492c-a283-e020a6b329f4 262f0ce867734b0b90adc6cc91e1f668 9b9146324d774c6da78a3607381dbe18 - - - -] Unable to schedule network 08429993-ba9a-481e-9af7-65bc5c490733: no agents available; will retry on subsequent port and subnet creation events.
2026-06-30 19:17:33.318 9 INFO neutron.db.ovn_revision_numbers_db [None req-014e177b-7641-492c-a283-e020a6b329f4 262f0ce867734b0b90adc6cc91e1f668 9b9146324d774c6da78a3607381dbe18 - - - -] Successfully bumped revision number for resource 6040a3ec-473a-440b-9376-1dc6c48baec4 (type: ports) to 1
2026-06-30 19:17:33.339 9 INFO neutron.wsgi [None req-014e177b-7641-492c-a283-e020a6b329f4 262f0ce867734b0b90adc6cc91e1f668 9b9146324d774c6da78a3607381dbe18 - - - -] 10.0.0.232 "POST /v2.0/ports HTTP/1.1" status: 201 len: 1114 time: 0.5104766
2026-06-30 19:17:33.688 9 INFO neutron.wsgi [None req-7ef45e37-7737-475e-9f9e-504433718798 262f0ce867734b0b90adc6cc91e1f668 9b9146324d774c6da78a3607381dbe18 - - - -] 10.0.0.232 "DELETE /v2.0/ports/6040a3ec-473a-440b-9376-1dc6c48baec4 HTTP/1.1" status: 204 len: 168 time: 0.3417664
2026-06-30 19:17:33.733 9 INFO neutron.pecan_wsgi.hooks.translation [None req-8b500bbd-8ed6-4ec2-b658-f2ae23fc58e8 262f0ce867734b0b90adc6cc91e1f668 9b9146324d774c6da78a3607381dbe18 - - default default] GET failed (client error): The resource could not be found.
2026-06-30 19:17:33.735 9 INFO neutron.wsgi [None req-8b500bbd-8ed6-4ec2-b658-f2ae23fc58e8 262f0ce867734b0b90adc6cc91e1f668 9b9146324d774c6da78a3607381dbe18 - - default default] 10.0.0.232 "GET /v2.0/ports/6040a3ec-473a-440b-9376-1dc6c48baec4 HTTP/1.1" status: 404 len: 333 time: 0.0408792
2026-06-30 19:17:33.933 9 INFO neutron.db.ovn_revision_numbers_db [None req-dda6cc13-eaf9-44d8-a442-972fa952c82c 6d56b05daa884ec9a26d68371538b4fa 8b5a2e91b56e421daa84bcf5d91a809d - - default default] Successfully bumped revision number for resource 13e6bfc7-8e77-4341-be8d-0d2e1c22f4b7 (type: security_groups) to 1
2026-06-30 19:17:33.967 9 INFO neutron.wsgi [None req-dda6cc13-eaf9-44d8-a442-972fa952c82c 6d56b05daa884ec9a26d68371538b4fa 8b5a2e91b56e421daa84bcf5d91a809d - - default default] 10.0.0.232 "GET /v2.0/security-groups?tenant_id=941534a3e7514239b18f321623bfc0ef&name=default HTTP/1.1" status: 200 len: 2996 time: 0.3981538
2026-06-30 19:17:34.057 9 INFO neutron.wsgi [None req-588e8b66-20df-491a-b937-531de2f69aaf 262f0ce867734b0b90adc6cc91e1f668 9b9146324d774c6da78a3607381dbe18 - - - -] 10.0.0.232 "DELETE /v2.0/subnets/043a394b-03f8-4c4d-963b-140034ead748 HTTP/1.1" status: 204 len: 168 time: 0.3153331
2026-06-30 19:17:34.313 9 INFO neutron.wsgi [None req-6d5717e9-da6a-411f-8a9d-0400c396d291 6d56b05daa884ec9a26d68371538b4fa 8b5a2e91b56e421daa84bcf5d91a809d - - - -] 10.0.0.232 "DELETE /v2.0/security-groups/13e6bfc7-8e77-4341-be8d-0d2e1c22f4b7 HTTP/1.1" status: 204 len: 168 time: 0.3395305
2026-06-30 19:17:34.540 9 INFO neutron.services.segments.plugin [-] Segment dfc30717-ec92-4788-87de-74c3612d0619 resource provider aggregate not found
2026-06-30 19:17:34.552 9 INFO neutron.services.segments.plugin [-] Segment dfc30717-ec92-4788-87de-74c3612d0619 resource provider aggregate not found
2026-06-30 19:17:34.562 9 INFO neutron.services.segments.plugin [-] Segment dfc30717-ec92-4788-87de-74c3612d0619 resource provider not found; error: Placement Client Error (4xx): {"errors": [{"status": 404, "title": "Not Found", "detail": "The resource could not be found.\n\n No resource provider with uuid dfc30717-ec92-4788-87de-74c3612d0619 found for delete ", "request_id": "req-ed479d31-a0f3-4abb-bfe0-af51e017058f"}]}
2026-06-30 19:17:34.579 9 INFO neutron.services.segments.plugin [-] Segment dfc30717-ec92-4788-87de-74c3612d0619 resource provider not found; error: Placement Client Error (4xx): {"errors": [{"status": 404, "title": "Not Found", "detail": "The resource could not be found.\n\n No resource provider with uuid dfc30717-ec92-4788-87de-74c3612d0619 found for delete ", "request_id": "req-8f76633d-3acd-4807-8e73-3bb8ae270336"}]}
2026-06-30 19:17:34.625 9 INFO neutron.wsgi [None req-7697ba2c-d5fa-440e-b818-cc5bbae1aee6 262f0ce867734b0b90adc6cc91e1f668 9b9146324d774c6da78a3607381dbe18 - - - -] 10.0.0.232 "DELETE /v2.0/networks/08429993-ba9a-481e-9af7-65bc5c490733 HTTP/1.1" status: 204 len: 168 time: 0.5608311
2026-06-30 19:17:34.683 9 INFO neutron.db.ovn_revision_numbers_db [None req-fb462c3e-de7f-4291-8045-475acb6cdf2e 6d56b05daa884ec9a26d68371538b4fa 8b5a2e91b56e421daa84bcf5d91a809d - - default default] Successfully bumped revision number for resource 260506c2-3864-41f8-8356-0e2bc88f5d2b (type: security_groups) to 1
2026-06-30 19:17:34.701 9 INFO neutron.wsgi [None req-fb462c3e-de7f-4291-8045-475acb6cdf2e 6d56b05daa884ec9a26d68371538b4fa 8b5a2e91b56e421daa84bcf5d91a809d - - default default] 10.0.0.232 "GET /v2.0/security-groups?tenant_id=594b96d4394548ca8241efee8e434fd5&name=default HTTP/1.1" status: 200 len: 2996 time: 0.2319956
2026-06-30 19:17:34.900 9 INFO neutron.wsgi [None req-0c30e05c-25c8-443b-8e77-5dc7d004646c 6d56b05daa884ec9a26d68371538b4fa 8b5a2e91b56e421daa84bcf5d91a809d - - - -] 10.0.0.232 "DELETE /v2.0/security-groups/260506c2-3864-41f8-8356-0e2bc88f5d2b HTTP/1.1" status: 204 len: 168 time: 0.1929257
2026-06-30 19:17:34.913 10 WARNING neutron.scheduler.dhcp_agent_scheduler [None req-4eb31be1-d2ae-4e4e-9fb8-aedebb66eb25 262f0ce867734b0b90adc6cc91e1f668 9b9146324d774c6da78a3607381dbe18 - - - -] No more DHCP agents
2026-06-30 19:17:34.916 10 WARNING neutron.api.rpc.agentnotifiers.dhcp_rpc_agent_api [None req-4eb31be1-d2ae-4e4e-9fb8-aedebb66eb25 262f0ce867734b0b90adc6cc91e1f668 9b9146324d774c6da78a3607381dbe18 - - - -] Unable to schedule network 5173df2d-b192-40d1-aea5-3ba3fe7661c3: no agents available; will retry on subsequent port and subnet creation events.
2026-06-30 19:17:34.998 10 INFO neutron.db.ovn_revision_numbers_db [None req-4eb31be1-d2ae-4e4e-9fb8-aedebb66eb25 262f0ce867734b0b90adc6cc91e1f668 9b9146324d774c6da78a3607381dbe18 - - - -] Successfully bumped revision number for resource 6a5cbc67-b66b-4008-8f73-e15860035972 (type: ports) to 1
2026-06-30 19:17:35.029 10 INFO neutron.wsgi [None req-4eb31be1-d2ae-4e4e-9fb8-aedebb66eb25 262f0ce867734b0b90adc6cc91e1f668 9b9146324d774c6da78a3607381dbe18 - - - -] 10.0.0.232 "POST /v2.0/ports HTTP/1.1" status: 201 len: 974 time: 0.3960197 /var/lib/openstack/lib/python3.10/site-packages/pycadf/identifier.py:71: UserWarning: Invalid uuid: neutron. To ensure interoperability, identifiers should be a valid uuid. warnings.warn(('Invalid uuid: %s. To ensure interoperability, '
2026-06-30 19:17:35.315 10 INFO neutron.db.ovn_revision_numbers_db [None req-92c06a98-e10b-4105-b3a3-9276403f7d62 262f0ce867734b0b90adc6cc91e1f668 9b9146324d774c6da78a3607381dbe18 - - - -] Successfully bumped revision number for resource 6a5cbc67-b66b-4008-8f73-e15860035972 (type: ports) to 2
2026-06-30 19:17:35.328 10 INFO neutron.wsgi [None req-92c06a98-e10b-4105-b3a3-9276403f7d62 262f0ce867734b0b90adc6cc91e1f668 9b9146324d774c6da78a3607381dbe18 - - - -] 10.0.0.232 "PUT /v2.0/ports/6a5cbc67-b66b-4008-8f73-e15860035972 HTTP/1.1" status: 200 len: 946 time: 0.2932205 /var/lib/openstack/lib/python3.10/site-packages/pycadf/identifier.py:71: UserWarning: Invalid uuid: neutron. To ensure interoperability, identifiers should be a valid uuid. warnings.warn(('Invalid uuid: %s. To ensure interoperability, '
2026-06-30 19:17:35.903 10 INFO neutron.wsgi [None req-659411a1-0d4e-40f8-87b8-74f9ced77387 262f0ce867734b0b90adc6cc91e1f668 9b9146324d774c6da78a3607381dbe18 - - - -] 10.0.0.232 "DELETE /v2.0/ports/6a5cbc67-b66b-4008-8f73-e15860035972 HTTP/1.1" status: 204 len: 168 time: 0.5702429
2026-06-30 19:17:35.997 10 INFO neutron.wsgi [None req-9b3d0237-cfe9-4b0e-8f8f-fb275404f36f 262f0ce867734b0b90adc6cc91e1f668 9b9146324d774c6da78a3607381dbe18 - - default default] 10.0.0.232 "GET /v2.0/ports HTTP/1.1" status: 200 len: 1729 time: 0.0884192
2026-06-30 19:17:36.031 10 INFO neutron.pecan_wsgi.hooks.translation [None req-fcebffa4-0145-4f76-8a9f-3074fff16e14 262f0ce867734b0b90adc6cc91e1f668 9b9146324d774c6da78a3607381dbe18 - - default default] GET failed (client error): The resource could not be found.
2026-06-30 19:17:36.032 10 INFO neutron.wsgi [None req-fcebffa4-0145-4f76-8a9f-3074fff16e14 262f0ce867734b0b90adc6cc91e1f668 9b9146324d774c6da78a3607381dbe18 - - default default] 10.0.0.232 "GET /v2.0/ports/6a5cbc67-b66b-4008-8f73-e15860035972 HTTP/1.1" status: 404 len: 333 time: 0.0302114
2026-06-30 19:17:36.075 10 INFO neutron.wsgi [None req-0862e9e6-66df-43f7-8ab4-e49f67a2b4d7 262f0ce867734b0b90adc6cc91e1f668 9b9146324d774c6da78a3607381dbe18 - - default default] 10.0.0.232 "GET /v2.0/ports HTTP/1.1" status: 200 len: 1729 time: 0.0359826
2026-06-30 19:17:36.132 10 INFO neutron.wsgi [None req-becabf3b-d705-4c5e-b127-a553c7556a6f 262f0ce867734b0b90adc6cc91e1f668 9b9146324d774c6da78a3607381dbe18 - - default default] 10.0.0.232 "GET /v2.0/ports/38a98772-736d-480d-bab2-6ad9e741960f HTTP/1.1" status: 200 len: 969 time: 0.0455596
2026-06-30 19:17:36.157 10 INFO neutron.pecan_wsgi.hooks.translation [None req-8273aa7d-0d4b-4dde-aa33-1ccce5efb38d 262f0ce867734b0b90adc6cc91e1f668 9b9146324d774c6da78a3607381dbe18 - - - -] DELETE failed (client error): The resource could not be found.
2026-06-30 19:17:36.159 10 INFO neutron.wsgi [None req-8273aa7d-0d4b-4dde-aa33-1ccce5efb38d 262f0ce867734b0b90adc6cc91e1f668 9b9146324d774c6da78a3607381dbe18 - - - -] 10.0.0.232 "DELETE /v2.0/ports/6040a3ec-473a-440b-9376-1dc6c48baec4 HTTP/1.1" status: 404 len: 333 time: 0.0186958
2026-06-30 19:17:36.184 10 INFO neutron.pecan_wsgi.hooks.translation [None req-c2e9ba6e-3dec-498e-80f4-7c364fee0ce4 262f0ce867734b0b90adc6cc91e1f668 9b9146324d774c6da78a3607381dbe18 - - - -] DELETE failed (client error): The resource could not be found.
2026-06-30 19:17:36.186 10 INFO neutron.wsgi [None req-c2e9ba6e-3dec-498e-80f4-7c364fee0ce4 262f0ce867734b0b90adc6cc91e1f668 9b9146324d774c6da78a3607381dbe18 - - - -] 10.0.0.232 "DELETE /v2.0/subnets/043a394b-03f8-4c4d-963b-140034ead748 HTTP/1.1" status: 404 len: 337 time: 0.0214958
2026-06-30 19:17:36.222 9 INFO neutron.pecan_wsgi.hooks.translation [None req-8e970ce3-eaf5-4d2c-856e-9803e560ff89 262f0ce867734b0b90adc6cc91e1f668 9b9146324d774c6da78a3607381dbe18 - - - -] DELETE failed (client error): The resource could not be found.
2026-06-30 19:17:36.224 9 INFO neutron.wsgi [None req-8e970ce3-eaf5-4d2c-856e-9803e560ff89 262f0ce867734b0b90adc6cc91e1f668 9b9146324d774c6da78a3607381dbe18 - - - -] 10.0.0.232 "DELETE /v2.0/subnets/e8d304c4-1035-47a8-bc79-e955900b64f4 HTTP/1.1" status: 404 len: 337 time: 0.0316219
2026-06-30 19:17:36.542 9 INFO neutron.wsgi [None req-291060ee-4132-45bc-8101-3ef016cfbc7a 262f0ce867734b0b90adc6cc91e1f668 9b9146324d774c6da78a3607381dbe18 - - - -] 10.0.0.232 "DELETE /v2.0/ports/38a98772-736d-480d-bab2-6ad9e741960f HTTP/1.1" status: 204 len: 168 time: 0.3120794
2026-06-30 19:17:36.779 9 INFO neutron.db.ovn_revision_numbers_db [None req-4ed28f21-14cd-4774-afdd-aa827e038aec 6d56b05daa884ec9a26d68371538b4fa 8b5a2e91b56e421daa84bcf5d91a809d - - default default] Successfully bumped revision number for resource c5edda4f-0a07-48a2-982c-5ed55a058a20 (type: security_groups) to 1
2026-06-30 19:17:36.807 9 INFO neutron.wsgi [None req-4ed28f21-14cd-4774-afdd-aa827e038aec 6d56b05daa884ec9a26d68371538b4fa 8b5a2e91b56e421daa84bcf5d91a809d - - default default] 10.0.0.232 "GET /v2.0/security-groups?tenant_id=3df24ee329c94d0586aa6f1ed21fb2ce&name=default HTTP/1.1" status: 200 len: 2996 time: 0.3874614
2026-06-30 19:17:36.932 9 INFO neutron.services.segments.plugin [-] Segment 66ecd2d4-4aac-49b6-b46c-40a37b524a92 resource provider aggregate not found
2026-06-30 19:17:36.936 9 INFO neutron.services.segments.plugin [-] Segment 66ecd2d4-4aac-49b6-b46c-40a37b524a92 resource provider aggregate not found
2026-06-30 19:17:36.953 9 INFO neutron.services.segments.plugin [-] Segment 66ecd2d4-4aac-49b6-b46c-40a37b524a92 resource provider not found; error: Placement Client Error (4xx): {"errors": [{"status": 404, "title": "Not Found", "detail": "The resource could not be found.\n\n No resource provider with uuid 66ecd2d4-4aac-49b6-b46c-40a37b524a92 found for delete ", "request_id": "req-e204faea-ee51-471d-9999-77764c1122fb"}]}
2026-06-30 19:17:36.957 9 INFO neutron.services.segments.plugin [-] Segment 66ecd2d4-4aac-49b6-b46c-40a37b524a92 resource provider not found; error: Placement Client Error (4xx): {"errors": [{"status": 404, "title": "Not Found", "detail": "The resource could not be found.\n\n No resource provider with uuid 66ecd2d4-4aac-49b6-b46c-40a37b524a92 found for delete ", "request_id": "req-d86c78ce-b887-4e85-b778-2294945b2dd7"}]}
2026-06-30 19:17:36.996 9 INFO neutron.wsgi [None req-32dbb267-748f-4fae-bb7c-7b7da174e687 262f0ce867734b0b90adc6cc91e1f668 9b9146324d774c6da78a3607381dbe18 - - - -] 10.0.0.232 "DELETE /v2.0/networks/5173df2d-b192-40d1-aea5-3ba3fe7661c3 HTTP/1.1" status: 204 len: 168 time: 0.4501305
2026-06-30 19:17:37.100 9 INFO neutron.wsgi [None req-f695eac5-c3f1-4676-9cfd-c85b4e8c4bf4 6d56b05daa884ec9a26d68371538b4fa 8b5a2e91b56e421daa84bcf5d91a809d - - - -] 10.0.0.232 "DELETE /v2.0/security-groups/c5edda4f-0a07-48a2-982c-5ed55a058a20 HTTP/1.1" status: 204 len: 168 time: 0.2873979
2026-06-30 19:17:37.304 9 INFO neutron.db.ovn_revision_numbers_db [None req-d5443f52-0a6c-4f51-ab60-e520ec0d88b3 6d56b05daa884ec9a26d68371538b4fa 8b5a2e91b56e421daa84bcf5d91a809d - - default default] Successfully bumped revision number for resource afe9d624-79f5-47d9-b4cd-7de33d4e43e2 (type: security_groups) to 1
2026-06-30 19:17:37.328 9 INFO neutron.wsgi [None req-d5443f52-0a6c-4f51-ab60-e520ec0d88b3 6d56b05daa884ec9a26d68371538b4fa 8b5a2e91b56e421daa84bcf5d91a809d - - default default] 10.0.0.232 "GET /v2.0/security-groups?tenant_id=6a92d1e2d01049ffa4b1afa616b27c41&name=default HTTP/1.1" status: 200 len: 2996 time: 0.1106665
2026-06-30 19:17:37.545 9 INFO neutron.wsgi [None req-844a3f6f-867a-4f6c-b517-f4413c6e429a 6d56b05daa884ec9a26d68371538b4fa 8b5a2e91b56e421daa84bcf5d91a809d - - - -] 10.0.0.232 "DELETE /v2.0/security-groups/afe9d624-79f5-47d9-b4cd-7de33d4e43e2 HTTP/1.1" status: 204 len: 168 time: 0.2112029
2026-06-30 19:17:37.841 9 INFO neutron.wsgi [None req-2a147f9f-bc03-44b1-a1e0-573281ca7e88 6d56b05daa884ec9a26d68371538b4fa 8b5a2e91b56e421daa84bcf5d91a809d - - default default] 10.0.0.232 "GET /v2.0/security-groups?tenant_id=9b9146324d774c6da78a3607381dbe18&name=default HTTP/1.1" status: 200 len: 2996 time: 0.2169123
2026-06-30 19:17:38.071 9 INFO neutron.wsgi [None req-79e943d9-02c7-4d51-a668-c017b6b16722 6d56b05daa884ec9a26d68371538b4fa 8b5a2e91b56e421daa84bcf5d91a809d - - - -] 10.0.0.232 "DELETE /v2.0/security-groups/4a40707b-2eed-43b4-8a5b-6532c835e81b HTTP/1.1" status: 204 len: 168 time: 0.2253408
2026-06-30 19:17:40.462 9 INFO neutron.db.ovn_revision_numbers_db [None req-2e61b124-1658-4d7c-9f4d-cdf46bbc6515 5ac1e76dde8f4b6aa334c4ead952c46a 9ab14b6e19f64820b35ea72a44fda439 - - - -] Successfully bumped revision number for resource 6ff6ce1d-89af-45cf-bc6e-ca9f2a77751b (type: security_groups) to 1
2026-06-30 19:17:40.512 9 INFO neutron.db.segments_db [None req-2e61b124-1658-4d7c-9f4d-cdf46bbc6515 5ac1e76dde8f4b6aa334c4ead952c46a 9ab14b6e19f64820b35ea72a44fda439 - - - -] Added segment 7112df2a-e932-405f-a484-7e617c98df71 of type geneve for network c4e425f8-e0da-4443-987e-0f96cf788e55
2026-06-30 19:17:40.626 9 INFO neutron.db.ovn_revision_numbers_db [None req-2e61b124-1658-4d7c-9f4d-cdf46bbc6515 5ac1e76dde8f4b6aa334c4ead952c46a 9ab14b6e19f64820b35ea72a44fda439 - - - -] Successfully bumped revision number for resource c4e425f8-e0da-4443-987e-0f96cf788e55 (type: networks) to 1
2026-06-30 19:17:40.817 9 WARNING neutron.scheduler.dhcp_agent_scheduler [None req-2e61b124-1658-4d7c-9f4d-cdf46bbc6515 5ac1e76dde8f4b6aa334c4ead952c46a 9ab14b6e19f64820b35ea72a44fda439 - - - -] No more DHCP agents
2026-06-30 19:17:40.820 9 WARNING neutron.api.rpc.agentnotifiers.dhcp_rpc_agent_api [None req-2e61b124-1658-4d7c-9f4d-cdf46bbc6515 5ac1e76dde8f4b6aa334c4ead952c46a 9ab14b6e19f64820b35ea72a44fda439 - - - -] Unable to schedule network c4e425f8-e0da-4443-987e-0f96cf788e55: no agents available; will retry on subsequent port and subnet creation events.
2026-06-30 19:17:40.892 9 INFO neutron.db.ovn_revision_numbers_db [None req-2e61b124-1658-4d7c-9f4d-cdf46bbc6515 5ac1e76dde8f4b6aa334c4ead952c46a 9ab14b6e19f64820b35ea72a44fda439 - - - -] Successfully bumped revision number for resource 20b0eea4-abc0-4ade-9bad-d196303c0e12 (type: ports) to 1
2026-06-30 19:17:40.919 9 INFO neutron.wsgi [None req-2e61b124-1658-4d7c-9f4d-cdf46bbc6515 5ac1e76dde8f4b6aa334c4ead952c46a 9ab14b6e19f64820b35ea72a44fda439 - - - -] 10.0.0.232 "POST /v2.0/networks HTTP/1.1" status: 201 len: 828 time: 0.9720831
2026-06-30 19:17:41.022 9 INFO neutron.db.segments_db [None req-e0c3d12a-6ca9-4e99-a567-deb651be49ca 5ac1e76dde8f4b6aa334c4ead952c46a 9ab14b6e19f64820b35ea72a44fda439 - - - -] Added segment 4452a010-6a61-4118-9c31-5f1162588e26 of type geneve for network 8f06fdd2-269a-4e29-810f-774c195c1195
2026-06-30 19:17:41.188 10 INFO neutron.wsgi [req-c448539e-cb92-4a32-a5d3-2e1fb50d40a8 req-39f7c93e-1ada-48af-beac-c5ee0df700c9 98f52078c5a24a76b36098c43a733f50 41184ea4467f4ed0901aa3a5e8569f74 - - default default] 10.0.0.200 "GET /v2.0/ports?device_id=bf3301f0-d27c-49ba-9772-11116e1b90bd HTTP/1.1" status: 200 len: 1210 time: 0.1148570
2026-06-30 19:17:41.206 9 INFO neutron.db.ovn_revision_numbers_db [None req-e0c3d12a-6ca9-4e99-a567-deb651be49ca 5ac1e76dde8f4b6aa334c4ead952c46a 9ab14b6e19f64820b35ea72a44fda439 - - - -] Successfully bumped revision number for resource 8f06fdd2-269a-4e29-810f-774c195c1195 (type: networks) to 1
2026-06-30 19:17:41.246 10 INFO neutron.wsgi [req-c448539e-cb92-4a32-a5d3-2e1fb50d40a8 req-0a737293-446a-457d-a849-3fdf8babdb5b 98f52078c5a24a76b36098c43a733f50 41184ea4467f4ed0901aa3a5e8569f74 - - default default] 10.0.0.200 "GET /v2.0/security-groups?id=4cd822d1-a671-4084-a0e5-af2206927fbc&id=c0b5db15-3686-4c51-93bd-50b31931d9f0&fields=id&fields=name HTTP/1.1" status: 200 len: 405 time: 0.0505574
2026-06-30 19:17:41.372 10 INFO neutron.db.ovn_revision_numbers_db [None req-3908c585-1ef8-4687-916f-df2c982450d8 6d56b05daa884ec9a26d68371538b4fa 8b5a2e91b56e421daa84bcf5d91a809d - - default default] Successfully bumped revision number for resource ea538e13-f811-4943-82ad-5f3695b55df1 (type: security_groups) to 1
2026-06-30 19:17:41.393 9 WARNING neutron.scheduler.dhcp_agent_scheduler [None req-e0c3d12a-6ca9-4e99-a567-deb651be49ca 5ac1e76dde8f4b6aa334c4ead952c46a 9ab14b6e19f64820b35ea72a44fda439 - - - -] No more DHCP agents
2026-06-30 19:17:41.395 9 WARNING neutron.api.rpc.agentnotifiers.dhcp_rpc_agent_api [None req-e0c3d12a-6ca9-4e99-a567-deb651be49ca 5ac1e76dde8f4b6aa334c4ead952c46a 9ab14b6e19f64820b35ea72a44fda439 - - - -] Unable to schedule network 8f06fdd2-269a-4e29-810f-774c195c1195: no agents available; will retry on subsequent port and subnet creation events.
2026-06-30 19:17:41.397 10 INFO neutron.wsgi [None req-3908c585-1ef8-4687-916f-df2c982450d8 6d56b05daa884ec9a26d68371538b4fa 8b5a2e91b56e421daa84bcf5d91a809d - - default default] 10.0.0.232 "GET /v2.0/security-groups?tenant_id=2c847270eb67495299f94e9d4191a09f&name=default HTTP/1.1" status: 200 len: 2996 time: 0.3378627
2026-06-30 19:17:41.465 9 INFO neutron.wsgi [None req-87d0c882-2b03-4389-bf85-77edc9d4ce54 98d12709676348faab51a96b5ef7906a 0135c9b5671547cda505693b3416d6ae - - default default] 10.0.0.232 "GET /v2.0/ports?device_id=bf3301f0-d27c-49ba-9772-11116e1b90bd HTTP/1.1" status: 200 len: 1395 time: 0.1864252
2026-06-30 19:17:41.533 9 INFO neutron.wsgi [None req-78e28d94-8412-44a7-8047-1a6f417e31f9 98f52078c5a24a76b36098c43a733f50 41184ea4467f4ed0901aa3a5e8569f74 - - default default] 10.0.0.232 "GET /v2.0/floatingips?floating_network_id=563a5903-99d9-4944-b883-d819166e5307&port_id=ebb71884-2f5b-4389-b38c-191a7f086dfb HTTP/1.1" status: 200 len: 1054 time: 0.0640907
2026-06-30 19:17:41.537 9 INFO neutron.db.ovn_revision_numbers_db [None req-e0c3d12a-6ca9-4e99-a567-deb651be49ca 5ac1e76dde8f4b6aa334c4ead952c46a 9ab14b6e19f64820b35ea72a44fda439 - - - -] Successfully bumped revision number for resource d3850a8c-759b-4562-8af1-db3c2916286d (type: ports) to 1
2026-06-30 19:17:41.560 9 INFO neutron.wsgi [None req-e0c3d12a-6ca9-4e99-a567-deb651be49ca 5ac1e76dde8f4b6aa334c4ead952c46a 9ab14b6e19f64820b35ea72a44fda439 - - - -] 10.0.0.232 "POST /v2.0/networks HTTP/1.1" status: 201 len: 828 time: 0.6346695
2026-06-30 19:17:41.623 10 INFO neutron.wsgi [None req-153769c2-d33b-43b2-8c04-3746a5acc892 6d56b05daa884ec9a26d68371538b4fa 8b5a2e91b56e421daa84bcf5d91a809d - - - -] 10.0.0.232 "DELETE /v2.0/security-groups/ea538e13-f811-4943-82ad-5f3695b55df1 HTTP/1.1" status: 204 len: 168 time: 0.2201829
2026-06-30 19:17:41.825 10 INFO neutron.wsgi [req-c318bba1-1aee-4517-a024-4dcd0b878bc5 req-084287bf-38d4-4eec-aae7-29482ea1c523 eff23f8a1364407d8b3a970c8fb0a198 9e87a226553f4b4a821d76fca7e776bc - - bbc4d2f7230e43ac89655b01cd30e2b7 bbc4d2f7230e43ac89655b01cd30e2b7] 10.0.0.89 "GET /v2.0/ports?device_id=bf3301f0-d27c-49ba-9772-11116e1b90bd HTTP/1.1" status: 200 len: 1400 time: 0.0462036
2026-06-30 19:17:41.895 10 INFO neutron.wsgi [req-c318bba1-1aee-4517-a024-4dcd0b878bc5 req-6b7a5112-92cf-4820-861e-cd20388a5566 eff23f8a1364407d8b3a970c8fb0a198 9e87a226553f4b4a821d76fca7e776bc - - bbc4d2f7230e43ac89655b01cd30e2b7 bbc4d2f7230e43ac89655b01cd30e2b7] 10.0.0.89 "GET /v2.0/security-groups?id=c0b5db15-3686-4c51-93bd-50b31931d9f0&id=4cd822d1-a671-4084-a0e5-af2206927fbc&fields=id&fields=name HTTP/1.1" status: 200 len: 405 time: 0.0602083
2026-06-30 19:17:41.956 10 INFO neutron.db.ovn_revision_numbers_db [None req-10a9ba7e-22ea-46e6-8dfd-353a204f2b79 6d56b05daa884ec9a26d68371538b4fa 8b5a2e91b56e421daa84bcf5d91a809d - - default default] Successfully bumped revision number for resource fdbf2224-3f12-4963-8ed8-5993a5d1dc11 (type: security_groups) to 1
2026-06-30 19:17:41.990 10 INFO neutron.wsgi [None req-10a9ba7e-22ea-46e6-8dfd-353a204f2b79 6d56b05daa884ec9a26d68371538b4fa 8b5a2e91b56e421daa84bcf5d91a809d - - default default] 10.0.0.232 "GET /v2.0/security-groups?tenant_id=6a74b59d58ed4defbd7ff6b5b4a22b79&name=default HTTP/1.1" status: 200 len: 2996 time: 0.1985381
2026-06-30 19:17:42.206 9 WARNING neutron.scheduler.dhcp_agent_scheduler [None req-5a45a55c-a64c-43d3-aa52-3f7a891b4d1a 5ac1e76dde8f4b6aa334c4ead952c46a 9ab14b6e19f64820b35ea72a44fda439 - - - -] No more DHCP agents
2026-06-30 19:17:42.210 9 WARNING neutron.api.rpc.agentnotifiers.dhcp_rpc_agent_api [None req-5a45a55c-a64c-43d3-aa52-3f7a891b4d1a 5ac1e76dde8f4b6aa334c4ead952c46a 9ab14b6e19f64820b35ea72a44fda439 - - - -] Unable to schedule network c4e425f8-e0da-4443-987e-0f96cf788e55: no agents available; will retry on subsequent port and subnet creation events.
2026-06-30 19:17:42.233 10 INFO neutron.wsgi [None req-6a9d7c08-8e8f-4a15-9049-3d90f56c6d8e 6d56b05daa884ec9a26d68371538b4fa 8b5a2e91b56e421daa84bcf5d91a809d - - - -] 10.0.0.232 "DELETE /v2.0/security-groups/fdbf2224-3f12-4963-8ed8-5993a5d1dc11 HTTP/1.1" status: 204 len: 168 time: 0.2353177
2026-06-30 19:17:42.672 9 INFO neutron.db.ovn_revision_numbers_db [None req-5a45a55c-a64c-43d3-aa52-3f7a891b4d1a 5ac1e76dde8f4b6aa334c4ead952c46a 9ab14b6e19f64820b35ea72a44fda439 - - - -] Successfully bumped revision number for resource 20b0eea4-abc0-4ade-9bad-d196303c0e12 (type: ports) to 2
2026-06-30 19:17:42.691 9 INFO neutron.db.ovn_revision_numbers_db [None req-5a45a55c-a64c-43d3-aa52-3f7a891b4d1a 5ac1e76dde8f4b6aa334c4ead952c46a 9ab14b6e19f64820b35ea72a44fda439 - - - -] Successfully bumped revision number for resource aebe048c-a4a7-4eeb-ade6-ae9882e1d16c (type: subnets) to 0
2026-06-30 19:17:42.708 9 INFO neutron.wsgi [None req-5a45a55c-a64c-43d3-aa52-3f7a891b4d1a 5ac1e76dde8f4b6aa334c4ead952c46a 9ab14b6e19f64820b35ea72a44fda439 - - - -] 10.0.0.232 "POST /v2.0/subnets HTTP/1.1" status: 201 len: 801 time: 1.1429136
2026-06-30 19:17:42.979 9 WARNING neutron.scheduler.dhcp_agent_scheduler [None req-0ac68387-0240-4403-8d7c-df817ec05e2b 5ac1e76dde8f4b6aa334c4ead952c46a 9ab14b6e19f64820b35ea72a44fda439 - - - -] No more DHCP agents
2026-06-30 19:17:42.981 9 WARNING neutron.api.rpc.agentnotifiers.dhcp_rpc_agent_api [None req-0ac68387-0240-4403-8d7c-df817ec05e2b 5ac1e76dde8f4b6aa334c4ead952c46a 9ab14b6e19f64820b35ea72a44fda439 - - - -] Unable to schedule network 8f06fdd2-269a-4e29-810f-774c195c1195: no agents available; will retry on subsequent port and subnet creation events.
2026-06-30 19:17:43.492 9 INFO neutron.db.ovn_revision_numbers_db [None req-0ac68387-0240-4403-8d7c-df817ec05e2b 5ac1e76dde8f4b6aa334c4ead952c46a 9ab14b6e19f64820b35ea72a44fda439 - - - -] Successfully bumped revision number for resource d3850a8c-759b-4562-8af1-db3c2916286d (type: ports) to 2
2026-06-30 19:17:43.512 9 INFO neutron.db.ovn_revision_numbers_db [None req-0ac68387-0240-4403-8d7c-df817ec05e2b 5ac1e76dde8f4b6aa334c4ead952c46a 9ab14b6e19f64820b35ea72a44fda439 - - - -] Successfully bumped revision number for resource 8df928f1-2aa3-4be0-9f7d-43d5becf6bfe (type: subnets) to 0
2026-06-30 19:17:43.531 9 INFO neutron.wsgi [None req-0ac68387-0240-4403-8d7c-df817ec05e2b 5ac1e76dde8f4b6aa334c4ead952c46a 9ab14b6e19f64820b35ea72a44fda439 - - - -] 10.0.0.232 "POST /v2.0/subnets HTTP/1.1" status: 201 len: 801 time: 0.8166497
2026-06-30 19:17:43.782 9 INFO neutron.db.ovn_revision_numbers_db [None req-749d6e56-3a73-4e4e-be62-6de33913ff7e 5ac1e76dde8f4b6aa334c4ead952c46a 9ab14b6e19f64820b35ea72a44fda439 - - - -] Successfully bumped revision number for resource 7c7b2b04-38c7-4dd8-b3f2-c06128ab7d7a (type: routers) to 1
2026-06-30 19:17:43.808 9 INFO neutron.wsgi [None req-749d6e56-3a73-4e4e-be62-6de33913ff7e 5ac1e76dde8f4b6aa334c4ead952c46a 9ab14b6e19f64820b35ea72a44fda439 - - - -] 10.0.0.232 "POST /v2.0/routers HTTP/1.1" status: 201 len: 687 time: 0.2710004
2026-06-30 19:17:44.077 10 INFO neutron.wsgi [req-a0934f45-4a44-4347-a16a-f6c6118ac9af req-59e9199d-583a-4e4a-9b17-6e979fac9a52 98f52078c5a24a76b36098c43a733f50 41184ea4467f4ed0901aa3a5e8569f74 - - default default] 10.0.0.200 "GET /v2.0/ports?device_id=bf3301f0-d27c-49ba-9772-11116e1b90bd HTTP/1.1" status: 200 len: 1210 time: 0.0667298
2026-06-30 19:17:44.080 10 INFO neutron.plugins.ml2.drivers.ovn.mech_driver.mech_driver [None req-288fa77a-60d8-48bf-b78e-43ba747f83cf - - - - - -] OVN reports status down for port: ebb71884-2f5b-4389-b38c-191a7f086dfb
2026-06-30 19:17:44.186 10 INFO neutron.wsgi [req-a0934f45-4a44-4347-a16a-f6c6118ac9af req-068dea76-951e-4563-b1a5-ed2c5eea4f53 98f52078c5a24a76b36098c43a733f50 41184ea4467f4ed0901aa3a5e8569f74 - - default default] 10.0.0.200 "GET /v2.0/security-groups?id=4cd822d1-a671-4084-a0e5-af2206927fbc&id=c0b5db15-3686-4c51-93bd-50b31931d9f0&fields=id&fields=name HTTP/1.1" status: 200 len: 405 time: 0.1030343
2026-06-30 19:17:44.313 10 INFO neutron.notifiers.nova [-] Nova event matching ['req-a34f0564-a1e9-43da-a3ec-3ebb2eea5d01'] response: {'server_uuid': 'bf3301f0-d27c-49ba-9772-11116e1b90bd', 'name': 'network-vif-unplugged', 'status': 'completed', 'tag': 'ebb71884-2f5b-4389-b38c-191a7f086dfb', 'code': 200}
2026-06-30 19:17:44.421 9 WARNING neutron.scheduler.dhcp_agent_scheduler [None req-3fb5b7f9-a10f-446a-a247-370d0e114067 5ac1e76dde8f4b6aa334c4ead952c46a 9ab14b6e19f64820b35ea72a44fda439 - - default default] No more DHCP agents
2026-06-30 19:17:44.423 9 WARNING neutron.api.rpc.agentnotifiers.dhcp_rpc_agent_api [None req-3fb5b7f9-a10f-446a-a247-370d0e114067 5ac1e76dde8f4b6aa334c4ead952c46a 9ab14b6e19f64820b35ea72a44fda439 - - default default] Unable to schedule network c4e425f8-e0da-4443-987e-0f96cf788e55: no agents available; will retry on subsequent port and subnet creation events.
2026-06-30 19:17:44.424 10 INFO neutron.wsgi [req-995b325e-440b-44ad-9f31-1f68b8f0089d req-7543d492-0cc7-4ff2-ad48-8056e5a2ea3a 98f52078c5a24a76b36098c43a733f50 41184ea4467f4ed0901aa3a5e8569f74 - - default default] 199.19.213.147 "GET /v2.0/ports?device_id=bf3301f0-d27c-49ba-9772-11116e1b90bd HTTP/1.1" status: 200 len: 1208 time: 0.0543218
2026-06-30 19:17:44.490 10 INFO neutron.db.ovn_revision_numbers_db [None req-288fa77a-60d8-48bf-b78e-43ba747f83cf - - - - - -] Successfully bumped revision number for resource ebb71884-2f5b-4389-b38c-191a7f086dfb (type: ports) to 5
2026-06-30 19:17:44.555 10 INFO neutron.db.ovn_revision_numbers_db [None req-690f8551-70d9-4656-ab56-11cbf5746f2d 6d56b05daa884ec9a26d68371538b4fa 8b5a2e91b56e421daa84bcf5d91a809d - - default default] Successfully bumped revision number for resource a03fe1fe-ca6b-400e-bb54-50c4c21139c0 (type: security_groups) to 1
2026-06-30 19:17:44.604 9 INFO neutron.db.ovn_revision_numbers_db [None req-3fb5b7f9-a10f-446a-a247-370d0e114067 5ac1e76dde8f4b6aa334c4ead952c46a 9ab14b6e19f64820b35ea72a44fda439 - - default default] Successfully bumped revision number for resource 0ff0bced-3725-4807-904d-7e0b8613dd13 (type: ports) to 1
2026-06-30 19:17:44.609 10 INFO neutron.wsgi [None req-690f8551-70d9-4656-ab56-11cbf5746f2d 6d56b05daa884ec9a26d68371538b4fa 8b5a2e91b56e421daa84bcf5d91a809d - - default default] 10.0.0.232 "GET /v2.0/security-groups?tenant_id=82fee295d91740039b8b670755fd0af0&name=default HTTP/1.1" status: 200 len: 2996 time: 0.6778710 /var/lib/openstack/lib/python3.10/site-packages/pycadf/identifier.py:71: UserWarning: Invalid uuid: neutron. To ensure interoperability, identifiers should be a valid uuid. warnings.warn(('Invalid uuid: %s. To ensure interoperability, '
2026-06-30 19:17:44.674 9 INFO neutron.db.ovn_revision_numbers_db [None req-500407db-ead4-475b-af5d-743f9777126c c22aaf27f60b4d5fa53bc4884d818ff0 8d2c807004c04f4bb5805cadd68af47b - - - -] Successfully bumped revision number for resource 7bd24e44-1d98-4fde-baa8-fd516793a883 (type: security_groups) to 1
2026-06-30 19:17:44.738 9 INFO neutron.db.segments_db [None req-500407db-ead4-475b-af5d-743f9777126c c22aaf27f60b4d5fa53bc4884d818ff0 8d2c807004c04f4bb5805cadd68af47b - - - -] Added segment 68a6662e-25eb-40d3-af6f-d5660bfc6c5a of type geneve for network b7a69231-8609-4492-8370-2fc7f1608433
2026-06-30 19:17:44.832 9 INFO neutron.wsgi [-] 10.0.0.140 "GET / HTTP/1.1" status: 200 len: 246 time: 0.0012448
2026-06-30 19:17:44.834 9 INFO neutron.wsgi [-] 10.0.0.140 "GET / HTTP/1.1" status: 200 len: 246 time: 0.0008540
2026-06-30 19:17:44.846 10 INFO neutron.db.l3_db [None req-4716210f-6f49-4508-94dc-d595ebe09f72 98f52078c5a24a76b36098c43a733f50 41184ea4467f4ed0901aa3a5e8569f74 - - - -] Floating IP b9ca6757-4339-4ad3-a88a-ef716d08e15f disassociated. External IP: 10.96.250.207, port: ebb71884-2f5b-4389-b38c-191a7f086dfb.
2026-06-30 19:17:45.000 10 INFO neutron.wsgi [None req-871a75cf-5c27-4198-9789-4b5019290596 6d56b05daa884ec9a26d68371538b4fa 8b5a2e91b56e421daa84bcf5d91a809d - - - -] 10.0.0.232 "DELETE /v2.0/security-groups/a03fe1fe-ca6b-400e-bb54-50c4c21139c0 HTTP/1.1" status: 204 len: 168 time: 0.3813436
2026-06-30 19:17:45.112 10 INFO neutron.wsgi [None req-4716210f-6f49-4508-94dc-d595ebe09f72 98f52078c5a24a76b36098c43a733f50 41184ea4467f4ed0901aa3a5e8569f74 - - - -] 199.19.213.147 "DELETE /v2.0/ports/ebb71884-2f5b-4389-b38c-191a7f086dfb HTTP/1.1" status: 204 len: 173 time: 0.6800740 /var/lib/openstack/lib/python3.10/site-packages/pycadf/identifier.py:71: UserWarning: Invalid uuid: neutron. To ensure interoperability, identifiers should be a valid uuid. warnings.warn(('Invalid uuid: %s. To ensure interoperability, '
2026-06-30 19:17:45.132 9 INFO neutron.db.ovn_revision_numbers_db [None req-500407db-ead4-475b-af5d-743f9777126c c22aaf27f60b4d5fa53bc4884d818ff0 8d2c807004c04f4bb5805cadd68af47b - - - -] Successfully bumped revision number for resource b7a69231-8609-4492-8370-2fc7f1608433 (type: networks) to 1
2026-06-30 19:17:45.232 10 INFO neutron.db.ovn_revision_numbers_db [None req-ce23538f-8c1c-4d62-985c-19a17ea76223 6d56b05daa884ec9a26d68371538b4fa 8b5a2e91b56e421daa84bcf5d91a809d - - default default] Successfully bumped revision number for resource f9d13d73-31c7-47c2-9fb5-d363fa56dbeb (type: security_groups) to 1
2026-06-30 19:17:45.262 10 INFO neutron.wsgi [None req-ce23538f-8c1c-4d62-985c-19a17ea76223 6d56b05daa884ec9a26d68371538b4fa 8b5a2e91b56e421daa84bcf5d91a809d - - default default] 10.0.0.232 "GET /v2.0/security-groups?tenant_id=ab1f142deb5f45ceaa8f090399a8935c&name=default HTTP/1.1" status: 200 len: 2996 time: 0.1479745
2026-06-30 19:17:45.294 10 INFO neutron.wsgi [req-53fddd9a-d911-4067-8ace-e9a5128eebff req-cd6cc9e0-1966-4217-8ba0-61b72efd12b4 98f52078c5a24a76b36098c43a733f50 41184ea4467f4ed0901aa3a5e8569f74 - - default default] 10.0.0.200 "GET /v2.0/ports?device_id=bf3301f0-d27c-49ba-9772-11116e1b90bd HTTP/1.1" status: 200 len: 210 time: 0.0263777
2026-06-30 19:17:45.335 10 INFO neutron.plugins.ml2.drivers.ovn.mech_driver.mech_driver [None req-288fa77a-60d8-48bf-b78e-43ba747f83cf - - - - - -] OVN reports status up for port: 0ff0bced-3725-4807-904d-7e0b8613dd13
2026-06-30 19:17:45.353 10 INFO neutron.plugins.ml2.plugin [None req-288fa77a-60d8-48bf-b78e-43ba747f83cf - - - - - -] Attempt 1 to provision port 0ff0bced-3725-4807-904d-7e0b8613dd13
2026-06-30 19:17:45.356 9 INFO neutron.db.ovn_revision_numbers_db [None req-3fb5b7f9-a10f-446a-a247-370d0e114067 5ac1e76dde8f4b6aa334c4ead952c46a 9ab14b6e19f64820b35ea72a44fda439 - - default default] Successfully bumped revision number for resource 0ff0bced-3725-4807-904d-7e0b8613dd13 (type: router_ports) to 2
2026-06-30 19:17:45.367 9 WARNING neutron.scheduler.dhcp_agent_scheduler [None req-500407db-ead4-475b-af5d-743f9777126c c22aaf27f60b4d5fa53bc4884d818ff0 8d2c807004c04f4bb5805cadd68af47b - - - -] No more DHCP agents
2026-06-30 19:17:45.370 9 WARNING neutron.api.rpc.agentnotifiers.dhcp_rpc_agent_api [None req-500407db-ead4-475b-af5d-743f9777126c c22aaf27f60b4d5fa53bc4884d818ff0 8d2c807004c04f4bb5805cadd68af47b - - - -] Unable to schedule network b7a69231-8609-4492-8370-2fc7f1608433: no agents available; will retry on subsequent port and subnet creation events.
2026-06-30 19:17:45.467 9 INFO neutron.db.ovn_revision_numbers_db [None req-500407db-ead4-475b-af5d-743f9777126c c22aaf27f60b4d5fa53bc4884d818ff0 8d2c807004c04f4bb5805cadd68af47b - - - -] Successfully bumped revision number for resource 0e6c18f4-3e0f-466a-b708-747c480c69e2 (type: ports) to 1
2026-06-30 19:17:45.513 9 INFO neutron.wsgi [None req-500407db-ead4-475b-af5d-743f9777126c c22aaf27f60b4d5fa53bc4884d818ff0 8d2c807004c04f4bb5805cadd68af47b - - - -] 10.0.0.232 "POST /v2.0/networks HTTP/1.1" status: 201 len: 849 time: 1.1204975
2026-06-30 19:17:45.537 9 INFO neutron.db.ovn_revision_numbers_db [None req-3fb5b7f9-a10f-446a-a247-370d0e114067 5ac1e76dde8f4b6aa334c4ead952c46a 9ab14b6e19f64820b35ea72a44fda439 - - default default] Successfully bumped revision number for resource 0ff0bced-3725-4807-904d-7e0b8613dd13 (type: ports) to 2
2026-06-30 19:17:45.605 9 WARNING neutron.scheduler.dhcp_agent_scheduler [None req-3fb5b7f9-a10f-446a-a247-370d0e114067 5ac1e76dde8f4b6aa334c4ead952c46a 9ab14b6e19f64820b35ea72a44fda439 - - default default] No more DHCP agents
2026-06-30 19:17:45.606 9 WARNING neutron.api.rpc.agentnotifiers.dhcp_rpc_agent_api [None req-3fb5b7f9-a10f-446a-a247-370d0e114067 5ac1e76dde8f4b6aa334c4ead952c46a 9ab14b6e19f64820b35ea72a44fda439 - - default default] Unable to schedule network c4e425f8-e0da-4443-987e-0f96cf788e55: no agents available; will retry on subsequent port and subnet creation events.
2026-06-30 19:17:45.670 10 INFO neutron.wsgi [None req-000661be-eda2-4243-bc7f-b6e76654c540 6d56b05daa884ec9a26d68371538b4fa 8b5a2e91b56e421daa84bcf5d91a809d - - - -] 10.0.0.232 "DELETE /v2.0/security-groups/f9d13d73-31c7-47c2-9fb5-d363fa56dbeb HTTP/1.1" status: 204 len: 168 time: 0.4031305
2026-06-30 19:17:45.793 9 INFO neutron.db.ovn_revision_numbers_db [None req-3fb5b7f9-a10f-446a-a247-370d0e114067 5ac1e76dde8f4b6aa334c4ead952c46a 9ab14b6e19f64820b35ea72a44fda439 - - - -] Successfully bumped revision number for resource 0ff0bced-3725-4807-904d-7e0b8613dd13 (type: router_ports) to 3
2026-06-30 19:17:45.798 9 INFO neutron.wsgi [None req-3fb5b7f9-a10f-446a-a247-370d0e114067 5ac1e76dde8f4b6aa334c4ead952c46a 9ab14b6e19f64820b35ea72a44fda439 - - - -] 10.0.0.232 "PUT /v2.0/routers/7c7b2b04-38c7-4dd8-b3f2-c06128ab7d7a/add_router_interface HTTP/1.1" status: 200 len: 503 time: 1.9819565
2026-06-30 19:17:45.812 10 INFO neutron.db.ovn_revision_numbers_db [None req-288fa77a-60d8-48bf-b78e-43ba747f83cf - - - - - -] Successfully bumped revision number for resource 0ff0bced-3725-4807-904d-7e0b8613dd13 (type: ports) to 3
2026-06-30 19:17:45.972 10 INFO neutron.wsgi [None req-0459f084-5b27-479f-a65b-9971798dde16 5ac1e76dde8f4b6aa334c4ead952c46a 9ab14b6e19f64820b35ea72a44fda439 - - default default] 10.0.0.232 "GET /v2.0/ports/0ff0bced-3725-4807-904d-7e0b8613dd13 HTTP/1.1" status: 200 len: 1137 time: 0.1683614
2026-06-30 19:17:46.012 10 WARNING neutron.scheduler.dhcp_agent_scheduler [None req-4642ecd2-6afb-4630-a5bf-9d9456e2412b c22aaf27f60b4d5fa53bc4884d818ff0 8d2c807004c04f4bb5805cadd68af47b - - - -] No more DHCP agents
