2026-06-30 19:23:16.767 10 INFO neutron.wsgi [None req-5798b95a-006f-4033-ab46-b4a704ac78b2 6d56b05daa884ec9a26d68371538b4fa 8b5a2e91b56e421daa84bcf5d91a809d - - - -] 10.0.0.232 "DELETE /v2.0/security-groups/d84a2a58-1260-4a39-ab12-82ba0ff229d0 HTTP/1.1" status: 204 len: 168 time: 0.1804395
2026-06-30 19:23:16.970 10 INFO neutron.db.ovn_revision_numbers_db [None req-a4326463-2e23-4a56-b39a-02a7228599b4 6d56b05daa884ec9a26d68371538b4fa 8b5a2e91b56e421daa84bcf5d91a809d - - default default] Successfully bumped revision number for resource ff547949-684b-43f2-bd59-48369481585f (type: security_groups) to 1
2026-06-30 19:23:16.997 10 INFO neutron.wsgi [None req-a4326463-2e23-4a56-b39a-02a7228599b4 6d56b05daa884ec9a26d68371538b4fa 8b5a2e91b56e421daa84bcf5d91a809d - - default default] 10.0.0.232 "GET /v2.0/security-groups?tenant_id=8c9f8f7ccbd74a0696016003abbb9844&name=default HTTP/1.1" status: 200 len: 3000 time: 0.1232553
2026-06-30 19:23:17.223 9 INFO neutron.wsgi [None req-c6bd40cd-7968-43e3-9c27-a03d65074c10 6d56b05daa884ec9a26d68371538b4fa 8b5a2e91b56e421daa84bcf5d91a809d - - - -] 10.0.0.232 "DELETE /v2.0/security-groups/ff547949-684b-43f2-bd59-48369481585f HTTP/1.1" status: 204 len: 168 time: 0.2200463
2026-06-30 19:23:17.469 9 INFO neutron.db.ovn_revision_numbers_db [None req-02474377-e0c7-46c2-9eaf-9e7b2f4c25f8 6d56b05daa884ec9a26d68371538b4fa 8b5a2e91b56e421daa84bcf5d91a809d - - default default] Successfully bumped revision number for resource ba72bccc-26bc-4eee-9f8d-2a88fab1aea1 (type: security_groups) to 1
2026-06-30 19:23:17.494 9 INFO neutron.wsgi [None req-02474377-e0c7-46c2-9eaf-9e7b2f4c25f8 6d56b05daa884ec9a26d68371538b4fa 8b5a2e91b56e421daa84bcf5d91a809d - - default default] 10.0.0.232 "GET /v2.0/security-groups?tenant_id=aa83b90aee4b4a3c9ef237ba4e721cc0&name=default HTTP/1.1" status: 200 len: 3000 time: 0.0977554
2026-06-30 19:23:17.678 9 INFO neutron.wsgi [None req-246e6d8e-76e7-4d8d-9a39-4050389dc7ed 6d56b05daa884ec9a26d68371538b4fa 8b5a2e91b56e421daa84bcf5d91a809d - - - -] 10.0.0.232 "DELETE /v2.0/security-groups/ba72bccc-26bc-4eee-9f8d-2a88fab1aea1 HTTP/1.1" status: 204 len: 168 time: 0.1748447
2026-06-30 19:23:20.453 9 INFO neutron.wsgi [None req-e6e312c5-6e41-4624-8277-573b2a36d0b2 6d56b05daa884ec9a26d68371538b4fa 8b5a2e91b56e421daa84bcf5d91a809d - - default default] 10.0.0.107 "GET /v2.0/subnets HTTP/1.1" status: 200 len: 1437 time: 0.2825367
2026-06-30 19:23:20.466 9 INFO neutron.wsgi [None req-bdfa2c8a-cd45-400f-bddd-a958d30b171e 6d56b05daa884ec9a26d68371538b4fa 8b5a2e91b56e421daa84bcf5d91a809d - - default default] 10.0.0.107 "GET /v2.0/subnetpools HTTP/1.1" status: 200 len: 193 time: 0.0119381
2026-06-30 19:23:20.487 9 INFO neutron.wsgi [None req-6a602086-98db-4b4f-bf52-c5af2fd621b6 6d56b05daa884ec9a26d68371538b4fa 8b5a2e91b56e421daa84bcf5d91a809d - - default default] 10.0.0.107 "GET /v2.0/floatingips HTTP/1.1" status: 200 len: 193 time: 0.0201063
2026-06-30 19:23:20.514 9 INFO neutron.wsgi [None req-15285d29-6976-4144-89ed-b037f51978c7 6d56b05daa884ec9a26d68371538b4fa 8b5a2e91b56e421daa84bcf5d91a809d - - default default] 10.0.0.107 "GET /v2.0/subnets HTTP/1.1" status: 200 len: 1437 time: 0.0258555
2026-06-30 19:23:20.526 9 INFO neutron.wsgi [None req-71da2c75-14a0-4c4d-ae99-201084f5ea9b 6d56b05daa884ec9a26d68371538b4fa 8b5a2e91b56e421daa84bcf5d91a809d - - default default] 10.0.0.107 "GET /v2.0/network-ip-availabilities HTTP/1.1" status: 200 len: 1280 time: 0.0106750
2026-06-30 19:23:20.588 9 INFO neutron.wsgi [None req-2d32ffb9-9f39-4ac1-8668-1f2fbf336841 6d56b05daa884ec9a26d68371538b4fa 8b5a2e91b56e421daa84bcf5d91a809d - - default default] 10.0.0.107 "GET /v2.0/networks HTTP/1.1" status: 200 len: 2350 time: 0.0608664
2026-06-30 19:23:20.663 9 INFO neutron.wsgi [None req-78d7701b-247c-489e-af07-86ef30cc7941 6d56b05daa884ec9a26d68371538b4fa 8b5a2e91b56e421daa84bcf5d91a809d - - default default] 10.0.0.107 "GET /v2.0/security-groups HTTP/1.1" status: 200 len: 16803 time: 0.0741606
2026-06-30 19:23:20.694 9 INFO neutron.wsgi [None req-68288de2-3798-433a-b7ba-124b9209061f 6d56b05daa884ec9a26d68371538b4fa 8b5a2e91b56e421daa84bcf5d91a809d - - default default] 10.0.0.107 "GET /v2.0/agents HTTP/1.1" status: 200 len: 997 time: 0.0252504
2026-06-30 19:23:20.725 9 INFO neutron.wsgi [None req-d269064c-2be0-42b5-8b14-ccc5c2fa76cd 6d56b05daa884ec9a26d68371538b4fa 8b5a2e91b56e421daa84bcf5d91a809d - - default default] 10.0.0.107 "GET /v2.0/ports HTTP/1.1" status: 200 len: 5255 time: 0.0296454
2026-06-30 19:23:20.758 9 INFO neutron.wsgi [None req-32195442-dbcc-477e-b48e-07926540d49e 6d56b05daa884ec9a26d68371538b4fa 8b5a2e91b56e421daa84bcf5d91a809d - - default default] 10.0.0.107 "GET /v2.0/routers HTTP/1.1" status: 200 len: 189 time: 0.0288444
2026-06-30 19:23:20.770 9 INFO neutron.wsgi [None req-5de940aa-585b-49f6-bd06-1ce045953bb1 6d56b05daa884ec9a26d68371538b4fa 8b5a2e91b56e421daa84bcf5d91a809d - - default default] 10.0.0.107 "GET /v2.0/agents?binary=ovn-controller HTTP/1.1" status: 200 len: 591 time: 0.0114703
2026-06-30 19:23:21.234 9 WARNING neutron.scheduler.dhcp_agent_scheduler [None req-86fcf5d3-faf0-448a-91e2-62ae9e8576b7 3503410686834363af7363544a44869a 9571d5219b5e41e4a9ade4038ba9406a - - - -] No more DHCP agents
2026-06-30 19:23:21.236 9 WARNING neutron.api.rpc.agentnotifiers.dhcp_rpc_agent_api [None req-86fcf5d3-faf0-448a-91e2-62ae9e8576b7 3503410686834363af7363544a44869a 9571d5219b5e41e4a9ade4038ba9406a - - - -] Unable to schedule network 563a5903-99d9-4944-b883-d819166e5307: no agents available; will retry on subsequent port and subnet creation events.
2026-06-30 19:23:21.531 9 INFO neutron.db.ovn_revision_numbers_db [None req-86fcf5d3-faf0-448a-91e2-62ae9e8576b7 3503410686834363af7363544a44869a 9571d5219b5e41e4a9ade4038ba9406a - - - -] Successfully bumped revision number for resource 2e262fe9-7761-47cd-af2d-8b8b602dd7c5 (type: floatingips) to 0
2026-06-30 19:23:21.544 9 INFO neutron.wsgi [None req-86fcf5d3-faf0-448a-91e2-62ae9e8576b7 3503410686834363af7363544a44869a 9571d5219b5e41e4a9ade4038ba9406a - - - -] 10.0.0.232 "POST /v2.0/floatingips HTTP/1.1" status: 201 len: 751 time: 0.6781580
2026-06-30 19:23:21.595 9 INFO neutron.wsgi [None req-b5443016-ce06-4dbf-8605-91c531970720 3503410686834363af7363544a44869a 9571d5219b5e41e4a9ade4038ba9406a - - - -] 10.0.0.232 "PUT /v2.0/floatingips/2e262fe9-7761-47cd-af2d-8b8b602dd7c5/tags HTTP/1.1" status: 200 len: 218 time: 0.0434823
2026-06-30 19:23:21.628 9 INFO neutron.wsgi [None req-2e18332f-e622-448f-97d9-ab49213ec99e 3503410686834363af7363544a44869a 9571d5219b5e41e4a9ade4038ba9406a - - default default] 10.0.0.232 "GET /v2.0/floatingips/2e262fe9-7761-47cd-af2d-8b8b602dd7c5/tags HTTP/1.1" status: 200 len: 218 time: 0.0253291
2026-06-30 19:23:21.683 9 INFO neutron.wsgi [None req-3316a178-a68f-4d28-8e16-c625b6737957 3503410686834363af7363544a44869a 9571d5219b5e41e4a9ade4038ba9406a - - - -] 10.0.0.232 "PUT /v2.0/floatingips/2e262fe9-7761-47cd-af2d-8b8b602dd7c5/tags/green HTTP/1.1" status: 201 len: 201 time: 0.0483468
2026-06-30 19:23:21.726 9 INFO neutron.wsgi [None req-06fab8d8-36e3-4941-9f2b-67eaa04174be 3503410686834363af7363544a44869a 9571d5219b5e41e4a9ade4038ba9406a - - default default] 10.0.0.232 "GET /v2.0/floatingips/2e262fe9-7761-47cd-af2d-8b8b602dd7c5/tags HTTP/1.1" status: 200 len: 227 time: 0.0374033
2026-06-30 19:23:21.765 10 INFO neutron.wsgi [None req-769130d7-cfb6-4a70-98fe-4d6ac4124c5f 3503410686834363af7363544a44869a 9571d5219b5e41e4a9ade4038ba9406a - - - -] 10.0.0.232 "PUT /v2.0/floatingips/2e262fe9-7761-47cd-af2d-8b8b602dd7c5/tags/red HTTP/1.1" status: 201 len: 201 time: 0.0323138
2026-06-30 19:23:21.799 10 INFO neutron.wsgi [None req-3bf35d74-07ae-4ae7-8a15-20bb836eb6d7 3503410686834363af7363544a44869a 9571d5219b5e41e4a9ade4038ba9406a - - default default] 10.0.0.232 "GET /v2.0/floatingips/2e262fe9-7761-47cd-af2d-8b8b602dd7c5/tags HTTP/1.1" status: 200 len: 227 time: 0.0289454
2026-06-30 19:23:21.847 10 INFO neutron.wsgi [None req-85a037fe-a041-4ce5-b110-b80c8b717894 3503410686834363af7363544a44869a 9571d5219b5e41e4a9ade4038ba9406a - - - -] 10.0.0.232 "PUT /v2.0/floatingips/2e262fe9-7761-47cd-af2d-8b8b602dd7c5/tags/black.or.white HTTP/1.1" status: 201 len: 201 time: 0.0411572
2026-06-30 19:23:21.878 10 INFO neutron.wsgi [None req-21feb34c-976e-496b-9d98-3b523ce9cb24 3503410686834363af7363544a44869a 9571d5219b5e41e4a9ade4038ba9406a - - default default] 10.0.0.232 "GET /v2.0/floatingips/2e262fe9-7761-47cd-af2d-8b8b602dd7c5/tags HTTP/1.1" status: 200 len: 245 time: 0.0270607
2026-06-30 19:23:21.925 10 INFO neutron.wsgi [None req-03b981b8-91bc-4e1a-8dbc-e6aed363ca2a 3503410686834363af7363544a44869a 9571d5219b5e41e4a9ade4038ba9406a - - - -] 10.0.0.232 "PUT /v2.0/floatingips/2e262fe9-7761-47cd-af2d-8b8b602dd7c5/tags HTTP/1.1" status: 200 len: 230 time: 0.0422935
2026-06-30 19:23:21.961 10 INFO neutron.wsgi [None req-091de5ee-8404-465f-a237-c9f83fa6d0ab 3503410686834363af7363544a44869a 9571d5219b5e41e4a9ade4038ba9406a - - default default] 10.0.0.232 "GET /v2.0/floatingips/2e262fe9-7761-47cd-af2d-8b8b602dd7c5/tags HTTP/1.1" status: 200 len: 230 time: 0.0290747
2026-06-30 19:23:22.010 9 INFO neutron.wsgi [None req-4f691374-dcb0-435d-9237-0e8ebba19a91 3503410686834363af7363544a44869a 9571d5219b5e41e4a9ade4038ba9406a - - default default] 10.0.0.232 "GET /v2.0/floatingips/2e262fe9-7761-47cd-af2d-8b8b602dd7c5/tags/red HTTP/1.1" status: 204 len: 168 time: 0.0421925
2026-06-30 19:23:22.069 9 INFO neutron.api.v2.resource [None req-694d7773-f672-4e8a-80d9-b92fd1bfa3c0 3503410686834363af7363544a44869a 9571d5219b5e41e4a9ade4038ba9406a - - default default] show failed (client error): The resource could not be found.
2026-06-30 19:23:22.070 9 INFO neutron.wsgi [None req-694d7773-f672-4e8a-80d9-b92fd1bfa3c0 3503410686834363af7363544a44869a 9571d5219b5e41e4a9ade4038ba9406a - - default default] 10.0.0.232 "GET /v2.0/floatingips/2e262fe9-7761-47cd-af2d-8b8b602dd7c5/tags/green HTTP/1.1" status: 404 len: 299 time: 0.0547149
2026-06-30 19:23:22.127 9 INFO neutron.wsgi [None req-2b04d4a8-4f76-4b01-a4e6-cda47e00f59a 3503410686834363af7363544a44869a 9571d5219b5e41e4a9ade4038ba9406a - - - -] 10.0.0.232 "DELETE /v2.0/floatingips/2e262fe9-7761-47cd-af2d-8b8b602dd7c5/tags/red HTTP/1.1" status: 204 len: 168 time: 0.0491815
2026-06-30 19:23:22.160 10 INFO neutron.wsgi [None req-ce9d4270-ce42-4c00-ad19-3a1262652975 3503410686834363af7363544a44869a 9571d5219b5e41e4a9ade4038ba9406a - - default default] 10.0.0.232 "GET /v2.0/floatingips/2e262fe9-7761-47cd-af2d-8b8b602dd7c5/tags HTTP/1.1" status: 200 len: 223 time: 0.0288026
2026-06-30 19:23:22.206 10 INFO neutron.api.v2.resource [None req-28577a7c-7106-4052-a830-ed6c8d1550f6 3503410686834363af7363544a44869a 9571d5219b5e41e4a9ade4038ba9406a - - - -] delete failed (client error): The resource could not be found.
2026-06-30 19:23:22.208 10 INFO neutron.wsgi [None req-28577a7c-7106-4052-a830-ed6c8d1550f6 3503410686834363af7363544a44869a 9571d5219b5e41e4a9ade4038ba9406a - - - -] 10.0.0.232 "DELETE /v2.0/floatingips/2e262fe9-7761-47cd-af2d-8b8b602dd7c5/tags/green HTTP/1.1" status: 404 len: 299 time: 0.0433486
2026-06-30 19:23:22.257 9 INFO neutron.wsgi [None req-f2400a56-0eb5-4de7-9a18-3df42ab41a2a 3503410686834363af7363544a44869a 9571d5219b5e41e4a9ade4038ba9406a - - - -] 10.0.0.232 "DELETE /v2.0/floatingips/2e262fe9-7761-47cd-af2d-8b8b602dd7c5/tags HTTP/1.1" status: 204 len: 168 time: 0.0419989
2026-06-30 19:23:22.290 9 INFO neutron.wsgi [None req-cd97daca-3752-4579-b421-98328d5f528f 3503410686834363af7363544a44869a 9571d5219b5e41e4a9ade4038ba9406a - - default default] 10.0.0.232 "GET /v2.0/floatingips/2e262fe9-7761-47cd-af2d-8b8b602dd7c5/tags HTTP/1.1" status: 200 len: 205 time: 0.0272672
2026-06-30 19:23:22.636 9 INFO neutron.wsgi [None req-8cd81edc-1a13-4052-8e3d-f9f687620dc3 3503410686834363af7363544a44869a 9571d5219b5e41e4a9ade4038ba9406a - - - -] 10.0.0.232 "DELETE /v2.0/floatingips/2e262fe9-7761-47cd-af2d-8b8b602dd7c5 HTTP/1.1" status: 204 len: 168 time: 0.3299940
2026-06-30 19:23:23.435 10 INFO neutron.db.ovn_revision_numbers_db [None req-6d5052fc-517f-4a18-a245-4b8c9acc69da 6d56b05daa884ec9a26d68371538b4fa 8b5a2e91b56e421daa84bcf5d91a809d - - default default] Successfully bumped revision number for resource aed5505d-d9e2-4342-9eff-8a4a8e0503fa (type: security_groups) to 1
2026-06-30 19:23:23.455 10 INFO neutron.wsgi [None req-6d5052fc-517f-4a18-a245-4b8c9acc69da 6d56b05daa884ec9a26d68371538b4fa 8b5a2e91b56e421daa84bcf5d91a809d - - default default] 10.0.0.232 "GET /v2.0/security-groups?tenant_id=ff2d92e3f113407fb0dc14a13098be18&name=default HTTP/1.1" status: 200 len: 3000 time: 0.2088852
2026-06-30 19:23:23.635 10 INFO neutron.wsgi [None req-8bd9a7d5-ec0b-44fe-b095-78f286991a3d 6d56b05daa884ec9a26d68371538b4fa 8b5a2e91b56e421daa84bcf5d91a809d - - - -] 10.0.0.232 "DELETE /v2.0/security-groups/aed5505d-d9e2-4342-9eff-8a4a8e0503fa HTTP/1.1" status: 204 len: 168 time: 0.1732218
2026-06-30 19:23:23.850 9 INFO neutron.db.ovn_revision_numbers_db [None req-59a8d040-2f08-48c1-ae36-64ab41ad13b8 6d56b05daa884ec9a26d68371538b4fa 8b5a2e91b56e421daa84bcf5d91a809d - - default default] Successfully bumped revision number for resource ccc30f15-1c7a-4922-ae63-186aa311b429 (type: security_groups) to 1
2026-06-30 19:23:23.869 9 INFO neutron.wsgi [None req-59a8d040-2f08-48c1-ae36-64ab41ad13b8 6d56b05daa884ec9a26d68371538b4fa 8b5a2e91b56e421daa84bcf5d91a809d - - default default] 10.0.0.232 "GET /v2.0/security-groups?tenant_id=9571d5219b5e41e4a9ade4038ba9406a&name=default HTTP/1.1" status: 200 len: 3000 time: 0.1233187
2026-06-30 19:23:24.057 9 INFO neutron.wsgi [None req-91c3faf7-2a5b-4e7c-84a2-226496a15115 6d56b05daa884ec9a26d68371538b4fa 8b5a2e91b56e421daa84bcf5d91a809d - - - -] 10.0.0.232 "DELETE /v2.0/security-groups/ccc30f15-1c7a-4922-ae63-186aa311b429 HTTP/1.1" status: 204 len: 168 time: 0.1822937
2026-06-30 19:23:26.848 10 INFO neutron.wsgi [None req-c0673f89-e77a-4e0e-961e-ce060171e9e4 6d56b05daa884ec9a26d68371538b4fa 8b5a2e91b56e421daa84bcf5d91a809d - - default default] 10.0.0.232 "GET /v2.0/networks HTTP/1.1" status: 200 len: 2369 time: 0.2213137
2026-06-30 19:23:27.949 10 INFO neutron.wsgi [None req-9fcc9d82-f2e0-470a-a1c5-866389bfd3f7 6d56b05daa884ec9a26d68371538b4fa 8b5a2e91b56e421daa84bcf5d91a809d - - default default] 10.0.0.232 "GET /v2.0/floatingips HTTP/1.1" status: 200 len: 212 time: 0.0354435
2026-06-30 19:23:27.995 10 INFO neutron.wsgi [None req-8bc49562-b379-4add-a09a-13abd718d6c9 6d56b05daa884ec9a26d68371538b4fa 8b5a2e91b56e421daa84bcf5d91a809d - - default default] 10.0.0.232 "GET /v2.0/routers HTTP/1.1" status: 200 len: 208 time: 0.0407474
2026-06-30 19:23:28.080 10 INFO neutron.wsgi [None req-f4e8087d-a4dc-4ee3-8e70-87b21faf92bc 6d56b05daa884ec9a26d68371538b4fa 8b5a2e91b56e421daa84bcf5d91a809d - - default default] 10.0.0.232 "GET /v2.0/ports HTTP/1.1" status: 200 len: 5274 time: 0.0809951
2026-06-30 19:23:28.131 10 INFO neutron.wsgi [None req-f2329349-0d3e-4622-aeb4-f868051dbc32 6d56b05daa884ec9a26d68371538b4fa 8b5a2e91b56e421daa84bcf5d91a809d - - default default] 10.0.0.232 "GET /v2.0/subnets HTTP/1.1" status: 200 len: 1456 time: 0.0466793
2026-06-30 19:23:28.566 10 INFO neutron.wsgi [None req-b750410a-3569-4a8f-8999-2c1a42c01506 6d56b05daa884ec9a26d68371538b4fa 8b5a2e91b56e421daa84bcf5d91a809d - - default default] 10.0.0.232 "GET /v2.0/networks HTTP/1.1" status: 200 len: 2369 time: 0.4292057
2026-06-30 19:23:28.624 10 INFO neutron.wsgi [None req-318fedd3-1a97-4f08-8c15-6832e94840d3 6d56b05daa884ec9a26d68371538b4fa 8b5a2e91b56e421daa84bcf5d91a809d - - default default] 10.0.0.232 "GET /v2.0/security-groups HTTP/1.1" status: 200 len: 16822 time: 0.0532525
2026-06-30 19:23:28.644 10 INFO neutron.wsgi [None req-51bacbea-9274-4523-92ad-353514f77046 6d56b05daa884ec9a26d68371538b4fa 8b5a2e91b56e421daa84bcf5d91a809d - - default default] 10.0.0.232 "GET /v2.0/subnetpools HTTP/1.1" status: 200 len: 212 time: 0.0145946
2026-06-30 19:23:29.831 9 INFO neutron.wsgi [-] 10.0.0.140 "GET / HTTP/1.1" status: 200 len: 246 time: 0.0024974
2026-06-30 19:23:29.831 10 INFO neutron.wsgi [-] 10.0.0.140 "GET / HTTP/1.1" status: 200 len: 246 time: 0.0026515
2026-06-30 19:23:44.831 9 INFO neutron.wsgi [-] 10.0.0.140 "GET / HTTP/1.1" status: 200 len: 246 time: 0.0023260
2026-06-30 19:23:44.831 10 INFO neutron.wsgi [-] 10.0.0.140 "GET / HTTP/1.1" status: 200 len: 246 time: 0.0024333
2026-06-30 19:23:59.830 10 INFO neutron.wsgi [-] 10.0.0.140 "GET / HTTP/1.1" status: 200 len: 246 time: 0.0018306
2026-06-30 19:23:59.832 10 INFO neutron.wsgi [-] 10.0.0.140 "GET / HTTP/1.1" status: 200 len: 246 time: 0.0012188
2026-06-30 19:24:14.831 9 INFO neutron.wsgi [-] 10.0.0.140 "GET / HTTP/1.1" status: 200 len: 246 time: 0.0025361
2026-06-30 19:24:14.833 10 INFO neutron.wsgi [-] 10.0.0.140 "GET / HTTP/1.1" status: 200 len: 246 time: 0.0045717
2026-06-30 19:24:20.317 9 INFO neutron.wsgi [None req-7795202b-04d9-4d31-86ca-7ce547d1d06f 6d56b05daa884ec9a26d68371538b4fa 8b5a2e91b56e421daa84bcf5d91a809d - - default default] 10.0.0.107 "GET /v2.0/security-groups HTTP/1.1" status: 200 len: 16803 time: 0.1575272
2026-06-30 19:24:20.363 9 INFO neutron.wsgi [None req-054c8e4f-fbd3-422e-bc1c-c5d97c4b30f6 6d56b05daa884ec9a26d68371538b4fa 8b5a2e91b56e421daa84bcf5d91a809d - - default default] 10.0.0.107 "GET /v2.0/ports HTTP/1.1" status: 200 len: 5255 time: 0.0406907
2026-06-30 19:24:20.390 9 INFO neutron.wsgi [None req-856f0517-ecc0-4898-bef1-4175a77f355f 6d56b05daa884ec9a26d68371538b4fa 8b5a2e91b56e421daa84bcf5d91a809d - - default default] 10.0.0.107 "GET /v2.0/floatingips HTTP/1.1" status: 200 len: 193 time: 0.0236094
2026-06-30 19:24:20.425 9 INFO neutron.wsgi [None req-ce2290b3-401a-4a6f-b32d-5dd1dc48e6c4 6d56b05daa884ec9a26d68371538b4fa 8b5a2e91b56e421daa84bcf5d91a809d - - default default] 10.0.0.107 "GET /v2.0/routers HTTP/1.1" status: 200 len: 189 time: 0.0340915
2026-06-30 19:24:20.457 9 INFO neutron.wsgi [None req-cb6e5163-5584-4f69-9ad3-17ce40770b64 6d56b05daa884ec9a26d68371538b4fa 8b5a2e91b56e421daa84bcf5d91a809d - - default default] 10.0.0.107 "GET /v2.0/agents?binary=ovn-controller HTTP/1.1" status: 200 len: 591 time: 0.0309296
2026-06-30 19:24:20.549 9 INFO neutron.wsgi [None req-d1bfe890-58cd-4c88-9292-2042cac46d9d 6d56b05daa884ec9a26d68371538b4fa 8b5a2e91b56e421daa84bcf5d91a809d - - default default] 10.0.0.107 "GET /v2.0/networks HTTP/1.1" status: 200 len: 2350 time: 0.0909767
2026-06-30 19:24:20.605 9 INFO neutron.wsgi [None req-b0764474-5dc8-4643-acdd-a4c3e10e13cb 6d56b05daa884ec9a26d68371538b4fa 8b5a2e91b56e421daa84bcf5d91a809d - - default default] 10.0.0.107 "GET /v2.0/subnets HTTP/1.1" status: 200 len: 1437 time: 0.0509381
2026-06-30 19:24:20.621 9 INFO neutron.wsgi [None req-fd832e90-2f07-461d-beed-66260d67d0fe 6d56b05daa884ec9a26d68371538b4fa 8b5a2e91b56e421daa84bcf5d91a809d - - default default] 10.0.0.107 "GET /v2.0/agents HTTP/1.1" status: 200 len: 997 time: 0.0144048
2026-06-30 19:24:20.645 9 INFO neutron.wsgi [None req-0af34837-1265-4a14-ac69-e802da389c31 6d56b05daa884ec9a26d68371538b4fa 8b5a2e91b56e421daa84bcf5d91a809d - - default default] 10.0.0.107 "GET /v2.0/network-ip-availabilities HTTP/1.1" status: 200 len: 1280 time: 0.0201745
2026-06-30 19:24:20.687 9 INFO neutron.wsgi [None req-d4c2f455-9d23-4a91-a7f5-0dde00a20d2d 6d56b05daa884ec9a26d68371538b4fa 8b5a2e91b56e421daa84bcf5d91a809d - - default default] 10.0.0.107 "GET /v2.0/subnets HTTP/1.1" status: 200 len: 1437 time: 0.0408416
2026-06-30 19:24:20.702 9 INFO neutron.wsgi [None req-7eb305a0-dbb4-42b2-9764-8883729480bb 6d56b05daa884ec9a26d68371538b4fa 8b5a2e91b56e421daa84bcf5d91a809d - - default default] 10.0.0.107 "GET /v2.0/subnetpools HTTP/1.1" status: 200 len: 193 time: 0.0137019
2026-06-30 19:24:29.831 10 INFO neutron.wsgi [-] 10.0.0.140 "GET / HTTP/1.1" status: 200 len: 246 time: 0.0016026
2026-06-30 19:24:29.831 9 INFO neutron.wsgi [-] 10.0.0.140 "GET / HTTP/1.1" status: 200 len: 246 time: 0.0023632
2026-06-30 19:24:44.830 9 INFO neutron.wsgi [-] 10.0.0.140 "GET / HTTP/1.1" status: 200 len: 246 time: 0.0015342
2026-06-30 19:24:44.832 10 INFO neutron.wsgi [-] 10.0.0.140 "GET / HTTP/1.1" status: 200 len: 246 time: 0.0029974
2026-06-30 19:24:59.832 10 INFO neutron.wsgi [-] 10.0.0.140 "GET / HTTP/1.1" status: 200 len: 246 time: 0.0013931
2026-06-30 19:24:59.834 10 INFO neutron.wsgi [-] 10.0.0.140 "GET / HTTP/1.1" status: 200 len: 246 time: 0.0011795
2026-06-30 19:25:14.831 9 INFO neutron.wsgi [-] 10.0.0.140 "GET / HTTP/1.1" status: 200 len: 246 time: 0.0024412
2026-06-30 19:25:14.832 10 INFO neutron.wsgi [-] 10.0.0.140 "GET / HTTP/1.1" status: 200 len: 246 time: 0.0035071
2026-06-30 19:25:20.351 9 INFO neutron.wsgi [None req-c1782519-72af-4cb7-8a4f-5bbdd8823eb4 6d56b05daa884ec9a26d68371538b4fa 8b5a2e91b56e421daa84bcf5d91a809d - - default default] 10.0.0.107 "GET /v2.0/networks HTTP/1.1" status: 200 len: 2350 time: 0.1881723
2026-06-30 19:25:20.390 9 INFO neutron.wsgi [None req-923a80f2-4c5d-4ee8-9fbf-19001b52c427 6d56b05daa884ec9a26d68371538b4fa 8b5a2e91b56e421daa84bcf5d91a809d - - default default] 10.0.0.107 "GET /v2.0/subnets HTTP/1.1" status: 200 len: 1437 time: 0.0359156
2026-06-30 19:25:20.430 9 INFO neutron.wsgi [None req-e767db15-4d1a-4097-997b-8eafbecf38b7 6d56b05daa884ec9a26d68371538b4fa 8b5a2e91b56e421daa84bcf5d91a809d - - default default] 10.0.0.107 "GET /v2.0/ports HTTP/1.1" status: 200 len: 5255 time: 0.0391548
2026-06-30 19:25:20.463 9 INFO neutron.wsgi [None req-d753cbc8-df66-4117-84f3-a81c7b96c979 6d56b05daa884ec9a26d68371538b4fa 8b5a2e91b56e421daa84bcf5d91a809d - - default default] 10.0.0.107 "GET /v2.0/routers HTTP/1.1" status: 200 len: 189 time: 0.0277593
2026-06-30 19:25:20.514 9 INFO neutron.wsgi [None req-72f98330-8ee0-41db-bc9d-f5e28c43b682 6d56b05daa884ec9a26d68371538b4fa 8b5a2e91b56e421daa84bcf5d91a809d - - default default] 10.0.0.107 "GET /v2.0/agents?binary=ovn-controller HTTP/1.1" status: 200 len: 591 time: 0.0507836
2026-06-30 19:25:20.570 9 INFO neutron.wsgi [None req-9d8f447f-aef0-4e29-ae69-5206795da886 6d56b05daa884ec9a26d68371538b4fa 8b5a2e91b56e421daa84bcf5d91a809d - - default default] 10.0.0.107 "GET /v2.0/subnets HTTP/1.1" status: 200 len: 1437 time: 0.0541418
2026-06-30 19:25:20.585 9 INFO neutron.wsgi [None req-74d79913-5e9c-4b4b-abbd-d1d4d49f3fa5 6d56b05daa884ec9a26d68371538b4fa 8b5a2e91b56e421daa84bcf5d91a809d - - default default] 10.0.0.107 "GET /v2.0/subnetpools HTTP/1.1" status: 200 len: 193 time: 0.0138407
2026-06-30 19:25:20.613 9 INFO neutron.wsgi [None req-bbaefbab-4cdf-44e3-a8ee-1480c426db5d 6d56b05daa884ec9a26d68371538b4fa 8b5a2e91b56e421daa84bcf5d91a809d - - default default] 10.0.0.107 "GET /v2.0/floatingips HTTP/1.1" status: 200 len: 193 time: 0.0264232
2026-06-30 19:25:20.682 9 INFO neutron.wsgi [None req-d08f2aff-7145-4421-9d75-c79bd058b024 6d56b05daa884ec9a26d68371538b4fa 8b5a2e91b56e421daa84bcf5d91a809d - - default default] 10.0.0.107 "GET /v2.0/security-groups HTTP/1.1" status: 200 len: 16803 time: 0.0681479
2026-06-30 19:25:20.700 9 INFO neutron.wsgi [None req-50bb06a9-48e8-466f-a9e1-78d424d5fa73 6d56b05daa884ec9a26d68371538b4fa 8b5a2e91b56e421daa84bcf5d91a809d - - default default] 10.0.0.107 "GET /v2.0/network-ip-availabilities HTTP/1.1" status: 200 len: 1280 time: 0.0145917
2026-06-30 19:25:20.719 9 INFO neutron.wsgi [None req-8212dd40-5a9b-48d3-87d6-fdb8dc13a09d 6d56b05daa884ec9a26d68371538b4fa 8b5a2e91b56e421daa84bcf5d91a809d - - default default] 10.0.0.107 "GET /v2.0/agents HTTP/1.1" status: 200 len: 997 time: 0.0160787
2026-06-30 19:25:29.831 9 INFO neutron.wsgi [-] 10.0.0.140 "GET / HTTP/1.1" status: 200 len: 246 time: 0.0024023
2026-06-30 19:25:29.834 10 INFO neutron.wsgi [-] 10.0.0.140 "GET / HTTP/1.1" status: 200 len: 246 time: 0.0051811
2026-06-30 19:25:44.830 10 INFO neutron.wsgi [-] 10.0.0.140 "GET / HTTP/1.1" status: 200 len: 246 time: 0.0019922
2026-06-30 19:25:44.833 10 INFO neutron.wsgi [-] 10.0.0.140 "GET / HTTP/1.1" status: 200 len: 246 time: 0.0024042
2026-06-30 19:25:59.831 10 INFO neutron.wsgi [-] 10.0.0.140 "GET / HTTP/1.1" status: 200 len: 246 time: 0.0024285
2026-06-30 19:25:59.832 9 INFO neutron.wsgi [-] 10.0.0.140 "GET / HTTP/1.1" status: 200 len: 246 time: 0.0029573
2026-06-30 19:26:14.832 10 INFO neutron.wsgi [-] 10.0.0.140 "GET / HTTP/1.1" status: 200 len: 246 time: 0.0029342
2026-06-30 19:26:14.833 9 INFO neutron.wsgi [-] 10.0.0.140 "GET / HTTP/1.1" status: 200 len: 246 time: 0.0034070
2026-06-30 19:26:20.288 9 INFO neutron.wsgi [None req-490bc489-6920-4394-94fc-ca5e6e190ad3 6d56b05daa884ec9a26d68371538b4fa 8b5a2e91b56e421daa84bcf5d91a809d - - default default] 10.0.0.107 "GET /v2.0/ports HTTP/1.1" status: 200 len: 5255 time: 0.1226704
2026-06-30 19:26:20.365 9 INFO neutron.wsgi [None req-6238f129-d0dc-49c5-bd8e-691e59326dac 6d56b05daa884ec9a26d68371538b4fa 8b5a2e91b56e421daa84bcf5d91a809d - - default default] 10.0.0.107 "GET /v2.0/agents HTTP/1.1" status: 200 len: 997 time: 0.0743380
2026-06-30 19:26:20.380 9 INFO neutron.wsgi [None req-81bc5f5c-d3a4-49a6-b477-6ff9fe9027a8 6d56b05daa884ec9a26d68371538b4fa 8b5a2e91b56e421daa84bcf5d91a809d - - default default] 10.0.0.107 "GET /v2.0/network-ip-availabilities HTTP/1.1" status: 200 len: 1280 time: 0.0136468
2026-06-30 19:26:20.406 9 INFO neutron.wsgi [None req-6e249a57-ea56-4383-a00e-f9f1288ea888 6d56b05daa884ec9a26d68371538b4fa 8b5a2e91b56e421daa84bcf5d91a809d - - default default] 10.0.0.107 "GET /v2.0/routers HTTP/1.1" status: 200 len: 189 time: 0.0232179
2026-06-30 19:26:20.415 9 INFO neutron.wsgi [None req-080c0d9d-b29b-4166-b282-5ab38e7c3134 6d56b05daa884ec9a26d68371538b4fa 8b5a2e91b56e421daa84bcf5d91a809d - - default default] 10.0.0.107 "GET /v2.0/agents?binary=ovn-controller HTTP/1.1" status: 200 len: 591 time: 0.0081086
2026-06-30 19:26:20.479 9 INFO neutron.wsgi [None req-0f207464-a4a5-4cdf-bed6-b66951f834cf 6d56b05daa884ec9a26d68371538b4fa 8b5a2e91b56e421daa84bcf5d91a809d - - default default] 10.0.0.107 "GET /v2.0/security-groups HTTP/1.1" status: 200 len: 16803 time: 0.0618396
2026-06-30 19:26:20.523 9 INFO neutron.wsgi [None req-2cf4951d-9a78-4130-8674-34b03a8db387 6d56b05daa884ec9a26d68371538b4fa 8b5a2e91b56e421daa84bcf5d91a809d - - default default] 10.0.0.107 "GET /v2.0/subnets HTTP/1.1" status: 200 len: 1437 time: 0.0394058
2026-06-30 19:26:20.553 9 INFO neutron.wsgi [None req-9b37e962-b7a0-426e-ae94-30274e95fc20 6d56b05daa884ec9a26d68371538b4fa 8b5a2e91b56e421daa84bcf5d91a809d - - default default] 10.0.0.107 "GET /v2.0/subnets HTTP/1.1" status: 200 len: 1437 time: 0.0275283
2026-06-30 19:26:20.566 9 INFO neutron.wsgi [None req-a54c030f-9f8f-486d-aa10-6e6ad0b63d7e 6d56b05daa884ec9a26d68371538b4fa 8b5a2e91b56e421daa84bcf5d91a809d - - default default] 10.0.0.107 "GET /v2.0/subnetpools HTTP/1.1" status: 200 len: 193 time: 0.0127299
2026-06-30 19:26:20.593 9 INFO neutron.wsgi [None req-ff7af438-95f3-4913-a813-5d984280b168 6d56b05daa884ec9a26d68371538b4fa 8b5a2e91b56e421daa84bcf5d91a809d - - default default] 10.0.0.107 "GET /v2.0/floatingips HTTP/1.1" status: 200 len: 193 time: 0.0258918
2026-06-30 19:26:20.650 9 INFO neutron.wsgi [None req-644457e4-c75e-4bdf-a91c-22a860fc4774 6d56b05daa884ec9a26d68371538b4fa 8b5a2e91b56e421daa84bcf5d91a809d - - default default] 10.0.0.107 "GET /v2.0/networks HTTP/1.1" status: 200 len: 2350 time: 0.0567696
2026-06-30 19:26:29.830 10 INFO neutron.wsgi [-] 10.0.0.140 "GET / HTTP/1.1" status: 200 len: 246 time: 0.0018373
2026-06-30 19:26:29.831 9 INFO neutron.wsgi [-] 10.0.0.140 "GET / HTTP/1.1" status: 200 len: 246 time: 0.0026567
2026-06-30 19:26:44.832 10 INFO neutron.wsgi [-] 10.0.0.140 "GET / HTTP/1.1" status: 200 len: 246 time: 0.0028377
2026-06-30 19:26:44.835 10 INFO neutron.wsgi [-] 10.0.0.140 "GET / HTTP/1.1" status: 200 len: 246 time: 0.0014005
2026-06-30 19:26:59.833 10 INFO neutron.wsgi [-] 10.0.0.140 "GET / HTTP/1.1" status: 200 len: 246 time: 0.0016820
2026-06-30 19:26:59.839 10 INFO neutron.wsgi [-] 10.0.0.140 "GET / HTTP/1.1" status: 200 len: 246 time: 0.0015461
2026-06-30 19:27:14.831 10 INFO neutron.wsgi [-] 10.0.0.140 "GET / HTTP/1.1" status: 200 len: 246 time: 0.0021875
2026-06-30 19:27:14.831 9 INFO neutron.wsgi [-] 10.0.0.140 "GET / HTTP/1.1" status: 200 len: 246 time: 0.0023510
2026-06-30 19:27:20.309 9 INFO neutron.wsgi [None req-33819d7b-80ab-458e-beaa-7152f794970c 6d56b05daa884ec9a26d68371538b4fa 8b5a2e91b56e421daa84bcf5d91a809d - - default default] 10.0.0.107 "GET /v2.0/subnets HTTP/1.1" status: 200 len: 1437 time: 0.0877292
2026-06-30 19:27:20.337 9 INFO neutron.wsgi [None req-b54ed1b9-85ab-40e9-86af-64420795b730 6d56b05daa884ec9a26d68371538b4fa 8b5a2e91b56e421daa84bcf5d91a809d - - default default] 10.0.0.107 "GET /v2.0/floatingips HTTP/1.1" status: 200 len: 193 time: 0.0263929
2026-06-30 19:27:20.370 9 INFO neutron.wsgi [None req-e7fa15a8-4bf4-471c-9a8e-5ac4aba2aaa9 6d56b05daa884ec9a26d68371538b4fa 8b5a2e91b56e421daa84bcf5d91a809d - - default default] 10.0.0.107 "GET /v2.0/ports HTTP/1.1" status: 200 len: 5255 time: 0.0315900
2026-06-30 19:27:20.403 9 INFO neutron.wsgi [None req-db5d25cb-99a0-4755-96a8-110b452abd66 6d56b05daa884ec9a26d68371538b4fa 8b5a2e91b56e421daa84bcf5d91a809d - - default default] 10.0.0.107 "GET /v2.0/routers HTTP/1.1" status: 200 len: 189 time: 0.0232852
2026-06-30 19:27:20.438 9 INFO neutron.wsgi [None req-730d264a-7d35-4474-b654-6df42f9dcc92 6d56b05daa884ec9a26d68371538b4fa 8b5a2e91b56e421daa84bcf5d91a809d - - default default] 10.0.0.107 "GET /v2.0/agents?binary=ovn-controller HTTP/1.1" status: 200 len: 591 time: 0.0345275
2026-06-30 19:27:20.455 9 INFO neutron.wsgi [None req-864e9ff2-7dc8-4f74-9fee-1e60a0a2aebe 6d56b05daa884ec9a26d68371538b4fa 8b5a2e91b56e421daa84bcf5d91a809d - - default default] 10.0.0.107 "GET /v2.0/agents HTTP/1.1" status: 200 len: 997 time: 0.0159461
2026-06-30 19:27:20.481 9 INFO neutron.wsgi [None req-ecb92cbe-3c6e-48d3-99fb-5d1ab6a55d55 6d56b05daa884ec9a26d68371538b4fa 8b5a2e91b56e421daa84bcf5d91a809d - - default default] 10.0.0.107 "GET /v2.0/network-ip-availabilities HTTP/1.1" status: 200 len: 1280 time: 0.0247314
2026-06-30 19:27:20.531 9 INFO neutron.wsgi [None req-2dfbd301-39f9-44b5-8410-2d118c01d9c5 6d56b05daa884ec9a26d68371538b4fa 8b5a2e91b56e421daa84bcf5d91a809d - - default default] 10.0.0.107 "GET /v2.0/subnets HTTP/1.1" status: 200 len: 1437 time: 0.0468833
2026-06-30 19:27:20.545 9 INFO neutron.wsgi [None req-ce2fb5e9-6fb1-43ae-9432-4f1704305b57 6d56b05daa884ec9a26d68371538b4fa 8b5a2e91b56e421daa84bcf5d91a809d - - default default] 10.0.0.107 "GET /v2.0/subnetpools HTTP/1.1" status: 200 len: 193 time: 0.0132210
2026-06-30 19:27:20.619 9 INFO neutron.wsgi [None req-a83835bf-4204-41a4-92a6-41edc33987a5 6d56b05daa884ec9a26d68371538b4fa 8b5a2e91b56e421daa84bcf5d91a809d - - default default] 10.0.0.107 "GET /v2.0/networks HTTP/1.1" status: 200 len: 2350 time: 0.0717840
2026-06-30 19:27:20.678 9 INFO neutron.wsgi [None req-08ff3980-5d0b-4db0-b0b4-5adebeb24904 6d56b05daa884ec9a26d68371538b4fa 8b5a2e91b56e421daa84bcf5d91a809d - - default default] 10.0.0.107 "GET /v2.0/security-groups HTTP/1.1" status: 200 len: 16803 time: 0.0569444
2026-06-30 19:27:29.830 10 INFO neutron.wsgi [-] 10.0.0.140 "GET / HTTP/1.1" status: 200 len: 246 time: 0.0018210
2026-06-30 19:27:29.830 9 INFO neutron.wsgi [-] 10.0.0.140 "GET / HTTP/1.1" status: 200 len: 246 time: 0.0018685
2026-06-30 19:27:44.831 9 INFO neutron.wsgi [-] 10.0.0.140 "GET / HTTP/1.1" status: 200 len: 246 time: 0.0021434
2026-06-30 19:27:44.832 10 INFO neutron.wsgi [-] 10.0.0.140 "GET / HTTP/1.1" status: 200 len: 246 time: 0.0030944
2026-06-30 19:27:59.832 10 INFO neutron.wsgi [-] 10.0.0.140 "GET / HTTP/1.1" status: 200 len: 246 time: 0.0031631
2026-06-30 19:27:59.833 9 INFO neutron.wsgi [-] 10.0.0.140 "GET / HTTP/1.1" status: 200 len: 246 time: 0.0040295
2026-06-30 19:28:14.830 10 INFO neutron.wsgi [-] 10.0.0.140 "GET / HTTP/1.1" status: 200 len: 246 time: 0.0016410
2026-06-30 19:28:14.830 9 INFO neutron.wsgi [-] 10.0.0.140 "GET / HTTP/1.1" status: 200 len: 246 time: 0.0017092
2026-06-30 19:28:20.333 9 INFO neutron.wsgi [None req-30249d64-c156-43d4-8ecd-cb69620881e3 6d56b05daa884ec9a26d68371538b4fa 8b5a2e91b56e421daa84bcf5d91a809d - - default default] 10.0.0.107 "GET /v2.0/floatingips HTTP/1.1" status: 200 len: 193 time: 0.1174812
2026-06-30 19:28:20.366 9 INFO neutron.wsgi [None req-7abef77a-203a-49d6-8d2c-fea5f0a45730 6d56b05daa884ec9a26d68371538b4fa 8b5a2e91b56e421daa84bcf5d91a809d - - default default] 10.0.0.107 "GET /v2.0/subnets HTTP/1.1" status: 200 len: 1437 time: 0.0317037
2026-06-30 19:28:20.395 9 INFO neutron.wsgi [None req-3156403b-f685-4870-90d4-ca1ff7ee81b3 6d56b05daa884ec9a26d68371538b4fa 8b5a2e91b56e421daa84bcf5d91a809d - - default default] 10.0.0.107 "GET /v2.0/ports HTTP/1.1" status: 200 len: 5255 time: 0.0282128
2026-06-30 19:28:20.415 9 INFO neutron.wsgi [None req-99481ea3-df77-421f-9793-cb57c07fd211 6d56b05daa884ec9a26d68371538b4fa 8b5a2e91b56e421daa84bcf5d91a809d - - default default] 10.0.0.107 "GET /v2.0/network-ip-availabilities HTTP/1.1" status: 200 len: 1280 time: 0.0142076
2026-06-30 19:28:20.444 9 INFO neutron.wsgi [None req-0daea35d-2cf9-425d-8598-396a9eb2b00c 6d56b05daa884ec9a26d68371538b4fa 8b5a2e91b56e421daa84bcf5d91a809d - - default default] 10.0.0.107 "GET /v2.0/subnets HTTP/1.1" status: 200 len: 1437 time: 0.0282831
2026-06-30 19:28:20.457 9 INFO neutron.wsgi [None req-621e2a1a-92d7-4254-b5a2-b156be7382fd 6d56b05daa884ec9a26d68371538b4fa 8b5a2e91b56e421daa84bcf5d91a809d - - default default] 10.0.0.107 "GET /v2.0/subnetpools HTTP/1.1" status: 200 len: 193 time: 0.0110495
2026-06-30 19:28:20.522 9 INFO neutron.wsgi [None req-c40d509c-8973-45ce-b33a-73ef3b6afe10 6d56b05daa884ec9a26d68371538b4fa 8b5a2e91b56e421daa84bcf5d91a809d - - default default] 10.0.0.107 "GET /v2.0/networks HTTP/1.1" status: 200 len: 2350 time: 0.0641477
2026-06-30 19:28:20.578 9 INFO neutron.wsgi [None req-1e159112-6aa9-4822-9757-caff676af0dc 6d56b05daa884ec9a26d68371538b4fa 8b5a2e91b56e421daa84bcf5d91a809d - - default default] 10.0.0.107 "GET /v2.0/security-groups HTTP/1.1" status: 200 len: 16803 time: 0.0540638
2026-06-30 19:28:20.607 9 INFO neutron.wsgi [None req-3de40bb3-9aaf-473a-b844-052d6aaf1a6b 6d56b05daa884ec9a26d68371538b4fa 8b5a2e91b56e421daa84bcf5d91a809d - - default default] 10.0.0.107 "GET /v2.0/routers HTTP/1.1" status: 200 len: 189 time: 0.0243242
2026-06-30 19:28:20.636 9 INFO neutron.wsgi [None req-dede52bb-26c3-43c0-b055-0af4d704e41b 6d56b05daa884ec9a26d68371538b4fa 8b5a2e91b56e421daa84bcf5d91a809d - - default default] 10.0.0.107 "GET /v2.0/agents?binary=ovn-controller HTTP/1.1" status: 200 len: 591 time: 0.0277431
2026-06-30 19:28:20.645 9 INFO neutron.wsgi [None req-b98a25c9-230d-4b3b-b13c-2a04118ced5b 6d56b05daa884ec9a26d68371538b4fa 8b5a2e91b56e421daa84bcf5d91a809d - - default default] 10.0.0.107 "GET /v2.0/agents HTTP/1.1" status: 200 len: 997 time: 0.0085709
2026-06-30 19:28:29.831 10 INFO neutron.wsgi [-] 10.0.0.140 "GET / HTTP/1.1" status: 200 len: 246 time: 0.0024004
2026-06-30 19:28:29.838 9 INFO neutron.wsgi [-] 10.0.0.140 "GET / HTTP/1.1" status: 200 len: 246 time: 0.0027728
2026-06-30 19:28:44.832 9 INFO neutron.wsgi [-] 10.0.0.140 "GET / HTTP/1.1" status: 200 len: 246 time: 0.0033331
2026-06-30 19:28:44.832 10 INFO neutron.wsgi [-] 10.0.0.140 "GET / HTTP/1.1" status: 200 len: 246 time: 0.0035448
2026-06-30 19:28:59.832 10 INFO neutron.wsgi [-] 10.0.0.140 "GET / HTTP/1.1" status: 200 len: 246 time: 0.0033267
2026-06-30 19:28:59.836 10 INFO neutron.wsgi [-] 10.0.0.140 "GET / HTTP/1.1" status: 200 len: 246 time: 0.0022230