2026-06-30 19:19:10.860 10 INFO neutron.wsgi [None req-0e7dd343-3731-4ab7-868f-e5d1942ba6f7 6612f6ab133a46d18acfe908e9515fd6 bae715bccaf940ca84a85248dafb96a4 - - - -] 10.0.0.232 "DELETE /v2.0/subnets/a0b2259b-c667-4747-9410-42d3f6988e36 HTTP/1.1" status: 404 len: 337 time: 0.0390265
2026-06-30 19:19:10.904 10 INFO neutron.wsgi [req-64ff0a83-71c2-4219-94a5-6e453f658076 req-46355d20-7200-4afb-81c3-95c3ceefc974 eff23f8a1364407d8b3a970c8fb0a198 9e87a226553f4b4a821d76fca7e776bc - - bbc4d2f7230e43ac89655b01cd30e2b7 bbc4d2f7230e43ac89655b01cd30e2b7] 199.19.213.147 "GET /v2.0/networks/76568d9a-7107-4786-9391-6c9bfd215eeb?fields=segments HTTP/1.1" status: 200 len: 212 time: 0.0919905
2026-06-30 19:19:10.966 9 INFO neutron.db.ovn_revision_numbers_db [None req-6dc4049a-f66d-4374-a862-3c430825c663 c8f28a6e0ca64f46b1e06f57b68ce95d ae461f65b4134d8da42b220815e79082 - - - -] Successfully bumped revision number for resource bd9b2075-c677-424c-9ef3-61b859b34e5a (type: ports) to 1
2026-06-30 19:19:10.994 10 INFO neutron.wsgi [req-64ff0a83-71c2-4219-94a5-6e453f658076 req-f009c0c0-8e7f-4328-b0a3-5650bd81131b eff23f8a1364407d8b3a970c8fb0a198 9e87a226553f4b4a821d76fca7e776bc - - bbc4d2f7230e43ac89655b01cd30e2b7 bbc4d2f7230e43ac89655b01cd30e2b7] 199.19.213.147 "GET /v2.0/networks/76568d9a-7107-4786-9391-6c9bfd215eeb?fields=provider%3Aphysical_network&fields=provider%3Anetwork_type HTTP/1.1" status: 200 len: 277 time: 0.0820680
2026-06-30 19:19:11.634 9 INFO neutron.db.ovn_revision_numbers_db [None req-6dc4049a-f66d-4374-a862-3c430825c663 c8f28a6e0ca64f46b1e06f57b68ce95d ae461f65b4134d8da42b220815e79082 - - - -] Successfully bumped revision number for resource bd9b2075-c677-424c-9ef3-61b859b34e5a (type: router_ports) to 1
2026-06-30 19:19:11.702 9 INFO neutron.db.ovn_revision_numbers_db [None req-6dc4049a-f66d-4374-a862-3c430825c663 c8f28a6e0ca64f46b1e06f57b68ce95d ae461f65b4134d8da42b220815e79082 - - - -] Successfully bumped revision number for resource d9d8ce58-989d-40f1-9b31-1ad14fa1e8f4 (type: routers) to 3
2026-06-30 19:19:11.717 9 INFO neutron.wsgi [None req-6dc4049a-f66d-4374-a862-3c430825c663 c8f28a6e0ca64f46b1e06f57b68ce95d ae461f65b4134d8da42b220815e79082 - - - -] 10.0.0.232 "POST /v2.0/routers HTTP/1.1" status: 201 len: 871 time: 2.2306268
2026-06-30 19:19:11.809 9 INFO neutron.wsgi [None req-f7e08177-c5b0-4664-826c-2ad3c7be1335 c8f28a6e0ca64f46b1e06f57b68ce95d ae461f65b4134d8da42b220815e79082 - - default default] 10.0.0.232 "GET /v2.0/routers/d9d8ce58-989d-40f1-9b31-1ad14fa1e8f4 HTTP/1.1" status: 200 len: 872 time: 0.0868351
2026-06-30 19:19:12.147 10 INFO neutron.wsgi [None req-ce3a5eae-3199-4e63-9e2c-70fd24a10e5b 6d56b05daa884ec9a26d68371538b4fa 8b5a2e91b56e421daa84bcf5d91a809d - - default default] 10.0.0.232 "GET /v2.0/security-groups?tenant_id=bae715bccaf940ca84a85248dafb96a4&name=default HTTP/1.1" status: 200 len: 2996 time: 0.2669010
2026-06-30 19:19:12.197 9 INFO neutron.wsgi [None req-f0c297ad-8e8b-49a6-9fe8-9825b3e6c7ea c8f28a6e0ca64f46b1e06f57b68ce95d ae461f65b4134d8da42b220815e79082 - - default default] 10.0.0.232 "GET /v2.0/routers HTTP/1.1" status: 200 len: 875 time: 0.3840723
2026-06-30 19:19:12.690 9 WARNING neutron.plugins.ml2.drivers.ovn.mech_driver.ovsdb.ovn_client [None req-a066a905-fa80-415a-9414-a6e9dbe1c238 - - - - - -] No port found with ID 89cf59a1-2531-4003-909c-a8d8301345f7: RuntimeError: No port found with ID 89cf59a1-2531-4003-909c-a8d8301345f7
2026-06-30 19:19:12.691 9 INFO neutron.plugins.ml2.drivers.ovn.mech_driver.mech_driver [None req-a066a905-fa80-415a-9414-a6e9dbe1c238 - - - - - -] OVN reports status up for port: bd9b2075-c677-424c-9ef3-61b859b34e5a
2026-06-30 19:19:12.693 9 INFO neutron.db.ovn_revision_numbers_db [None req-953091b0-3cc8-49ac-ae33-98ecd0027d84 0e624770bebf468c8055eeca94dce4ab 5f9137e59f154760a26921273112396d - - - -] Successfully bumped revision number for resource 9cd962ff-89d5-4319-9e10-7713f67d963c (type: security_groups) to 1
2026-06-30 19:19:12.699 9 INFO neutron.plugins.ml2.plugin [None req-a066a905-fa80-415a-9414-a6e9dbe1c238 - - - - - -] Attempt 1 to provision port bd9b2075-c677-424c-9ef3-61b859b34e5a
2026-06-30 19:19:12.759 10 INFO neutron.wsgi [None req-c9320a96-96ae-45ba-bc7a-b4cf5d214884 6d56b05daa884ec9a26d68371538b4fa 8b5a2e91b56e421daa84bcf5d91a809d - - - -] 10.0.0.232 "DELETE /v2.0/security-groups/ef9b6fb3-f569-45de-ad8b-00f5947bec23 HTTP/1.1" status: 204 len: 168 time: 0.6068747
2026-06-30 19:19:12.796 9 INFO neutron.db.ovn_revision_numbers_db [None req-953091b0-3cc8-49ac-ae33-98ecd0027d84 0e624770bebf468c8055eeca94dce4ab 5f9137e59f154760a26921273112396d - - - -] Successfully bumped revision number for resource eb97abad-58a7-4814-897b-3c44bc8a851c (type: security_groups) to 1
2026-06-30 19:19:12.819 9 INFO neutron.wsgi [None req-953091b0-3cc8-49ac-ae33-98ecd0027d84 0e624770bebf468c8055eeca94dce4ab 5f9137e59f154760a26921273112396d - - - -] 10.0.0.232 "POST /v2.0/security-groups HTTP/1.1" status: 201 len: 1737 time: 0.3006864
2026-06-30 19:19:12.870 10 INFO neutron.wsgi [None req-2ac66a9d-5ba1-45a5-b33f-0b839d943354 0e624770bebf468c8055eeca94dce4ab 5f9137e59f154760a26921273112396d - - - -] 10.0.0.232 "PUT /v2.0/security-groups/eb97abad-58a7-4814-897b-3c44bc8a851c/tags HTTP/1.1" status: 200 len: 218 time: 0.0463133
2026-06-30 19:19:12.912 9 INFO neutron.wsgi [None req-15618b07-d5de-4b0d-8a4f-36f009e8ef94 0e624770bebf468c8055eeca94dce4ab 5f9137e59f154760a26921273112396d - - default default] 10.0.0.232 "GET /v2.0/security-groups/eb97abad-58a7-4814-897b-3c44bc8a851c/tags HTTP/1.1" status: 200 len: 218 time: 0.0362215
2026-06-30 19:19:12.960 9 INFO neutron.wsgi [None req-8bcd4f29-0b10-4e9f-b0dc-243b111f5544 0e624770bebf468c8055eeca94dce4ab 5f9137e59f154760a26921273112396d - - - -] 10.0.0.232 "PUT /v2.0/security-groups/eb97abad-58a7-4814-897b-3c44bc8a851c/tags/green HTTP/1.1" status: 201 len: 201 time: 0.0432980
2026-06-30 19:19:12.990 9 INFO neutron.wsgi [None req-c5cdff4f-deca-47fc-bbe4-2e46e516faf1 0e624770bebf468c8055eeca94dce4ab 5f9137e59f154760a26921273112396d - - default default] 10.0.0.232 "GET /v2.0/security-groups/eb97abad-58a7-4814-897b-3c44bc8a851c/tags HTTP/1.1" status: 200 len: 227 time: 0.0218396
2026-06-30 19:19:13.015 10 INFO neutron.wsgi [None req-5720737c-dc80-4a15-875a-4ee7a92744e9 0e624770bebf468c8055eeca94dce4ab 5f9137e59f154760a26921273112396d - - - -] 10.0.0.232 "PUT /v2.0/security-groups/eb97abad-58a7-4814-897b-3c44bc8a851c/tags/red HTTP/1.1" status: 201 len: 201 time: 0.0202141
2026-06-30 19:19:13.018 10 INFO neutron.db.ovn_revision_numbers_db [None req-e0120ff7-edfd-4ea9-a267-698caa3fce87 c8f28a6e0ca64f46b1e06f57b68ce95d ae461f65b4134d8da42b220815e79082 - - - -] Successfully bumped revision number for resource d9d8ce58-989d-40f1-9b31-1ad14fa1e8f4 (type: routers) to 4
2026-06-30 19:19:13.021 10 INFO neutron.wsgi [None req-e0120ff7-edfd-4ea9-a267-698caa3fce87 c8f28a6e0ca64f46b1e06f57b68ce95d ae461f65b4134d8da42b220815e79082 - - - -] 10.0.0.232 "PUT /v2.0/routers/d9d8ce58-989d-40f1-9b31-1ad14fa1e8f4 HTTP/1.1" status: 200 len: 879 time: 0.8164062
2026-06-30 19:19:13.038 9 INFO neutron.wsgi [None req-88335a28-df5d-4bce-945b-6ece2d780de5 0e624770bebf468c8055eeca94dce4ab 5f9137e59f154760a26921273112396d - - default default] 10.0.0.232 "GET /v2.0/security-groups/eb97abad-58a7-4814-897b-3c44bc8a851c/tags HTTP/1.1" status: 200 len: 227 time: 0.0178685
2026-06-30 19:19:13.084 9 INFO neutron.db.ovn_revision_numbers_db [None req-61a89ea3-3524-42b5-be7d-192caa05118f 6d56b05daa884ec9a26d68371538b4fa 8b5a2e91b56e421daa84bcf5d91a809d - - default default] Successfully bumped revision number for resource 31f02154-ccd7-4930-be18-f4c7768cbe3d (type: security_groups) to 1
2026-06-30 19:19:13.106 10 INFO neutron.wsgi [None req-9c59da9c-cd52-47b9-ac46-eeba42d7ebe4 c8f28a6e0ca64f46b1e06f57b68ce95d ae461f65b4134d8da42b220815e79082 - - default default] 10.0.0.232 "GET /v2.0/routers/d9d8ce58-989d-40f1-9b31-1ad14fa1e8f4 HTTP/1.1" status: 200 len: 879 time: 0.0792992
2026-06-30 19:19:13.106 9 INFO neutron.wsgi [None req-0fd74d9c-c7c0-49d6-bafd-5df998c143c5 0e624770bebf468c8055eeca94dce4ab 5f9137e59f154760a26921273112396d - - - -] 10.0.0.232 "PUT /v2.0/security-groups/eb97abad-58a7-4814-897b-3c44bc8a851c/tags/black.or.white HTTP/1.1" status: 201 len: 201 time: 0.0612369
2026-06-30 19:19:13.123 9 INFO neutron.wsgi [None req-61a89ea3-3524-42b5-be7d-192caa05118f 6d56b05daa884ec9a26d68371538b4fa 8b5a2e91b56e421daa84bcf5d91a809d - - default default] 10.0.0.232 "GET /v2.0/security-groups?tenant_id=e320d784d37b4bd0aecad723073b6b82&name=default HTTP/1.1" status: 200 len: 2996 time: 0.2458351
2026-06-30 19:19:13.144 10 INFO neutron.wsgi [None req-098e35de-7b00-4411-84d0-055b1a2a5bc3 0e624770bebf468c8055eeca94dce4ab 5f9137e59f154760a26921273112396d - - default default] 10.0.0.232 "GET /v2.0/security-groups/eb97abad-58a7-4814-897b-3c44bc8a851c/tags HTTP/1.1" status: 200 len: 245 time: 0.0283082
2026-06-30 19:19:13.149 10 INFO neutron.wsgi [None req-2971f465-7139-4fd6-942b-dbcc98c1761e c8f28a6e0ca64f46b1e06f57b68ce95d ae461f65b4134d8da42b220815e79082 - - default default] 10.0.0.232 "GET /v2.0/ports?device_id=d9d8ce58-989d-40f1-9b31-1ad14fa1e8f4 HTTP/1.1" status: 200 len: 205 time: 0.0341232
2026-06-30 19:19:13.194 9 INFO neutron.wsgi [None req-f035f657-a28a-46dc-abd4-e7f0e5f34472 0e624770bebf468c8055eeca94dce4ab 5f9137e59f154760a26921273112396d - - - -] 10.0.0.232 "PUT /v2.0/security-groups/eb97abad-58a7-4814-897b-3c44bc8a851c/tags HTTP/1.1" status: 200 len: 230 time: 0.0442019
2026-06-30 19:19:13.216 9 INFO neutron.wsgi [None req-8675da71-b9f8-41c6-98e2-d3d953097fb3 0e624770bebf468c8055eeca94dce4ab 5f9137e59f154760a26921273112396d - - default default] 10.0.0.232 "GET /v2.0/security-groups/eb97abad-58a7-4814-897b-3c44bc8a851c/tags HTTP/1.1" status: 200 len: 230 time: 0.0162573
2026-06-30 19:19:13.237 9 INFO neutron.wsgi [None req-88b43221-9a6c-4fa6-b4b4-dad296bc6816 0e624770bebf468c8055eeca94dce4ab 5f9137e59f154760a26921273112396d - - default default] 10.0.0.232 "GET /v2.0/security-groups/eb97abad-58a7-4814-897b-3c44bc8a851c/tags/red HTTP/1.1" status: 204 len: 168 time: 0.0144675
2026-06-30 19:19:13.256 9 INFO neutron.api.v2.resource [None req-6e298ba2-a7dc-4dda-a0d1-78a0a69c543e 0e624770bebf468c8055eeca94dce4ab 5f9137e59f154760a26921273112396d - - default default] show failed (client error): The resource could not be found.
2026-06-30 19:19:13.259 9 INFO neutron.wsgi [None req-6e298ba2-a7dc-4dda-a0d1-78a0a69c543e 0e624770bebf468c8055eeca94dce4ab 5f9137e59f154760a26921273112396d - - default default] 10.0.0.232 "GET /v2.0/security-groups/eb97abad-58a7-4814-897b-3c44bc8a851c/tags/green HTTP/1.1" status: 404 len: 299 time: 0.0167675
2026-06-30 19:19:13.303 9 INFO neutron.wsgi [None req-c118ba64-cd88-4185-b268-a2d3794a552b 0e624770bebf468c8055eeca94dce4ab 5f9137e59f154760a26921273112396d - - - -] 10.0.0.232 "DELETE /v2.0/security-groups/eb97abad-58a7-4814-897b-3c44bc8a851c/tags/red HTTP/1.1" status: 204 len: 168 time: 0.0379632
2026-06-30 19:19:13.326 9 INFO neutron.wsgi [None req-02b22167-fa27-47cb-a913-f350315a85a5 0e624770bebf468c8055eeca94dce4ab 5f9137e59f154760a26921273112396d - - default default] 10.0.0.232 "GET /v2.0/security-groups/eb97abad-58a7-4814-897b-3c44bc8a851c/tags HTTP/1.1" status: 200 len: 223 time: 0.0154424
2026-06-30 19:19:13.355 9 INFO neutron.api.v2.resource [None req-4d359d8b-73a7-454c-aa0f-1c23c17c4b74 0e624770bebf468c8055eeca94dce4ab 5f9137e59f154760a26921273112396d - - - -] delete failed (client error): The resource could not be found.
2026-06-30 19:19:13.358 9 INFO neutron.wsgi [None req-4d359d8b-73a7-454c-aa0f-1c23c17c4b74 0e624770bebf468c8055eeca94dce4ab 5f9137e59f154760a26921273112396d - - - -] 10.0.0.232 "DELETE /v2.0/security-groups/eb97abad-58a7-4814-897b-3c44bc8a851c/tags/green HTTP/1.1" status: 404 len: 299 time: 0.0242851
2026-06-30 19:19:13.390 9 INFO neutron.wsgi [None req-43b70bc8-4f2b-4302-bd07-93ac7acf6a85 0e624770bebf468c8055eeca94dce4ab 5f9137e59f154760a26921273112396d - - - -] 10.0.0.232 "DELETE /v2.0/security-groups/eb97abad-58a7-4814-897b-3c44bc8a851c/tags HTTP/1.1" status: 204 len: 168 time: 0.0280612
2026-06-30 19:19:13.413 10 INFO neutron.wsgi [None req-8e5dd7ea-2d06-488f-9c79-f4dc23526e69 0e624770bebf468c8055eeca94dce4ab 5f9137e59f154760a26921273112396d - - default default] 10.0.0.232 "GET /v2.0/security-groups/eb97abad-58a7-4814-897b-3c44bc8a851c/tags HTTP/1.1" status: 200 len: 205 time: 0.0157330
2026-06-30 19:19:13.421 10 INFO neutron.wsgi [None req-25293cf1-833b-4885-8ded-5d5605932953 6d56b05daa884ec9a26d68371538b4fa 8b5a2e91b56e421daa84bcf5d91a809d - - - -] 10.0.0.232 "DELETE /v2.0/security-groups/31f02154-ccd7-4930-be18-f4c7768cbe3d HTTP/1.1" status: 204 len: 168 time: 0.2926970
2026-06-30 19:19:13.551 9 INFO neutron.wsgi [None req-08616f63-6631-430e-a10b-e607e4670549 0e624770bebf468c8055eeca94dce4ab 5f9137e59f154760a26921273112396d - - - -] 10.0.0.232 "DELETE /v2.0/security-groups/eb97abad-58a7-4814-897b-3c44bc8a851c HTTP/1.1" status: 204 len: 168 time: 0.1298332
2026-06-30 19:19:13.677 9 INFO neutron.db.ovn_revision_numbers_db [None req-7a1576d3-6db8-4096-9e5d-123ed891a342 6d56b05daa884ec9a26d68371538b4fa 8b5a2e91b56e421daa84bcf5d91a809d - - default default] Successfully bumped revision number for resource c7829f3a-9703-461b-a7e9-f90d6af50404 (type: security_groups) to 1
2026-06-30 19:19:13.700 9 INFO neutron.wsgi [None req-7a1576d3-6db8-4096-9e5d-123ed891a342 6d56b05daa884ec9a26d68371538b4fa 8b5a2e91b56e421daa84bcf5d91a809d - - default default] 10.0.0.232 "GET /v2.0/security-groups?tenant_id=1743568160ec45d5a57f8130b964bf1f&name=default HTTP/1.1" status: 200 len: 2996 time: 0.1249235
2026-06-30 19:19:13.824 10 INFO neutron.wsgi [None req-abf44a7b-206f-4180-bca1-4af64f276972 c8f28a6e0ca64f46b1e06f57b68ce95d ae461f65b4134d8da42b220815e79082 - - - -] 10.0.0.232 "DELETE /v2.0/routers/d9d8ce58-989d-40f1-9b31-1ad14fa1e8f4 HTTP/1.1" status: 204 len: 168 time: 0.6686566
2026-06-30 19:19:13.863 9 INFO neutron.wsgi [None req-007cca56-b060-48b6-9737-9607435160e5 c8f28a6e0ca64f46b1e06f57b68ce95d ae461f65b4134d8da42b220815e79082 - - default default] 10.0.0.232 "GET /v2.0/ports?device_id=d9d8ce58-989d-40f1-9b31-1ad14fa1e8f4 HTTP/1.1" status: 200 len: 205 time: 0.0278754
2026-06-30 19:19:13.895 9 INFO neutron.api.v2.resource [None req-e2b1d802-cd67-4967-8bd7-8ebb6a3c289e c8f28a6e0ca64f46b1e06f57b68ce95d ae461f65b4134d8da42b220815e79082 - - - -] delete failed (client error): The resource could not be found.
2026-06-30 19:19:13.896 9 INFO neutron.wsgi [None req-e2b1d802-cd67-4967-8bd7-8ebb6a3c289e c8f28a6e0ca64f46b1e06f57b68ce95d ae461f65b4134d8da42b220815e79082 - - - -] 10.0.0.232 "DELETE /v2.0/routers/d9d8ce58-989d-40f1-9b31-1ad14fa1e8f4 HTTP/1.1" status: 404 len: 336 time: 0.0285847
2026-06-30 19:19:13.925 9 INFO neutron.wsgi [None req-94500055-6da6-4f41-af3d-9b88ab9493b0 c8f28a6e0ca64f46b1e06f57b68ce95d ae461f65b4134d8da42b220815e79082 - - default default] 10.0.0.232 "GET /v2.0/ports?device_id=acf18c7d-7ce3-40d6-81b7-051b7a447c1f HTTP/1.1" status: 200 len: 205 time: 0.0237613
2026-06-30 19:19:13.933 10 INFO neutron.wsgi [None req-4c66a971-a04f-4522-9163-ec6ba706c540 6d56b05daa884ec9a26d68371538b4fa 8b5a2e91b56e421daa84bcf5d91a809d - - - -] 10.0.0.232 "DELETE /v2.0/security-groups/c7829f3a-9703-461b-a7e9-f90d6af50404 HTTP/1.1" status: 204 len: 168 time: 0.2263677
2026-06-30 19:19:13.957 9 INFO neutron.api.v2.resource [None req-07552a01-09ac-4954-b098-a1445ca8297f c8f28a6e0ca64f46b1e06f57b68ce95d ae461f65b4134d8da42b220815e79082 - - - -] delete failed (client error): The resource could not be found.
2026-06-30 19:19:13.959 9 INFO neutron.wsgi [None req-07552a01-09ac-4954-b098-a1445ca8297f c8f28a6e0ca64f46b1e06f57b68ce95d ae461f65b4134d8da42b220815e79082 - - - -] 10.0.0.232 "DELETE /v2.0/routers/acf18c7d-7ce3-40d6-81b7-051b7a447c1f HTTP/1.1" status: 404 len: 336 time: 0.0283406
2026-06-30 19:19:13.988 9 INFO neutron.pecan_wsgi.hooks.translation [None req-cd5b63a1-d399-43ca-83a3-fa218cea91f7 c8f28a6e0ca64f46b1e06f57b68ce95d ae461f65b4134d8da42b220815e79082 - - - -] DELETE failed (client error): The resource could not be found.
2026-06-30 19:19:13.992 9 INFO neutron.wsgi [None req-cd5b63a1-d399-43ca-83a3-fa218cea91f7 c8f28a6e0ca64f46b1e06f57b68ce95d ae461f65b4134d8da42b220815e79082 - - - -] 10.0.0.232 "DELETE /v2.0/subnets/950a155b-ac98-4b59-9120-873ce60e7d92 HTTP/1.1" status: 404 len: 337 time: 0.0284572
2026-06-30 19:19:14.028 9 INFO neutron.wsgi [None req-9b9984c7-2458-4e2f-b894-e39c2e6e787c c8f28a6e0ca64f46b1e06f57b68ce95d ae461f65b4134d8da42b220815e79082 - - default default] 10.0.0.232 "GET /v2.0/ports?device_id=ae061941-4246-49d4-a918-cb2eb5e13e18 HTTP/1.1" status: 200 len: 205 time: 0.0312798
2026-06-30 19:19:14.071 9 INFO neutron.api.v2.resource [None req-65acd12f-6915-48aa-b85c-96a3bf372379 c8f28a6e0ca64f46b1e06f57b68ce95d ae461f65b4134d8da42b220815e79082 - - - -] delete failed (client error): The resource could not be found.
2026-06-30 19:19:14.073 9 INFO neutron.wsgi [None req-65acd12f-6915-48aa-b85c-96a3bf372379 c8f28a6e0ca64f46b1e06f57b68ce95d ae461f65b4134d8da42b220815e79082 - - - -] 10.0.0.232 "DELETE /v2.0/routers/ae061941-4246-49d4-a918-cb2eb5e13e18 HTTP/1.1" status: 404 len: 336 time: 0.0382011
2026-06-30 19:19:14.105 10 INFO neutron.pecan_wsgi.hooks.translation [None req-e5dc8771-8bc6-47fc-b463-5d381e5016af c8f28a6e0ca64f46b1e06f57b68ce95d ae461f65b4134d8da42b220815e79082 - - - -] DELETE failed (client error): The resource could not be found.
2026-06-30 19:19:14.108 10 INFO neutron.wsgi [None req-e5dc8771-8bc6-47fc-b463-5d381e5016af c8f28a6e0ca64f46b1e06f57b68ce95d ae461f65b4134d8da42b220815e79082 - - - -] 10.0.0.232 "DELETE /v2.0/subnets/299b8716-640b-4675-8c2f-541d206d83c5 HTTP/1.1" status: 404 len: 337 time: 0.0256495
2026-06-30 19:19:14.133 10 INFO neutron.wsgi [None req-dee36756-916d-46bb-9298-77baf3c28451 c8f28a6e0ca64f46b1e06f57b68ce95d ae461f65b4134d8da42b220815e79082 - - default default] 10.0.0.232 "GET /v2.0/ports?device_id=25326762-c2bf-48be-bf71-f005656cd236 HTTP/1.1" status: 200 len: 205 time: 0.0195751
2026-06-30 19:19:14.165 10 INFO neutron.api.v2.resource [None req-5e7d7a4a-39eb-4d19-9885-d54890a3bc50 c8f28a6e0ca64f46b1e06f57b68ce95d ae461f65b4134d8da42b220815e79082 - - - -] delete failed (client error): The resource could not be found.
2026-06-30 19:19:14.167 10 INFO neutron.wsgi [None req-5e7d7a4a-39eb-4d19-9885-d54890a3bc50 c8f28a6e0ca64f46b1e06f57b68ce95d ae461f65b4134d8da42b220815e79082 - - - -] 10.0.0.232 "DELETE /v2.0/routers/25326762-c2bf-48be-bf71-f005656cd236 HTTP/1.1" status: 404 len: 336 time: 0.0289545
2026-06-30 19:19:14.189 10 INFO neutron.pecan_wsgi.hooks.translation [None req-6ec11d8a-c756-4801-983e-084caee6790c c8f28a6e0ca64f46b1e06f57b68ce95d ae461f65b4134d8da42b220815e79082 - - - -] DELETE failed (client error): The resource could not be found.
2026-06-30 19:19:14.191 10 INFO neutron.wsgi [None req-6ec11d8a-c756-4801-983e-084caee6790c c8f28a6e0ca64f46b1e06f57b68ce95d ae461f65b4134d8da42b220815e79082 - - - -] 10.0.0.232 "DELETE /v2.0/subnets/c6fe761a-42d8-44d4-975d-edaa157af1c9 HTTP/1.1" status: 404 len: 337 time: 0.0176458
2026-06-30 19:19:14.214 10 INFO neutron.pecan_wsgi.hooks.translation [None req-20e916aa-2558-4d25-9876-4f7857a69542 c8f28a6e0ca64f46b1e06f57b68ce95d ae461f65b4134d8da42b220815e79082 - - - -] DELETE failed (client error): The resource could not be found.
2026-06-30 19:19:14.216 10 INFO neutron.wsgi [None req-20e916aa-2558-4d25-9876-4f7857a69542 c8f28a6e0ca64f46b1e06f57b68ce95d ae461f65b4134d8da42b220815e79082 - - - -] 10.0.0.232 "DELETE /v2.0/subnets/28b4d690-3d54-4fc7-b255-9fb0e8f4fdc3 HTTP/1.1" status: 404 len: 337 time: 0.0192266
2026-06-30 19:19:14.641 9 INFO neutron.db.ovn_revision_numbers_db [None req-ae7b681d-5991-470b-9136-cab3f846cffc 6d56b05daa884ec9a26d68371538b4fa 8b5a2e91b56e421daa84bcf5d91a809d - - default default] Successfully bumped revision number for resource 918f7765-6496-44cc-acca-ce58cd7a7dbb (type: security_groups) to 1
2026-06-30 19:19:14.666 9 INFO neutron.wsgi [None req-ae7b681d-5991-470b-9136-cab3f846cffc 6d56b05daa884ec9a26d68371538b4fa 8b5a2e91b56e421daa84bcf5d91a809d - - default default] 10.0.0.232 "GET /v2.0/security-groups?tenant_id=2aa184c095cb4aa2b50831393cfe83c9&name=default HTTP/1.1" status: 200 len: 2996 time: 0.3567865
2026-06-30 19:19:14.829 10 INFO neutron.wsgi [-] 10.0.0.140 "GET / HTTP/1.1" status: 200 len: 246 time: 0.0015538
2026-06-30 19:19:14.829 9 INFO neutron.wsgi [-] 10.0.0.140 "GET / HTTP/1.1" status: 200 len: 246 time: 0.0013471
2026-06-30 19:19:14.868 9 INFO neutron.wsgi [None req-085750f7-5fc9-460f-aed9-90a0662850e7 6d56b05daa884ec9a26d68371538b4fa 8b5a2e91b56e421daa84bcf5d91a809d - - - -] 10.0.0.232 "DELETE /v2.0/security-groups/918f7765-6496-44cc-acca-ce58cd7a7dbb HTTP/1.1" status: 204 len: 168 time: 0.1961296
2026-06-30 19:19:14.962 10 INFO neutron.wsgi [None req-b650faf3-c521-4561-a13f-75b4b8839d4e 6d56b05daa884ec9a26d68371538b4fa 8b5a2e91b56e421daa84bcf5d91a809d - - default default] 10.0.0.232 "GET /v2.0/security-groups?tenant_id=ae461f65b4134d8da42b220815e79082&name=default HTTP/1.1" status: 200 len: 2996 time: 0.1513205
2026-06-30 19:19:15.102 9 INFO neutron.wsgi [None req-59dfc674-ee9d-450a-929b-d5c156b3b52c 6d56b05daa884ec9a26d68371538b4fa 8b5a2e91b56e421daa84bcf5d91a809d - - default default] 10.0.0.232 "GET /v2.0/security-groups?tenant_id=5f9137e59f154760a26921273112396d&name=default HTTP/1.1" status: 200 len: 2996 time: 0.0386808
2026-06-30 19:19:15.181 9 INFO neutron.wsgi [None req-ca429162-5871-451b-82b9-2b11d227328e 6d56b05daa884ec9a26d68371538b4fa 8b5a2e91b56e421daa84bcf5d91a809d - - - -] 10.0.0.232 "DELETE /v2.0/security-groups/4a42fc45-538b-4e4d-9b68-4bc8c078c647 HTTP/1.1" status: 204 len: 168 time: 0.2144601
2026-06-30 19:19:15.304 10 INFO neutron.wsgi [None req-2560f04f-16d0-4bcd-9fe4-5ba9f7988d6e 6d56b05daa884ec9a26d68371538b4fa 8b5a2e91b56e421daa84bcf5d91a809d - - - -] 10.0.0.232 "DELETE /v2.0/security-groups/9cd962ff-89d5-4319-9e10-7713f67d963c HTTP/1.1" status: 204 len: 168 time: 0.1979299
2026-06-30 19:19:17.030 10 INFO neutron.wsgi [-] 10.0.0.232 "GET / HTTP/1.1" status: 200 len: 279 time: 0.0037723
2026-06-30 19:19:17.268 9 INFO neutron.wsgi [None req-dc8f9a1b-b273-459e-9462-3557e9f683a3 ff111d7104854c2283acb282776b3e70 8621e64118ac49d8a7f48774873d1360 - - default default] 10.0.0.232 "GET /v2.0/ HTTP/1.1" status: 200 len: 826 time: 0.2300849
2026-06-30 19:19:17.929 9 WARNING neutron.plugins.ml2.drivers.ovn.mech_driver.ovsdb.ovn_client [None req-a066a905-fa80-415a-9414-a6e9dbe1c238 - - - - - -] No port found with ID bd9b2075-c677-424c-9ef3-61b859b34e5a: RuntimeError: No port found with ID bd9b2075-c677-424c-9ef3-61b859b34e5a
2026-06-30 19:19:18.117 10 INFO neutron.db.ovn_revision_numbers_db [None req-b58a0454-bc0e-49b3-89e3-825b85bc3733 6d56b05daa884ec9a26d68371538b4fa 8b5a2e91b56e421daa84bcf5d91a809d - - default default] Successfully bumped revision number for resource 0e4468a5-c0bd-4830-a56c-33e18896b936 (type: security_groups) to 1
2026-06-30 19:19:18.138 10 INFO neutron.wsgi [None req-b58a0454-bc0e-49b3-89e3-825b85bc3733 6d56b05daa884ec9a26d68371538b4fa 8b5a2e91b56e421daa84bcf5d91a809d - - default default] 10.0.0.232 "GET /v2.0/security-groups?tenant_id=8621e64118ac49d8a7f48774873d1360&name=default HTTP/1.1" status: 200 len: 2996 time: 0.4034348
2026-06-30 19:19:18.325 10 INFO neutron.wsgi [None req-a882c3c5-6a55-48da-92d0-3e07b349159b 6d56b05daa884ec9a26d68371538b4fa 8b5a2e91b56e421daa84bcf5d91a809d - - - -] 10.0.0.232 "DELETE /v2.0/security-groups/0e4468a5-c0bd-4830-a56c-33e18896b936 HTTP/1.1" status: 204 len: 168 time: 0.1816480
2026-06-30 19:19:18.477 10 INFO neutron.db.ovn_revision_numbers_db [None req-d1bb4dbf-04c5-4c88-a85b-630a6621c04b 50d1f5650b4f42d6bde2dbc03a4f5508 4c7f2b02a47f47c58249215457f3e692 - - - -] Successfully bumped revision number for resource 19dfb189-36c8-4284-8f8e-310460cd70fa (type: security_groups) to 1
2026-06-30 19:19:18.547 10 INFO neutron.db.ovn_revision_numbers_db [None req-d1bb4dbf-04c5-4c88-a85b-630a6621c04b 50d1f5650b4f42d6bde2dbc03a4f5508 4c7f2b02a47f47c58249215457f3e692 - - - -] Successfully bumped revision number for resource 8f0beacd-ec51-4b17-9bc8-a70581db70e6 (type: security_groups) to 1
2026-06-30 19:19:18.569 10 INFO neutron.wsgi [None req-d1bb4dbf-04c5-4c88-a85b-630a6621c04b 50d1f5650b4f42d6bde2dbc03a4f5508 4c7f2b02a47f47c58249215457f3e692 - - - -] 10.0.0.232 "POST /v2.0/security-groups HTTP/1.1" status: 201 len: 1737 time: 0.2744150
2026-06-30 19:19:18.661 10 INFO neutron.db.ovn_revision_numbers_db [None req-e2ba4855-840e-4dfe-a677-206e701cedbe 50d1f5650b4f42d6bde2dbc03a4f5508 4c7f2b02a47f47c58249215457f3e692 - - - -] Successfully bumped revision number for resource 6a508230-e7d4-495c-ae5f-8c1aebacb91a (type: security_groups) to 1
2026-06-30 19:19:18.692 10 INFO neutron.wsgi [None req-e2ba4855-840e-4dfe-a677-206e701cedbe 50d1f5650b4f42d6bde2dbc03a4f5508 4c7f2b02a47f47c58249215457f3e692 - - - -] 10.0.0.232 "POST /v2.0/security-groups HTTP/1.1" status: 201 len: 1737 time: 0.1182902
2026-06-30 19:19:18.797 9 INFO neutron.db.ovn_revision_numbers_db [None req-c4e376ca-554b-465f-985f-49e8d7ced3f9 6b870b8343a94caf81b8ac92fb5a9bb2 86d1b5d5520a4a1d909f827e572977a5 - - - -] Successfully bumped revision number for resource cae966af-2083-40dd-b2db-f5ff0a4cf863 (type: security_groups) to 1
2026-06-30 19:19:18.817 9 INFO neutron.db.ovn_revision_numbers_db [None req-c232740d-8107-4182-b98c-e3e5c2228600 50d1f5650b4f42d6bde2dbc03a4f5508 4c7f2b02a47f47c58249215457f3e692 - - - -] Successfully bumped revision number for resource 3d8585ff-74f6-426a-839d-3bed652fc792 (type: security_groups) to 1
2026-06-30 19:19:18.835 9 INFO neutron.wsgi [None req-c232740d-8107-4182-b98c-e3e5c2228600 50d1f5650b4f42d6bde2dbc03a4f5508 4c7f2b02a47f47c58249215457f3e692 - - - -] 10.0.0.232 "POST /v2.0/security-groups HTTP/1.1" status: 201 len: 1737 time: 0.1365774
2026-06-30 19:19:18.860 9 INFO neutron.db.segments_db [None req-c4e376ca-554b-465f-985f-49e8d7ced3f9 6b870b8343a94caf81b8ac92fb5a9bb2 86d1b5d5520a4a1d909f827e572977a5 - - - -] Added segment 97f40e0d-bd06-462d-8558-12ef5129c000 of type geneve for network 2ee60158-c2a4-408d-bace-0f489bd8c50d
2026-06-30 19:19:18.997 9 INFO neutron.db.ovn_revision_numbers_db [None req-c4e376ca-554b-465f-985f-49e8d7ced3f9 6b870b8343a94caf81b8ac92fb5a9bb2 86d1b5d5520a4a1d909f827e572977a5 - - - -] Successfully bumped revision number for resource 2ee60158-c2a4-408d-bace-0f489bd8c50d (type: networks) to 1
2026-06-30 19:19:19.040 9 INFO neutron.db.ovn_revision_numbers_db [None req-5a1f4f7c-26ea-4d3b-b0c6-61476458611f 50d1f5650b4f42d6bde2dbc03a4f5508 4c7f2b02a47f47c58249215457f3e692 - - - -] Successfully bumped revision number for resource bd5ad085-9f2f-4288-adc5-b3e97971a7b0 (type: security_groups) to 1
2026-06-30 19:19:19.074 9 INFO neutron.wsgi [None req-5a1f4f7c-26ea-4d3b-b0c6-61476458611f 50d1f5650b4f42d6bde2dbc03a4f5508 4c7f2b02a47f47c58249215457f3e692 - - - -] 10.0.0.232 "POST /v2.0/security-groups HTTP/1.1" status: 201 len: 1737 time: 0.2334890
2026-06-30 19:19:19.326 9 INFO neutron.db.ovn_revision_numbers_db [None req-29ef8d7e-65b4-42bf-b366-b2a38c2c94e7 50d1f5650b4f42d6bde2dbc03a4f5508 4c7f2b02a47f47c58249215457f3e692 - - - -] Successfully bumped revision number for resource 35b15fbe-034b-4591-9f26-2513639aea93 (type: security_groups) to 1
2026-06-30 19:19:19.338 9 WARNING neutron.scheduler.dhcp_agent_scheduler [None req-c4e376ca-554b-465f-985f-49e8d7ced3f9 6b870b8343a94caf81b8ac92fb5a9bb2 86d1b5d5520a4a1d909f827e572977a5 - - - -] No more DHCP agents
2026-06-30 19:19:19.345 9 WARNING neutron.api.rpc.agentnotifiers.dhcp_rpc_agent_api [None req-c4e376ca-554b-465f-985f-49e8d7ced3f9 6b870b8343a94caf81b8ac92fb5a9bb2 86d1b5d5520a4a1d909f827e572977a5 - - - -] Unable to schedule network 2ee60158-c2a4-408d-bace-0f489bd8c50d: no agents available; will retry on subsequent port and subnet creation events.
2026-06-30 19:19:19.359 9 INFO neutron.wsgi [None req-29ef8d7e-65b4-42bf-b366-b2a38c2c94e7 50d1f5650b4f42d6bde2dbc03a4f5508 4c7f2b02a47f47c58249215457f3e692 - - - -] 10.0.0.232 "POST /v2.0/security-groups HTTP/1.1" status: 201 len: 1737 time: 0.2787106
2026-06-30 19:19:19.387 10 INFO neutron.wsgi [None req-7e889788-8c93-49ab-b81c-1dd7a9fdbbc0 50d1f5650b4f42d6bde2dbc03a4f5508 4c7f2b02a47f47c58249215457f3e692 - - - -] 10.0.0.232 "PUT /v2.0/security-groups/8f0beacd-ec51-4b17-9bc8-a70581db70e6/tags HTTP/1.1" status: 200 len: 210 time: 0.0217907
2026-06-30 19:19:19.414 9 INFO neutron.db.ovn_revision_numbers_db [None req-c4e376ca-554b-465f-985f-49e8d7ced3f9 6b870b8343a94caf81b8ac92fb5a9bb2 86d1b5d5520a4a1d909f827e572977a5 - - - -] Successfully bumped revision number for resource 12eb78c3-052a-4b34-ab7e-718c7554adf4 (type: ports) to 1
2026-06-30 19:19:19.427 10 INFO neutron.wsgi [None req-20d960ec-5d05-4e86-a66e-93276a5f807a 50d1f5650b4f42d6bde2dbc03a4f5508 4c7f2b02a47f47c58249215457f3e692 - - - -] 10.0.0.232 "PUT /v2.0/security-groups/6a508230-e7d4-495c-ae5f-8c1aebacb91a/tags HTTP/1.1" status: 200 len: 218 time: 0.0345232
2026-06-30 19:19:19.464 10 INFO neutron.wsgi [None req-f39f5493-3e64-4b78-a84f-79a31e834385 50d1f5650b4f42d6bde2dbc03a4f5508 4c7f2b02a47f47c58249215457f3e692 - - - -] 10.0.0.232 "PUT /v2.0/security-groups/3d8585ff-74f6-426a-839d-3bed652fc792/tags HTTP/1.1" status: 200 len: 227 time: 0.0278513
2026-06-30 19:19:19.466 9 INFO neutron.wsgi [None req-c4e376ca-554b-465f-985f-49e8d7ced3f9 6b870b8343a94caf81b8ac92fb5a9bb2 86d1b5d5520a4a1d909f827e572977a5 - - - -] 10.0.0.232 "POST /v2.0/networks HTTP/1.1" status: 201 len: 831 time: 0.9420624
2026-06-30 19:19:19.500 9 INFO neutron.wsgi [None req-aebeaef6-f1f9-4f2b-a249-a9c2167dfa51 50d1f5650b4f42d6bde2dbc03a4f5508 4c7f2b02a47f47c58249215457f3e692 - - - -] 10.0.0.232 "PUT /v2.0/security-groups/bd5ad085-9f2f-4288-adc5-b3e97971a7b0/tags HTTP/1.1" status: 200 len: 212 time: 0.0299747
2026-06-30 19:19:19.569 9 INFO neutron.wsgi [None req-13f4014e-28ac-4e60-a46f-5bc6d95397c3 50d1f5650b4f42d6bde2dbc03a4f5508 4c7f2b02a47f47c58249215457f3e692 - - default default] 10.0.0.232 "GET /v2.0/security-groups?tags=red HTTP/1.1" status: 200 len: 4813 time: 0.0631609
2026-06-30 19:19:19.624 9 INFO neutron.wsgi [None req-1cb460e1-ecc1-4ff4-a8b7-fa0a48f1291d 50d1f5650b4f42d6bde2dbc03a4f5508 4c7f2b02a47f47c58249215457f3e692 - - default default] 10.0.0.232 "GET /v2.0/security-groups?tags=red%2Cblue HTTP/1.1" status: 200 len: 3289 time: 0.0498183
2026-06-30 19:19:19.676 9 INFO neutron.wsgi [None req-d40849d6-fd4c-4e19-ab07-f920a755abef 50d1f5650b4f42d6bde2dbc03a4f5508 4c7f2b02a47f47c58249215457f3e692 - - default default] 10.0.0.232 "GET /v2.0/security-groups?tags-any=blue HTTP/1.1" status: 200 len: 3289 time: 0.0454404
2026-06-30 19:19:19.737 9 INFO neutron.wsgi [None req-9a76c2ec-1d54-4969-b0b6-7c06a1ca1143 50d1f5650b4f42d6bde2dbc03a4f5508 4c7f2b02a47f47c58249215457f3e692 - - default default] 10.0.0.232 "GET /v2.0/security-groups?tags-any=red%2Cblue HTTP/1.1" status: 200 len: 4813 time: 0.0531178
2026-06-30 19:19:19.817 10 INFO neutron.wsgi [None req-7e98dc1d-78ca-43a7-b465-c7f208f33509 50d1f5650b4f42d6bde2dbc03a4f5508 4c7f2b02a47f47c58249215457f3e692 - - default default] 10.0.0.232 "GET /v2.0/security-groups?not-tags=red HTTP/1.1" status: 200 len: 6041 time: 0.0741615
2026-06-30 19:19:19.818 10 WARNING neutron.scheduler.dhcp_agent_scheduler [None req-87f723d1-8212-4d78-bab7-958ad4c10f1f 6b870b8343a94caf81b8ac92fb5a9bb2 86d1b5d5520a4a1d909f827e572977a5 - - - -] No more DHCP agents
2026-06-30 19:19:19.820 10 WARNING neutron.api.rpc.agentnotifiers.dhcp_rpc_agent_api [None req-87f723d1-8212-4d78-bab7-958ad4c10f1f 6b870b8343a94caf81b8ac92fb5a9bb2 86d1b5d5520a4a1d909f827e572977a5 - - - -] Unable to schedule network 2ee60158-c2a4-408d-bace-0f489bd8c50d: no agents available; will retry on subsequent port and subnet creation events.
2026-06-30 19:19:19.889 10 INFO neutron.db.ovn_revision_numbers_db [None req-87f723d1-8212-4d78-bab7-958ad4c10f1f 6b870b8343a94caf81b8ac92fb5a9bb2 86d1b5d5520a4a1d909f827e572977a5 - - - -] Successfully bumped revision number for resource 507442fc-a299-44f6-ad11-e6129acaac7b (type: ports) to 1
2026-06-30 19:19:19.912 9 INFO neutron.wsgi [None req-91e34151-6173-4618-965e-d55dbba4928a 50d1f5650b4f42d6bde2dbc03a4f5508 4c7f2b02a47f47c58249215457f3e692 - - default default] 10.0.0.232 "GET /v2.0/security-groups?not-tags=red%2Cblue HTTP/1.1" status: 200 len: 7565 time: 0.0907617
2026-06-30 19:19:19.918 10 INFO neutron.wsgi [None req-87f723d1-8212-4d78-bab7-958ad4c10f1f 6b870b8343a94caf81b8ac92fb5a9bb2 86d1b5d5520a4a1d909f827e572977a5 - - - -] 10.0.0.232 "POST /v2.0/ports HTTP/1.1" status: 201 len: 942 time: 0.4456639 /var/lib/openstack/lib/python3.10/site-packages/pycadf/identifier.py:71: UserWarning: Invalid uuid: neutron. To ensure interoperability, identifiers should be a valid uuid. warnings.warn(('Invalid uuid: %s. To ensure interoperability, '
2026-06-30 19:19:20.001 9 INFO neutron.wsgi [None req-db3999fb-f7ca-467d-86ae-ec7d7f5c124e 50d1f5650b4f42d6bde2dbc03a4f5508 4c7f2b02a47f47c58249215457f3e692 - - default default] 10.0.0.232 "GET /v2.0/security-groups?not-tags-any=blue HTTP/1.1" status: 200 len: 7565 time: 0.0839660
2026-06-30 19:19:20.139 10 INFO neutron.wsgi [None req-fc4f369a-0b94-4568-9818-5c4e6a56fc12 50d1f5650b4f42d6bde2dbc03a4f5508 4c7f2b02a47f47c58249215457f3e692 - - default default] 10.0.0.232 "GET /v2.0/security-groups?not-tags-any=red%2Cblue HTTP/1.1" status: 200 len: 6041 time: 0.1177225
2026-06-30 19:19:20.227 10 INFO neutron.wsgi [None req-d31ad2e2-8381-4e0c-ba98-d8eed0c4bfff 6b870b8343a94caf81b8ac92fb5a9bb2 86d1b5d5520a4a1d909f827e572977a5 - - - -] 10.0.0.232 "POST /v2.0/trunks HTTP/1.1" status: 201 len: 608 time: 0.3029397
2026-06-30 19:19:20.298 10 INFO neutron.wsgi [None req-3dd118f6-d9ca-4b5e-937e-260a730e0a30 6b870b8343a94caf81b8ac92fb5a9bb2 86d1b5d5520a4a1d909f827e572977a5 - - - -] 10.0.0.232 "PUT /v2.0/trunks/d45b51d1-27a6-4286-840e-9b0375b7d3d0/tags HTTP/1.1" status: 200 len: 218 time: 0.0631683
2026-06-30 19:19:20.305 9 INFO neutron.wsgi [None req-17dc8a39-7b32-4554-8128-5807ca62b7d0 50d1f5650b4f42d6bde2dbc03a4f5508 4c7f2b02a47f47c58249215457f3e692 - - - -] 10.0.0.232 "DELETE /v2.0/security-groups/8f0beacd-ec51-4b17-9bc8-a70581db70e6 HTTP/1.1" status: 204 len: 168 time: 0.1599135
2026-06-30 19:19:20.317 10 INFO neutron.wsgi [None req-2189cc6e-fd1f-4ce0-89b5-533b9dbb9494 6b870b8343a94caf81b8ac92fb5a9bb2 86d1b5d5520a4a1d909f827e572977a5 - - default default] 10.0.0.232 "GET /v2.0/trunks/d45b51d1-27a6-4286-840e-9b0375b7d3d0/tags HTTP/1.1" status: 200 len: 218 time: 0.0120637
2026-06-30 19:19:20.348 10 INFO neutron.wsgi [None req-f86c8344-3074-4bd8-ac32-8d07403e4788 6b870b8343a94caf81b8ac92fb5a9bb2 86d1b5d5520a4a1d909f827e572977a5 - - - -] 10.0.0.232 "PUT /v2.0/trunks/d45b51d1-27a6-4286-840e-9b0375b7d3d0/tags/green HTTP/1.1" status: 201 len: 201 time: 0.0257363
2026-06-30 19:19:20.370 10 INFO neutron.wsgi [None req-9e7460eb-1404-49d8-bf94-97ab112a637e 6b870b8343a94caf81b8ac92fb5a9bb2 86d1b5d5520a4a1d909f827e572977a5 - - default default] 10.0.0.232 "GET /v2.0/trunks/d45b51d1-27a6-4286-840e-9b0375b7d3d0/tags HTTP/1.1" status: 200 len: 227 time: 0.0170267
2026-06-30 19:19:20.389 10 INFO neutron.wsgi [None req-f8f21472-f316-451d-be57-0388ce8023d1 6b870b8343a94caf81b8ac92fb5a9bb2 86d1b5d5520a4a1d909f827e572977a5 - - - -] 10.0.0.232 "PUT /v2.0/trunks/d45b51d1-27a6-4286-840e-9b0375b7d3d0/tags/red HTTP/1.1" status: 201 len: 201 time: 0.0127521
2026-06-30 19:19:20.408 10 INFO neutron.wsgi [None req-a1af2db7-d8bc-4ed5-a453-e546965bb1d6 6b870b8343a94caf81b8ac92fb5a9bb2 86d1b5d5520a4a1d909f827e572977a5 - - default default] 10.0.0.232 "GET /v2.0/trunks/d45b51d1-27a6-4286-840e-9b0375b7d3d0/tags HTTP/1.1" status: 200 len: 227 time: 0.0147443
2026-06-30 19:19:20.440 9 INFO neutron.wsgi [None req-ac908e74-aef5-481a-8f51-eeb1e8f808b8 50d1f5650b4f42d6bde2dbc03a4f5508 4c7f2b02a47f47c58249215457f3e692 - - - -] 10.0.0.232 "DELETE /v2.0/security-groups/6a508230-e7d4-495c-ae5f-8c1aebacb91a HTTP/1.1" status: 204 len: 168 time: 0.1290979
2026-06-30 19:19:20.445 10 INFO neutron.wsgi [None req-cf4252fe-4a03-4592-9605-ea2a375a8b64 6b870b8343a94caf81b8ac92fb5a9bb2 86d1b5d5520a4a1d909f827e572977a5 - - - -] 10.0.0.232 "PUT /v2.0/trunks/d45b51d1-27a6-4286-840e-9b0375b7d3d0/tags/black.or.white HTTP/1.1" status: 201 len: 201 time: 0.0325084
2026-06-30 19:19:20.497 10 INFO neutron.wsgi [None req-70282fe8-37ae-4b95-8f39-c8cbbe589c8d 6b870b8343a94caf81b8ac92fb5a9bb2 86d1b5d5520a4a1d909f827e572977a5 - - default default] 10.0.0.232 "GET /v2.0/trunks/d45b51d1-27a6-4286-840e-9b0375b7d3d0/tags HTTP/1.1" status: 200 len: 245 time: 0.0349133
2026-06-30 19:19:20.527 9 INFO neutron.wsgi [None req-8e57c30d-0b44-4ce3-b0e2-5298ea463cc4 6d56b05daa884ec9a26d68371538b4fa 8b5a2e91b56e421daa84bcf5d91a809d - - default default] 10.0.0.107 "GET /v2.0/networks HTTP/1.1" status: 200 len: 3802 time: 0.3027868
2026-06-30 19:19:20.542 9 INFO neutron.wsgi [None req-76de57c5-c4b9-44af-ac6d-60fbc016efaa 6d56b05daa884ec9a26d68371538b4fa 8b5a2e91b56e421daa84bcf5d91a809d - - default default] 10.0.0.107 "GET /v2.0/agents HTTP/1.1" status: 200 len: 997 time: 0.0129094
2026-06-30 19:19:20.587 9 INFO neutron.wsgi [None req-72ae3f8c-1845-480d-9c51-7c5ac362e5eb 6b870b8343a94caf81b8ac92fb5a9bb2 86d1b5d5520a4a1d909f827e572977a5 - - - -] 10.0.0.232 "PUT /v2.0/trunks/d45b51d1-27a6-4286-840e-9b0375b7d3d0/tags HTTP/1.1" status: 200 len: 230 time: 0.0865552
2026-06-30 19:19:20.602 9 INFO neutron.wsgi [None req-04cae4a1-4ffd-4d87-ba90-12295c032a1a 6d56b05daa884ec9a26d68371538b4fa 8b5a2e91b56e421daa84bcf5d91a809d - - default default] 10.0.0.107 "GET /v2.0/ports HTTP/1.1" status: 200 len: 13549 time: 0.0558703
2026-06-30 19:19:20.610 10 INFO neutron.wsgi [None req-7da4027e-d5c7-43df-ad92-11c3d44c662c 50d1f5650b4f42d6bde2dbc03a4f5508 4c7f2b02a47f47c58249215457f3e692 - - - -] 10.0.0.232 "DELETE /v2.0/security-groups/3d8585ff-74f6-426a-839d-3bed652fc792 HTTP/1.1" status: 204 len: 168 time: 0.1638620
2026-06-30 19:19:20.627 9 INFO neutron.wsgi [None req-a9e17c85-1428-4d8f-b7cf-23ff7a5ebb1a 6d56b05daa884ec9a26d68371538b4fa 8b5a2e91b56e421daa84bcf5d91a809d - - default default] 10.0.0.107 "GET /v2.0/network-ip-availabilities HTTP/1.1" status: 200 len: 1994 time: 0.0146494
2026-06-30 19:19:20.634 10 INFO neutron.wsgi [None req-998594d8-98b0-4bc2-8aaa-1c54d759f79a 6b870b8343a94caf81b8ac92fb5a9bb2 86d1b5d5520a4a1d909f827e572977a5 - - default default] 10.0.0.232 "GET /v2.0/trunks/d45b51d1-27a6-4286-840e-9b0375b7d3d0/tags HTTP/1.1" status: 200 len: 230 time: 0.0370903
2026-06-30 19:19:20.659 9 INFO neutron.wsgi [None req-63fecfdf-102a-4fd6-b8c6-02be038218eb 6d56b05daa884ec9a26d68371538b4fa 8b5a2e91b56e421daa84bcf5d91a809d - - default default] 10.0.0.107 "GET /v2.0/subnets HTTP/1.1" status: 200 len: 2078 time: 0.0313447
2026-06-30 19:19:20.665 10 INFO neutron.wsgi [None req-44d5f504-bb6c-47d3-9b7c-499f17f25b04 6b870b8343a94caf81b8ac92fb5a9bb2 86d1b5d5520a4a1d909f827e572977a5 - - default default] 10.0.0.232 "GET /v2.0/trunks/d45b51d1-27a6-4286-840e-9b0375b7d3d0/tags/red HTTP/1.1" status: 204 len: 168 time: 0.0229762
2026-06-30 19:19:20.676 9 INFO neutron.wsgi [None req-cd50126d-d6b2-4712-9fb3-b92a3e855c3a 6d56b05daa884ec9a26d68371538b4fa 8b5a2e91b56e421daa84bcf5d91a809d - - default default] 10.0.0.107 "GET /v2.0/subnetpools HTTP/1.1" status: 200 len: 193 time: 0.0161142
2026-06-30 19:19:20.687 10 INFO neutron.api.v2.resource [None req-e9c87654-4ddb-4ad9-9637-1bb5b6239ef5 6b870b8343a94caf81b8ac92fb5a9bb2 86d1b5d5520a4a1d909f827e572977a5 - - default default] show failed (client error): The resource could not be found.
2026-06-30 19:19:20.689 10 INFO neutron.wsgi [None req-e9c87654-4ddb-4ad9-9637-1bb5b6239ef5 6b870b8343a94caf81b8ac92fb5a9bb2 86d1b5d5520a4a1d909f827e572977a5 - - default default] 10.0.0.232 "GET /v2.0/trunks/d45b51d1-27a6-4286-840e-9b0375b7d3d0/tags/green HTTP/1.1" status: 404 len: 299 time: 0.0196288
2026-06-30 19:19:20.800 9 INFO neutron.wsgi [None req-6f54a67f-2520-4800-b3ef-7fb840e8894f 6d56b05daa884ec9a26d68371538b4fa 8b5a2e91b56e421daa84bcf5d91a809d - - default default] 10.0.0.107 "GET /v2.0/security-groups HTTP/1.1" status: 200 len: 38372 time: 0.1232345
2026-06-30 19:19:20.837 9 INFO neutron.wsgi [None req-2f66c1a2-5934-4b70-88f5-a42213863091 6d56b05daa884ec9a26d68371538b4fa 8b5a2e91b56e421daa84bcf5d91a809d - - default default] 10.0.0.107 "GET /v2.0/subnets HTTP/1.1" status: 200 len: 2078 time: 0.0295339
2026-06-30 19:19:20.932 9 INFO neutron.wsgi [None req-8451d248-a312-4c44-9f11-2eae677f784a 6d56b05daa884ec9a26d68371538b4fa 8b5a2e91b56e421daa84bcf5d91a809d - - default default] 10.0.0.107 "GET /v2.0/routers HTTP/1.1" status: 200 len: 859 time: 0.0941114
2026-06-30 19:19:20.956 9 INFO neutron.wsgi [None req-a0a84f18-5eeb-4443-a815-da7e4130776d 6d56b05daa884ec9a26d68371538b4fa 8b5a2e91b56e421daa84bcf5d91a809d - - default default] 10.0.0.107 "GET /v2.0/agents?binary=ovn-controller HTTP/1.1" status: 200 len: 591 time: 0.0230923
2026-06-30 19:19:21.052 9 INFO neutron.wsgi [None req-b8e367da-2e8e-4664-ac39-45cc7f5c3d32 6d56b05daa884ec9a26d68371538b4fa 8b5a2e91b56e421daa84bcf5d91a809d - - default default] 10.0.0.107 "GET /v2.0/floatingips HTTP/1.1" status: 200 len: 1036 time: 0.0939450
2026-06-30 19:19:21.052 10 INFO neutron.wsgi [req-4fd93bdf-54db-45dc-81fb-db0099a97120 req-f00f7354-daba-40bf-aacc-8fa58f8774da eff23f8a1364407d8b3a970c8fb0a198 9e87a226553f4b4a821d76fca7e776bc - - bbc4d2f7230e43ac89655b01cd30e2b7 bbc4d2f7230e43ac89655b01cd30e2b7] 10.0.0.89 "GET /v2.0/ports?device_id=c075782f-5968-49f1-a22b-14da1e86b887 HTTP/1.1" status: 200 len: 1365 time: 0.0463862
2026-06-30 19:19:21.072 10 INFO neutron.wsgi [None req-7dfdb6d7-831c-460a-a84c-97f3248f9e52 6b870b8343a94caf81b8ac92fb5a9bb2 86d1b5d5520a4a1d909f827e572977a5 - - - -] 10.0.0.232 "DELETE /v2.0/trunks/d45b51d1-27a6-4286-840e-9b0375b7d3d0/tags/red HTTP/1.1" status: 204 len: 168 time: 0.3789568
2026-06-30 19:19:21.105 9 INFO neutron.wsgi [None req-1265a33d-8422-49e4-ae07-bb80736f7d05 6b870b8343a94caf81b8ac92fb5a9bb2 86d1b5d5520a4a1d909f827e572977a5 - - default default] 10.0.0.232 "GET /v2.0/trunks/d45b51d1-27a6-4286-840e-9b0375b7d3d0/tags HTTP/1.1" status: 200 len: 223 time: 0.0277386
2026-06-30 19:19:21.128 10 INFO neutron.wsgi [req-4fd93bdf-54db-45dc-81fb-db0099a97120 req-d94b8a8b-5a49-4349-83d7-401ed931274c eff23f8a1364407d8b3a970c8fb0a198 9e87a226553f4b4a821d76fca7e776bc - - bbc4d2f7230e43ac89655b01cd30e2b7 bbc4d2f7230e43ac89655b01cd30e2b7] 10.0.0.89 "GET /v2.0/security-groups?id=8733784f-6993-4061-8154-daf7d069a106&fields=id&fields=name HTTP/1.1" status: 200 len: 312 time: 0.0594940
2026-06-30 19:19:21.140 9 INFO neutron.api.v2.resource [None req-b49752a5-c68b-411a-a2bf-7701e2572b93 6b870b8343a94caf81b8ac92fb5a9bb2 86d1b5d5520a4a1d909f827e572977a5 - - - -] delete failed (client error): The resource could not be found.
2026-06-30 19:19:21.141 9 INFO neutron.wsgi [None req-b49752a5-c68b-411a-a2bf-7701e2572b93 6b870b8343a94caf81b8ac92fb5a9bb2 86d1b5d5520a4a1d909f827e572977a5 - - - -] 10.0.0.232 "DELETE /v2.0/trunks/d45b51d1-27a6-4286-840e-9b0375b7d3d0/tags/green HTTP/1.1" status: 404 len: 299 time: 0.0286872
2026-06-30 19:19:21.156 10 INFO neutron.wsgi [None req-3338f45b-3cc7-4a3a-aaa2-12ad7f609f15 50d1f5650b4f42d6bde2dbc03a4f5508 4c7f2b02a47f47c58249215457f3e692 - - - -] 10.0.0.232 "DELETE /v2.0/security-groups/bd5ad085-9f2f-4288-adc5-b3e97971a7b0 HTTP/1.1" status: 204 len: 168 time: 0.5381415
2026-06-30 19:19:21.179 9 INFO neutron.wsgi [None req-8b98bd4a-c6c2-4428-a632-08bb3932f407 6b870b8343a94caf81b8ac92fb5a9bb2 86d1b5d5520a4a1d909f827e572977a5 - - - -] 10.0.0.232 "DELETE /v2.0/trunks/d45b51d1-27a6-4286-840e-9b0375b7d3d0/tags HTTP/1.1" status: 204 len: 168 time: 0.0322425
2026-06-30 19:19:21.215 9 INFO neutron.wsgi [None req-a791ffb4-dd6f-40f3-84e7-6c28150e309c 6b870b8343a94caf81b8ac92fb5a9bb2 86d1b5d5520a4a1d909f827e572977a5 - - default default] 10.0.0.232 "GET /v2.0/trunks/d45b51d1-27a6-4286-840e-9b0375b7d3d0/tags HTTP/1.1" status: 200 len: 205 time: 0.0279701
2026-06-30 19:19:21.249 10 INFO neutron.wsgi [None req-8556c42e-6003-4068-921a-216c6fbe1650 6b870b8343a94caf81b8ac92fb5a9bb2 86d1b5d5520a4a1d909f827e572977a5 - - default default] 10.0.0.232 "GET /v2.0/trunks/d45b51d1-27a6-4286-840e-9b0375b7d3d0 HTTP/1.1" status: 200 len: 603 time: 0.0230346
2026-06-30 19:19:21.341 10 INFO neutron.wsgi [None req-b7b1e4cf-a884-47f1-8e54-8900a97dead2 50d1f5650b4f42d6bde2dbc03a4f5508 4c7f2b02a47f47c58249215457f3e692 - - - -] 10.0.0.232 "DELETE /v2.0/security-groups/35b15fbe-034b-4591-9f26-2513639aea93 HTTP/1.1" status: 204 len: 168 time: 0.1791589
2026-06-30 19:19:21.419 9 INFO neutron.wsgi [None req-f8a17759-507d-4cbf-80e2-f6644a6bef61 6b870b8343a94caf81b8ac92fb5a9bb2 86d1b5d5520a4a1d909f827e572977a5 - - default default] 10.0.0.232 "GET /v2.0/ports/507442fc-a299-44f6-ad11-e6129acaac7b HTTP/1.1" status: 200 len: 1020 time: 0.1599371
2026-06-30 19:19:21.563 9 INFO neutron.wsgi [None req-df707733-f927-458b-849b-ff0101ef6688 6b870b8343a94caf81b8ac92fb5a9bb2 86d1b5d5520a4a1d909f827e572977a5 - - - -] 10.0.0.232 "DELETE /v2.0/trunks/d45b51d1-27a6-4286-840e-9b0375b7d3d0 HTTP/1.1" status: 204 len: 168 time: 0.1357782
2026-06-30 19:19:21.843 10 INFO neutron.wsgi [None req-7a0daf2b-88d2-4af4-b8a5-ff3f1766624f 6b870b8343a94caf81b8ac92fb5a9bb2 86d1b5d5520a4a1d909f827e572977a5 - - - -] 10.0.0.232 "DELETE /v2.0/ports/507442fc-a299-44f6-ad11-e6129acaac7b HTTP/1.1" status: 204 len: 168 time: 0.2706571
2026-06-30 19:19:22.244 10 INFO neutron.services.segments.plugin [-] Segment 97f40e0d-bd06-462d-8558-12ef5129c000 resource provider aggregate not found
2026-06-30 19:19:22.252 10 INFO neutron.services.segments.plugin [-] Segment 97f40e0d-bd06-462d-8558-12ef5129c000 resource provider aggregate not found
2026-06-30 19:19:22.273 10 INFO neutron.services.segments.plugin [-] Segment 97f40e0d-bd06-462d-8558-12ef5129c000 resource provider not found; error: Placement Client Error (4xx): {"errors": [{"status": 404, "title": "Not Found", "detail": "The resource could not be found.\n\n No resource provider with uuid 97f40e0d-bd06-462d-8558-12ef5129c000 found for delete ", "request_id": "req-c1199291-e2cd-41a0-bf70-61e4e69b1181"}]}
2026-06-30 19:19:22.274 10 INFO neutron.services.segments.plugin [-] Segment 97f40e0d-bd06-462d-8558-12ef5129c000 resource provider not found; error: Placement Client Error (4xx): {"errors": [{"status": 404, "title": "Not Found", "detail": "The resource could not be found.\n\n No resource provider with uuid 97f40e0d-bd06-462d-8558-12ef5129c000 found for delete ", "request_id": "req-d7f3067a-183f-46c7-a012-7f5bc7ec4c03"}]}
2026-06-30 19:19:22.305 10 INFO neutron.wsgi [None req-6cdd15ea-cab4-46f5-b5b5-2b7fc2b937e7 6b870b8343a94caf81b8ac92fb5a9bb2 86d1b5d5520a4a1d909f827e572977a5 - - - -] 10.0.0.232 "DELETE /v2.0/networks/2ee60158-c2a4-408d-bace-0f489bd8c50d HTTP/1.1" status: 204 len: 168 time: 0.4575741
2026-06-30 19:19:22.534 9 INFO neutron.db.ovn_revision_numbers_db [None req-9be56c8b-632d-403f-a418-1b9ca11eb8e8 6d56b05daa884ec9a26d68371538b4fa 8b5a2e91b56e421daa84bcf5d91a809d - - default default] Successfully bumped revision number for resource 3ae8a28c-c739-4b6e-be0b-9e16e437b9ee (type: security_groups) to 1
2026-06-30 19:19:22.559 9 INFO neutron.wsgi [None req-9be56c8b-632d-403f-a418-1b9ca11eb8e8 6d56b05daa884ec9a26d68371538b4fa 8b5a2e91b56e421daa84bcf5d91a809d - - default default] 10.0.0.232 "GET /v2.0/security-groups?tenant_id=8f5e8b879c8448d790fc7b7124965f3d&name=default HTTP/1.1" status: 200 len: 2996 time: 0.3036966
2026-06-30 19:19:22.761 9 INFO neutron.wsgi [None req-65efbf80-119b-4e58-9b17-87be24c52361 6d56b05daa884ec9a26d68371538b4fa 8b5a2e91b56e421daa84bcf5d91a809d - - - -] 10.0.0.232 "DELETE /v2.0/security-groups/3ae8a28c-c739-4b6e-be0b-9e16e437b9ee HTTP/1.1" status: 204 len: 168 time: 0.1955051
2026-06-30 19:19:23.080 10 INFO neutron.db.ovn_revision_numbers_db [None req-dc63e865-263c-4b10-941d-f43d56a673c3 6d56b05daa884ec9a26d68371538b4fa 8b5a2e91b56e421daa84bcf5d91a809d - - default default] Successfully bumped revision number for resource 18139963-bb5a-4165-b9f1-5c1f40a25c92 (type: security_groups) to 1
2026-06-30 19:19:23.115 10 INFO neutron.wsgi [None req-dc63e865-263c-4b10-941d-f43d56a673c3 6d56b05daa884ec9a26d68371538b4fa 8b5a2e91b56e421daa84bcf5d91a809d - - default default] 10.0.0.232 "GET /v2.0/security-groups?tenant_id=a956ad501c6341c3b016a5dba36ded7b&name=default HTTP/1.1" status: 200 len: 2996 time: 0.1731536
2026-06-30 19:19:23.217 10 INFO neutron.db.ovn_revision_numbers_db [None req-d0919aca-9b89-464b-bd70-b8a2f15b89c9 6d56b05daa884ec9a26d68371538b4fa 8b5a2e91b56e421daa84bcf5d91a809d - - default default] Successfully bumped revision number for resource 57d0d9ce-a807-4184-83d0-db4e6a930db1 (type: security_groups) to 1
2026-06-30 19:19:23.239 10 INFO neutron.wsgi [None req-d0919aca-9b89-464b-bd70-b8a2f15b89c9 6d56b05daa884ec9a26d68371538b4fa 8b5a2e91b56e421daa84bcf5d91a809d - - default default] 10.0.0.232 "GET /v2.0/security-groups?tenant_id=e93b57ddd2a94341b9e48bf7f9274102&name=default HTTP/1.1" status: 200 len: 2996 time: 0.3396611
2026-06-30 19:19:23.357 10 INFO neutron.wsgi [None req-1080c4d3-27c7-489f-8bd4-b825e3b890a0 6d56b05daa884ec9a26d68371538b4fa 8b5a2e91b56e421daa84bcf5d91a809d - - - -] 10.0.0.232 "DELETE /v2.0/security-groups/18139963-bb5a-4165-b9f1-5c1f40a25c92 HTTP/1.1" status: 204 len: 168 time: 0.2359428
2026-06-30 19:19:23.441 10 INFO neutron.wsgi [None req-77ad787e-e517-4ff9-8450-3892b80d0b84 6d56b05daa884ec9a26d68371538b4fa 8b5a2e91b56e421daa84bcf5d91a809d - - - -] 10.0.0.232 "DELETE /v2.0/security-groups/57d0d9ce-a807-4184-83d0-db4e6a930db1 HTTP/1.1" status: 204 len: 168 time: 0.1959546
2026-06-30 19:19:23.461 10 INFO neutron.plugins.ml2.drivers.ovn.mech_driver.mech_driver [None req-288fa77a-60d8-48bf-b78e-43ba747f83cf - - - - - -] OVN reports status down for port: fd4d8d32-f0c9-4a56-b7b0-a1e0b856334a
