2026-06-30 19:18:36.006 9 INFO neutron.db.ovn_revision_numbers_db [None req-6afdf330-9751-4e71-9e6f-171d6418d2ad 6d56b05daa884ec9a26d68371538b4fa 8b5a2e91b56e421daa84bcf5d91a809d - - default default] Successfully bumped revision number for resource 02760f74-caa7-4672-8f52-fc9a5b56f6ae (type: ports) to 2
2026-06-30 19:18:36.008 9 INFO neutron.db.ovn_revision_numbers_db [None req-4aaca866-1a9d-4fe2-9dc1-b514b05e6bef 3d28e3b6229d4abbab00a11ab8b70543 47e639514af2466f9495e6e65012b320 - - - -] Successfully bumped revision number for resource d6fc255a-618a-4831-a1ae-a72c33cf4c01 (type: security_group_rules) to 0
2026-06-30 19:18:36.041 9 INFO neutron.wsgi [None req-4aaca866-1a9d-4fe2-9dc1-b514b05e6bef 3d28e3b6229d4abbab00a11ab8b70543 47e639514af2466f9495e6e65012b320 - - - -] 10.0.0.232 "POST /v2.0/security-group-rules HTTP/1.1" status: 201 len: 768 time: 0.2608812
2026-06-30 19:18:36.122 9 WARNING neutron.scheduler.dhcp_agent_scheduler [None req-6afdf330-9751-4e71-9e6f-171d6418d2ad 6d56b05daa884ec9a26d68371538b4fa 8b5a2e91b56e421daa84bcf5d91a809d - - default default] No more DHCP agents
2026-06-30 19:18:36.123 9 WARNING neutron.api.rpc.agentnotifiers.dhcp_rpc_agent_api [None req-6afdf330-9751-4e71-9e6f-171d6418d2ad 6d56b05daa884ec9a26d68371538b4fa 8b5a2e91b56e421daa84bcf5d91a809d - - default default] Unable to schedule network ab86aafd-69f9-4bff-809e-9c85df6fefc5: no agents available; will retry on subsequent port and subnet creation events.
2026-06-30 19:18:36.343 10 INFO neutron.db.securitygroups_db [None req-07fabce9-c777-4ce0-b885-04bfafa1e30c 3d28e3b6229d4abbab00a11ab8b70543 47e639514af2466f9495e6e65012b320 - - - -] Project 47e639514af2466f9495e6e65012b320 added a security group rule with legacy IPv6 ICMP protocol name icmp, ipv6-icmp should be used instead. It was automatically converted.
2026-06-30 19:18:36.447 10 INFO neutron.db.ovn_revision_numbers_db [None req-b47e5829-1ba8-4d22-8c60-d418c9c8b935 0363edd7b5ec45efaf3a998c23384cfd f0af19dc91f64a2cbb1a4137918355f4 - - - -] Successfully bumped revision number for resource 8cbd8ebf-41bb-4e59-9c57-3bd734786548 (type: networks) to 1
2026-06-30 19:18:36.566 10 INFO neutron.db.ovn_revision_numbers_db [None req-07fabce9-c777-4ce0-b885-04bfafa1e30c 3d28e3b6229d4abbab00a11ab8b70543 47e639514af2466f9495e6e65012b320 - - - -] Successfully bumped revision number for resource 691de9cd-3c1c-4581-a799-1e3cef474f63 (type: security_group_rules) to 0
2026-06-30 19:18:36.587 9 INFO neutron.wsgi [None req-bde39f8d-8c18-434a-a8ac-88ea9482ec6b 6d56b05daa884ec9a26d68371538b4fa 8b5a2e91b56e421daa84bcf5d91a809d - - default default] 10.0.0.232 "GET /v2.0/security-groups?tenant_id=77badd413c714fdea906e1f67ddafdd6&name=default HTTP/1.1" status: 200 len: 2996 time: 0.1565659
2026-06-30 19:18:36.604 10 INFO neutron.db.ovn_revision_numbers_db [None req-d1163dd3-9513-4ea7-876c-c531f77f90ce - - - - - -] Successfully bumped revision number for resource 8a21721a-c30c-4f2e-a488-e947c8036391 (type: router_ports) to 4
2026-06-30 19:18:36.626 10 INFO neutron.wsgi [None req-07fabce9-c777-4ce0-b885-04bfafa1e30c 3d28e3b6229d4abbab00a11ab8b70543 47e639514af2466f9495e6e65012b320 - - - -] 10.0.0.232 "POST /v2.0/security-group-rules HTTP/1.1" status: 201 len: 774 time: 0.5691180
2026-06-30 19:18:36.690 10 INFO neutron.db.securitygroups_db [None req-213f893c-b1e9-4ee9-9b9d-d24ef3b43886 3d28e3b6229d4abbab00a11ab8b70543 47e639514af2466f9495e6e65012b320 - - - -] Project 47e639514af2466f9495e6e65012b320 added a security group rule with legacy IPv6 ICMP protocol name icmp, ipv6-icmp should be used instead. It was automatically converted.
2026-06-30 19:18:36.716 10 WARNING neutron.scheduler.dhcp_agent_scheduler [None req-b47e5829-1ba8-4d22-8c60-d418c9c8b935 0363edd7b5ec45efaf3a998c23384cfd f0af19dc91f64a2cbb1a4137918355f4 - - - -] No more DHCP agents
2026-06-30 19:18:36.719 10 WARNING neutron.api.rpc.agentnotifiers.dhcp_rpc_agent_api [None req-b47e5829-1ba8-4d22-8c60-d418c9c8b935 0363edd7b5ec45efaf3a998c23384cfd f0af19dc91f64a2cbb1a4137918355f4 - - - -] Unable to schedule network 8cbd8ebf-41bb-4e59-9c57-3bd734786548: no agents available; will retry on subsequent port and subnet creation events.
2026-06-30 19:18:36.726 9 INFO neutron.db.ovn_revision_numbers_db [None req-6afdf330-9751-4e71-9e6f-171d6418d2ad 6d56b05daa884ec9a26d68371538b4fa 8b5a2e91b56e421daa84bcf5d91a809d - - - -] Successfully bumped revision number for resource 02760f74-caa7-4672-8f52-fc9a5b56f6ae (type: router_ports) to 2
2026-06-30 19:18:36.731 9 INFO neutron.wsgi [None req-6afdf330-9751-4e71-9e6f-171d6418d2ad 6d56b05daa884ec9a26d68371538b4fa 8b5a2e91b56e421daa84bcf5d91a809d - - - -] 10.0.0.232 "PUT /v2.0/routers/ff9a1725-d97d-4845-a5c1-8e74d991fde6/add_router_interface HTTP/1.1" status: 200 len: 503 time: 2.4812789
2026-06-30 19:18:36.802 10 INFO neutron.db.ovn_revision_numbers_db [None req-b47e5829-1ba8-4d22-8c60-d418c9c8b935 0363edd7b5ec45efaf3a998c23384cfd f0af19dc91f64a2cbb1a4137918355f4 - - - -] Successfully bumped revision number for resource 0b2ce109-b557-4e9e-a45a-509fe192dc4c (type: ports) to 1
2026-06-30 19:18:36.820 10 INFO neutron.db.ovn_revision_numbers_db [None req-213f893c-b1e9-4ee9-9b9d-d24ef3b43886 3d28e3b6229d4abbab00a11ab8b70543 47e639514af2466f9495e6e65012b320 - - - -] Successfully bumped revision number for resource 86973986-e65e-4832-8b43-e75602a1a2fe (type: security_group_rules) to 0
2026-06-30 19:18:36.826 10 INFO neutron.wsgi [None req-b47e5829-1ba8-4d22-8c60-d418c9c8b935 0363edd7b5ec45efaf3a998c23384cfd f0af19dc91f64a2cbb1a4137918355f4 - - - -] 10.0.0.232 "POST /v2.0/networks HTTP/1.1" status: 201 len: 830 time: 1.3006961
2026-06-30 19:18:36.843 9 INFO neutron.wsgi [None req-37b38722-7b6c-4d6b-b1e5-35abd6087a43 6d56b05daa884ec9a26d68371538b4fa 8b5a2e91b56e421daa84bcf5d91a809d - - - -] 10.0.0.232 "DELETE /v2.0/security-groups/19b247b3-c641-4251-bda5-f65a62a2200e HTTP/1.1" status: 204 len: 168 time: 0.2460327
2026-06-30 19:18:36.867 10 INFO neutron.wsgi [None req-213f893c-b1e9-4ee9-9b9d-d24ef3b43886 3d28e3b6229d4abbab00a11ab8b70543 47e639514af2466f9495e6e65012b320 - - - -] 10.0.0.232 "POST /v2.0/security-group-rules HTTP/1.1" status: 201 len: 773 time: 0.2351253
2026-06-30 19:18:37.117 10 WARNING neutron.scheduler.dhcp_agent_scheduler [None req-0fe981aa-e87d-4ff2-9ca3-6372254dd604 0363edd7b5ec45efaf3a998c23384cfd f0af19dc91f64a2cbb1a4137918355f4 - - - -] No more DHCP agents
2026-06-30 19:18:37.119 10 WARNING neutron.api.rpc.agentnotifiers.dhcp_rpc_agent_api [None req-0fe981aa-e87d-4ff2-9ca3-6372254dd604 0363edd7b5ec45efaf3a998c23384cfd f0af19dc91f64a2cbb1a4137918355f4 - - - -] Unable to schedule network 8cbd8ebf-41bb-4e59-9c57-3bd734786548: no agents available; will retry on subsequent port and subnet creation events.
2026-06-30 19:18:37.442 9 INFO neutron.wsgi [None req-18e495f9-e553-4443-9266-712407a28b8d 3d28e3b6229d4abbab00a11ab8b70543 47e639514af2466f9495e6e65012b320 - - default default] 10.0.0.232 "GET /v2.0/networks HTTP/1.1" status: 200 len: 1492 time: 0.1888406
2026-06-30 19:18:37.579 10 INFO neutron.wsgi [req-25fafc53-1fb6-44eb-97b0-b2a1d3836566 req-36e94ec3-73e6-433e-afef-eb1dd8d457a3 3d28e3b6229d4abbab00a11ab8b70543 47e639514af2466f9495e6e65012b320 - - default default] 10.0.0.200 "GET /v2.0/security-groups?name=tempest-secgroup-smoke-494539266&fields=id&tenant_id=47e639514af2466f9495e6e65012b320 HTTP/1.1" status: 200 len: 267 time: 0.0373800
2026-06-30 19:18:37.698 10 INFO neutron.db.ovn_revision_numbers_db [None req-0fe981aa-e87d-4ff2-9ca3-6372254dd604 0363edd7b5ec45efaf3a998c23384cfd f0af19dc91f64a2cbb1a4137918355f4 - - - -] Successfully bumped revision number for resource 0b2ce109-b557-4e9e-a45a-509fe192dc4c (type: ports) to 2
2026-06-30 19:18:37.712 10 INFO neutron.wsgi [req-25fafc53-1fb6-44eb-97b0-b2a1d3836566 req-6c0efee9-1437-49cc-97f0-c6d3c7ab09c8 3d28e3b6229d4abbab00a11ab8b70543 47e639514af2466f9495e6e65012b320 - - default default] 10.0.0.200 "GET /v2.0/networks?id=76568d9a-7107-4786-9391-6c9bfd215eeb HTTP/1.1" status: 200 len: 859 time: 0.1234856
2026-06-30 19:18:37.724 10 INFO neutron.db.ovn_revision_numbers_db [None req-0fe981aa-e87d-4ff2-9ca3-6372254dd604 0363edd7b5ec45efaf3a998c23384cfd f0af19dc91f64a2cbb1a4137918355f4 - - - -] Successfully bumped revision number for resource 55f325c9-4534-447c-b889-6ffad4fbf458 (type: subnets) to 0
2026-06-30 19:18:37.730 10 INFO neutron.wsgi [req-25fafc53-1fb6-44eb-97b0-b2a1d3836566 req-920e85fc-ea43-4a4b-882c-ec84d4f58879 3d28e3b6229d4abbab00a11ab8b70543 47e639514af2466f9495e6e65012b320 - - default default] 10.0.0.200 "GET /v2.0/quotas/47e639514af2466f9495e6e65012b320 HTTP/1.1" status: 200 len: 386 time: 0.0123806
2026-06-30 19:18:37.756 10 INFO neutron.wsgi [None req-0fe981aa-e87d-4ff2-9ca3-6372254dd604 0363edd7b5ec45efaf3a998c23384cfd f0af19dc91f64a2cbb1a4137918355f4 - - - -] 10.0.0.232 "POST /v2.0/subnets HTTP/1.1" status: 201 len: 801 time: 0.9268482
2026-06-30 19:18:37.833 10 INFO neutron.wsgi [req-25fafc53-1fb6-44eb-97b0-b2a1d3836566 req-52c87b6d-625c-4992-829d-12bd88ce8668 3d28e3b6229d4abbab00a11ab8b70543 47e639514af2466f9495e6e65012b320 - - default default] 10.0.0.200 "GET /v2.0/ports?tenant_id=47e639514af2466f9495e6e65012b320&fields=id HTTP/1.1" status: 200 len: 302 time: 0.0974371
2026-06-30 19:18:37.847 9 INFO neutron.db.segments_db [None req-d325100d-053f-408e-9992-2df28cdb6e45 0363edd7b5ec45efaf3a998c23384cfd f0af19dc91f64a2cbb1a4137918355f4 - - - -] Added segment 4094c3cf-b5a3-43f5-9306-373fec2965db of type geneve for network e3675996-554d-4f9a-bc46-36c21bb8658d
2026-06-30 19:18:37.893 10 INFO neutron.wsgi [req-25fafc53-1fb6-44eb-97b0-b2a1d3836566 req-3f3b050e-bbf6-431b-b568-7d30bd101275 eff23f8a1364407d8b3a970c8fb0a198 9e87a226553f4b4a821d76fca7e776bc - - bbc4d2f7230e43ac89655b01cd30e2b7 bbc4d2f7230e43ac89655b01cd30e2b7] 10.0.0.200 "GET /v2.0/networks/76568d9a-7107-4786-9391-6c9bfd215eeb?fields=segments HTTP/1.1" status: 200 len: 212 time: 0.0488272
2026-06-30 19:18:37.956 10 INFO neutron.wsgi [req-25fafc53-1fb6-44eb-97b0-b2a1d3836566 req-3ebc95b7-625c-4639-aebc-d1ce278dc23b eff23f8a1364407d8b3a970c8fb0a198 9e87a226553f4b4a821d76fca7e776bc - - bbc4d2f7230e43ac89655b01cd30e2b7 bbc4d2f7230e43ac89655b01cd30e2b7] 10.0.0.200 "GET /v2.0/networks/76568d9a-7107-4786-9391-6c9bfd215eeb?fields=provider%3Aphysical_network&fields=provider%3Anetwork_type HTTP/1.1" status: 200 len: 277 time: 0.0563250
2026-06-30 19:18:37.972 9 INFO neutron.db.ovn_revision_numbers_db [None req-d325100d-053f-408e-9992-2df28cdb6e45 0363edd7b5ec45efaf3a998c23384cfd f0af19dc91f64a2cbb1a4137918355f4 - - - -] Successfully bumped revision number for resource e3675996-554d-4f9a-bc46-36c21bb8658d (type: networks) to 1
2026-06-30 19:18:38.121 10 INFO neutron.wsgi [req-106387cc-8c2b-404e-a567-769298c03ebf req-799f2e6d-6a95-48da-960f-6e89495c8483 3d28e3b6229d4abbab00a11ab8b70543 47e639514af2466f9495e6e65012b320 - - default default] 10.0.0.200 "GET /v2.0/ports?device_id=189e4765-b8a1-42b7-8aa4-4f05171313f7 HTTP/1.1" status: 200 len: 210 time: 0.0224576
2026-06-30 19:18:38.177 9 WARNING neutron.scheduler.dhcp_agent_scheduler [None req-d325100d-053f-408e-9992-2df28cdb6e45 0363edd7b5ec45efaf3a998c23384cfd f0af19dc91f64a2cbb1a4137918355f4 - - - -] No more DHCP agents
2026-06-30 19:18:38.180 9 WARNING neutron.api.rpc.agentnotifiers.dhcp_rpc_agent_api [None req-d325100d-053f-408e-9992-2df28cdb6e45 0363edd7b5ec45efaf3a998c23384cfd f0af19dc91f64a2cbb1a4137918355f4 - - - -] Unable to schedule network e3675996-554d-4f9a-bc46-36c21bb8658d: no agents available; will retry on subsequent port and subnet creation events.
2026-06-30 19:18:38.242 9 INFO neutron.db.ovn_revision_numbers_db [None req-d325100d-053f-408e-9992-2df28cdb6e45 0363edd7b5ec45efaf3a998c23384cfd f0af19dc91f64a2cbb1a4137918355f4 - - - -] Successfully bumped revision number for resource a6edd737-c33d-4def-82fe-f75c60eefc20 (type: ports) to 1
2026-06-30 19:18:38.263 9 INFO neutron.wsgi [None req-d325100d-053f-408e-9992-2df28cdb6e45 0363edd7b5ec45efaf3a998c23384cfd f0af19dc91f64a2cbb1a4137918355f4 - - - -] 10.0.0.232 "POST /v2.0/networks HTTP/1.1" status: 201 len: 830 time: 0.5018032
2026-06-30 19:18:38.546 9 WARNING neutron.scheduler.dhcp_agent_scheduler [None req-cf9c7fbd-d0bb-430a-a061-3084486940ab 0363edd7b5ec45efaf3a998c23384cfd f0af19dc91f64a2cbb1a4137918355f4 - - - -] No more DHCP agents
2026-06-30 19:18:38.548 9 WARNING neutron.api.rpc.agentnotifiers.dhcp_rpc_agent_api [None req-cf9c7fbd-d0bb-430a-a061-3084486940ab 0363edd7b5ec45efaf3a998c23384cfd f0af19dc91f64a2cbb1a4137918355f4 - - - -] Unable to schedule network e3675996-554d-4f9a-bc46-36c21bb8658d: no agents available; will retry on subsequent port and subnet creation events.
2026-06-30 19:18:38.957 10 INFO neutron.db.ovn_revision_numbers_db [None req-78125aa7-8b70-426c-ab1c-9cdaf1eff17b c8f28a6e0ca64f46b1e06f57b68ce95d ae461f65b4134d8da42b220815e79082 - - - -] Successfully bumped revision number for resource 4a42fc45-538b-4e4d-9b68-4bc8c078c647 (type: security_groups) to 1
2026-06-30 19:18:39.039 10 INFO neutron.db.segments_db [None req-78125aa7-8b70-426c-ab1c-9cdaf1eff17b c8f28a6e0ca64f46b1e06f57b68ce95d ae461f65b4134d8da42b220815e79082 - - - -] Added segment 7cbe7bfb-8678-46bd-99fc-15ac6549a0d4 of type geneve for network ca069e0c-0e79-471c-8891-e448e92585fd
2026-06-30 19:18:39.159 10 INFO neutron.wsgi [req-3e427c8d-5822-4477-9de1-32eeafc98815 req-8c8676a2-8aa4-4a7b-bae9-dfac72145bbc f05444f19d44474bb2e262717f4e5c41 bcdf0cae3fdf495ba4c17d07f1170846 - - default default] 10.0.0.200 "GET /v2.0/networks?id=ab86aafd-69f9-4bff-809e-9c85df6fefc5 HTTP/1.1" status: 200 len: 872 time: 0.1573277
2026-06-30 19:18:39.208 10 INFO neutron.wsgi [req-25fafc53-1fb6-44eb-97b0-b2a1d3836566 req-ea9388e7-0440-4e62-a57b-f9dbd0b2bb29 3d28e3b6229d4abbab00a11ab8b70543 47e639514af2466f9495e6e65012b320 - - default default] 199.19.213.147 "GET /v2.0/networks?id=76568d9a-7107-4786-9391-6c9bfd215eeb HTTP/1.1" status: 200 len: 859 time: 0.1701927
2026-06-30 19:18:39.230 10 INFO neutron.wsgi [req-3e427c8d-5822-4477-9de1-32eeafc98815 req-ebdf03f6-00c7-44fe-aa2e-a778099bcd19 f05444f19d44474bb2e262717f4e5c41 bcdf0cae3fdf495ba4c17d07f1170846 - - default default] 10.0.0.200 "GET /v2.0/quotas/bcdf0cae3fdf495ba4c17d07f1170846 HTTP/1.1" status: 200 len: 386 time: 0.0611095
2026-06-30 19:18:39.237 10 INFO neutron.wsgi [req-31542b46-a6ca-4615-a0e5-ef2bf05fa872 req-b47acc13-a612-442d-96d5-2d4eb4442abf 3d28e3b6229d4abbab00a11ab8b70543 47e639514af2466f9495e6e65012b320 - - default default] 10.0.0.200 "GET /v2.0/ports?device_id=189e4765-b8a1-42b7-8aa4-4f05171313f7 HTTP/1.1" status: 200 len: 210 time: 0.0404506
2026-06-30 19:18:39.355 10 INFO neutron.db.ovn_revision_numbers_db [None req-78125aa7-8b70-426c-ab1c-9cdaf1eff17b c8f28a6e0ca64f46b1e06f57b68ce95d ae461f65b4134d8da42b220815e79082 - - - -] Successfully bumped revision number for resource ca069e0c-0e79-471c-8891-e448e92585fd (type: networks) to 1
2026-06-30 19:18:39.363 10 INFO neutron.wsgi [req-25fafc53-1fb6-44eb-97b0-b2a1d3836566 req-79b3d2cc-256b-4696-bd6e-bdc1eec50c67 3d28e3b6229d4abbab00a11ab8b70543 47e639514af2466f9495e6e65012b320 - - default default] 199.19.213.147 "GET /v2.0/security-groups?fields=id&fields=name&tenant_id=47e639514af2466f9495e6e65012b320 HTTP/1.1" status: 200 len: 379 time: 0.1452274
2026-06-30 19:18:39.378 9 INFO neutron.db.ovn_revision_numbers_db [None req-cf9c7fbd-d0bb-430a-a061-3084486940ab 0363edd7b5ec45efaf3a998c23384cfd f0af19dc91f64a2cbb1a4137918355f4 - - - -] Successfully bumped revision number for resource a6edd737-c33d-4def-82fe-f75c60eefc20 (type: ports) to 2
2026-06-30 19:18:39.380 9 WARNING neutron.plugins.ml2.drivers.ovn.mech_driver.ovsdb.ovn_client [None req-a066a905-fa80-415a-9414-a6e9dbe1c238 - - - - - -] No hosting information found for port e208c424-38aa-494f-bdf0-6e9d60c77530: RuntimeError: No hosting information found for port e208c424-38aa-494f-bdf0-6e9d60c77530
2026-06-30 19:18:39.380 9 INFO neutron.plugins.ml2.drivers.ovn.mech_driver.mech_driver [None req-a066a905-fa80-415a-9414-a6e9dbe1c238 - - - - - -] OVN reports status up for port: 8a21721a-c30c-4f2e-a488-e947c8036391
2026-06-30 19:18:39.393 9 INFO neutron.plugins.ml2.plugin [None req-a066a905-fa80-415a-9414-a6e9dbe1c238 - - - - - -] Attempt 1 to provision port 8a21721a-c30c-4f2e-a488-e947c8036391
2026-06-30 19:18:39.413 9 INFO neutron.db.ovn_revision_numbers_db [None req-cf9c7fbd-d0bb-430a-a061-3084486940ab 0363edd7b5ec45efaf3a998c23384cfd f0af19dc91f64a2cbb1a4137918355f4 - - - -] Successfully bumped revision number for resource db38df9e-6b5e-434c-bf78-a6c5ad3773ab (type: subnets) to 0
2026-06-30 19:18:39.432 9 INFO neutron.wsgi [None req-cf9c7fbd-d0bb-430a-a061-3084486940ab 0363edd7b5ec45efaf3a998c23384cfd f0af19dc91f64a2cbb1a4137918355f4 - - - -] 10.0.0.232 "POST /v2.0/subnets HTTP/1.1" status: 201 len: 804 time: 1.1650622
2026-06-30 19:18:39.484 10 INFO neutron.wsgi [req-3e427c8d-5822-4477-9de1-32eeafc98815 req-61b52930-a935-446f-baba-7f48bc31986d f05444f19d44474bb2e262717f4e5c41 bcdf0cae3fdf495ba4c17d07f1170846 - - default default] 10.0.0.200 "GET /v2.0/ports?tenant_id=bcdf0cae3fdf495ba4c17d07f1170846&fields=id HTTP/1.1" status: 200 len: 302 time: 0.2446129
2026-06-30 19:18:39.512 9 INFO neutron.plugins.ml2.drivers.ovn.mech_driver.mech_driver [None req-a066a905-fa80-415a-9414-a6e9dbe1c238 - - - - - -] OVN reports status up for port: 02760f74-caa7-4672-8f52-fc9a5b56f6ae
2026-06-30 19:18:39.523 9 INFO neutron.plugins.ml2.plugin [None req-a066a905-fa80-415a-9414-a6e9dbe1c238 - - - - - -] Attempt 1 to provision port 02760f74-caa7-4672-8f52-fc9a5b56f6ae
2026-06-30 19:18:39.548 9 INFO neutron.db.segments_db [None req-7809968f-2c6b-428c-9366-ca60b730cc59 0363edd7b5ec45efaf3a998c23384cfd f0af19dc91f64a2cbb1a4137918355f4 - - - -] Added segment 4c7d05a0-b383-4d19-b1b8-0795efa7a2df of type geneve for network 18fad3ce-2f17-446c-b93c-e53c35b14adb
2026-06-30 19:18:39.726 9 INFO neutron.db.ovn_revision_numbers_db [None req-7809968f-2c6b-428c-9366-ca60b730cc59 0363edd7b5ec45efaf3a998c23384cfd f0af19dc91f64a2cbb1a4137918355f4 - - - -] Successfully bumped revision number for resource 18fad3ce-2f17-446c-b93c-e53c35b14adb (type: networks) to 1
2026-06-30 19:18:39.942 9 INFO neutron.db.ovn_revision_numbers_db [None req-a066a905-fa80-415a-9414-a6e9dbe1c238 - - - - - -] Successfully bumped revision number for resource 02760f74-caa7-4672-8f52-fc9a5b56f6ae (type: ports) to 3
2026-06-30 19:18:39.947 10 INFO neutron.wsgi [req-3e427c8d-5822-4477-9de1-32eeafc98815 req-e933d79f-d4d9-4a0e-a1a4-9ab7bcf00f95 eff23f8a1364407d8b3a970c8fb0a198 9e87a226553f4b4a821d76fca7e776bc - - bbc4d2f7230e43ac89655b01cd30e2b7 bbc4d2f7230e43ac89655b01cd30e2b7] 10.0.0.200 "GET /v2.0/networks/ab86aafd-69f9-4bff-809e-9c85df6fefc5?fields=segments HTTP/1.1" status: 200 len: 212 time: 0.4502330
2026-06-30 19:18:39.998 9 WARNING neutron.scheduler.dhcp_agent_scheduler [None req-7809968f-2c6b-428c-9366-ca60b730cc59 0363edd7b5ec45efaf3a998c23384cfd f0af19dc91f64a2cbb1a4137918355f4 - - - -] No more DHCP agents
2026-06-30 19:18:39.999 9 WARNING neutron.api.rpc.agentnotifiers.dhcp_rpc_agent_api [None req-7809968f-2c6b-428c-9366-ca60b730cc59 0363edd7b5ec45efaf3a998c23384cfd f0af19dc91f64a2cbb1a4137918355f4 - - - -] Unable to schedule network 18fad3ce-2f17-446c-b93c-e53c35b14adb: no agents available; will retry on subsequent port and subnet creation events.
2026-06-30 19:18:40.127 9 INFO neutron.db.ovn_revision_numbers_db [None req-7809968f-2c6b-428c-9366-ca60b730cc59 0363edd7b5ec45efaf3a998c23384cfd f0af19dc91f64a2cbb1a4137918355f4 - - - -] Successfully bumped revision number for resource e952eab1-ffeb-4f43-a394-1acccf2b9143 (type: ports) to 1
2026-06-30 19:18:40.130 9 INFO neutron.db.ovn_revision_numbers_db [None req-a066a905-fa80-415a-9414-a6e9dbe1c238 - - - - - -] Successfully bumped revision number for resource 02760f74-caa7-4672-8f52-fc9a5b56f6ae (type: router_ports) to 3
2026-06-30 19:18:40.131 10 WARNING neutron.scheduler.dhcp_agent_scheduler [None req-78125aa7-8b70-426c-ab1c-9cdaf1eff17b c8f28a6e0ca64f46b1e06f57b68ce95d ae461f65b4134d8da42b220815e79082 - - - -] No more DHCP agents
2026-06-30 19:18:40.135 10 INFO neutron.wsgi [req-3e427c8d-5822-4477-9de1-32eeafc98815 req-7c8f2aec-c274-4ea6-8600-b15f631a059c eff23f8a1364407d8b3a970c8fb0a198 9e87a226553f4b4a821d76fca7e776bc - - bbc4d2f7230e43ac89655b01cd30e2b7 bbc4d2f7230e43ac89655b01cd30e2b7] 10.0.0.200 "GET /v2.0/networks/ab86aafd-69f9-4bff-809e-9c85df6fefc5?fields=provider%3Aphysical_network&fields=provider%3Anetwork_type HTTP/1.1" status: 200 len: 277 time: 0.1539400
2026-06-30 19:18:40.137 10 WARNING neutron.api.rpc.agentnotifiers.dhcp_rpc_agent_api [None req-78125aa7-8b70-426c-ab1c-9cdaf1eff17b c8f28a6e0ca64f46b1e06f57b68ce95d ae461f65b4134d8da42b220815e79082 - - - -] Unable to schedule network ca069e0c-0e79-471c-8891-e448e92585fd: no agents available; will retry on subsequent port and subnet creation events.
2026-06-30 19:18:40.159 9 INFO neutron.wsgi [None req-7809968f-2c6b-428c-9366-ca60b730cc59 0363edd7b5ec45efaf3a998c23384cfd f0af19dc91f64a2cbb1a4137918355f4 - - - -] 10.0.0.232 "POST /v2.0/networks HTTP/1.1" status: 201 len: 831 time: 0.7201228
2026-06-30 19:18:40.218 10 INFO neutron.db.ovn_revision_numbers_db [None req-78125aa7-8b70-426c-ab1c-9cdaf1eff17b c8f28a6e0ca64f46b1e06f57b68ce95d ae461f65b4134d8da42b220815e79082 - - - -] Successfully bumped revision number for resource 9504421f-71be-4e70-90f7-fd89e90b119f (type: ports) to 1
2026-06-30 19:18:40.271 10 INFO neutron.wsgi [None req-78125aa7-8b70-426c-ab1c-9cdaf1eff17b c8f28a6e0ca64f46b1e06f57b68ce95d ae461f65b4134d8da42b220815e79082 - - - -] 10.0.0.232 "POST /v2.0/networks HTTP/1.1" status: 201 len: 832 time: 1.6577139
2026-06-30 19:18:40.322 10 INFO neutron.wsgi [req-70e2097c-f3ec-46cc-943d-143ac98f005e req-ce00aca3-00c2-4b1b-8d70-4fa987522960 f05444f19d44474bb2e262717f4e5c41 bcdf0cae3fdf495ba4c17d07f1170846 - - default default] 10.0.0.200 "GET /v2.0/ports?device_id=8ef2e93b-5fa4-4b80-aadb-e2ed5c389bda HTTP/1.1" status: 200 len: 210 time: 0.0475221
2026-06-30 19:18:40.344 10 INFO neutron.wsgi [req-7a71c5b3-440e-45c6-bab1-dd27fb3dbd42 req-bb40852e-a411-41b6-95be-5142cc0b600b 3d28e3b6229d4abbab00a11ab8b70543 47e639514af2466f9495e6e65012b320 - - default default] 10.0.0.200 "GET /v2.0/ports?device_id=189e4765-b8a1-42b7-8aa4-4f05171313f7 HTTP/1.1" status: 200 len: 210 time: 0.0281110
2026-06-30 19:18:40.392 10 WARNING neutron.scheduler.dhcp_agent_scheduler [None req-206fee41-e347-4a85-8fc6-bc3faa9f8951 3d28e3b6229d4abbab00a11ab8b70543 47e639514af2466f9495e6e65012b320 - - - -] No more DHCP agents
2026-06-30 19:18:40.393 10 WARNING neutron.api.rpc.agentnotifiers.dhcp_rpc_agent_api [None req-206fee41-e347-4a85-8fc6-bc3faa9f8951 3d28e3b6229d4abbab00a11ab8b70543 47e639514af2466f9495e6e65012b320 - - - -] Unable to schedule network 76568d9a-7107-4786-9391-6c9bfd215eeb: no agents available; will retry on subsequent port and subnet creation events.
2026-06-30 19:18:40.413 9 INFO neutron.db.segments_db [None req-0f6d7bd7-7c86-4d2c-82da-c75127d97259 c8f28a6e0ca64f46b1e06f57b68ce95d ae461f65b4134d8da42b220815e79082 - - - -] Added segment d910b7a3-765d-4f32-871d-436665d49367 of type geneve for network e3f4dadf-8fbd-40fc-a9b2-59718fb67439
2026-06-30 19:18:40.543 10 INFO neutron.db.ovn_revision_numbers_db [None req-206fee41-e347-4a85-8fc6-bc3faa9f8951 3d28e3b6229d4abbab00a11ab8b70543 47e639514af2466f9495e6e65012b320 - - - -] Successfully bumped revision number for resource ed22b834-e658-430f-be95-28f135a17fc3 (type: ports) to 1
2026-06-30 19:18:40.571 10 INFO neutron.wsgi [None req-206fee41-e347-4a85-8fc6-bc3faa9f8951 3d28e3b6229d4abbab00a11ab8b70543 47e639514af2466f9495e6e65012b320 - - - -] 199.19.213.147 "POST /v2.0/ports HTTP/1.1" status: 201 len: 1162 time: 1.1965022 /var/lib/openstack/lib/python3.10/site-packages/pycadf/identifier.py:71: UserWarning: Invalid uuid: neutron. To ensure interoperability, identifiers should be a valid uuid. warnings.warn(('Invalid uuid: %s. To ensure interoperability, '
2026-06-30 19:18:40.589 9 WARNING neutron.scheduler.dhcp_agent_scheduler [None req-983436ba-4522-4e89-a4ea-108e7870cbc8 0363edd7b5ec45efaf3a998c23384cfd f0af19dc91f64a2cbb1a4137918355f4 - - - -] No more DHCP agents
2026-06-30 19:18:40.592 9 WARNING neutron.api.rpc.agentnotifiers.dhcp_rpc_agent_api [None req-983436ba-4522-4e89-a4ea-108e7870cbc8 0363edd7b5ec45efaf3a998c23384cfd f0af19dc91f64a2cbb1a4137918355f4 - - - -] Unable to schedule network 18fad3ce-2f17-446c-b93c-e53c35b14adb: no agents available; will retry on subsequent port and subnet creation events.
2026-06-30 19:18:40.595 9 INFO neutron.db.ovn_revision_numbers_db [None req-0f6d7bd7-7c86-4d2c-82da-c75127d97259 c8f28a6e0ca64f46b1e06f57b68ce95d ae461f65b4134d8da42b220815e79082 - - - -] Successfully bumped revision number for resource e3f4dadf-8fbd-40fc-a9b2-59718fb67439 (type: networks) to 1
2026-06-30 19:18:40.820 9 WARNING neutron.scheduler.dhcp_agent_scheduler [None req-0f6d7bd7-7c86-4d2c-82da-c75127d97259 c8f28a6e0ca64f46b1e06f57b68ce95d ae461f65b4134d8da42b220815e79082 - - - -] No more DHCP agents
2026-06-30 19:18:40.823 9 WARNING neutron.api.rpc.agentnotifiers.dhcp_rpc_agent_api [None req-0f6d7bd7-7c86-4d2c-82da-c75127d97259 c8f28a6e0ca64f46b1e06f57b68ce95d ae461f65b4134d8da42b220815e79082 - - - -] Unable to schedule network e3f4dadf-8fbd-40fc-a9b2-59718fb67439: no agents available; will retry on subsequent port and subnet creation events.
2026-06-30 19:18:40.904 9 INFO neutron.db.ovn_revision_numbers_db [None req-0f6d7bd7-7c86-4d2c-82da-c75127d97259 c8f28a6e0ca64f46b1e06f57b68ce95d ae461f65b4134d8da42b220815e79082 - - - -] Successfully bumped revision number for resource 3e618753-2b34-4000-bcbe-554051b83743 (type: ports) to 1
2026-06-30 19:18:40.929 9 INFO neutron.wsgi [None req-0f6d7bd7-7c86-4d2c-82da-c75127d97259 c8f28a6e0ca64f46b1e06f57b68ce95d ae461f65b4134d8da42b220815e79082 - - - -] 10.0.0.232 "POST /v2.0/networks HTTP/1.1" status: 201 len: 832 time: 0.6520703 /var/lib/openstack/lib/python3.10/site-packages/pycadf/identifier.py:71: UserWarning: Invalid uuid: neutron. To ensure interoperability, identifiers should be a valid uuid. warnings.warn(('Invalid uuid: %s. To ensure interoperability, '
2026-06-30 19:18:41.003 10 INFO neutron.db.ovn_revision_numbers_db [None req-01e85a08-2a8a-45b1-89e8-a5bac936f023 eff23f8a1364407d8b3a970c8fb0a198 9e87a226553f4b4a821d76fca7e776bc - - - -] Successfully bumped revision number for resource ed22b834-e658-430f-be95-28f135a17fc3 (type: ports) to 2
2026-06-30 19:18:41.186 9 INFO neutron.db.ovn_revision_numbers_db [None req-983436ba-4522-4e89-a4ea-108e7870cbc8 0363edd7b5ec45efaf3a998c23384cfd f0af19dc91f64a2cbb1a4137918355f4 - - - -] Successfully bumped revision number for resource e952eab1-ffeb-4f43-a394-1acccf2b9143 (type: ports) to 2
2026-06-30 19:18:41.201 9 INFO neutron.db.ovn_revision_numbers_db [None req-983436ba-4522-4e89-a4ea-108e7870cbc8 0363edd7b5ec45efaf3a998c23384cfd f0af19dc91f64a2cbb1a4137918355f4 - - - -] Successfully bumped revision number for resource 2337ae2b-b59b-4fb1-81cd-96b8d4b2f5e6 (type: subnets) to 0
2026-06-30 19:18:41.214 10 INFO neutron.wsgi [req-3e427c8d-5822-4477-9de1-32eeafc98815 req-6f4725b4-551c-47eb-b3ca-518b004aa1a2 f05444f19d44474bb2e262717f4e5c41 bcdf0cae3fdf495ba4c17d07f1170846 - - default default] 199.19.213.147 "GET /v2.0/networks?id=ab86aafd-69f9-4bff-809e-9c85df6fefc5 HTTP/1.1" status: 200 len: 872 time: 0.1461711
2026-06-30 19:18:41.220 9 INFO neutron.wsgi [None req-983436ba-4522-4e89-a4ea-108e7870cbc8 0363edd7b5ec45efaf3a998c23384cfd f0af19dc91f64a2cbb1a4137918355f4 - - - -] 10.0.0.232 "POST /v2.0/subnets HTTP/1.1" status: 201 len: 804 time: 1.0554819
2026-06-30 19:18:41.321 9 INFO neutron.db.segments_db [None req-9108c272-2c7d-49ea-86b9-d1c2ceb9d2cd 0363edd7b5ec45efaf3a998c23384cfd f0af19dc91f64a2cbb1a4137918355f4 - - - -] Added segment 1f47f8aa-54ee-4ff4-a50b-c33ca7952760 of type geneve for network 2919499e-9be5-44f8-8223-114261fd5a1d
2026-06-30 19:18:41.360 10 WARNING neutron.scheduler.dhcp_agent_scheduler [None req-9ac4c877-172e-45e7-95cc-709013ef880e c8f28a6e0ca64f46b1e06f57b68ce95d ae461f65b4134d8da42b220815e79082 - - - -] No more DHCP agents
2026-06-30 19:18:41.366 10 WARNING neutron.api.rpc.agentnotifiers.dhcp_rpc_agent_api [None req-9ac4c877-172e-45e7-95cc-709013ef880e c8f28a6e0ca64f46b1e06f57b68ce95d ae461f65b4134d8da42b220815e79082 - - - -] Unable to schedule network ca069e0c-0e79-471c-8891-e448e92585fd: no agents available; will retry on subsequent port and subnet creation events.
2026-06-30 19:18:41.369 10 INFO neutron.db.ovn_revision_numbers_db [None req-01e85a08-2a8a-45b1-89e8-a5bac936f023 eff23f8a1364407d8b3a970c8fb0a198 9e87a226553f4b4a821d76fca7e776bc - - - -] Successfully bumped revision number for resource ed22b834-e658-430f-be95-28f135a17fc3 (type: ports) to 2
2026-06-30 19:18:41.388 10 INFO neutron.wsgi [None req-01e85a08-2a8a-45b1-89e8-a5bac936f023 eff23f8a1364407d8b3a970c8fb0a198 9e87a226553f4b4a821d76fca7e776bc - - - -] 199.19.213.147 "PUT /v2.0/ports/ed22b834-e658-430f-be95-28f135a17fc3 HTTP/1.1" status: 200 len: 1332 time: 0.8105586
2026-06-30 19:18:41.393 10 INFO neutron.db.ovn_revision_numbers_db [None req-9ac4c877-172e-45e7-95cc-709013ef880e c8f28a6e0ca64f46b1e06f57b68ce95d ae461f65b4134d8da42b220815e79082 - - - -] Successfully bumped revision number for resource 28b4d690-3d54-4fc7-b255-9fb0e8f4fdc3 (type: subnets) to 0
2026-06-30 19:18:41.414 10 INFO neutron.wsgi [None req-9ac4c877-172e-45e7-95cc-709013ef880e c8f28a6e0ca64f46b1e06f57b68ce95d ae461f65b4134d8da42b220815e79082 - - - -] 10.0.0.232 "POST /v2.0/subnets HTTP/1.1" status: 201 len: 821 time: 0.4760568 /var/lib/openstack/lib/python3.10/site-packages/pycadf/identifier.py:71: UserWarning: Invalid uuid: neutron. To ensure interoperability, identifiers should be a valid uuid. warnings.warn(('Invalid uuid: %s. To ensure interoperability, '
2026-06-30 19:18:41.445 9 INFO neutron.db.ovn_revision_numbers_db [None req-9108c272-2c7d-49ea-86b9-d1c2ceb9d2cd 0363edd7b5ec45efaf3a998c23384cfd f0af19dc91f64a2cbb1a4137918355f4 - - - -] Successfully bumped revision number for resource 2919499e-9be5-44f8-8223-114261fd5a1d (type: networks) to 1
2026-06-30 19:18:41.508 10 INFO neutron.wsgi [req-81d8e921-fff5-4ca5-b5a9-5072a409bcf4 req-e125c7af-a4bf-4ced-bc31-6a26660cb0fe 3d28e3b6229d4abbab00a11ab8b70543 47e639514af2466f9495e6e65012b320 - - default default] 10.0.0.200 "GET /v2.0/ports?device_id=189e4765-b8a1-42b7-8aa4-4f05171313f7 HTTP/1.1" status: 200 len: 1172 time: 0.0930424
2026-06-30 19:18:41.521 10 INFO neutron.wsgi [req-62bbe0c8-1ae3-4a0d-ae4b-70b66e9b47bf req-b87cb9b7-15af-4bc3-9c2b-bcd542c39882 f05444f19d44474bb2e262717f4e5c41 bcdf0cae3fdf495ba4c17d07f1170846 - - default default] 10.0.0.200 "GET /v2.0/ports?device_id=8ef2e93b-5fa4-4b80-aadb-e2ed5c389bda HTTP/1.1" status: 200 len: 210 time: 0.0685661
2026-06-30 19:18:41.566 10 INFO neutron.notifiers.nova [-] Nova event matching ['req-d15f3383-6940-4572-b8d7-7422d5acfd50'] response: {'name': 'network-changed', 'server_uuid': '189e4765-b8a1-42b7-8aa4-4f05171313f7', 'tag': 'ed22b834-e658-430f-be95-28f135a17fc3', 'status': 'completed', 'code': 200}
2026-06-30 19:18:41.569 10 INFO neutron.wsgi [req-25fafc53-1fb6-44eb-97b0-b2a1d3836566 req-fd6fd3ed-178b-475f-b838-f4c5de9a27a0 eff23f8a1364407d8b3a970c8fb0a198 9e87a226553f4b4a821d76fca7e776bc - - bbc4d2f7230e43ac89655b01cd30e2b7 bbc4d2f7230e43ac89655b01cd30e2b7] 199.19.213.147 "GET /v2.0/ports?tenant_id=47e639514af2466f9495e6e65012b320&device_id=189e4765-b8a1-42b7-8aa4-4f05171313f7 HTTP/1.1" status: 200 len: 1363 time: 0.0969069
2026-06-30 19:18:41.628 10 INFO neutron.wsgi [req-81d8e921-fff5-4ca5-b5a9-5072a409bcf4 req-8938b5c9-d9b1-4cca-b9df-2affd00d8574 3d28e3b6229d4abbab00a11ab8b70543 47e639514af2466f9495e6e65012b320 - - default default] 10.0.0.200 "GET /v2.0/security-groups?id=14c84403-47f3-4301-a02f-76d9d3f4ea47&fields=id&fields=name HTTP/1.1" status: 200 len: 312 time: 0.1034162
2026-06-30 19:18:41.630 10 INFO neutron.wsgi [req-25fafc53-1fb6-44eb-97b0-b2a1d3836566 req-b3d898e9-3539-4663-ad65-9968bc52453f eff23f8a1364407d8b3a970c8fb0a198 9e87a226553f4b4a821d76fca7e776bc - - bbc4d2f7230e43ac89655b01cd30e2b7 bbc4d2f7230e43ac89655b01cd30e2b7] 199.19.213.147 "GET /v2.0/floatingips?fixed_ip_address=10.100.0.11&port_id=ed22b834-e658-430f-be95-28f135a17fc3 HTTP/1.1" status: 200 len: 217 time: 0.0494568
2026-06-30 19:18:41.658 9 WARNING neutron.scheduler.dhcp_agent_scheduler [None req-9108c272-2c7d-49ea-86b9-d1c2ceb9d2cd 0363edd7b5ec45efaf3a998c23384cfd f0af19dc91f64a2cbb1a4137918355f4 - - - -] No more DHCP agents
2026-06-30 19:18:41.660 9 WARNING neutron.api.rpc.agentnotifiers.dhcp_rpc_agent_api [None req-9108c272-2c7d-49ea-86b9-d1c2ceb9d2cd 0363edd7b5ec45efaf3a998c23384cfd f0af19dc91f64a2cbb1a4137918355f4 - - - -] Unable to schedule network 2919499e-9be5-44f8-8223-114261fd5a1d: no agents available; will retry on subsequent port and subnet creation events.
2026-06-30 19:18:41.697 10 INFO neutron.wsgi [req-25fafc53-1fb6-44eb-97b0-b2a1d3836566 req-e4acbc91-1095-41be-badb-b19b07f586e6 eff23f8a1364407d8b3a970c8fb0a198 9e87a226553f4b4a821d76fca7e776bc - - bbc4d2f7230e43ac89655b01cd30e2b7 bbc4d2f7230e43ac89655b01cd30e2b7] 199.19.213.147 "GET /v2.0/subnets?id=b4270a7e-60a5-476d-a749-96aa2a888a99 HTTP/1.1" status: 200 len: 853 time: 0.0576556
2026-06-30 19:18:41.734 9 INFO neutron.db.ovn_revision_numbers_db [None req-9108c272-2c7d-49ea-86b9-d1c2ceb9d2cd 0363edd7b5ec45efaf3a998c23384cfd f0af19dc91f64a2cbb1a4137918355f4 - - - -] Successfully bumped revision number for resource 3c747a39-5d76-4cbb-8172-6b5decf4532a (type: ports) to 1
2026-06-30 19:18:41.758 9 INFO neutron.wsgi [None req-9108c272-2c7d-49ea-86b9-d1c2ceb9d2cd 0363edd7b5ec45efaf3a998c23384cfd f0af19dc91f64a2cbb1a4137918355f4 - - - -] 10.0.0.232 "POST /v2.0/networks HTTP/1.1" status: 201 len: 830 time: 0.5325017
2026-06-30 19:18:41.759 10 INFO neutron.wsgi [req-25fafc53-1fb6-44eb-97b0-b2a1d3836566 req-1600df70-2fbf-45dd-ad68-442874a0049c eff23f8a1364407d8b3a970c8fb0a198 9e87a226553f4b4a821d76fca7e776bc - - bbc4d2f7230e43ac89655b01cd30e2b7 bbc4d2f7230e43ac89655b01cd30e2b7] 199.19.213.147 "GET /v2.0/ports?network_id=76568d9a-7107-4786-9391-6c9bfd215eeb&device_owner=network%3Adhcp HTTP/1.1" status: 200 len: 210 time: 0.0468013
2026-06-30 19:18:41.881 10 INFO neutron.wsgi [req-25fafc53-1fb6-44eb-97b0-b2a1d3836566 req-5e3abdf8-45ef-4e59-bd81-7940935f8e02 eff23f8a1364407d8b3a970c8fb0a198 9e87a226553f4b4a821d76fca7e776bc - - bbc4d2f7230e43ac89655b01cd30e2b7 bbc4d2f7230e43ac89655b01cd30e2b7] 199.19.213.147 "GET /v2.0/networks/76568d9a-7107-4786-9391-6c9bfd215eeb?fields=segments HTTP/1.1" status: 200 len: 212 time: 0.1048741 /var/lib/openstack/lib/python3.10/site-packages/pycadf/identifier.py:71: UserWarning: Invalid uuid: neutron. To ensure interoperability, identifiers should be a valid uuid. warnings.warn(('Invalid uuid: %s. To ensure interoperability, '
2026-06-30 19:18:41.940 10 WARNING neutron.scheduler.dhcp_agent_scheduler [None req-da66ce7f-e5bf-4b34-b8de-7d8cb006b847 f05444f19d44474bb2e262717f4e5c41 bcdf0cae3fdf495ba4c17d07f1170846 - - - -] No more DHCP agents
2026-06-30 19:18:41.952 10 WARNING neutron.api.rpc.agentnotifiers.dhcp_rpc_agent_api [None req-da66ce7f-e5bf-4b34-b8de-7d8cb006b847 f05444f19d44474bb2e262717f4e5c41 bcdf0cae3fdf495ba4c17d07f1170846 - - - -] Unable to schedule network ab86aafd-69f9-4bff-809e-9c85df6fefc5: no agents available; will retry on subsequent port and subnet creation events.
2026-06-30 19:18:41.998 9 WARNING neutron.scheduler.dhcp_agent_scheduler [None req-83bcd627-444a-4862-96e7-8a05415a3cc6 0363edd7b5ec45efaf3a998c23384cfd f0af19dc91f64a2cbb1a4137918355f4 - - - -] No more DHCP agents
2026-06-30 19:18:42.000 9 WARNING neutron.api.rpc.agentnotifiers.dhcp_rpc_agent_api [None req-83bcd627-444a-4862-96e7-8a05415a3cc6 0363edd7b5ec45efaf3a998c23384cfd f0af19dc91f64a2cbb1a4137918355f4 - - - -] Unable to schedule network 2919499e-9be5-44f8-8223-114261fd5a1d: no agents available; will retry on subsequent port and subnet creation events.
2026-06-30 19:18:42.290 10 WARNING neutron.scheduler.dhcp_agent_scheduler [None req-6a39d1d6-3d5c-41b7-9814-bd665b3ec53b c8f28a6e0ca64f46b1e06f57b68ce95d ae461f65b4134d8da42b220815e79082 - - - -] No more DHCP agents
2026-06-30 19:18:42.297 10 WARNING neutron.api.rpc.agentnotifiers.dhcp_rpc_agent_api [None req-6a39d1d6-3d5c-41b7-9814-bd665b3ec53b c8f28a6e0ca64f46b1e06f57b68ce95d ae461f65b4134d8da42b220815e79082 - - - -] Unable to schedule network e3f4dadf-8fbd-40fc-a9b2-59718fb67439: no agents available; will retry on subsequent port and subnet creation events.
2026-06-30 19:18:42.300 10 INFO neutron.wsgi [req-25fafc53-1fb6-44eb-97b0-b2a1d3836566 req-94cea283-da58-4d5e-91a2-1a545f6a0511 eff23f8a1364407d8b3a970c8fb0a198 9e87a226553f4b4a821d76fca7e776bc - - bbc4d2f7230e43ac89655b01cd30e2b7 bbc4d2f7230e43ac89655b01cd30e2b7] 199.19.213.147 "GET /v2.0/networks/76568d9a-7107-4786-9391-6c9bfd215eeb?fields=provider%3Aphysical_network&fields=provider%3Anetwork_type HTTP/1.1" status: 200 len: 277 time: 0.4102011
2026-06-30 19:18:42.321 10 INFO neutron.db.ovn_revision_numbers_db [None req-6a39d1d6-3d5c-41b7-9814-bd665b3ec53b c8f28a6e0ca64f46b1e06f57b68ce95d ae461f65b4134d8da42b220815e79082 - - - -] Successfully bumped revision number for resource c6fe761a-42d8-44d4-975d-edaa157af1c9 (type: subnets) to 0
2026-06-30 19:18:42.337 10 INFO neutron.wsgi [None req-6a39d1d6-3d5c-41b7-9814-bd665b3ec53b c8f28a6e0ca64f46b1e06f57b68ce95d ae461f65b4134d8da42b220815e79082 - - - -] 10.0.0.232 "POST /v2.0/subnets HTTP/1.1" status: 201 len: 830 time: 0.9096658 /var/lib/openstack/lib/python3.10/site-packages/pycadf/identifier.py:71: UserWarning: Invalid uuid: neutron. To ensure interoperability, identifiers should be a valid uuid. warnings.warn(('Invalid uuid: %s. To ensure interoperability, '
2026-06-30 19:18:42.385 10 INFO neutron.wsgi [req-71b87064-a90d-4cf5-9328-2fbcb0e5f5b2 req-01196081-d5c9-48e3-8ae5-5b118210784f eff23f8a1364407d8b3a970c8fb0a198 9e87a226553f4b4a821d76fca7e776bc - - bbc4d2f7230e43ac89655b01cd30e2b7 bbc4d2f7230e43ac89655b01cd30e2b7] 199.19.213.147 "GET /v2.0/ports?tenant_id=47e639514af2466f9495e6e65012b320&device_id=189e4765-b8a1-42b7-8aa4-4f05171313f7 HTTP/1.1" status: 200 len: 1363 time: 0.0402904
2026-06-30 19:18:42.461 10 INFO neutron.db.ovn_revision_numbers_db [None req-da66ce7f-e5bf-4b34-b8de-7d8cb006b847 f05444f19d44474bb2e262717f4e5c41 bcdf0cae3fdf495ba4c17d07f1170846 - - - -] Successfully bumped revision number for resource a6219608-fc64-4af7-b7d3-b01f4a116ad9 (type: ports) to 1
2026-06-30 19:18:42.494 10 INFO neutron.wsgi [req-71b87064-a90d-4cf5-9328-2fbcb0e5f5b2 req-fa80bfcb-1bd6-481c-bd5d-8f05720a355e eff23f8a1364407d8b3a970c8fb0a198 9e87a226553f4b4a821d76fca7e776bc - - bbc4d2f7230e43ac89655b01cd30e2b7 bbc4d2f7230e43ac89655b01cd30e2b7] 199.19.213.147 "GET /v2.0/networks?id=76568d9a-7107-4786-9391-6c9bfd215eeb HTTP/1.1" status: 200 len: 958 time: 0.0947869
2026-06-30 19:18:42.497 10 INFO neutron.wsgi [None req-da66ce7f-e5bf-4b34-b8de-7d8cb006b847 f05444f19d44474bb2e262717f4e5c41 bcdf0cae3fdf495ba4c17d07f1170846 - - - -] 199.19.213.147 "POST /v2.0/ports HTTP/1.1" status: 201 len: 1162 time: 1.2620885
2026-06-30 19:18:42.537 10 INFO neutron.wsgi [req-71b87064-a90d-4cf5-9328-2fbcb0e5f5b2 req-64148a3e-6201-4d3b-9aee-8dcdc56056e5 eff23f8a1364407d8b3a970c8fb0a198 9e87a226553f4b4a821d76fca7e776bc - - bbc4d2f7230e43ac89655b01cd30e2b7 bbc4d2f7230e43ac89655b01cd30e2b7] 199.19.213.147 "GET /v2.0/floatingips?fixed_ip_address=10.100.0.11&port_id=ed22b834-e658-430f-be95-28f135a17fc3 HTTP/1.1" status: 200 len: 217 time: 0.0313995
2026-06-30 19:18:42.599 10 INFO neutron.wsgi [req-71b87064-a90d-4cf5-9328-2fbcb0e5f5b2 req-a1f0d3bd-5827-4fcd-99ab-4a5a2504eab9 eff23f8a1364407d8b3a970c8fb0a198 9e87a226553f4b4a821d76fca7e776bc - - bbc4d2f7230e43ac89655b01cd30e2b7 bbc4d2f7230e43ac89655b01cd30e2b7] 199.19.213.147 "GET /v2.0/subnets?id=b4270a7e-60a5-476d-a749-96aa2a888a99 HTTP/1.1" status: 200 len: 853 time: 0.0478566
2026-06-30 19:18:42.644 10 INFO neutron.wsgi [req-71b87064-a90d-4cf5-9328-2fbcb0e5f5b2 req-99fccf7a-a3a6-4b97-8cd6-438ec4e6f18c eff23f8a1364407d8b3a970c8fb0a198 9e87a226553f4b4a821d76fca7e776bc - - bbc4d2f7230e43ac89655b01cd30e2b7 bbc4d2f7230e43ac89655b01cd30e2b7] 199.19.213.147 "GET /v2.0/ports?network_id=76568d9a-7107-4786-9391-6c9bfd215eeb&device_owner=network%3Adhcp HTTP/1.1" status: 200 len: 210 time: 0.0370321
2026-06-30 19:18:42.658 10 INFO neutron.wsgi [req-7a98f179-2036-458b-b5bc-c47b50c3b677 req-6adb07bd-deef-4a69-99b5-730bff250abe f05444f19d44474bb2e262717f4e5c41 bcdf0cae3fdf495ba4c17d07f1170846 - - default default] 10.0.0.200 "GET /v2.0/ports?device_id=8ef2e93b-5fa4-4b80-aadb-e2ed5c389bda HTTP/1.1" status: 200 len: 1160 time: 0.0642278
2026-06-30 19:18:42.797 10 INFO neutron.wsgi [req-7a98f179-2036-458b-b5bc-c47b50c3b677 req-58585acb-e8a2-4320-8f66-3172a7e690d6 f05444f19d44474bb2e262717f4e5c41 bcdf0cae3fdf495ba4c17d07f1170846 - - default default] 10.0.0.200 "GET /v2.0/security-groups?id=56c12c9d-9ab8-4641-bafe-f57f2fb26859&fields=id&fields=name HTTP/1.1" status: 200 len: 286 time: 0.1328928
2026-06-30 19:18:42.814 10 INFO neutron.wsgi [req-71b87064-a90d-4cf5-9328-2fbcb0e5f5b2 req-51cf9208-9064-4164-b4ad-934296c38b12 eff23f8a1364407d8b3a970c8fb0a198 9e87a226553f4b4a821d76fca7e776bc - - bbc4d2f7230e43ac89655b01cd30e2b7 bbc4d2f7230e43ac89655b01cd30e2b7] 199.19.213.147 "GET /v2.0/networks/76568d9a-7107-4786-9391-6c9bfd215eeb?fields=segments HTTP/1.1" status: 200 len: 212 time: 0.1632330
2026-06-30 19:18:42.831 10 INFO neutron.wsgi [req-0b874ead-7ff8-43eb-ba66-936b44c7de63 req-edb22914-2293-4037-becf-b963bbce46d5 3d28e3b6229d4abbab00a11ab8b70543 47e639514af2466f9495e6e65012b320 - - default default] 10.0.0.200 "GET /v2.0/ports?device_id=189e4765-b8a1-42b7-8aa4-4f05171313f7 HTTP/1.1" status: 200 len: 1172 time: 0.1102180
2026-06-30 19:18:42.920 10 INFO neutron.wsgi [req-0b874ead-7ff8-43eb-ba66-936b44c7de63 req-1c639a02-ddb0-4463-9a02-6a05f80760f9 3d28e3b6229d4abbab00a11ab8b70543 47e639514af2466f9495e6e65012b320 - - default default] 10.0.0.200 "GET /v2.0/security-groups?id=14c84403-47f3-4301-a02f-76d9d3f4ea47&fields=id&fields=name HTTP/1.1" status: 200 len: 312 time: 0.0792253
2026-06-30 19:18:42.940 10 INFO neutron.wsgi [req-71b87064-a90d-4cf5-9328-2fbcb0e5f5b2 req-0221d010-0e16-46df-bcce-1410715653c8 eff23f8a1364407d8b3a970c8fb0a198 9e87a226553f4b4a821d76fca7e776bc - - bbc4d2f7230e43ac89655b01cd30e2b7 bbc4d2f7230e43ac89655b01cd30e2b7] 199.19.213.147 "GET /v2.0/networks/76568d9a-7107-4786-9391-6c9bfd215eeb?fields=provider%3Aphysical_network&fields=provider%3Anetwork_type HTTP/1.1" status: 200 len: 277 time: 0.1189604
2026-06-30 19:18:42.944 9 INFO neutron.db.ovn_revision_numbers_db [None req-9ff4e00d-d620-48fe-a2d6-96e4c7db142e c8f28a6e0ca64f46b1e06f57b68ce95d ae461f65b4134d8da42b220815e79082 - - - -] Successfully bumped revision number for resource 25326762-c2bf-48be-bf71-f005656cd236 (type: routers) to 1
2026-06-30 19:18:42.963 9 INFO neutron.wsgi [None req-9ff4e00d-d620-48fe-a2d6-96e4c7db142e c8f28a6e0ca64f46b1e06f57b68ce95d ae461f65b4134d8da42b220815e79082 - - - -] 10.0.0.232 "POST /v2.0/routers HTTP/1.1" status: 201 len: 690 time: 0.6185651
2026-06-30 19:18:42.973 9 INFO neutron.db.ovn_revision_numbers_db [None req-83bcd627-444a-4862-96e7-8a05415a3cc6 0363edd7b5ec45efaf3a998c23384cfd f0af19dc91f64a2cbb1a4137918355f4 - - - -] Successfully bumped revision number for resource 3c747a39-5d76-4cbb-8172-6b5decf4532a (type: ports) to 2
2026-06-30 19:18:43.050 9 INFO neutron.db.ovn_revision_numbers_db [None req-83bcd627-444a-4862-96e7-8a05415a3cc6 0363edd7b5ec45efaf3a998c23384cfd f0af19dc91f64a2cbb1a4137918355f4 - - - -] Successfully bumped revision number for resource f5818532-3987-4ad6-a88f-8623625c34d8 (type: subnets) to 0
2026-06-30 19:18:43.099 9 INFO neutron.wsgi [None req-83bcd627-444a-4862-96e7-8a05415a3cc6 0363edd7b5ec45efaf3a998c23384cfd f0af19dc91f64a2cbb1a4137918355f4 - - - -] 10.0.0.232 "POST /v2.0/subnets HTTP/1.1" status: 201 len: 804 time: 1.3343627
2026-06-30 19:18:43.182 10 INFO neutron.db.ovn_revision_numbers_db [None req-ed2e761b-3810-4f4e-ad3b-c41e16507c30 eff23f8a1364407d8b3a970c8fb0a198 9e87a226553f4b4a821d76fca7e776bc - - - -] Successfully bumped revision number for resource a6219608-fc64-4af7-b7d3-b01f4a116ad9 (type: ports) to 2
2026-06-30 19:18:43.236 9 INFO neutron.db.segments_db [None req-9b86331f-92d7-4cf1-a17d-a50f3d795240 0363edd7b5ec45efaf3a998c23384cfd f0af19dc91f64a2cbb1a4137918355f4 - - - -] Added segment b1d3db69-3e89-49bd-bbac-92386d64030e of type geneve for network 1155408a-a334-4f15-9561-301e0b918f18
2026-06-30 19:18:43.350 10 INFO neutron.db.ovn_revision_numbers_db [None req-ed2e761b-3810-4f4e-ad3b-c41e16507c30 eff23f8a1364407d8b3a970c8fb0a198 9e87a226553f4b4a821d76fca7e776bc - - - -] Successfully bumped revision number for resource a6219608-fc64-4af7-b7d3-b01f4a116ad9 (type: ports) to 2
2026-06-30 19:18:43.367 10 INFO neutron.wsgi [None req-ed2e761b-3810-4f4e-ad3b-c41e16507c30 eff23f8a1364407d8b3a970c8fb0a198 9e87a226553f4b4a821d76fca7e776bc - - - -] 199.19.213.147 "PUT /v2.0/ports/a6219608-fc64-4af7-b7d3-b01f4a116ad9 HTTP/1.1" status: 200 len: 1332 time: 0.8553939
2026-06-30 19:18:43.416 9 INFO neutron.db.ovn_revision_numbers_db [None req-9b86331f-92d7-4cf1-a17d-a50f3d795240 0363edd7b5ec45efaf3a998c23384cfd f0af19dc91f64a2cbb1a4137918355f4 - - - -] Successfully bumped revision number for resource 1155408a-a334-4f15-9561-301e0b918f18 (type: networks) to 1 /var/lib/openstack/lib/python3.10/site-packages/pycadf/identifier.py:71: UserWarning: Invalid uuid: neutron. To ensure interoperability, identifiers should be a valid uuid. warnings.warn(('Invalid uuid: %s. To ensure interoperability, '
2026-06-30 19:18:43.462 10 INFO neutron.wsgi [req-3e427c8d-5822-4477-9de1-32eeafc98815 req-1af3d949-9eab-41d5-9261-1d6919ae6beb eff23f8a1364407d8b3a970c8fb0a198 9e87a226553f4b4a821d76fca7e776bc - - bbc4d2f7230e43ac89655b01cd30e2b7 bbc4d2f7230e43ac89655b01cd30e2b7] 199.19.213.147 "GET /v2.0/ports?tenant_id=bcdf0cae3fdf495ba4c17d07f1170846&device_id=8ef2e93b-5fa4-4b80-aadb-e2ed5c389bda HTTP/1.1" status: 200 len: 1363 time: 0.0427678
2026-06-30 19:18:43.494 10 INFO neutron.wsgi [req-3e427c8d-5822-4477-9de1-32eeafc98815 req-f2fe93b3-437d-4773-96a9-b7fd648d3072 eff23f8a1364407d8b3a970c8fb0a198 9e87a226553f4b4a821d76fca7e776bc - - bbc4d2f7230e43ac89655b01cd30e2b7 bbc4d2f7230e43ac89655b01cd30e2b7] 199.19.213.147 "GET /v2.0/floatingips?fixed_ip_address=10.100.0.14&port_id=a6219608-fc64-4af7-b7d3-b01f4a116ad9 HTTP/1.1" status: 200 len: 217 time: 0.0246735
2026-06-30 19:18:43.540 10 INFO neutron.wsgi [req-3e427c8d-5822-4477-9de1-32eeafc98815 req-83e0595d-e0dc-436c-8b46-0df6cc03cd83 eff23f8a1364407d8b3a970c8fb0a198 9e87a226553f4b4a821d76fca7e776bc - - bbc4d2f7230e43ac89655b01cd30e2b7 bbc4d2f7230e43ac89655b01cd30e2b7] 199.19.213.147 "GET /v2.0/subnets?id=6c5c08c6-0d24-46aa-a1d9-ea2c1451d74b HTTP/1.1" status: 200 len: 866 time: 0.0375369
2026-06-30 19:18:43.565 9 WARNING neutron.scheduler.dhcp_agent_scheduler [None req-dbfd514f-c034-459d-a016-693cde21a897 c8f28a6e0ca64f46b1e06f57b68ce95d ae461f65b4134d8da42b220815e79082 - - default default] No more DHCP agents
2026-06-30 19:18:43.567 9 WARNING neutron.api.rpc.agentnotifiers.dhcp_rpc_agent_api [None req-dbfd514f-c034-459d-a016-693cde21a897 c8f28a6e0ca64f46b1e06f57b68ce95d ae461f65b4134d8da42b220815e79082 - - default default] Unable to schedule network ca069e0c-0e79-471c-8891-e448e92585fd: no agents available; will retry on subsequent port and subnet creation events.
2026-06-30 19:18:43.585 10 INFO neutron.wsgi [req-3e427c8d-5822-4477-9de1-32eeafc98815 req-9129aacc-53cf-4da8-bf01-91be906fdea8 eff23f8a1364407d8b3a970c8fb0a198 9e87a226553f4b4a821d76fca7e776bc - - bbc4d2f7230e43ac89655b01cd30e2b7 bbc4d2f7230e43ac89655b01cd30e2b7] 199.19.213.147 "GET /v2.0/ports?network_id=ab86aafd-69f9-4bff-809e-9c85df6fefc5&device_owner=network%3Adhcp HTTP/1.1" status: 200 len: 210 time: 0.0358469
2026-06-30 19:18:43.622 10 INFO neutron.notifiers.nova [-] Nova event matching ['req-0fa8f184-f3ff-456a-bc0a-2dbeb5d8d6d1'] response: {'name': 'network-changed', 'server_uuid': '8ef2e93b-5fa4-4b80-aadb-e2ed5c389bda', 'tag': 'a6219608-fc64-4af7-b7d3-b01f4a116ad9', 'status': 'completed', 'code': 200}
2026-06-30 19:18:43.646 9 WARNING neutron.scheduler.dhcp_agent_scheduler [None req-9b86331f-92d7-4cf1-a17d-a50f3d795240 0363edd7b5ec45efaf3a998c23384cfd f0af19dc91f64a2cbb1a4137918355f4 - - - -] No more DHCP agents
2026-06-30 19:18:43.652 9 WARNING neutron.api.rpc.agentnotifiers.dhcp_rpc_agent_api [None req-9b86331f-92d7-4cf1-a17d-a50f3d795240 0363edd7b5ec45efaf3a998c23384cfd f0af19dc91f64a2cbb1a4137918355f4 - - - -] Unable to schedule network 1155408a-a334-4f15-9561-301e0b918f18: no agents available; will retry on subsequent port and subnet creation events.
2026-06-30 19:18:43.655 10 INFO neutron.wsgi [req-3e427c8d-5822-4477-9de1-32eeafc98815 req-415542d8-8f7f-469a-acee-6b8ef618e52d eff23f8a1364407d8b3a970c8fb0a198 9e87a226553f4b4a821d76fca7e776bc - - bbc4d2f7230e43ac89655b01cd30e2b7 bbc4d2f7230e43ac89655b01cd30e2b7] 199.19.213.147 "GET /v2.0/networks/ab86aafd-69f9-4bff-809e-9c85df6fefc5?fields=segments HTTP/1.1" status: 200 len: 212 time: 0.0645914
2026-06-30 19:18:43.704 9 INFO neutron.db.ovn_revision_numbers_db [None req-dbfd514f-c034-459d-a016-693cde21a897 c8f28a6e0ca64f46b1e06f57b68ce95d ae461f65b4134d8da42b220815e79082 - - default default] Successfully bumped revision number for resource cadab300-ea37-4e3e-8d0c-cc8f193878a2 (type: ports) to 1
2026-06-30 19:18:43.732 10 INFO neutron.wsgi [req-3e427c8d-5822-4477-9de1-32eeafc98815 req-c64a97cc-e93e-41d4-ad45-4a47bcdd8095 eff23f8a1364407d8b3a970c8fb0a198 9e87a226553f4b4a821d76fca7e776bc - - bbc4d2f7230e43ac89655b01cd30e2b7 bbc4d2f7230e43ac89655b01cd30e2b7] 199.19.213.147 "GET /v2.0/networks/ab86aafd-69f9-4bff-809e-9c85df6fefc5?fields=provider%3Aphysical_network&fields=provider%3Anetwork_type HTTP/1.1" status: 200 len: 277 time: 0.0673351
