2026-06-30 19:18:54.012 9 INFO neutron.wsgi [None req-cf8bcc1a-7d9e-4c72-b687-2bb3201098fb c8f28a6e0ca64f46b1e06f57b68ce95d ae461f65b4134d8da42b220815e79082 - - - -] 10.0.0.232 "PUT /v2.0/routers/25326762-c2bf-48be-bf71-f005656cd236/remove_router_interface HTTP/1.1" status: 200 len: 503 time: 0.6432409 /var/lib/openstack/lib/python3.10/site-packages/pycadf/identifier.py:71: UserWarning: Invalid uuid: neutron. To ensure interoperability, identifiers should be a valid uuid. warnings.warn(('Invalid uuid: %s. To ensure interoperability, '
2026-06-30 19:18:54.062 9 INFO neutron.wsgi [None req-7465c4be-1382-4f85-83a5-4f591d100e5c c8f28a6e0ca64f46b1e06f57b68ce95d ae461f65b4134d8da42b220815e79082 - - default default] 10.0.0.232 "GET /v2.0/ports?device_id=25326762-c2bf-48be-bf71-f005656cd236 HTTP/1.1" status: 200 len: 205 time: 0.0442965
2026-06-30 19:18:54.071 10 INFO neutron.wsgi [None req-dd186271-f96f-44ea-8177-3da16d240ba4 6d56b05daa884ec9a26d68371538b4fa 8b5a2e91b56e421daa84bcf5d91a809d - - - -] 10.0.0.232 "DELETE /v2.0/networks/ab86aafd-69f9-4bff-809e-9c85df6fefc5 HTTP/1.1" status: 204 len: 168 time: 0.4206889
2026-06-30 19:18:54.167 10 INFO neutron.services.segments.plugin [-] Segment f05b4844-fc1f-4de8-87fb-e3fb5a925a21 resource provider aggregate not found
2026-06-30 19:18:54.176 10 INFO neutron.services.segments.plugin [-] Segment f05b4844-fc1f-4de8-87fb-e3fb5a925a21 resource provider aggregate not found
2026-06-30 19:18:54.200 10 INFO neutron.services.segments.plugin [-] Segment f05b4844-fc1f-4de8-87fb-e3fb5a925a21 resource provider not found; error: Placement Client Error (4xx): {"errors": [{"status": 404, "title": "Not Found", "detail": "The resource could not be found.\n\n No resource provider with uuid f05b4844-fc1f-4de8-87fb-e3fb5a925a21 found for delete ", "request_id": "req-75f8f859-e226-45e1-9a3b-acfdd2c68652"}]}
2026-06-30 19:18:54.213 10 INFO neutron.services.segments.plugin [-] Segment f05b4844-fc1f-4de8-87fb-e3fb5a925a21 resource provider not found; error: Placement Client Error (4xx): {"errors": [{"status": 404, "title": "Not Found", "detail": "The resource could not be found.\n\n No resource provider with uuid f05b4844-fc1f-4de8-87fb-e3fb5a925a21 found for delete ", "request_id": "req-08dc45ce-2d95-444b-a2dc-a876d0e6b98e"}]}
2026-06-30 19:18:54.394 10 INFO neutron.wsgi [None req-54f74447-31b2-4ebf-888e-67da2eddd1da 6d56b05daa884ec9a26d68371538b4fa 8b5a2e91b56e421daa84bcf5d91a809d - - default default] 10.0.0.232 "GET /v2.0/security-groups?tenant_id=bcdf0cae3fdf495ba4c17d07f1170846&name=default HTTP/1.1" status: 200 len: 2996 time: 0.0445452
2026-06-30 19:18:54.594 9 INFO neutron.wsgi [None req-efdcb392-6ada-4685-b833-f1855414914f c8f28a6e0ca64f46b1e06f57b68ce95d ae461f65b4134d8da42b220815e79082 - - - -] 10.0.0.232 "DELETE /v2.0/routers/25326762-c2bf-48be-bf71-f005656cd236 HTTP/1.1" status: 204 len: 168 time: 0.5174251
2026-06-30 19:18:54.610 10 INFO neutron.wsgi [None req-40474c49-819c-46f1-a3e8-5ac7950c0749 6d56b05daa884ec9a26d68371538b4fa 8b5a2e91b56e421daa84bcf5d91a809d - - - -] 10.0.0.232 "DELETE /v2.0/security-groups/56c12c9d-9ab8-4641-bafe-f57f2fb26859 HTTP/1.1" status: 204 len: 168 time: 0.2100549
2026-06-30 19:18:54.806 9 INFO neutron.wsgi [None req-dea9f78b-35ed-4cfb-84c8-cc682d819bf7 c8f28a6e0ca64f46b1e06f57b68ce95d ae461f65b4134d8da42b220815e79082 - - - -] 10.0.0.232 "DELETE /v2.0/subnets/c6fe761a-42d8-44d4-975d-edaa157af1c9 HTTP/1.1" status: 204 len: 168 time: 0.2059190
2026-06-30 19:18:54.989 9 INFO neutron.wsgi [None req-caca8b2c-ad5e-4557-90de-bf50c332f4b6 c8f28a6e0ca64f46b1e06f57b68ce95d ae461f65b4134d8da42b220815e79082 - - - -] 10.0.0.232 "DELETE /v2.0/subnets/28b4d690-3d54-4fc7-b255-9fb0e8f4fdc3 HTTP/1.1" status: 204 len: 168 time: 0.1773801
2026-06-30 19:18:55.386 9 INFO neutron.services.segments.plugin [-] Segment d910b7a3-765d-4f32-871d-436665d49367 resource provider aggregate not found
2026-06-30 19:18:55.392 9 INFO neutron.services.segments.plugin [-] Segment d910b7a3-765d-4f32-871d-436665d49367 resource provider aggregate not found
2026-06-30 19:18:55.413 9 INFO neutron.services.segments.plugin [-] Segment d910b7a3-765d-4f32-871d-436665d49367 resource provider not found; error: Placement Client Error (4xx): {"errors": [{"status": 404, "title": "Not Found", "detail": "The resource could not be found.\n\n No resource provider with uuid d910b7a3-765d-4f32-871d-436665d49367 found for delete ", "request_id": "req-111cae34-e19b-4303-adfa-5bb0050a911f"}]}
2026-06-30 19:18:55.414 9 INFO neutron.services.segments.plugin [-] Segment d910b7a3-765d-4f32-871d-436665d49367 resource provider not found; error: Placement Client Error (4xx): {"errors": [{"status": 404, "title": "Not Found", "detail": "The resource could not be found.\n\n No resource provider with uuid d910b7a3-765d-4f32-871d-436665d49367 found for delete ", "request_id": "req-9f43276f-0271-499e-8d93-267316d98ee6"}]}
2026-06-30 19:18:55.446 9 INFO neutron.wsgi [None req-1596b4b3-12f5-4d44-b5c6-1ab145efbb33 c8f28a6e0ca64f46b1e06f57b68ce95d ae461f65b4134d8da42b220815e79082 - - - -] 10.0.0.232 "DELETE /v2.0/networks/e3f4dadf-8fbd-40fc-a9b2-59718fb67439 HTTP/1.1" status: 204 len: 168 time: 0.4462583
2026-06-30 19:18:55.737 10 INFO neutron.wsgi [req-3b58097f-dd17-44db-ae82-0d36fe976de1 req-fa36ec5e-eacb-46b0-ba3d-e20cc8d1534d eff23f8a1364407d8b3a970c8fb0a198 9e87a226553f4b4a821d76fca7e776bc - - bbc4d2f7230e43ac89655b01cd30e2b7 bbc4d2f7230e43ac89655b01cd30e2b7] 10.0.0.89 "GET /v2.0/ports?device_id=189e4765-b8a1-42b7-8aa4-4f05171313f7 HTTP/1.1" status: 200 len: 1365 time: 0.0375752
2026-06-30 19:18:55.808 10 INFO neutron.wsgi [req-3b58097f-dd17-44db-ae82-0d36fe976de1 req-c6a5cdef-4d97-47ad-b578-995e5de9c2a6 eff23f8a1364407d8b3a970c8fb0a198 9e87a226553f4b4a821d76fca7e776bc - - bbc4d2f7230e43ac89655b01cd30e2b7 bbc4d2f7230e43ac89655b01cd30e2b7] 10.0.0.89 "GET /v2.0/security-groups?id=14c84403-47f3-4301-a02f-76d9d3f4ea47&fields=id&fields=name HTTP/1.1" status: 200 len: 312 time: 0.0574872
2026-06-30 19:18:55.908 10 INFO neutron.wsgi [None req-3e2812a2-ba97-4f0e-94c7-4d5235d5c7eb c8f28a6e0ca64f46b1e06f57b68ce95d ae461f65b4134d8da42b220815e79082 - - - -] 10.0.0.232 "DELETE /v2.0/networks/ca069e0c-0e79-471c-8891-e448e92585fd HTTP/1.1" status: 204 len: 168 time: 0.4543645
2026-06-30 19:18:56.017 10 INFO neutron.db.segments_db [None req-d0fa0784-24a6-4931-93d7-be71ea20782f c8f28a6e0ca64f46b1e06f57b68ce95d ae461f65b4134d8da42b220815e79082 - - - -] Added segment b6e492c2-aeca-4d56-a1e7-c19952fe126b of type geneve for network cd6f1315-7af5-475a-876a-c7fcc585f2e9
2026-06-30 19:18:56.191 10 INFO neutron.db.ovn_revision_numbers_db [None req-d0fa0784-24a6-4931-93d7-be71ea20782f c8f28a6e0ca64f46b1e06f57b68ce95d ae461f65b4134d8da42b220815e79082 - - - -] Successfully bumped revision number for resource cd6f1315-7af5-475a-876a-c7fcc585f2e9 (type: networks) to 1
2026-06-30 19:18:56.234 10 INFO neutron.services.segments.plugin [-] Segment 7cbe7bfb-8678-46bd-99fc-15ac6549a0d4 resource provider aggregate not found
2026-06-30 19:18:56.239 10 INFO neutron.services.segments.plugin [-] Segment 7cbe7bfb-8678-46bd-99fc-15ac6549a0d4 resource provider aggregate not found
2026-06-30 19:18:56.255 10 INFO neutron.services.segments.plugin [-] Segment 7cbe7bfb-8678-46bd-99fc-15ac6549a0d4 resource provider not found; error: Placement Client Error (4xx): {"errors": [{"status": 404, "title": "Not Found", "detail": "The resource could not be found.\n\n No resource provider with uuid 7cbe7bfb-8678-46bd-99fc-15ac6549a0d4 found for delete ", "request_id": "req-8c249d6a-1c9c-4dd9-8e3d-8bca6c48d20c"}]}
2026-06-30 19:18:56.256 10 INFO neutron.services.segments.plugin [-] Segment 7cbe7bfb-8678-46bd-99fc-15ac6549a0d4 resource provider not found; error: Placement Client Error (4xx): {"errors": [{"status": 404, "title": "Not Found", "detail": "The resource could not be found.\n\n No resource provider with uuid 7cbe7bfb-8678-46bd-99fc-15ac6549a0d4 found for delete ", "request_id": "req-cf55bc6d-ca25-4b82-a0db-a6ec32b4cbfb"}]}
2026-06-30 19:18:56.434 10 WARNING neutron.scheduler.dhcp_agent_scheduler [None req-d0fa0784-24a6-4931-93d7-be71ea20782f c8f28a6e0ca64f46b1e06f57b68ce95d ae461f65b4134d8da42b220815e79082 - - - -] No more DHCP agents
2026-06-30 19:18:56.437 10 WARNING neutron.api.rpc.agentnotifiers.dhcp_rpc_agent_api [None req-d0fa0784-24a6-4931-93d7-be71ea20782f c8f28a6e0ca64f46b1e06f57b68ce95d ae461f65b4134d8da42b220815e79082 - - - -] Unable to schedule network cd6f1315-7af5-475a-876a-c7fcc585f2e9: no agents available; will retry on subsequent port and subnet creation events.
2026-06-30 19:18:56.536 10 INFO neutron.db.ovn_revision_numbers_db [None req-d0fa0784-24a6-4931-93d7-be71ea20782f c8f28a6e0ca64f46b1e06f57b68ce95d ae461f65b4134d8da42b220815e79082 - - - -] Successfully bumped revision number for resource 18ac5828-7ae2-4fd8-907d-aa5024f6102e (type: ports) to 1
2026-06-30 19:18:56.566 10 INFO neutron.wsgi [None req-d0fa0784-24a6-4931-93d7-be71ea20782f c8f28a6e0ca64f46b1e06f57b68ce95d ae461f65b4134d8da42b220815e79082 - - - -] 10.0.0.232 "POST /v2.0/networks HTTP/1.1" status: 201 len: 833 time: 0.6461587
2026-06-30 19:18:56.883 10 WARNING neutron.scheduler.dhcp_agent_scheduler [None req-89035484-537f-45f9-af3c-8d3b01519232 c8f28a6e0ca64f46b1e06f57b68ce95d ae461f65b4134d8da42b220815e79082 - - - -] No more DHCP agents
2026-06-30 19:18:56.886 10 WARNING neutron.api.rpc.agentnotifiers.dhcp_rpc_agent_api [None req-89035484-537f-45f9-af3c-8d3b01519232 c8f28a6e0ca64f46b1e06f57b68ce95d ae461f65b4134d8da42b220815e79082 - - - -] Unable to schedule network cd6f1315-7af5-475a-876a-c7fcc585f2e9: no agents available; will retry on subsequent port and subnet creation events.
2026-06-30 19:18:56.900 10 INFO neutron.db.ovn_revision_numbers_db [None req-89035484-537f-45f9-af3c-8d3b01519232 c8f28a6e0ca64f46b1e06f57b68ce95d ae461f65b4134d8da42b220815e79082 - - - -] Successfully bumped revision number for resource 299b8716-640b-4675-8c2f-541d206d83c5 (type: subnets) to 0
2026-06-30 19:18:56.917 10 INFO neutron.wsgi [None req-89035484-537f-45f9-af3c-8d3b01519232 c8f28a6e0ca64f46b1e06f57b68ce95d ae461f65b4134d8da42b220815e79082 - - - -] 10.0.0.232 "POST /v2.0/subnets HTTP/1.1" status: 201 len: 821 time: 0.3443151
2026-06-30 19:18:57.110 9 INFO neutron.db.ovn_revision_numbers_db [None req-eee2e732-3aa2-448f-bd5e-f5870da17d3c c8f28a6e0ca64f46b1e06f57b68ce95d ae461f65b4134d8da42b220815e79082 - - - -] Successfully bumped revision number for resource ae061941-4246-49d4-a918-cb2eb5e13e18 (type: routers) to 1
2026-06-30 19:18:57.129 9 INFO neutron.wsgi [None req-eee2e732-3aa2-448f-bd5e-f5870da17d3c c8f28a6e0ca64f46b1e06f57b68ce95d ae461f65b4134d8da42b220815e79082 - - - -] 10.0.0.232 "POST /v2.0/routers HTTP/1.1" status: 201 len: 691 time: 0.2052743
2026-06-30 19:18:57.435 10 INFO neutron.wsgi [None req-48d70b4d-d7ea-467a-8261-a4f2bb9e3882 4754ef3c025e45338ef28595040d2177 b7fd578967bc4137a08cd5022ad0f093 - - - -] 10.0.0.232 "POST /v2.0/qos/policies HTTP/1.1" status: 201 len: 558 time: 0.2322819
2026-06-30 19:18:57.467 9 WARNING neutron.scheduler.dhcp_agent_scheduler [None req-6ff62190-f0be-4bd3-a224-30ebc54bc4a2 c8f28a6e0ca64f46b1e06f57b68ce95d ae461f65b4134d8da42b220815e79082 - - - -] No more DHCP agents
2026-06-30 19:18:57.469 9 WARNING neutron.api.rpc.agentnotifiers.dhcp_rpc_agent_api [None req-6ff62190-f0be-4bd3-a224-30ebc54bc4a2 c8f28a6e0ca64f46b1e06f57b68ce95d ae461f65b4134d8da42b220815e79082 - - - -] Unable to schedule network cd6f1315-7af5-475a-876a-c7fcc585f2e9: no agents available; will retry on subsequent port and subnet creation events.
2026-06-30 19:18:57.474 10 INFO neutron.wsgi [None req-19d8ef00-5e1f-4352-97a8-b02afe5a4759 4754ef3c025e45338ef28595040d2177 b7fd578967bc4137a08cd5022ad0f093 - - - -] 10.0.0.232 "PUT /v2.0/policies/1acaacd8-aba5-40c3-8f41-1c63a4d1f956/tags HTTP/1.1" status: 200 len: 218 time: 0.0334125
2026-06-30 19:18:57.495 10 INFO neutron.wsgi [None req-72b63669-31e0-4b20-b607-6dbc758d9d28 4754ef3c025e45338ef28595040d2177 b7fd578967bc4137a08cd5022ad0f093 - - default default] 10.0.0.232 "GET /v2.0/policies/1acaacd8-aba5-40c3-8f41-1c63a4d1f956/tags HTTP/1.1" status: 200 len: 218 time: 0.0160561 /var/lib/openstack/lib/python3.10/site-packages/pycadf/identifier.py:71: UserWarning: Invalid uuid: neutron. To ensure interoperability, identifiers should be a valid uuid. warnings.warn(('Invalid uuid: %s. To ensure interoperability, '
2026-06-30 19:18:57.557 9 INFO neutron.wsgi [None req-bd7a67d3-56c2-4a19-b1a0-d886ac3f3f89 4754ef3c025e45338ef28595040d2177 b7fd578967bc4137a08cd5022ad0f093 - - - -] 10.0.0.232 "PUT /v2.0/policies/1acaacd8-aba5-40c3-8f41-1c63a4d1f956/tags/green HTTP/1.1" status: 201 len: 201 time: 0.0566337
2026-06-30 19:18:57.577 9 INFO neutron.wsgi [None req-869f5692-a828-4527-9adf-80c1aaa4e24c 4754ef3c025e45338ef28595040d2177 b7fd578967bc4137a08cd5022ad0f093 - - default default] 10.0.0.232 "GET /v2.0/policies/1acaacd8-aba5-40c3-8f41-1c63a4d1f956/tags HTTP/1.1" status: 200 len: 227 time: 0.0156977
2026-06-30 19:18:57.595 9 INFO neutron.db.ovn_revision_numbers_db [None req-6ff62190-f0be-4bd3-a224-30ebc54bc4a2 c8f28a6e0ca64f46b1e06f57b68ce95d ae461f65b4134d8da42b220815e79082 - - - -] Successfully bumped revision number for resource eb8dd91f-4a30-41e4-8584-d12292387888 (type: ports) to 1
2026-06-30 19:18:57.598 9 INFO neutron.wsgi [None req-687a8d02-f074-45f8-b276-ad3b915caad7 4754ef3c025e45338ef28595040d2177 b7fd578967bc4137a08cd5022ad0f093 - - - -] 10.0.0.232 "PUT /v2.0/policies/1acaacd8-aba5-40c3-8f41-1c63a4d1f956/tags/red HTTP/1.1" status: 201 len: 201 time: 0.0155494
2026-06-30 19:18:57.620 9 INFO neutron.wsgi [None req-6ff62190-f0be-4bd3-a224-30ebc54bc4a2 c8f28a6e0ca64f46b1e06f57b68ce95d ae461f65b4134d8da42b220815e79082 - - - -] 10.0.0.232 "POST /v2.0/ports HTTP/1.1" status: 201 len: 1163 time: 0.4845915
2026-06-30 19:18:57.622 10 INFO neutron.wsgi [None req-2f3e432b-896f-4b38-8479-aa9e7701d5b9 4754ef3c025e45338ef28595040d2177 b7fd578967bc4137a08cd5022ad0f093 - - default default] 10.0.0.232 "GET /v2.0/policies/1acaacd8-aba5-40c3-8f41-1c63a4d1f956/tags HTTP/1.1" status: 200 len: 227 time: 0.0182040
2026-06-30 19:18:57.650 9 INFO neutron.wsgi [None req-60f8fdba-2bd0-4c8b-ade2-0a4ce574499d 4754ef3c025e45338ef28595040d2177 b7fd578967bc4137a08cd5022ad0f093 - - - -] 10.0.0.232 "PUT /v2.0/policies/1acaacd8-aba5-40c3-8f41-1c63a4d1f956/tags/black.or.white HTTP/1.1" status: 201 len: 201 time: 0.0225899
2026-06-30 19:18:57.669 9 INFO neutron.wsgi [None req-fb2e8b34-e76c-40f0-8d3d-27688c7e159d 4754ef3c025e45338ef28595040d2177 b7fd578967bc4137a08cd5022ad0f093 - - default default] 10.0.0.232 "GET /v2.0/policies/1acaacd8-aba5-40c3-8f41-1c63a4d1f956/tags HTTP/1.1" status: 200 len: 245 time: 0.0144417
2026-06-30 19:18:57.699 9 WARNING neutron.plugins.ml2.drivers.ovn.mech_driver.ovsdb.ovn_client [None req-a066a905-fa80-415a-9414-a6e9dbe1c238 - - - - - -] No port found with ID 4731b506-e3e3-444d-b4a4-a9c3ed467866: RuntimeError: No port found with ID 4731b506-e3e3-444d-b4a4-a9c3ed467866
2026-06-30 19:18:57.699 9 INFO neutron.plugins.ml2.drivers.ovn.mech_driver.mech_driver [None req-a066a905-fa80-415a-9414-a6e9dbe1c238 - - - - - -] OVN reports status down for port: a6219608-fc64-4af7-b7d3-b01f4a116ad9
2026-06-30 19:18:57.748 9 INFO neutron.wsgi [None req-f76b0285-7428-4832-80a3-819e3fb95425 4754ef3c025e45338ef28595040d2177 b7fd578967bc4137a08cd5022ad0f093 - - - -] 10.0.0.232 "PUT /v2.0/policies/1acaacd8-aba5-40c3-8f41-1c63a4d1f956/tags HTTP/1.1" status: 200 len: 230 time: 0.0731370 /var/lib/openstack/lib/python3.10/site-packages/pycadf/identifier.py:71: UserWarning: Invalid uuid: neutron. To ensure interoperability, identifiers should be a valid uuid. warnings.warn(('Invalid uuid: %s. To ensure interoperability, '
2026-06-30 19:18:57.769 9 INFO neutron.wsgi [None req-319da98c-939e-43a4-83cd-8d467ae23fd7 4754ef3c025e45338ef28595040d2177 b7fd578967bc4137a08cd5022ad0f093 - - default default] 10.0.0.232 "GET /v2.0/policies/1acaacd8-aba5-40c3-8f41-1c63a4d1f956/tags HTTP/1.1" status: 200 len: 230 time: 0.0159488
2026-06-30 19:18:57.784 9 INFO neutron.wsgi [None req-249a329b-9a14-4dd2-a6c4-bae41ad2962a 4754ef3c025e45338ef28595040d2177 b7fd578967bc4137a08cd5022ad0f093 - - default default] 10.0.0.232 "GET /v2.0/policies/1acaacd8-aba5-40c3-8f41-1c63a4d1f956/tags/red HTTP/1.1" status: 204 len: 168 time: 0.0100107
2026-06-30 19:18:57.802 9 INFO neutron.api.v2.resource [None req-e00a30f4-bb72-4756-af86-f9bb30bb5eae 4754ef3c025e45338ef28595040d2177 b7fd578967bc4137a08cd5022ad0f093 - - default default] show failed (client error): The resource could not be found.
2026-06-30 19:18:57.803 9 INFO neutron.wsgi [None req-e00a30f4-bb72-4756-af86-f9bb30bb5eae 4754ef3c025e45338ef28595040d2177 b7fd578967bc4137a08cd5022ad0f093 - - default default] 10.0.0.232 "GET /v2.0/policies/1acaacd8-aba5-40c3-8f41-1c63a4d1f956/tags/green HTTP/1.1" status: 404 len: 299 time: 0.0137095
2026-06-30 19:18:57.835 9 INFO neutron.wsgi [None req-1e59729c-0784-4b8c-8322-2428a84a5dbd 4754ef3c025e45338ef28595040d2177 b7fd578967bc4137a08cd5022ad0f093 - - - -] 10.0.0.232 "DELETE /v2.0/policies/1acaacd8-aba5-40c3-8f41-1c63a4d1f956/tags/red HTTP/1.1" status: 204 len: 168 time: 0.0268981
2026-06-30 19:18:57.853 9 INFO neutron.wsgi [None req-041a0d78-541a-4f0f-8cf9-63dcf360544e 4754ef3c025e45338ef28595040d2177 b7fd578967bc4137a08cd5022ad0f093 - - default default] 10.0.0.232 "GET /v2.0/policies/1acaacd8-aba5-40c3-8f41-1c63a4d1f956/tags HTTP/1.1" status: 200 len: 223 time: 0.0129545
2026-06-30 19:18:57.875 9 INFO neutron.api.v2.resource [None req-8850e054-d653-470c-be71-e25725b60ddc 4754ef3c025e45338ef28595040d2177 b7fd578967bc4137a08cd5022ad0f093 - - - -] delete failed (client error): The resource could not be found.
2026-06-30 19:18:57.877 9 INFO neutron.wsgi [None req-8850e054-d653-470c-be71-e25725b60ddc 4754ef3c025e45338ef28595040d2177 b7fd578967bc4137a08cd5022ad0f093 - - - -] 10.0.0.232 "DELETE /v2.0/policies/1acaacd8-aba5-40c3-8f41-1c63a4d1f956/tags/green HTTP/1.1" status: 404 len: 299 time: 0.0186954
2026-06-30 19:18:57.910 9 INFO neutron.wsgi [None req-eddef2c3-4127-4878-a2da-fb6f1f8c45a8 4754ef3c025e45338ef28595040d2177 b7fd578967bc4137a08cd5022ad0f093 - - - -] 10.0.0.232 "DELETE /v2.0/policies/1acaacd8-aba5-40c3-8f41-1c63a4d1f956/tags HTTP/1.1" status: 204 len: 168 time: 0.0276642
2026-06-30 19:18:57.928 9 INFO neutron.wsgi [None req-d7f5a796-c26e-4186-8517-f7ae94382bbe 4754ef3c025e45338ef28595040d2177 b7fd578967bc4137a08cd5022ad0f093 - - default default] 10.0.0.232 "GET /v2.0/policies/1acaacd8-aba5-40c3-8f41-1c63a4d1f956/tags HTTP/1.1" status: 200 len: 205 time: 0.0123053
2026-06-30 19:18:58.068 10 INFO neutron.wsgi [None req-539e9814-75f6-476e-aebd-04f694cd0606 4754ef3c025e45338ef28595040d2177 b7fd578967bc4137a08cd5022ad0f093 - - - -] 10.0.0.232 "DELETE /v2.0/qos/policies/1acaacd8-aba5-40c3-8f41-1c63a4d1f956 HTTP/1.1" status: 204 len: 168 time: 0.1316972
2026-06-30 19:18:58.463 10 INFO neutron.db.ovn_revision_numbers_db [None req-c302f93d-b3d6-47d9-85e6-b77acc0d5ec0 c8f28a6e0ca64f46b1e06f57b68ce95d ae461f65b4134d8da42b220815e79082 - - default default] Successfully bumped revision number for resource eb8dd91f-4a30-41e4-8584-d12292387888 (type: router_ports) to 2
2026-06-30 19:18:58.463 9 INFO neutron.plugins.ml2.drivers.ovn.mech_driver.mech_driver [None req-a066a905-fa80-415a-9414-a6e9dbe1c238 - - - - - -] OVN reports status up for port: eb8dd91f-4a30-41e4-8584-d12292387888
2026-06-30 19:18:58.471 9 INFO neutron.wsgi [None req-5e55c335-e652-4816-b137-879c85dd97b1 4abbb846b2ea4fdd859fa5e10ce747a7 c8a5c3500876474fbd99c244321b55f2 - - default default] 10.0.0.232 "GET /v2.0/ports?project_id=47e639514af2466f9495e6e65012b320&network_id=76568d9a-7107-4786-9391-6c9bfd215eeb HTTP/1.1" status: 200 len: 3466 time: 0.0593359
2026-06-30 19:18:58.479 9 INFO neutron.plugins.ml2.plugin [None req-a066a905-fa80-415a-9414-a6e9dbe1c238 - - - - - -] Attempt 1 to provision port eb8dd91f-4a30-41e4-8584-d12292387888
2026-06-30 19:18:58.612 10 INFO neutron.db.ovn_revision_numbers_db [None req-c302f93d-b3d6-47d9-85e6-b77acc0d5ec0 c8f28a6e0ca64f46b1e06f57b68ce95d ae461f65b4134d8da42b220815e79082 - - default default] Successfully bumped revision number for resource eb8dd91f-4a30-41e4-8584-d12292387888 (type: ports) to 2 /var/lib/openstack/lib/python3.10/site-packages/pycadf/identifier.py:71: UserWarning: Invalid uuid: neutron. To ensure interoperability, identifiers should be a valid uuid. warnings.warn(('Invalid uuid: %s. To ensure interoperability, '
2026-06-30 19:18:58.757 9 INFO neutron.db.ovn_revision_numbers_db [None req-a066a905-fa80-415a-9414-a6e9dbe1c238 - - - - - -] Successfully bumped revision number for resource eb8dd91f-4a30-41e4-8584-d12292387888 (type: ports) to 3
2026-06-30 19:18:58.763 10 INFO neutron.wsgi [None req-07ea8c24-a313-4de5-ad42-c291db263817 4abbb846b2ea4fdd859fa5e10ce747a7 c8a5c3500876474fbd99c244321b55f2 - - default default] 10.0.0.232 "GET /v2.0/subnets?network_id=563a5903-99d9-4944-b883-d819166e5307 HTTP/1.1" status: 200 len: 838 time: 0.0743454
2026-06-30 19:18:58.887 9 INFO neutron.db.ovn_revision_numbers_db [None req-a066a905-fa80-415a-9414-a6e9dbe1c238 - - - - - -] Successfully bumped revision number for resource eb8dd91f-4a30-41e4-8584-d12292387888 (type: router_ports) to 3 /var/lib/openstack/lib/python3.10/site-packages/pycadf/identifier.py:71: UserWarning: Invalid uuid: neutron. To ensure interoperability, identifiers should be a valid uuid. warnings.warn(('Invalid uuid: %s. To ensure interoperability, '
2026-06-30 19:18:59.133 9 INFO neutron.db.l3_db [None req-2cf96cf0-64c4-474b-a4e4-c6faf0ae6950 3d28e3b6229d4abbab00a11ab8b70543 47e639514af2466f9495e6e65012b320 - - - -] Floating IP 6ecd190c-7e32-4dd5-85d2-60ee09dd8913 disassociated. External IP: 10.96.250.207, port: ed22b834-e658-430f-be95-28f135a17fc3.
2026-06-30 19:18:59.171 9 INFO neutron.db.ovn_revision_numbers_db [None req-2cf96cf0-64c4-474b-a4e4-c6faf0ae6950 3d28e3b6229d4abbab00a11ab8b70543 47e639514af2466f9495e6e65012b320 - - - -] Successfully bumped revision number for resource 6ecd190c-7e32-4dd5-85d2-60ee09dd8913 (type: floatingips) to 2
2026-06-30 19:18:59.244 9 INFO neutron.db.ovn_revision_numbers_db [None req-71de53bc-42d2-406d-9c48-64180c8eee83 6d56b05daa884ec9a26d68371538b4fa 8b5a2e91b56e421daa84bcf5d91a809d - - default default] Successfully bumped revision number for resource ad4aab73-0d0f-47cc-90f9-4da47c13e9e5 (type: security_groups) to 1
2026-06-30 19:18:59.296 10 INFO neutron.db.ovn_revision_numbers_db [None req-c302f93d-b3d6-47d9-85e6-b77acc0d5ec0 c8f28a6e0ca64f46b1e06f57b68ce95d ae461f65b4134d8da42b220815e79082 - - default default] Successfully bumped revision number for resource eb8dd91f-4a30-41e4-8584-d12292387888 (type: ports) to 4
2026-06-30 19:18:59.359 10 WARNING neutron.scheduler.dhcp_agent_scheduler [None req-c302f93d-b3d6-47d9-85e6-b77acc0d5ec0 c8f28a6e0ca64f46b1e06f57b68ce95d ae461f65b4134d8da42b220815e79082 - - default default] No more DHCP agents
2026-06-30 19:18:59.360 10 WARNING neutron.api.rpc.agentnotifiers.dhcp_rpc_agent_api [None req-c302f93d-b3d6-47d9-85e6-b77acc0d5ec0 c8f28a6e0ca64f46b1e06f57b68ce95d ae461f65b4134d8da42b220815e79082 - - default default] Unable to schedule network cd6f1315-7af5-475a-876a-c7fcc585f2e9: no agents available; will retry on subsequent port and subnet creation events.
2026-06-30 19:18:59.532 9 INFO neutron.wsgi [None req-71de53bc-42d2-406d-9c48-64180c8eee83 6d56b05daa884ec9a26d68371538b4fa 8b5a2e91b56e421daa84bcf5d91a809d - - default default] 10.0.0.232 "GET /v2.0/security-groups?tenant_id=b7fd578967bc4137a08cd5022ad0f093&name=default HTTP/1.1" status: 200 len: 2996 time: 0.6841555
2026-06-30 19:18:59.538 9 INFO neutron.wsgi [None req-2cf96cf0-64c4-474b-a4e4-c6faf0ae6950 3d28e3b6229d4abbab00a11ab8b70543 47e639514af2466f9495e6e65012b320 - - - -] 10.0.0.232 "PUT /v2.0/floatingips/6ecd190c-7e32-4dd5-85d2-60ee09dd8913 HTTP/1.1" status: 200 len: 748 time: 0.6346920 /var/lib/openstack/lib/python3.10/site-packages/pycadf/identifier.py:71: UserWarning: Invalid uuid: neutron. To ensure interoperability, identifiers should be a valid uuid. warnings.warn(('Invalid uuid: %s. To ensure interoperability, '
2026-06-30 19:18:59.570 9 INFO neutron.db.ovn_revision_numbers_db [None req-3936ef6d-2b45-4005-9ca7-1846806b42e5 6612f6ab133a46d18acfe908e9515fd6 bae715bccaf940ca84a85248dafb96a4 - - - -] Successfully bumped revision number for resource ef9b6fb3-f569-45de-ad8b-00f5947bec23 (type: security_groups) to 1
2026-06-30 19:18:59.593 10 INFO neutron.wsgi [None req-42332796-1b2b-46bf-8fd4-931f8023b8fe 3d28e3b6229d4abbab00a11ab8b70543 47e639514af2466f9495e6e65012b320 - - default default] 10.0.0.232 "GET /v2.0/floatingips/6ecd190c-7e32-4dd5-85d2-60ee09dd8913 HTTP/1.1" status: 200 len: 746 time: 0.0457530
2026-06-30 19:18:59.596 9 INFO neutron.notifiers.nova [-] Nova event matching ['req-e829727e-c837-4eb3-98c2-aaad49c3a964'] response: {'name': 'network-changed', 'server_uuid': '189e4765-b8a1-42b7-8aa4-4f05171313f7', 'tag': 'ed22b834-e658-430f-be95-28f135a17fc3', 'status': 'completed', 'code': 200}
2026-06-30 19:18:59.597 10 INFO neutron.db.ovn_revision_numbers_db [None req-c302f93d-b3d6-47d9-85e6-b77acc0d5ec0 c8f28a6e0ca64f46b1e06f57b68ce95d ae461f65b4134d8da42b220815e79082 - - - -] Successfully bumped revision number for resource eb8dd91f-4a30-41e4-8584-d12292387888 (type: router_ports) to 4
2026-06-30 19:18:59.599 10 INFO neutron.wsgi [None req-c302f93d-b3d6-47d9-85e6-b77acc0d5ec0 c8f28a6e0ca64f46b1e06f57b68ce95d ae461f65b4134d8da42b220815e79082 - - - -] 10.0.0.232 "PUT /v2.0/routers/ae061941-4246-49d4-a918-cb2eb5e13e18/add_router_interface HTTP/1.1" status: 200 len: 503 time: 1.9726241
2026-06-30 19:18:59.641 9 INFO neutron.db.segments_db [None req-3936ef6d-2b45-4005-9ca7-1846806b42e5 6612f6ab133a46d18acfe908e9515fd6 bae715bccaf940ca84a85248dafb96a4 - - - -] Added segment 9a8036c6-4dd2-4536-84ac-6aacb0883864 of type geneve for network 4d7fd721-dab5-493e-922d-e48bab98b642
2026-06-30 19:18:59.661 10 INFO neutron.wsgi [req-84049afc-3e6e-4d94-973a-62197d1b99b6 req-d36cef1c-3e7e-4a6a-826e-e156e68cf396 eff23f8a1364407d8b3a970c8fb0a198 9e87a226553f4b4a821d76fca7e776bc - - bbc4d2f7230e43ac89655b01cd30e2b7 bbc4d2f7230e43ac89655b01cd30e2b7] 199.19.213.147 "GET /v2.0/ports?tenant_id=47e639514af2466f9495e6e65012b320&device_id=189e4765-b8a1-42b7-8aa4-4f05171313f7 HTTP/1.1" status: 200 len: 1365 time: 0.0502245
2026-06-30 19:18:59.741 10 INFO neutron.wsgi [req-84049afc-3e6e-4d94-973a-62197d1b99b6 req-576c4006-1e14-4d7f-af64-1a4eea58b4df eff23f8a1364407d8b3a970c8fb0a198 9e87a226553f4b4a821d76fca7e776bc - - bbc4d2f7230e43ac89655b01cd30e2b7 bbc4d2f7230e43ac89655b01cd30e2b7] 199.19.213.147 "GET /v2.0/networks?id=76568d9a-7107-4786-9391-6c9bfd215eeb HTTP/1.1" status: 200 len: 958 time: 0.0682118
2026-06-30 19:18:59.771 9 INFO neutron.wsgi [None req-e4f41bc7-94d9-4b61-9aca-9614a1f9b791 c8f28a6e0ca64f46b1e06f57b68ce95d ae461f65b4134d8da42b220815e79082 - - default default] 10.0.0.232 "GET /v2.0/ports/eb8dd91f-4a30-41e4-8584-d12292387888 HTTP/1.1" status: 200 len: 1221 time: 0.1665993
2026-06-30 19:18:59.780 10 INFO neutron.wsgi [req-84049afc-3e6e-4d94-973a-62197d1b99b6 req-48a9e506-8343-4d60-9bb9-b7ce74be2cec eff23f8a1364407d8b3a970c8fb0a198 9e87a226553f4b4a821d76fca7e776bc - - bbc4d2f7230e43ac89655b01cd30e2b7 bbc4d2f7230e43ac89655b01cd30e2b7] 199.19.213.147 "GET /v2.0/floatingips?fixed_ip_address=10.100.0.11&port_id=ed22b834-e658-430f-be95-28f135a17fc3 HTTP/1.1" status: 200 len: 217 time: 0.0275400
2026-06-30 19:18:59.830 10 INFO neutron.wsgi [-] 10.0.0.140 "GET / HTTP/1.1" status: 200 len: 246 time: 0.0016785
2026-06-30 19:18:59.832 10 INFO neutron.wsgi [-] 10.0.0.140 "GET / HTTP/1.1" status: 200 len: 246 time: 0.0013690
2026-06-30 19:18:59.835 10 INFO neutron.wsgi [req-84049afc-3e6e-4d94-973a-62197d1b99b6 req-9785e2c3-ee11-481c-95a0-b68ad1215268 eff23f8a1364407d8b3a970c8fb0a198 9e87a226553f4b4a821d76fca7e776bc - - bbc4d2f7230e43ac89655b01cd30e2b7 bbc4d2f7230e43ac89655b01cd30e2b7] 199.19.213.147 "GET /v2.0/subnets?id=b4270a7e-60a5-476d-a749-96aa2a888a99 HTTP/1.1" status: 200 len: 853 time: 0.0496411
2026-06-30 19:18:59.869 9 INFO neutron.db.ovn_revision_numbers_db [None req-3936ef6d-2b45-4005-9ca7-1846806b42e5 6612f6ab133a46d18acfe908e9515fd6 bae715bccaf940ca84a85248dafb96a4 - - - -] Successfully bumped revision number for resource 4d7fd721-dab5-493e-922d-e48bab98b642 (type: networks) to 1
2026-06-30 19:18:59.874 10 INFO neutron.wsgi [req-84049afc-3e6e-4d94-973a-62197d1b99b6 req-bb29ebd1-4c2b-4641-977d-c5caded4cd81 eff23f8a1364407d8b3a970c8fb0a198 9e87a226553f4b4a821d76fca7e776bc - - bbc4d2f7230e43ac89655b01cd30e2b7 bbc4d2f7230e43ac89655b01cd30e2b7] 199.19.213.147 "GET /v2.0/ports?network_id=76568d9a-7107-4786-9391-6c9bfd215eeb&device_owner=network%3Adhcp HTTP/1.1" status: 200 len: 210 time: 0.0277829
2026-06-30 19:18:59.894 10 INFO neutron.wsgi [None req-6aa0642a-e549-4fc0-a32a-5b4052a4e0f6 6d56b05daa884ec9a26d68371538b4fa 8b5a2e91b56e421daa84bcf5d91a809d - - - -] 10.0.0.232 "DELETE /v2.0/security-groups/ad4aab73-0d0f-47cc-90f9-4da47c13e9e5 HTTP/1.1" status: 204 len: 168 time: 0.3558331
2026-06-30 19:18:59.965 10 INFO neutron.wsgi [req-84049afc-3e6e-4d94-973a-62197d1b99b6 req-e75c1ebb-79ed-498c-9057-b1cf2b1ab82e eff23f8a1364407d8b3a970c8fb0a198 9e87a226553f4b4a821d76fca7e776bc - - bbc4d2f7230e43ac89655b01cd30e2b7 bbc4d2f7230e43ac89655b01cd30e2b7] 199.19.213.147 "GET /v2.0/networks/76568d9a-7107-4786-9391-6c9bfd215eeb?fields=segments HTTP/1.1" status: 200 len: 212 time: 0.0770562
2026-06-30 19:19:00.048 10 INFO neutron.wsgi [req-84049afc-3e6e-4d94-973a-62197d1b99b6 req-e5ab8275-cdaa-4497-a233-8435ef26d032 eff23f8a1364407d8b3a970c8fb0a198 9e87a226553f4b4a821d76fca7e776bc - - bbc4d2f7230e43ac89655b01cd30e2b7 bbc4d2f7230e43ac89655b01cd30e2b7] 199.19.213.147 "GET /v2.0/networks/76568d9a-7107-4786-9391-6c9bfd215eeb?fields=provider%3Aphysical_network&fields=provider%3Anetwork_type HTTP/1.1" status: 200 len: 277 time: 0.0733001
2026-06-30 19:19:00.219 10 INFO neutron.db.ovn_revision_numbers_db [None req-3b426580-637b-4acd-8b9b-0ed4c1f56534 6d56b05daa884ec9a26d68371538b4fa 8b5a2e91b56e421daa84bcf5d91a809d - - default default] Successfully bumped revision number for resource c2d13023-a735-4af9-a502-bc43f3e16f3c (type: security_groups) to 1
2026-06-30 19:19:00.240 9 WARNING neutron.scheduler.dhcp_agent_scheduler [None req-3936ef6d-2b45-4005-9ca7-1846806b42e5 6612f6ab133a46d18acfe908e9515fd6 bae715bccaf940ca84a85248dafb96a4 - - - -] No more DHCP agents
2026-06-30 19:19:00.243 10 INFO neutron.wsgi [None req-3b426580-637b-4acd-8b9b-0ed4c1f56534 6d56b05daa884ec9a26d68371538b4fa 8b5a2e91b56e421daa84bcf5d91a809d - - default default] 10.0.0.232 "GET /v2.0/security-groups?tenant_id=c43e2cdc47be4f7fa6a5fb0294461116&name=default HTTP/1.1" status: 200 len: 2996 time: 0.1494939
2026-06-30 19:19:00.244 9 WARNING neutron.api.rpc.agentnotifiers.dhcp_rpc_agent_api [None req-3936ef6d-2b45-4005-9ca7-1846806b42e5 6612f6ab133a46d18acfe908e9515fd6 bae715bccaf940ca84a85248dafb96a4 - - - -] Unable to schedule network 4d7fd721-dab5-493e-922d-e48bab98b642: no agents available; will retry on subsequent port and subnet creation events.
2026-06-30 19:19:00.358 9 INFO neutron.db.ovn_revision_numbers_db [None req-3936ef6d-2b45-4005-9ca7-1846806b42e5 6612f6ab133a46d18acfe908e9515fd6 bae715bccaf940ca84a85248dafb96a4 - - - -] Successfully bumped revision number for resource cec429ed-f5db-41ae-b9f0-72e7e2370353 (type: ports) to 1
2026-06-30 19:19:00.405 9 INFO neutron.wsgi [None req-3936ef6d-2b45-4005-9ca7-1846806b42e5 6612f6ab133a46d18acfe908e9515fd6 bae715bccaf940ca84a85248dafb96a4 - - - -] 10.0.0.232 "POST /v2.0/networks HTTP/1.1" status: 201 len: 928 time: 1.5849493 /var/lib/openstack/lib/python3.10/site-packages/pycadf/identifier.py:71: UserWarning: Invalid uuid: neutron. To ensure interoperability, identifiers should be a valid uuid. warnings.warn(('Invalid uuid: %s. To ensure interoperability, '
2026-06-30 19:19:00.456 10 INFO neutron.wsgi [None req-247dad0a-facc-4fc6-ba92-8eb27c8860ff 6d56b05daa884ec9a26d68371538b4fa 8b5a2e91b56e421daa84bcf5d91a809d - - - -] 10.0.0.232 "DELETE /v2.0/security-groups/c2d13023-a735-4af9-a502-bc43f3e16f3c HTTP/1.1" status: 204 len: 168 time: 0.2047853
2026-06-30 19:19:00.780 10 INFO neutron.db.ovn_revision_numbers_db [None req-fa416f13-8484-4988-b571-571b0b3dea50 3d28e3b6229d4abbab00a11ab8b70543 47e639514af2466f9495e6e65012b320 - - - -] Successfully bumped revision number for resource 8733784f-6993-4061-8154-daf7d069a106 (type: security_groups) to 1
2026-06-30 19:19:00.791 9 WARNING neutron.scheduler.dhcp_agent_scheduler [None req-2e69ccea-be2e-44b0-baab-ff88265a60c9 6612f6ab133a46d18acfe908e9515fd6 bae715bccaf940ca84a85248dafb96a4 - - - -] No more DHCP agents
2026-06-30 19:19:00.794 9 WARNING neutron.api.rpc.agentnotifiers.dhcp_rpc_agent_api [None req-2e69ccea-be2e-44b0-baab-ff88265a60c9 6612f6ab133a46d18acfe908e9515fd6 bae715bccaf940ca84a85248dafb96a4 - - - -] Unable to schedule network 4d7fd721-dab5-493e-922d-e48bab98b642: no agents available; will retry on subsequent port and subnet creation events.
2026-06-30 19:19:00.811 10 INFO neutron.wsgi [None req-fa416f13-8484-4988-b571-571b0b3dea50 3d28e3b6229d4abbab00a11ab8b70543 47e639514af2466f9495e6e65012b320 - - - -] 10.0.0.232 "POST /v2.0/security-groups HTTP/1.1" status: 201 len: 1809 time: 0.1518152
2026-06-30 19:19:00.851 9 INFO neutron.wsgi [None req-9ab5a006-271d-4b98-b5d8-529beebef6b0 c8f28a6e0ca64f46b1e06f57b68ce95d ae461f65b4134d8da42b220815e79082 - - - -] 10.0.0.232 "PUT /v2.0/routers/ae061941-4246-49d4-a918-cb2eb5e13e18/remove_router_interface HTTP/1.1" status: 200 len: 503 time: 1.0751367
2026-06-30 19:19:01.007 10 INFO neutron.api.v2.resource [None req-0ff1e0e0-945d-4437-b29f-5ce710d9ebde c8f28a6e0ca64f46b1e06f57b68ce95d ae461f65b4134d8da42b220815e79082 - - default default] remove_router_interface failed (client error): The resource could not be found.
2026-06-30 19:19:01.010 10 INFO neutron.wsgi [None req-0ff1e0e0-945d-4437-b29f-5ce710d9ebde c8f28a6e0ca64f46b1e06f57b68ce95d ae461f65b4134d8da42b220815e79082 - - default default] 10.0.0.232 "PUT /v2.0/routers/ae061941-4246-49d4-a918-cb2eb5e13e18/remove_router_interface HTTP/1.1" status: 404 len: 398 time: 0.1418803
2026-06-30 19:19:01.051 10 INFO neutron.wsgi [None req-9703b036-c9aa-41d2-ab02-7df21a5f0ca0 c8f28a6e0ca64f46b1e06f57b68ce95d ae461f65b4134d8da42b220815e79082 - - default default] 10.0.0.232 "GET /v2.0/ports?device_id=ae061941-4246-49d4-a918-cb2eb5e13e18 HTTP/1.1" status: 200 len: 205 time: 0.0330143 /var/lib/openstack/lib/python3.10/site-packages/pycadf/identifier.py:71: UserWarning: Invalid uuid: neutron. To ensure interoperability, identifiers should be a valid uuid. warnings.warn(('Invalid uuid: %s. To ensure interoperability, '
2026-06-30 19:19:01.073 10 INFO neutron.db.ovn_revision_numbers_db [None req-cf88fb9d-5ac7-41f8-8178-f468ef259d0d 3d28e3b6229d4abbab00a11ab8b70543 47e639514af2466f9495e6e65012b320 - - - -] Successfully bumped revision number for resource b4223bf3-895c-4de6-ae53-40185639ef83 (type: security_group_rules) to 0
2026-06-30 19:19:01.107 10 INFO neutron.wsgi [None req-cf88fb9d-5ac7-41f8-8178-f468ef259d0d 3d28e3b6229d4abbab00a11ab8b70543 47e639514af2466f9495e6e65012b320 - - - -] 10.0.0.232 "POST /v2.0/security-group-rules HTTP/1.1" status: 201 len: 764 time: 0.2905905
2026-06-30 19:19:01.218 10 INFO neutron.db.ovn_revision_numbers_db [None req-07c9fa56-ac3f-43a6-8456-e05d4da90d6c 3d28e3b6229d4abbab00a11ab8b70543 47e639514af2466f9495e6e65012b320 - - - -] Successfully bumped revision number for resource 6a52489a-b0a9-4b9c-a2ca-68147d5083dd (type: security_group_rules) to 0
2026-06-30 19:19:01.242 10 INFO neutron.wsgi [None req-07c9fa56-ac3f-43a6-8456-e05d4da90d6c 3d28e3b6229d4abbab00a11ab8b70543 47e639514af2466f9495e6e65012b320 - - - -] 10.0.0.232 "POST /v2.0/security-group-rules HTTP/1.1" status: 201 len: 763 time: 0.1284177
2026-06-30 19:19:01.355 10 INFO neutron.db.ovn_revision_numbers_db [None req-37d1d8ab-1e79-47d3-b821-2b0085cedf55 3d28e3b6229d4abbab00a11ab8b70543 47e639514af2466f9495e6e65012b320 - - - -] Successfully bumped revision number for resource 18044ba5-efa0-47a7-8207-20bafd0733b7 (type: security_group_rules) to 0
2026-06-30 19:19:01.384 10 INFO neutron.wsgi [None req-37d1d8ab-1e79-47d3-b821-2b0085cedf55 3d28e3b6229d4abbab00a11ab8b70543 47e639514af2466f9495e6e65012b320 - - - -] 10.0.0.232 "POST /v2.0/security-group-rules HTTP/1.1" status: 201 len: 769 time: 0.1351113
2026-06-30 19:19:01.501 10 INFO neutron.db.ovn_revision_numbers_db [None req-bfb7664d-4c8b-4258-b458-f2e501e24812 3d28e3b6229d4abbab00a11ab8b70543 47e639514af2466f9495e6e65012b320 - - - -] Successfully bumped revision number for resource 96462daf-fdd1-4645-a8c3-123bbf78a6b2 (type: security_group_rules) to 0
2026-06-30 19:19:01.525 10 INFO neutron.wsgi [None req-bfb7664d-4c8b-4258-b458-f2e501e24812 3d28e3b6229d4abbab00a11ab8b70543 47e639514af2466f9495e6e65012b320 - - - -] 10.0.0.232 "POST /v2.0/security-group-rules HTTP/1.1" status: 201 len: 768 time: 0.1367164
2026-06-30 19:19:01.555 10 INFO neutron.db.securitygroups_db [None req-ed77f9d5-cd51-4431-95e4-f5aeb8619a23 3d28e3b6229d4abbab00a11ab8b70543 47e639514af2466f9495e6e65012b320 - - - -] Project 47e639514af2466f9495e6e65012b320 added a security group rule with legacy IPv6 ICMP protocol name icmp, ipv6-icmp should be used instead. It was automatically converted.
2026-06-30 19:19:01.582 9 INFO neutron.wsgi [None req-b57634b5-b802-4dc6-a599-2f7e064fb19e c8f28a6e0ca64f46b1e06f57b68ce95d ae461f65b4134d8da42b220815e79082 - - - -] 10.0.0.232 "DELETE /v2.0/routers/ae061941-4246-49d4-a918-cb2eb5e13e18 HTTP/1.1" status: 204 len: 168 time: 0.5186501
2026-06-30 19:19:01.647 10 INFO neutron.db.ovn_revision_numbers_db [None req-ed77f9d5-cd51-4431-95e4-f5aeb8619a23 3d28e3b6229d4abbab00a11ab8b70543 47e639514af2466f9495e6e65012b320 - - - -] Successfully bumped revision number for resource 2c45fc22-8034-4d03-adc0-6d9ccb0f02f3 (type: security_group_rules) to 0
2026-06-30 19:19:01.672 10 INFO neutron.wsgi [None req-ed77f9d5-cd51-4431-95e4-f5aeb8619a23 3d28e3b6229d4abbab00a11ab8b70543 47e639514af2466f9495e6e65012b320 - - - -] 10.0.0.232 "POST /v2.0/security-group-rules HTTP/1.1" status: 201 len: 774 time: 0.1422477
2026-06-30 19:19:01.699 10 INFO neutron.db.securitygroups_db [None req-a033c2c5-5104-4272-9ba2-4da8a00c5b5d 3d28e3b6229d4abbab00a11ab8b70543 47e639514af2466f9495e6e65012b320 - - - -] Project 47e639514af2466f9495e6e65012b320 added a security group rule with legacy IPv6 ICMP protocol name icmp, ipv6-icmp should be used instead. It was automatically converted.
2026-06-30 19:19:01.745 9 INFO neutron.db.ovn_revision_numbers_db [None req-2e69ccea-be2e-44b0-baab-ff88265a60c9 6612f6ab133a46d18acfe908e9515fd6 bae715bccaf940ca84a85248dafb96a4 - - - -] Successfully bumped revision number for resource cec429ed-f5db-41ae-b9f0-72e7e2370353 (type: ports) to 2
2026-06-30 19:19:01.767 9 INFO neutron.db.ovn_revision_numbers_db [None req-2e69ccea-be2e-44b0-baab-ff88265a60c9 6612f6ab133a46d18acfe908e9515fd6 bae715bccaf940ca84a85248dafb96a4 - - - -] Successfully bumped revision number for resource 25d794ce-381e-41e3-8023-4f3c3b8df27f (type: subnets) to 0
2026-06-30 19:19:01.788 9 INFO neutron.wsgi [None req-2e69ccea-be2e-44b0-baab-ff88265a60c9 6612f6ab133a46d18acfe908e9515fd6 bae715bccaf940ca84a85248dafb96a4 - - - -] 10.0.0.232 "POST /v2.0/subnets HTTP/1.1" status: 201 len: 819 time: 1.3768363
2026-06-30 19:19:01.797 10 WARNING neutron.api.v2.base [None req-f011c1fc-b49f-402f-ae8f-782dd2b4f490 6612f6ab133a46d18acfe908e9515fd6 bae715bccaf940ca84a85248dafb96a4 - - - -] An exception happened while processing the request body. The exception message is [Invalid input for target_tenant. Reason: 'None' is not a valid string.].: webob.exc.HTTPBadRequest: Invalid input for target_tenant. Reason: 'None' is not a valid string.
2026-06-30 19:19:01.798 10 INFO neutron.api.v2.resource [None req-f011c1fc-b49f-402f-ae8f-782dd2b4f490 6612f6ab133a46d18acfe908e9515fd6 bae715bccaf940ca84a85248dafb96a4 - - - -] create failed (client error): Invalid input for target_tenant. Reason: 'None' is not a valid string.
2026-06-30 19:19:01.799 10 INFO neutron.wsgi [None req-f011c1fc-b49f-402f-ae8f-782dd2b4f490 6612f6ab133a46d18acfe908e9515fd6 bae715bccaf940ca84a85248dafb96a4 - - - -] 10.0.0.232 "POST /v2.0/rbac-policies HTTP/1.1" status: 400 len: 346 time: 0.0070090
2026-06-30 19:19:01.800 10 INFO neutron.db.ovn_revision_numbers_db [None req-a033c2c5-5104-4272-9ba2-4da8a00c5b5d 3d28e3b6229d4abbab00a11ab8b70543 47e639514af2466f9495e6e65012b320 - - - -] Successfully bumped revision number for resource 8eb7a65c-fc96-49cf-8c97-7a9fa7143c9e (type: security_group_rules) to 0
2026-06-30 19:19:01.818 9 INFO neutron.wsgi [None req-befccbd5-4c46-49ad-af48-6f43335df10c c8f28a6e0ca64f46b1e06f57b68ce95d ae461f65b4134d8da42b220815e79082 - - - -] 10.0.0.232 "DELETE /v2.0/subnets/299b8716-640b-4675-8c2f-541d206d83c5 HTTP/1.1" status: 204 len: 168 time: 0.2291355
2026-06-30 19:19:01.860 10 INFO neutron.wsgi [None req-a033c2c5-5104-4272-9ba2-4da8a00c5b5d 3d28e3b6229d4abbab00a11ab8b70543 47e639514af2466f9495e6e65012b320 - - - -] 10.0.0.232 "POST /v2.0/security-group-rules HTTP/1.1" status: 201 len: 773 time: 0.1817014
2026-06-30 19:19:02.205 9 INFO neutron.services.segments.plugin [-] Segment b6e492c2-aeca-4d56-a1e7-c19952fe126b resource provider aggregate not found
2026-06-30 19:19:02.210 9 INFO neutron.services.segments.plugin [-] Segment b6e492c2-aeca-4d56-a1e7-c19952fe126b resource provider aggregate not found
2026-06-30 19:19:02.230 9 INFO neutron.services.segments.plugin [-] Segment b6e492c2-aeca-4d56-a1e7-c19952fe126b resource provider not found; error: Placement Client Error (4xx): {"errors": [{"status": 404, "title": "Not Found", "detail": "The resource could not be found.\n\n No resource provider with uuid b6e492c2-aeca-4d56-a1e7-c19952fe126b found for delete ", "request_id": "req-621fa5f4-d027-460a-9471-80bd7ea63334"}]}
2026-06-30 19:19:02.231 9 INFO neutron.services.segments.plugin [-] Segment b6e492c2-aeca-4d56-a1e7-c19952fe126b resource provider not found; error: Placement Client Error (4xx): {"errors": [{"status": 404, "title": "Not Found", "detail": "The resource could not be found.\n\n No resource provider with uuid b6e492c2-aeca-4d56-a1e7-c19952fe126b found for delete ", "request_id": "req-fc072a3d-5ddc-4655-b714-74962f3c2759"}]}
2026-06-30 19:19:02.257 9 INFO neutron.wsgi [None req-03ea171e-5718-4b55-9df1-c2b09ec3f741 c8f28a6e0ca64f46b1e06f57b68ce95d ae461f65b4134d8da42b220815e79082 - - - -] 10.0.0.232 "DELETE /v2.0/networks/cd6f1315-7af5-475a-876a-c7fcc585f2e9 HTTP/1.1" status: 204 len: 168 time: 0.4344745
2026-06-30 19:19:02.388 9 INFO neutron.wsgi [None req-98c32baf-cb19-4dce-848d-74e13bf6a058 3d28e3b6229d4abbab00a11ab8b70543 47e639514af2466f9495e6e65012b320 - - default default] 10.0.0.232 "GET /v2.0/networks HTTP/1.1" status: 200 len: 1492 time: 0.1712873
2026-06-30 19:19:02.409 10 INFO neutron.services.segments.plugin [-] Segment 9a8036c6-4dd2-4536-84ac-6aacb0883864 resource provider aggregate not found
2026-06-30 19:19:02.414 10 INFO neutron.services.segments.plugin [-] Segment 9a8036c6-4dd2-4536-84ac-6aacb0883864 resource provider aggregate not found
2026-06-30 19:19:02.429 10 INFO neutron.services.segments.plugin [-] Segment 9a8036c6-4dd2-4536-84ac-6aacb0883864 resource provider not found; error: Placement Client Error (4xx): {"errors": [{"status": 404, "title": "Not Found", "detail": "The resource could not be found.\n\n No resource provider with uuid 9a8036c6-4dd2-4536-84ac-6aacb0883864 found for delete ", "request_id": "req-c84e8678-a251-496a-b601-1a25009705aa"}]}
2026-06-30 19:19:02.433 10 INFO neutron.db.segments_db [None req-cd55d0d1-89a0-4ce9-9ab2-b47a0aea6c4b c8f28a6e0ca64f46b1e06f57b68ce95d ae461f65b4134d8da42b220815e79082 - - - -] Added segment 894fd9f4-4d96-4c72-8ffc-d4e49da31778 of type geneve for network 4a55f521-c9b0-40d2-a175-3ea57482880b
2026-06-30 19:19:02.434 10 INFO neutron.services.segments.plugin [-] Segment 9a8036c6-4dd2-4536-84ac-6aacb0883864 resource provider not found; error: Placement Client Error (4xx): {"errors": [{"status": 404, "title": "Not Found", "detail": "The resource could not be found.\n\n No resource provider with uuid 9a8036c6-4dd2-4536-84ac-6aacb0883864 found for delete ", "request_id": "req-b2d3cd4f-ea13-436b-9f8f-ff874c4de2d9"}]}
2026-06-30 19:19:02.464 10 INFO neutron.wsgi [None req-ffec7f6c-6452-4a62-88b4-5d5038671900 6612f6ab133a46d18acfe908e9515fd6 bae715bccaf940ca84a85248dafb96a4 - - - -] 10.0.0.232 "DELETE /v2.0/networks/4d7fd721-dab5-493e-922d-e48bab98b642 HTTP/1.1" status: 204 len: 168 time: 0.6602371
2026-06-30 19:19:02.533 10 INFO neutron.wsgi [req-960c9a8d-4693-460a-8993-457f672d4356 req-3d974383-c0ed-4016-91c6-8580f279fc2b 3d28e3b6229d4abbab00a11ab8b70543 47e639514af2466f9495e6e65012b320 - - default default] 10.0.0.200 "GET /v2.0/security-groups?name=tempest-secgroup-smoke-374634060&fields=id&tenant_id=47e639514af2466f9495e6e65012b320 HTTP/1.1" status: 200 len: 267 time: 0.0661290
2026-06-30 19:19:02.559 9 INFO neutron.db.segments_db [None req-eec730a0-1e98-4a88-81ed-2f6259fb9fd8 6612f6ab133a46d18acfe908e9515fd6 bae715bccaf940ca84a85248dafb96a4 - - - -] Added segment 4a72c16a-7ba7-4b8c-bb10-b3f4dd6bdb23 of type geneve for network fb887b07-d1e9-4285-8e98-c0f5a137a065
2026-06-30 19:19:02.651 10 INFO neutron.db.ovn_revision_numbers_db [None req-cd55d0d1-89a0-4ce9-9ab2-b47a0aea6c4b c8f28a6e0ca64f46b1e06f57b68ce95d ae461f65b4134d8da42b220815e79082 - - - -] Successfully bumped revision number for resource 4a55f521-c9b0-40d2-a175-3ea57482880b (type: networks) to 1
2026-06-30 19:19:02.677 10 INFO neutron.wsgi [req-960c9a8d-4693-460a-8993-457f672d4356 req-04d898af-7398-4456-b10e-61f3e9d2f677 3d28e3b6229d4abbab00a11ab8b70543 47e639514af2466f9495e6e65012b320 - - default default] 10.0.0.200 "GET /v2.0/networks?id=76568d9a-7107-4786-9391-6c9bfd215eeb HTTP/1.1" status: 200 len: 859 time: 0.1331220
2026-06-30 19:19:02.704 9 INFO neutron.db.ovn_revision_numbers_db [None req-eec730a0-1e98-4a88-81ed-2f6259fb9fd8 6612f6ab133a46d18acfe908e9515fd6 bae715bccaf940ca84a85248dafb96a4 - - - -] Successfully bumped revision number for resource fb887b07-d1e9-4285-8e98-c0f5a137a065 (type: networks) to 1
2026-06-30 19:19:02.713 10 INFO neutron.wsgi [req-960c9a8d-4693-460a-8993-457f672d4356 req-2c6c638f-e67c-4cbd-9476-0bfc87cca1be 3d28e3b6229d4abbab00a11ab8b70543 47e639514af2466f9495e6e65012b320 - - default default] 10.0.0.200 "GET /v2.0/quotas/47e639514af2466f9495e6e65012b320 HTTP/1.1" status: 200 len: 386 time: 0.0189347
2026-06-30 19:19:02.880 10 INFO neutron.wsgi [req-960c9a8d-4693-460a-8993-457f672d4356 req-67f9c61e-9701-4c72-a70e-52efb7b6da22 3d28e3b6229d4abbab00a11ab8b70543 47e639514af2466f9495e6e65012b320 - - default default] 10.0.0.200 "GET /v2.0/ports?tenant_id=47e639514af2466f9495e6e65012b320&fields=id HTTP/1.1" status: 200 len: 348 time: 0.1580532
2026-06-30 19:19:02.898 9 WARNING neutron.scheduler.dhcp_agent_scheduler [None req-eec730a0-1e98-4a88-81ed-2f6259fb9fd8 6612f6ab133a46d18acfe908e9515fd6 bae715bccaf940ca84a85248dafb96a4 - - - -] No more DHCP agents
2026-06-30 19:19:02.900 9 WARNING neutron.api.rpc.agentnotifiers.dhcp_rpc_agent_api [None req-eec730a0-1e98-4a88-81ed-2f6259fb9fd8 6612f6ab133a46d18acfe908e9515fd6 bae715bccaf940ca84a85248dafb96a4 - - - -] Unable to schedule network fb887b07-d1e9-4285-8e98-c0f5a137a065: no agents available; will retry on subsequent port and subnet creation events.
2026-06-30 19:19:02.957 10 WARNING neutron.scheduler.dhcp_agent_scheduler [None req-cd55d0d1-89a0-4ce9-9ab2-b47a0aea6c4b c8f28a6e0ca64f46b1e06f57b68ce95d ae461f65b4134d8da42b220815e79082 - - - -] No more DHCP agents
2026-06-30 19:19:02.963 9 INFO neutron.db.ovn_revision_numbers_db [None req-eec730a0-1e98-4a88-81ed-2f6259fb9fd8 6612f6ab133a46d18acfe908e9515fd6 bae715bccaf940ca84a85248dafb96a4 - - - -] Successfully bumped revision number for resource 61faaca1-3b31-415f-b7bd-f39b6571c7ac (type: ports) to 1
2026-06-30 19:19:02.967 10 WARNING neutron.api.rpc.agentnotifiers.dhcp_rpc_agent_api [None req-cd55d0d1-89a0-4ce9-9ab2-b47a0aea6c4b c8f28a6e0ca64f46b1e06f57b68ce95d ae461f65b4134d8da42b220815e79082 - - - -] Unable to schedule network 4a55f521-c9b0-40d2-a175-3ea57482880b: no agents available; will retry on subsequent port and subnet creation events.
2026-06-30 19:19:02.991 9 INFO neutron.wsgi [None req-eec730a0-1e98-4a88-81ed-2f6259fb9fd8 6612f6ab133a46d18acfe908e9515fd6 bae715bccaf940ca84a85248dafb96a4 - - - -] 10.0.0.232 "POST /v2.0/networks HTTP/1.1" status: 201 len: 929 time: 0.5187898
2026-06-30 19:19:03.006 10 INFO neutron.wsgi [req-960c9a8d-4693-460a-8993-457f672d4356 req-a96f85ac-661e-444e-b81a-3f804e44ffda eff23f8a1364407d8b3a970c8fb0a198 9e87a226553f4b4a821d76fca7e776bc - - bbc4d2f7230e43ac89655b01cd30e2b7 bbc4d2f7230e43ac89655b01cd30e2b7] 10.0.0.200 "GET /v2.0/networks/76568d9a-7107-4786-9391-6c9bfd215eeb?fields=segments HTTP/1.1" status: 200 len: 212 time: 0.1118834
2026-06-30 19:19:03.121 10 INFO neutron.db.ovn_revision_numbers_db [None req-cd55d0d1-89a0-4ce9-9ab2-b47a0aea6c4b c8f28a6e0ca64f46b1e06f57b68ce95d ae461f65b4134d8da42b220815e79082 - - - -] Successfully bumped revision number for resource edd5595b-005f-4daa-b81a-275a53455ca8 (type: ports) to 1
2026-06-30 19:19:03.129 10 INFO neutron.wsgi [req-960c9a8d-4693-460a-8993-457f672d4356 req-2b5fa11a-6b2c-4968-85fd-e006943830ab eff23f8a1364407d8b3a970c8fb0a198 9e87a226553f4b4a821d76fca7e776bc - - bbc4d2f7230e43ac89655b01cd30e2b7 bbc4d2f7230e43ac89655b01cd30e2b7] 10.0.0.200 "GET /v2.0/networks/76568d9a-7107-4786-9391-6c9bfd215eeb?fields=provider%3Aphysical_network&fields=provider%3Anetwork_type HTTP/1.1" status: 200 len: 277 time: 0.1155255
