Aug 25 00:34:41.442552 np0000191038 systemd[1]: Starting devstack@n-api.service - Devstack devstack@n-api.service...
Aug 25 00:34:41.453158 np0000191038 devstack@n-api.service[98650]: [uWSGI] getting INI configuration from /etc/nova/nova-api-uwsgi.ini
Aug 25 00:34:41.456571 np0000191038 devstack@n-api.service[98650]: *** Starting uWSGI 2.0.24-debian (64bit) on [Tue Aug 25 00:34:41 2026] ***
Aug 25 00:34:41.456571 np0000191038 devstack@n-api.service[98650]: compiled with version: 13.2.0 on 17 April 2024 16:23:48
Aug 25 00:34:41.456571 np0000191038 devstack@n-api.service[98650]: os: Linux-6.8.0-138-generic #138-Ubuntu SMP PREEMPT_DYNAMIC Fri Jul 31 22:41:49 UTC 2026
Aug 25 00:34:41.456571 np0000191038 devstack@n-api.service[98650]: nodename: np0000191038
Aug 25 00:34:41.456571 np0000191038 devstack@n-api.service[98650]: machine: x86_64
Aug 25 00:34:41.456571 np0000191038 devstack@n-api.service[98650]: clock source: unix
Aug 25 00:34:41.456571 np0000191038 devstack@n-api.service[98650]: pcre jit disabled
Aug 25 00:34:41.456571 np0000191038 devstack@n-api.service[98650]: detected number of CPU cores: 16
Aug 25 00:34:41.456571 np0000191038 devstack@n-api.service[98650]: current working directory: /
Aug 25 00:34:41.456571 np0000191038 devstack@n-api.service[98650]: detected binary path: /usr/bin/uwsgi-core
Aug 25 00:34:41.456571 np0000191038 devstack@n-api.service[98650]: your processes number limit is 256916
Aug 25 00:34:41.456571 np0000191038 devstack@n-api.service[98650]: your memory page size is 4096 bytes
Aug 25 00:34:41.456571 np0000191038 devstack@n-api.service[98650]: detected max file descriptor number: 2048
Aug 25 00:34:41.456571 np0000191038 devstack@n-api.service[98650]: lock engine: pthread robust mutexes
Aug 25 00:34:41.457598 np0000191038 devstack@n-api.service[98650]: thunder lock: enabled
Aug 25 00:34:41.457598 np0000191038 devstack@n-api.service[98650]: uwsgi socket 0 bound to UNIX address /var/run/uwsgi/nova-api.socket fd 4
Aug 25 00:34:41.457598 np0000191038 devstack@n-api.service[98650]: Python version: 3.12.3 (main, Jun 19 2026, 12:46:00) [GCC 13.3.0]
Aug 25 00:34:41.457598 np0000191038 devstack@n-api.service[98650]: PEP 405 virtualenv detected: /opt/stack/data/venv
Aug 25 00:34:41.457598 np0000191038 devstack@n-api.service[98650]: Set PythonHome to /opt/stack/data/venv
Aug 25 00:34:41.495552 np0000191038 devstack@n-api.service[98650]: Python main interpreter initialized at 0x71e953ca4668
Aug 25 00:34:41.495552 np0000191038 devstack@n-api.service[98650]: python threads support enabled
Aug 25 00:34:41.495552 np0000191038 devstack@n-api.service[98650]: your server socket listen backlog is limited to 100 connections
Aug 25 00:34:41.495552 np0000191038 devstack@n-api.service[98650]: your mercy for graceful operations on workers is 80 seconds
Aug 25 00:34:41.496062 np0000191038 devstack@n-api.service[98650]: mapped 671795 bytes (656 KB) for 4 cores
Aug 25 00:34:41.496195 np0000191038 devstack@n-api.service[98650]: *** Operational MODE: preforking ***
Aug 25 00:34:41.496337 np0000191038 devstack@n-api.service[98650]: *** uWSGI is running in multiple interpreter mode ***
Aug 25 00:34:41.496337 np0000191038 devstack@n-api.service[98650]: spawned uWSGI master process (pid: 98650)
Aug 25 00:34:41.496544 np0000191038 systemd[1]: Started devstack@n-api.service - Devstack devstack@n-api.service.
Aug 25 00:34:41.497003 np0000191038 devstack@n-api.service[98650]: spawned uWSGI worker 1 (pid: 98651, cores: 1)
Aug 25 00:34:41.497444 np0000191038 devstack@n-api.service[98650]: spawned uWSGI worker 2 (pid: 98652, cores: 1)
Aug 25 00:34:41.497904 np0000191038 devstack@n-api.service[98650]: spawned uWSGI worker 3 (pid: 98653, cores: 1)
Aug 25 00:34:41.498415 np0000191038 devstack@n-api.service[98650]: spawned uWSGI worker 4 (pid: 98654, cores: 1)
Aug 25 00:34:41.498547 np0000191038 devstack@n-api.service[98650]: running "unix_signal:15 gracefully_kill_them_all" (master-start)...
Aug 25 00:34:43.160401 np0000191038 devstack@n-api.service[98654]: INFO dbcounter [None req-171aa4ab-88f0-4fad-9a65-d80c4b8a4796 None None] Registered counter for database nova_api
Aug 25 00:34:43.205135 np0000191038 devstack@n-api.service[98654]: DEBUG oslo_db.sqlalchemy.engines [None req-171aa4ab-88f0-4fad-9a65-d80c4b8a4796 None None] MySQL server mode set to STRICT_TRANS_TABLES,STRICT_ALL_TABLES,NO_ZERO_IN_DATE,NO_ZERO_DATE,ERROR_FOR_DIVISION_BY_ZERO,TRADITIONAL,NO_ENGINE_SUBSTITUTION {{(pid=98654) _check_effective_sql_mode /opt/stack/data/venv/lib/python3.12/site-packages/oslo_db/sqlalchemy/engines.py:325}}
Aug 25 00:34:43.234796 np0000191038 devstack@n-api.service[98653]: INFO dbcounter [None req-1d8ff6e7-9443-4e5e-8e0f-058b3c6b34f5 None None] Registered counter for database nova_api
Aug 25 00:34:43.238546 np0000191038 devstack@n-api.service[98654]: DEBUG dbcounter [-] [98654] Writer thread running {{(pid=98654) stat_writer /opt/stack/data/venv/lib/python3.12/site-packages/dbcounter.py:102}}
Aug 25 00:34:43.240894 np0000191038 devstack@n-api.service[98654]: DEBUG nova.context [None req-171aa4ab-88f0-4fad-9a65-d80c4b8a4796 None None] Found 2 cells: 00000000-0000-0000-0000-000000000000(cell0),6c9df1cc-ebd9-4cc5-8cef-927558a4edb9(cell1) {{(pid=98654) load_cells /opt/stack/nova/nova/context.py:509}}
Aug 25 00:34:43.242615 np0000191038 devstack@n-api.service[98654]: DEBUG oslo_concurrency.lockutils [None req-171aa4ab-88f0-4fad-9a65-d80c4b8a4796 None None] Acquiring lock "00000000-0000-0000-0000-000000000000" by "nova.context.set_target_cell..get_or_set_cached_cell_and_set_connections" {{(pid=98654) inner /opt/stack/data/venv/lib/python3.12/site-packages/oslo_concurrency/lockutils.py:512}}
Aug 25 00:34:43.242781 np0000191038 devstack@n-api.service[98654]: DEBUG oslo_concurrency.lockutils [None req-171aa4ab-88f0-4fad-9a65-d80c4b8a4796 None None] Lock "00000000-0000-0000-0000-000000000000" acquired by "nova.context.set_target_cell..get_or_set_cached_cell_and_set_connections" :: waited 0.000s {{(pid=98654) inner /opt/stack/data/venv/lib/python3.12/site-packages/oslo_concurrency/lockutils.py:525}}
Aug 25 00:34:43.243140 np0000191038 devstack@n-api.service[98654]: DEBUG oslo_concurrency.lockutils [None req-171aa4ab-88f0-4fad-9a65-d80c4b8a4796 None None] Lock "00000000-0000-0000-0000-000000000000" "released" by "nova.context.set_target_cell..get_or_set_cached_cell_and_set_connections" :: held 0.000s {{(pid=98654) inner /opt/stack/data/venv/lib/python3.12/site-packages/oslo_concurrency/lockutils.py:544}}
Aug 25 00:34:43.243357 np0000191038 devstack@n-api.service[98654]: INFO nova.thread_pool_factory [None req-171aa4ab-88f0-4fad-9a65-d80c4b8a4796 None None] The cell_worker thread pool MainProcess.cell_worker is initialized
Aug 25 00:34:43.243979 np0000191038 devstack@n-api.service[98654]: DEBUG oslo_concurrency.lockutils [None req-171aa4ab-88f0-4fad-9a65-d80c4b8a4796 None None] Acquiring lock "6c9df1cc-ebd9-4cc5-8cef-927558a4edb9" by "nova.context.set_target_cell..get_or_set_cached_cell_and_set_connections" {{(pid=98654) inner /opt/stack/data/venv/lib/python3.12/site-packages/oslo_concurrency/lockutils.py:512}}
Aug 25 00:34:43.244143 np0000191038 devstack@n-api.service[98654]: DEBUG oslo_concurrency.lockutils [None req-171aa4ab-88f0-4fad-9a65-d80c4b8a4796 None None] Lock "6c9df1cc-ebd9-4cc5-8cef-927558a4edb9" acquired by "nova.context.set_target_cell..get_or_set_cached_cell_and_set_connections" :: waited 0.000s {{(pid=98654) inner /opt/stack/data/venv/lib/python3.12/site-packages/oslo_concurrency/lockutils.py:525}}
Aug 25 00:34:43.244938 np0000191038 devstack@n-api.service[98654]: DEBUG oslo_concurrency.lockutils [None req-171aa4ab-88f0-4fad-9a65-d80c4b8a4796 None None] Lock "6c9df1cc-ebd9-4cc5-8cef-927558a4edb9" "released" by "nova.context.set_target_cell..get_or_set_cached_cell_and_set_connections" :: held 0.001s {{(pid=98654) inner /opt/stack/data/venv/lib/python3.12/site-packages/oslo_concurrency/lockutils.py:544}}
Aug 25 00:34:43.247510 np0000191038 devstack@n-api.service[98654]: INFO dbcounter [None req-171aa4ab-88f0-4fad-9a65-d80c4b8a4796 None None] Registered counter for database nova_cell0
Aug 25 00:34:43.252427 np0000191038 devstack@n-api.service[98654]: INFO dbcounter [None req-171aa4ab-88f0-4fad-9a65-d80c4b8a4796 None None] Registered counter for database nova_cell1
Aug 25 00:34:43.268686 np0000191038 devstack@n-api.service[98651]: INFO dbcounter [None req-7ae3d5c9-ed60-4b14-8d89-3665996bd4b4 None None] Registered counter for database nova_api
Aug 25 00:34:43.272056 np0000191038 devstack@n-api.service[98652]: INFO dbcounter [None req-68030dbb-78d7-4caf-8316-4130a506dd24 None None] Registered counter for database nova_api
Aug 25 00:34:43.276178 np0000191038 devstack@n-api.service[98653]: DEBUG oslo_db.sqlalchemy.engines [None req-1d8ff6e7-9443-4e5e-8e0f-058b3c6b34f5 None None] MySQL server mode set to STRICT_TRANS_TABLES,STRICT_ALL_TABLES,NO_ZERO_IN_DATE,NO_ZERO_DATE,ERROR_FOR_DIVISION_BY_ZERO,TRADITIONAL,NO_ENGINE_SUBSTITUTION {{(pid=98653) _check_effective_sql_mode /opt/stack/data/venv/lib/python3.12/site-packages/oslo_db/sqlalchemy/engines.py:325}}
Aug 25 00:34:43.302221 np0000191038 devstack@n-api.service[98654]: DEBUG oslo_db.sqlalchemy.engines [None req-171aa4ab-88f0-4fad-9a65-d80c4b8a4796 None None] MySQL server mode set to STRICT_TRANS_TABLES,STRICT_ALL_TABLES,NO_ZERO_IN_DATE,NO_ZERO_DATE,ERROR_FOR_DIVISION_BY_ZERO,TRADITIONAL,NO_ENGINE_SUBSTITUTION {{(pid=98654) _check_effective_sql_mode /opt/stack/data/venv/lib/python3.12/site-packages/oslo_db/sqlalchemy/engines.py:325}}
Aug 25 00:34:43.309942 np0000191038 devstack@n-api.service[98653]: DEBUG dbcounter [-] [98653] Writer thread running {{(pid=98653) stat_writer /opt/stack/data/venv/lib/python3.12/site-packages/dbcounter.py:102}}
Aug 25 00:34:43.312111 np0000191038 devstack@n-api.service[98653]: DEBUG nova.context [None req-1d8ff6e7-9443-4e5e-8e0f-058b3c6b34f5 None None] Found 2 cells: 00000000-0000-0000-0000-000000000000(cell0),6c9df1cc-ebd9-4cc5-8cef-927558a4edb9(cell1) {{(pid=98653) load_cells /opt/stack/nova/nova/context.py:509}}
Aug 25 00:34:43.313858 np0000191038 devstack@n-api.service[98653]: DEBUG oslo_concurrency.lockutils [None req-1d8ff6e7-9443-4e5e-8e0f-058b3c6b34f5 None None] Acquiring lock "00000000-0000-0000-0000-000000000000" by "nova.context.set_target_cell..get_or_set_cached_cell_and_set_connections" {{(pid=98653) inner /opt/stack/data/venv/lib/python3.12/site-packages/oslo_concurrency/lockutils.py:512}}
Aug 25 00:34:43.314038 np0000191038 devstack@n-api.service[98653]: DEBUG oslo_concurrency.lockutils [None req-1d8ff6e7-9443-4e5e-8e0f-058b3c6b34f5 None None] Lock "00000000-0000-0000-0000-000000000000" acquired by "nova.context.set_target_cell..get_or_set_cached_cell_and_set_connections" :: waited 0.000s {{(pid=98653) inner /opt/stack/data/venv/lib/python3.12/site-packages/oslo_concurrency/lockutils.py:525}}
Aug 25 00:34:43.314396 np0000191038 devstack@n-api.service[98653]: DEBUG oslo_concurrency.lockutils [None req-1d8ff6e7-9443-4e5e-8e0f-058b3c6b34f5 None None] Lock "00000000-0000-0000-0000-000000000000" "released" by "nova.context.set_target_cell..get_or_set_cached_cell_and_set_connections" :: held 0.000s {{(pid=98653) inner /opt/stack/data/venv/lib/python3.12/site-packages/oslo_concurrency/lockutils.py:544}}
Aug 25 00:34:43.314614 np0000191038 devstack@n-api.service[98653]: INFO nova.thread_pool_factory [None req-1d8ff6e7-9443-4e5e-8e0f-058b3c6b34f5 None None] The cell_worker thread pool MainProcess.cell_worker is initialized
Aug 25 00:34:43.315477 np0000191038 devstack@n-api.service[98653]: DEBUG oslo_concurrency.lockutils [None req-1d8ff6e7-9443-4e5e-8e0f-058b3c6b34f5 None None] Acquiring lock "6c9df1cc-ebd9-4cc5-8cef-927558a4edb9" by "nova.context.set_target_cell..get_or_set_cached_cell_and_set_connections" {{(pid=98653) inner /opt/stack/data/venv/lib/python3.12/site-packages/oslo_concurrency/lockutils.py:512}}
Aug 25 00:34:43.315619 np0000191038 devstack@n-api.service[98653]: DEBUG oslo_concurrency.lockutils [None req-1d8ff6e7-9443-4e5e-8e0f-058b3c6b34f5 None None] Lock "6c9df1cc-ebd9-4cc5-8cef-927558a4edb9" acquired by "nova.context.set_target_cell..get_or_set_cached_cell_and_set_connections" :: waited 0.000s {{(pid=98653) inner /opt/stack/data/venv/lib/python3.12/site-packages/oslo_concurrency/lockutils.py:525}}
Aug 25 00:34:43.316577 np0000191038 devstack@n-api.service[98653]: DEBUG oslo_concurrency.lockutils [None req-1d8ff6e7-9443-4e5e-8e0f-058b3c6b34f5 None None] Lock "6c9df1cc-ebd9-4cc5-8cef-927558a4edb9" "released" by "nova.context.set_target_cell..get_or_set_cached_cell_and_set_connections" :: held 0.001s {{(pid=98653) inner /opt/stack/data/venv/lib/python3.12/site-packages/oslo_concurrency/lockutils.py:544}}
Aug 25 00:34:43.320329 np0000191038 devstack@n-api.service[98653]: INFO dbcounter [None req-1d8ff6e7-9443-4e5e-8e0f-058b3c6b34f5 None None] Registered counter for database nova_cell0
Aug 25 00:34:43.324915 np0000191038 devstack@n-api.service[98651]: DEBUG oslo_db.sqlalchemy.engines [None req-7ae3d5c9-ed60-4b14-8d89-3665996bd4b4 None None] MySQL server mode set to STRICT_TRANS_TABLES,STRICT_ALL_TABLES,NO_ZERO_IN_DATE,NO_ZERO_DATE,ERROR_FOR_DIVISION_BY_ZERO,TRADITIONAL,NO_ENGINE_SUBSTITUTION {{(pid=98651) _check_effective_sql_mode /opt/stack/data/venv/lib/python3.12/site-packages/oslo_db/sqlalchemy/engines.py:325}}
Aug 25 00:34:43.326117 np0000191038 devstack@n-api.service[98653]: INFO dbcounter [None req-1d8ff6e7-9443-4e5e-8e0f-058b3c6b34f5 None None] Registered counter for database nova_cell1
Aug 25 00:34:43.328715 np0000191038 devstack@n-api.service[98652]: DEBUG oslo_db.sqlalchemy.engines [None req-68030dbb-78d7-4caf-8316-4130a506dd24 None None] MySQL server mode set to STRICT_TRANS_TABLES,STRICT_ALL_TABLES,NO_ZERO_IN_DATE,NO_ZERO_DATE,ERROR_FOR_DIVISION_BY_ZERO,TRADITIONAL,NO_ENGINE_SUBSTITUTION {{(pid=98652) _check_effective_sql_mode /opt/stack/data/venv/lib/python3.12/site-packages/oslo_db/sqlalchemy/engines.py:325}}
Aug 25 00:34:43.361141 np0000191038 devstack@n-api.service[98651]: DEBUG dbcounter [-] [98651] Writer thread running {{(pid=98651) stat_writer /opt/stack/data/venv/lib/python3.12/site-packages/dbcounter.py:102}}
Aug 25 00:34:43.361472 np0000191038 devstack@n-api.service[98654]: DEBUG oslo_db.sqlalchemy.engines [None req-171aa4ab-88f0-4fad-9a65-d80c4b8a4796 None None] MySQL server mode set to STRICT_TRANS_TABLES,STRICT_ALL_TABLES,NO_ZERO_IN_DATE,NO_ZERO_DATE,ERROR_FOR_DIVISION_BY_ZERO,TRADITIONAL,NO_ENGINE_SUBSTITUTION {{(pid=98654) _check_effective_sql_mode /opt/stack/data/venv/lib/python3.12/site-packages/oslo_db/sqlalchemy/engines.py:325}}
Aug 25 00:34:43.363737 np0000191038 devstack@n-api.service[98651]: DEBUG nova.context [None req-7ae3d5c9-ed60-4b14-8d89-3665996bd4b4 None None] Found 2 cells: 00000000-0000-0000-0000-000000000000(cell0),6c9df1cc-ebd9-4cc5-8cef-927558a4edb9(cell1) {{(pid=98651) load_cells /opt/stack/nova/nova/context.py:509}}
Aug 25 00:34:43.365617 np0000191038 devstack@n-api.service[98651]: DEBUG oslo_concurrency.lockutils [None req-7ae3d5c9-ed60-4b14-8d89-3665996bd4b4 None None] Acquiring lock "00000000-0000-0000-0000-000000000000" by "nova.context.set_target_cell..get_or_set_cached_cell_and_set_connections" {{(pid=98651) inner /opt/stack/data/venv/lib/python3.12/site-packages/oslo_concurrency/lockutils.py:512}}
Aug 25 00:34:43.365773 np0000191038 devstack@n-api.service[98651]: DEBUG oslo_concurrency.lockutils [None req-7ae3d5c9-ed60-4b14-8d89-3665996bd4b4 None None] Lock "00000000-0000-0000-0000-000000000000" acquired by "nova.context.set_target_cell..get_or_set_cached_cell_and_set_connections" :: waited 0.000s {{(pid=98651) inner /opt/stack/data/venv/lib/python3.12/site-packages/oslo_concurrency/lockutils.py:525}}
Aug 25 00:34:43.366187 np0000191038 devstack@n-api.service[98651]: DEBUG oslo_concurrency.lockutils [None req-7ae3d5c9-ed60-4b14-8d89-3665996bd4b4 None None] Lock "00000000-0000-0000-0000-000000000000" "released" by "nova.context.set_target_cell..get_or_set_cached_cell_and_set_connections" :: held 0.000s {{(pid=98651) inner /opt/stack/data/venv/lib/python3.12/site-packages/oslo_concurrency/lockutils.py:544}}
Aug 25 00:34:43.366403 np0000191038 devstack@n-api.service[98651]: INFO nova.thread_pool_factory [None req-7ae3d5c9-ed60-4b14-8d89-3665996bd4b4 None None] The cell_worker thread pool MainProcess.cell_worker is initialized
Aug 25 00:34:43.367438 np0000191038 devstack@n-api.service[98651]: DEBUG oslo_concurrency.lockutils [None req-7ae3d5c9-ed60-4b14-8d89-3665996bd4b4 None None] Acquiring lock "6c9df1cc-ebd9-4cc5-8cef-927558a4edb9" by "nova.context.set_target_cell..get_or_set_cached_cell_and_set_connections" {{(pid=98651) inner /opt/stack/data/venv/lib/python3.12/site-packages/oslo_concurrency/lockutils.py:512}}
Aug 25 00:34:43.367438 np0000191038 devstack@n-api.service[98651]: DEBUG oslo_concurrency.lockutils [None req-7ae3d5c9-ed60-4b14-8d89-3665996bd4b4 None None] Lock "6c9df1cc-ebd9-4cc5-8cef-927558a4edb9" acquired by "nova.context.set_target_cell..get_or_set_cached_cell_and_set_connections" :: waited 0.000s {{(pid=98651) inner /opt/stack/data/venv/lib/python3.12/site-packages/oslo_concurrency/lockutils.py:525}}
Aug 25 00:34:43.367635 np0000191038 devstack@n-api.service[98652]: DEBUG dbcounter [-] [98652] Writer thread running {{(pid=98652) stat_writer /opt/stack/data/venv/lib/python3.12/site-packages/dbcounter.py:102}}
Aug 25 00:34:43.368114 np0000191038 devstack@n-api.service[98651]: DEBUG oslo_concurrency.lockutils [None req-7ae3d5c9-ed60-4b14-8d89-3665996bd4b4 None None] Lock "6c9df1cc-ebd9-4cc5-8cef-927558a4edb9" "released" by "nova.context.set_target_cell..get_or_set_cached_cell_and_set_connections" :: held 0.001s {{(pid=98651) inner /opt/stack/data/venv/lib/python3.12/site-packages/oslo_concurrency/lockutils.py:544}}
Aug 25 00:34:43.369819 np0000191038 devstack@n-api.service[98652]: DEBUG nova.context [None req-68030dbb-78d7-4caf-8316-4130a506dd24 None None] Found 2 cells: 00000000-0000-0000-0000-000000000000(cell0),6c9df1cc-ebd9-4cc5-8cef-927558a4edb9(cell1) {{(pid=98652) load_cells /opt/stack/nova/nova/context.py:509}}
Aug 25 00:34:43.371282 np0000191038 devstack@n-api.service[98651]: INFO dbcounter [None req-7ae3d5c9-ed60-4b14-8d89-3665996bd4b4 None None] Registered counter for database nova_cell0
Aug 25 00:34:43.371611 np0000191038 devstack@n-api.service[98652]: DEBUG oslo_concurrency.lockutils [None req-68030dbb-78d7-4caf-8316-4130a506dd24 None None] Acquiring lock "00000000-0000-0000-0000-000000000000" by "nova.context.set_target_cell..get_or_set_cached_cell_and_set_connections" {{(pid=98652) inner /opt/stack/data/venv/lib/python3.12/site-packages/oslo_concurrency/lockutils.py:512}}
Aug 25 00:34:43.371812 np0000191038 devstack@n-api.service[98652]: DEBUG oslo_concurrency.lockutils [None req-68030dbb-78d7-4caf-8316-4130a506dd24 None None] Lock "00000000-0000-0000-0000-000000000000" acquired by "nova.context.set_target_cell..get_or_set_cached_cell_and_set_connections" :: waited 0.000s {{(pid=98652) inner /opt/stack/data/venv/lib/python3.12/site-packages/oslo_concurrency/lockutils.py:525}}
Aug 25 00:34:43.372277 np0000191038 devstack@n-api.service[98652]: DEBUG oslo_concurrency.lockutils [None req-68030dbb-78d7-4caf-8316-4130a506dd24 None None] Lock "00000000-0000-0000-0000-000000000000" "released" by "nova.context.set_target_cell..get_or_set_cached_cell_and_set_connections" :: held 0.000s {{(pid=98652) inner /opt/stack/data/venv/lib/python3.12/site-packages/oslo_concurrency/lockutils.py:544}}
Aug 25 00:34:43.372557 np0000191038 devstack@n-api.service[98652]: INFO nova.thread_pool_factory [None req-68030dbb-78d7-4caf-8316-4130a506dd24 None None] The cell_worker thread pool MainProcess.cell_worker is initialized
Aug 25 00:34:43.373373 np0000191038 devstack@n-api.service[98652]: DEBUG oslo_concurrency.lockutils [None req-68030dbb-78d7-4caf-8316-4130a506dd24 None None] Acquiring lock "6c9df1cc-ebd9-4cc5-8cef-927558a4edb9" by "nova.context.set_target_cell..get_or_set_cached_cell_and_set_connections" {{(pid=98652) inner /opt/stack/data/venv/lib/python3.12/site-packages/oslo_concurrency/lockutils.py:512}}
Aug 25 00:34:43.373565 np0000191038 devstack@n-api.service[98652]: DEBUG oslo_concurrency.lockutils [None req-68030dbb-78d7-4caf-8316-4130a506dd24 None None] Lock "6c9df1cc-ebd9-4cc5-8cef-927558a4edb9" acquired by "nova.context.set_target_cell..get_or_set_cached_cell_and_set_connections" :: waited 0.000s {{(pid=98652) inner /opt/stack/data/venv/lib/python3.12/site-packages/oslo_concurrency/lockutils.py:525}}
Aug 25 00:34:43.374470 np0000191038 devstack@n-api.service[98652]: DEBUG oslo_concurrency.lockutils [None req-68030dbb-78d7-4caf-8316-4130a506dd24 None None] Lock "6c9df1cc-ebd9-4cc5-8cef-927558a4edb9" "released" by "nova.context.set_target_cell..get_or_set_cached_cell_and_set_connections" :: held 0.001s {{(pid=98652) inner /opt/stack/data/venv/lib/python3.12/site-packages/oslo_concurrency/lockutils.py:544}}
Aug 25 00:34:43.376694 np0000191038 devstack@n-api.service[98651]: INFO dbcounter [None req-7ae3d5c9-ed60-4b14-8d89-3665996bd4b4 None None] Registered counter for database nova_cell1
Aug 25 00:34:43.377489 np0000191038 devstack@n-api.service[98652]: INFO dbcounter [None req-68030dbb-78d7-4caf-8316-4130a506dd24 None None] Registered counter for database nova_cell0
Aug 25 00:34:43.382881 np0000191038 devstack@n-api.service[98652]: INFO dbcounter [None req-68030dbb-78d7-4caf-8316-4130a506dd24 None None] Registered counter for database nova_cell1
Aug 25 00:34:43.388637 np0000191038 devstack@n-api.service[98653]: DEBUG oslo_db.sqlalchemy.engines [None req-1d8ff6e7-9443-4e5e-8e0f-058b3c6b34f5 None None] MySQL server mode set to STRICT_TRANS_TABLES,STRICT_ALL_TABLES,NO_ZERO_IN_DATE,NO_ZERO_DATE,ERROR_FOR_DIVISION_BY_ZERO,TRADITIONAL,NO_ENGINE_SUBSTITUTION {{(pid=98653) _check_effective_sql_mode /opt/stack/data/venv/lib/python3.12/site-packages/oslo_db/sqlalchemy/engines.py:325}}
Aug 25 00:34:43.393948 np0000191038 devstack@n-api.service[98653]: DEBUG oslo_db.sqlalchemy.engines [None req-1d8ff6e7-9443-4e5e-8e0f-058b3c6b34f5 None None] MySQL server mode set to STRICT_TRANS_TABLES,STRICT_ALL_TABLES,NO_ZERO_IN_DATE,NO_ZERO_DATE,ERROR_FOR_DIVISION_BY_ZERO,TRADITIONAL,NO_ENGINE_SUBSTITUTION {{(pid=98653) _check_effective_sql_mode /opt/stack/data/venv/lib/python3.12/site-packages/oslo_db/sqlalchemy/engines.py:325}}
Aug 25 00:34:43.395224 np0000191038 devstack@n-api.service[98654]: DEBUG dbcounter [-] [98654] Writer thread running {{(pid=98654) stat_writer /opt/stack/data/venv/lib/python3.12/site-packages/dbcounter.py:102}}
Aug 25 00:34:43.401074 np0000191038 devstack@n-api.service[98654]: DEBUG dbcounter [-] [98654] Writer thread running {{(pid=98654) stat_writer /opt/stack/data/venv/lib/python3.12/site-packages/dbcounter.py:102}}
Aug 25 00:34:43.405423 np0000191038 devstack@n-api.service[98654]: INFO dbcounter [None req-171aa4ab-88f0-4fad-9a65-d80c4b8a4796 None None] Registered counter for database nova_cell0
Aug 25 00:34:43.438443 np0000191038 devstack@n-api.service[98651]: DEBUG oslo_db.sqlalchemy.engines [None req-7ae3d5c9-ed60-4b14-8d89-3665996bd4b4 None None] MySQL server mode set to STRICT_TRANS_TABLES,STRICT_ALL_TABLES,NO_ZERO_IN_DATE,NO_ZERO_DATE,ERROR_FOR_DIVISION_BY_ZERO,TRADITIONAL,NO_ENGINE_SUBSTITUTION {{(pid=98651) _check_effective_sql_mode /opt/stack/data/venv/lib/python3.12/site-packages/oslo_db/sqlalchemy/engines.py:325}}
Aug 25 00:34:43.445043 np0000191038 devstack@n-api.service[98652]: DEBUG oslo_db.sqlalchemy.engines [None req-68030dbb-78d7-4caf-8316-4130a506dd24 None None] MySQL server mode set to STRICT_TRANS_TABLES,STRICT_ALL_TABLES,NO_ZERO_IN_DATE,NO_ZERO_DATE,ERROR_FOR_DIVISION_BY_ZERO,TRADITIONAL,NO_ENGINE_SUBSTITUTION {{(pid=98652) _check_effective_sql_mode /opt/stack/data/venv/lib/python3.12/site-packages/oslo_db/sqlalchemy/engines.py:325}}
Aug 25 00:34:43.455933 np0000191038 devstack@n-api.service[98652]: DEBUG oslo_db.sqlalchemy.engines [None req-68030dbb-78d7-4caf-8316-4130a506dd24 None None] MySQL server mode set to STRICT_TRANS_TABLES,STRICT_ALL_TABLES,NO_ZERO_IN_DATE,NO_ZERO_DATE,ERROR_FOR_DIVISION_BY_ZERO,TRADITIONAL,NO_ENGINE_SUBSTITUTION {{(pid=98652) _check_effective_sql_mode /opt/stack/data/venv/lib/python3.12/site-packages/oslo_db/sqlalchemy/engines.py:325}}
Aug 25 00:34:43.457086 np0000191038 devstack@n-api.service[98654]: DEBUG oslo_db.sqlalchemy.engines [None req-171aa4ab-88f0-4fad-9a65-d80c4b8a4796 None None] MySQL server mode set to STRICT_TRANS_TABLES,STRICT_ALL_TABLES,NO_ZERO_IN_DATE,NO_ZERO_DATE,ERROR_FOR_DIVISION_BY_ZERO,TRADITIONAL,NO_ENGINE_SUBSTITUTION {{(pid=98654) _check_effective_sql_mode /opt/stack/data/venv/lib/python3.12/site-packages/oslo_db/sqlalchemy/engines.py:325}}
Aug 25 00:34:43.457783 np0000191038 devstack@n-api.service[98651]: DEBUG oslo_db.sqlalchemy.engines [None req-7ae3d5c9-ed60-4b14-8d89-3665996bd4b4 None None] MySQL server mode set to STRICT_TRANS_TABLES,STRICT_ALL_TABLES,NO_ZERO_IN_DATE,NO_ZERO_DATE,ERROR_FOR_DIVISION_BY_ZERO,TRADITIONAL,NO_ENGINE_SUBSTITUTION {{(pid=98651) _check_effective_sql_mode /opt/stack/data/venv/lib/python3.12/site-packages/oslo_db/sqlalchemy/engines.py:325}}
Aug 25 00:34:43.468272 np0000191038 devstack@n-api.service[98654]: DEBUG dbcounter [-] [98654] Writer thread running {{(pid=98654) stat_writer /opt/stack/data/venv/lib/python3.12/site-packages/dbcounter.py:102}}
Aug 25 00:34:43.485297 np0000191038 devstack@n-api.service[98653]: DEBUG dbcounter [-] [98653] Writer thread running {{(pid=98653) stat_writer /opt/stack/data/venv/lib/python3.12/site-packages/dbcounter.py:102}}
Aug 25 00:34:43.492784 np0000191038 devstack@n-api.service[98653]: DEBUG dbcounter [-] [98653] Writer thread running {{(pid=98653) stat_writer /opt/stack/data/venv/lib/python3.12/site-packages/dbcounter.py:102}}
Aug 25 00:34:43.532103 np0000191038 devstack@n-api.service[98651]: DEBUG dbcounter [-] [98651] Writer thread running {{(pid=98651) stat_writer /opt/stack/data/venv/lib/python3.12/site-packages/dbcounter.py:102}}
Aug 25 00:34:43.538141 np0000191038 devstack@n-api.service[98651]: DEBUG dbcounter [-] [98651] Writer thread running {{(pid=98651) stat_writer /opt/stack/data/venv/lib/python3.12/site-packages/dbcounter.py:102}}
Aug 25 00:34:43.541647 np0000191038 devstack@n-api.service[98652]: DEBUG dbcounter [-] [98652] Writer thread running {{(pid=98652) stat_writer /opt/stack/data/venv/lib/python3.12/site-packages/dbcounter.py:102}}
Aug 25 00:34:43.546783 np0000191038 devstack@n-api.service[98651]: INFO dbcounter [None req-7ae3d5c9-ed60-4b14-8d89-3665996bd4b4 None None] Registered counter for database nova_cell0
Aug 25 00:34:43.547621 np0000191038 devstack@n-api.service[98653]: INFO dbcounter [None req-1d8ff6e7-9443-4e5e-8e0f-058b3c6b34f5 None None] Registered counter for database nova_cell0
Aug 25 00:34:43.551435 np0000191038 devstack@n-api.service[98652]: DEBUG dbcounter [-] [98652] Writer thread running {{(pid=98652) stat_writer /opt/stack/data/venv/lib/python3.12/site-packages/dbcounter.py:102}}
Aug 25 00:34:43.557411 np0000191038 devstack@n-api.service[98652]: INFO dbcounter [None req-68030dbb-78d7-4caf-8316-4130a506dd24 None None] Registered counter for database nova_cell0
Aug 25 00:34:43.587780 np0000191038 devstack@n-api.service[98651]: DEBUG oslo_db.sqlalchemy.engines [None req-7ae3d5c9-ed60-4b14-8d89-3665996bd4b4 None None] MySQL server mode set to STRICT_TRANS_TABLES,STRICT_ALL_TABLES,NO_ZERO_IN_DATE,NO_ZERO_DATE,ERROR_FOR_DIVISION_BY_ZERO,TRADITIONAL,NO_ENGINE_SUBSTITUTION {{(pid=98651) _check_effective_sql_mode /opt/stack/data/venv/lib/python3.12/site-packages/oslo_db/sqlalchemy/engines.py:325}}
Aug 25 00:34:43.592987 np0000191038 devstack@n-api.service[98653]: DEBUG oslo_db.sqlalchemy.engines [None req-1d8ff6e7-9443-4e5e-8e0f-058b3c6b34f5 None None] MySQL server mode set to STRICT_TRANS_TABLES,STRICT_ALL_TABLES,NO_ZERO_IN_DATE,NO_ZERO_DATE,ERROR_FOR_DIVISION_BY_ZERO,TRADITIONAL,NO_ENGINE_SUBSTITUTION {{(pid=98653) _check_effective_sql_mode /opt/stack/data/venv/lib/python3.12/site-packages/oslo_db/sqlalchemy/engines.py:325}}
Aug 25 00:34:43.598239 np0000191038 devstack@n-api.service[98651]: DEBUG dbcounter [-] [98651] Writer thread running {{(pid=98651) stat_writer /opt/stack/data/venv/lib/python3.12/site-packages/dbcounter.py:102}}
Aug 25 00:34:43.600736 np0000191038 devstack@n-api.service[98652]: DEBUG oslo_db.sqlalchemy.engines [None req-68030dbb-78d7-4caf-8316-4130a506dd24 None None] MySQL server mode set to STRICT_TRANS_TABLES,STRICT_ALL_TABLES,NO_ZERO_IN_DATE,NO_ZERO_DATE,ERROR_FOR_DIVISION_BY_ZERO,TRADITIONAL,NO_ENGINE_SUBSTITUTION {{(pid=98652) _check_effective_sql_mode /opt/stack/data/venv/lib/python3.12/site-packages/oslo_db/sqlalchemy/engines.py:325}}
Aug 25 00:34:43.601478 np0000191038 devstack@n-api.service[98653]: DEBUG dbcounter [-] [98653] Writer thread running {{(pid=98653) stat_writer /opt/stack/data/venv/lib/python3.12/site-packages/dbcounter.py:102}}
Aug 25 00:34:43.612065 np0000191038 devstack@n-api.service[98652]: DEBUG dbcounter [-] [98652] Writer thread running {{(pid=98652) stat_writer /opt/stack/data/venv/lib/python3.12/site-packages/dbcounter.py:102}}
Aug 25 00:34:43.836264 np0000191038 devstack@n-api.service[98654]: DEBUG oslo_concurrency.processutils [None req-171aa4ab-88f0-4fad-9a65-d80c4b8a4796 None None] Running cmd (subprocess): grep -F node.session.scan /sbin/iscsiadm {{(pid=98654) execute /opt/stack/data/venv/lib/python3.12/site-packages/oslo_concurrency/processutils.py:440}}
Aug 25 00:34:43.855498 np0000191038 devstack@n-api.service[98654]: DEBUG oslo_concurrency.processutils [None req-171aa4ab-88f0-4fad-9a65-d80c4b8a4796 None None] CMD "grep -F node.session.scan /sbin/iscsiadm" returned: 0 in 0.019s {{(pid=98654) execute /opt/stack/data/venv/lib/python3.12/site-packages/oslo_concurrency/processutils.py:468}}
Aug 25 00:34:43.949037 np0000191038 devstack@n-api.service[98651]: DEBUG oslo_concurrency.processutils [None req-7ae3d5c9-ed60-4b14-8d89-3665996bd4b4 None None] Running cmd (subprocess): grep -F node.session.scan /sbin/iscsiadm {{(pid=98651) execute /opt/stack/data/venv/lib/python3.12/site-packages/oslo_concurrency/processutils.py:440}}
Aug 25 00:34:43.968098 np0000191038 devstack@n-api.service[98651]: DEBUG oslo_concurrency.processutils [None req-7ae3d5c9-ed60-4b14-8d89-3665996bd4b4 None None] CMD "grep -F node.session.scan /sbin/iscsiadm" returned: 0 in 0.019s {{(pid=98651) execute /opt/stack/data/venv/lib/python3.12/site-packages/oslo_concurrency/processutils.py:468}}
Aug 25 00:34:43.969375 np0000191038 devstack@n-api.service[98653]: DEBUG oslo_concurrency.processutils [None req-1d8ff6e7-9443-4e5e-8e0f-058b3c6b34f5 None None] Running cmd (subprocess): grep -F node.session.scan /sbin/iscsiadm {{(pid=98653) execute /opt/stack/data/venv/lib/python3.12/site-packages/oslo_concurrency/processutils.py:440}}
Aug 25 00:34:43.986618 np0000191038 devstack@n-api.service[98653]: DEBUG oslo_concurrency.processutils [None req-1d8ff6e7-9443-4e5e-8e0f-058b3c6b34f5 None None] CMD "grep -F node.session.scan /sbin/iscsiadm" returned: 0 in 0.017s {{(pid=98653) execute /opt/stack/data/venv/lib/python3.12/site-packages/oslo_concurrency/processutils.py:468}}
Aug 25 00:34:43.994040 np0000191038 devstack@n-api.service[98652]: DEBUG oslo_concurrency.processutils [None req-68030dbb-78d7-4caf-8316-4130a506dd24 None None] Running cmd (subprocess): grep -F node.session.scan /sbin/iscsiadm {{(pid=98652) execute /opt/stack/data/venv/lib/python3.12/site-packages/oslo_concurrency/processutils.py:440}}
Aug 25 00:34:44.013106 np0000191038 devstack@n-api.service[98652]: DEBUG oslo_concurrency.processutils [None req-68030dbb-78d7-4caf-8316-4130a506dd24 None None] CMD "grep -F node.session.scan /sbin/iscsiadm" returned: 0 in 0.019s {{(pid=98652) execute /opt/stack/data/venv/lib/python3.12/site-packages/oslo_concurrency/processutils.py:468}}
Aug 25 00:34:44.428054 np0000191038 devstack@n-api.service[98654]: DEBUG nova.api.openstack.wsgi_app [None req-171aa4ab-88f0-4fad-9a65-d80c4b8a4796 None None] ******************************************************************************** {{(pid=98654) log_opt_values /opt/stack/data/venv/lib/python3.12/site-packages/oslo_config/cfg.py:3533}}
Aug 25 00:34:44.428625 np0000191038 devstack@n-api.service[98654]: DEBUG nova.api.openstack.wsgi_app [None req-171aa4ab-88f0-4fad-9a65-d80c4b8a4796 None None] Configuration options gathered from: {{(pid=98654) log_opt_values /opt/stack/data/venv/lib/python3.12/site-packages/oslo_config/cfg.py:3534}}
Aug 25 00:34:44.428625 np0000191038 devstack@n-api.service[98654]: DEBUG nova.api.openstack.wsgi_app [None req-171aa4ab-88f0-4fad-9a65-d80c4b8a4796 None None] command line args: [] {{(pid=98654) log_opt_values /opt/stack/data/venv/lib/python3.12/site-packages/oslo_config/cfg.py:3535}}
Aug 25 00:34:44.428737 np0000191038 devstack@n-api.service[98654]: DEBUG nova.api.openstack.wsgi_app [None req-171aa4ab-88f0-4fad-9a65-d80c4b8a4796 None None] config files: ['/etc/nova/api-paste.ini', '/etc/nova/nova.conf'] {{(pid=98654) log_opt_values /opt/stack/data/venv/lib/python3.12/site-packages/oslo_config/cfg.py:3536}}
Aug 25 00:34:44.428792 np0000191038 devstack@n-api.service[98654]: DEBUG nova.api.openstack.wsgi_app [None req-171aa4ab-88f0-4fad-9a65-d80c4b8a4796 None None] ================================================================================ {{(pid=98654) log_opt_values /opt/stack/data/venv/lib/python3.12/site-packages/oslo_config/cfg.py:3541}}
Aug 25 00:34:44.428970 np0000191038 devstack@n-api.service[98654]: DEBUG nova.api.openstack.wsgi_app [None req-171aa4ab-88f0-4fad-9a65-d80c4b8a4796 None None] allow_resize_to_same_host = True {{(pid=98654) log_opt_values /opt/stack/data/venv/lib/python3.12/site-packages/oslo_config/cfg.py:3549}}
Aug 25 00:34:44.429118 np0000191038 devstack@n-api.service[98654]: DEBUG nova.api.openstack.wsgi_app [None req-171aa4ab-88f0-4fad-9a65-d80c4b8a4796 None None] arq_binding_timeout = 300 {{(pid=98654) log_opt_values /opt/stack/data/venv/lib/python3.12/site-packages/oslo_config/cfg.py:3549}}
Aug 25 00:34:44.429251 np0000191038 devstack@n-api.service[98654]: DEBUG nova.api.openstack.wsgi_app [None req-171aa4ab-88f0-4fad-9a65-d80c4b8a4796 None None] block_device_allocate_retries = 60 {{(pid=98654) log_opt_values /opt/stack/data/venv/lib/python3.12/site-packages/oslo_config/cfg.py:3549}}
Aug 25 00:34:44.429381 np0000191038 devstack@n-api.service[98654]: DEBUG nova.api.openstack.wsgi_app [None req-171aa4ab-88f0-4fad-9a65-d80c4b8a4796 None None] block_device_allocate_retries_interval = 3 {{(pid=98654) log_opt_values /opt/stack/data/venv/lib/python3.12/site-packages/oslo_config/cfg.py:3549}}
Aug 25 00:34:44.429525 np0000191038 devstack@n-api.service[98654]: DEBUG nova.api.openstack.wsgi_app [None req-171aa4ab-88f0-4fad-9a65-d80c4b8a4796 None None] cell_worker_thread_pool_size = 5 {{(pid=98654) log_opt_values /opt/stack/data/venv/lib/python3.12/site-packages/oslo_config/cfg.py:3549}}
Aug 25 00:34:44.429697 np0000191038 devstack@n-api.service[98654]: DEBUG nova.api.openstack.wsgi_app [None req-171aa4ab-88f0-4fad-9a65-d80c4b8a4796 None None] cert = self.pem {{(pid=98654) log_opt_values /opt/stack/data/venv/lib/python3.12/site-packages/oslo_config/cfg.py:3549}}
Aug 25 00:34:44.429817 np0000191038 devstack@n-api.service[98654]: DEBUG nova.api.openstack.wsgi_app [None req-171aa4ab-88f0-4fad-9a65-d80c4b8a4796 None None] compute_driver = libvirt.LibvirtDriver {{(pid=98654) log_opt_values /opt/stack/data/venv/lib/python3.12/site-packages/oslo_config/cfg.py:3549}}
Aug 25 00:34:44.430038 np0000191038 devstack@n-api.service[98654]: DEBUG nova.api.openstack.wsgi_app [None req-171aa4ab-88f0-4fad-9a65-d80c4b8a4796 None None] compute_monitors = [] {{(pid=98654) log_opt_values /opt/stack/data/venv/lib/python3.12/site-packages/oslo_config/cfg.py:3549}}
Aug 25 00:34:44.430180 np0000191038 devstack@n-api.service[98654]: DEBUG nova.api.openstack.wsgi_app [None req-171aa4ab-88f0-4fad-9a65-d80c4b8a4796 None None] concurrency_backend = auto {{(pid=98654) log_opt_values /opt/stack/data/venv/lib/python3.12/site-packages/oslo_config/cfg.py:3549}}
Aug 25 00:34:44.430319 np0000191038 devstack@n-api.service[98654]: DEBUG nova.api.openstack.wsgi_app [None req-171aa4ab-88f0-4fad-9a65-d80c4b8a4796 None None] config_dir = [] {{(pid=98654) log_opt_values /opt/stack/data/venv/lib/python3.12/site-packages/oslo_config/cfg.py:3549}}
Aug 25 00:34:44.430459 np0000191038 devstack@n-api.service[98654]: DEBUG nova.api.openstack.wsgi_app [None req-171aa4ab-88f0-4fad-9a65-d80c4b8a4796 None None] config_drive_format = iso9660 {{(pid=98654) log_opt_values /opt/stack/data/venv/lib/python3.12/site-packages/oslo_config/cfg.py:3549}}
Aug 25 00:34:44.430567 np0000191038 devstack@n-api.service[98654]: DEBUG nova.api.openstack.wsgi_app [None req-171aa4ab-88f0-4fad-9a65-d80c4b8a4796 None None] config_file = ['/etc/nova/api-paste.ini', '/etc/nova/nova.conf'] {{(pid=98654) log_opt_values /opt/stack/data/venv/lib/python3.12/site-packages/oslo_config/cfg.py:3549}}
Aug 25 00:34:44.430711 np0000191038 devstack@n-api.service[98654]: DEBUG nova.api.openstack.wsgi_app [None req-171aa4ab-88f0-4fad-9a65-d80c4b8a4796 None None] config_source = [] {{(pid=98654) log_opt_values /opt/stack/data/venv/lib/python3.12/site-packages/oslo_config/cfg.py:3549}}
Aug 25 00:34:44.430846 np0000191038 devstack@n-api.service[98654]: DEBUG nova.api.openstack.wsgi_app [None req-171aa4ab-88f0-4fad-9a65-d80c4b8a4796 None None] console_host = np0000191038 {{(pid=98654) log_opt_values /opt/stack/data/venv/lib/python3.12/site-packages/oslo_config/cfg.py:3549}}
Aug 25 00:34:44.430982 np0000191038 devstack@n-api.service[98654]: DEBUG nova.api.openstack.wsgi_app [None req-171aa4ab-88f0-4fad-9a65-d80c4b8a4796 None None] control_exchange = nova {{(pid=98654) log_opt_values /opt/stack/data/venv/lib/python3.12/site-packages/oslo_config/cfg.py:3549}}
Aug 25 00:34:44.431134 np0000191038 devstack@n-api.service[98654]: DEBUG nova.api.openstack.wsgi_app [None req-171aa4ab-88f0-4fad-9a65-d80c4b8a4796 None None] cpu_allocation_ratio = None {{(pid=98654) log_opt_values /opt/stack/data/venv/lib/python3.12/site-packages/oslo_config/cfg.py:3549}}
Aug 25 00:34:44.431261 np0000191038 devstack@n-api.service[98654]: DEBUG nova.api.openstack.wsgi_app [None req-171aa4ab-88f0-4fad-9a65-d80c4b8a4796 None None] daemon = False {{(pid=98654) log_opt_values /opt/stack/data/venv/lib/python3.12/site-packages/oslo_config/cfg.py:3549}}
Aug 25 00:34:44.431393 np0000191038 devstack@n-api.service[98654]: DEBUG nova.api.openstack.wsgi_app [None req-171aa4ab-88f0-4fad-9a65-d80c4b8a4796 None None] debug = True {{(pid=98654) log_opt_values /opt/stack/data/venv/lib/python3.12/site-packages/oslo_config/cfg.py:3549}}
Aug 25 00:34:44.431519 np0000191038 devstack@n-api.service[98654]: DEBUG nova.api.openstack.wsgi_app [None req-171aa4ab-88f0-4fad-9a65-d80c4b8a4796 None None] default_access_ip_network_name = None {{(pid=98654) log_opt_values /opt/stack/data/venv/lib/python3.12/site-packages/oslo_config/cfg.py:3549}}
Aug 25 00:34:44.431653 np0000191038 devstack@n-api.service[98654]: DEBUG nova.api.openstack.wsgi_app [None req-171aa4ab-88f0-4fad-9a65-d80c4b8a4796 None None] default_availability_zone = nova {{(pid=98654) log_opt_values /opt/stack/data/venv/lib/python3.12/site-packages/oslo_config/cfg.py:3549}}
Aug 25 00:34:44.431786 np0000191038 devstack@n-api.service[98654]: DEBUG nova.api.openstack.wsgi_app [None req-171aa4ab-88f0-4fad-9a65-d80c4b8a4796 None None] default_ephemeral_format = ext4 {{(pid=98654) log_opt_values /opt/stack/data/venv/lib/python3.12/site-packages/oslo_config/cfg.py:3549}}
Aug 25 00:34:44.431977 np0000191038 devstack@n-api.service[98654]: DEBUG nova.api.openstack.wsgi_app [None req-171aa4ab-88f0-4fad-9a65-d80c4b8a4796 None None] default_green_pool_size = 1000 {{(pid=98654) log_opt_values /opt/stack/data/venv/lib/python3.12/site-packages/oslo_config/cfg.py:3549}}
Aug 25 00:34:44.432210 np0000191038 devstack@n-api.service[98654]: DEBUG nova.api.openstack.wsgi_app [None req-171aa4ab-88f0-4fad-9a65-d80c4b8a4796 None None] default_log_levels = ['amqp=WARN', 'boto=WARN', 'sqlalchemy=WARN', 'suds=INFO', 'oslo.messaging=INFO', 'oslo_messaging=INFO', 'iso8601=WARN', 'requests.packages.urllib3.connectionpool=WARN', 'urllib3.connectionpool=WARN', 'websocket=WARN', 'requests.packages.urllib3.util.retry=WARN', 'urllib3.util.retry=WARN', 'keystonemiddleware=WARN', 'routes.middleware=WARN', 'stevedore=WARN', 'taskflow=WARN', 'keystoneauth=WARN', 'oslo.cache=INFO', 'oslo_policy=INFO', 'dogpile.core.dogpile=INFO', 'glanceclient=WARN', 'oslo.privsep.daemon=INFO'] {{(pid=98654) log_opt_values /opt/stack/data/venv/lib/python3.12/site-packages/oslo_config/cfg.py:3549}}
Aug 25 00:34:44.432390 np0000191038 devstack@n-api.service[98654]: DEBUG nova.api.openstack.wsgi_app [None req-171aa4ab-88f0-4fad-9a65-d80c4b8a4796 None None] default_schedule_zone = None {{(pid=98654) log_opt_values /opt/stack/data/venv/lib/python3.12/site-packages/oslo_config/cfg.py:3549}}
Aug 25 00:34:44.432480 np0000191038 devstack@n-api.service[98654]: DEBUG nova.api.openstack.wsgi_app [None req-171aa4ab-88f0-4fad-9a65-d80c4b8a4796 None None] default_thread_pool_size = 10 {{(pid=98654) log_opt_values /opt/stack/data/venv/lib/python3.12/site-packages/oslo_config/cfg.py:3549}}
Aug 25 00:34:44.432607 np0000191038 devstack@n-api.service[98654]: DEBUG nova.api.openstack.wsgi_app [None req-171aa4ab-88f0-4fad-9a65-d80c4b8a4796 None None] disk_allocation_ratio = None {{(pid=98654) log_opt_values /opt/stack/data/venv/lib/python3.12/site-packages/oslo_config/cfg.py:3549}}
Aug 25 00:34:44.432728 np0000191038 devstack@n-api.service[98654]: DEBUG nova.api.openstack.wsgi_app [None req-171aa4ab-88f0-4fad-9a65-d80c4b8a4796 None None] enable_new_services = True {{(pid=98654) log_opt_values /opt/stack/data/venv/lib/python3.12/site-packages/oslo_config/cfg.py:3549}}
Aug 25 00:34:44.432869 np0000191038 devstack@n-api.service[98654]: DEBUG nova.api.openstack.wsgi_app [None req-171aa4ab-88f0-4fad-9a65-d80c4b8a4796 None None] flat_injected = False {{(pid=98654) log_opt_values /opt/stack/data/venv/lib/python3.12/site-packages/oslo_config/cfg.py:3549}}
Aug 25 00:34:44.433008 np0000191038 devstack@n-api.service[98654]: DEBUG nova.api.openstack.wsgi_app [None req-171aa4ab-88f0-4fad-9a65-d80c4b8a4796 None None] force_config_drive = False {{(pid=98654) log_opt_values /opt/stack/data/venv/lib/python3.12/site-packages/oslo_config/cfg.py:3549}}
Aug 25 00:34:44.433342 np0000191038 devstack@n-api.service[98654]: DEBUG nova.api.openstack.wsgi_app [None req-171aa4ab-88f0-4fad-9a65-d80c4b8a4796 None None] force_raw_images = True {{(pid=98654) log_opt_values /opt/stack/data/venv/lib/python3.12/site-packages/oslo_config/cfg.py:3549}}
Aug 25 00:34:44.433507 np0000191038 devstack@n-api.service[98654]: DEBUG nova.api.openstack.wsgi_app [None req-171aa4ab-88f0-4fad-9a65-d80c4b8a4796 None None] graceful_shutdown_timeout = 5 {{(pid=98654) log_opt_values /opt/stack/data/venv/lib/python3.12/site-packages/oslo_config/cfg.py:3549}}
Aug 25 00:34:44.433633 np0000191038 devstack@n-api.service[98654]: DEBUG nova.api.openstack.wsgi_app [None req-171aa4ab-88f0-4fad-9a65-d80c4b8a4796 None None] heal_instance_info_cache_interval = -1 {{(pid=98654) log_opt_values /opt/stack/data/venv/lib/python3.12/site-packages/oslo_config/cfg.py:3549}}
Aug 25 00:34:44.433788 np0000191038 devstack@n-api.service[98654]: DEBUG nova.api.openstack.wsgi_app [None req-171aa4ab-88f0-4fad-9a65-d80c4b8a4796 None None] host = np0000191038 {{(pid=98654) log_opt_values /opt/stack/data/venv/lib/python3.12/site-packages/oslo_config/cfg.py:3549}}
Aug 25 00:34:44.433928 np0000191038 devstack@n-api.service[98654]: DEBUG nova.api.openstack.wsgi_app [None req-171aa4ab-88f0-4fad-9a65-d80c4b8a4796 None None] initial_cpu_allocation_ratio = 4.0 {{(pid=98654) log_opt_values /opt/stack/data/venv/lib/python3.12/site-packages/oslo_config/cfg.py:3549}}
Aug 25 00:34:44.434088 np0000191038 devstack@n-api.service[98654]: DEBUG nova.api.openstack.wsgi_app [None req-171aa4ab-88f0-4fad-9a65-d80c4b8a4796 None None] initial_disk_allocation_ratio = 1.0 {{(pid=98654) log_opt_values /opt/stack/data/venv/lib/python3.12/site-packages/oslo_config/cfg.py:3549}}
Aug 25 00:34:44.434240 np0000191038 devstack@n-api.service[98654]: DEBUG nova.api.openstack.wsgi_app [None req-171aa4ab-88f0-4fad-9a65-d80c4b8a4796 None None] initial_ram_allocation_ratio = 1.0 {{(pid=98654) log_opt_values /opt/stack/data/venv/lib/python3.12/site-packages/oslo_config/cfg.py:3549}}
Aug 25 00:34:44.434419 np0000191038 devstack@n-api.service[98654]: DEBUG nova.api.openstack.wsgi_app [None req-171aa4ab-88f0-4fad-9a65-d80c4b8a4796 None None] injected_network_template = /opt/stack/nova/nova/virt/interfaces.template {{(pid=98654) log_opt_values /opt/stack/data/venv/lib/python3.12/site-packages/oslo_config/cfg.py:3549}}
Aug 25 00:34:44.434552 np0000191038 devstack@n-api.service[98654]: DEBUG nova.api.openstack.wsgi_app [None req-171aa4ab-88f0-4fad-9a65-d80c4b8a4796 None None] instance_build_timeout = 0 {{(pid=98654) log_opt_values /opt/stack/data/venv/lib/python3.12/site-packages/oslo_config/cfg.py:3549}}
Aug 25 00:34:44.434680 np0000191038 devstack@n-api.service[98654]: DEBUG nova.api.openstack.wsgi_app [None req-171aa4ab-88f0-4fad-9a65-d80c4b8a4796 None None] instance_delete_interval = 300 {{(pid=98654) log_opt_values /opt/stack/data/venv/lib/python3.12/site-packages/oslo_config/cfg.py:3549}}
Aug 25 00:34:44.434823 np0000191038 devstack@n-api.service[98654]: DEBUG nova.api.openstack.wsgi_app [None req-171aa4ab-88f0-4fad-9a65-d80c4b8a4796 None None] instance_format = [instance: %(uuid)s] {{(pid=98654) log_opt_values /opt/stack/data/venv/lib/python3.12/site-packages/oslo_config/cfg.py:3549}}
Aug 25 00:34:44.434972 np0000191038 devstack@n-api.service[98654]: DEBUG nova.api.openstack.wsgi_app [None req-171aa4ab-88f0-4fad-9a65-d80c4b8a4796 None None] instance_name_template = instance-%08x {{(pid=98654) log_opt_values /opt/stack/data/venv/lib/python3.12/site-packages/oslo_config/cfg.py:3549}}
Aug 25 00:34:44.435108 np0000191038 devstack@n-api.service[98654]: DEBUG nova.api.openstack.wsgi_app [None req-171aa4ab-88f0-4fad-9a65-d80c4b8a4796 None None] instance_usage_audit = False {{(pid=98654) log_opt_values /opt/stack/data/venv/lib/python3.12/site-packages/oslo_config/cfg.py:3549}}
Aug 25 00:34:44.435259 np0000191038 devstack@n-api.service[98654]: DEBUG nova.api.openstack.wsgi_app [None req-171aa4ab-88f0-4fad-9a65-d80c4b8a4796 None None] instance_usage_audit_period = month {{(pid=98654) log_opt_values /opt/stack/data/venv/lib/python3.12/site-packages/oslo_config/cfg.py:3549}}
Aug 25 00:34:44.435391 np0000191038 devstack@n-api.service[98654]: DEBUG nova.api.openstack.wsgi_app [None req-171aa4ab-88f0-4fad-9a65-d80c4b8a4796 None None] instance_uuid_format = [instance: %(uuid)s] {{(pid=98654) log_opt_values /opt/stack/data/venv/lib/python3.12/site-packages/oslo_config/cfg.py:3549}}
Aug 25 00:34:44.435555 np0000191038 devstack@n-api.service[98654]: DEBUG nova.api.openstack.wsgi_app [None req-171aa4ab-88f0-4fad-9a65-d80c4b8a4796 None None] instances_path = /opt/stack/data/nova/instances {{(pid=98654) log_opt_values /opt/stack/data/venv/lib/python3.12/site-packages/oslo_config/cfg.py:3549}}
Aug 25 00:34:44.435697 np0000191038 devstack@n-api.service[98654]: DEBUG nova.api.openstack.wsgi_app [None req-171aa4ab-88f0-4fad-9a65-d80c4b8a4796 None None] internal_service_availability_zone = internal {{(pid=98654) log_opt_values /opt/stack/data/venv/lib/python3.12/site-packages/oslo_config/cfg.py:3549}}
Aug 25 00:34:44.435824 np0000191038 devstack@n-api.service[98654]: DEBUG nova.api.openstack.wsgi_app [None req-171aa4ab-88f0-4fad-9a65-d80c4b8a4796 None None] key = None {{(pid=98654) log_opt_values /opt/stack/data/venv/lib/python3.12/site-packages/oslo_config/cfg.py:3549}}
Aug 25 00:34:44.435952 np0000191038 devstack@n-api.service[98654]: DEBUG nova.api.openstack.wsgi_app [None req-171aa4ab-88f0-4fad-9a65-d80c4b8a4796 None None] live_migration_retry_count = 30 {{(pid=98654) log_opt_values /opt/stack/data/venv/lib/python3.12/site-packages/oslo_config/cfg.py:3549}}
Aug 25 00:34:44.436088 np0000191038 devstack@n-api.service[98654]: DEBUG nova.api.openstack.wsgi_app [None req-171aa4ab-88f0-4fad-9a65-d80c4b8a4796 None None] log_color = False {{(pid=98654) log_opt_values /opt/stack/data/venv/lib/python3.12/site-packages/oslo_config/cfg.py:3549}}
Aug 25 00:34:44.436234 np0000191038 devstack@n-api.service[98654]: DEBUG nova.api.openstack.wsgi_app [None req-171aa4ab-88f0-4fad-9a65-d80c4b8a4796 None None] log_config_append = None {{(pid=98654) log_opt_values /opt/stack/data/venv/lib/python3.12/site-packages/oslo_config/cfg.py:3549}}
Aug 25 00:34:44.436365 np0000191038 devstack@n-api.service[98654]: DEBUG nova.api.openstack.wsgi_app [None req-171aa4ab-88f0-4fad-9a65-d80c4b8a4796 None None] log_date_format = %Y-%m-%d %H:%M:%S {{(pid=98654) log_opt_values /opt/stack/data/venv/lib/python3.12/site-packages/oslo_config/cfg.py:3549}}
Aug 25 00:34:44.436492 np0000191038 devstack@n-api.service[98654]: DEBUG nova.api.openstack.wsgi_app [None req-171aa4ab-88f0-4fad-9a65-d80c4b8a4796 None None] log_dir = None {{(pid=98654) log_opt_values /opt/stack/data/venv/lib/python3.12/site-packages/oslo_config/cfg.py:3549}}
Aug 25 00:34:44.436617 np0000191038 devstack@n-api.service[98654]: DEBUG nova.api.openstack.wsgi_app [None req-171aa4ab-88f0-4fad-9a65-d80c4b8a4796 None None] log_file = None {{(pid=98654) log_opt_values /opt/stack/data/venv/lib/python3.12/site-packages/oslo_config/cfg.py:3549}}
Aug 25 00:34:44.436717 np0000191038 devstack@n-api.service[98654]: DEBUG nova.api.openstack.wsgi_app [None req-171aa4ab-88f0-4fad-9a65-d80c4b8a4796 None None] log_options = True {{(pid=98654) log_opt_values /opt/stack/data/venv/lib/python3.12/site-packages/oslo_config/cfg.py:3549}}
