Jul 07 01:27:09.001688 np0000184301 devstack@neutron-api.service[101983]: DEBUG neutron_lib.callbacks.manager [None req-58939c08-b2a2-4b40-8ff8-5f6a9d505756 None None] Subscribe: port before_update 55550000, False {{(pid=101983) subscribe /opt/stack/data/venv/lib/python3.12/site-packages/neutron_lib/callbacks/manager.py:52}}
Jul 07 01:27:09.001688 np0000184301 devstack@neutron-api.service[101983]: DEBUG neutron_lib.callbacks.manager [None req-58939c08-b2a2-4b40-8ff8-5f6a9d505756 None None] Subscribe: port after_update 55550000, False {{(pid=101983) subscribe /opt/stack/data/venv/lib/python3.12/site-packages/neutron_lib/callbacks/manager.py:52}}
Jul 07 01:27:09.001809 np0000184301 devstack@neutron-api.service[101983]: DEBUG neutron_lib.callbacks.manager [None req-58939c08-b2a2-4b40-8ff8-5f6a9d505756 None None] Subscribe: > port precommit_delete 55550000, False {{(pid=101983) subscribe /opt/stack/data/venv/lib/python3.12/site-packages/neutron_lib/callbacks/manager.py:52}}
Jul 07 01:27:09.001947 np0000184301 devstack@neutron-api.service[101983]: DEBUG neutron_lib.callbacks.manager [None req-58939c08-b2a2-4b40-8ff8-5f6a9d505756 None None] Subscribe: port before_update 55550000, False {{(pid=101983) subscribe /opt/stack/data/venv/lib/python3.12/site-packages/neutron_lib/callbacks/manager.py:52}}
Jul 07 01:27:09.002055 np0000184301 devstack@neutron-api.service[101983]: DEBUG neutron_lib.callbacks.manager [None req-58939c08-b2a2-4b40-8ff8-5f6a9d505756 None None] Subscribe: port before_delete 55550000, False {{(pid=101983) subscribe /opt/stack/data/venv/lib/python3.12/site-packages/neutron_lib/callbacks/manager.py:52}}
Jul 07 01:27:09.002162 np0000184301 devstack@neutron-api.service[101983]: DEBUG neutron_lib.callbacks.manager [None req-58939c08-b2a2-4b40-8ff8-5f6a9d505756 None None] Subscribe: > router precommit_create 55550000, False {{(pid=101983) subscribe /opt/stack/data/venv/lib/python3.12/site-packages/neutron_lib/callbacks/manager.py:52}}
Jul 07 01:27:09.002260 np0000184301 devstack@neutron-api.service[101983]: DEBUG neutron_lib.callbacks.manager [None req-58939c08-b2a2-4b40-8ff8-5f6a9d505756 None None] Subscribe: > router precommit_create 55550000, False {{(pid=101983) subscribe /opt/stack/data/venv/lib/python3.12/site-packages/neutron_lib/callbacks/manager.py:52}}
Jul 07 01:27:09.002364 np0000184301 devstack@neutron-api.service[101983]: DEBUG neutron_lib.callbacks.manager [None req-58939c08-b2a2-4b40-8ff8-5f6a9d505756 None None] Subscribe: > router precommit_update 55550000, False {{(pid=101983) subscribe /opt/stack/data/venv/lib/python3.12/site-packages/neutron_lib/callbacks/manager.py:52}}
Jul 07 01:27:09.002487 np0000184301 devstack@neutron-api.service[101983]: DEBUG neutron_lib.callbacks.manager [None req-58939c08-b2a2-4b40-8ff8-5f6a9d505756 None None] Subscribe: subnet after_update 55550000, False {{(pid=101983) subscribe /opt/stack/data/venv/lib/python3.12/site-packages/neutron_lib/callbacks/manager.py:52}}
Jul 07 01:27:09.002697 np0000184301 devstack@neutron-api.service[101983]: DEBUG neutron.quota.resource_registry [None req-58939c08-b2a2-4b40-8ff8-5f6a9d505756 None None] Tracking information for resource: router configured {{(pid=101983) set_tracked_resource /opt/stack/neutron/neutron/quota/resource_registry.py:203}}
Jul 07 01:27:09.002791 np0000184301 devstack@neutron-api.service[101983]: DEBUG neutron.quota.resource_registry [None req-58939c08-b2a2-4b40-8ff8-5f6a9d505756 None None] Tracking information for resource: floatingip configured {{(pid=101983) set_tracked_resource /opt/stack/neutron/neutron/quota/resource_registry.py:203}}
Jul 07 01:27:09.002892 np0000184301 devstack@neutron-api.service[101983]: INFO neutron.services.ovn_l3.plugin [None req-58939c08-b2a2-4b40-8ff8-5f6a9d505756 None None] Starting OVNL3RouterPlugin
Jul 07 01:27:09.003195 np0000184301 devstack@neutron-api.service[101983]: DEBUG neutron_lib.callbacks.manager [None req-58939c08-b2a2-4b40-8ff8-5f6a9d505756 None None] Subscribe: > port_forwarding_plugin after_init 55550000, False {{(pid=101983) subscribe /opt/stack/data/venv/lib/python3.12/site-packages/neutron_lib/callbacks/manager.py:52}}
Jul 07 01:27:09.003504 np0000184301 devstack@neutron-api.service[101983]: DEBUG neutron_lib.callbacks.manager [None req-58939c08-b2a2-4b40-8ff8-5f6a9d505756 None None] Subscribe: > router before_create 55550100, False {{(pid=101983) subscribe /opt/stack/data/venv/lib/python3.12/site-packages/neutron_lib/callbacks/manager.py:52}}
Jul 07 01:27:09.003670 np0000184301 devstack@neutron-api.service[101983]: DEBUG neutron_lib.callbacks.manager [None req-58939c08-b2a2-4b40-8ff8-5f6a9d505756 None None] Subscribe: > router precommit_delete 55550100, False {{(pid=101983) subscribe /opt/stack/data/venv/lib/python3.12/site-packages/neutron_lib/callbacks/manager.py:52}}
Jul 07 01:27:09.003832 np0000184301 devstack@neutron-api.service[101983]: DEBUG neutron_lib.callbacks.manager [None req-58939c08-b2a2-4b40-8ff8-5f6a9d505756 None None] Subscribe: > router precommit_create 55550100, False {{(pid=101983) subscribe /opt/stack/data/venv/lib/python3.12/site-packages/neutron_lib/callbacks/manager.py:52}}
Jul 07 01:27:09.003976 np0000184301 devstack@neutron-api.service[101983]: DEBUG neutron_lib.callbacks.manager [None req-58939c08-b2a2-4b40-8ff8-5f6a9d505756 None None] Subscribe: > router precommit_update 55550100, False {{(pid=101983) subscribe /opt/stack/data/venv/lib/python3.12/site-packages/neutron_lib/callbacks/manager.py:52}}
Jul 07 01:27:09.008285 np0000184301 devstack@neutron-api.service[101983]: DEBUG neutron.services.provider_configuration [None req-58939c08-b2a2-4b40-8ff8-5f6a9d505756 None None] Service providers = [] {{(pid=101983) parse_service_provider_opt /opt/stack/neutron/neutron/services/provider_configuration.py:170}}
Jul 07 01:27:09.008442 np0000184301 devstack@neutron-api.service[101983]: DEBUG neutron.db.servicetype_db [None req-58939c08-b2a2-4b40-8ff8-5f6a9d505756 None None] Adding provider configuration for service L3_ROUTER_NAT {{(pid=101983) add_provider_configuration /opt/stack/neutron/neutron/db/servicetype_db.py:45}}
Jul 07 01:27:09.009721 np0000184301 devstack@neutron-api.service[101983]: DEBUG neutron_lib.callbacks.manager [None req-58939c08-b2a2-4b40-8ff8-5f6a9d505756 None None] Subscribe: > router precommit_create 55549900, False {{(pid=101983) subscribe /opt/stack/data/venv/lib/python3.12/site-packages/neutron_lib/callbacks/manager.py:52}}
Jul 07 01:27:09.009834 np0000184301 devstack@neutron-api.service[101983]: DEBUG neutron_lib.callbacks.manager [None req-58939c08-b2a2-4b40-8ff8-5f6a9d505756 None None] Subscribe: > router_interface after_create 55550000, False {{(pid=101983) subscribe /opt/stack/data/venv/lib/python3.12/site-packages/neutron_lib/callbacks/manager.py:52}}
Jul 07 01:27:09.009943 np0000184301 devstack@neutron-api.service[101983]: DEBUG neutron_lib.callbacks.manager [None req-58939c08-b2a2-4b40-8ff8-5f6a9d505756 None None] Subscribe: > floatingip after_create 55550000, False {{(pid=101983) subscribe /opt/stack/data/venv/lib/python3.12/site-packages/neutron_lib/callbacks/manager.py:52}}
Jul 07 01:27:09.010048 np0000184301 devstack@neutron-api.service[101983]: DEBUG neutron_lib.callbacks.manager [None req-58939c08-b2a2-4b40-8ff8-5f6a9d505756 None None] Subscribe: > floatingip precommit_create 55550000, False {{(pid=101983) subscribe /opt/stack/data/venv/lib/python3.12/site-packages/neutron_lib/callbacks/manager.py:52}}
Jul 07 01:27:09.010145 np0000184301 devstack@neutron-api.service[101983]: DEBUG neutron_lib.callbacks.manager [None req-58939c08-b2a2-4b40-8ff8-5f6a9d505756 None None] Subscribe: > floatingip precommit_update 55550000, False {{(pid=101983) subscribe /opt/stack/data/venv/lib/python3.12/site-packages/neutron_lib/callbacks/manager.py:52}}
Jul 07 01:27:09.010247 np0000184301 devstack@neutron-api.service[101983]: DEBUG neutron_lib.callbacks.manager [None req-58939c08-b2a2-4b40-8ff8-5f6a9d505756 None None] Subscribe: > floatingip after_delete 55550000, False {{(pid=101983) subscribe /opt/stack/data/venv/lib/python3.12/site-packages/neutron_lib/callbacks/manager.py:52}}
Jul 07 01:27:09.010353 np0000184301 devstack@neutron-api.service[101983]: DEBUG neutron_lib.callbacks.manager [None req-58939c08-b2a2-4b40-8ff8-5f6a9d505756 None None] Subscribe: > floatingip after_status_update 55550000, False {{(pid=101983) subscribe /opt/stack/data/venv/lib/python3.12/site-packages/neutron_lib/callbacks/manager.py:52}}
Jul 07 01:27:09.010491 np0000184301 devstack@neutron-api.service[101983]: DEBUG neutron_lib.callbacks.manager [None req-58939c08-b2a2-4b40-8ff8-5f6a9d505756 None None] Subscribe: > floatingip after_update 55550000, False {{(pid=101983) subscribe /opt/stack/data/venv/lib/python3.12/site-packages/neutron_lib/callbacks/manager.py:52}}
Jul 07 01:27:09.010618 np0000184301 devstack@neutron-api.service[101983]: DEBUG neutron_lib.callbacks.manager [None req-58939c08-b2a2-4b40-8ff8-5f6a9d505756 None None] Subscribe: > port_forwarding after_create 55550000, False {{(pid=101983) subscribe /opt/stack/data/venv/lib/python3.12/site-packages/neutron_lib/callbacks/manager.py:52}}
Jul 07 01:27:09.010726 np0000184301 devstack@neutron-api.service[101983]: DEBUG neutron_lib.callbacks.manager [None req-58939c08-b2a2-4b40-8ff8-5f6a9d505756 None None] Subscribe: > router_interface after_delete 55550000, False {{(pid=101983) subscribe /opt/stack/data/venv/lib/python3.12/site-packages/neutron_lib/callbacks/manager.py:52}}
Jul 07 01:27:09.010845 np0000184301 devstack@neutron-api.service[101983]: DEBUG neutron_lib.callbacks.manager [None req-58939c08-b2a2-4b40-8ff8-5f6a9d505756 None None] Subscribe: > router after_create 55550000, False {{(pid=101983) subscribe /opt/stack/data/venv/lib/python3.12/site-packages/neutron_lib/callbacks/manager.py:52}}
Jul 07 01:27:09.011024 np0000184301 devstack@neutron-api.service[101983]: DEBUG neutron_lib.callbacks.manager [None req-58939c08-b2a2-4b40-8ff8-5f6a9d505756 None None] Subscribe: > router precommit_create 55550000, False {{(pid=101983) subscribe /opt/stack/data/venv/lib/python3.12/site-packages/neutron_lib/callbacks/manager.py:52}}
Jul 07 01:27:09.011154 np0000184301 devstack@neutron-api.service[101983]: DEBUG neutron_lib.callbacks.manager [None req-58939c08-b2a2-4b40-8ff8-5f6a9d505756 None None] Subscribe: > router after_delete 55550000, False {{(pid=101983) subscribe /opt/stack/data/venv/lib/python3.12/site-packages/neutron_lib/callbacks/manager.py:52}}
Jul 07 01:27:09.011280 np0000184301 devstack@neutron-api.service[101983]: DEBUG neutron_lib.callbacks.manager [None req-58939c08-b2a2-4b40-8ff8-5f6a9d505756 None None] Subscribe: > router after_update 55550000, False {{(pid=101983) subscribe /opt/stack/data/venv/lib/python3.12/site-packages/neutron_lib/callbacks/manager.py:52}}
Jul 07 01:27:09.011412 np0000184301 devstack@neutron-api.service[101983]: DEBUG neutron.services.service_base [None req-58939c08-b2a2-4b40-8ff8-5f6a9d505756 None None] Loaded 'neutron.services.ovn_l3.service_providers.ovn.OvnDriver' provider for service L3_ROUTER_NAT {{(pid=101983) load_drivers /opt/stack/neutron/neutron/services/service_base.py:49}}
Jul 07 01:27:09.011536 np0000184301 devstack@neutron-api.service[101983]: DEBUG neutron_lib.callbacks.manager [None req-58939c08-b2a2-4b40-8ff8-5f6a9d505756 None None] Subscribe: > process after_init 55550001, True {{(pid=101983) subscribe /opt/stack/data/venv/lib/python3.12/site-packages/neutron_lib/callbacks/manager.py:52}}
Jul 07 01:27:09.011680 np0000184301 devstack@neutron-api.service[101983]: DEBUG neutron.manager [None req-58939c08-b2a2-4b40-8ff8-5f6a9d505756 None None] Successfully loaded L3_ROUTER_NAT plugin. Description: L3 Router Service Plugin for basic L3 forwarding using OVN {{(pid=101983) _create_and_add_service_plugin /opt/stack/neutron/neutron/manager.py:236}}
Jul 07 01:27:09.011787 np0000184301 devstack@neutron-api.service[101983]: INFO neutron.manager [None req-58939c08-b2a2-4b40-8ff8-5f6a9d505756 None None] Loading Plugin: auto_allocate
Jul 07 01:27:09.012964 np0000184301 devstack@neutron-api.service[101983]: DEBUG neutron_lib.callbacks.manager [None req-58939c08-b2a2-4b40-8ff8-5f6a9d505756 None None] Subscribe: network precommit_update 55550000, False {{(pid=101983) subscribe /opt/stack/data/venv/lib/python3.12/site-packages/neutron_lib/callbacks/manager.py:52}}
Jul 07 01:27:09.013085 np0000184301 devstack@neutron-api.service[101983]: DEBUG neutron_lib.callbacks.manager [None req-58939c08-b2a2-4b40-8ff8-5f6a9d505756 None None] Subscribe: network precommit_create 55550000, False {{(pid=101983) subscribe /opt/stack/data/venv/lib/python3.12/site-packages/neutron_lib/callbacks/manager.py:52}}
Jul 07 01:27:09.013429 np0000184301 devstack@neutron-api.service[101983]: DEBUG neutron.manager [None req-58939c08-b2a2-4b40-8ff8-5f6a9d505756 None None] Successfully loaded auto-allocated-topology plugin. Description: Auto Allocated Topology - aka get me a network. {{(pid=101983) _create_and_add_service_plugin /opt/stack/neutron/neutron/manager.py:236}}
Jul 07 01:27:09.013540 np0000184301 devstack@neutron-api.service[101983]: INFO neutron.manager [None req-58939c08-b2a2-4b40-8ff8-5f6a9d505756 None None] Loading Plugin: tag
Jul 07 01:27:09.016358 np0000184301 devstack@neutron-api.service[101983]: DEBUG neutron.manager [None req-58939c08-b2a2-4b40-8ff8-5f6a9d505756 None None] Successfully loaded TAG plugin. Description: Tag support {{(pid=101983) _create_and_add_service_plugin /opt/stack/neutron/neutron/manager.py:236}}
Jul 07 01:27:09.016489 np0000184301 devstack@neutron-api.service[101983]: INFO neutron.manager [None req-58939c08-b2a2-4b40-8ff8-5f6a9d505756 None None] Loading Plugin: timestamp
Jul 07 01:27:09.017974 np0000184301 devstack@neutron-api.service[101983]: DEBUG neutron.manager [None req-58939c08-b2a2-4b40-8ff8-5f6a9d505756 None None] Successfully loaded timestamp plugin. Description: Adds timestamps to Neutron resources with standard attributes {{(pid=101983) _create_and_add_service_plugin /opt/stack/neutron/neutron/manager.py:236}}
Jul 07 01:27:09.018126 np0000184301 devstack@neutron-api.service[101983]: INFO neutron.manager [None req-58939c08-b2a2-4b40-8ff8-5f6a9d505756 None None] Loading Plugin: network_ip_availability
Jul 07 01:27:09.019839 np0000184301 devstack@neutron-api.service[101983]: DEBUG neutron.manager [None req-58939c08-b2a2-4b40-8ff8-5f6a9d505756 None None] Successfully loaded network-ip-availability plugin. Description: Provides IP availability data for each network and subnet. {{(pid=101983) _create_and_add_service_plugin /opt/stack/neutron/neutron/manager.py:236}}
Jul 07 01:27:09.019926 np0000184301 devstack@neutron-api.service[101983]: INFO neutron.manager [None req-58939c08-b2a2-4b40-8ff8-5f6a9d505756 None None] Loading Plugin: flavors
Jul 07 01:27:09.020776 np0000184301 devstack@neutron-api.service[101983]: DEBUG neutron.manager [None req-58939c08-b2a2-4b40-8ff8-5f6a9d505756 None None] Successfully loaded FLAVORS plugin. Description: Neutron Flavors and Service Profiles manager plugin {{(pid=101983) _create_and_add_service_plugin /opt/stack/neutron/neutron/manager.py:236}}
Jul 07 01:27:09.020924 np0000184301 devstack@neutron-api.service[101983]: INFO neutron.manager [None req-58939c08-b2a2-4b40-8ff8-5f6a9d505756 None None] Loading Plugin: revisions
Jul 07 01:27:09.021846 np0000184301 devstack@neutron-api.service[101983]: DEBUG neutron.manager [None req-58939c08-b2a2-4b40-8ff8-5f6a9d505756 None None] Successfully loaded revision_plugin plugin. Description: Adds revision numbers to resources. {{(pid=101983) _create_and_add_service_plugin /opt/stack/neutron/neutron/manager.py:236}}
Jul 07 01:27:09.022070 np0000184301 devstack@neutron-api.service[101983]: DEBUG oslo_concurrency.lockutils [None req-58939c08-b2a2-4b40-8ff8-5f6a9d505756 None None] Lock "manager" "released" by "neutron.manager.NeutronManager._create_instance" :: held 4.871s {{(pid=101983) inner /opt/stack/data/venv/lib/python3.12/site-packages/oslo_concurrency/lockutils.py:543}}
Jul 07 01:27:09.022229 np0000184301 devstack@neutron-api.service[101983]: DEBUG neutron.api.extensions [None req-58939c08-b2a2-4b40-8ff8-5f6a9d505756 None None] get_extension_paths = OrderedDict({'/opt/stack/neutron/neutron/extensions': 1}) {{(pid=101983) get_extensions_path /opt/stack/neutron/neutron/api/extensions.py:640}}
Jul 07 01:27:09.022338 np0000184301 devstack@neutron-api.service[101983]: INFO neutron.api.extensions [None req-58939c08-b2a2-4b40-8ff8-5f6a9d505756 None None] Initializing extension manager.
Jul 07 01:27:09.022583 np0000184301 devstack@neutron-api.service[101983]: DEBUG neutron.api.extensions [None req-58939c08-b2a2-4b40-8ff8-5f6a9d505756 None None] Loading extension file: __init__.py {{(pid=101983) _load_all_extensions_from_path /opt/stack/neutron/neutron/api/extensions.py:449}}
Jul 07 01:27:09.022665 np0000184301 devstack@neutron-api.service[101983]: DEBUG neutron.api.extensions [None req-58939c08-b2a2-4b40-8ff8-5f6a9d505756 None None] Loading extension file: __pycache__ {{(pid=101983) _load_all_extensions_from_path /opt/stack/neutron/neutron/api/extensions.py:449}}
Jul 07 01:27:09.022792 np0000184301 devstack@neutron-api.service[101983]: DEBUG neutron.api.extensions [None req-58939c08-b2a2-4b40-8ff8-5f6a9d505756 None None] Loading extension file: aap_reject_multicast.py {{(pid=101983) _load_all_extensions_from_path /opt/stack/neutron/neutron/api/extensions.py:449}}
Jul 07 01:27:09.023057 np0000184301 devstack@neutron-api.service[101983]: DEBUG neutron.api.extensions [None req-58939c08-b2a2-4b40-8ff8-5f6a9d505756 None None] Ext name="Allowed address pairs reject multicast extension" alias="aap-reject-multicast" description="Reject multicast addresses in Allowed Address Pairs" updated="2026-04-01T00:00:00-00:00" {{(pid=101983) _check_extension /opt/stack/neutron/neutron/api/extensions.py:415}}
Jul 07 01:27:09.023329 np0000184301 devstack@neutron-api.service[101983]: INFO neutron.api.extensions [None req-58939c08-b2a2-4b40-8ff8-5f6a9d505756 None None] Extension aap-reject-multicast not supported by any of loaded plugins
Jul 07 01:27:09.023483 np0000184301 devstack@neutron-api.service[101983]: DEBUG neutron.api.extensions [None req-58939c08-b2a2-4b40-8ff8-5f6a9d505756 None None] Loading extension file: address_group.py {{(pid=101983) _load_all_extensions_from_path /opt/stack/neutron/neutron/api/extensions.py:449}}
Jul 07 01:27:09.023796 np0000184301 devstack@neutron-api.service[101983]: DEBUG neutron.api.extensions [None req-58939c08-b2a2-4b40-8ff8-5f6a9d505756 None None] Ext name="Address group" alias="address-group" description="Support address group" updated="2020-07-15T10:00:00-00:00" {{(pid=101983) _check_extension /opt/stack/neutron/neutron/api/extensions.py:415}}
Jul 07 01:27:09.024007 np0000184301 devstack@neutron-api.service[101983]: INFO neutron.api.extensions [None req-58939c08-b2a2-4b40-8ff8-5f6a9d505756 None None] Loaded extension: address-group
Jul 07 01:27:09.024128 np0000184301 devstack@neutron-api.service[101983]: DEBUG neutron.api.extensions [None req-58939c08-b2a2-4b40-8ff8-5f6a9d505756 None None] Loading extension file: address_scope.py {{(pid=101983) _load_all_extensions_from_path /opt/stack/neutron/neutron/api/extensions.py:449}}
Jul 07 01:27:09.024532 np0000184301 devstack@neutron-api.service[101983]: DEBUG neutron.api.extensions [None req-58939c08-b2a2-4b40-8ff8-5f6a9d505756 None None] Ext name="Address scope" alias="address-scope" description="Address scopes extension." updated="2015-07-26T10:00:00-00:00" {{(pid=101983) _check_extension /opt/stack/neutron/neutron/api/extensions.py:415}}
Jul 07 01:27:09.024735 np0000184301 devstack@neutron-api.service[101983]: INFO neutron.api.extensions [None req-58939c08-b2a2-4b40-8ff8-5f6a9d505756 None None] Loaded extension: address-scope
Jul 07 01:27:09.024735 np0000184301 devstack@neutron-api.service[101983]: DEBUG neutron.api.extensions [None req-58939c08-b2a2-4b40-8ff8-5f6a9d505756 None None] Loading extension file: admin_state_down_before_update.py {{(pid=101983) _load_all_extensions_from_path /opt/stack/neutron/neutron/api/extensions.py:449}}
Jul 07 01:27:09.025168 np0000184301 devstack@neutron-api.service[101983]: DEBUG neutron.api.extensions [None req-58939c08-b2a2-4b40-8ff8-5f6a9d505756 None None] Ext name="Enforce Router's Admin State Down Before Update Extension" alias="router-admin-state-down-before-update" description="Ensure that the admin state of a router is DOWN (admin_state_up=False) before updating the distributed attribute" updated="2019-07-02T15:56:00" {{(pid=101983) _check_extension /opt/stack/neutron/neutron/api/extensions.py:415}}
Jul 07 01:27:09.025168 np0000184301 devstack@neutron-api.service[101983]: INFO neutron.api.extensions [None req-58939c08-b2a2-4b40-8ff8-5f6a9d505756 None None] Extension router-admin-state-down-before-update not supported by any of loaded plugins
Jul 07 01:27:09.025415 np0000184301 devstack@neutron-api.service[101983]: DEBUG neutron.api.extensions [None req-58939c08-b2a2-4b40-8ff8-5f6a9d505756 None None] Loading extension file: agent.py {{(pid=101983) _load_all_extensions_from_path /opt/stack/neutron/neutron/api/extensions.py:449}}
Jul 07 01:27:09.025611 np0000184301 devstack@neutron-api.service[101980]: INFO neutron.plugins.ml2.drivers.type_vlan [None req-aeb5f15a-fa79-4863-86e2-12974fef09aa None None] VlanTypeDriver initialization complete
Jul 07 01:27:09.025611 np0000184301 devstack@neutron-api.service[101980]: INFO neutron.plugins.ml2.managers [None req-aeb5f15a-fa79-4863-86e2-12974fef09aa None None] Initializing extension driver 'port_security'
Jul 07 01:27:09.026429 np0000184301 devstack@neutron-api.service[101983]: DEBUG neutron.api.extensions [None req-58939c08-b2a2-4b40-8ff8-5f6a9d505756 None None] Ext name="agent" alias="agent" description="The agent management extension." updated="2013-02-03T10:00:00-00:00" {{(pid=101983) _check_extension /opt/stack/neutron/neutron/api/extensions.py:415}}
Jul 07 01:27:09.026781 np0000184301 devstack@neutron-api.service[101980]: INFO neutron.plugins.ml2.extensions.port_security [None req-aeb5f15a-fa79-4863-86e2-12974fef09aa None None] PortSecurityExtensionDriver initialization complete
Jul 07 01:27:09.026781 np0000184301 devstack@neutron-api.service[101980]: INFO neutron.plugins.ml2.managers [None req-aeb5f15a-fa79-4863-86e2-12974fef09aa None None] Initializing extension driver 'qos'
Jul 07 01:27:09.027186 np0000184301 devstack@neutron-api.service[101983]: INFO neutron.api.extensions [None req-58939c08-b2a2-4b40-8ff8-5f6a9d505756 None None] Loaded extension: agent
Jul 07 01:27:09.027540 np0000184301 devstack@neutron-api.service[101980]: DEBUG neutron.plugins.ml2.extensions.qos [None req-aeb5f15a-fa79-4863-86e2-12974fef09aa None None] QosExtensionDriver initialization complete {{(pid=101980) initialize /opt/stack/neutron/neutron/plugins/ml2/extensions/qos.py:31}}
Jul 07 01:27:09.027895 np0000184301 devstack@neutron-api.service[101983]: DEBUG neutron.api.extensions [None req-58939c08-b2a2-4b40-8ff8-5f6a9d505756 None None] Loading extension file: agent_resources_synced.py {{(pid=101983) _load_all_extensions_from_path /opt/stack/neutron/neutron/api/extensions.py:449}}
Jul 07 01:27:09.028270 np0000184301 devstack@neutron-api.service[101980]: INFO neutron.plugins.ml2.managers [None req-aeb5f15a-fa79-4863-86e2-12974fef09aa None None] Initializing mechanism driver 'ovn'
Jul 07 01:27:09.028270 np0000184301 devstack@neutron-api.service[101980]: INFO neutron.plugins.ml2.drivers.ovn.mech_driver.mech_driver [None req-aeb5f15a-fa79-4863-86e2-12974fef09aa None None] Starting OVNMechanismDriver
Jul 07 01:27:09.028618 np0000184301 devstack@neutron-api.service[101983]: DEBUG neutron.api.extensions [None req-58939c08-b2a2-4b40-8ff8-5f6a9d505756 None None] Ext name="Agent's Resource View Synced to Placement" alias="agent-resources-synced" description="Stores success/failure of last sync to Placement" updated="2018-12-19T00:00:00-00:00" {{(pid=101983) _check_extension /opt/stack/neutron/neutron/api/extensions.py:415}}
Jul 07 01:27:09.028618 np0000184301 devstack@neutron-api.service[101983]: INFO neutron.api.extensions [None req-58939c08-b2a2-4b40-8ff8-5f6a9d505756 None None] Extension agent-resources-synced not supported by any of loaded plugins
Jul 07 01:27:09.028618 np0000184301 devstack@neutron-api.service[101983]: DEBUG neutron.api.extensions [None req-58939c08-b2a2-4b40-8ff8-5f6a9d505756 None None] Loading extension file: agent_sort_key.py {{(pid=101983) _load_all_extensions_from_path /opt/stack/neutron/neutron/api/extensions.py:449}}
Jul 07 01:27:09.028618 np0000184301 devstack@neutron-api.service[101983]: DEBUG neutron.api.extensions [None req-58939c08-b2a2-4b40-8ff8-5f6a9d505756 None None] Ext name="Agents Sort Key" alias="agent_sort_key" description="Enabling the keyword sort_key for sorting in agents." updated="2013-02-03T10:00:00-00:00" {{(pid=101983) _check_extension /opt/stack/neutron/neutron/api/extensions.py:415}}
Jul 07 01:27:09.028618 np0000184301 devstack@neutron-api.service[101983]: INFO neutron.api.extensions [None req-58939c08-b2a2-4b40-8ff8-5f6a9d505756 None None] Extension agent_sort_key not supported by any of loaded plugins
Jul 07 01:27:09.028618 np0000184301 devstack@neutron-api.service[101983]: DEBUG neutron.api.extensions [None req-58939c08-b2a2-4b40-8ff8-5f6a9d505756 None None] Loading extension file: allowedaddresspairs.py {{(pid=101983) _load_all_extensions_from_path /opt/stack/neutron/neutron/api/extensions.py:449}}
Jul 07 01:27:09.028618 np0000184301 devstack@neutron-api.service[101983]: DEBUG neutron.api.extensions [None req-58939c08-b2a2-4b40-8ff8-5f6a9d505756 None None] Ext name="Allowed Address Pairs" alias="allowed-address-pairs" description="Provides allowed address pairs" updated="2013-07-23T10:00:00-00:00" {{(pid=101983) _check_extension /opt/stack/neutron/neutron/api/extensions.py:415}}
Jul 07 01:27:09.029236 np0000184301 devstack@neutron-api.service[101983]: INFO neutron.api.extensions [None req-58939c08-b2a2-4b40-8ff8-5f6a9d505756 None None] Loaded extension: allowed-address-pairs
Jul 07 01:27:09.029236 np0000184301 devstack@neutron-api.service[101983]: DEBUG neutron.api.extensions [None req-58939c08-b2a2-4b40-8ff8-5f6a9d505756 None None] Loading extension file: auto_allocated_topology.py {{(pid=101983) _load_all_extensions_from_path /opt/stack/neutron/neutron/api/extensions.py:449}}
Jul 07 01:27:09.029236 np0000184301 devstack@neutron-api.service[101983]: DEBUG neutron.api.extensions [None req-58939c08-b2a2-4b40-8ff8-5f6a9d505756 None None] Ext name="Auto Allocated Topology Services" alias="auto-allocated-topology" description="Auto Allocated Topology Services." updated="2016-01-01T00:00:00-00:00" {{(pid=101983) _check_extension /opt/stack/neutron/neutron/api/extensions.py:415}}
Jul 07 01:27:09.029704 np0000184301 devstack@neutron-api.service[101980]: DEBUG neutron_lib.callbacks.manager [None req-aeb5f15a-fa79-4863-86e2-12974fef09aa None None] Subscribe: > process before_spawn 55550000, False {{(pid=101980) subscribe /opt/stack/data/venv/lib/python3.12/site-packages/neutron_lib/callbacks/manager.py:52}}
Jul 07 01:27:09.030189 np0000184301 devstack@neutron-api.service[101983]: INFO neutron.api.extensions [None req-58939c08-b2a2-4b40-8ff8-5f6a9d505756 None None] Loaded extension: auto-allocated-topology
Jul 07 01:27:09.030612 np0000184301 devstack@neutron-api.service[101980]: DEBUG neutron_lib.callbacks.manager [None req-aeb5f15a-fa79-4863-86e2-12974fef09aa None None] Subscribe: > process after_init 55550000, True {{(pid=101980) subscribe /opt/stack/data/venv/lib/python3.12/site-packages/neutron_lib/callbacks/manager.py:52}}
Jul 07 01:27:09.031007 np0000184301 devstack@neutron-api.service[101983]: DEBUG neutron.api.extensions [None req-58939c08-b2a2-4b40-8ff8-5f6a9d505756 None None] Loading extension file: availability_zone.py {{(pid=101983) _load_all_extensions_from_path /opt/stack/neutron/neutron/api/extensions.py:449}}
Jul 07 01:27:09.031363 np0000184301 devstack@neutron-api.service[101980]: DEBUG neutron_lib.callbacks.manager [None req-aeb5f15a-fa79-4863-86e2-12974fef09aa None None] Subscribe: > segment after_create 55550000, False {{(pid=101980) subscribe /opt/stack/data/venv/lib/python3.12/site-packages/neutron_lib/callbacks/manager.py:52}}
Jul 07 01:27:09.031363 np0000184301 devstack@neutron-api.service[101980]: DEBUG neutron_lib.callbacks.manager [None req-aeb5f15a-fa79-4863-86e2-12974fef09aa None None] Subscribe: > segment after_create 55550000, False {{(pid=101980) subscribe /opt/stack/data/venv/lib/python3.12/site-packages/neutron_lib/callbacks/manager.py:52}}
Jul 07 01:27:09.031778 np0000184301 devstack@neutron-api.service[101983]: DEBUG neutron.api.extensions [None req-58939c08-b2a2-4b40-8ff8-5f6a9d505756 None None] Ext name="Availability Zone" alias="availability_zone" description="The availability zone extension." updated="2015-01-01T10:00:00-00:00" {{(pid=101983) _check_extension /opt/stack/neutron/neutron/api/extensions.py:415}}
Jul 07 01:27:09.032112 np0000184301 devstack@neutron-api.service[101980]: DEBUG neutron_lib.callbacks.manager [None req-aeb5f15a-fa79-4863-86e2-12974fef09aa None None] Subscribe: > segment after_delete 55550000, False {{(pid=101980) subscribe /opt/stack/data/venv/lib/python3.12/site-packages/neutron_lib/callbacks/manager.py:52}}
Jul 07 01:27:09.032112 np0000184301 devstack@neutron-api.service[101980]: DEBUG neutron_lib.callbacks.manager [None req-aeb5f15a-fa79-4863-86e2-12974fef09aa None None] Subscribe: > allowed_address_pair before_create 55550000, False {{(pid=101980) subscribe /opt/stack/data/venv/lib/python3.12/site-packages/neutron_lib/callbacks/manager.py:52}}
Jul 07 01:27:09.032112 np0000184301 devstack@neutron-api.service[101980]: DEBUG neutron_lib.callbacks.manager [None req-aeb5f15a-fa79-4863-86e2-12974fef09aa None None] Subscribe: > security_group precommit_create 55550000, False {{(pid=101980) subscribe /opt/stack/data/venv/lib/python3.12/site-packages/neutron_lib/callbacks/manager.py:52}}
Jul 07 01:27:09.032112 np0000184301 devstack@neutron-api.service[101980]: DEBUG neutron_lib.callbacks.manager [None req-aeb5f15a-fa79-4863-86e2-12974fef09aa None None] Subscribe: > security_group after_update 55550000, False {{(pid=101980) subscribe /opt/stack/data/venv/lib/python3.12/site-packages/neutron_lib/callbacks/manager.py:52}}
Jul 07 01:27:09.032357 np0000184301 devstack@neutron-api.service[101980]: DEBUG neutron_lib.callbacks.manager [None req-aeb5f15a-fa79-4863-86e2-12974fef09aa None None] Subscribe: > security_group after_create 55550000, False {{(pid=101980) subscribe /opt/stack/data/venv/lib/python3.12/site-packages/neutron_lib/callbacks/manager.py:52}}
Jul 07 01:27:09.032357 np0000184301 devstack@neutron-api.service[101980]: DEBUG neutron_lib.callbacks.manager [None req-aeb5f15a-fa79-4863-86e2-12974fef09aa None None] Subscribe: > security_group precommit_delete 55550000, False {{(pid=101980) subscribe /opt/stack/data/venv/lib/python3.12/site-packages/neutron_lib/callbacks/manager.py:52}}
Jul 07 01:27:09.032829 np0000184301 devstack@neutron-api.service[101983]: INFO neutron.api.extensions [None req-58939c08-b2a2-4b40-8ff8-5f6a9d505756 None None] Loaded extension: availability_zone
Jul 07 01:27:09.032929 np0000184301 devstack@neutron-api.service[101980]: DEBUG neutron_lib.callbacks.manager [None req-aeb5f15a-fa79-4863-86e2-12974fef09aa None None] Subscribe: > security_group after_delete 55550000, False {{(pid=101980) subscribe /opt/stack/data/venv/lib/python3.12/site-packages/neutron_lib/callbacks/manager.py:52}}
Jul 07 01:27:09.032992 np0000184301 devstack@neutron-api.service[101983]: DEBUG neutron.api.extensions [None req-58939c08-b2a2-4b40-8ff8-5f6a9d505756 None None] Loading extension file: availability_zone_filter.py {{(pid=101983) _load_all_extensions_from_path /opt/stack/neutron/neutron/api/extensions.py:449}}
Jul 07 01:27:09.033057 np0000184301 devstack@neutron-api.service[101980]: DEBUG neutron_lib.callbacks.manager [None req-aeb5f15a-fa79-4863-86e2-12974fef09aa None None] Subscribe: > security_group_rule precommit_create 55550000, False {{(pid=101980) subscribe /opt/stack/data/venv/lib/python3.12/site-packages/neutron_lib/callbacks/manager.py:52}}
Jul 07 01:27:09.033120 np0000184301 devstack@neutron-api.service[101983]: DEBUG neutron.api.extensions [None req-58939c08-b2a2-4b40-8ff8-5f6a9d505756 None None] Ext name="Availability Zone Filter Extension" alias="availability_zone_filter" description="Add filter parameters to AvailabilityZone resource" updated="2018-06-22T10:00:00-00:00" {{(pid=101983) _check_extension /opt/stack/neutron/neutron/api/extensions.py:415}}
Jul 07 01:27:09.033204 np0000184301 devstack@neutron-api.service[101980]: DEBUG neutron_lib.callbacks.manager [None req-aeb5f15a-fa79-4863-86e2-12974fef09aa None None] Subscribe: > security_group_rule after_create 55550000, False {{(pid=101980) subscribe /opt/stack/data/venv/lib/python3.12/site-packages/neutron_lib/callbacks/manager.py:52}}
Jul 07 01:27:09.033204 np0000184301 devstack@neutron-api.service[101980]: DEBUG neutron_lib.callbacks.manager [None req-aeb5f15a-fa79-4863-86e2-12974fef09aa None None] Subscribe: > security_group_rule before_delete 55550000, False {{(pid=101980) subscribe /opt/stack/data/venv/lib/python3.12/site-packages/neutron_lib/callbacks/manager.py:52}}
Jul 07 01:27:09.033379 np0000184301 devstack@neutron-api.service[101983]: INFO neutron.api.extensions [None req-58939c08-b2a2-4b40-8ff8-5f6a9d505756 None None] Extension availability_zone_filter not supported by any of loaded plugins
Jul 07 01:27:09.033379 np0000184301 devstack@neutron-api.service[101983]: DEBUG neutron.api.extensions [None req-58939c08-b2a2-4b40-8ff8-5f6a9d505756 None None] Loading extension file: data_plane_status.py {{(pid=101983) _load_all_extensions_from_path /opt/stack/neutron/neutron/api/extensions.py:449}}
Jul 07 01:27:09.033508 np0000184301 devstack@neutron-api.service[101980]: DEBUG neutron_lib.callbacks.manager [None req-aeb5f15a-fa79-4863-86e2-12974fef09aa None None] Subscribe: > address_group after_create 55550000, False {{(pid=101980) subscribe /opt/stack/data/venv/lib/python3.12/site-packages/neutron_lib/callbacks/manager.py:52}}
Jul 07 01:27:09.033508 np0000184301 devstack@neutron-api.service[101980]: DEBUG neutron_lib.callbacks.manager [None req-aeb5f15a-fa79-4863-86e2-12974fef09aa None None] Subscribe: > address_group after_update 55550000, False {{(pid=101980) subscribe /opt/stack/data/venv/lib/python3.12/site-packages/neutron_lib/callbacks/manager.py:52}}
Jul 07 01:27:09.033605 np0000184301 devstack@neutron-api.service[101983]: DEBUG neutron.api.extensions [None req-58939c08-b2a2-4b40-8ff8-5f6a9d505756 None None] Ext name="Port data plane status extension" alias="data-plane-status" description="Expose status of underlying data plane" updated="2017-01-24T10:00:00-00:00" {{(pid=101983) _check_extension /opt/stack/neutron/neutron/api/extensions.py:415}}
Jul 07 01:27:09.033662 np0000184301 devstack@neutron-api.service[101980]: DEBUG neutron_lib.callbacks.manager [None req-aeb5f15a-fa79-4863-86e2-12974fef09aa None None] Subscribe: > address_group after_delete 55550000, False {{(pid=101980) subscribe /opt/stack/data/venv/lib/python3.12/site-packages/neutron_lib/callbacks/manager.py:52}}
Jul 07 01:27:09.033722 np0000184301 devstack@neutron-api.service[101983]: INFO neutron.api.extensions [None req-58939c08-b2a2-4b40-8ff8-5f6a9d505756 None None] Extension data-plane-status not supported by any of loaded plugins
Jul 07 01:27:09.033722 np0000184301 devstack@neutron-api.service[101983]: DEBUG neutron.api.extensions [None req-58939c08-b2a2-4b40-8ff8-5f6a9d505756 None None] Loading extension file: default_subnetpools.py {{(pid=101983) _load_all_extensions_from_path /opt/stack/neutron/neutron/api/extensions.py:449}}
Jul 07 01:27:09.033898 np0000184301 devstack@neutron-api.service[101980]: DEBUG neutron_lib.callbacks.manager [None req-aeb5f15a-fa79-4863-86e2-12974fef09aa None None] Subscribe: > qos_plugin after_init 55550000, False {{(pid=101980) subscribe /opt/stack/data/venv/lib/python3.12/site-packages/neutron_lib/callbacks/manager.py:52}}
Jul 07 01:27:09.033958 np0000184301 devstack@neutron-api.service[101983]: DEBUG neutron.api.extensions [None req-58939c08-b2a2-4b40-8ff8-5f6a9d505756 None None] Ext name="Default Subnetpools" alias="default-subnetpools" description="Provides ability to mark and use a subnetpool as the default." updated="2016-02-18T18:00:00-00:00" {{(pid=101983) _check_extension /opt/stack/neutron/neutron/api/extensions.py:415}}
Jul 07 01:27:09.034015 np0000184301 devstack@neutron-api.service[101980]: DEBUG neutron_lib.callbacks.manager [None req-aeb5f15a-fa79-4863-86e2-12974fef09aa None None] Subscribe: > trunk_plugin after_init 55550000, False {{(pid=101980) subscribe /opt/stack/data/venv/lib/python3.12/site-packages/neutron_lib/callbacks/manager.py:52}}
Jul 07 01:27:09.034080 np0000184301 devstack@neutron-api.service[101983]: INFO neutron.api.extensions [None req-58939c08-b2a2-4b40-8ff8-5f6a9d505756 None None] Loaded extension: default-subnetpools
Jul 07 01:27:09.034080 np0000184301 devstack@neutron-api.service[101983]: DEBUG neutron.api.extensions [None req-58939c08-b2a2-4b40-8ff8-5f6a9d505756 None None] Loading extension file: dhcpagentscheduler.py {{(pid=101983) _load_all_extensions_from_path /opt/stack/neutron/neutron/api/extensions.py:449}}
Jul 07 01:27:09.034178 np0000184301 devstack@neutron-api.service[101980]: DEBUG neutron_lib.callbacks.manager [None req-aeb5f15a-fa79-4863-86e2-12974fef09aa None None] Subscribe: > logging-plugin after_init 55550000, False {{(pid=101980) subscribe /opt/stack/data/venv/lib/python3.12/site-packages/neutron_lib/callbacks/manager.py:52}}
Jul 07 01:27:09.034234 np0000184301 devstack@neutron-api.service[101983]: DEBUG neutron.api.extensions [None req-58939c08-b2a2-4b40-8ff8-5f6a9d505756 None None] Ext name="DHCP Agent Scheduler" alias="dhcp_agent_scheduler" description="Schedule networks among dhcp agents" updated="2013-02-07T10:00:00-00:00" {{(pid=101983) _check_extension /opt/stack/neutron/neutron/api/extensions.py:415}}
Jul 07 01:27:09.034234 np0000184301 devstack@neutron-api.service[101983]: INFO neutron.api.extensions [None req-58939c08-b2a2-4b40-8ff8-5f6a9d505756 None None] Loaded extension: dhcp_agent_scheduler
Jul 07 01:27:09.034340 np0000184301 devstack@neutron-api.service[101980]: INFO neutron.services.logapi.drivers.ovn.driver [None req-aeb5f15a-fa79-4863-86e2-12974fef09aa None None] OVN logging driver registered
Jul 07 01:27:09.034396 np0000184301 devstack@neutron-api.service[101983]: DEBUG neutron.api.extensions [None req-58939c08-b2a2-4b40-8ff8-5f6a9d505756 None None] Loading extension file: dns.py {{(pid=101983) _load_all_extensions_from_path /opt/stack/neutron/neutron/api/extensions.py:449}}
Jul 07 01:27:09.034461 np0000184301 devstack@neutron-api.service[101980]: DEBUG neutron_lib.callbacks.manager [None req-aeb5f15a-fa79-4863-86e2-12974fef09aa None None] Subscribe: ._register_pvlan_driver at 0x7c6069d7dbc0> pvlan_plugin before_spawn 55550000, False {{(pid=101980) subscribe /opt/stack/data/venv/lib/python3.12/site-packages/neutron_lib/callbacks/manager.py:52}}
Jul 07 01:27:09.034525 np0000184301 devstack@neutron-api.service[101983]: DEBUG neutron.api.extensions [None req-58939c08-b2a2-4b40-8ff8-5f6a9d505756 None None] Ext name="DNS Integration" alias="dns-integration" description="Provides integration with DNS." updated="2015-08-15T18:00:00-00:00" {{(pid=101983) _check_extension /opt/stack/neutron/neutron/api/extensions.py:415}}
Jul 07 01:27:09.034603 np0000184301 devstack@neutron-api.service[101980]: DEBUG neutron_lib.callbacks.manager [None req-aeb5f15a-fa79-4863-86e2-12974fef09aa None None] Subscribe: process after_init 55550000, False {{(pid=101980) subscribe /opt/stack/data/venv/lib/python3.12/site-packages/neutron_lib/callbacks/manager.py:52}}
Jul 07 01:27:09.034656 np0000184301 devstack@neutron-api.service[101983]: INFO neutron.api.extensions [None req-58939c08-b2a2-4b40-8ff8-5f6a9d505756 None None] Loaded extension: dns-integration
Jul 07 01:27:09.034656 np0000184301 devstack@neutron-api.service[101983]: DEBUG neutron.api.extensions [None req-58939c08-b2a2-4b40-8ff8-5f6a9d505756 None None] Loading extension file: dns_domain_ports.py {{(pid=101983) _load_all_extensions_from_path /opt/stack/neutron/neutron/api/extensions.py:449}}
Jul 07 01:27:09.034656 np0000184301 devstack@neutron-api.service[101983]: DEBUG neutron.api.extensions [None req-58939c08-b2a2-4b40-8ff8-5f6a9d505756 None None] Ext name="dns_domain for ports" alias="dns-domain-ports" description="Allows the DNS domain to be specified for a network port." updated="2017-04-24T10:00:00-00:00" {{(pid=101983) _check_extension /opt/stack/neutron/neutron/api/extensions.py:415}}
Jul 07 01:27:09.034656 np0000184301 devstack@neutron-api.service[101983]: INFO neutron.api.extensions [None req-58939c08-b2a2-4b40-8ff8-5f6a9d505756 None None] Loaded extension: dns-domain-ports
Jul 07 01:27:09.034656 np0000184301 devstack@neutron-api.service[101983]: DEBUG neutron.api.extensions [None req-58939c08-b2a2-4b40-8ff8-5f6a9d505756 None None] Loading extension file: dns_integration_domain_keywords.py {{(pid=101983) _load_all_extensions_from_path /opt/stack/neutron/neutron/api/extensions.py:449}}
Jul 07 01:27:09.034656 np0000184301 devstack@neutron-api.service[101983]: DEBUG neutron.api.extensions [None req-58939c08-b2a2-4b40-8ff8-5f6a9d505756 None None] Ext name="DNS domain names with keywords allowed" alias="dns-integration-domain-keywords" description="Allows to use keywords like , , and as DNS domain name" updated="2020-06-15T18:00:00-00:00" {{(pid=101983) _check_extension /opt/stack/neutron/neutron/api/extensions.py:415}}
Jul 07 01:27:09.034656 np0000184301 devstack@neutron-api.service[101983]: INFO neutron.api.extensions [None req-58939c08-b2a2-4b40-8ff8-5f6a9d505756 None None] Loaded extension: dns-integration-domain-keywords
Jul 07 01:27:09.034852 np0000184301 devstack@neutron-api.service[101983]: DEBUG neutron.api.extensions [None req-58939c08-b2a2-4b40-8ff8-5f6a9d505756 None None] Loading extension file: dvr.py {{(pid=101983) _load_all_extensions_from_path /opt/stack/neutron/neutron/api/extensions.py:449}}
Jul 07 01:27:09.034852 np0000184301 devstack@neutron-api.service[101983]: DEBUG neutron.api.extensions [None req-58939c08-b2a2-4b40-8ff8-5f6a9d505756 None None] Ext name="Distributed Virtual Router" alias="dvr" description="Enables configuration of Distributed Virtual Routers." updated="2014-06-1T10:00:00-00:00" {{(pid=101983) _check_extension /opt/stack/neutron/neutron/api/extensions.py:415}}
Jul 07 01:27:09.034852 np0000184301 devstack@neutron-api.service[101983]: INFO neutron.api.extensions [None req-58939c08-b2a2-4b40-8ff8-5f6a9d505756 None None] Extension dvr not supported by any of loaded plugins
Jul 07 01:27:09.034852 np0000184301 devstack@neutron-api.service[101983]: DEBUG neutron.api.extensions [None req-58939c08-b2a2-4b40-8ff8-5f6a9d505756 None None] Loading extension file: ecmp_routes.py {{(pid=101983) _load_all_extensions_from_path /opt/stack/neutron/neutron/api/extensions.py:449}}
Jul 07 01:27:09.035001 np0000184301 devstack@neutron-api.service[101980]: DEBUG neutron.plugins.ml2.plugin [None req-aeb5f15a-fa79-4863-86e2-12974fef09aa None None] neutron.plugins.ml2.plugin.Ml2Plugin method _start_rpc_notifiers called with arguments () {} {{(pid=101980) wrapper /opt/stack/data/venv/lib/python3.12/site-packages/oslo_log/helpers.py:77}}
Jul 07 01:27:09.035065 np0000184301 devstack@neutron-api.service[101983]: DEBUG neutron.api.extensions [None req-58939c08-b2a2-4b40-8ff8-5f6a9d505756 None None] Ext name="Equal Cost Multipath Routing" alias="ecmp_routes" description="Allows traffic to reach thesame destination via multiple different links " updated="2020-11-26T18:00:00-00:00" {{(pid=101983) _check_extension /opt/stack/neutron/neutron/api/extensions.py:415}}
Jul 07 01:27:09.035123 np0000184301 devstack@neutron-api.service[101980]: DEBUG neutron_lib.callbacks.manager [None req-aeb5f15a-fa79-4863-86e2-12974fef09aa None None] Subscribe: > port after_create 55550000, False {{(pid=101980) subscribe /opt/stack/data/venv/lib/python3.12/site-packages/neutron_lib/callbacks/manager.py:52}}
Jul 07 01:27:09.035217 np0000184301 devstack@neutron-api.service[101983]: INFO neutron.api.extensions [None req-58939c08-b2a2-4b40-8ff8-5f6a9d505756 None None] Extension ecmp_routes not supported by any of loaded plugins
Jul 07 01:27:09.035217 np0000184301 devstack@neutron-api.service[101983]: DEBUG neutron.api.extensions [None req-58939c08-b2a2-4b40-8ff8-5f6a9d505756 None None] Loading extension file: empty_string_filtering.py {{(pid=101983) _load_all_extensions_from_path /opt/stack/neutron/neutron/api/extensions.py:449}}
Jul 07 01:27:09.035302 np0000184301 devstack@neutron-api.service[101980]: DEBUG neutron_lib.callbacks.manager [None req-aeb5f15a-fa79-4863-86e2-12974fef09aa None None] Subscribe: > port after_update 55550000, False {{(pid=101980) subscribe /opt/stack/data/venv/lib/python3.12/site-packages/neutron_lib/callbacks/manager.py:52}}
Jul 07 01:27:09.035302 np0000184301 devstack@neutron-api.service[101980]: DEBUG neutron_lib.callbacks.manager [None req-aeb5f15a-fa79-4863-86e2-12974fef09aa None None] Subscribe: > port after_delete 55550000, False {{(pid=101980) subscribe /opt/stack/data/venv/lib/python3.12/site-packages/neutron_lib/callbacks/manager.py:52}}
Jul 07 01:27:09.035431 np0000184301 devstack@neutron-api.service[101983]: DEBUG neutron.api.extensions [None req-58939c08-b2a2-4b40-8ff8-5f6a9d505756 None None] Ext name="Empty String Filtering Extension" alias="empty-string-filtering" description="Allow filtering by attributes with empty string value" updated="2018-05-01T10:00:00-00:00" {{(pid=101983) _check_extension /opt/stack/neutron/neutron/api/extensions.py:415}}
Jul 07 01:27:09.035497 np0000184301 devstack@neutron-api.service[101980]: DEBUG neutron_lib.callbacks.manager [None req-aeb5f15a-fa79-4863-86e2-12974fef09aa None None] Subscribe: > subnet after_create 55550000, False {{(pid=101980) subscribe /opt/stack/data/venv/lib/python3.12/site-packages/neutron_lib/callbacks/manager.py:52}}
Jul 07 01:27:09.035603 np0000184301 devstack@neutron-api.service[101983]: INFO neutron.api.extensions [None req-58939c08-b2a2-4b40-8ff8-5f6a9d505756 None None] Loaded extension: empty-string-filtering
Jul 07 01:27:09.035603 np0000184301 devstack@neutron-api.service[101983]: DEBUG neutron.api.extensions [None req-58939c08-b2a2-4b40-8ff8-5f6a9d505756 None None] Loading extension file: evpn.py {{(pid=101983) _load_all_extensions_from_path /opt/stack/neutron/neutron/api/extensions.py:449}}
Jul 07 01:27:09.035696 np0000184301 devstack@neutron-api.service[101980]: DEBUG neutron_lib.callbacks.manager [None req-aeb5f15a-fa79-4863-86e2-12974fef09aa None None] Subscribe: > subnet after_update 55550000, False {{(pid=101980) subscribe /opt/stack/data/venv/lib/python3.12/site-packages/neutron_lib/callbacks/manager.py:52}}
Jul 07 01:27:09.035757 np0000184301 devstack@neutron-api.service[101983]: DEBUG neutron.api.extensions [None req-58939c08-b2a2-4b40-8ff8-5f6a9d505756 None None] Ext name="EVPN" alias="evpn" description="Router extension to support EVPN Type-5 route advertisement" updated="2026-04-28T00:00:00-00:00" {{(pid=101983) _check_extension /opt/stack/neutron/neutron/api/extensions.py:415}}
Jul 07 01:27:09.035817 np0000184301 devstack@neutron-api.service[101980]: DEBUG neutron_lib.callbacks.manager [None req-aeb5f15a-fa79-4863-86e2-12974fef09aa None None] Subscribe: > subnet after_delete 55550000, False {{(pid=101980) subscribe /opt/stack/data/venv/lib/python3.12/site-packages/neutron_lib/callbacks/manager.py:52}}
Jul 07 01:27:09.035906 np0000184301 devstack@neutron-api.service[101983]: INFO neutron.api.extensions [None req-58939c08-b2a2-4b40-8ff8-5f6a9d505756 None None] Extension evpn not supported by any of loaded plugins
Jul 07 01:27:09.035906 np0000184301 devstack@neutron-api.service[101983]: DEBUG neutron.api.extensions [None req-58939c08-b2a2-4b40-8ff8-5f6a9d505756 None None] Loading extension file: expose_l3_conntrack_helper.py {{(pid=101983) _load_all_extensions_from_path /opt/stack/neutron/neutron/api/extensions.py:449}}
Jul 07 01:27:09.035987 np0000184301 devstack@neutron-api.service[101980]: DEBUG neutron_lib.callbacks.manager [None req-aeb5f15a-fa79-4863-86e2-12974fef09aa None None] Subscribe: > network after_create 55550000, False {{(pid=101980) subscribe /opt/stack/data/venv/lib/python3.12/site-packages/neutron_lib/callbacks/manager.py:52}}
Jul 07 01:27:09.036045 np0000184301 devstack@neutron-api.service[101983]: DEBUG neutron.api.extensions [None req-58939c08-b2a2-4b40-8ff8-5f6a9d505756 None None] Ext name="Expose CT target rules for conntrack helper" alias="expose-l3-conntrack-helper" description="Expose allow adding CT target rules for conntrack helper" updated="2019-04-04T10:00:00-00:00" {{(pid=101983) _check_extension /opt/stack/neutron/neutron/api/extensions.py:415}}
Jul 07 01:27:09.036103 np0000184301 devstack@neutron-api.service[101980]: DEBUG neutron_lib.callbacks.manager [None req-aeb5f15a-fa79-4863-86e2-12974fef09aa None None] Subscribe: > network after_update 55550000, False {{(pid=101980) subscribe /opt/stack/data/venv/lib/python3.12/site-packages/neutron_lib/callbacks/manager.py:52}}
Jul 07 01:27:09.036198 np0000184301 devstack@neutron-api.service[101983]: INFO neutron.api.extensions [None req-58939c08-b2a2-4b40-8ff8-5f6a9d505756 None None] Extension expose-l3-conntrack-helper not supported by any of loaded plugins
Jul 07 01:27:09.036198 np0000184301 devstack@neutron-api.service[101983]: DEBUG neutron.api.extensions [None req-58939c08-b2a2-4b40-8ff8-5f6a9d505756 None None] Loading extension file: expose_port_forwarding_in_fip.py {{(pid=101983) _load_all_extensions_from_path /opt/stack/neutron/neutron/api/extensions.py:449}}
