Jun 24 00:56:01.267972 np0000182652 devstack@neutron-api.service[103354]: DEBUG neutron.api.extensions [None req-e78595c3-f132-48cf-8841-2c37d0847d94 None None] Ext name="security-group" alias="security-group" description="The security groups extension." updated="2012-10-05T10:00:00-00:00" {{(pid=103354) _check_extension /opt/stack/neutron/neutron/api/extensions.py:415}}
Jun 24 00:56:01.268160 np0000182652 devstack@neutron-api.service[103354]: INFO neutron.api.extensions [None req-e78595c3-f132-48cf-8841-2c37d0847d94 None None] Loaded extension: security-group
Jun 24 00:56:01.268254 np0000182652 devstack@neutron-api.service[103354]: DEBUG neutron.api.extensions [None req-e78595c3-f132-48cf-8841-2c37d0847d94 None None] Loading extension file: segment.py {{(pid=103354) _load_all_extensions_from_path /opt/stack/neutron/neutron/api/extensions.py:449}}
Jun 24 00:56:01.268567 np0000182652 devstack@neutron-api.service[103354]: DEBUG neutron.api.extensions [None req-e78595c3-f132-48cf-8841-2c37d0847d94 None None] Ext name="Segment" alias="segment" description="Segments extension." updated="2016-02-24T17:00:00-00:00" {{(pid=103354) _check_extension /opt/stack/neutron/neutron/api/extensions.py:415}}
Jun 24 00:56:01.268818 np0000182652 devstack@neutron-api.service[103354]: INFO neutron.api.extensions [None req-e78595c3-f132-48cf-8841-2c37d0847d94 None None] Extension segment not supported by any of loaded plugins
Jun 24 00:56:01.268894 np0000182652 devstack@neutron-api.service[103354]: DEBUG neutron.api.extensions [None req-e78595c3-f132-48cf-8841-2c37d0847d94 None None] Loading extension file: segments_peer_subnet_host_routes.py {{(pid=103354) _load_all_extensions_from_path /opt/stack/neutron/neutron/api/extensions.py:449}}
Jun 24 00:56:01.269126 np0000182652 devstack@neutron-api.service[103354]: DEBUG neutron.api.extensions [None req-e78595c3-f132-48cf-8841-2c37d0847d94 None None] Ext name="Segments peer-subnet host routes" alias="segments-peer-subnet-host-routes" description="Add host routes to subnets on a routed network (segments)" updated="2018-06-12T10:00:00-00:00" {{(pid=103354) _check_extension /opt/stack/neutron/neutron/api/extensions.py:415}}
Jun 24 00:56:01.269596 np0000182652 devstack@neutron-api.service[103354]: INFO neutron.api.extensions [None req-e78595c3-f132-48cf-8841-2c37d0847d94 None None] Extension segments-peer-subnet-host-routes not supported by any of loaded plugins
Jun 24 00:56:01.269596 np0000182652 devstack@neutron-api.service[103354]: DEBUG neutron.api.extensions [None req-e78595c3-f132-48cf-8841-2c37d0847d94 None None] Loading extension file: servicetype.py {{(pid=103354) _load_all_extensions_from_path /opt/stack/neutron/neutron/api/extensions.py:449}}
Jun 24 00:56:01.269596 np0000182652 devstack@neutron-api.service[103354]: DEBUG neutron.api.extensions [None req-e78595c3-f132-48cf-8841-2c37d0847d94 None None] Ext name="Neutron Service Type Management" alias="service-type" description="API for retrieving service providers for Neutron advanced services" updated="2013-01-20T00:00:00-00:00" {{(pid=103354) _check_extension /opt/stack/neutron/neutron/api/extensions.py:415}}
Jun 24 00:56:01.269850 np0000182652 devstack@neutron-api.service[103354]: INFO neutron.api.extensions [None req-e78595c3-f132-48cf-8841-2c37d0847d94 None None] Loaded extension: service-type
Jun 24 00:56:01.269850 np0000182652 devstack@neutron-api.service[103354]: DEBUG neutron.api.extensions [None req-e78595c3-f132-48cf-8841-2c37d0847d94 None None] Loading extension file: sorting.py {{(pid=103354) _load_all_extensions_from_path /opt/stack/neutron/neutron/api/extensions.py:449}}
Jun 24 00:56:01.270214 np0000182652 devstack@neutron-api.service[103354]: DEBUG neutron.api.extensions [None req-e78595c3-f132-48cf-8841-2c37d0847d94 None None] Ext name="Sorting support" alias="sorting" description="Extension that indicates that sorting is enabled." updated="2016-06-12T00:00:00-00:00" {{(pid=103354) _check_extension /opt/stack/neutron/neutron/api/extensions.py:415}}
Jun 24 00:56:01.270214 np0000182652 devstack@neutron-api.service[103354]: INFO neutron.api.extensions [None req-e78595c3-f132-48cf-8841-2c37d0847d94 None None] Loaded extension: sorting
Jun 24 00:56:01.270404 np0000182652 devstack@neutron-api.service[103354]: DEBUG neutron.api.extensions [None req-e78595c3-f132-48cf-8841-2c37d0847d94 None None] Loading extension file: standard_attr_segment.py {{(pid=103354) _load_all_extensions_from_path /opt/stack/neutron/neutron/api/extensions.py:449}}
Jun 24 00:56:01.270783 np0000182652 devstack@neutron-api.service[103354]: DEBUG neutron.api.extensions [None req-e78595c3-f132-48cf-8841-2c37d0847d94 None None] Ext name="Standard Attribute Segment Extension" alias="standard-attr-segment" description="Add standard attributes to Segment resource" updated="2018-04-09T10:00:00-00:00" {{(pid=103354) _check_extension /opt/stack/neutron/neutron/api/extensions.py:415}}
Jun 24 00:56:01.270783 np0000182652 devstack@neutron-api.service[103354]: INFO neutron.api.extensions [None req-e78595c3-f132-48cf-8841-2c37d0847d94 None None] Extension standard-attr-segment not supported by any of loaded plugins
Jun 24 00:56:01.270783 np0000182652 devstack@neutron-api.service[103354]: DEBUG neutron.api.extensions [None req-e78595c3-f132-48cf-8841-2c37d0847d94 None None] Loading extension file: standardattrdescription.py {{(pid=103354) _load_all_extensions_from_path /opt/stack/neutron/neutron/api/extensions.py:449}}
Jun 24 00:56:01.271046 np0000182652 devstack@neutron-api.service[103354]: DEBUG neutron.api.extensions [None req-e78595c3-f132-48cf-8841-2c37d0847d94 None None] Ext name="standard-attr-description" alias="standard-attr-description" description="Extension to add descriptions to standard attributes" updated="2016-02-10T10:00:00-00:00" {{(pid=103354) _check_extension /opt/stack/neutron/neutron/api/extensions.py:415}}
Jun 24 00:56:01.271274 np0000182652 devstack@neutron-api.service[103354]: INFO neutron.api.extensions [None req-e78595c3-f132-48cf-8841-2c37d0847d94 None None] Loaded extension: standard-attr-description
Jun 24 00:56:01.271360 np0000182652 devstack@neutron-api.service[103354]: DEBUG neutron.api.extensions [None req-e78595c3-f132-48cf-8841-2c37d0847d94 None None] Loading extension file: stateful_security_group.py {{(pid=103354) _load_all_extensions_from_path /opt/stack/neutron/neutron/api/extensions.py:449}}
Jun 24 00:56:01.272047 np0000182652 devstack@neutron-api.service[103354]: DEBUG neutron.api.extensions [None req-e78595c3-f132-48cf-8841-2c37d0847d94 None None] Ext name="Stateful security group" alias="stateful-security-group" description="Indicates if the security group is stateful or not" updated="2019-11-26T09:00:00-00:00" {{(pid=103354) _check_extension /opt/stack/neutron/neutron/api/extensions.py:415}}
Jun 24 00:56:01.272047 np0000182652 devstack@neutron-api.service[103354]: INFO neutron.api.extensions [None req-e78595c3-f132-48cf-8841-2c37d0847d94 None None] Loaded extension: stateful-security-group
Jun 24 00:56:01.272047 np0000182652 devstack@neutron-api.service[103354]: DEBUG neutron.api.extensions [None req-e78595c3-f132-48cf-8841-2c37d0847d94 None None] Loading extension file: stdattrs_common.py {{(pid=103354) _load_all_extensions_from_path /opt/stack/neutron/neutron/api/extensions.py:449}}
Jun 24 00:56:01.272624 np0000182652 devstack@neutron-api.service[103354]: WARNING neutron.api.extensions [None req-e78595c3-f132-48cf-8841-2c37d0847d94 None None] Did not find expected name "Stdattrs_common" in /opt/stack/neutron/neutron/extensions/stdattrs_common.py
Jun 24 00:56:01.272624 np0000182652 devstack@neutron-api.service[103354]: DEBUG neutron.api.extensions [None req-e78595c3-f132-48cf-8841-2c37d0847d94 None None] Loading extension file: subnet_dns_publish_fixed_ip.py {{(pid=103354) _load_all_extensions_from_path /opt/stack/neutron/neutron/api/extensions.py:449}}
Jun 24 00:56:01.272624 np0000182652 devstack@neutron-api.service[103354]: DEBUG neutron.api.extensions [None req-e78595c3-f132-48cf-8841-2c37d0847d94 None None] Ext name="Subnet DNS publish fixed IP" alias="subnet-dns-publish-fixed-ip" description="Support choosing to publish DNS records for IPs from a subnet" updated="2019-05-24T10:00:00-00:00" {{(pid=103354) _check_extension /opt/stack/neutron/neutron/api/extensions.py:415}}
Jun 24 00:56:01.272852 np0000182652 devstack@neutron-api.service[103354]: INFO neutron.api.extensions [None req-e78595c3-f132-48cf-8841-2c37d0847d94 None None] Loaded extension: subnet-dns-publish-fixed-ip
Jun 24 00:56:01.273405 np0000182652 devstack@neutron-api.service[103354]: DEBUG neutron.api.extensions [None req-e78595c3-f132-48cf-8841-2c37d0847d94 None None] Loading extension file: subnet_external_network.py {{(pid=103354) _load_all_extensions_from_path /opt/stack/neutron/neutron/api/extensions.py:449}}
Jun 24 00:56:01.273405 np0000182652 devstack@neutron-api.service[103354]: DEBUG neutron.api.extensions [None req-e78595c3-f132-48cf-8841-2c37d0847d94 None None] Ext name="Subnet belongs to an external network" alias="subnet-external-network" description="Informs if the subnet belongs to an external network" updated="2024-02-05T18:00:00-00:00" {{(pid=103354) _check_extension /opt/stack/neutron/neutron/api/extensions.py:415}}
Jun 24 00:56:01.273828 np0000182652 devstack@neutron-api.service[103354]: INFO neutron.api.extensions [None req-e78595c3-f132-48cf-8841-2c37d0847d94 None None] Loaded extension: subnet-external-network
Jun 24 00:56:01.273828 np0000182652 devstack@neutron-api.service[103354]: DEBUG neutron.api.extensions [None req-e78595c3-f132-48cf-8841-2c37d0847d94 None None] Loading extension file: subnet_onboard.py {{(pid=103354) _load_all_extensions_from_path /opt/stack/neutron/neutron/api/extensions.py:449}}
Jun 24 00:56:01.274078 np0000182652 devstack@neutron-api.service[103354]: DEBUG neutron.api.extensions [None req-e78595c3-f132-48cf-8841-2c37d0847d94 None None] Ext name="Subnet Onboard" alias="subnet_onboard" description="Provides support for onboarding subnets into subnet pools" updated="2018-12-18T09:00:00-00:00" {{(pid=103354) _check_extension /opt/stack/neutron/neutron/api/extensions.py:415}}
Jun 24 00:56:01.274586 np0000182652 devstack@neutron-api.service[103354]: INFO neutron.api.extensions [None req-e78595c3-f132-48cf-8841-2c37d0847d94 None None] Loaded extension: subnet_onboard
Jun 24 00:56:01.274586 np0000182652 devstack@neutron-api.service[103354]: DEBUG neutron.api.extensions [None req-e78595c3-f132-48cf-8841-2c37d0847d94 None None] Loading extension file: subnet_segmentid_writable.py {{(pid=103354) _load_all_extensions_from_path /opt/stack/neutron/neutron/api/extensions.py:449}}
Jun 24 00:56:01.274748 np0000182652 devstack@neutron-api.service[103354]: DEBUG neutron.api.extensions [None req-e78595c3-f132-48cf-8841-2c37d0847d94 None None] Ext name="Subnet SegmentID (writable)" alias="subnet-segmentid-writable" description="Provides a writable segment_id attribute for a subnet resource." updated="2018-03-12T00:00:00-00:00" {{(pid=103354) _check_extension /opt/stack/neutron/neutron/api/extensions.py:415}}
Jun 24 00:56:01.274917 np0000182652 devstack@neutron-api.service[103354]: INFO neutron.api.extensions [None req-e78595c3-f132-48cf-8841-2c37d0847d94 None None] Extension subnet-segmentid-writable not supported by any of loaded plugins
Jun 24 00:56:01.274917 np0000182652 devstack@neutron-api.service[103354]: DEBUG neutron.api.extensions [None req-e78595c3-f132-48cf-8841-2c37d0847d94 None None] Loading extension file: subnet_service_types.py {{(pid=103354) _load_all_extensions_from_path /opt/stack/neutron/neutron/api/extensions.py:449}}
Jun 24 00:56:01.275268 np0000182652 devstack@neutron-api.service[103354]: DEBUG neutron.api.extensions [None req-e78595c3-f132-48cf-8841-2c37d0847d94 None None] Ext name="Subnet service types" alias="subnet-service-types" description="Provides ability to set the subnet service_types field" updated="2016-03-15T18:00:00-00:00" {{(pid=103354) _check_extension /opt/stack/neutron/neutron/api/extensions.py:415}}
Jun 24 00:56:01.275402 np0000182652 devstack@neutron-api.service[103354]: INFO neutron.api.extensions [None req-e78595c3-f132-48cf-8841-2c37d0847d94 None None] Loaded extension: subnet-service-types
Jun 24 00:56:01.275474 np0000182652 devstack@neutron-api.service[103354]: DEBUG neutron.api.extensions [None req-e78595c3-f132-48cf-8841-2c37d0847d94 None None] Loading extension file: subnetallocation.py {{(pid=103354) _load_all_extensions_from_path /opt/stack/neutron/neutron/api/extensions.py:449}}
Jun 24 00:56:01.275730 np0000182652 devstack@neutron-api.service[103354]: DEBUG neutron.api.extensions [None req-e78595c3-f132-48cf-8841-2c37d0847d94 None None] Ext name="Subnet Allocation" alias="subnet_allocation" description="Enables allocation of subnets from a subnet pool" updated="2015-03-30T10:00:00-00:00" {{(pid=103354) _check_extension /opt/stack/neutron/neutron/api/extensions.py:415}}
Jun 24 00:56:01.275929 np0000182652 devstack@neutron-api.service[103354]: INFO neutron.api.extensions [None req-e78595c3-f132-48cf-8841-2c37d0847d94 None None] Loaded extension: subnet_allocation
Jun 24 00:56:01.276052 np0000182652 devstack@neutron-api.service[103354]: DEBUG neutron.api.extensions [None req-e78595c3-f132-48cf-8841-2c37d0847d94 None None] Loading extension file: subnetpool_prefix_ops.py {{(pid=103354) _load_all_extensions_from_path /opt/stack/neutron/neutron/api/extensions.py:449}}
Jun 24 00:56:01.276352 np0000182652 devstack@neutron-api.service[103354]: DEBUG neutron.api.extensions [None req-e78595c3-f132-48cf-8841-2c37d0847d94 None None] Ext name="Subnet Pool Prefix Operations" alias="subnetpool-prefix-ops" description="Provides support for adjusting the prefix list of subnet pools" updated="2019-02-08T10:00:00-00:00" {{(pid=103354) _check_extension /opt/stack/neutron/neutron/api/extensions.py:415}}
Jun 24 00:56:01.276476 np0000182652 devstack@neutron-api.service[103354]: INFO neutron.api.extensions [None req-e78595c3-f132-48cf-8841-2c37d0847d94 None None] Loaded extension: subnetpool-prefix-ops
Jun 24 00:56:01.276476 np0000182652 devstack@neutron-api.service[103354]: DEBUG neutron.api.extensions [None req-e78595c3-f132-48cf-8841-2c37d0847d94 None None] Loading extension file: tag_creation.py {{(pid=103354) _load_all_extensions_from_path /opt/stack/neutron/neutron/api/extensions.py:449}}
Jun 24 00:56:01.276719 np0000182652 devstack@neutron-api.service[103354]: DEBUG neutron.api.extensions [None req-e78595c3-f132-48cf-8841-2c37d0847d94 None None] Ext name="Tag creation extension" alias="tag-creation" description="Allow to create multiple tags for a resource" updated="2024-23-07T10:00:00-00:00" {{(pid=103354) _check_extension /opt/stack/neutron/neutron/api/extensions.py:415}}
Jun 24 00:56:01.276888 np0000182652 devstack@neutron-api.service[103354]: INFO neutron.api.extensions [None req-e78595c3-f132-48cf-8841-2c37d0847d94 None None] Loaded extension: tag-creation
Jun 24 00:56:01.278800 np0000182652 devstack@neutron-api.service[103354]: DEBUG neutron.api.extensions [None req-e78595c3-f132-48cf-8841-2c37d0847d94 None None] Loading extension file: tag_ports_during_bulk_creation.py {{(pid=103354) _load_all_extensions_from_path /opt/stack/neutron/neutron/api/extensions.py:449}}
Jun 24 00:56:01.278800 np0000182652 devstack@neutron-api.service[103354]: DEBUG neutron.api.extensions [None req-e78595c3-f132-48cf-8841-2c37d0847d94 None None] Ext name="Tag Ports During Bulk Creation" alias="tag-ports-during-bulk-creation" description="Allow to tag ports during bulk creation" updated="2019-12-29T19:00:00-00:00" {{(pid=103354) _check_extension /opt/stack/neutron/neutron/api/extensions.py:415}}
Jun 24 00:56:01.278800 np0000182652 devstack@neutron-api.service[103354]: INFO neutron.api.extensions [None req-e78595c3-f132-48cf-8841-2c37d0847d94 None None] Extension tag-ports-during-bulk-creation not supported by any of loaded plugins
Jun 24 00:56:01.278800 np0000182652 devstack@neutron-api.service[103354]: DEBUG neutron.api.extensions [None req-e78595c3-f132-48cf-8841-2c37d0847d94 None None] Loading extension file: tagging.py {{(pid=103354) _load_all_extensions_from_path /opt/stack/neutron/neutron/api/extensions.py:449}}
Jun 24 00:56:01.278800 np0000182652 devstack@neutron-api.service[103354]: DEBUG neutron.api.extensions [None req-e78595c3-f132-48cf-8841-2c37d0847d94 None None] Ext name="Tag support for resources with standard attribute: port, subnet, subnetpool, network, security_group, router, floatingip, policy, trunk, network_segment_range" alias="standard-attr-tag" description="Enables to set tag on resources with standard attribute." updated="2017-01-01T00:00:00-00:00" {{(pid=103354) _check_extension /opt/stack/neutron/neutron/api/extensions.py:415}}
Jun 24 00:56:01.278800 np0000182652 devstack@neutron-api.service[103354]: INFO neutron.api.extensions [None req-e78595c3-f132-48cf-8841-2c37d0847d94 None None] Loaded extension: standard-attr-tag
Jun 24 00:56:01.278800 np0000182652 devstack@neutron-api.service[103354]: DEBUG neutron.api.extensions [None req-e78595c3-f132-48cf-8841-2c37d0847d94 None None] Loading extension file: timestamp.py {{(pid=103354) _load_all_extensions_from_path /opt/stack/neutron/neutron/api/extensions.py:449}}
Jun 24 00:56:01.279494 np0000182652 devstack@neutron-api.service[103354]: DEBUG neutron.api.extensions [None req-e78595c3-f132-48cf-8841-2c37d0847d94 None None] Ext name="Resource timestamps" alias="standard-attr-timestamp" description="Adds created_at and updated_at fields to all Neutron resources that have Neutron standard attributes." updated="2016-09-12T10:00:00-00:00" {{(pid=103354) _check_extension /opt/stack/neutron/neutron/api/extensions.py:415}}
Jun 24 00:56:01.279494 np0000182652 devstack@neutron-api.service[103354]: INFO neutron.api.extensions [None req-e78595c3-f132-48cf-8841-2c37d0847d94 None None] Loaded extension: standard-attr-timestamp
Jun 24 00:56:01.279494 np0000182652 devstack@neutron-api.service[103354]: DEBUG neutron.api.extensions [None req-e78595c3-f132-48cf-8841-2c37d0847d94 None None] Loading extension file: trunk.py {{(pid=103354) _load_all_extensions_from_path /opt/stack/neutron/neutron/api/extensions.py:449}}
Jun 24 00:56:01.279494 np0000182652 devstack@neutron-api.service[103354]: DEBUG neutron.api.extensions [None req-e78595c3-f132-48cf-8841-2c37d0847d94 None None] Ext name="Trunk Extension" alias="trunk" description="Provides support for trunk ports" updated="2016-01-01T10:00:00-00:00" {{(pid=103354) _check_extension /opt/stack/neutron/neutron/api/extensions.py:415}}
Jun 24 00:56:01.279494 np0000182652 devstack@neutron-api.service[103354]: INFO neutron.api.extensions [None req-e78595c3-f132-48cf-8841-2c37d0847d94 None None] Extension trunk not supported by any of loaded plugins
Jun 24 00:56:01.279494 np0000182652 devstack@neutron-api.service[103354]: DEBUG neutron.api.extensions [None req-e78595c3-f132-48cf-8841-2c37d0847d94 None None] Loading extension file: trunk_details.py {{(pid=103354) _load_all_extensions_from_path /opt/stack/neutron/neutron/api/extensions.py:449}}
Jun 24 00:56:01.279899 np0000182652 devstack@neutron-api.service[103354]: DEBUG neutron.api.extensions [None req-e78595c3-f132-48cf-8841-2c37d0847d94 None None] Ext name="Trunk port details" alias="trunk-details" description="Expose trunk port details" updated="2016-01-01T10:00:00-00:00" {{(pid=103354) _check_extension /opt/stack/neutron/neutron/api/extensions.py:415}}
Jun 24 00:56:01.279899 np0000182652 devstack@neutron-api.service[103354]: INFO neutron.api.extensions [None req-e78595c3-f132-48cf-8841-2c37d0847d94 None None] Extension trunk-details not supported by any of loaded plugins
Jun 24 00:56:01.280043 np0000182652 devstack@neutron-api.service[103354]: DEBUG neutron.api.extensions [None req-e78595c3-f132-48cf-8841-2c37d0847d94 None None] Loading extension file: uplink_status_propagation.py {{(pid=103354) _load_all_extensions_from_path /opt/stack/neutron/neutron/api/extensions.py:449}}
Jun 24 00:56:01.280239 np0000182652 devstack@neutron-api.service[103354]: DEBUG neutron.api.extensions [None req-e78595c3-f132-48cf-8841-2c37d0847d94 None None] Ext name="Uplink status propagation extension" alias="uplink-status-propagation" description="Provides ability to propagate port uplink status." updated="2018-05-31T18:00:00-00:00" {{(pid=103354) _check_extension /opt/stack/neutron/neutron/api/extensions.py:415}}
Jun 24 00:56:01.280406 np0000182652 devstack@neutron-api.service[103354]: INFO neutron.api.extensions [None req-e78595c3-f132-48cf-8841-2c37d0847d94 None None] Extension uplink-status-propagation not supported by any of loaded plugins
Jun 24 00:56:01.280522 np0000182652 devstack@neutron-api.service[103354]: DEBUG neutron.api.extensions [None req-e78595c3-f132-48cf-8841-2c37d0847d94 None None] Loading extension file: uplink_status_propagation_updatable.py {{(pid=103354) _load_all_extensions_from_path /opt/stack/neutron/neutron/api/extensions.py:449}}
Jun 24 00:56:01.280741 np0000182652 devstack@neutron-api.service[103354]: DEBUG neutron.api.extensions [None req-e78595c3-f132-48cf-8841-2c37d0847d94 None None] Ext name="Uplink status propagation updatable extension" alias="uplink-status-propagation-updatable" description="Provides ability to update the port uplink status." updated="2024-09-03T18:00:00-00:00" {{(pid=103354) _check_extension /opt/stack/neutron/neutron/api/extensions.py:415}}
Jun 24 00:56:01.280913 np0000182652 devstack@neutron-api.service[103354]: INFO neutron.api.extensions [None req-e78595c3-f132-48cf-8841-2c37d0847d94 None None] Extension uplink-status-propagation-updatable not supported by any of loaded plugins
Jun 24 00:56:01.280976 np0000182652 devstack@neutron-api.service[103354]: DEBUG neutron.api.extensions [None req-e78595c3-f132-48cf-8841-2c37d0847d94 None None] Loading extension file: vlantransparent.py {{(pid=103354) _load_all_extensions_from_path /opt/stack/neutron/neutron/api/extensions.py:449}}
Jun 24 00:56:01.281245 np0000182652 devstack@neutron-api.service[103354]: DEBUG neutron.api.extensions [None req-e78595c3-f132-48cf-8841-2c37d0847d94 None None] Ext name="Vlantransparent" alias="vlan-transparent" description="Provides Vlan Transparent Networks" updated="2015-03-23T09:00:00-00:00" {{(pid=103354) _check_extension /opt/stack/neutron/neutron/api/extensions.py:415}}
Jun 24 00:56:01.281368 np0000182652 devstack@neutron-api.service[103352]: DEBUG oslo_concurrency.processutils [None req-91cab1ad-a9a8-4d05-9468-70a5d2a27a28 None None] CMD "ovsdb-client transact ssl:199.204.45.148:6641 --timeout 180 -p /opt/stack/data/CA/int-ca/private/devstack-cert.key -c /opt/stack/data/CA/int-ca/devstack-cert.crt -C /opt/stack/data/CA/int-ca/ca-chain.pem ["OVN_Northbound", {"op": "wait", "timeout": 0, "table": "Port_Group", "where": [["name", "==", "neutron_pg_drop"]], "until": "==", "rows": []}, {"op": "insert", "table": "ACL", "row": {"action": "drop", "direction": "to-lport", "match": "outport == @neutron_pg_drop && ip", "priority": 1001}, "uuid-name": "droptoport"}, {"op": "insert", "table": "ACL", "row": {"action": "drop", "direction": "from-lport", "match": "inport == @neutron_pg_drop && ip", "priority": 1001}, "uuid-name": "dropfromport"}, {"op": "insert", "table": "Port_Group", "row": {"name": "neutron_pg_drop", "acls": ["set", [["named-uuid", "droptoport"], ["named-uuid", "dropfromport"]]]}}]" returned: 0 in 0.042s {{(pid=103352) execute /opt/stack/data/venv/lib/python3.12/site-packages/oslo_concurrency/processutils.py:468}}
Jun 24 00:56:01.281475 np0000182652 devstack@neutron-api.service[103354]: INFO neutron.api.extensions [None req-e78595c3-f132-48cf-8841-2c37d0847d94 None None] Loaded extension: vlan-transparent
Jun 24 00:56:01.282789 np0000182652 devstack@neutron-api.service[103352]: DEBUG neutron_lib.callbacks.manager [None req-91cab1ad-a9a8-4d05-9468-70a5d2a27a28 None None] Publish callbacks ['neutron.plugins.ml2.drivers.ovn.mech_driver.mech_driver.OVNMechanismDriver.post_fork_initialize-313665', 'neutron.services.pvlan.drivers.ovn.driver._initialize_pvlan_pg_drop-8347201340346', 'neutron.services.ovn_l3.plugin.OVNL3RouterPlugin._post_fork_initialize-2160'] for process (None), after_init {{(pid=103352) _notify_loop /opt/stack/data/venv/lib/python3.12/site-packages/neutron_lib/callbacks/manager.py:184}}
Jun 24 00:56:01.283246 np0000182652 devstack@neutron-api.service[103352]: DEBUG oslo_concurrency.lockutils [None req-91cab1ad-a9a8-4d05-9468-70a5d2a27a28 None None] Acquiring lock "singleton_lock" {{(pid=103352) lock /opt/stack/data/venv/lib/python3.12/site-packages/oslo_concurrency/lockutils.py:395}}
Jun 24 00:56:01.283350 np0000182652 devstack@neutron-api.service[103352]: DEBUG oslo_concurrency.lockutils [None req-91cab1ad-a9a8-4d05-9468-70a5d2a27a28 None None] Acquired lock "singleton_lock" {{(pid=103352) lock /opt/stack/data/venv/lib/python3.12/site-packages/oslo_concurrency/lockutils.py:398}}
Jun 24 00:56:01.283443 np0000182652 devstack@neutron-api.service[103354]: INFO neutron.quota.resource_registry [None req-e78595c3-f132-48cf-8841-2c37d0847d94 None None] Creating instance of TrackedResource for resource:network
Jun 24 00:56:01.283633 np0000182652 devstack@neutron-api.service[103352]: DEBUG oslo_concurrency.lockutils [None req-91cab1ad-a9a8-4d05-9468-70a5d2a27a28 None None] Releasing lock "singleton_lock" {{(pid=103352) lock /opt/stack/data/venv/lib/python3.12/site-packages/oslo_concurrency/lockutils.py:418}}
Jun 24 00:56:01.283679 np0000182652 devstack@neutron-api.service[103354]: INFO neutron.quota.resource_registry [None req-e78595c3-f132-48cf-8841-2c37d0847d94 None None] Creating instance of TrackedResource for resource:subnet
Jun 24 00:56:01.283821 np0000182652 devstack@neutron-api.service[103354]: INFO neutron.quota.resource_registry [None req-e78595c3-f132-48cf-8841-2c37d0847d94 None None] Creating instance of TrackedResource for resource:subnetpool
Jun 24 00:56:01.283939 np0000182652 devstack@neutron-api.service[103354]: INFO neutron.quota.resource_registry [None req-e78595c3-f132-48cf-8841-2c37d0847d94 None None] Creating instance of TrackedResource for resource:port
Jun 24 00:56:01.286732 np0000182652 devstack@neutron-api.service[103354]: INFO neutron.quota.resource_registry [None req-e78595c3-f132-48cf-8841-2c37d0847d94 None None] Creating instance of CountableResource for resource:router_route
Jun 24 00:56:01.286999 np0000182652 devstack@neutron-api.service[103352]: DEBUG neutron.plugins.ml2.drivers.ovn.mech_driver.mech_driver [None req-91cab1ad-a9a8-4d05-9468-70a5d2a27a28 None None] Hash Ring setup using WSGI start time 2026-06-24 00:55:54+00:00 {{(pid=103352) _init_hash_ring /opt/stack/neutron/neutron/plugins/ml2/drivers/ovn/mech_driver/mech_driver.py:404}}
Jun 24 00:56:01.287042 np0000182652 devstack@neutron-api.service[103354]: DEBUG neutron.api.v2.resource_helper [None req-e78595c3-f132-48cf-8841-2c37d0847d94 None None] Service L3_ROUTER_NAT assigned prefix: {{(pid=103354) build_resource_info /opt/stack/neutron/neutron/api/v2/resource_helper.py:77}}
Jun 24 00:56:01.287042 np0000182652 devstack@neutron-api.service[103354]: DEBUG neutron.api.v2.resource_helper [None req-e78595c3-f132-48cf-8841-2c37d0847d94 None None] Service FLAVORS assigned prefix: {{(pid=103354) build_resource_info /opt/stack/neutron/neutron/api/v2/resource_helper.py:77}}
Jun 24 00:56:01.287104 np0000182652 devstack@neutron-api.service[103354]: DEBUG neutron.api.v2.resource_helper [None req-e78595c3-f132-48cf-8841-2c37d0847d94 None None] Service L3_ROUTER_NAT assigned prefix: {{(pid=103354) build_resource_info /opt/stack/neutron/neutron/api/v2/resource_helper.py:77}}
Jun 24 00:56:01.287507 np0000182652 devstack@neutron-api.service[103354]: DEBUG neutron.api.v2.resource_helper [None req-e78595c3-f132-48cf-8841-2c37d0847d94 None None] Service L3_ROUTER_NAT assigned prefix: {{(pid=103354) build_resource_info /opt/stack/neutron/neutron/api/v2/resource_helper.py:77}}
Jun 24 00:56:01.287634 np0000182652 devstack@neutron-api.service[103354]: INFO neutron.quota.resource_registry [None req-e78595c3-f132-48cf-8841-2c37d0847d94 None None] Creating instance of TrackedResource for resource:router
Jun 24 00:56:01.288321 np0000182652 devstack@neutron-api.service[103354]: INFO neutron.quota.resource_registry [None req-e78595c3-f132-48cf-8841-2c37d0847d94 None None] Creating instance of TrackedResource for resource:floatingip
Jun 24 00:56:01.289312 np0000182652 devstack@neutron-api.service[103354]: INFO neutron.quota.resource_registry [None req-e78595c3-f132-48cf-8841-2c37d0847d94 None None] Creating instance of CountableResource for resource:rbac_policy
Jun 24 00:56:01.290838 np0000182652 devstack@neutron-api.service[103354]: INFO neutron.quota.resource_registry [None req-e78595c3-f132-48cf-8841-2c37d0847d94 None None] Creating instance of TrackedResource for resource:security_group
Jun 24 00:56:01.290838 np0000182652 devstack@neutron-api.service[103354]: INFO neutron.quota.resource_registry [None req-e78595c3-f132-48cf-8841-2c37d0847d94 None None] Creating instance of TrackedResource for resource:security_group_rule
Jun 24 00:56:01.291059 np0000182652 devstack@neutron-api.service[103354]: DEBUG neutron.api.v2.resource_helper [None req-e78595c3-f132-48cf-8841-2c37d0847d94 None None] Service CORE assigned prefix: {{(pid=103354) build_resource_info /opt/stack/neutron/neutron/api/v2/resource_helper.py:77}}
Jun 24 00:56:01.291225 np0000182652 devstack@neutron-api.service[103354]: INFO neutron.quota.resource_registry [None req-e78595c3-f132-48cf-8841-2c37d0847d94 None None] Creating instance of TrackedResource for resource:subnetpool
Jun 24 00:56:01.291356 np0000182652 devstack@neutron-api.service[103354]: WARNING neutron.quota.resource_registry [None req-e78595c3-f132-48cf-8841-2c37d0847d94 None None] subnetpool is already registered
Jun 24 00:56:01.291914 np0000182652 devstack@neutron-api.service[103354]: DEBUG neutron.api.v2.resource_helper [None req-e78595c3-f132-48cf-8841-2c37d0847d94 None None] Service CORE assigned prefix: {{(pid=103354) build_resource_info /opt/stack/neutron/neutron/api/v2/resource_helper.py:77}}
Jun 24 00:56:01.292034 np0000182652 devstack@neutron-api.service[103354]: INFO neutron.quota.resource_registry [None req-e78595c3-f132-48cf-8841-2c37d0847d94 None None] Creating instance of TrackedResource for resource:subnetpool
Jun 24 00:56:01.292104 np0000182652 devstack@neutron-api.service[103354]: WARNING neutron.quota.resource_registry [None req-e78595c3-f132-48cf-8841-2c37d0847d94 None None] subnetpool is already registered
Jun 24 00:56:01.294481 np0000182652 devstack@neutron-api.service[103354]: INFO neutron.quota.resource_registry [None req-e78595c3-f132-48cf-8841-2c37d0847d94 None None] Creating instance of CountableResource for resource:router_route
Jun 24 00:56:01.294573 np0000182652 devstack@neutron-api.service[103354]: WARNING neutron.quota.resource_registry [None req-e78595c3-f132-48cf-8841-2c37d0847d94 None None] router_route is already registered
Jun 24 00:56:01.294967 np0000182652 devstack@neutron-api.service[103354]: DEBUG neutron.api.v2.resource_helper [None req-e78595c3-f132-48cf-8841-2c37d0847d94 None None] Service L3_ROUTER_NAT assigned prefix: {{(pid=103354) build_resource_info /opt/stack/neutron/neutron/api/v2/resource_helper.py:77}}
Jun 24 00:56:01.295118 np0000182652 devstack@neutron-api.service[103354]: DEBUG neutron.api.v2.resource_helper [None req-e78595c3-f132-48cf-8841-2c37d0847d94 None None] Service FLAVORS assigned prefix: {{(pid=103354) build_resource_info /opt/stack/neutron/neutron/api/v2/resource_helper.py:77}}
Jun 24 00:56:01.298039 np0000182652 devstack@neutron-api.service[103354]: DEBUG neutron.api.v2.resource_helper [None req-e78595c3-f132-48cf-8841-2c37d0847d94 None None] Service L3_ROUTER_NAT assigned prefix: {{(pid=103354) build_resource_info /opt/stack/neutron/neutron/api/v2/resource_helper.py:77}}
Jun 24 00:56:01.298465 np0000182652 devstack@neutron-api.service[103352]: INFO neutron.db.ovn_hash_ring_db [None req-91cab1ad-a9a8-4d05-9468-70a5d2a27a28 None None] Nodes from host "np0000182652" and group "mechanism_driver" removed from the Hash Ring created at 2026-06-24 00:55:54+00:00
Jun 24 00:56:01.298764 np0000182652 devstack@neutron-api.service[103354]: DEBUG neutron.api.v2.resource_helper [None req-e78595c3-f132-48cf-8841-2c37d0847d94 None None] Service L3_ROUTER_NAT assigned prefix: {{(pid=103354) build_resource_info /opt/stack/neutron/neutron/api/v2/resource_helper.py:77}}
Jun 24 00:56:01.298895 np0000182652 devstack@neutron-api.service[103354]: INFO neutron.quota.resource_registry [None req-e78595c3-f132-48cf-8841-2c37d0847d94 None None] Creating instance of TrackedResource for resource:router
Jun 24 00:56:01.299027 np0000182652 devstack@neutron-api.service[103354]: WARNING neutron.quota.resource_registry [None req-e78595c3-f132-48cf-8841-2c37d0847d94 None None] router is already registered
Jun 24 00:56:01.299478 np0000182652 devstack@neutron-api.service[103354]: INFO neutron.quota.resource_registry [None req-e78595c3-f132-48cf-8841-2c37d0847d94 None None] Creating instance of TrackedResource for resource:floatingip
Jun 24 00:56:01.299620 np0000182652 devstack@neutron-api.service[103354]: WARNING neutron.quota.resource_registry [None req-e78595c3-f132-48cf-8841-2c37d0847d94 None None] floatingip is already registered
Jun 24 00:56:01.300575 np0000182652 devstack@neutron-api.service[103354]: INFO neutron.quota.resource_registry [None req-e78595c3-f132-48cf-8841-2c37d0847d94 None None] Creating instance of CountableResource for resource:rbac_policy
Jun 24 00:56:01.300685 np0000182652 devstack@neutron-api.service[103354]: WARNING neutron.quota.resource_registry [None req-e78595c3-f132-48cf-8841-2c37d0847d94 None None] rbac_policy is already registered
Jun 24 00:56:01.301610 np0000182652 devstack@neutron-api.service[103354]: INFO neutron.quota.resource_registry [None req-e78595c3-f132-48cf-8841-2c37d0847d94 None None] Creating instance of TrackedResource for resource:security_group
Jun 24 00:56:01.301774 np0000182652 devstack@neutron-api.service[103354]: WARNING neutron.quota.resource_registry [None req-e78595c3-f132-48cf-8841-2c37d0847d94 None None] security_group is already registered
Jun 24 00:56:01.302068 np0000182652 devstack@neutron-api.service[103354]: INFO neutron.quota.resource_registry [None req-e78595c3-f132-48cf-8841-2c37d0847d94 None None] Creating instance of TrackedResource for resource:security_group_rule
Jun 24 00:56:01.302201 np0000182652 devstack@neutron-api.service[103354]: WARNING neutron.quota.resource_registry [None req-e78595c3-f132-48cf-8841-2c37d0847d94 None None] security_group_rule is already registered
Jun 24 00:56:01.302711 np0000182652 devstack@neutron-api.service[103351]: DEBUG oslo_concurrency.processutils [None req-e72e62af-ac51-4269-9ca2-461c58716632 None None] CMD "ovsdb-client transact ssl:199.204.45.148:6641 --timeout 180 -p /opt/stack/data/CA/int-ca/private/devstack-cert.key -c /opt/stack/data/CA/int-ca/devstack-cert.crt -C /opt/stack/data/CA/int-ca/ca-chain.pem ["OVN_Northbound", {"op": "wait", "timeout": 0, "table": "Port_Group", "where": [["name", "==", "neutron_pg_drop"]], "until": "==", "rows": []}, {"op": "insert", "table": "ACL", "row": {"action": "drop", "direction": "to-lport", "match": "outport == @neutron_pg_drop && ip", "priority": 1001}, "uuid-name": "droptoport"}, {"op": "insert", "table": "ACL", "row": {"action": "drop", "direction": "from-lport", "match": "inport == @neutron_pg_drop && ip", "priority": 1001}, "uuid-name": "dropfromport"}, {"op": "insert", "table": "Port_Group", "row": {"name": "neutron_pg_drop", "acls": ["set", [["named-uuid", "droptoport"], ["named-uuid", "dropfromport"]]]}}]" returned: 0 in 0.034s {{(pid=103351) execute /opt/stack/data/venv/lib/python3.12/site-packages/oslo_concurrency/processutils.py:468}}
Jun 24 00:56:01.302825 np0000182652 devstack@neutron-api.service[103354]: DEBUG neutron.api.v2.resource_helper [None req-e78595c3-f132-48cf-8841-2c37d0847d94 None None] Service CORE assigned prefix: {{(pid=103354) build_resource_info /opt/stack/neutron/neutron/api/v2/resource_helper.py:77}}
Jun 24 00:56:01.302902 np0000182652 devstack@neutron-api.service[103354]: INFO neutron.quota.resource_registry [None req-e78595c3-f132-48cf-8841-2c37d0847d94 None None] Creating instance of TrackedResource for resource:subnetpool
Jun 24 00:56:01.303037 np0000182652 devstack@neutron-api.service[103354]: WARNING neutron.quota.resource_registry [None req-e78595c3-f132-48cf-8841-2c37d0847d94 None None] subnetpool is already registered
Jun 24 00:56:01.303416 np0000182652 devstack@neutron-api.service[103354]: DEBUG neutron.api.v2.resource_helper [None req-e78595c3-f132-48cf-8841-2c37d0847d94 None None] Service CORE assigned prefix: {{(pid=103354) build_resource_info /opt/stack/neutron/neutron/api/v2/resource_helper.py:77}}
Jun 24 00:56:01.303539 np0000182652 devstack@neutron-api.service[103354]: INFO neutron.quota.resource_registry [None req-e78595c3-f132-48cf-8841-2c37d0847d94 None None] Creating instance of TrackedResource for resource:subnetpool
Jun 24 00:56:01.303675 np0000182652 devstack@neutron-api.service[103354]: WARNING neutron.quota.resource_registry [None req-e78595c3-f132-48cf-8841-2c37d0847d94 None None] subnetpool is already registered
Jun 24 00:56:01.304067 np0000182652 devstack@neutron-api.service[103354]: DEBUG neutron.api.extensions [None req-e78595c3-f132-48cf-8841-2c37d0847d94 None None] Extended resource: extensions {{(pid=103354) __init__ /opt/stack/neutron/neutron/api/extensions.py:156}}
Jun 24 00:56:01.304368 np0000182652 devstack@neutron-api.service[103352]: INFO neutron.db.ovn_hash_ring_db [None req-91cab1ad-a9a8-4d05-9468-70a5d2a27a28 None None] Node 99d9e36dc93f509c9c43a49750ab0d69 from host "np0000182652" and group "mechanism_driver" added to the Hash Ring
Jun 24 00:56:01.304627 np0000182652 devstack@neutron-api.service[103351]: DEBUG neutron_lib.callbacks.manager [None req-e72e62af-ac51-4269-9ca2-461c58716632 None None] Publish callbacks ['neutron.plugins.ml2.drivers.ovn.mech_driver.mech_driver.OVNMechanismDriver.post_fork_initialize-319164', 'neutron.services.pvlan.drivers.ovn.driver._initialize_pvlan_pg_drop-8347201363118', 'neutron.services.ovn_l3.plugin.OVNL3RouterPlugin._post_fork_initialize-3161'] for process (None), after_init {{(pid=103351) _notify_loop /opt/stack/data/venv/lib/python3.12/site-packages/neutron_lib/callbacks/manager.py:184}}
Jun 24 00:56:01.305157 np0000182652 devstack@neutron-api.service[103351]: DEBUG oslo_concurrency.lockutils [None req-e72e62af-ac51-4269-9ca2-461c58716632 None None] Acquiring lock "singleton_lock" {{(pid=103351) lock /opt/stack/data/venv/lib/python3.12/site-packages/oslo_concurrency/lockutils.py:395}}
Jun 24 00:56:01.305329 np0000182652 devstack@neutron-api.service[103351]: DEBUG oslo_concurrency.lockutils [None req-e72e62af-ac51-4269-9ca2-461c58716632 None None] Acquired lock "singleton_lock" {{(pid=103351) lock /opt/stack/data/venv/lib/python3.12/site-packages/oslo_concurrency/lockutils.py:398}}
Jun 24 00:56:01.305521 np0000182652 devstack@neutron-api.service[103354]: DEBUG neutron.api.extensions [None req-e78595c3-f132-48cf-8841-2c37d0847d94 None None] Extended resource: address-groups {{(pid=103354) __init__ /opt/stack/neutron/neutron/api/extensions.py:156}}
Jun 24 00:56:01.305669 np0000182652 devstack@neutron-api.service[103351]: DEBUG oslo_concurrency.lockutils [None req-e72e62af-ac51-4269-9ca2-461c58716632 None None] Releasing lock "singleton_lock" {{(pid=103351) lock /opt/stack/data/venv/lib/python3.12/site-packages/oslo_concurrency/lockutils.py:418}}
Jun 24 00:56:01.306639 np0000182652 devstack@neutron-api.service[103354]: DEBUG neutron.api.extensions [None req-e78595c3-f132-48cf-8841-2c37d0847d94 None None] Extended resource: address-scopes {{(pid=103354) __init__ /opt/stack/neutron/neutron/api/extensions.py:156}}
Jun 24 00:56:01.307300 np0000182652 devstack@neutron-api.service[103354]: DEBUG neutron.api.extensions [None req-e78595c3-f132-48cf-8841-2c37d0847d94 None None] Extended resource: agents {{(pid=103354) __init__ /opt/stack/neutron/neutron/api/extensions.py:156}}
Jun 24 00:56:01.307674 np0000182652 devstack@neutron-api.service[103351]: DEBUG neutron.plugins.ml2.drivers.ovn.mech_driver.mech_driver [None req-e72e62af-ac51-4269-9ca2-461c58716632 None None] Hash Ring setup using WSGI start time 2026-06-24 00:55:54+00:00 {{(pid=103351) _init_hash_ring /opt/stack/neutron/neutron/plugins/ml2/drivers/ovn/mech_driver/mech_driver.py:404}}
Jun 24 00:56:01.307796 np0000182652 devstack@neutron-api.service[103354]: DEBUG neutron.api.extensions [None req-e78595c3-f132-48cf-8841-2c37d0847d94 None None] Extended resource: auto-allocated-topology {{(pid=103354) __init__ /opt/stack/neutron/neutron/api/extensions.py:156}}
Jun 24 00:56:01.309228 np0000182652 devstack@neutron-api.service[103354]: DEBUG neutron.api.extensions [None req-e78595c3-f132-48cf-8841-2c37d0847d94 None None] Extended resource: availability_zones {{(pid=103354) __init__ /opt/stack/neutron/neutron/api/extensions.py:156}}
Jun 24 00:56:01.309754 np0000182652 devstack@neutron-api.service[103354]: DEBUG neutron.api.extensions [None req-e78595c3-f132-48cf-8841-2c37d0847d94 None None] Extended resource: dhcp-networks {{(pid=103354) __init__ /opt/stack/neutron/neutron/api/extensions.py:156}}
Jun 24 00:56:01.310704 np0000182652 devstack@neutron-api.service[103354]: DEBUG neutron.api.extensions [None req-e78595c3-f132-48cf-8841-2c37d0847d94 None None] Extended resource: dhcp-agents {{(pid=103354) __init__ /opt/stack/neutron/neutron/api/extensions.py:156}}
Jun 24 00:56:01.311257 np0000182652 devstack@neutron-api.service[103354]: DEBUG neutron.api.extensions [None req-e78595c3-f132-48cf-8841-2c37d0847d94 None None] Extended resource: routers {{(pid=103354) __init__ /opt/stack/neutron/neutron/api/extensions.py:156}}
Jun 24 00:56:01.312417 np0000182652 devstack@neutron-api.service[103354]: DEBUG neutron.api.extensions [None req-e78595c3-f132-48cf-8841-2c37d0847d94 None None] Extended resource: flavors {{(pid=103354) __init__ /opt/stack/neutron/neutron/api/extensions.py:156}}
Jun 24 00:56:01.312913 np0000182652 devstack@neutron-api.service[103354]: DEBUG neutron.api.extensions [None req-e78595c3-f132-48cf-8841-2c37d0847d94 None None] Extended resource: service_profiles {{(pid=103354) __init__ /opt/stack/neutron/neutron/api/extensions.py:156}}
Jun 24 00:56:01.314325 np0000182652 devstack@neutron-api.service[103354]: DEBUG neutron.api.extensions [None req-e78595c3-f132-48cf-8841-2c37d0847d94 None None] Extended resource: next_providers {{(pid=103354) __init__ /opt/stack/neutron/neutron/api/extensions.py:156}}
Jun 24 00:56:01.314455 np0000182652 devstack@neutron-api.service[103352]: DEBUG neutron.plugins.ml2.drivers.ovn.mech_driver.mech_driver [None req-91cab1ad-a9a8-4d05-9468-70a5d2a27a28 None None] Hash Ring setup, this worker has detected 2 OVN hash ring registers in the database {{(pid=103352) _init_hash_ring /opt/stack/neutron/neutron/plugins/ml2/drivers/ovn/mech_driver/mech_driver.py:414}}
Jun 24 00:56:01.314607 np0000182652 devstack@neutron-api.service[103354]: DEBUG neutron.api.extensions [None req-e78595c3-f132-48cf-8841-2c37d0847d94 None None] Extended resource: service_profiles {{(pid=103354) __init__ /opt/stack/neutron/neutron/api/extensions.py:156}}
Jun 24 00:56:01.316535 np0000182652 devstack@neutron-api.service[103354]: DEBUG neutron.api.extensions [None req-e78595c3-f132-48cf-8841-2c37d0847d94 None None] Extended resource: floatingip-pools {{(pid=103354) __init__ /opt/stack/neutron/neutron/api/extensions.py:156}}
Jun 24 00:56:01.317154 np0000182652 devstack@neutron-api.service[103354]: DEBUG neutron.api.extensions [None req-e78595c3-f132-48cf-8841-2c37d0847d94 None None] Extended resource: routers {{(pid=103354) __init__ /opt/stack/neutron/neutron/api/extensions.py:156}}
Jun 24 00:56:01.318249 np0000182652 devstack@neutron-api.service[103354]: DEBUG neutron.api.extensions [None req-e78595c3-f132-48cf-8841-2c37d0847d94 None None] Extended resource: floatingips {{(pid=103354) __init__ /opt/stack/neutron/neutron/api/extensions.py:156}}
Jun 24 00:56:01.318470 np0000182652 devstack@neutron-api.service[103351]: INFO neutron.db.ovn_hash_ring_db [None req-e72e62af-ac51-4269-9ca2-461c58716632 None None] Nodes from host "np0000182652" and group "mechanism_driver" removed from the Hash Ring created at 2026-06-24 00:55:54+00:00
Jun 24 00:56:01.318803 np0000182652 devstack@neutron-api.service[103354]: DEBUG neutron.api.extensions [None req-e78595c3-f132-48cf-8841-2c37d0847d94 None None] Extended resource: l3-routers {{(pid=103354) __init__ /opt/stack/neutron/neutron/api/extensions.py:156}}
Jun 24 00:56:01.319477 np0000182652 devstack@neutron-api.service[103354]: DEBUG neutron.api.extensions [None req-e78595c3-f132-48cf-8841-2c37d0847d94 None None] Extended resource: l3-agents {{(pid=103354) __init__ /opt/stack/neutron/neutron/api/extensions.py:156}}
Jun 24 00:56:01.320515 np0000182652 devstack@neutron-api.service[103354]: DEBUG neutron.api.extensions [None req-e78595c3-f132-48cf-8841-2c37d0847d94 None None] Extended resource: network-ip-availabilities {{(pid=103354) __init__ /opt/stack/neutron/neutron/api/extensions.py:156}}
Jun 24 00:56:01.321268 np0000182652 devstack@neutron-api.service[103351]: INFO neutron.db.ovn_hash_ring_db [None req-e72e62af-ac51-4269-9ca2-461c58716632 None None] Node 0be350b94f9252d9b9708a0cf64425df from host "np0000182652" and group "mechanism_driver" added to the Hash Ring
Jun 24 00:56:01.321365 np0000182652 devstack@neutron-api.service[103354]: DEBUG neutron.api.extensions [None req-e78595c3-f132-48cf-8841-2c37d0847d94 None None] Extended resource: network-ip-availabilities {{(pid=103354) __init__ /opt/stack/neutron/neutron/api/extensions.py:156}}
Jun 24 00:56:01.322028 np0000182652 devstack@neutron-api.service[103354]: DEBUG neutron.api.extensions [None req-e78595c3-f132-48cf-8841-2c37d0847d94 None None] Extended resource: bindings {{(pid=103354) __init__ /opt/stack/neutron/neutron/api/extensions.py:156}}
Jun 24 00:56:01.323063 np0000182652 devstack@neutron-api.service[103354]: DEBUG neutron.api.extensions [None req-e78595c3-f132-48cf-8841-2c37d0847d94 None None] Extended resource: quotas {{(pid=103354) __init__ /opt/stack/neutron/neutron/api/extensions.py:156}}
Jun 24 00:56:01.323885 np0000182652 devstack@neutron-api.service[103352]: DEBUG neutron.plugins.ml2.drivers.ovn.mech_driver.ovsdb.maintenance [None req-91cab1ad-a9a8-4d05-9468-70a5d2a27a28 None None] Periodic task found: HashRingHealthCheckPeriodics.touch_hash_ring_node {{(pid=103352) add_periodics /opt/stack/neutron/neutron/plugins/ml2/drivers/ovn/mech_driver/ovsdb/maintenance.py:146}}
Jun 24 00:56:01.324332 np0000182652 devstack@neutron-api.service[103354]: DEBUG neutron.api.extensions [None req-e78595c3-f132-48cf-8841-2c37d0847d94 None None] Extended resource: quotas {{(pid=103354) __init__ /opt/stack/neutron/neutron/api/extensions.py:156}}
Jun 24 00:56:01.324776 np0000182652 devstack@neutron-api.service[103352]: INFO neutron.plugins.ml2.drivers.ovn.mech_driver.mech_driver [None req-91cab1ad-a9a8-4d05-9468-70a5d2a27a28 None None] Hash Ring probing thread for node 99d9e36dc93f509c9c43a49750ab0d69 has started
Jun 24 00:56:01.325470 np0000182652 devstack@neutron-api.service[103351]: DEBUG neutron.plugins.ml2.drivers.ovn.mech_driver.mech_driver [None req-e72e62af-ac51-4269-9ca2-461c58716632 None None] Hash Ring setup, this worker has detected 3 OVN hash ring registers in the database {{(pid=103351) _init_hash_ring /opt/stack/neutron/neutron/plugins/ml2/drivers/ovn/mech_driver/mech_driver.py:414}}
Jun 24 00:56:01.325899 np0000182652 devstack@neutron-api.service[103354]: DEBUG neutron.api.extensions [None req-e78595c3-f132-48cf-8841-2c37d0847d94 None None] Extended resource: rbac-policies {{(pid=103354) __init__ /opt/stack/neutron/neutron/api/extensions.py:156}}
Jun 24 00:56:01.325899 np0000182652 devstack@neutron-api.service[103354]: DEBUG neutron.api.extensions [None req-e78595c3-f132-48cf-8841-2c37d0847d94 None None] Extended resource: default-security-group-rules {{(pid=103354) __init__ /opt/stack/neutron/neutron/api/extensions.py:156}}
Jun 24 00:56:01.326344 np0000182652 devstack@neutron-api.service[103352]: INFO neutron.plugins.ml2.drivers.ovn.mech_driver.ovsdb.impl_idl_ovn [None req-91cab1ad-a9a8-4d05-9468-70a5d2a27a28 None None] Getting OvsdbNbOvnIdl for WorkerService with retry
Jun 24 00:56:01.326756 np0000182652 devstack@neutron-api.service[103354]: DEBUG neutron.api.extensions [None req-e78595c3-f132-48cf-8841-2c37d0847d94 None None] Extended resource: security-groups-default-statefulness {{(pid=103354) __init__ /opt/stack/neutron/neutron/api/extensions.py:156}}
Jun 24 00:56:01.326756 np0000182652 devstack@neutron-api.service[103354]: DEBUG neutron.api.extensions [None req-e78595c3-f132-48cf-8841-2c37d0847d94 None None] Extended resource: security-groups {{(pid=103354) __init__ /opt/stack/neutron/neutron/api/extensions.py:156}}
Jun 24 00:56:01.327911 np0000182652 devstack@neutron-api.service[103354]: DEBUG neutron.api.extensions [None req-e78595c3-f132-48cf-8841-2c37d0847d94 None None] Extended resource: security-group-rules {{(pid=103354) __init__ /opt/stack/neutron/neutron/api/extensions.py:156}}
Jun 24 00:56:01.331146 np0000182652 devstack@neutron-api.service[103354]: DEBUG neutron.api.extensions [None req-e78595c3-f132-48cf-8841-2c37d0847d94 None None] Extended resource: service-providers {{(pid=103354) __init__ /opt/stack/neutron/neutron/api/extensions.py:156}}
Jun 24 00:56:01.334159 np0000182652 devstack@neutron-api.service[103354]: DEBUG neutron.api.extensions [None req-e78595c3-f132-48cf-8841-2c37d0847d94 None None] Extended resource: subnetpools {{(pid=103354) __init__ /opt/stack/neutron/neutron/api/extensions.py:156}}
