2026-05-09 17:59:36.102 8 INFO placement.requestlog [None req-4a508b27-7745-4c93-beec-c431f3affcc1 b50b365b391a4f7da0a0594c61859122 2fad11c6b1af4285a6993ea1faccb310 - - 8331d23e04924e428b425090a02759d0 8331d23e04924e428b425090a02759d0] 10.0.0.153 "DELETE /resource_providers/6276117a-3b26-430d-8760-2565ced8b6c5" status: 404 len: 246 microversion: 1.1 [pid: 8|app: 0|req: 368/731] 10.0.0.153 () {34 vars in 816 bytes} [Sat May 9 17:59:36 2026] DELETE /resource_providers/6276117a-3b26-430d-8760-2565ced8b6c5 => generated 246 bytes in 14 msecs (HTTP/1.1 404) 6 headers in 231 bytes (1 switches on core 0)
2026-05-09 17:59:36.659 7 INFO placement.requestlog [None req-2bb23dd7-3bee-49f6-9c65-f5782d77a355 b50b365b391a4f7da0a0594c61859122 2fad11c6b1af4285a6993ea1faccb310 - - 8331d23e04924e428b425090a02759d0 8331d23e04924e428b425090a02759d0] 10.0.0.153 "GET /resource_providers/416fcc86-a62a-4f1f-acf0-851b4cd67696/aggregates" status: 404 len: 235 microversion: 1.1 [pid: 7|app: 0|req: 364/732] 10.0.0.153 () {32 vars in 816 bytes} [Sat May 9 17:59:36 2026] GET /resource_providers/416fcc86-a62a-4f1f-acf0-851b4cd67696/aggregates => generated 235 bytes in 17 msecs (HTTP/1.1 404) 5 headers in 202 bytes (1 switches on core 0)
2026-05-09 17:59:36.661 8 INFO placement.requestlog [None req-cfa5c92a-3bed-48a1-b59c-133655ab2532 b50b365b391a4f7da0a0594c61859122 2fad11c6b1af4285a6993ea1faccb310 - - 8331d23e04924e428b425090a02759d0 8331d23e04924e428b425090a02759d0] 10.0.0.153 "GET /resource_providers/416fcc86-a62a-4f1f-acf0-851b4cd67696/aggregates" status: 404 len: 235 microversion: 1.1 [pid: 8|app: 0|req: 369/733] 10.0.0.153 () {32 vars in 816 bytes} [Sat May 9 17:59:36 2026] GET /resource_providers/416fcc86-a62a-4f1f-acf0-851b4cd67696/aggregates => generated 235 bytes in 12 msecs (HTTP/1.1 404) 5 headers in 202 bytes (1 switches on core 0)
2026-05-09 17:59:36.672 7 INFO placement.requestlog [None req-0898c124-c30f-4208-9ed3-30fd20c3fc33 b50b365b391a4f7da0a0594c61859122 2fad11c6b1af4285a6993ea1faccb310 - - 8331d23e04924e428b425090a02759d0 8331d23e04924e428b425090a02759d0] 10.0.0.153 "DELETE /resource_providers/416fcc86-a62a-4f1f-acf0-851b4cd67696" status: 404 len: 246 microversion: 1.1 [pid: 7|app: 0|req: 365/734] 10.0.0.153 () {34 vars in 816 bytes} [Sat May 9 17:59:36 2026] DELETE /resource_providers/416fcc86-a62a-4f1f-acf0-851b4cd67696 => generated 246 bytes in 7 msecs (HTTP/1.1 404) 6 headers in 231 bytes (1 switches on core 0)
2026-05-09 17:59:36.679 8 INFO placement.requestlog [None req-61d2bc37-9214-4b93-b6eb-9f61ab691a20 b50b365b391a4f7da0a0594c61859122 2fad11c6b1af4285a6993ea1faccb310 - - 8331d23e04924e428b425090a02759d0 8331d23e04924e428b425090a02759d0] 10.0.0.153 "DELETE /resource_providers/416fcc86-a62a-4f1f-acf0-851b4cd67696" status: 404 len: 246 microversion: 1.1 [pid: 8|app: 0|req: 370/735] 10.0.0.153 () {34 vars in 816 bytes} [Sat May 9 17:59:36 2026] DELETE /resource_providers/416fcc86-a62a-4f1f-acf0-851b4cd67696 => generated 246 bytes in 9 msecs (HTTP/1.1 404) 6 headers in 231 bytes (1 switches on core 0)
2026-05-09 17:59:41.931 8 INFO placement.requestlog [None req-384a854e-1aef-4db6-88f8-da80d26c77d5 - - - - - -] 10.0.0.156 "GET /" status: 200 len: 136 microversion: 1.0
2026-05-09 17:59:41.931 7 INFO placement.requestlog [None req-cd44d460-620d-4c7f-ae30-948be13bb3f1 - - - - - -] 10.0.0.156 "GET /" status: 200 len: 136 microversion: 1.0
2026-05-09 17:59:42.059 7 INFO placement.requestlog [None req-b1f82f57-1bba-45b8-870f-67a758f2c174 b50b365b391a4f7da0a0594c61859122 2fad11c6b1af4285a6993ea1faccb310 - - 8331d23e04924e428b425090a02759d0 8331d23e04924e428b425090a02759d0] 10.0.0.153 "GET /resource_providers/e1bbf137-a080-4bea-a17a-98fc283e8b36/aggregates" status: 404 len: 235 microversion: 1.1 [pid: 7|app: 0|req: 367/738] 10.0.0.153 () {32 vars in 816 bytes} [Sat May 9 17:59:42 2026] GET /resource_providers/e1bbf137-a080-4bea-a17a-98fc283e8b36/aggregates => generated 235 bytes in 13 msecs (HTTP/1.1 404) 5 headers in 202 bytes (1 switches on core 0)
2026-05-09 17:59:42.072 8 INFO placement.requestlog [None req-366c0316-8021-46c4-92af-eb04bcbc1b0c b50b365b391a4f7da0a0594c61859122 2fad11c6b1af4285a6993ea1faccb310 - - 8331d23e04924e428b425090a02759d0 8331d23e04924e428b425090a02759d0] 10.0.0.153 "GET /resource_providers/e1bbf137-a080-4bea-a17a-98fc283e8b36/aggregates" status: 404 len: 235 microversion: 1.1 [pid: 8|app: 0|req: 372/739] 10.0.0.153 () {32 vars in 816 bytes} [Sat May 9 17:59:42 2026] GET /resource_providers/e1bbf137-a080-4bea-a17a-98fc283e8b36/aggregates => generated 235 bytes in 26 msecs (HTTP/1.1 404) 5 headers in 202 bytes (1 switches on core 0)
2026-05-09 17:59:42.079 7 INFO placement.requestlog [None req-6f08fe28-d184-4f4b-9088-239ef0f39967 b50b365b391a4f7da0a0594c61859122 2fad11c6b1af4285a6993ea1faccb310 - - 8331d23e04924e428b425090a02759d0 8331d23e04924e428b425090a02759d0] 10.0.0.153 "DELETE /resource_providers/e1bbf137-a080-4bea-a17a-98fc283e8b36" status: 404 len: 246 microversion: 1.1 [pid: 7|app: 0|req: 368/740] 10.0.0.153 () {34 vars in 816 bytes} [Sat May 9 17:59:42 2026] DELETE /resource_providers/e1bbf137-a080-4bea-a17a-98fc283e8b36 => generated 246 bytes in 11 msecs (HTTP/1.1 404) 6 headers in 231 bytes (1 switches on core 0)
2026-05-09 17:59:42.091 8 INFO placement.requestlog [None req-b54a75dd-cfb5-4362-bb60-10c9fe06bfe5 b50b365b391a4f7da0a0594c61859122 2fad11c6b1af4285a6993ea1faccb310 - - 8331d23e04924e428b425090a02759d0 8331d23e04924e428b425090a02759d0] 10.0.0.153 "DELETE /resource_providers/e1bbf137-a080-4bea-a17a-98fc283e8b36" status: 404 len: 246 microversion: 1.1 [pid: 8|app: 0|req: 373/741] 10.0.0.153 () {34 vars in 816 bytes} [Sat May 9 17:59:42 2026] DELETE /resource_providers/e1bbf137-a080-4bea-a17a-98fc283e8b36 => generated 246 bytes in 13 msecs (HTTP/1.1 404) 6 headers in 231 bytes (1 switches on core 0)
2026-05-09 17:59:42.092 7 INFO placement.requestlog [None req-1a12c183-ef02-4663-91ad-3cf5f68de67b b50b365b391a4f7da0a0594c61859122 2fad11c6b1af4285a6993ea1faccb310 - - 8331d23e04924e428b425090a02759d0 8331d23e04924e428b425090a02759d0] 10.0.0.153 "GET /resource_providers/5d7a392e-c8d2-4838-9340-d77c787610ba/aggregates" status: 404 len: 235 microversion: 1.1 [pid: 7|app: 0|req: 369/742] 10.0.0.153 () {32 vars in 816 bytes} [Sat May 9 17:59:42 2026] GET /resource_providers/5d7a392e-c8d2-4838-9340-d77c787610ba/aggregates => generated 235 bytes in 11 msecs (HTTP/1.1 404) 5 headers in 202 bytes (1 switches on core 0)
2026-05-09 17:59:42.101 8 INFO placement.requestlog [None req-ddf41f26-27e0-4f1b-a98e-37aa027e7f5c b50b365b391a4f7da0a0594c61859122 2fad11c6b1af4285a6993ea1faccb310 - - 8331d23e04924e428b425090a02759d0 8331d23e04924e428b425090a02759d0] 10.0.0.153 "GET /resource_providers/5d7a392e-c8d2-4838-9340-d77c787610ba/aggregates" status: 404 len: 235 microversion: 1.1 [pid: 8|app: 0|req: 374/743] 10.0.0.153 () {32 vars in 816 bytes} [Sat May 9 17:59:42 2026] GET /resource_providers/5d7a392e-c8d2-4838-9340-d77c787610ba/aggregates => generated 235 bytes in 10 msecs (HTTP/1.1 404) 5 headers in 202 bytes (1 switches on core 0)
2026-05-09 17:59:42.125 8 INFO placement.requestlog [None req-c0a6a6ee-be7b-4523-bbce-1e9fd76e0dcf b50b365b391a4f7da0a0594c61859122 2fad11c6b1af4285a6993ea1faccb310 - - 8331d23e04924e428b425090a02759d0 8331d23e04924e428b425090a02759d0] 10.0.0.153 "DELETE /resource_providers/5d7a392e-c8d2-4838-9340-d77c787610ba" status: 404 len: 246 microversion: 1.1 [pid: 8|app: 0|req: 375/744] 10.0.0.153 () {34 vars in 816 bytes} [Sat May 9 17:59:42 2026] DELETE /resource_providers/5d7a392e-c8d2-4838-9340-d77c787610ba => generated 246 bytes in 8 msecs (HTTP/1.1 404) 6 headers in 231 bytes (1 switches on core 0)
2026-05-09 17:59:42.129 7 INFO placement.requestlog [None req-540eb6b9-431d-4ee9-8197-87d91a97ffbd b50b365b391a4f7da0a0594c61859122 2fad11c6b1af4285a6993ea1faccb310 - - 8331d23e04924e428b425090a02759d0 8331d23e04924e428b425090a02759d0] 10.0.0.153 "DELETE /resource_providers/5d7a392e-c8d2-4838-9340-d77c787610ba" status: 404 len: 246 microversion: 1.1 [pid: 7|app: 0|req: 370/745] 10.0.0.153 () {34 vars in 816 bytes} [Sat May 9 17:59:42 2026] DELETE /resource_providers/5d7a392e-c8d2-4838-9340-d77c787610ba => generated 246 bytes in 12 msecs (HTTP/1.1 404) 6 headers in 231 bytes (1 switches on core 0)
2026-05-09 17:59:43.274 8 INFO placement.requestlog [req-79493a4f-6f79-4226-895d-fb9224ff1864 req-db368d6a-1c2a-447a-9199-68315e7fddc6 cc579e5be3ef431ba38213eacb8529c3 2fad11c6b1af4285a6993ea1faccb310 - - 8331d23e04924e428b425090a02759d0 8331d23e04924e428b425090a02759d0] 199.204.45.242 "GET /resource_providers/67200f3e-79d2-4224-bef4-446fcd5453ad/allocations" status: 200 len: 54 microversion: 1.0 [pid: 8|app: 0|req: 376/746] 199.204.45.242 () {32 vars in 857 bytes} [Sat May 9 17:59:43 2026] GET /resource_providers/67200f3e-79d2-4224-bef4-446fcd5453ad/allocations => generated 54 bytes in 171 msecs (HTTP/1.1 200) 6 headers in 223 bytes (1 switches on core 0)
2026-05-09 17:59:43.303 7 INFO placement.requestlog [req-79493a4f-6f79-4226-895d-fb9224ff1864 req-aa215620-693c-472e-8556-af45bfbb45e0 cc579e5be3ef431ba38213eacb8529c3 2fad11c6b1af4285a6993ea1faccb310 - - 8331d23e04924e428b425090a02759d0 8331d23e04924e428b425090a02759d0] 199.204.45.242 "GET /resource_providers?in_tree=67200f3e-79d2-4224-bef4-446fcd5453ad" status: 200 len: 797 microversion: 1.14 [pid: 7|app: 0|req: 371/747] 199.204.45.242 () {34 vars in 892 bytes} [Sat May 9 17:59:43 2026] GET /resource_providers?in_tree=67200f3e-79d2-4224-bef4-446fcd5453ad => generated 797 bytes in 22 msecs (HTTP/1.1 200) 6 headers in 225 bytes (1 switches on core 0)
2026-05-09 17:59:43.332 8 INFO placement.requestlog [req-79493a4f-6f79-4226-895d-fb9224ff1864 req-cacb8954-de0e-498b-a4d1-439a404f0a96 cc579e5be3ef431ba38213eacb8529c3 2fad11c6b1af4285a6993ea1faccb310 - - 8331d23e04924e428b425090a02759d0 8331d23e04924e428b425090a02759d0] 199.204.45.242 "GET /resource_providers/67200f3e-79d2-4224-bef4-446fcd5453ad/inventories" status: 200 len: 400 microversion: 1.0 [pid: 8|app: 0|req: 377/748] 199.204.45.242 () {32 vars in 857 bytes} [Sat May 9 17:59:43 2026] GET /resource_providers/67200f3e-79d2-4224-bef4-446fcd5453ad/inventories => generated 400 bytes in 18 msecs (HTTP/1.1 200) 6 headers in 224 bytes (1 switches on core 0)
2026-05-09 17:59:43.358 7 INFO placement.requestlog [req-79493a4f-6f79-4226-895d-fb9224ff1864 req-47957045-6cde-4495-bc5c-e3cb9c05c44f cc579e5be3ef431ba38213eacb8529c3 2fad11c6b1af4285a6993ea1faccb310 - - 8331d23e04924e428b425090a02759d0 8331d23e04924e428b425090a02759d0] 199.204.45.242 "GET /resource_providers/67200f3e-79d2-4224-bef4-446fcd5453ad/aggregates" status: 200 len: 53 microversion: 1.19 [pid: 7|app: 0|req: 372/749] 199.204.45.242 () {34 vars in 899 bytes} [Sat May 9 17:59:43 2026] GET /resource_providers/67200f3e-79d2-4224-bef4-446fcd5453ad/aggregates => generated 53 bytes in 16 msecs (HTTP/1.1 200) 8 headers in 295 bytes (1 switches on core 0)
2026-05-09 17:59:43.395 8 INFO placement.requestlog [req-79493a4f-6f79-4226-895d-fb9224ff1864 req-98d77915-c0f8-4c11-bd2b-238a877c10c8 cc579e5be3ef431ba38213eacb8529c3 2fad11c6b1af4285a6993ea1faccb310 - - 8331d23e04924e428b425090a02759d0 8331d23e04924e428b425090a02759d0] 199.204.45.242 "GET /resource_providers/67200f3e-79d2-4224-bef4-446fcd5453ad/traits" status: 200 len: 1723 microversion: 1.6 [pid: 8|app: 0|req: 378/750] 199.204.45.242 () {34 vars in 890 bytes} [Sat May 9 17:59:43 2026] GET /resource_providers/67200f3e-79d2-4224-bef4-446fcd5453ad/traits => generated 1723 bytes in 27 msecs (HTTP/1.1 200) 6 headers in 225 bytes (1 switches on core 0)
2026-05-09 17:59:43.417 7 INFO placement.requestlog [req-79493a4f-6f79-4226-895d-fb9224ff1864 req-fd0151e0-9ec0-436e-aa56-5dd69ffdb698 cc579e5be3ef431ba38213eacb8529c3 2fad11c6b1af4285a6993ea1faccb310 - - 8331d23e04924e428b425090a02759d0 8331d23e04924e428b425090a02759d0] 199.204.45.242 "GET /resource_providers/67200f3e-79d2-4224-bef4-446fcd5453ad/allocations" status: 200 len: 54 microversion: 1.0 [pid: 7|app: 0|req: 373/751] 199.204.45.242 () {32 vars in 857 bytes} [Sat May 9 17:59:43 2026] GET /resource_providers/67200f3e-79d2-4224-bef4-446fcd5453ad/allocations => generated 54 bytes in 14 msecs (HTTP/1.1 200) 6 headers in 223 bytes (1 switches on core 0)
2026-05-09 17:59:44.145 8 INFO placement.requestlog [None req-1863877d-17ca-4b89-a426-131526078c44 b50b365b391a4f7da0a0594c61859122 2fad11c6b1af4285a6993ea1faccb310 - - 8331d23e04924e428b425090a02759d0 8331d23e04924e428b425090a02759d0] 10.0.0.153 "GET /resource_providers/13370503-758a-480c-a716-e26433858a58/aggregates" status: 404 len: 235 microversion: 1.1 [pid: 8|app: 0|req: 379/752] 10.0.0.153 () {32 vars in 816 bytes} [Sat May 9 17:59:44 2026] GET /resource_providers/13370503-758a-480c-a716-e26433858a58/aggregates => generated 235 bytes in 10 msecs (HTTP/1.1 404) 5 headers in 202 bytes (1 switches on core 0)
2026-05-09 17:59:44.151 7 INFO placement.requestlog [None req-8941d5bc-12e2-453f-8ce7-4212aa0e1976 b50b365b391a4f7da0a0594c61859122 2fad11c6b1af4285a6993ea1faccb310 - - 8331d23e04924e428b425090a02759d0 8331d23e04924e428b425090a02759d0] 10.0.0.153 "GET /resource_providers/13370503-758a-480c-a716-e26433858a58/aggregates" status: 404 len: 235 microversion: 1.1 [pid: 7|app: 0|req: 374/753] 10.0.0.153 () {32 vars in 816 bytes} [Sat May 9 17:59:44 2026] GET /resource_providers/13370503-758a-480c-a716-e26433858a58/aggregates => generated 235 bytes in 10 msecs (HTTP/1.1 404) 5 headers in 202 bytes (1 switches on core 0)
2026-05-09 17:59:44.167 7 INFO placement.requestlog [None req-31b418db-3f21-43ff-bc69-82b9c5c08a8e b50b365b391a4f7da0a0594c61859122 2fad11c6b1af4285a6993ea1faccb310 - - 8331d23e04924e428b425090a02759d0 8331d23e04924e428b425090a02759d0] 10.0.0.153 "DELETE /resource_providers/13370503-758a-480c-a716-e26433858a58" status: 404 len: 246 microversion: 1.1 [pid: 7|app: 0|req: 375/754] 10.0.0.153 () {34 vars in 816 bytes} [Sat May 9 17:59:44 2026] DELETE /resource_providers/13370503-758a-480c-a716-e26433858a58 => generated 246 bytes in 8 msecs (HTTP/1.1 404) 6 headers in 231 bytes (1 switches on core 0)
2026-05-09 17:59:44.170 8 INFO placement.requestlog [None req-633782b9-f629-4c45-a354-457b1acbf805 b50b365b391a4f7da0a0594c61859122 2fad11c6b1af4285a6993ea1faccb310 - - 8331d23e04924e428b425090a02759d0 8331d23e04924e428b425090a02759d0] 10.0.0.153 "DELETE /resource_providers/13370503-758a-480c-a716-e26433858a58" status: 404 len: 246 microversion: 1.1 [pid: 8|app: 0|req: 380/755] 10.0.0.153 () {34 vars in 816 bytes} [Sat May 9 17:59:44 2026] DELETE /resource_providers/13370503-758a-480c-a716-e26433858a58 => generated 246 bytes in 12 msecs (HTTP/1.1 404) 6 headers in 231 bytes (1 switches on core 0)
2026-05-09 17:59:46.209 7 INFO placement.requestlog [None req-b109c3b7-046e-4fba-8774-44880dec23d6 b50b365b391a4f7da0a0594c61859122 2fad11c6b1af4285a6993ea1faccb310 - - 8331d23e04924e428b425090a02759d0 8331d23e04924e428b425090a02759d0] 10.0.0.153 "GET /resource_providers/e864d7d7-d2aa-4154-911e-34f39f2f865f/aggregates" status: 404 len: 235 microversion: 1.1 [pid: 7|app: 0|req: 376/756] 10.0.0.153 () {32 vars in 816 bytes} [Sat May 9 17:59:46 2026] GET /resource_providers/e864d7d7-d2aa-4154-911e-34f39f2f865f/aggregates => generated 235 bytes in 15 msecs (HTTP/1.1 404) 5 headers in 202 bytes (1 switches on core 0)
2026-05-09 17:59:46.215 8 INFO placement.requestlog [None req-dc8754b1-7b4d-42d5-9e13-8b30274b4906 b50b365b391a4f7da0a0594c61859122 2fad11c6b1af4285a6993ea1faccb310 - - 8331d23e04924e428b425090a02759d0 8331d23e04924e428b425090a02759d0] 10.0.0.153 "GET /resource_providers/e864d7d7-d2aa-4154-911e-34f39f2f865f/aggregates" status: 404 len: 235 microversion: 1.1 [pid: 8|app: 0|req: 381/757] 10.0.0.153 () {32 vars in 816 bytes} [Sat May 9 17:59:46 2026] GET /resource_providers/e864d7d7-d2aa-4154-911e-34f39f2f865f/aggregates => generated 235 bytes in 20 msecs (HTTP/1.1 404) 5 headers in 202 bytes (1 switches on core 0)
2026-05-09 17:59:46.259 8 INFO placement.requestlog [None req-2a95177d-a604-44c6-a5ed-56471057fd2a b50b365b391a4f7da0a0594c61859122 2fad11c6b1af4285a6993ea1faccb310 - - 8331d23e04924e428b425090a02759d0 8331d23e04924e428b425090a02759d0] 10.0.0.153 "DELETE /resource_providers/e864d7d7-d2aa-4154-911e-34f39f2f865f" status: 404 len: 246 microversion: 1.1
2026-05-09 17:59:46.260 7 INFO placement.requestlog [None req-97d52f44-1ca4-461b-95b2-36b2e6d453b2 b50b365b391a4f7da0a0594c61859122 2fad11c6b1af4285a6993ea1faccb310 - - 8331d23e04924e428b425090a02759d0 8331d23e04924e428b425090a02759d0] 10.0.0.153 "DELETE /resource_providers/e864d7d7-d2aa-4154-911e-34f39f2f865f" status: 404 len: 246 microversion: 1.1 [pid: 8|app: 0|req: 382/758] 10.0.0.153 () {34 vars in 816 bytes} [Sat May 9 17:59:46 2026] DELETE /resource_providers/e864d7d7-d2aa-4154-911e-34f39f2f865f => generated 246 bytes in 12 msecs (HTTP/1.1 404) 6 headers in 231 bytes (1 switches on core 0) [pid: 7|app: 0|req: 377/759] 10.0.0.153 () {34 vars in 816 bytes} [Sat May 9 17:59:46 2026] DELETE /resource_providers/e864d7d7-d2aa-4154-911e-34f39f2f865f => generated 246 bytes in 13 msecs (HTTP/1.1 404) 6 headers in 231 bytes (1 switches on core 0)
2026-05-09 17:59:46.287 8 INFO placement.requestlog [None req-fe077d8f-7d0d-4748-8d6b-787f191c8de7 b50b365b391a4f7da0a0594c61859122 2fad11c6b1af4285a6993ea1faccb310 - - 8331d23e04924e428b425090a02759d0 8331d23e04924e428b425090a02759d0] 10.0.0.153 "GET /resource_providers/845b20b4-252b-4d5b-9a7d-40761e6fb1a2/aggregates" status: 404 len: 235 microversion: 1.1 [pid: 8|app: 0|req: 383/760] 10.0.0.153 () {32 vars in 816 bytes} [Sat May 9 17:59:46 2026] GET /resource_providers/845b20b4-252b-4d5b-9a7d-40761e6fb1a2/aggregates => generated 235 bytes in 7 msecs (HTTP/1.1 404) 5 headers in 202 bytes (1 switches on core 0)
2026-05-09 17:59:46.305 7 INFO placement.requestlog [None req-073b4123-f811-4764-8131-a079b34b071b b50b365b391a4f7da0a0594c61859122 2fad11c6b1af4285a6993ea1faccb310 - - 8331d23e04924e428b425090a02759d0 8331d23e04924e428b425090a02759d0] 10.0.0.153 "GET /resource_providers/845b20b4-252b-4d5b-9a7d-40761e6fb1a2/aggregates" status: 404 len: 235 microversion: 1.1 [pid: 7|app: 0|req: 378/761] 10.0.0.153 () {32 vars in 816 bytes} [Sat May 9 17:59:46 2026] GET /resource_providers/845b20b4-252b-4d5b-9a7d-40761e6fb1a2/aggregates => generated 235 bytes in 16 msecs (HTTP/1.1 404) 5 headers in 202 bytes (1 switches on core 0)
2026-05-09 17:59:46.341 7 INFO placement.requestlog [None req-9510d2c5-1452-486e-b0ba-5bd40089707f b50b365b391a4f7da0a0594c61859122 2fad11c6b1af4285a6993ea1faccb310 - - 8331d23e04924e428b425090a02759d0 8331d23e04924e428b425090a02759d0] 10.0.0.153 "DELETE /resource_providers/845b20b4-252b-4d5b-9a7d-40761e6fb1a2" status: 404 len: 246 microversion: 1.1 [pid: 7|app: 0|req: 379/762] 10.0.0.153 () {34 vars in 816 bytes} [Sat May 9 17:59:46 2026] DELETE /resource_providers/845b20b4-252b-4d5b-9a7d-40761e6fb1a2 => generated 246 bytes in 14 msecs (HTTP/1.1 404) 6 headers in 231 bytes (1 switches on core 0)
2026-05-09 17:59:46.342 8 INFO placement.requestlog [None req-1b24c39f-fefa-444d-bed0-e009573453c1 b50b365b391a4f7da0a0594c61859122 2fad11c6b1af4285a6993ea1faccb310 - - 8331d23e04924e428b425090a02759d0 8331d23e04924e428b425090a02759d0] 10.0.0.153 "DELETE /resource_providers/845b20b4-252b-4d5b-9a7d-40761e6fb1a2" status: 404 len: 246 microversion: 1.1 [pid: 8|app: 0|req: 384/763] 10.0.0.153 () {34 vars in 816 bytes} [Sat May 9 17:59:46 2026] DELETE /resource_providers/845b20b4-252b-4d5b-9a7d-40761e6fb1a2 => generated 246 bytes in 19 msecs (HTTP/1.1 404) 6 headers in 231 bytes (1 switches on core 0)
2026-05-09 17:59:48.742 7 INFO placement.requestlog [None req-7e82c10e-56de-4107-8d9c-62e9c36acde5 b50b365b391a4f7da0a0594c61859122 2fad11c6b1af4285a6993ea1faccb310 - - 8331d23e04924e428b425090a02759d0 8331d23e04924e428b425090a02759d0] 10.0.0.153 "GET /resource_providers/25775a4f-5f83-43f6-a688-14cdc11c8b7f/aggregates" status: 404 len: 235 microversion: 1.1 [pid: 7|app: 0|req: 380/764] 10.0.0.153 () {32 vars in 816 bytes} [Sat May 9 17:59:48 2026] GET /resource_providers/25775a4f-5f83-43f6-a688-14cdc11c8b7f/aggregates => generated 235 bytes in 9 msecs (HTTP/1.1 404) 5 headers in 202 bytes (1 switches on core 0)
2026-05-09 17:59:48.748 8 INFO placement.requestlog [None req-5e605d6a-1b5d-4921-afa6-8db1cc5c6502 b50b365b391a4f7da0a0594c61859122 2fad11c6b1af4285a6993ea1faccb310 - - 8331d23e04924e428b425090a02759d0 8331d23e04924e428b425090a02759d0] 10.0.0.153 "GET /resource_providers/25775a4f-5f83-43f6-a688-14cdc11c8b7f/aggregates" status: 404 len: 235 microversion: 1.1 [pid: 8|app: 0|req: 385/765] 10.0.0.153 () {32 vars in 816 bytes} [Sat May 9 17:59:48 2026] GET /resource_providers/25775a4f-5f83-43f6-a688-14cdc11c8b7f/aggregates => generated 235 bytes in 15 msecs (HTTP/1.1 404) 5 headers in 202 bytes (1 switches on core 0)
2026-05-09 17:59:48.760 7 INFO placement.requestlog [None req-6bd5362d-00e2-4482-a7df-c7e07d73a202 b50b365b391a4f7da0a0594c61859122 2fad11c6b1af4285a6993ea1faccb310 - - 8331d23e04924e428b425090a02759d0 8331d23e04924e428b425090a02759d0] 10.0.0.153 "DELETE /resource_providers/25775a4f-5f83-43f6-a688-14cdc11c8b7f" status: 404 len: 246 microversion: 1.1 [pid: 7|app: 0|req: 381/766] 10.0.0.153 () {34 vars in 816 bytes} [Sat May 9 17:59:48 2026] DELETE /resource_providers/25775a4f-5f83-43f6-a688-14cdc11c8b7f => generated 246 bytes in 9 msecs (HTTP/1.1 404) 6 headers in 231 bytes (1 switches on core 0)
2026-05-09 17:59:48.765 8 INFO placement.requestlog [None req-86d7334a-e424-44b1-a5a4-e72680b6bc21 b50b365b391a4f7da0a0594c61859122 2fad11c6b1af4285a6993ea1faccb310 - - 8331d23e04924e428b425090a02759d0 8331d23e04924e428b425090a02759d0] 10.0.0.153 "DELETE /resource_providers/25775a4f-5f83-43f6-a688-14cdc11c8b7f" status: 404 len: 246 microversion: 1.1 [pid: 8|app: 0|req: 386/767] 10.0.0.153 () {34 vars in 816 bytes} [Sat May 9 17:59:48 2026] DELETE /resource_providers/25775a4f-5f83-43f6-a688-14cdc11c8b7f => generated 246 bytes in 9 msecs (HTTP/1.1 404) 6 headers in 231 bytes (1 switches on core 0)
2026-05-09 17:59:50.806 8 INFO placement.requestlog [None req-c3cbe3e1-4e14-4663-afa8-88b7aac53318 b50b365b391a4f7da0a0594c61859122 2fad11c6b1af4285a6993ea1faccb310 - - 8331d23e04924e428b425090a02759d0 8331d23e04924e428b425090a02759d0] 10.0.0.153 "GET /resource_providers/3c7ef6f9-6f8f-4e86-9778-4df907b51b68/aggregates" status: 404 len: 235 microversion: 1.1 [pid: 8|app: 0|req: 387/768] 10.0.0.153 () {32 vars in 816 bytes} [Sat May 9 17:59:50 2026] GET /resource_providers/3c7ef6f9-6f8f-4e86-9778-4df907b51b68/aggregates => generated 235 bytes in 11 msecs (HTTP/1.1 404) 5 headers in 202 bytes (1 switches on core 0)
2026-05-09 17:59:50.824 7 INFO placement.requestlog [None req-638e0e37-c7dd-4a64-97e0-3181fbe2bcf1 b50b365b391a4f7da0a0594c61859122 2fad11c6b1af4285a6993ea1faccb310 - - 8331d23e04924e428b425090a02759d0 8331d23e04924e428b425090a02759d0] 10.0.0.153 "GET /resource_providers/3c7ef6f9-6f8f-4e86-9778-4df907b51b68/aggregates" status: 404 len: 235 microversion: 1.1 [pid: 7|app: 0|req: 382/769] 10.0.0.153 () {32 vars in 816 bytes} [Sat May 9 17:59:50 2026] GET /resource_providers/3c7ef6f9-6f8f-4e86-9778-4df907b51b68/aggregates => generated 235 bytes in 30 msecs (HTTP/1.1 404) 5 headers in 202 bytes (1 switches on core 0)
2026-05-09 17:59:50.838 8 INFO placement.requestlog [None req-89cf2fad-9405-4597-b434-d4eaefac4b50 b50b365b391a4f7da0a0594c61859122 2fad11c6b1af4285a6993ea1faccb310 - - 8331d23e04924e428b425090a02759d0 8331d23e04924e428b425090a02759d0] 10.0.0.153 "DELETE /resource_providers/3c7ef6f9-6f8f-4e86-9778-4df907b51b68" status: 404 len: 246 microversion: 1.1 [pid: 8|app: 0|req: 388/770] 10.0.0.153 () {34 vars in 816 bytes} [Sat May 9 17:59:50 2026] DELETE /resource_providers/3c7ef6f9-6f8f-4e86-9778-4df907b51b68 => generated 246 bytes in 16 msecs (HTTP/1.1 404) 6 headers in 231 bytes (1 switches on core 0)
2026-05-09 17:59:50.847 7 INFO placement.requestlog [None req-5d4c6bd0-9dd4-4f01-a9de-4d087b865b26 b50b365b391a4f7da0a0594c61859122 2fad11c6b1af4285a6993ea1faccb310 - - 8331d23e04924e428b425090a02759d0 8331d23e04924e428b425090a02759d0] 10.0.0.153 "DELETE /resource_providers/3c7ef6f9-6f8f-4e86-9778-4df907b51b68" status: 404 len: 246 microversion: 1.1 [pid: 7|app: 0|req: 383/771] 10.0.0.153 () {34 vars in 816 bytes} [Sat May 9 17:59:50 2026] DELETE /resource_providers/3c7ef6f9-6f8f-4e86-9778-4df907b51b68 => generated 246 bytes in 12 msecs (HTTP/1.1 404) 6 headers in 231 bytes (1 switches on core 0)
2026-05-09 17:59:51.932 7 INFO placement.requestlog [None req-b950f483-6b9e-4f83-b26f-a3dbd6014f64 - - - - - -] 10.0.0.156 "GET /" status: 200 len: 136 microversion: 1.0
2026-05-09 17:59:51.932 8 INFO placement.requestlog [None req-2b4cc173-43e9-42a9-8563-360b599b7d72 - - - - - -] 10.0.0.156 "GET /" status: 200 len: 136 microversion: 1.0
2026-05-09 17:59:52.880 7 INFO placement.requestlog [None req-7da8929c-9534-4a42-8e8b-06610a603b36 b50b365b391a4f7da0a0594c61859122 2fad11c6b1af4285a6993ea1faccb310 - - 8331d23e04924e428b425090a02759d0 8331d23e04924e428b425090a02759d0] 10.0.0.153 "GET /resource_providers/73246e95-3755-4593-b39f-9740a9276dc3/aggregates" status: 404 len: 235 microversion: 1.1 [pid: 7|app: 0|req: 385/774] 10.0.0.153 () {32 vars in 816 bytes} [Sat May 9 17:59:52 2026] GET /resource_providers/73246e95-3755-4593-b39f-9740a9276dc3/aggregates => generated 235 bytes in 10 msecs (HTTP/1.1 404) 5 headers in 202 bytes (1 switches on core 0)
2026-05-09 17:59:52.881 8 INFO placement.requestlog [None req-23250ac2-73a8-4eca-ba5f-6369c76f5852 b50b365b391a4f7da0a0594c61859122 2fad11c6b1af4285a6993ea1faccb310 - - 8331d23e04924e428b425090a02759d0 8331d23e04924e428b425090a02759d0] 10.0.0.153 "GET /resource_providers/73246e95-3755-4593-b39f-9740a9276dc3/aggregates" status: 404 len: 235 microversion: 1.1 [pid: 8|app: 0|req: 390/775] 10.0.0.153 () {32 vars in 816 bytes} [Sat May 9 17:59:52 2026] GET /resource_providers/73246e95-3755-4593-b39f-9740a9276dc3/aggregates => generated 235 bytes in 11 msecs (HTTP/1.1 404) 5 headers in 202 bytes (1 switches on core 0)
2026-05-09 17:59:52.911 8 INFO placement.requestlog [None req-3fc53884-53da-487d-9f2a-b4efcffe5426 b50b365b391a4f7da0a0594c61859122 2fad11c6b1af4285a6993ea1faccb310 - - 8331d23e04924e428b425090a02759d0 8331d23e04924e428b425090a02759d0] 10.0.0.153 "DELETE /resource_providers/73246e95-3755-4593-b39f-9740a9276dc3" status: 404 len: 246 microversion: 1.1 [pid: 8|app: 0|req: 391/776] 10.0.0.153 () {34 vars in 816 bytes} [Sat May 9 17:59:52 2026] DELETE /resource_providers/73246e95-3755-4593-b39f-9740a9276dc3 => generated 246 bytes in 8 msecs (HTTP/1.1 404) 6 headers in 231 bytes (1 switches on core 0)
2026-05-09 17:59:52.916 7 INFO placement.requestlog [None req-4a8c0ca6-ee6b-41e5-ba10-b24a8f43deb4 b50b365b391a4f7da0a0594c61859122 2fad11c6b1af4285a6993ea1faccb310 - - 8331d23e04924e428b425090a02759d0 8331d23e04924e428b425090a02759d0] 10.0.0.153 "DELETE /resource_providers/73246e95-3755-4593-b39f-9740a9276dc3" status: 404 len: 246 microversion: 1.1 [pid: 7|app: 0|req: 386/777] 10.0.0.153 () {34 vars in 816 bytes} [Sat May 9 17:59:52 2026] DELETE /resource_providers/73246e95-3755-4593-b39f-9740a9276dc3 => generated 246 bytes in 14 msecs (HTTP/1.1 404) 6 headers in 231 bytes (1 switches on core 0)
2026-05-09 17:59:54.925 8 INFO placement.requestlog [None req-b86a427e-cecc-4c5a-b90a-e68a09828d54 b50b365b391a4f7da0a0594c61859122 2fad11c6b1af4285a6993ea1faccb310 - - 8331d23e04924e428b425090a02759d0 8331d23e04924e428b425090a02759d0] 10.0.0.153 "GET /resource_providers/714498df-838a-4abf-9cea-2a5e03cdbc42/aggregates" status: 404 len: 235 microversion: 1.1 [pid: 8|app: 0|req: 392/778] 10.0.0.153 () {32 vars in 816 bytes} [Sat May 9 17:59:54 2026] GET /resource_providers/714498df-838a-4abf-9cea-2a5e03cdbc42/aggregates => generated 235 bytes in 7 msecs (HTTP/1.1 404) 5 headers in 202 bytes (1 switches on core 0)
2026-05-09 17:59:54.936 8 INFO placement.requestlog [None req-c10c64b3-7992-4301-94da-a8d49cc323db b50b365b391a4f7da0a0594c61859122 2fad11c6b1af4285a6993ea1faccb310 - - 8331d23e04924e428b425090a02759d0 8331d23e04924e428b425090a02759d0] 10.0.0.153 "DELETE /resource_providers/714498df-838a-4abf-9cea-2a5e03cdbc42" status: 404 len: 246 microversion: 1.1 [pid: 8|app: 0|req: 393/779] 10.0.0.153 () {34 vars in 816 bytes} [Sat May 9 17:59:54 2026] DELETE /resource_providers/714498df-838a-4abf-9cea-2a5e03cdbc42 => generated 246 bytes in 5 msecs (HTTP/1.1 404) 6 headers in 231 bytes (1 switches on core 0)
2026-05-09 17:59:54.938 7 INFO placement.requestlog [None req-c421bd01-a11d-4b7c-a5db-83f0c5ede58a b50b365b391a4f7da0a0594c61859122 2fad11c6b1af4285a6993ea1faccb310 - - 8331d23e04924e428b425090a02759d0 8331d23e04924e428b425090a02759d0] 10.0.0.153 "GET /resource_providers/714498df-838a-4abf-9cea-2a5e03cdbc42/aggregates" status: 404 len: 235 microversion: 1.1 [pid: 7|app: 0|req: 387/780] 10.0.0.153 () {32 vars in 816 bytes} [Sat May 9 17:59:54 2026] GET /resource_providers/714498df-838a-4abf-9cea-2a5e03cdbc42/aggregates => generated 235 bytes in 12 msecs (HTTP/1.1 404) 5 headers in 202 bytes (1 switches on core 0)
2026-05-09 17:59:54.949 8 INFO placement.requestlog [None req-65d0c1d7-7476-4556-a60a-6492fee463b5 b50b365b391a4f7da0a0594c61859122 2fad11c6b1af4285a6993ea1faccb310 - - 8331d23e04924e428b425090a02759d0 8331d23e04924e428b425090a02759d0] 10.0.0.153 "DELETE /resource_providers/714498df-838a-4abf-9cea-2a5e03cdbc42" status: 404 len: 246 microversion: 1.1 [pid: 8|app: 0|req: 394/781] 10.0.0.153 () {34 vars in 816 bytes} [Sat May 9 17:59:54 2026] DELETE /resource_providers/714498df-838a-4abf-9cea-2a5e03cdbc42 => generated 246 bytes in 6 msecs (HTTP/1.1 404) 6 headers in 231 bytes (1 switches on core 0)
2026-05-09 17:59:55.778 8 INFO placement.requestlog [None req-8cd63cb6-c569-459c-b5b2-e1df7657bf32 b50b365b391a4f7da0a0594c61859122 2fad11c6b1af4285a6993ea1faccb310 - - 8331d23e04924e428b425090a02759d0 8331d23e04924e428b425090a02759d0] 10.0.0.153 "GET /resource_providers/7a8d8260-0080-4fd8-b3d0-03d6b0221b44/aggregates" status: 404 len: 235 microversion: 1.1 [pid: 8|app: 0|req: 395/782] 10.0.0.153 () {32 vars in 816 bytes} [Sat May 9 17:59:55 2026] GET /resource_providers/7a8d8260-0080-4fd8-b3d0-03d6b0221b44/aggregates => generated 235 bytes in 10 msecs (HTTP/1.1 404) 5 headers in 202 bytes (1 switches on core 0)
2026-05-09 17:59:55.779 7 INFO placement.requestlog [None req-7cddc7cd-7430-4298-8d6a-c641f37341b7 b50b365b391a4f7da0a0594c61859122 2fad11c6b1af4285a6993ea1faccb310 - - 8331d23e04924e428b425090a02759d0 8331d23e04924e428b425090a02759d0] 10.0.0.153 "GET /resource_providers/7a8d8260-0080-4fd8-b3d0-03d6b0221b44/aggregates" status: 404 len: 235 microversion: 1.1 [pid: 7|app: 0|req: 388/783] 10.0.0.153 () {32 vars in 816 bytes} [Sat May 9 17:59:55 2026] GET /resource_providers/7a8d8260-0080-4fd8-b3d0-03d6b0221b44/aggregates => generated 235 bytes in 11 msecs (HTTP/1.1 404) 5 headers in 202 bytes (1 switches on core 0)
2026-05-09 17:59:55.799 8 INFO placement.requestlog [None req-f8eac79e-0247-43bf-a953-daac388b5ff0 b50b365b391a4f7da0a0594c61859122 2fad11c6b1af4285a6993ea1faccb310 - - 8331d23e04924e428b425090a02759d0 8331d23e04924e428b425090a02759d0] 10.0.0.153 "DELETE /resource_providers/7a8d8260-0080-4fd8-b3d0-03d6b0221b44" status: 404 len: 246 microversion: 1.1 [pid: 8|app: 0|req: 396/784] 10.0.0.153 () {34 vars in 816 bytes} [Sat May 9 17:59:55 2026] DELETE /resource_providers/7a8d8260-0080-4fd8-b3d0-03d6b0221b44 => generated 246 bytes in 10 msecs (HTTP/1.1 404) 6 headers in 231 bytes (1 switches on core 0)
2026-05-09 17:59:55.799 7 INFO placement.requestlog [None req-d5478659-d680-40a6-93aa-b7ff7ce7c3d3 b50b365b391a4f7da0a0594c61859122 2fad11c6b1af4285a6993ea1faccb310 - - 8331d23e04924e428b425090a02759d0 8331d23e04924e428b425090a02759d0] 10.0.0.153 "DELETE /resource_providers/7a8d8260-0080-4fd8-b3d0-03d6b0221b44" status: 404 len: 246 microversion: 1.1 [pid: 7|app: 0|req: 389/785] 10.0.0.153 () {34 vars in 816 bytes} [Sat May 9 17:59:55 2026] DELETE /resource_providers/7a8d8260-0080-4fd8-b3d0-03d6b0221b44 => generated 246 bytes in 10 msecs (HTTP/1.1 404) 6 headers in 231 bytes (1 switches on core 0)
2026-05-09 17:59:57.953 7 INFO placement.requestlog [None req-68a7e470-5775-4606-9585-8e2bb51365e5 b50b365b391a4f7da0a0594c61859122 2fad11c6b1af4285a6993ea1faccb310 - - 8331d23e04924e428b425090a02759d0 8331d23e04924e428b425090a02759d0] 10.0.0.153 "GET /resource_providers/27e55718-b465-4625-9288-9b081bd19b49/aggregates" status: 404 len: 235 microversion: 1.1 [pid: 7|app: 0|req: 390/786] 10.0.0.153 () {32 vars in 816 bytes} [Sat May 9 17:59:57 2026] GET /resource_providers/27e55718-b465-4625-9288-9b081bd19b49/aggregates => generated 235 bytes in 9 msecs (HTTP/1.1 404) 5 headers in 202 bytes (1 switches on core 0)
2026-05-09 17:59:57.960 8 INFO placement.requestlog [None req-befd2c32-2421-4453-b616-f9dd8feea6f1 b50b365b391a4f7da0a0594c61859122 2fad11c6b1af4285a6993ea1faccb310 - - 8331d23e04924e428b425090a02759d0 8331d23e04924e428b425090a02759d0] 10.0.0.153 "GET /resource_providers/27e55718-b465-4625-9288-9b081bd19b49/aggregates" status: 404 len: 235 microversion: 1.1 [pid: 8|app: 0|req: 397/787] 10.0.0.153 () {32 vars in 816 bytes} [Sat May 9 17:59:57 2026] GET /resource_providers/27e55718-b465-4625-9288-9b081bd19b49/aggregates => generated 235 bytes in 17 msecs (HTTP/1.1 404) 5 headers in 202 bytes (1 switches on core 0)
2026-05-09 17:59:57.980 7 INFO placement.requestlog [None req-d234999d-529a-4ed4-acfa-47ce7b52283f b50b365b391a4f7da0a0594c61859122 2fad11c6b1af4285a6993ea1faccb310 - - 8331d23e04924e428b425090a02759d0 8331d23e04924e428b425090a02759d0] 10.0.0.153 "DELETE /resource_providers/27e55718-b465-4625-9288-9b081bd19b49" status: 404 len: 246 microversion: 1.1 [pid: 7|app: 0|req: 391/788] 10.0.0.153 () {34 vars in 816 bytes} [Sat May 9 17:59:57 2026] DELETE /resource_providers/27e55718-b465-4625-9288-9b081bd19b49 => generated 246 bytes in 12 msecs (HTTP/1.1 404) 6 headers in 231 bytes (1 switches on core 0)
2026-05-09 17:59:57.990 8 INFO placement.requestlog [None req-71fed331-7731-43b0-bc86-21a6cf4fefe2 b50b365b391a4f7da0a0594c61859122 2fad11c6b1af4285a6993ea1faccb310 - - 8331d23e04924e428b425090a02759d0 8331d23e04924e428b425090a02759d0] 10.0.0.153 "DELETE /resource_providers/27e55718-b465-4625-9288-9b081bd19b49" status: 404 len: 246 microversion: 1.1 [pid: 8|app: 0|req: 398/789] 10.0.0.153 () {34 vars in 816 bytes} [Sat May 9 17:59:57 2026] DELETE /resource_providers/27e55718-b465-4625-9288-9b081bd19b49 => generated 246 bytes in 20 msecs (HTTP/1.1 404) 6 headers in 231 bytes (1 switches on core 0)
2026-05-09 17:59:58.860 8 INFO placement.requestlog [None req-992d76b9-775d-40a6-861c-68422297173d b50b365b391a4f7da0a0594c61859122 2fad11c6b1af4285a6993ea1faccb310 - - 8331d23e04924e428b425090a02759d0 8331d23e04924e428b425090a02759d0] 10.0.0.153 "GET /resource_providers/ad7149b0-cadf-4c69-9ea0-0cf32654d1c0/aggregates" status: 404 len: 235 microversion: 1.1 [pid: 8|app: 0|req: 399/790] 10.0.0.153 () {32 vars in 816 bytes} [Sat May 9 17:59:58 2026] GET /resource_providers/ad7149b0-cadf-4c69-9ea0-0cf32654d1c0/aggregates => generated 235 bytes in 13 msecs (HTTP/1.1 404) 5 headers in 202 bytes (1 switches on core 0)
2026-05-09 17:59:58.874 7 INFO placement.requestlog [None req-01b3e26d-ca21-46d5-b4c0-9465b78bdbd1 b50b365b391a4f7da0a0594c61859122 2fad11c6b1af4285a6993ea1faccb310 - - 8331d23e04924e428b425090a02759d0 8331d23e04924e428b425090a02759d0] 10.0.0.153 "GET /resource_providers/ad7149b0-cadf-4c69-9ea0-0cf32654d1c0/aggregates" status: 404 len: 235 microversion: 1.1 [pid: 7|app: 0|req: 392/791] 10.0.0.153 () {32 vars in 816 bytes} [Sat May 9 17:59:58 2026] GET /resource_providers/ad7149b0-cadf-4c69-9ea0-0cf32654d1c0/aggregates => generated 235 bytes in 29 msecs (HTTP/1.1 404) 5 headers in 202 bytes (1 switches on core 0)
2026-05-09 17:59:58.888 8 INFO placement.requestlog [None req-e21ea422-0016-4203-b6e2-86a398f2b34b b50b365b391a4f7da0a0594c61859122 2fad11c6b1af4285a6993ea1faccb310 - - 8331d23e04924e428b425090a02759d0 8331d23e04924e428b425090a02759d0] 10.0.0.153 "DELETE /resource_providers/ad7149b0-cadf-4c69-9ea0-0cf32654d1c0" status: 404 len: 246 microversion: 1.1 [pid: 8|app: 0|req: 400/792] 10.0.0.153 () {34 vars in 816 bytes} [Sat May 9 17:59:58 2026] DELETE /resource_providers/ad7149b0-cadf-4c69-9ea0-0cf32654d1c0 => generated 246 bytes in 12 msecs (HTTP/1.1 404) 6 headers in 231 bytes (1 switches on core 0)
2026-05-09 17:59:58.896 7 INFO placement.requestlog [None req-228e9628-9535-4414-ae53-3d8498f355dc b50b365b391a4f7da0a0594c61859122 2fad11c6b1af4285a6993ea1faccb310 - - 8331d23e04924e428b425090a02759d0 8331d23e04924e428b425090a02759d0] 10.0.0.153 "DELETE /resource_providers/ad7149b0-cadf-4c69-9ea0-0cf32654d1c0" status: 404 len: 246 microversion: 1.1 [pid: 7|app: 0|req: 393/793] 10.0.0.153 () {34 vars in 816 bytes} [Sat May 9 17:59:58 2026] DELETE /resource_providers/ad7149b0-cadf-4c69-9ea0-0cf32654d1c0 => generated 246 bytes in 13 msecs (HTTP/1.1 404) 6 headers in 231 bytes (1 switches on core 0)
2026-05-09 18:00:00.002 8 INFO placement.requestlog [None req-f3ec3640-adbe-4988-9abf-79d7c8e36f48 b50b365b391a4f7da0a0594c61859122 2fad11c6b1af4285a6993ea1faccb310 - - 8331d23e04924e428b425090a02759d0 8331d23e04924e428b425090a02759d0] 10.0.0.153 "GET /resource_providers/07327cb7-e2ee-469a-9019-55741f7f01ff/aggregates" status: 404 len: 235 microversion: 1.1 [pid: 8|app: 0|req: 401/794] 10.0.0.153 () {32 vars in 816 bytes} [Sat May 9 17:59:59 2026] GET /resource_providers/07327cb7-e2ee-469a-9019-55741f7f01ff/aggregates => generated 235 bytes in 14 msecs (HTTP/1.1 404) 5 headers in 202 bytes (1 switches on core 0)
2026-05-09 18:00:00.009 7 INFO placement.requestlog [None req-801b17a0-a07b-47ab-a9c0-a698dd2e3bc3 b50b365b391a4f7da0a0594c61859122 2fad11c6b1af4285a6993ea1faccb310 - - 8331d23e04924e428b425090a02759d0 8331d23e04924e428b425090a02759d0] 10.0.0.153 "GET /resource_providers/07327cb7-e2ee-469a-9019-55741f7f01ff/aggregates" status: 404 len: 235 microversion: 1.1 [pid: 7|app: 0|req: 394/795] 10.0.0.153 () {32 vars in 816 bytes} [Sat May 9 17:59:59 2026] GET /resource_providers/07327cb7-e2ee-469a-9019-55741f7f01ff/aggregates => generated 235 bytes in 12 msecs (HTTP/1.1 404) 5 headers in 202 bytes (1 switches on core 0)
2026-05-09 18:00:00.020 8 INFO placement.requestlog [None req-2653030c-364d-4857-a833-1c9309d0e9b4 b50b365b391a4f7da0a0594c61859122 2fad11c6b1af4285a6993ea1faccb310 - - 8331d23e04924e428b425090a02759d0 8331d23e04924e428b425090a02759d0] 10.0.0.153 "DELETE /resource_providers/07327cb7-e2ee-469a-9019-55741f7f01ff" status: 404 len: 246 microversion: 1.1 [pid: 8|app: 0|req: 402/796] 10.0.0.153 () {34 vars in 816 bytes} [Sat May 9 18:00:00 2026] DELETE /resource_providers/07327cb7-e2ee-469a-9019-55741f7f01ff => generated 246 bytes in 11 msecs (HTTP/1.1 404) 6 headers in 231 bytes (1 switches on core 0)
2026-05-09 18:00:00.030 7 INFO placement.requestlog [None req-f99be58f-b07e-4b1a-9eb4-c1176bec8674 b50b365b391a4f7da0a0594c61859122 2fad11c6b1af4285a6993ea1faccb310 - - 8331d23e04924e428b425090a02759d0 8331d23e04924e428b425090a02759d0] 10.0.0.153 "DELETE /resource_providers/07327cb7-e2ee-469a-9019-55741f7f01ff" status: 404 len: 246 microversion: 1.1 [pid: 7|app: 0|req: 395/797] 10.0.0.153 () {34 vars in 816 bytes} [Sat May 9 18:00:00 2026] DELETE /resource_providers/07327cb7-e2ee-469a-9019-55741f7f01ff => generated 246 bytes in 10 msecs (HTTP/1.1 404) 6 headers in 231 bytes (1 switches on core 0)
2026-05-09 18:00:00.933 7 INFO placement.requestlog [None req-3ddba9b1-2b36-4f31-8d64-96d860ae066e b50b365b391a4f7da0a0594c61859122 2fad11c6b1af4285a6993ea1faccb310 - - 8331d23e04924e428b425090a02759d0 8331d23e04924e428b425090a02759d0] 10.0.0.153 "GET /resource_providers/46f2a1a4-e2c2-4834-80c1-21a77773810f/aggregates" status: 404 len: 235 microversion: 1.1 [pid: 7|app: 0|req: 396/798] 10.0.0.153 () {32 vars in 816 bytes} [Sat May 9 18:00:00 2026] GET /resource_providers/46f2a1a4-e2c2-4834-80c1-21a77773810f/aggregates => generated 235 bytes in 10 msecs (HTTP/1.1 404) 5 headers in 202 bytes (1 switches on core 0)
2026-05-09 18:00:00.938 8 INFO placement.requestlog [None req-c9d23dd0-cf64-4660-9b0c-b0bda4a0ff67 b50b365b391a4f7da0a0594c61859122 2fad11c6b1af4285a6993ea1faccb310 - - 8331d23e04924e428b425090a02759d0 8331d23e04924e428b425090a02759d0] 10.0.0.153 "GET /resource_providers/46f2a1a4-e2c2-4834-80c1-21a77773810f/aggregates" status: 404 len: 235 microversion: 1.1 [pid: 8|app: 0|req: 403/799] 10.0.0.153 () {32 vars in 816 bytes} [Sat May 9 18:00:00 2026] GET /resource_providers/46f2a1a4-e2c2-4834-80c1-21a77773810f/aggregates => generated 235 bytes in 21 msecs (HTTP/1.1 404) 5 headers in 202 bytes (1 switches on core 0)
2026-05-09 18:00:00.963 7 INFO placement.requestlog [None req-a9cb4c28-af35-43f2-9cf1-e890aded3b1a b50b365b391a4f7da0a0594c61859122 2fad11c6b1af4285a6993ea1faccb310 - - 8331d23e04924e428b425090a02759d0 8331d23e04924e428b425090a02759d0] 10.0.0.153 "DELETE /resource_providers/46f2a1a4-e2c2-4834-80c1-21a77773810f" status: 404 len: 246 microversion: 1.1 [pid: 7|app: 0|req: 397/800] 10.0.0.153 () {34 vars in 816 bytes} [Sat May 9 18:00:00 2026] DELETE /resource_providers/46f2a1a4-e2c2-4834-80c1-21a77773810f => generated 246 bytes in 12 msecs (HTTP/1.1 404) 6 headers in 231 bytes (1 switches on core 0)
2026-05-09 18:00:00.974 8 INFO placement.requestlog [None req-5dbd9627-c723-421d-84de-74a2d1ac3e58 b50b365b391a4f7da0a0594c61859122 2fad11c6b1af4285a6993ea1faccb310 - - 8331d23e04924e428b425090a02759d0 8331d23e04924e428b425090a02759d0] 10.0.0.153 "DELETE /resource_providers/46f2a1a4-e2c2-4834-80c1-21a77773810f" status: 404 len: 246 microversion: 1.1 [pid: 8|app: 0|req: 404/801] 10.0.0.153 () {34 vars in 816 bytes} [Sat May 9 18:00:00 2026] DELETE /resource_providers/46f2a1a4-e2c2-4834-80c1-21a77773810f => generated 246 bytes in 19 msecs (HTTP/1.1 404) 6 headers in 231 bytes (1 switches on core 0)
2026-05-09 18:00:01.931 7 INFO placement.requestlog [None req-1a81d444-64a8-4f06-95e4-cf607c7027f5 - - - - - -] 10.0.0.156 "GET /" status: 200 len: 136 microversion: 1.0
2026-05-09 18:00:01.931 8 INFO placement.requestlog [None req-1812fbe1-5bba-4d64-bfdf-b4a6d198f259 - - - - - -] 10.0.0.156 "GET /" status: 200 len: 136 microversion: 1.0
2026-05-09 18:00:02.044 7 INFO placement.requestlog [None req-e0d33a09-db7a-48d5-b25e-f0392e96cf8c b50b365b391a4f7da0a0594c61859122 2fad11c6b1af4285a6993ea1faccb310 - - 8331d23e04924e428b425090a02759d0 8331d23e04924e428b425090a02759d0] 10.0.0.153 "GET /resource_providers/c4a6fa40-9f91-499f-ae80-8ccd6be0d238/aggregates" status: 404 len: 235 microversion: 1.1 [pid: 7|app: 0|req: 399/804] 10.0.0.153 () {32 vars in 816 bytes} [Sat May 9 18:00:02 2026] GET /resource_providers/c4a6fa40-9f91-499f-ae80-8ccd6be0d238/aggregates => generated 235 bytes in 9 msecs (HTTP/1.1 404) 5 headers in 202 bytes (1 switches on core 0)
2026-05-09 18:00:02.050 8 INFO placement.requestlog [None req-0a81213c-7796-4958-a02d-389169c1c47a b50b365b391a4f7da0a0594c61859122 2fad11c6b1af4285a6993ea1faccb310 - - 8331d23e04924e428b425090a02759d0 8331d23e04924e428b425090a02759d0] 10.0.0.153 "GET /resource_providers/c4a6fa40-9f91-499f-ae80-8ccd6be0d238/aggregates" status: 404 len: 235 microversion: 1.1 [pid: 8|app: 0|req: 406/805] 10.0.0.153 () {32 vars in 816 bytes} [Sat May 9 18:00:02 2026] GET /resource_providers/c4a6fa40-9f91-499f-ae80-8ccd6be0d238/aggregates => generated 235 bytes in 10 msecs (HTTP/1.1 404) 5 headers in 202 bytes (1 switches on core 0)
2026-05-09 18:00:02.057 7 INFO placement.requestlog [None req-9042801a-645a-41c6-85e5-ec4fe206365a b50b365b391a4f7da0a0594c61859122 2fad11c6b1af4285a6993ea1faccb310 - - 8331d23e04924e428b425090a02759d0 8331d23e04924e428b425090a02759d0] 10.0.0.153 "DELETE /resource_providers/c4a6fa40-9f91-499f-ae80-8ccd6be0d238" status: 404 len: 246 microversion: 1.1 [pid: 7|app: 0|req: 400/806] 10.0.0.153 () {34 vars in 816 bytes} [Sat May 9 18:00:02 2026] DELETE /resource_providers/c4a6fa40-9f91-499f-ae80-8ccd6be0d238 => generated 246 bytes in 8 msecs (HTTP/1.1 404) 6 headers in 231 bytes (1 switches on core 0)
2026-05-09 18:00:02.064 8 INFO placement.requestlog [None req-5de76130-4f63-4179-89a7-d99967948303 b50b365b391a4f7da0a0594c61859122 2fad11c6b1af4285a6993ea1faccb310 - - 8331d23e04924e428b425090a02759d0 8331d23e04924e428b425090a02759d0] 10.0.0.153 "DELETE /resource_providers/c4a6fa40-9f91-499f-ae80-8ccd6be0d238" status: 404 len: 246 microversion: 1.1 [pid: 8|app: 0|req: 407/807] 10.0.0.153 () {34 vars in 816 bytes} [Sat May 9 18:00:02 2026] DELETE /resource_providers/c4a6fa40-9f91-499f-ae80-8ccd6be0d238 => generated 246 bytes in 8 msecs (HTTP/1.1 404) 6 headers in 231 bytes (1 switches on core 0)
2026-05-09 18:00:02.069 7 INFO placement.requestlog [None req-30f59706-c3bb-4102-88cb-8e605b4a6ac9 b50b365b391a4f7da0a0594c61859122 2fad11c6b1af4285a6993ea1faccb310 - - 8331d23e04924e428b425090a02759d0 8331d23e04924e428b425090a02759d0] 10.0.0.153 "GET /resource_providers/2439f932-67e2-4728-a538-b3330f0915c7/aggregates" status: 404 len: 235 microversion: 1.1 [pid: 7|app: 0|req: 401/808] 10.0.0.153 () {32 vars in 816 bytes} [Sat May 9 18:00:02 2026] GET /resource_providers/2439f932-67e2-4728-a538-b3330f0915c7/aggregates => generated 235 bytes in 5 msecs (HTTP/1.1 404) 5 headers in 202 bytes (1 switches on core 0)
2026-05-09 18:00:02.086 7 INFO placement.requestlog [None req-ddb39a1c-d972-4486-b551-bcda7d932535 b50b365b391a4f7da0a0594c61859122 2fad11c6b1af4285a6993ea1faccb310 - - 8331d23e04924e428b425090a02759d0 8331d23e04924e428b425090a02759d0] 10.0.0.153 "DELETE /resource_providers/2439f932-67e2-4728-a538-b3330f0915c7" status: 404 len: 246 microversion: 1.1 [pid: 7|app: 0|req: 402/809] 10.0.0.153 () {34 vars in 816 bytes} [Sat May 9 18:00:02 2026] DELETE /resource_providers/2439f932-67e2-4728-a538-b3330f0915c7 => generated 246 bytes in 11 msecs (HTTP/1.1 404) 6 headers in 231 bytes (1 switches on core 0)
2026-05-09 18:00:02.087 8 INFO placement.requestlog [None req-1797f6ee-6825-4374-881f-2d9d4d6dd2f1 b50b365b391a4f7da0a0594c61859122 2fad11c6b1af4285a6993ea1faccb310 - - 8331d23e04924e428b425090a02759d0 8331d23e04924e428b425090a02759d0] 10.0.0.153 "GET /resource_providers/2439f932-67e2-4728-a538-b3330f0915c7/aggregates" status: 404 len: 235 microversion: 1.1 [pid: 8|app: 0|req: 408/810] 10.0.0.153 () {32 vars in 816 bytes} [Sat May 9 18:00:02 2026] GET /resource_providers/2439f932-67e2-4728-a538-b3330f0915c7/aggregates => generated 235 bytes in 12 msecs (HTTP/1.1 404) 5 headers in 202 bytes (1 switches on core 0)
2026-05-09 18:00:02.116 8 INFO placement.requestlog [None req-4c287323-6af9-406c-bd3d-02944af858cd b50b365b391a4f7da0a0594c61859122 2fad11c6b1af4285a6993ea1faccb310 - - 8331d23e04924e428b425090a02759d0 8331d23e04924e428b425090a02759d0] 10.0.0.153 "DELETE /resource_providers/2439f932-67e2-4728-a538-b3330f0915c7" status: 404 len: 246 microversion: 1.1 [pid: 8|app: 0|req: 409/811] 10.0.0.153 () {34 vars in 816 bytes} [Sat May 9 18:00:02 2026] DELETE /resource_providers/2439f932-67e2-4728-a538-b3330f0915c7 => generated 246 bytes in 10 msecs (HTTP/1.1 404) 6 headers in 231 bytes (1 switches on core 0)
2026-05-09 18:00:02.121 7 INFO placement.requestlog [None req-36683a4a-6b11-4d87-89a7-bef99d348b64 b50b365b391a4f7da0a0594c61859122 2fad11c6b1af4285a6993ea1faccb310 - - 8331d23e04924e428b425090a02759d0 8331d23e04924e428b425090a02759d0] 10.0.0.153 "GET /resource_providers/ffe0ecdd-8724-4f4b-891c-454ae431f907/aggregates" status: 404 len: 235 microversion: 1.1 [pid: 7|app: 0|req: 403/812] 10.0.0.153 () {32 vars in 816 bytes} [Sat May 9 18:00:02 2026] GET /resource_providers/ffe0ecdd-8724-4f4b-891c-454ae431f907/aggregates => generated 235 bytes in 16 msecs (HTTP/1.1 404) 5 headers in 202 bytes (1 switches on core 0)
2026-05-09 18:00:02.133 8 INFO placement.requestlog [None req-39aa49b2-57d1-4de7-a1ab-cc3efbf66a1b b50b365b391a4f7da0a0594c61859122 2fad11c6b1af4285a6993ea1faccb310 - - 8331d23e04924e428b425090a02759d0 8331d23e04924e428b425090a02759d0] 10.0.0.153 "GET /resource_providers/ffe0ecdd-8724-4f4b-891c-454ae431f907/aggregates" status: 404 len: 235 microversion: 1.1 [pid: 8|app: 0|req: 410/813] 10.0.0.153 () {32 vars in 816 bytes} [Sat May 9 18:00:02 2026] GET /resource_providers/ffe0ecdd-8724-4f4b-891c-454ae431f907/aggregates => generated 235 bytes in 8 msecs (HTTP/1.1 404) 5 headers in 202 bytes (1 switches on core 0)
2026-05-09 18:00:02.139 7 INFO placement.requestlog [None req-fa341319-5490-45d7-865a-e0b1f7b7cbd9 b50b365b391a4f7da0a0594c61859122 2fad11c6b1af4285a6993ea1faccb310 - - 8331d23e04924e428b425090a02759d0 8331d23e04924e428b425090a02759d0] 10.0.0.153 "DELETE /resource_providers/ffe0ecdd-8724-4f4b-891c-454ae431f907" status: 404 len: 246 microversion: 1.1 [pid: 7|app: 0|req: 404/814] 10.0.0.153 () {34 vars in 816 bytes} [Sat May 9 18:00:02 2026] DELETE /resource_providers/ffe0ecdd-8724-4f4b-891c-454ae431f907 => generated 246 bytes in 9 msecs (HTTP/1.1 404) 6 headers in 231 bytes (1 switches on core 0)
2026-05-09 18:00:02.163 8 INFO placement.requestlog [None req-09d3f79d-f44c-42ae-8852-3e268ad4c723 b50b365b391a4f7da0a0594c61859122 2fad11c6b1af4285a6993ea1faccb310 - - 8331d23e04924e428b425090a02759d0 8331d23e04924e428b425090a02759d0] 10.0.0.153 "DELETE /resource_providers/ffe0ecdd-8724-4f4b-891c-454ae431f907" status: 404 len: 246 microversion: 1.1 [pid: 8|app: 0|req: 411/815] 10.0.0.153 () {34 vars in 816 bytes} [Sat May 9 18:00:02 2026] DELETE /resource_providers/ffe0ecdd-8724-4f4b-891c-454ae431f907 => generated 246 bytes in 15 msecs (HTTP/1.1 404) 6 headers in 231 bytes (1 switches on core 0)
