+ exec neutron-metadata-agent --config-file /etc/neutron/neutron.conf --config-file /tmp/pod-shared/neutron-agent.ini --config-file /etc/neutron/metadata_agent.ini /var/lib/openstack/lib/python3.10/site-packages/neutron/common/utils.py:54: UserWarning: pkg_resources is deprecated as an API. See https://setuptools.pypa.io/en/latest/pkg_resources.html. The pkg_resources package is slated for removal as early as 2025-11-30. Refrain from using this package or pin to Setuptools<81. import pkg_resources
2026-05-09 17:27:36.312 36 INFO neutron.common.config [-] Logging enabled!
2026-05-09 17:27:36.312 36 INFO neutron.common.config [-] /var/lib/openstack/bin/neutron-metadata-agent version 23.5.0 /var/lib/openstack/lib/python3.10/site-packages/memcache.py:1303: SyntaxWarning: "is" with a literal. Did you mean "=="? if key is '': /var/lib/openstack/lib/python3.10/site-packages/memcache.py:1304: SyntaxWarning: "is" with a literal. Did you mean "=="? if key_extra_len is 0:
2026-05-09 17:27:36.328 36 INFO oslo_service.service [None req-b17a5336-243c-4b9b-800c-971cdd4ef6ef - - - - - -] Starting 2 workers
2026-05-09 17:27:36.337 44 INFO eventlet.wsgi.server [-] (44) wsgi starting up on http:/var/lib/neutron/openstack-helm/metadata_proxy
2026-05-09 17:27:36.337 45 INFO eventlet.wsgi.server [-] (45) wsgi starting up on http:/var/lib/neutron/openstack-helm/metadata_proxy
2026-05-09 17:28:10.193 44 INFO eventlet.wsgi.server [-] 169.254.169.254, "GET / HTTP/1.1" status: 404 len: 176 time: 0.1291554
2026-05-09 17:28:11.356 44 INFO eventlet.wsgi.server [-] 169.254.169.254, "GET / HTTP/1.1" status: 404 len: 176 time: 0.0063276
2026-05-09 17:31:20.098 45 INFO eventlet.wsgi.server [-] 169.254.169.254, "GET / HTTP/1.1" status: 404 len: 176 time: 0.0095046
2026-05-09 17:34:30.064 45 INFO eventlet.wsgi.server [-] 169.254.169.254, "GET / HTTP/1.1" status: 404 len: 176 time: 0.0064905
2026-05-09 17:35:00.062 44 INFO eventlet.wsgi.server [-] 169.254.169.254, "GET / HTTP/1.1" status: 404 len: 176 time: 0.0047746
2026-05-09 17:37:40.073 44 INFO eventlet.wsgi.server [-] 169.254.169.254, "GET / HTTP/1.1" status: 404 len: 176 time: 0.0061891
2026-05-09 17:40:50.215 45 INFO eventlet.wsgi.server [-] 169.254.169.254, "GET / HTTP/1.1" status: 404 len: 176 time: 0.1164114
2026-05-09 17:44:00.108 44 INFO eventlet.wsgi.server [-] 169.254.169.254, "GET / HTTP/1.1" status: 404 len: 176 time: 0.0087342
2026-05-09 17:45:00.071 45 INFO eventlet.wsgi.server [-] 169.254.169.254, "GET / HTTP/1.1" status: 404 len: 176 time: 0.0079138
2026-05-09 17:47:10.098 45 INFO eventlet.wsgi.server [-] 169.254.169.254, "GET / HTTP/1.1" status: 404 len: 176 time: 0.0048163
2026-05-09 17:50:20.087 45 INFO eventlet.wsgi.server [-] 169.254.169.254, "GET / HTTP/1.1" status: 404 len: 176 time: 0.0064528
2026-05-09 17:53:30.170 44 INFO eventlet.wsgi.server [-] 169.254.169.254, "GET / HTTP/1.1" status: 404 len: 176 time: 0.0497210
2026-05-09 17:55:00.107 44 INFO eventlet.wsgi.server [-] 169.254.169.254, "GET / HTTP/1.1" status: 404 len: 176 time: 0.0488102
2026-05-09 17:56:40.053 45 INFO eventlet.wsgi.server [-] 169.254.169.254, "GET / HTTP/1.1" status: 404 len: 176 time: 0.0084851
2026-05-09 17:58:31.729 44 INFO eventlet.wsgi.server [-] 10.100.0.7, "GET /2009-04-04/meta-data/instance-id HTTP/1.1" status: 200 len: 146 time: 1.4809315
2026-05-09 17:58:31.764 45 INFO eventlet.wsgi.server [-] 10.100.0.7, "GET /2009-04-04/meta-data/public-keys HTTP/1.1" status: 200 len: 164 time: 0.0221608
2026-05-09 17:58:31.785 45 INFO eventlet.wsgi.server [-] 10.100.0.7, "GET /2009-04-04/meta-data/public-keys/0/openssh-key HTTP/1.1" status: 200 len: 341 time: 0.0141203
2026-05-09 17:58:31.805 45 INFO eventlet.wsgi.server [-] 10.100.0.7, "GET /2009-04-04/meta-data/instance-id HTTP/1.1" status: 200 len: 146 time: 0.0120113
2026-05-09 17:58:31.826 44 INFO eventlet.wsgi.server [-] 10.100.0.7, "GET /2009-04-04/meta-data/ami-launch-index HTTP/1.1" status: 200 len: 136 time: 0.0132990
2026-05-09 17:58:31.845 44 INFO eventlet.wsgi.server [-] 10.100.0.7, "GET /2009-04-04/meta-data/instance-type HTTP/1.1" status: 200 len: 142 time: 0.0105991
2026-05-09 17:58:31.864 45 INFO eventlet.wsgi.server [-] 10.100.0.7, "GET /2009-04-04/meta-data/local-ipv4 HTTP/1.1" status: 200 len: 146 time: 0.0109563
2026-05-09 17:58:31.879 45 INFO eventlet.wsgi.server [-] 10.100.0.7, "GET /2009-04-04/meta-data/public-ipv4 HTTP/1.1" status: 200 len: 149 time: 0.0090427
2026-05-09 17:58:31.893 45 INFO eventlet.wsgi.server [-] 10.100.0.7, "GET /2009-04-04/meta-data/hostname HTTP/1.1" status: 200 len: 200 time: 0.0076542
2026-05-09 17:58:31.910 45 INFO eventlet.wsgi.server [-] 10.100.0.7, "GET /2009-04-04/meta-data/local-hostname HTTP/1.1" status: 200 len: 200 time: 0.0097370
2026-05-09 17:58:31.930 44 INFO eventlet.wsgi.server [-] 10.100.0.7, "GET /2009-04-04/user-data HTTP/1.1" status: 200 len: 231 time: 0.0123360
2026-05-09 17:58:31.975 44 INFO eventlet.wsgi.server [-] 10.100.0.7, "GET /2009-04-04/meta-data/block-device-mapping HTTP/1.1" status: 200 len: 143 time: 0.0126250
2026-05-09 17:58:31.991 44 INFO eventlet.wsgi.server [-] 10.100.0.7, "GET /2009-04-04/meta-data/block-device-mapping/ami HTTP/1.1" status: 200 len: 138 time: 0.0098472
2026-05-09 17:58:32.005 44 INFO eventlet.wsgi.server [-] 10.100.0.7, "GET /2009-04-04/meta-data/block-device-mapping/root HTTP/1.1" status: 200 len: 143 time: 0.0105684
2026-05-09 17:58:32.027 45 INFO eventlet.wsgi.server [-] 10.100.0.7, "GET /2009-04-04/meta-data/public-hostname HTTP/1.1" status: 200 len: 200 time: 0.0173762
2026-05-09 17:58:32.045 44 INFO eventlet.wsgi.server [-] 10.100.0.7, "GET /2009-04-04/meta-data/placement/availability-zone HTTP/1.1" status: 200 len: 139 time: 0.0122409
2026-05-09 17:58:32.661 45 INFO eventlet.wsgi.server [-] 10.100.0.7, "GET /2009-04-04/meta-data/instance-id HTTP/1.1" status: 200 len: 146 time: 0.1987786
2026-05-09 17:58:32.683 45 INFO eventlet.wsgi.server [-] 10.100.0.7, "GET /2009-04-04/meta-data/public-keys HTTP/1.1" status: 200 len: 163 time: 0.0140095
2026-05-09 17:58:32.702 45 INFO eventlet.wsgi.server [-] 10.100.0.7, "GET /2009-04-04/meta-data/public-keys/0/openssh-key HTTP/1.1" status: 200 len: 341 time: 0.0120132
2026-05-09 17:58:32.722 45 INFO eventlet.wsgi.server [-] 10.100.0.7, "GET /2009-04-04/meta-data/instance-id HTTP/1.1" status: 200 len: 146 time: 0.0128961
2026-05-09 17:58:32.744 45 INFO eventlet.wsgi.server [-] 10.100.0.7, "GET /2009-04-04/meta-data/ami-launch-index HTTP/1.1" status: 200 len: 136 time: 0.0150461
2026-05-09 17:58:32.763 45 INFO eventlet.wsgi.server [-] 10.100.0.7, "GET /2009-04-04/meta-data/instance-type HTTP/1.1" status: 200 len: 142 time: 0.0132797
2026-05-09 17:58:32.782 45 INFO eventlet.wsgi.server [-] 10.100.0.7, "GET /2009-04-04/meta-data/local-ipv4 HTTP/1.1" status: 200 len: 146 time: 0.0115628
2026-05-09 17:58:32.804 45 INFO eventlet.wsgi.server [-] 10.100.0.7, "GET /2009-04-04/meta-data/public-ipv4 HTTP/1.1" status: 200 len: 149 time: 0.0157869
2026-05-09 17:58:32.820 45 INFO eventlet.wsgi.server [-] 10.100.0.7, "GET /2009-04-04/meta-data/hostname HTTP/1.1" status: 200 len: 193 time: 0.0109468
2026-05-09 17:58:32.841 45 INFO eventlet.wsgi.server [-] 10.100.0.7, "GET /2009-04-04/meta-data/local-hostname HTTP/1.1" status: 200 len: 193 time: 0.0144224
2026-05-09 17:58:32.860 45 INFO eventlet.wsgi.server [-] 10.100.0.7, "GET /2009-04-04/user-data HTTP/1.1" status: 200 len: 231 time: 0.0118268
2026-05-09 17:58:32.908 45 INFO eventlet.wsgi.server [-] 10.100.0.7, "GET /2009-04-04/meta-data/block-device-mapping HTTP/1.1" status: 200 len: 143 time: 0.0145681
2026-05-09 17:58:32.929 45 INFO eventlet.wsgi.server [-] 10.100.0.7, "GET /2009-04-04/meta-data/block-device-mapping/ami HTTP/1.1" status: 200 len: 138 time: 0.0139940
2026-05-09 17:58:32.951 45 INFO eventlet.wsgi.server [-] 10.100.0.7, "GET /2009-04-04/meta-data/block-device-mapping/root HTTP/1.1" status: 200 len: 143 time: 0.0151505
2026-05-09 17:58:32.981 44 INFO eventlet.wsgi.server [-] 10.100.0.7, "GET /2009-04-04/meta-data/public-hostname HTTP/1.1" status: 200 len: 193 time: 0.0130808
2026-05-09 17:58:32.999 44 INFO eventlet.wsgi.server [-] 10.100.0.7, "GET /2009-04-04/meta-data/placement/availability-zone HTTP/1.1" status: 200 len: 139 time: 0.0108888
2026-05-09 17:59:00.398 45 INFO eventlet.wsgi.server [-] 10.100.0.7, "GET /2009-04-04/meta-data/instance-id HTTP/1.1" status: 200 len: 146 time: 0.1791093
2026-05-09 17:59:00.426 45 INFO eventlet.wsgi.server [-] 10.100.0.7, "GET /2009-04-04/meta-data/public-keys HTTP/1.1" status: 200 len: 163 time: 0.0177164
2026-05-09 17:59:00.444 44 INFO eventlet.wsgi.server [-] 10.100.0.7, "GET /2009-04-04/meta-data/public-keys/0/openssh-key HTTP/1.1" status: 200 len: 341 time: 0.0107665
2026-05-09 17:59:00.467 44 INFO eventlet.wsgi.server [-] 10.100.0.7, "GET /2009-04-04/meta-data/instance-id HTTP/1.1" status: 200 len: 146 time: 0.0183001
2026-05-09 17:59:00.485 44 INFO eventlet.wsgi.server [-] 10.100.0.7, "GET /2009-04-04/meta-data/ami-launch-index HTTP/1.1" status: 200 len: 136 time: 0.0100214
2026-05-09 17:59:00.500 44 INFO eventlet.wsgi.server [-] 10.100.0.7, "GET /2009-04-04/meta-data/instance-type HTTP/1.1" status: 200 len: 142 time: 0.0107067
2026-05-09 17:59:00.514 44 INFO eventlet.wsgi.server [-] 10.100.0.7, "GET /2009-04-04/meta-data/local-ipv4 HTTP/1.1" status: 200 len: 146 time: 0.0093875
2026-05-09 17:59:00.530 44 INFO eventlet.wsgi.server [-] 10.100.0.7, "GET /2009-04-04/meta-data/public-ipv4 HTTP/1.1" status: 200 len: 149 time: 0.0106237
2026-05-09 17:59:00.543 44 INFO eventlet.wsgi.server [-] 10.100.0.7, "GET /2009-04-04/meta-data/hostname HTTP/1.1" status: 200 len: 193 time: 0.0091207
2026-05-09 17:59:00.558 44 INFO eventlet.wsgi.server [-] 10.100.0.7, "GET /2009-04-04/meta-data/local-hostname HTTP/1.1" status: 200 len: 193 time: 0.0102220
2026-05-09 17:59:00.576 45 INFO eventlet.wsgi.server [-] 10.100.0.7, "GET /2009-04-04/user-data HTTP/1.1" status: 200 len: 231 time: 0.0122705
2026-05-09 17:59:00.592 44 INFO eventlet.wsgi.server [-] 10.100.0.7, "GET /2009-04-04/meta-data/block-device-mapping HTTP/1.1" status: 200 len: 143 time: 0.0118628
2026-05-09 17:59:00.606 44 INFO eventlet.wsgi.server [-] 10.100.0.7, "GET /2009-04-04/meta-data/block-device-mapping/ami HTTP/1.1" status: 200 len: 138 time: 0.0093796
2026-05-09 17:59:00.622 45 INFO eventlet.wsgi.server [-] 10.100.0.7, "GET /2009-04-04/meta-data/block-device-mapping/root HTTP/1.1" status: 200 len: 143 time: 0.0112927
2026-05-09 17:59:00.642 44 INFO eventlet.wsgi.server [-] 10.100.0.7, "GET /2009-04-04/meta-data/public-hostname HTTP/1.1" status: 200 len: 193 time: 0.0155845
2026-05-09 17:59:00.668 44 INFO eventlet.wsgi.server [-] 10.100.0.7, "GET /2009-04-04/meta-data/placement/availability-zone HTTP/1.1" status: 200 len: 139 time: 0.0164397
2026-05-09 17:59:50.111 44 INFO eventlet.wsgi.server [-] 169.254.169.254, "GET / HTTP/1.1" status: 404 len: 176 time: 0.0048275
2026-05-09 18:00:38.030 44 INFO eventlet.wsgi.server [-] 10.100.0.6, "GET /2009-04-04/meta-data/instance-id HTTP/1.1" status: 200 len: 146 time: 0.2622232
2026-05-09 18:00:38.067 44 INFO eventlet.wsgi.server [-] 10.100.0.6, "GET /2009-04-04/meta-data/public-keys HTTP/1.1" status: 200 len: 176 time: 0.0233123
2026-05-09 18:00:38.082 44 INFO eventlet.wsgi.server [-] 10.100.0.6, "GET /2009-04-04/meta-data/public-keys/0/openssh-key HTTP/1.1" status: 200 len: 341 time: 0.0100851
2026-05-09 18:00:38.100 44 INFO eventlet.wsgi.server [-] 10.100.0.6, "GET /2009-04-04/meta-data/instance-id HTTP/1.1" status: 200 len: 146 time: 0.0123789
2026-05-09 18:00:38.134 44 INFO eventlet.wsgi.server [-] 10.100.0.6, "GET /2009-04-04/meta-data/ami-launch-index HTTP/1.1" status: 200 len: 136 time: 0.0210800
2026-05-09 18:00:38.155 44 INFO eventlet.wsgi.server [-] 10.100.0.6, "GET /2009-04-04/meta-data/instance-type HTTP/1.1" status: 200 len: 142 time: 0.0132260
2026-05-09 18:00:38.176 44 INFO eventlet.wsgi.server [-] 10.100.0.6, "GET /2009-04-04/meta-data/local-ipv4 HTTP/1.1" status: 200 len: 146 time: 0.0143805
2026-05-09 18:00:38.195 44 INFO eventlet.wsgi.server [-] 10.100.0.6, "GET /2009-04-04/meta-data/public-ipv4 HTTP/1.1" status: 200 len: 149 time: 0.0120296
2026-05-09 18:00:38.211 44 INFO eventlet.wsgi.server [-] 10.100.0.6, "GET /2009-04-04/meta-data/hostname HTTP/1.1" status: 200 len: 190 time: 0.0113652
2026-05-09 18:00:38.230 44 INFO eventlet.wsgi.server [-] 10.100.0.6, "GET /2009-04-04/meta-data/local-hostname HTTP/1.1" status: 200 len: 190 time: 0.0138400
2026-05-09 18:00:38.251 45 INFO neutron.agent.metadata.agent [-] The instance: e4c30ad4-1aa0-4420-97b5-eea6411570dd is not present anymore, skipping cache...
2026-05-09 18:00:38.330 45 INFO eventlet.wsgi.server [-] 10.100.0.6, "GET /2009-04-04/user-data HTTP/1.1" status: 404 len: 297 time: 0.0913618
2026-05-09 18:00:38.367 45 INFO eventlet.wsgi.server [-] 10.100.0.6, "GET /2009-04-04/meta-data/block-device-mapping HTTP/1.1" status: 200 len: 143 time: 0.0125823
2026-05-09 18:00:38.387 44 INFO eventlet.wsgi.server [-] 10.100.0.6, "GET /2009-04-04/meta-data/block-device-mapping/ami HTTP/1.1" status: 200 len: 138 time: 0.0141075
2026-05-09 18:00:38.404 44 INFO eventlet.wsgi.server [-] 10.100.0.6, "GET /2009-04-04/meta-data/block-device-mapping/root HTTP/1.1" status: 200 len: 143 time: 0.0107489
2026-05-09 18:00:38.430 45 INFO eventlet.wsgi.server [-] 10.100.0.6, "GET /2009-04-04/meta-data/public-hostname HTTP/1.1" status: 200 len: 190 time: 0.0210824
2026-05-09 18:00:38.452 45 INFO eventlet.wsgi.server [-] 10.100.0.6, "GET /2009-04-04/meta-data/placement/availability-zone HTTP/1.1" status: 200 len: 139 time: 0.0137441
2026-05-09 18:01:03.944 44 INFO eventlet.wsgi.server [-] 10.100.0.13, "GET /2009-04-04/meta-data/instance-id HTTP/1.1" status: 200 len: 146 time: 0.3109734
2026-05-09 18:01:03.968 45 INFO eventlet.wsgi.server [-] 10.100.0.13, "GET /2009-04-04/meta-data/public-keys HTTP/1.1" status: 200 len: 175 time: 0.0157354
2026-05-09 18:01:03.987 44 INFO eventlet.wsgi.server [-] 10.100.0.13, "GET /2009-04-04/meta-data/public-keys/0/openssh-key HTTP/1.1" status: 200 len: 341 time: 0.0126207
2026-05-09 18:01:04.006 45 INFO eventlet.wsgi.server [-] 10.100.0.13, "GET /2009-04-04/meta-data/instance-id HTTP/1.1" status: 200 len: 146 time: 0.0106926
2026-05-09 18:01:04.022 45 INFO eventlet.wsgi.server [-] 10.100.0.13, "GET /2009-04-04/meta-data/ami-launch-index HTTP/1.1" status: 200 len: 136 time: 0.0108473
2026-05-09 18:01:04.049 45 INFO eventlet.wsgi.server [-] 10.100.0.13, "GET /2009-04-04/meta-data/instance-type HTTP/1.1" status: 200 len: 142 time: 0.0175931
2026-05-09 18:01:04.068 45 INFO eventlet.wsgi.server [-] 10.100.0.13, "GET /2009-04-04/meta-data/local-ipv4 HTTP/1.1" status: 200 len: 147 time: 0.0130444
2026-05-09 18:01:04.086 45 INFO eventlet.wsgi.server [-] 10.100.0.13, "GET /2009-04-04/meta-data/public-ipv4 HTTP/1.1" status: 200 len: 149 time: 0.0119398
2026-05-09 18:01:04.101 45 INFO eventlet.wsgi.server [-] 10.100.0.13, "GET /2009-04-04/meta-data/hostname HTTP/1.1" status: 200 len: 190 time: 0.0093689
2026-05-09 18:01:04.123 44 INFO eventlet.wsgi.server [-] 10.100.0.13, "GET /2009-04-04/meta-data/local-hostname HTTP/1.1" status: 200 len: 190 time: 0.0173481
2026-05-09 18:01:04.139 44 INFO neutron.agent.metadata.agent [-] The instance: 32656efc-d12c-45fb-8613-9efe65f0f310 is not present anymore, skipping cache...
2026-05-09 18:01:04.187 44 INFO eventlet.wsgi.server [-] 10.100.0.13, "GET /2009-04-04/user-data HTTP/1.1" status: 404 len: 297 time: 0.0596390
2026-05-09 18:01:04.212 44 INFO eventlet.wsgi.server [-] 10.100.0.13, "GET /2009-04-04/meta-data/block-device-mapping HTTP/1.1" status: 200 len: 143 time: 0.0128317
2026-05-09 18:01:04.229 44 INFO eventlet.wsgi.server [-] 10.100.0.13, "GET /2009-04-04/meta-data/block-device-mapping/ami HTTP/1.1" status: 200 len: 138 time: 0.0114670
2026-05-09 18:01:04.248 44 INFO eventlet.wsgi.server [-] 10.100.0.13, "GET /2009-04-04/meta-data/block-device-mapping/root HTTP/1.1" status: 200 len: 143 time: 0.0123689
2026-05-09 18:01:04.266 44 INFO eventlet.wsgi.server [-] 10.100.0.13, "GET /2009-04-04/meta-data/public-hostname HTTP/1.1" status: 200 len: 190 time: 0.0134468
2026-05-09 18:01:04.283 44 INFO eventlet.wsgi.server [-] 10.100.0.13, "GET /2009-04-04/meta-data/placement/availability-zone HTTP/1.1" status: 200 len: 139 time: 0.0093644
2026-05-09 18:01:37.337 44 INFO eventlet.wsgi.server [-] 10.100.0.9, "GET /latest/meta-data/public-ipv4 HTTP/1.1" status: 200 len: 149 time: 1.1199195
2026-05-09 18:01:37.636 45 INFO eventlet.wsgi.server [-] 10.100.0.9, "POST /openstack/2013-10-17/password HTTP/1.1" status: 200 len: 134 time: 0.1828177
2026-05-09 18:02:59.735 45 INFO eventlet.wsgi.server [-] 10.2.1.223, "GET /2009-04-04/meta-data/instance-id HTTP/1.1" status: 200 len: 146 time: 0.2580228
2026-05-09 18:02:59.768 45 INFO eventlet.wsgi.server [-] 10.2.1.223, "GET /2009-04-04/meta-data/public-keys HTTP/1.1" status: 200 len: 174 time: 0.0229886
2026-05-09 18:02:59.787 45 INFO eventlet.wsgi.server [-] 10.2.1.223, "GET /2009-04-04/meta-data/public-keys/0/openssh-key HTTP/1.1" status: 200 len: 341 time: 0.0135450
2026-05-09 18:02:59.812 45 INFO eventlet.wsgi.server [-] 10.2.1.223, "GET /2009-04-04/meta-data/instance-id HTTP/1.1" status: 200 len: 146 time: 0.0181079
2026-05-09 18:02:59.841 45 INFO eventlet.wsgi.server [-] 10.2.1.223, "GET /2009-04-04/meta-data/ami-launch-index HTTP/1.1" status: 200 len: 136 time: 0.0198061
2026-05-09 18:02:59.862 45 INFO eventlet.wsgi.server [-] 10.2.1.223, "GET /2009-04-04/meta-data/instance-type HTTP/1.1" status: 200 len: 142 time: 0.0144804
2026-05-09 18:02:59.881 45 INFO eventlet.wsgi.server [-] 10.2.1.223, "GET /2009-04-04/meta-data/local-ipv4 HTTP/1.1" status: 200 len: 146 time: 0.0139105
2026-05-09 18:02:59.899 45 INFO eventlet.wsgi.server [-] 10.2.1.223, "GET /2009-04-04/meta-data/public-ipv4 HTTP/1.1" status: 200 len: 149 time: 0.0107408
2026-05-09 18:02:59.919 45 INFO eventlet.wsgi.server [-] 10.2.1.223, "GET /2009-04-04/meta-data/hostname HTTP/1.1" status: 200 len: 185 time: 0.0110908
2026-05-09 18:02:59.939 45 INFO eventlet.wsgi.server [-] 10.2.1.223, "GET /2009-04-04/meta-data/local-hostname HTTP/1.1" status: 200 len: 185 time: 0.0119314
2026-05-09 18:02:59.961 44 INFO neutron.agent.metadata.agent [-] The instance: 3bb7c3e1-7409-4ae0-8a1f-e262b74675ea is not present anymore, skipping cache...
2026-05-09 18:03:00.038 44 INFO eventlet.wsgi.server [-] 10.2.1.223, "GET /2009-04-04/user-data HTTP/1.1" status: 404 len: 297 time: 0.0918355
2026-05-09 18:03:00.064 44 INFO eventlet.wsgi.server [-] 10.2.1.223, "GET /2009-04-04/meta-data/block-device-mapping HTTP/1.1" status: 200 len: 143 time: 0.0130668
2026-05-09 18:03:00.069 45 INFO eventlet.wsgi.server [-] 169.254.169.254, "GET / HTTP/1.1" status: 404 len: 176 time: 0.0133770
2026-05-09 18:03:00.085 45 INFO eventlet.wsgi.server [-] 10.2.1.223, "GET /2009-04-04/meta-data/block-device-mapping/ami HTTP/1.1" status: 200 len: 138 time: 0.0148749
2026-05-09 18:03:00.108 45 INFO eventlet.wsgi.server [-] 10.2.1.223, "GET /2009-04-04/meta-data/block-device-mapping/root HTTP/1.1" status: 200 len: 143 time: 0.0175169
2026-05-09 18:03:00.128 45 INFO eventlet.wsgi.server [-] 10.2.1.223, "GET /2009-04-04/meta-data/public-hostname HTTP/1.1" status: 200 len: 185 time: 0.0148218
2026-05-09 18:03:00.146 45 INFO eventlet.wsgi.server [-] 10.2.1.223, "GET /2009-04-04/meta-data/placement/availability-zone HTTP/1.1" status: 200 len: 139 time: 0.0118506
2026-05-09 18:03:07.868 44 INFO eventlet.wsgi.server [-] 10.2.2.22, "GET /2009-04-04/meta-data/instance-id HTTP/1.1" status: 200 len: 146 time: 0.2040343
2026-05-09 18:03:07.900 45 INFO eventlet.wsgi.server [-] 10.2.2.22, "GET /2009-04-04/meta-data/public-keys HTTP/1.1" status: 200 len: 174 time: 0.0164578
2026-05-09 18:03:07.918 45 INFO eventlet.wsgi.server [-] 10.2.2.22, "GET /2009-04-04/meta-data/public-keys/0/openssh-key HTTP/1.1" status: 200 len: 341 time: 0.0121462
2026-05-09 18:03:07.943 44 INFO eventlet.wsgi.server [-] 10.2.2.22, "GET /2009-04-04/meta-data/instance-id HTTP/1.1" status: 200 len: 146 time: 0.0153356
2026-05-09 18:03:07.962 44 INFO eventlet.wsgi.server [-] 10.2.2.22, "GET /2009-04-04/meta-data/ami-launch-index HTTP/1.1" status: 200 len: 136 time: 0.0121653
2026-05-09 18:03:07.986 45 INFO eventlet.wsgi.server [-] 10.2.2.22, "GET /2009-04-04/meta-data/instance-type HTTP/1.1" status: 200 len: 142 time: 0.0175421
2026-05-09 18:03:08.006 45 INFO eventlet.wsgi.server [-] 10.2.2.22, "GET /2009-04-04/meta-data/local-ipv4 HTTP/1.1" status: 200 len: 144 time: 0.0120459
2026-05-09 18:03:08.027 45 INFO eventlet.wsgi.server [-] 10.2.2.22, "GET /2009-04-04/meta-data/public-ipv4 HTTP/1.1" status: 200 len: 149 time: 0.0137146
2026-05-09 18:03:08.047 45 INFO eventlet.wsgi.server [-] 10.2.2.22, "GET /2009-04-04/meta-data/hostname HTTP/1.1" status: 200 len: 185 time: 0.0127609
2026-05-09 18:03:08.067 45 INFO eventlet.wsgi.server [-] 10.2.2.22, "GET /2009-04-04/meta-data/local-hostname HTTP/1.1" status: 200 len: 185 time: 0.0130975
2026-05-09 18:03:08.087 44 INFO neutron.agent.metadata.agent [-] The instance: 691abb88-1b52-4534-8b20-80825bf071cd is not present anymore, skipping cache...
2026-05-09 18:03:08.140 44 INFO eventlet.wsgi.server [-] 10.2.2.22, "GET /2009-04-04/user-data HTTP/1.1" status: 404 len: 297 time: 0.0645573
2026-05-09 18:03:08.163 44 INFO eventlet.wsgi.server [-] 10.2.2.22, "GET /2009-04-04/meta-data/block-device-mapping HTTP/1.1" status: 200 len: 143 time: 0.0129797
2026-05-09 18:03:08.184 44 INFO eventlet.wsgi.server [-] 10.2.2.22, "GET /2009-04-04/meta-data/block-device-mapping/ami HTTP/1.1" status: 200 len: 138 time: 0.0146644
2026-05-09 18:03:08.199 44 INFO eventlet.wsgi.server [-] 10.2.2.22, "GET /2009-04-04/meta-data/block-device-mapping/root HTTP/1.1" status: 200 len: 143 time: 0.0096984
2026-05-09 18:03:08.218 44 INFO eventlet.wsgi.server [-] 10.2.2.22, "GET /2009-04-04/meta-data/public-hostname HTTP/1.1" status: 200 len: 185 time: 0.0122199
2026-05-09 18:03:08.238 44 INFO eventlet.wsgi.server [-] 10.2.2.22, "GET /2009-04-04/meta-data/placement/availability-zone HTTP/1.1" status: 200 len: 139 time: 0.0121498
2026-05-09 18:05:00.152 44 INFO eventlet.wsgi.server [-] 169.254.169.254, "GET / HTTP/1.1" status: 404 len: 176 time: 0.0853138
2026-05-09 18:06:10.075 44 INFO eventlet.wsgi.server [-] 169.254.169.254, "GET / HTTP/1.1" status: 404 len: 176 time: 0.0060914
2026-05-09 18:09:20.072 45 INFO eventlet.wsgi.server [-] 169.254.169.254, "GET / HTTP/1.1" status: 404 len: 176 time: 0.0055349