2026-05-09 17:57:26.920 8 INFO cinder.api.openstack.wsgi [None req-cb307059-5f7f-4f83-a493-6b7b5d66b259 60f5359958194726af6e40e4e438f0a6 797c35f204e844dbb3f1b49e1384285f - - default default] http://10.0.0.220:8776/ returned with HTTP 300
2026-05-09 17:57:36.918 7 INFO cinder.api.openstack.wsgi [None req-1f90be78-6b0a-43b6-967e-aeb4e9291cde 60f5359958194726af6e40e4e438f0a6 797c35f204e844dbb3f1b49e1384285f - - default default] GET http://10.0.0.220:8776/
2026-05-09 17:57:36.918 8 INFO cinder.api.openstack.wsgi [None req-cb307059-5f7f-4f83-a493-6b7b5d66b259 60f5359958194726af6e40e4e438f0a6 797c35f204e844dbb3f1b49e1384285f - - default default] GET http://10.0.0.220:8776/
2026-05-09 17:57:36.919 8 INFO cinder.api.openstack.wsgi [None req-cb307059-5f7f-4f83-a493-6b7b5d66b259 60f5359958194726af6e40e4e438f0a6 797c35f204e844dbb3f1b49e1384285f - - default default] http://10.0.0.220:8776/ returned with HTTP 300
2026-05-09 17:57:36.919 7 INFO cinder.api.openstack.wsgi [None req-1f90be78-6b0a-43b6-967e-aeb4e9291cde 60f5359958194726af6e40e4e438f0a6 797c35f204e844dbb3f1b49e1384285f - - default default] http://10.0.0.220:8776/ returned with HTTP 300
2026-05-09 17:57:45.605 8 INFO cinder.api.openstack.wsgi [None req-9ea08359-09e4-4bd8-828c-09b63c4ef18b 60f5359958194726af6e40e4e438f0a6 797c35f204e844dbb3f1b49e1384285f - - default default] GET http://cinder-api.openstack.svc.cluster.local:8776/v3/797c35f204e844dbb3f1b49e1384285f/snapshots
2026-05-09 17:57:45.618 8 INFO cinder.volume.api [None req-9ea08359-09e4-4bd8-828c-09b63c4ef18b 60f5359958194726af6e40e4e438f0a6 797c35f204e844dbb3f1b49e1384285f - - default default] Get all snapshots completed successfully.
2026-05-09 17:57:45.619 8 INFO cinder.api.openstack.wsgi [None req-9ea08359-09e4-4bd8-828c-09b63c4ef18b 60f5359958194726af6e40e4e438f0a6 797c35f204e844dbb3f1b49e1384285f - - default default] http://cinder-api.openstack.svc.cluster.local:8776/v3/797c35f204e844dbb3f1b49e1384285f/snapshots returned with HTTP 200 [pid: 8|app: 0|req: 307/613] 10.0.0.97 () {32 vars in 704 bytes} [Sat May 9 17:57:45 2026] GET /v3/797c35f204e844dbb3f1b49e1384285f/snapshots => generated 17 bytes in 22 msecs (HTTP/1.1 200) 7 headers in 284 bytes (1 switches on core 0)
2026-05-09 17:57:45.636 7 INFO cinder.api.openstack.wsgi [None req-247739e7-c7f7-432a-a4ea-d31794a5dd17 60f5359958194726af6e40e4e438f0a6 797c35f204e844dbb3f1b49e1384285f - - default default] GET http://cinder-api.openstack.svc.cluster.local:8776/v3/797c35f204e844dbb3f1b49e1384285f/volumes
2026-05-09 17:57:45.663 7 INFO cinder.volume.api [None req-247739e7-c7f7-432a-a4ea-d31794a5dd17 60f5359958194726af6e40e4e438f0a6 797c35f204e844dbb3f1b49e1384285f - - default default] Get all volumes completed successfully.
2026-05-09 17:57:45.664 7 INFO cinder.api.openstack.wsgi [None req-247739e7-c7f7-432a-a4ea-d31794a5dd17 60f5359958194726af6e40e4e438f0a6 797c35f204e844dbb3f1b49e1384285f - - default default] http://cinder-api.openstack.svc.cluster.local:8776/v3/797c35f204e844dbb3f1b49e1384285f/volumes returned with HTTP 200 [pid: 7|app: 0|req: 307/614] 10.0.0.97 () {32 vars in 700 bytes} [Sat May 9 17:57:45 2026] GET /v3/797c35f204e844dbb3f1b49e1384285f/volumes => generated 15 bytes in 35 msecs (HTTP/1.1 200) 7 headers in 284 bytes (1 switches on core 0)
2026-05-09 17:57:46.918 8 INFO cinder.api.openstack.wsgi [None req-9ea08359-09e4-4bd8-828c-09b63c4ef18b 60f5359958194726af6e40e4e438f0a6 797c35f204e844dbb3f1b49e1384285f - - default default] GET http://10.0.0.220:8776/
2026-05-09 17:57:46.918 7 INFO cinder.api.openstack.wsgi [None req-247739e7-c7f7-432a-a4ea-d31794a5dd17 60f5359958194726af6e40e4e438f0a6 797c35f204e844dbb3f1b49e1384285f - - default default] GET http://10.0.0.220:8776/
2026-05-09 17:57:46.919 8 INFO cinder.api.openstack.wsgi [None req-9ea08359-09e4-4bd8-828c-09b63c4ef18b 60f5359958194726af6e40e4e438f0a6 797c35f204e844dbb3f1b49e1384285f - - default default] http://10.0.0.220:8776/ returned with HTTP 300
2026-05-09 17:57:46.919 7 INFO cinder.api.openstack.wsgi [None req-247739e7-c7f7-432a-a4ea-d31794a5dd17 60f5359958194726af6e40e4e438f0a6 797c35f204e844dbb3f1b49e1384285f - - default default] http://10.0.0.220:8776/ returned with HTTP 300
2026-05-09 17:57:56.918 8 INFO cinder.api.openstack.wsgi [None req-9ea08359-09e4-4bd8-828c-09b63c4ef18b 60f5359958194726af6e40e4e438f0a6 797c35f204e844dbb3f1b49e1384285f - - default default] GET http://10.0.0.220:8776/
2026-05-09 17:57:56.919 8 INFO cinder.api.openstack.wsgi [None req-9ea08359-09e4-4bd8-828c-09b63c4ef18b 60f5359958194726af6e40e4e438f0a6 797c35f204e844dbb3f1b49e1384285f - - default default] http://10.0.0.220:8776/ returned with HTTP 300
2026-05-09 17:57:56.919 7 INFO cinder.api.openstack.wsgi [None req-247739e7-c7f7-432a-a4ea-d31794a5dd17 60f5359958194726af6e40e4e438f0a6 797c35f204e844dbb3f1b49e1384285f - - default default] GET http://10.0.0.220:8776/
2026-05-09 17:57:56.920 7 INFO cinder.api.openstack.wsgi [None req-247739e7-c7f7-432a-a4ea-d31794a5dd17 60f5359958194726af6e40e4e438f0a6 797c35f204e844dbb3f1b49e1384285f - - default default] http://10.0.0.220:8776/ returned with HTTP 300
2026-05-09 17:58:06.919 8 INFO cinder.api.openstack.wsgi [None req-9ea08359-09e4-4bd8-828c-09b63c4ef18b 60f5359958194726af6e40e4e438f0a6 797c35f204e844dbb3f1b49e1384285f - - default default] GET http://10.0.0.220:8776/
2026-05-09 17:58:06.920 8 INFO cinder.api.openstack.wsgi [None req-9ea08359-09e4-4bd8-828c-09b63c4ef18b 60f5359958194726af6e40e4e438f0a6 797c35f204e844dbb3f1b49e1384285f - - default default] http://10.0.0.220:8776/ returned with HTTP 300
2026-05-09 17:58:06.921 7 INFO cinder.api.openstack.wsgi [None req-247739e7-c7f7-432a-a4ea-d31794a5dd17 60f5359958194726af6e40e4e438f0a6 797c35f204e844dbb3f1b49e1384285f - - default default] GET http://10.0.0.220:8776/
2026-05-09 17:58:06.921 7 INFO cinder.api.openstack.wsgi [None req-247739e7-c7f7-432a-a4ea-d31794a5dd17 60f5359958194726af6e40e4e438f0a6 797c35f204e844dbb3f1b49e1384285f - - default default] http://10.0.0.220:8776/ returned with HTTP 300
2026-05-09 17:58:07.250 8 INFO cinder.api.openstack.wsgi [None req-7205b712-3794-4ee4-b2ba-841910f01a15 997463306e9b4a28bb146d9988ee2295 d1a86f9581b74f4cbdbfa47c02f93557 - - default default] POST http://cinder-api.openstack.svc.cluster.local:8776/v3/d1a86f9581b74f4cbdbfa47c02f93557/volumes
2026-05-09 17:58:07.845 8 INFO cinder.api.v3.volumes [None req-7205b712-3794-4ee4-b2ba-841910f01a15 997463306e9b4a28bb146d9988ee2295 d1a86f9581b74f4cbdbfa47c02f93557 - - default default] Create volume of 1 GB
2026-05-09 17:58:07.868 8 INFO cinder.volume.api [None req-7205b712-3794-4ee4-b2ba-841910f01a15 997463306e9b4a28bb146d9988ee2295 d1a86f9581b74f4cbdbfa47c02f93557 - - default default] Availability Zones retrieved successfully. /var/lib/openstack/lib/python3.10/site-packages/taskflow/engines/action_engine/process_executor.py:17: DeprecationWarning: The asyncore module is deprecated and will be removed in Python 3.12. The recommended replacement is asyncio import asyncore
2026-05-09 17:58:08.197 8 INFO cinder.volume.api [None req-7205b712-3794-4ee4-b2ba-841910f01a15 997463306e9b4a28bb146d9988ee2295 d1a86f9581b74f4cbdbfa47c02f93557 - - default default] Create volume request issued successfully.
2026-05-09 17:58:08.198 8 INFO cinder.api.openstack.wsgi [None req-7205b712-3794-4ee4-b2ba-841910f01a15 997463306e9b4a28bb146d9988ee2295 d1a86f9581b74f4cbdbfa47c02f93557 - - default default] http://cinder-api.openstack.svc.cluster.local:8776/v3/d1a86f9581b74f4cbdbfa47c02f93557/volumes returned with HTTP 202 [pid: 8|app: 0|req: 311/621] 10.0.0.97 () {34 vars in 722 bytes} [Sat May 9 17:58:07 2026] POST /v3/d1a86f9581b74f4cbdbfa47c02f93557/volumes => generated 865 bytes in 954 msecs (HTTP/1.1 202) 7 headers in 291 bytes (1 switches on core 0)
2026-05-09 17:58:08.232 7 INFO cinder.api.openstack.wsgi [None req-552075a7-0dc3-4a74-9c98-f8cf273f4f46 997463306e9b4a28bb146d9988ee2295 d1a86f9581b74f4cbdbfa47c02f93557 - - default default] GET http://cinder-api.openstack.svc.cluster.local:8776/v3/d1a86f9581b74f4cbdbfa47c02f93557/volumes/9ec59806-3b9e-477e-96b0-e0bcf1aacdf1 /var/lib/openstack/lib/python3.10/site-packages/oslo_context/context.py:100: DeprecationWarning: Policy enforcement is depending on the value of is_admin. This key is deprecated. Please update your policy file to use the standard policy values. warnings.warn('Policy enforcement is depending on the value of '
2026-05-09 17:58:08.292 7 INFO cinder.volume.api [None req-552075a7-0dc3-4a74-9c98-f8cf273f4f46 997463306e9b4a28bb146d9988ee2295 d1a86f9581b74f4cbdbfa47c02f93557 - - default default] Volume info retrieved successfully.
2026-05-09 17:58:08.305 7 INFO cinder.api.openstack.wsgi [None req-552075a7-0dc3-4a74-9c98-f8cf273f4f46 997463306e9b4a28bb146d9988ee2295 d1a86f9581b74f4cbdbfa47c02f93557 - - default default] http://cinder-api.openstack.svc.cluster.local:8776/v3/d1a86f9581b74f4cbdbfa47c02f93557/volumes/9ec59806-3b9e-477e-96b0-e0bcf1aacdf1 returned with HTTP 200 [pid: 7|app: 0|req: 311/622] 10.0.0.97 () {32 vars in 774 bytes} [Sat May 9 17:58:08 2026] GET /v3/d1a86f9581b74f4cbdbfa47c02f93557/volumes/9ec59806-3b9e-477e-96b0-e0bcf1aacdf1 => generated 933 bytes in 81 msecs (HTTP/1.1 200) 7 headers in 285 bytes (1 switches on core 0) /var/lib/openstack/lib/python3.10/site-packages/pycadf/identifier.py:71: UserWarning: Invalid uuid: cinderv3. To ensure interoperability, identifiers should be a valid uuid. warnings.warn(('Invalid uuid: %s. To ensure interoperability, '
2026-05-09 17:58:09.335 8 INFO cinder.api.openstack.wsgi [None req-14f0d53a-3c85-4040-b33c-bf691036f94a 997463306e9b4a28bb146d9988ee2295 d1a86f9581b74f4cbdbfa47c02f93557 - - default default] GET http://cinder-api.openstack.svc.cluster.local:8776/v3/d1a86f9581b74f4cbdbfa47c02f93557/volumes/9ec59806-3b9e-477e-96b0-e0bcf1aacdf1 /var/lib/openstack/lib/python3.10/site-packages/oslo_context/context.py:100: DeprecationWarning: Policy enforcement is depending on the value of is_admin. This key is deprecated. Please update your policy file to use the standard policy values. warnings.warn('Policy enforcement is depending on the value of '
2026-05-09 17:58:09.362 8 INFO cinder.volume.api [None req-14f0d53a-3c85-4040-b33c-bf691036f94a 997463306e9b4a28bb146d9988ee2295 d1a86f9581b74f4cbdbfa47c02f93557 - - default default] Volume info retrieved successfully.
2026-05-09 17:58:09.370 8 INFO cinder.api.openstack.wsgi [None req-14f0d53a-3c85-4040-b33c-bf691036f94a 997463306e9b4a28bb146d9988ee2295 d1a86f9581b74f4cbdbfa47c02f93557 - - default default] http://cinder-api.openstack.svc.cluster.local:8776/v3/d1a86f9581b74f4cbdbfa47c02f93557/volumes/9ec59806-3b9e-477e-96b0-e0bcf1aacdf1 returned with HTTP 200 [pid: 8|app: 0|req: 312/623] 10.0.0.97 () {32 vars in 774 bytes} [Sat May 9 17:58:09 2026] GET /v3/d1a86f9581b74f4cbdbfa47c02f93557/volumes/9ec59806-3b9e-477e-96b0-e0bcf1aacdf1 => generated 957 bytes in 40 msecs (HTTP/1.1 200) 7 headers in 285 bytes (1 switches on core 0) /var/lib/openstack/lib/python3.10/site-packages/pycadf/identifier.py:71: UserWarning: Invalid uuid: cinderv3. To ensure interoperability, identifiers should be a valid uuid. warnings.warn(('Invalid uuid: %s. To ensure interoperability, '
2026-05-09 17:58:09.783 7 INFO cinder.api.openstack.wsgi [None req-07ffd328-08af-4940-9d26-b67ee89b0b2a 60f5359958194726af6e40e4e438f0a6 797c35f204e844dbb3f1b49e1384285f - - default default] GET http://cinder-api.openstack.svc.cluster.local:8776/v3/797c35f204e844dbb3f1b49e1384285f/volumes/detail?all_tenants=true
2026-05-09 17:58:09.794 7 INFO cinder.volume.api [None req-07ffd328-08af-4940-9d26-b67ee89b0b2a 60f5359958194726af6e40e4e438f0a6 797c35f204e844dbb3f1b49e1384285f - - default default] Get all volumes completed successfully. /var/lib/openstack/lib/python3.10/site-packages/oslo_context/context.py:100: DeprecationWarning: Policy enforcement is depending on the value of is_admin. This key is deprecated. Please update your policy file to use the standard policy values. warnings.warn('Policy enforcement is depending on the value of '
2026-05-09 17:58:09.800 7 INFO cinder.api.openstack.wsgi [None req-07ffd328-08af-4940-9d26-b67ee89b0b2a 60f5359958194726af6e40e4e438f0a6 797c35f204e844dbb3f1b49e1384285f - - default default] http://cinder-api.openstack.svc.cluster.local:8776/v3/797c35f204e844dbb3f1b49e1384285f/volumes/detail?all_tenants=true returned with HTTP 200 [pid: 7|app: 0|req: 312/624] 10.0.0.146 () {28 vars in 684 bytes} [Sat May 9 17:58:09 2026] GET /v3/797c35f204e844dbb3f1b49e1384285f/volumes/detail?all_tenants=true => generated 1125 bytes in 153 msecs (HTTP/1.1 200) 7 headers in 286 bytes (1 switches on core 0) /var/lib/openstack/lib/python3.10/site-packages/pycadf/identifier.py:71: UserWarning: Invalid uuid: cinderv3. To ensure interoperability, identifiers should be a valid uuid. warnings.warn(('Invalid uuid: %s. To ensure interoperability, '
2026-05-09 17:58:09.817 8 INFO cinder.api.openstack.wsgi [None req-4d0ec9af-ff5f-45bd-961a-e51b98072a8f 60f5359958194726af6e40e4e438f0a6 797c35f204e844dbb3f1b49e1384285f - - default default] GET http://cinder-api.openstack.svc.cluster.local:8776/v3/797c35f204e844dbb3f1b49e1384285f/scheduler-stats/get_pools?detail=true
2026-05-09 17:58:09.834 8 INFO cinder.api.openstack.wsgi [None req-4d0ec9af-ff5f-45bd-961a-e51b98072a8f 60f5359958194726af6e40e4e438f0a6 797c35f204e844dbb3f1b49e1384285f - - default default] http://cinder-api.openstack.svc.cluster.local:8776/v3/797c35f204e844dbb3f1b49e1384285f/scheduler-stats/get_pools?detail=true returned with HTTP 200 [pid: 8|app: 0|req: 313/625] 10.0.0.146 () {28 vars in 696 bytes} [Sat May 9 17:58:09 2026] GET /v3/797c35f204e844dbb3f1b49e1384285f/scheduler-stats/get_pools?detail=true => generated 670 bytes in 25 msecs (HTTP/1.1 200) 7 headers in 285 bytes (1 switches on core 0) /var/lib/openstack/lib/python3.10/site-packages/pycadf/identifier.py:71: UserWarning: Invalid uuid: cinderv3. To ensure interoperability, identifiers should be a valid uuid. warnings.warn(('Invalid uuid: %s. To ensure interoperability, '
2026-05-09 17:58:09.923 7 INFO cinder.api.openstack.wsgi [None req-d396d8a5-aff3-4daa-ba28-63417d28f19e 60f5359958194726af6e40e4e438f0a6 797c35f204e844dbb3f1b49e1384285f - - default default] GET http://cinder-api.openstack.svc.cluster.local:8776/v3/797c35f204e844dbb3f1b49e1384285f/os-quota-sets/2b72950a15ab4c54b2e01efb0b780815?usage=true
2026-05-09 17:58:09.951 7 INFO cinder.api.openstack.wsgi [None req-d396d8a5-aff3-4daa-ba28-63417d28f19e 60f5359958194726af6e40e4e438f0a6 797c35f204e844dbb3f1b49e1384285f - - default default] http://cinder-api.openstack.svc.cluster.local:8776/v3/797c35f204e844dbb3f1b49e1384285f/os-quota-sets/2b72950a15ab4c54b2e01efb0b780815?usage=true returned with HTTP 200 [pid: 7|app: 0|req: 313/626] 10.0.0.146 () {28 vars in 736 bytes} [Sat May 9 17:58:09 2026] GET /v3/797c35f204e844dbb3f1b49e1384285f/os-quota-sets/2b72950a15ab4c54b2e01efb0b780815?usage=true => generated 847 bytes in 36 msecs (HTTP/1.1 200) 7 headers in 285 bytes (1 switches on core 0)
2026-05-09 17:58:09.966 8 INFO cinder.api.openstack.wsgi [None req-06652296-4b60-491e-a9d2-8593b6ceb0b4 60f5359958194726af6e40e4e438f0a6 797c35f204e844dbb3f1b49e1384285f - - default default] GET http://cinder-api.openstack.svc.cluster.local:8776/v3/797c35f204e844dbb3f1b49e1384285f/os-quota-sets/2fad11c6b1af4285a6993ea1faccb310?usage=true
2026-05-09 17:58:09.990 8 INFO cinder.api.openstack.wsgi [None req-06652296-4b60-491e-a9d2-8593b6ceb0b4 60f5359958194726af6e40e4e438f0a6 797c35f204e844dbb3f1b49e1384285f - - default default] http://cinder-api.openstack.svc.cluster.local:8776/v3/797c35f204e844dbb3f1b49e1384285f/os-quota-sets/2fad11c6b1af4285a6993ea1faccb310?usage=true returned with HTTP 200 [pid: 8|app: 0|req: 314/627] 10.0.0.146 () {28 vars in 736 bytes} [Sat May 9 17:58:09 2026] GET /v3/797c35f204e844dbb3f1b49e1384285f/os-quota-sets/2fad11c6b1af4285a6993ea1faccb310?usage=true => generated 845 bytes in 33 msecs (HTTP/1.1 200) 7 headers in 285 bytes (1 switches on core 0)
2026-05-09 17:58:10.004 7 INFO cinder.api.openstack.wsgi [None req-9ee4a259-0ca7-4259-a603-93d59e264c39 60f5359958194726af6e40e4e438f0a6 797c35f204e844dbb3f1b49e1384285f - - default default] GET http://cinder-api.openstack.svc.cluster.local:8776/v3/797c35f204e844dbb3f1b49e1384285f/os-quota-sets/797c35f204e844dbb3f1b49e1384285f?usage=true
2026-05-09 17:58:10.031 7 INFO cinder.api.openstack.wsgi [None req-9ee4a259-0ca7-4259-a603-93d59e264c39 60f5359958194726af6e40e4e438f0a6 797c35f204e844dbb3f1b49e1384285f - - default default] http://cinder-api.openstack.svc.cluster.local:8776/v3/797c35f204e844dbb3f1b49e1384285f/os-quota-sets/797c35f204e844dbb3f1b49e1384285f?usage=true returned with HTTP 200 [pid: 7|app: 0|req: 314/628] 10.0.0.146 () {28 vars in 736 bytes} [Sat May 9 17:58:09 2026] GET /v3/797c35f204e844dbb3f1b49e1384285f/os-quota-sets/797c35f204e844dbb3f1b49e1384285f?usage=true => generated 845 bytes in 36 msecs (HTTP/1.1 200) 7 headers in 285 bytes (1 switches on core 0)
2026-05-09 17:58:10.043 8 INFO cinder.api.openstack.wsgi [None req-1a52b898-9f90-49a0-81de-ad2fddcf56ce 60f5359958194726af6e40e4e438f0a6 797c35f204e844dbb3f1b49e1384285f - - default default] GET http://cinder-api.openstack.svc.cluster.local:8776/v3/797c35f204e844dbb3f1b49e1384285f/os-quota-sets/92e3851b5b354c0eacf91ab59c8f8736?usage=true
2026-05-09 17:58:10.067 8 INFO cinder.api.openstack.wsgi [None req-1a52b898-9f90-49a0-81de-ad2fddcf56ce 60f5359958194726af6e40e4e438f0a6 797c35f204e844dbb3f1b49e1384285f - - default default] http://cinder-api.openstack.svc.cluster.local:8776/v3/797c35f204e844dbb3f1b49e1384285f/os-quota-sets/92e3851b5b354c0eacf91ab59c8f8736?usage=true returned with HTTP 200 [pid: 8|app: 0|req: 315/629] 10.0.0.146 () {28 vars in 736 bytes} [Sat May 9 17:58:10 2026] GET /v3/797c35f204e844dbb3f1b49e1384285f/os-quota-sets/92e3851b5b354c0eacf91ab59c8f8736?usage=true => generated 847 bytes in 33 msecs (HTTP/1.1 200) 7 headers in 285 bytes (1 switches on core 0)
2026-05-09 17:58:10.091 7 INFO cinder.api.openstack.wsgi [None req-0b447dfc-d8b6-4ecd-9a96-e4399eb28517 60f5359958194726af6e40e4e438f0a6 797c35f204e844dbb3f1b49e1384285f - - default default] GET http://cinder-api.openstack.svc.cluster.local:8776/v3/797c35f204e844dbb3f1b49e1384285f/os-quota-sets/99a3a6894b6549aab26ae593d1226a3d?usage=true
2026-05-09 17:58:10.118 7 INFO cinder.api.openstack.wsgi [None req-0b447dfc-d8b6-4ecd-9a96-e4399eb28517 60f5359958194726af6e40e4e438f0a6 797c35f204e844dbb3f1b49e1384285f - - default default] http://cinder-api.openstack.svc.cluster.local:8776/v3/797c35f204e844dbb3f1b49e1384285f/os-quota-sets/99a3a6894b6549aab26ae593d1226a3d?usage=true returned with HTTP 200 [pid: 7|app: 0|req: 315/630] 10.0.0.146 () {28 vars in 736 bytes} [Sat May 9 17:58:10 2026] GET /v3/797c35f204e844dbb3f1b49e1384285f/os-quota-sets/99a3a6894b6549aab26ae593d1226a3d?usage=true => generated 847 bytes in 37 msecs (HTTP/1.1 200) 7 headers in 285 bytes (1 switches on core 0)
2026-05-09 17:58:10.136 8 INFO cinder.api.openstack.wsgi [None req-dac62d7f-eaa4-4cc9-bcfb-fb765bd5cb24 60f5359958194726af6e40e4e438f0a6 797c35f204e844dbb3f1b49e1384285f - - default default] GET http://cinder-api.openstack.svc.cluster.local:8776/v3/797c35f204e844dbb3f1b49e1384285f/os-quota-sets/b817e711396a440ebebfe390d966047f?usage=true
2026-05-09 17:58:10.159 8 INFO cinder.api.openstack.wsgi [None req-dac62d7f-eaa4-4cc9-bcfb-fb765bd5cb24 60f5359958194726af6e40e4e438f0a6 797c35f204e844dbb3f1b49e1384285f - - default default] http://cinder-api.openstack.svc.cluster.local:8776/v3/797c35f204e844dbb3f1b49e1384285f/os-quota-sets/b817e711396a440ebebfe390d966047f?usage=true returned with HTTP 200 [pid: 8|app: 0|req: 316/631] 10.0.0.146 () {28 vars in 736 bytes} [Sat May 9 17:58:10 2026] GET /v3/797c35f204e844dbb3f1b49e1384285f/os-quota-sets/b817e711396a440ebebfe390d966047f?usage=true => generated 847 bytes in 35 msecs (HTTP/1.1 200) 7 headers in 285 bytes (1 switches on core 0)
2026-05-09 17:58:10.173 7 INFO cinder.api.openstack.wsgi [None req-0cae3fc9-4cbe-4e14-aa40-190a5cb9392f 60f5359958194726af6e40e4e438f0a6 797c35f204e844dbb3f1b49e1384285f - - default default] GET http://cinder-api.openstack.svc.cluster.local:8776/v3/797c35f204e844dbb3f1b49e1384285f/os-quota-sets/d1a86f9581b74f4cbdbfa47c02f93557?usage=true
2026-05-09 17:58:10.202 7 INFO cinder.api.openstack.wsgi [None req-0cae3fc9-4cbe-4e14-aa40-190a5cb9392f 60f5359958194726af6e40e4e438f0a6 797c35f204e844dbb3f1b49e1384285f - - default default] http://cinder-api.openstack.svc.cluster.local:8776/v3/797c35f204e844dbb3f1b49e1384285f/os-quota-sets/d1a86f9581b74f4cbdbfa47c02f93557?usage=true returned with HTTP 200 [pid: 7|app: 0|req: 316/632] 10.0.0.146 () {28 vars in 736 bytes} [Sat May 9 17:58:10 2026] GET /v3/797c35f204e844dbb3f1b49e1384285f/os-quota-sets/d1a86f9581b74f4cbdbfa47c02f93557?usage=true => generated 847 bytes in 38 msecs (HTTP/1.1 200) 7 headers in 285 bytes (1 switches on core 0)
2026-05-09 17:58:10.216 8 INFO cinder.api.openstack.wsgi [None req-8188ebcc-0a5a-4c16-aeae-1d7b2c7b21b5 60f5359958194726af6e40e4e438f0a6 797c35f204e844dbb3f1b49e1384285f - - default default] GET http://cinder-api.openstack.svc.cluster.local:8776/v3/797c35f204e844dbb3f1b49e1384285f/os-services
2026-05-09 17:58:10.222 8 INFO cinder.api.openstack.wsgi [None req-8188ebcc-0a5a-4c16-aeae-1d7b2c7b21b5 60f5359958194726af6e40e4e438f0a6 797c35f204e844dbb3f1b49e1384285f - - default default] http://cinder-api.openstack.svc.cluster.local:8776/v3/797c35f204e844dbb3f1b49e1384285f/os-services returned with HTTP 200 [pid: 8|app: 0|req: 317/633] 10.0.0.146 () {28 vars in 645 bytes} [Sat May 9 17:58:10 2026] GET /v3/797c35f204e844dbb3f1b49e1384285f/os-services => generated 646 bytes in 17 msecs (HTTP/1.1 200) 7 headers in 285 bytes (1 switches on core 0)
2026-05-09 17:58:10.234 7 INFO cinder.api.openstack.wsgi [None req-bdee612a-38f0-4dbd-8b47-af814ef4b45a 60f5359958194726af6e40e4e438f0a6 797c35f204e844dbb3f1b49e1384285f - - default default] GET http://cinder-api.openstack.svc.cluster.local:8776/v3/797c35f204e844dbb3f1b49e1384285f/snapshots?all_tenants=true
2026-05-09 17:58:10.244 7 INFO cinder.volume.api [None req-bdee612a-38f0-4dbd-8b47-af814ef4b45a 60f5359958194726af6e40e4e438f0a6 797c35f204e844dbb3f1b49e1384285f - - default default] Get all snapshots completed successfully.
2026-05-09 17:58:10.245 7 INFO cinder.api.openstack.wsgi [None req-bdee612a-38f0-4dbd-8b47-af814ef4b45a 60f5359958194726af6e40e4e438f0a6 797c35f204e844dbb3f1b49e1384285f - - default default] http://cinder-api.openstack.svc.cluster.local:8776/v3/797c35f204e844dbb3f1b49e1384285f/snapshots?all_tenants=true returned with HTTP 200 [pid: 7|app: 0|req: 317/634] 10.0.0.146 () {28 vars in 674 bytes} [Sat May 9 17:58:10 2026] GET /v3/797c35f204e844dbb3f1b49e1384285f/snapshots?all_tenants=true => generated 17 bytes in 18 msecs (HTTP/1.1 200) 7 headers in 284 bytes (1 switches on core 0)
2026-05-09 17:58:10.258 8 INFO cinder.api.openstack.wsgi [None req-a2830363-610f-4055-bfd0-d535f17afc21 60f5359958194726af6e40e4e438f0a6 797c35f204e844dbb3f1b49e1384285f - - default default] GET http://cinder-api.openstack.svc.cluster.local:8776/v3/797c35f204e844dbb3f1b49e1384285f/volumes/detail?all_tenants=true
2026-05-09 17:58:10.271 8 INFO cinder.volume.api [None req-a2830363-610f-4055-bfd0-d535f17afc21 60f5359958194726af6e40e4e438f0a6 797c35f204e844dbb3f1b49e1384285f - - default default] Get all volumes completed successfully. /var/lib/openstack/lib/python3.10/site-packages/oslo_context/context.py:100: DeprecationWarning: Policy enforcement is depending on the value of is_admin. This key is deprecated. Please update your policy file to use the standard policy values. warnings.warn('Policy enforcement is depending on the value of '
2026-05-09 17:58:10.277 8 INFO cinder.api.openstack.wsgi [None req-a2830363-610f-4055-bfd0-d535f17afc21 60f5359958194726af6e40e4e438f0a6 797c35f204e844dbb3f1b49e1384285f - - default default] http://cinder-api.openstack.svc.cluster.local:8776/v3/797c35f204e844dbb3f1b49e1384285f/volumes/detail?all_tenants=true returned with HTTP 200 [pid: 8|app: 0|req: 318/635] 10.0.0.146 () {28 vars in 684 bytes} [Sat May 9 17:58:10 2026] GET /v3/797c35f204e844dbb3f1b49e1384285f/volumes/detail?all_tenants=true => generated 1125 bytes in 26 msecs (HTTP/1.1 200) 7 headers in 286 bytes (1 switches on core 0)
2026-05-09 17:58:10.394 7 INFO cinder.api.openstack.wsgi [None req-5531ae92-d293-48ac-b288-0b4bfce47139 997463306e9b4a28bb146d9988ee2295 d1a86f9581b74f4cbdbfa47c02f93557 - - default default] GET http://cinder-api.openstack.svc.cluster.local:8776/v3/d1a86f9581b74f4cbdbfa47c02f93557/volumes/9ec59806-3b9e-477e-96b0-e0bcf1aacdf1 /var/lib/openstack/lib/python3.10/site-packages/oslo_context/context.py:100: DeprecationWarning: Policy enforcement is depending on the value of is_admin. This key is deprecated. Please update your policy file to use the standard policy values. warnings.warn('Policy enforcement is depending on the value of '
2026-05-09 17:58:10.414 7 INFO cinder.volume.api [None req-5531ae92-d293-48ac-b288-0b4bfce47139 997463306e9b4a28bb146d9988ee2295 d1a86f9581b74f4cbdbfa47c02f93557 - - default default] Volume info retrieved successfully.
2026-05-09 17:58:10.419 7 INFO cinder.api.openstack.wsgi [None req-5531ae92-d293-48ac-b288-0b4bfce47139 997463306e9b4a28bb146d9988ee2295 d1a86f9581b74f4cbdbfa47c02f93557 - - default default] http://cinder-api.openstack.svc.cluster.local:8776/v3/d1a86f9581b74f4cbdbfa47c02f93557/volumes/9ec59806-3b9e-477e-96b0-e0bcf1aacdf1 returned with HTTP 200 [pid: 7|app: 0|req: 318/636] 10.0.0.97 () {32 vars in 774 bytes} [Sat May 9 17:58:10 2026] GET /v3/d1a86f9581b74f4cbdbfa47c02f93557/volumes/9ec59806-3b9e-477e-96b0-e0bcf1aacdf1 => generated 957 bytes in 32 msecs (HTTP/1.1 200) 7 headers in 285 bytes (1 switches on core 0) /var/lib/openstack/lib/python3.10/site-packages/pycadf/identifier.py:71: UserWarning: Invalid uuid: cinderv3. To ensure interoperability, identifiers should be a valid uuid. warnings.warn(('Invalid uuid: %s. To ensure interoperability, '
2026-05-09 17:58:11.455 8 INFO cinder.api.openstack.wsgi [None req-a1f9d4ad-b779-46d2-98f0-3b389b3085af 997463306e9b4a28bb146d9988ee2295 d1a86f9581b74f4cbdbfa47c02f93557 - - default default] GET http://cinder-api.openstack.svc.cluster.local:8776/v3/d1a86f9581b74f4cbdbfa47c02f93557/volumes/9ec59806-3b9e-477e-96b0-e0bcf1aacdf1 /var/lib/openstack/lib/python3.10/site-packages/oslo_context/context.py:100: DeprecationWarning: Policy enforcement is depending on the value of is_admin. This key is deprecated. Please update your policy file to use the standard policy values. warnings.warn('Policy enforcement is depending on the value of '
2026-05-09 17:58:11.476 8 INFO cinder.volume.api [None req-a1f9d4ad-b779-46d2-98f0-3b389b3085af 997463306e9b4a28bb146d9988ee2295 d1a86f9581b74f4cbdbfa47c02f93557 - - default default] Volume info retrieved successfully.
2026-05-09 17:58:11.481 8 INFO cinder.api.openstack.wsgi [None req-a1f9d4ad-b779-46d2-98f0-3b389b3085af 997463306e9b4a28bb146d9988ee2295 d1a86f9581b74f4cbdbfa47c02f93557 - - default default] http://cinder-api.openstack.svc.cluster.local:8776/v3/d1a86f9581b74f4cbdbfa47c02f93557/volumes/9ec59806-3b9e-477e-96b0-e0bcf1aacdf1 returned with HTTP 200 [pid: 8|app: 0|req: 319/637] 10.0.0.97 () {32 vars in 774 bytes} [Sat May 9 17:58:11 2026] GET /v3/d1a86f9581b74f4cbdbfa47c02f93557/volumes/9ec59806-3b9e-477e-96b0-e0bcf1aacdf1 => generated 1342 bytes in 37 msecs (HTTP/1.1 200) 7 headers in 286 bytes (1 switches on core 0) /var/lib/openstack/lib/python3.10/site-packages/pycadf/identifier.py:71: UserWarning: Invalid uuid: cinderv3. To ensure interoperability, identifiers should be a valid uuid. warnings.warn(('Invalid uuid: %s. To ensure interoperability, '
2026-05-09 17:58:11.677 7 INFO cinder.api.openstack.wsgi [req-d054eee9-6f84-4395-9d17-9acb8b8a9126 req-d9a52112-d622-4e7a-9f83-214831352215 997463306e9b4a28bb146d9988ee2295 d1a86f9581b74f4cbdbfa47c02f93557 - - default default] GET http://cinder-api.openstack.svc.cluster.local:8776/v3/d1a86f9581b74f4cbdbfa47c02f93557/volumes/9ec59806-3b9e-477e-96b0-e0bcf1aacdf1 /var/lib/openstack/lib/python3.10/site-packages/oslo_context/context.py:100: DeprecationWarning: Policy enforcement is depending on the value of is_admin. This key is deprecated. Please update your policy file to use the standard policy values. warnings.warn('Policy enforcement is depending on the value of '
2026-05-09 17:58:11.710 7 INFO cinder.volume.api [req-d054eee9-6f84-4395-9d17-9acb8b8a9126 req-d9a52112-d622-4e7a-9f83-214831352215 997463306e9b4a28bb146d9988ee2295 d1a86f9581b74f4cbdbfa47c02f93557 - - default default] Volume info retrieved successfully.
2026-05-09 17:58:11.719 7 INFO cinder.api.openstack.wsgi [req-d054eee9-6f84-4395-9d17-9acb8b8a9126 req-d9a52112-d622-4e7a-9f83-214831352215 997463306e9b4a28bb146d9988ee2295 d1a86f9581b74f4cbdbfa47c02f93557 - - default default] http://cinder-api.openstack.svc.cluster.local:8776/v3/d1a86f9581b74f4cbdbfa47c02f93557/volumes/9ec59806-3b9e-477e-96b0-e0bcf1aacdf1 returned with HTTP 200 [pid: 7|app: 0|req: 319/638] 10.0.0.180 () {34 vars in 1028 bytes} [Sat May 9 17:58:11 2026] GET /v3/d1a86f9581b74f4cbdbfa47c02f93557/volumes/9ec59806-3b9e-477e-96b0-e0bcf1aacdf1 => generated 1342 bytes in 49 msecs (HTTP/1.1 200) 7 headers in 286 bytes (1 switches on core 0) /var/lib/openstack/lib/python3.10/site-packages/pycadf/identifier.py:71: UserWarning: Invalid uuid: cinderv3. To ensure interoperability, identifiers should be a valid uuid. warnings.warn(('Invalid uuid: %s. To ensure interoperability, '
2026-05-09 17:58:13.893 8 INFO cinder.api.openstack.wsgi [req-d054eee9-6f84-4395-9d17-9acb8b8a9126 req-a05753cc-c7a4-4c82-a7a9-4c04c0af49e4 997463306e9b4a28bb146d9988ee2295 d1a86f9581b74f4cbdbfa47c02f93557 - - default default] GET http://cinder-api.openstack.svc.cluster.local:8776/v3/d1a86f9581b74f4cbdbfa47c02f93557/volumes/9ec59806-3b9e-477e-96b0-e0bcf1aacdf1 /var/lib/openstack/lib/python3.10/site-packages/oslo_context/context.py:100: DeprecationWarning: Policy enforcement is depending on the value of is_admin. This key is deprecated. Please update your policy file to use the standard policy values. warnings.warn('Policy enforcement is depending on the value of '
2026-05-09 17:58:13.912 8 INFO cinder.volume.api [req-d054eee9-6f84-4395-9d17-9acb8b8a9126 req-a05753cc-c7a4-4c82-a7a9-4c04c0af49e4 997463306e9b4a28bb146d9988ee2295 d1a86f9581b74f4cbdbfa47c02f93557 - - default default] Volume info retrieved successfully.
2026-05-09 17:58:13.925 8 INFO cinder.api.openstack.wsgi [req-d054eee9-6f84-4395-9d17-9acb8b8a9126 req-a05753cc-c7a4-4c82-a7a9-4c04c0af49e4 997463306e9b4a28bb146d9988ee2295 d1a86f9581b74f4cbdbfa47c02f93557 - - default default] http://cinder-api.openstack.svc.cluster.local:8776/v3/d1a86f9581b74f4cbdbfa47c02f93557/volumes/9ec59806-3b9e-477e-96b0-e0bcf1aacdf1 returned with HTTP 200 [pid: 8|app: 0|req: 320/639] 10.0.0.180 () {34 vars in 1028 bytes} [Sat May 9 17:58:13 2026] GET /v3/d1a86f9581b74f4cbdbfa47c02f93557/volumes/9ec59806-3b9e-477e-96b0-e0bcf1aacdf1 => generated 1342 bytes in 50 msecs (HTTP/1.1 200) 7 headers in 286 bytes (1 switches on core 0)
2026-05-09 17:58:13.943 7 INFO cinder.api.openstack.wsgi [req-d054eee9-6f84-4395-9d17-9acb8b8a9126 req-d9a52112-d622-4e7a-9f83-214831352215 997463306e9b4a28bb146d9988ee2295 d1a86f9581b74f4cbdbfa47c02f93557 - - default default] GET http://cinder-api.openstack.svc.cluster.local:8776/
2026-05-09 17:58:13.944 7 INFO cinder.api.openstack.wsgi [req-d054eee9-6f84-4395-9d17-9acb8b8a9126 req-d9a52112-d622-4e7a-9f83-214831352215 997463306e9b4a28bb146d9988ee2295 d1a86f9581b74f4cbdbfa47c02f93557 - - default default] http://cinder-api.openstack.svc.cluster.local:8776/ returned with HTTP 300 [pid: 7|app: 0|req: 320/640] 10.0.0.180 () {32 vars in 829 bytes} [Sat May 9 17:58:13 2026] GET / => generated 411 bytes in 2 msecs (HTTP/1.1 300) 5 headers in 169 bytes (1 switches on core 0) /var/lib/openstack/lib/python3.10/site-packages/pycadf/identifier.py:71: UserWarning: Invalid uuid: cinderv3. To ensure interoperability, identifiers should be a valid uuid. warnings.warn(('Invalid uuid: %s. To ensure interoperability, '
2026-05-09 17:58:13.957 8 INFO cinder.api.openstack.wsgi [req-d054eee9-6f84-4395-9d17-9acb8b8a9126 req-e1d53f05-006f-4b8d-b4b1-1c813a6967fc 997463306e9b4a28bb146d9988ee2295 d1a86f9581b74f4cbdbfa47c02f93557 - - default default] POST http://cinder-api.openstack.svc.cluster.local:8776/v3/d1a86f9581b74f4cbdbfa47c02f93557/attachments /var/lib/openstack/lib/python3.10/site-packages/oslo_context/context.py:100: DeprecationWarning: Policy enforcement is depending on the value of is_admin. This key is deprecated. Please update your policy file to use the standard policy values. warnings.warn('Policy enforcement is depending on the value of '
2026-05-09 17:58:14.048 8 INFO cinder.api.openstack.wsgi [req-d054eee9-6f84-4395-9d17-9acb8b8a9126 req-e1d53f05-006f-4b8d-b4b1-1c813a6967fc 997463306e9b4a28bb146d9988ee2295 d1a86f9581b74f4cbdbfa47c02f93557 - - default default] http://cinder-api.openstack.svc.cluster.local:8776/v3/d1a86f9581b74f4cbdbfa47c02f93557/attachments returned with HTTP 200 [pid: 8|app: 0|req: 321/641] 10.0.0.180 () {40 vars in 1057 bytes} [Sat May 9 17:58:13 2026] POST /v3/d1a86f9581b74f4cbdbfa47c02f93557/attachments => generated 273 bytes in 101 msecs (HTTP/1.1 200) 7 headers in 286 bytes (1 switches on core 0)
2026-05-09 17:58:15.058 7 INFO cinder.api.openstack.wsgi [req-d054eee9-6f84-4395-9d17-9acb8b8a9126 req-d9a52112-d622-4e7a-9f83-214831352215 997463306e9b4a28bb146d9988ee2295 d1a86f9581b74f4cbdbfa47c02f93557 - - default default] GET http://cinder-api.openstack.svc.cluster.local:8776/
2026-05-09 17:58:15.059 7 INFO cinder.api.openstack.wsgi [req-d054eee9-6f84-4395-9d17-9acb8b8a9126 req-d9a52112-d622-4e7a-9f83-214831352215 997463306e9b4a28bb146d9988ee2295 d1a86f9581b74f4cbdbfa47c02f93557 - - default default] http://cinder-api.openstack.svc.cluster.local:8776/ returned with HTTP 300 [pid: 7|app: 0|req: 321/642] 199.204.45.242 () {32 vars in 840 bytes} [Sat May 9 17:58:15 2026] GET / => generated 411 bytes in 1 msecs (HTTP/1.1 300) 5 headers in 169 bytes (1 switches on core 0) /var/lib/openstack/lib/python3.10/site-packages/pycadf/identifier.py:71: UserWarning: Invalid uuid: cinderv3. To ensure interoperability, identifiers should be a valid uuid. warnings.warn(('Invalid uuid: %s. To ensure interoperability, '
2026-05-09 17:58:15.100 8 INFO cinder.api.openstack.wsgi [req-d054eee9-6f84-4395-9d17-9acb8b8a9126 req-cdea5e3b-32fb-4c13-a081-354b3d9fcab5 997463306e9b4a28bb146d9988ee2295 d1a86f9581b74f4cbdbfa47c02f93557 - - default default] GET http://cinder-api.openstack.svc.cluster.local:8776/v3/d1a86f9581b74f4cbdbfa47c02f93557/volumes/9ec59806-3b9e-477e-96b0-e0bcf1aacdf1 /var/lib/openstack/lib/python3.10/site-packages/oslo_context/context.py:100: DeprecationWarning: Policy enforcement is depending on the value of is_admin. This key is deprecated. Please update your policy file to use the standard policy values. warnings.warn('Policy enforcement is depending on the value of '
2026-05-09 17:58:15.125 8 INFO cinder.volume.api [req-d054eee9-6f84-4395-9d17-9acb8b8a9126 req-cdea5e3b-32fb-4c13-a081-354b3d9fcab5 997463306e9b4a28bb146d9988ee2295 d1a86f9581b74f4cbdbfa47c02f93557 - - default default] Volume info retrieved successfully.
2026-05-09 17:58:15.132 8 INFO cinder.api.openstack.wsgi [req-d054eee9-6f84-4395-9d17-9acb8b8a9126 req-cdea5e3b-32fb-4c13-a081-354b3d9fcab5 997463306e9b4a28bb146d9988ee2295 d1a86f9581b74f4cbdbfa47c02f93557 - - default default] http://cinder-api.openstack.svc.cluster.local:8776/v3/d1a86f9581b74f4cbdbfa47c02f93557/volumes/9ec59806-3b9e-477e-96b0-e0bcf1aacdf1 returned with HTTP 200 [pid: 8|app: 0|req: 322/643] 199.204.45.242 () {36 vars in 1073 bytes} [Sat May 9 17:58:15 2026] GET /v3/d1a86f9581b74f4cbdbfa47c02f93557/volumes/9ec59806-3b9e-477e-96b0-e0bcf1aacdf1 => generated 1440 bytes in 44 msecs (HTTP/1.1 200) 7 headers in 287 bytes (1 switches on core 0)
2026-05-09 17:58:16.919 7 INFO cinder.api.openstack.wsgi [req-d054eee9-6f84-4395-9d17-9acb8b8a9126 req-d9a52112-d622-4e7a-9f83-214831352215 997463306e9b4a28bb146d9988ee2295 d1a86f9581b74f4cbdbfa47c02f93557 - - default default] GET http://10.0.0.220:8776/
2026-05-09 17:58:16.919 8 INFO cinder.api.openstack.wsgi [req-d054eee9-6f84-4395-9d17-9acb8b8a9126 req-cdea5e3b-32fb-4c13-a081-354b3d9fcab5 997463306e9b4a28bb146d9988ee2295 d1a86f9581b74f4cbdbfa47c02f93557 - - default default] GET http://10.0.0.220:8776/
2026-05-09 17:58:16.920 7 INFO cinder.api.openstack.wsgi [req-d054eee9-6f84-4395-9d17-9acb8b8a9126 req-d9a52112-d622-4e7a-9f83-214831352215 997463306e9b4a28bb146d9988ee2295 d1a86f9581b74f4cbdbfa47c02f93557 - - default default] http://10.0.0.220:8776/ returned with HTTP 300
2026-05-09 17:58:16.920 8 INFO cinder.api.openstack.wsgi [req-d054eee9-6f84-4395-9d17-9acb8b8a9126 req-cdea5e3b-32fb-4c13-a081-354b3d9fcab5 997463306e9b4a28bb146d9988ee2295 d1a86f9581b74f4cbdbfa47c02f93557 - - default default] http://10.0.0.220:8776/ returned with HTTP 300 /var/lib/openstack/lib/python3.10/site-packages/pycadf/identifier.py:71: UserWarning: Invalid uuid: cinderv3. To ensure interoperability, identifiers should be a valid uuid. warnings.warn(('Invalid uuid: %s. To ensure interoperability, '
2026-05-09 17:58:17.187 7 INFO cinder.api.openstack.wsgi [req-d054eee9-6f84-4395-9d17-9acb8b8a9126 req-42a8509c-8056-4d6c-a4c9-a542926dd2b9 997463306e9b4a28bb146d9988ee2295 d1a86f9581b74f4cbdbfa47c02f93557 - - default default] PUT http://cinder-api.openstack.svc.cluster.local:8776/v3/d1a86f9581b74f4cbdbfa47c02f93557/attachments/6919ba02-fe6a-477e-8d28-e255a97c2f4d /var/lib/openstack/lib/python3.10/site-packages/oslo_context/context.py:100: DeprecationWarning: Policy enforcement is depending on the value of is_admin. This key is deprecated. Please update your policy file to use the standard policy values. warnings.warn('Policy enforcement is depending on the value of '
2026-05-09 17:58:17.909 7 INFO cinder.api.openstack.wsgi [req-d054eee9-6f84-4395-9d17-9acb8b8a9126 req-42a8509c-8056-4d6c-a4c9-a542926dd2b9 997463306e9b4a28bb146d9988ee2295 d1a86f9581b74f4cbdbfa47c02f93557 - - default default] http://cinder-api.openstack.svc.cluster.local:8776/v3/d1a86f9581b74f4cbdbfa47c02f93557/attachments/6919ba02-fe6a-477e-8d28-e255a97c2f4d returned with HTTP 200 [pid: 7|app: 0|req: 323/646] 199.204.45.242 () {40 vars in 1134 bytes} [Sat May 9 17:58:17 2026] PUT /v3/d1a86f9581b74f4cbdbfa47c02f93557/attachments/6919ba02-fe6a-477e-8d28-e255a97c2f4d => generated 775 bytes in 729 msecs (HTTP/1.1 200) 7 headers in 286 bytes (1 switches on core 0) /var/lib/openstack/lib/python3.10/site-packages/pycadf/identifier.py:71: UserWarning: Invalid uuid: cinderv3. To ensure interoperability, identifiers should be a valid uuid. warnings.warn(('Invalid uuid: %s. To ensure interoperability, '
2026-05-09 17:58:17.948 8 INFO cinder.api.openstack.wsgi [req-d054eee9-6f84-4395-9d17-9acb8b8a9126 req-51fdab88-4158-479c-af46-f346e9285138 997463306e9b4a28bb146d9988ee2295 d1a86f9581b74f4cbdbfa47c02f93557 - - default default] POST http://cinder-api.openstack.svc.cluster.local:8776/v3/d1a86f9581b74f4cbdbfa47c02f93557/attachments/6919ba02-fe6a-477e-8d28-e255a97c2f4d/action /var/lib/openstack/lib/python3.10/site-packages/oslo_context/context.py:100: DeprecationWarning: Policy enforcement is depending on the value of is_admin. This key is deprecated. Please update your policy file to use the standard policy values. warnings.warn('Policy enforcement is depending on the value of '
2026-05-09 17:58:18.069 8 INFO cinder.api.openstack.wsgi [req-d054eee9-6f84-4395-9d17-9acb8b8a9126 req-51fdab88-4158-479c-af46-f346e9285138 997463306e9b4a28bb146d9988ee2295 d1a86f9581b74f4cbdbfa47c02f93557 - - default default] http://cinder-api.openstack.svc.cluster.local:8776/v3/d1a86f9581b74f4cbdbfa47c02f93557/attachments/6919ba02-fe6a-477e-8d28-e255a97c2f4d/action returned with HTTP 204 [pid: 8|app: 0|req: 324/647] 199.204.45.242 () {40 vars in 1148 bytes} [Sat May 9 17:58:17 2026] POST /v3/d1a86f9581b74f4cbdbfa47c02f93557/attachments/6919ba02-fe6a-477e-8d28-e255a97c2f4d/action => generated 0 bytes in 132 msecs (HTTP/1.1 204) 7 headers in 292 bytes (1 switches on core 0) /var/lib/openstack/lib/python3.10/site-packages/pycadf/identifier.py:71: UserWarning: Invalid uuid: cinderv3. To ensure interoperability, identifiers should be a valid uuid. warnings.warn(('Invalid uuid: %s. To ensure interoperability, '
2026-05-09 17:58:25.552 7 INFO cinder.api.openstack.wsgi [req-1b7f33fc-cc1c-4aaf-aedd-a1e6d804f188 req-6d91d8f8-9a42-43fe-84a1-d90a110d4b2b 997463306e9b4a28bb146d9988ee2295 d1a86f9581b74f4cbdbfa47c02f93557 - - default default] DELETE http://cinder-api.openstack.svc.cluster.local:8776/v3/d1a86f9581b74f4cbdbfa47c02f93557/attachments/6919ba02-fe6a-477e-8d28-e255a97c2f4d /var/lib/openstack/lib/python3.10/site-packages/oslo_context/context.py:100: DeprecationWarning: Policy enforcement is depending on the value of is_admin. This key is deprecated. Please update your policy file to use the standard policy values. warnings.warn('Policy enforcement is depending on the value of '
2026-05-09 17:58:25.669 7 INFO cinder.api.openstack.wsgi [req-1b7f33fc-cc1c-4aaf-aedd-a1e6d804f188 req-6d91d8f8-9a42-43fe-84a1-d90a110d4b2b 997463306e9b4a28bb146d9988ee2295 d1a86f9581b74f4cbdbfa47c02f93557 - - default default] http://cinder-api.openstack.svc.cluster.local:8776/v3/d1a86f9581b74f4cbdbfa47c02f93557/attachments/6919ba02-fe6a-477e-8d28-e255a97c2f4d returned with HTTP 200 [pid: 7|app: 0|req: 324/648] 199.204.45.242 () {38 vars in 1103 bytes} [Sat May 9 17:58:25 2026] DELETE /v3/d1a86f9581b74f4cbdbfa47c02f93557/attachments/6919ba02-fe6a-477e-8d28-e255a97c2f4d => generated 19 bytes in 127 msecs (HTTP/1.1 200) 7 headers in 285 bytes (1 switches on core 0) /var/lib/openstack/lib/python3.10/site-packages/pycadf/identifier.py:71: UserWarning: Invalid uuid: cinderv3. To ensure interoperability, identifiers should be a valid uuid. warnings.warn(('Invalid uuid: %s. To ensure interoperability, '
2026-05-09 17:58:25.688 8 INFO cinder.api.openstack.wsgi [req-1b7f33fc-cc1c-4aaf-aedd-a1e6d804f188 req-63f8c121-94d6-4248-89c0-bde746e56a8e 997463306e9b4a28bb146d9988ee2295 d1a86f9581b74f4cbdbfa47c02f93557 - - default default] DELETE http://cinder-api.openstack.svc.cluster.local:8776/v3/d1a86f9581b74f4cbdbfa47c02f93557/volumes/9ec59806-3b9e-477e-96b0-e0bcf1aacdf1
2026-05-09 17:58:25.689 8 INFO cinder.api.v3.volumes [req-1b7f33fc-cc1c-4aaf-aedd-a1e6d804f188 req-63f8c121-94d6-4248-89c0-bde746e56a8e 997463306e9b4a28bb146d9988ee2295 d1a86f9581b74f4cbdbfa47c02f93557 - - default default] Delete volume with id: 9ec59806-3b9e-477e-96b0-e0bcf1aacdf1  /var/lib/openstack/lib/python3.10/site-packages/oslo_context/context.py:100: DeprecationWarning: Policy enforcement is depending on the value of is_admin. This key is deprecated. Please update your policy file to use the standard policy values. warnings.warn('Policy enforcement is depending on the value of '
2026-05-09 17:58:25.699 8 INFO cinder.volume.api [req-1b7f33fc-cc1c-4aaf-aedd-a1e6d804f188 req-63f8c121-94d6-4248-89c0-bde746e56a8e 997463306e9b4a28bb146d9988ee2295 d1a86f9581b74f4cbdbfa47c02f93557 - - default default] Volume info retrieved successfully.
2026-05-09 17:58:25.729 8 INFO cinder.volume.api [req-1b7f33fc-cc1c-4aaf-aedd-a1e6d804f188 req-63f8c121-94d6-4248-89c0-bde746e56a8e 997463306e9b4a28bb146d9988ee2295 d1a86f9581b74f4cbdbfa47c02f93557 - - default default] Delete volume request issued successfully.
2026-05-09 17:58:25.729 8 INFO cinder.api.openstack.wsgi [req-1b7f33fc-cc1c-4aaf-aedd-a1e6d804f188 req-63f8c121-94d6-4248-89c0-bde746e56a8e 997463306e9b4a28bb146d9988ee2295 d1a86f9581b74f4cbdbfa47c02f93557 - - default default] http://cinder-api.openstack.svc.cluster.local:8776/v3/d1a86f9581b74f4cbdbfa47c02f93557/volumes/9ec59806-3b9e-477e-96b0-e0bcf1aacdf1 returned with HTTP 202 [pid: 8|app: 0|req: 325/649] 199.204.45.242 () {36 vars in 1054 bytes} [Sat May 9 17:58:25 2026] DELETE /v3/d1a86f9581b74f4cbdbfa47c02f93557/volumes/9ec59806-3b9e-477e-96b0-e0bcf1aacdf1 => generated 0 bytes in 53 msecs (HTTP/1.1 202) 6 headers in 233 bytes (1 switches on core 0)
2026-05-09 17:58:26.919 8 INFO cinder.api.openstack.wsgi [req-1b7f33fc-cc1c-4aaf-aedd-a1e6d804f188 req-63f8c121-94d6-4248-89c0-bde746e56a8e 997463306e9b4a28bb146d9988ee2295 d1a86f9581b74f4cbdbfa47c02f93557 - - default default] GET http://10.0.0.220:8776/
2026-05-09 17:58:26.920 8 INFO cinder.api.openstack.wsgi [req-1b7f33fc-cc1c-4aaf-aedd-a1e6d804f188 req-63f8c121-94d6-4248-89c0-bde746e56a8e 997463306e9b4a28bb146d9988ee2295 d1a86f9581b74f4cbdbfa47c02f93557 - - default default] http://10.0.0.220:8776/ returned with HTTP 300
2026-05-09 17:58:26.921 7 INFO cinder.api.openstack.wsgi [req-1b7f33fc-cc1c-4aaf-aedd-a1e6d804f188 req-6d91d8f8-9a42-43fe-84a1-d90a110d4b2b 997463306e9b4a28bb146d9988ee2295 d1a86f9581b74f4cbdbfa47c02f93557 - - default default] GET http://10.0.0.220:8776/
2026-05-09 17:58:26.923 7 INFO cinder.api.openstack.wsgi [req-1b7f33fc-cc1c-4aaf-aedd-a1e6d804f188 req-6d91d8f8-9a42-43fe-84a1-d90a110d4b2b 997463306e9b4a28bb146d9988ee2295 d1a86f9581b74f4cbdbfa47c02f93557 - - default default] http://10.0.0.220:8776/ returned with HTTP 300
2026-05-09 17:58:36.919 8 INFO cinder.api.openstack.wsgi [req-1b7f33fc-cc1c-4aaf-aedd-a1e6d804f188 req-63f8c121-94d6-4248-89c0-bde746e56a8e 997463306e9b4a28bb146d9988ee2295 d1a86f9581b74f4cbdbfa47c02f93557 - - default default] GET http://10.0.0.220:8776/
2026-05-09 17:58:36.919 7 INFO cinder.api.openstack.wsgi [req-1b7f33fc-cc1c-4aaf-aedd-a1e6d804f188 req-6d91d8f8-9a42-43fe-84a1-d90a110d4b2b 997463306e9b4a28bb146d9988ee2295 d1a86f9581b74f4cbdbfa47c02f93557 - - default default] GET http://10.0.0.220:8776/
2026-05-09 17:58:36.920 8 INFO cinder.api.openstack.wsgi [req-1b7f33fc-cc1c-4aaf-aedd-a1e6d804f188 req-63f8c121-94d6-4248-89c0-bde746e56a8e 997463306e9b4a28bb146d9988ee2295 d1a86f9581b74f4cbdbfa47c02f93557 - - default default] http://10.0.0.220:8776/ returned with HTTP 300
2026-05-09 17:58:36.921 7 INFO cinder.api.openstack.wsgi [req-1b7f33fc-cc1c-4aaf-aedd-a1e6d804f188 req-6d91d8f8-9a42-43fe-84a1-d90a110d4b2b 997463306e9b4a28bb146d9988ee2295 d1a86f9581b74f4cbdbfa47c02f93557 - - default default] http://10.0.0.220:8776/ returned with HTTP 300 /var/lib/openstack/lib/python3.10/site-packages/pycadf/identifier.py:71: UserWarning: Invalid uuid: cinderv3. To ensure interoperability, identifiers should be a valid uuid. warnings.warn(('Invalid uuid: %s. To ensure interoperability, '
2026-05-09 17:58:44.931 8 INFO cinder.api.openstack.wsgi [req-4c171ef2-e6e5-467d-82c2-fc381358561f req-0fb8a1c3-76cd-47f2-af22-234148811664 c58c7b9a337a48aa9e51e5fe54ad48e9 99a3a6894b6549aab26ae593d1226a3d - - default default] GET http://cinder-api.openstack.svc.cluster.local:8776/v3/99a3a6894b6549aab26ae593d1226a3d/attachments?instance_id=36b2baee-964d-45a8-9bbe-76356371b09e
2026-05-09 17:58:44.944 8 INFO cinder.api.openstack.wsgi [req-4c171ef2-e6e5-467d-82c2-fc381358561f req-0fb8a1c3-76cd-47f2-af22-234148811664 c58c7b9a337a48aa9e51e5fe54ad48e9 99a3a6894b6549aab26ae593d1226a3d - - default default] http://cinder-api.openstack.svc.cluster.local:8776/v3/99a3a6894b6549aab26ae593d1226a3d/attachments?instance_id=36b2baee-964d-45a8-9bbe-76356371b09e returned with HTTP 200 [pid: 8|app: 0|req: 328/654] 199.204.45.242 () {36 vars in 1104 bytes} [Sat May 9 17:58:44 2026] GET /v3/99a3a6894b6549aab26ae593d1226a3d/attachments?instance_id=36b2baee-964d-45a8-9bbe-76356371b09e => generated 19 bytes in 20 msecs (HTTP/1.1 200) 7 headers in 285 bytes (1 switches on core 0)
2026-05-09 17:58:46.920 7 INFO cinder.api.openstack.wsgi [req-1b7f33fc-cc1c-4aaf-aedd-a1e6d804f188 req-6d91d8f8-9a42-43fe-84a1-d90a110d4b2b 997463306e9b4a28bb146d9988ee2295 d1a86f9581b74f4cbdbfa47c02f93557 - - default default] GET http://10.0.0.220:8776/
2026-05-09 17:58:46.921 8 INFO cinder.api.openstack.wsgi [req-4c171ef2-e6e5-467d-82c2-fc381358561f req-0fb8a1c3-76cd-47f2-af22-234148811664 c58c7b9a337a48aa9e51e5fe54ad48e9 99a3a6894b6549aab26ae593d1226a3d - - default default] GET http://10.0.0.220:8776/
2026-05-09 17:58:46.922 7 INFO cinder.api.openstack.wsgi [req-1b7f33fc-cc1c-4aaf-aedd-a1e6d804f188 req-6d91d8f8-9a42-43fe-84a1-d90a110d4b2b 997463306e9b4a28bb146d9988ee2295 d1a86f9581b74f4cbdbfa47c02f93557 - - default default] http://10.0.0.220:8776/ returned with HTTP 300
2026-05-09 17:58:46.922 8 INFO cinder.api.openstack.wsgi [req-4c171ef2-e6e5-467d-82c2-fc381358561f req-0fb8a1c3-76cd-47f2-af22-234148811664 c58c7b9a337a48aa9e51e5fe54ad48e9 99a3a6894b6549aab26ae593d1226a3d - - default default] http://10.0.0.220:8776/ returned with HTTP 300
2026-05-09 17:58:56.918 7 INFO cinder.api.openstack.wsgi [req-1b7f33fc-cc1c-4aaf-aedd-a1e6d804f188 req-6d91d8f8-9a42-43fe-84a1-d90a110d4b2b 997463306e9b4a28bb146d9988ee2295 d1a86f9581b74f4cbdbfa47c02f93557 - - default default] GET http://10.0.0.220:8776/
2026-05-09 17:58:56.919 8 INFO cinder.api.openstack.wsgi [req-4c171ef2-e6e5-467d-82c2-fc381358561f req-0fb8a1c3-76cd-47f2-af22-234148811664 c58c7b9a337a48aa9e51e5fe54ad48e9 99a3a6894b6549aab26ae593d1226a3d - - default default] GET http://10.0.0.220:8776/
2026-05-09 17:58:56.919 7 INFO cinder.api.openstack.wsgi [req-1b7f33fc-cc1c-4aaf-aedd-a1e6d804f188 req-6d91d8f8-9a42-43fe-84a1-d90a110d4b2b 997463306e9b4a28bb146d9988ee2295 d1a86f9581b74f4cbdbfa47c02f93557 - - default default] http://10.0.0.220:8776/ returned with HTTP 300
2026-05-09 17:58:56.919 8 INFO cinder.api.openstack.wsgi [req-4c171ef2-e6e5-467d-82c2-fc381358561f req-0fb8a1c3-76cd-47f2-af22-234148811664 c58c7b9a337a48aa9e51e5fe54ad48e9 99a3a6894b6549aab26ae593d1226a3d - - default default] http://10.0.0.220:8776/ returned with HTTP 300
