+ COMMAND=start + start + for KEYSTONE_WSGI_SCRIPT in keystone-wsgi-public ++ type -p keystone-wsgi-public + cp -a /var/lib/openstack/bin/keystone-wsgi-public /var/www/cgi-bin/keystone/ + '[' -f /etc/apache2/envvars ']' + source /etc/apache2/envvars ++ unset HOME ++ '[' '' '!=' '' ']' ++ SUFFIX= ++ export APACHE_RUN_USER=www-data ++ APACHE_RUN_USER=www-data ++ export APACHE_RUN_GROUP=www-data ++ APACHE_RUN_GROUP=www-data ++ export APACHE_PID_FILE=/var/run/apache2/apache2.pid ++ APACHE_PID_FILE=/var/run/apache2/apache2.pid ++ export APACHE_RUN_DIR=/var/run/apache2 ++ APACHE_RUN_DIR=/var/run/apache2 ++ export APACHE_LOCK_DIR=/var/lock/apache2 ++ APACHE_LOCK_DIR=/var/lock/apache2 ++ export APACHE_LOG_DIR=/var/log/apache2 ++ APACHE_LOG_DIR=/var/log/apache2 ++ export LANG=C ++ LANG=C ++ export LANG + '[' -f /var/run/apache2/apache2.pid ']' + exec apache2 -DFOREGROUND AH00558: apache2: Could not reliably determine the server's fully qualified domain name, using 10.0.0.220. Set the 'ServerName' directive globally to suppress this message AH00558: apache2: Could not reliably determine the server's fully qualified domain name, using 10.0.0.220. Set the 'ServerName' directive globally to suppress this message
[Fri Jun 19 18:15:48.455226 2026] [mpm_event:notice] [pid 1:tid 139824992188288] AH00489: Apache/2.4.58 (Ubuntu) mod_wsgi/5.0.0 Python/3.12 configured -- resuming normal operations
[Fri Jun 19 18:15:48.455413 2026] [core:notice] [pid 1:tid 139824992188288] AH00094: Command line: 'apache2 -D FOREGROUND'
[Fri Jun 19 18:16:47.891177 2026] [wsgi:error] [pid 12:tid 139824355415744] /var/lib/openstack/lib/python3.12/site-packages/oslo_utils/importutils.py:77: EventletDeprecationWarning:
[Fri Jun 19 18:16:47.891228 2026] [wsgi:error] [pid 12:tid 139824355415744] Eventlet is deprecated. It is currently being maintained in bugfix mode, and
[Fri Jun 19 18:16:47.891230 2026] [wsgi:error] [pid 12:tid 139824355415744] we strongly recommend against using it for new projects.
[Fri Jun 19 18:16:47.891231 2026] [wsgi:error] [pid 12:tid 139824355415744]
[Fri Jun 19 18:16:47.891232 2026] [wsgi:error] [pid 12:tid 139824355415744] If you are already using Eventlet, we recommend migrating to a different
[Fri Jun 19 18:16:47.891233 2026] [wsgi:error] [pid 12:tid 139824355415744] framework. For more detail see
[Fri Jun 19 18:16:47.891235 2026] [wsgi:error] [pid 12:tid 139824355415744] https://eventlet.readthedocs.io/en/latest/asyncio/migration.html
[Fri Jun 19 18:16:47.891236 2026] [wsgi:error] [pid 12:tid 139824355415744]
[Fri Jun 19 18:16:47.891237 2026] [wsgi:error] [pid 12:tid 139824355415744] __import__(import_str)
[Fri Jun 19 18:16:47.907117 2026] [wsgi:error] [pid 9:tid 139824355415744] /var/lib/openstack/lib/python3.12/site-packages/oslo_utils/importutils.py:77: EventletDeprecationWarning:
[Fri Jun 19 18:16:47.907157 2026] [wsgi:error] [pid 9:tid 139824355415744] Eventlet is deprecated. It is currently being maintained in bugfix mode, and
[Fri Jun 19 18:16:47.907159 2026] [wsgi:error] [pid 9:tid 139824355415744] we strongly recommend against using it for new projects.
[Fri Jun 19 18:16:47.907160 2026] [wsgi:error] [pid 9:tid 139824355415744]
[Fri Jun 19 18:16:47.907161 2026] [wsgi:error] [pid 9:tid 139824355415744] If you are already using Eventlet, we recommend migrating to a different
[Fri Jun 19 18:16:47.907162 2026] [wsgi:error] [pid 9:tid 139824355415744] framework. For more detail see
[Fri Jun 19 18:16:47.907163 2026] [wsgi:error] [pid 9:tid 139824355415744] https://eventlet.readthedocs.io/en/latest/asyncio/migration.html
[Fri Jun 19 18:16:47.907165 2026] [wsgi:error] [pid 9:tid 139824355415744]
[Fri Jun 19 18:16:47.907166 2026] [wsgi:error] [pid 9:tid 139824355415744] __import__(import_str) 10.0.0.78 - - [19/Jun/2026:18:16:47 +0000] "GET /v3/ HTTP/1.1" 200 250 10.0.0.78 - - [19/Jun/2026:18:16:47 +0000] "GET /v3/ HTTP/1.1" 200 250
[Fri Jun 19 18:17:00.643683 2026] [wsgi:error] [pid 11:tid 139824355415744] /var/lib/openstack/lib/python3.12/site-packages/oslo_utils/importutils.py:77: EventletDeprecationWarning:
[Fri Jun 19 18:17:00.643734 2026] [wsgi:error] [pid 11:tid 139824355415744] Eventlet is deprecated. It is currently being maintained in bugfix mode, and
[Fri Jun 19 18:17:00.643737 2026] [wsgi:error] [pid 11:tid 139824355415744] we strongly recommend against using it for new projects.
[Fri Jun 19 18:17:00.643738 2026] [wsgi:error] [pid 11:tid 139824355415744]
[Fri Jun 19 18:17:00.643740 2026] [wsgi:error] [pid 11:tid 139824355415744] If you are already using Eventlet, we recommend migrating to a different
[Fri Jun 19 18:17:00.643742 2026] [wsgi:error] [pid 11:tid 139824355415744] framework. For more detail see
[Fri Jun 19 18:17:00.643744 2026] [wsgi:error] [pid 11:tid 139824355415744] https://eventlet.readthedocs.io/en/latest/asyncio/migration.html
[Fri Jun 19 18:17:00.643745 2026] [wsgi:error] [pid 11:tid 139824355415744]
[Fri Jun 19 18:17:00.643746 2026] [wsgi:error] [pid 11:tid 139824355415744] __import__(import_str) 10.0.0.164 - - [19/Jun/2026:18:16:59 +0000] "GET / HTTP/1.1" 300 295
[Fri Jun 19 18:17:06.044464 2026] [wsgi:error] [pid 10:tid 139824355415744] /var/lib/openstack/lib/python3.12/site-packages/oslo_utils/importutils.py:77: EventletDeprecationWarning:
[Fri Jun 19 18:17:06.044504 2026] [wsgi:error] [pid 10:tid 139824355415744] Eventlet is deprecated. It is currently being maintained in bugfix mode, and
[Fri Jun 19 18:17:06.044506 2026] [wsgi:error] [pid 10:tid 139824355415744] we strongly recommend against using it for new projects.
[Fri Jun 19 18:17:06.044507 2026] [wsgi:error] [pid 10:tid 139824355415744]
[Fri Jun 19 18:17:06.044508 2026] [wsgi:error] [pid 10:tid 139824355415744] If you are already using Eventlet, we recommend migrating to a different
[Fri Jun 19 18:17:06.044509 2026] [wsgi:error] [pid 10:tid 139824355415744] framework. For more detail see
[Fri Jun 19 18:17:06.044511 2026] [wsgi:error] [pid 10:tid 139824355415744] https://eventlet.readthedocs.io/en/latest/asyncio/migration.html
[Fri Jun 19 18:17:06.044512 2026] [wsgi:error] [pid 10:tid 139824355415744]
[Fri Jun 19 18:17:06.044513 2026] [wsgi:error] [pid 10:tid 139824355415744] __import__(import_str)
[Fri Jun 19 18:17:10.709566 2026] [wsgi:error] [pid 10:tid 139824355415744] [remote 10.0.0.164:53390] 2026-06-19 18:17:10.705 10 WARNING keystone.identity.core [None req-5bfc1be6-57d0-449f-8f06-6ff73c0b9324 - - - - - -] Invalid domain name (atmosphere) found in config file name: keystone.exception.DomainNotFound: Could not find domain: atmosphere.
[Fri Jun 19 18:17:10.772683 2026] [wsgi:error] [pid 10:tid 139824355415744] [remote 10.0.0.164:53390] 2026-06-19 18:17:10.772 10 WARNING keystone.common.password_hashing [None req-5bfc1be6-57d0-449f-8f06-6ff73c0b9324 - - - - - -] Truncating password to algorithm specific maximum length 72 characters.
[Fri Jun 19 18:17:11.053809 2026] [wsgi:error] [pid 10:tid 139824355415744] [remote 10.0.0.164:53390] 2026-06-19 18:17:11.053 10 WARNING keystone.common.fernet_utils [None req-5bfc1be6-57d0-449f-8f06-6ff73c0b9324 - - - - - -] key_repository is world readable: /etc/keystone/fernet-keys/ 10.0.0.164 - - [19/Jun/2026:18:17:05 +0000] "POST /v3/auth/tokens HTTP/1.1" 201 1360
[Fri Jun 19 18:17:11.434761 2026] [wsgi:error] [pid 9:tid 139824355415744] [remote 10.0.0.164:53390] 2026-06-19 18:17:11.432 9 WARNING keystone.identity.core [None req-ba83d1d3-15d0-4d4d-a2bd-f51f2f50da45 - - - - - -] Invalid domain name (atmosphere) found in config file name: keystone.exception.DomainNotFound: Could not find domain: atmosphere. 10.0.0.164 - - [19/Jun/2026:18:17:11 +0000] "POST /v3/domains HTTP/1.1" 201 261 10.0.0.246 - - [19/Jun/2026:18:17:22 +0000] "GET / HTTP/1.1" 300 295
[Fri Jun 19 18:17:23.343750 2026] [wsgi:error] [pid 11:tid 139824355415744] [remote 10.0.0.246:60976] 2026-06-19 18:17:23.343 11 WARNING keystone.common.password_hashing [None req-b3addab3-4422-4231-b8cc-d1eab84c684b - - - - - -] Truncating password to algorithm specific maximum length 72 characters.
[Fri Jun 19 18:17:23.620935 2026] [wsgi:error] [pid 11:tid 139824355415744] [remote 10.0.0.246:60976] 2026-06-19 18:17:23.620 11 WARNING keystone.common.fernet_utils [None req-b3addab3-4422-4231-b8cc-d1eab84c684b - - - - - -] key_repository is world readable: /etc/keystone/fernet-keys/ 10.0.0.246 - - [19/Jun/2026:18:17:23 +0000] "POST /v3/auth/tokens HTTP/1.1" 201 1360 10.0.0.246 - - [19/Jun/2026:18:17:23 +0000] "GET /v3/roles/admin HTTP/1.1" 404 83
[Fri Jun 19 18:17:23.875192 2026] [wsgi:error] [pid 9:tid 139824355415744] [remote 10.0.0.246:60976] 2026-06-19 18:17:23.874 9 WARNING keystone.common.rbac_enforcer.enforcer [None req-97510ffc-63d9-4d17-8433-c16bb30acd31 0d05f1f5da2d48b085251d6abd34ecba 47b1ae8b7b47485b945bb0afb10d6e7c - - default default] Deprecated policy rules found. Use oslopolicy-policy-generator and oslopolicy-policy-upgrade to detect and resolve deprecated policies in your configuration. 10.0.0.246 - - [19/Jun/2026:18:17:23 +0000] "GET /v3/roles?name=admin HTTP/1.1" 200 389
[Fri Jun 19 18:17:24.415872 2026] [wsgi:error] [pid 12:tid 139824355415744] [remote 10.0.0.246:60976] 2026-06-19 18:17:24.415 12 WARNING keystone.common.rbac_enforcer.enforcer [None req-330fb9a4-e408-43fa-9f59-8d0d9d32c5e4 0d05f1f5da2d48b085251d6abd34ecba 47b1ae8b7b47485b945bb0afb10d6e7c - - default default] Deprecated policy rules found. Use oslopolicy-policy-generator and oslopolicy-policy-upgrade to detect and resolve deprecated policies in your configuration. 10.0.0.246 - - [19/Jun/2026:18:17:24 +0000] "GET /v3/users/admin-RegionOne HTTP/1.1" 404 93
[Fri Jun 19 18:17:24.582562 2026] [wsgi:error] [pid 11:tid 139824355415744] [remote 10.0.0.246:60976] 2026-06-19 18:17:24.582 11 WARNING keystone.common.rbac_enforcer.enforcer [None req-586d1ab7-48ce-47ea-9d95-2d1fa9877f08 0d05f1f5da2d48b085251d6abd34ecba 47b1ae8b7b47485b945bb0afb10d6e7c - - default default] Deprecated policy rules found. Use oslopolicy-policy-generator and oslopolicy-policy-upgrade to detect and resolve deprecated policies in your configuration. 10.0.0.246 - - [19/Jun/2026:18:17:24 +0000] "GET /v3/users?name=admin-RegionOne HTTP/1.1" 200 422
[Fri Jun 19 18:17:24.745133 2026] [wsgi:error] [pid 10:tid 139824355415744] [remote 10.0.0.246:60976] 2026-06-19 18:17:24.744 10 WARNING keystone.common.rbac_enforcer.enforcer [None req-e6458994-9f2c-4e15-8ea0-5d0d5c570442 0d05f1f5da2d48b085251d6abd34ecba 47b1ae8b7b47485b945bb0afb10d6e7c - - default default] Deprecated policy rules found. Use oslopolicy-policy-generator and oslopolicy-policy-upgrade to detect and resolve deprecated policies in your configuration. 10.0.0.246 - - [19/Jun/2026:18:17:24 +0000] "GET /v3/domains/default HTTP/1.1" 200 224 10.0.0.246 - - [19/Jun/2026:18:17:24 +0000] "PUT /v3/domains/default/users/0d05f1f5da2d48b085251d6abd34ecba/roles/aa5a0486ed894bf7b5fd16ae3a4f3a9a HTTP/1.1" 204 - 10.0.0.78 - - [19/Jun/2026:18:17:33 +0000] "GET / HTTP/1.1" 300 281 10.0.0.78 - - [19/Jun/2026:18:17:35 +0000] "GET /v3 HTTP/1.1" 200 266
[Fri Jun 19 18:17:35.386987 2026] [wsgi:error] [pid 10:tid 139824355415744] [remote 10.0.0.78:59202] 2026-06-19 18:17:35.386 10 WARNING keystone.common.password_hashing [None req-a3bec341-9259-47bf-ae03-596cedcd68f4 - - - - - -] Truncating password to algorithm specific maximum length 72 characters.
[Fri Jun 19 18:17:35.670313 2026] [wsgi:error] [pid 10:tid 139824355415744] [remote 10.0.0.78:59202] 2026-06-19 18:17:35.670 10 WARNING keystone.common.fernet_utils [None req-a3bec341-9259-47bf-ae03-596cedcd68f4 - - - - - -] key_repository is world readable: /etc/keystone/fernet-keys/ 10.0.0.78 - - [19/Jun/2026:18:17:35 +0000] "POST /v3/auth/tokens HTTP/1.1" 201 1360 10.0.0.78 - - [19/Jun/2026:18:17:35 +0000] "GET / HTTP/1.1" 300 281 10.0.0.78 - - [19/Jun/2026:18:17:35 +0000] "GET /v3/domains/atmosphere HTTP/1.1" 404 90 10.0.0.78 - - [19/Jun/2026:18:17:35 +0000] "GET /v3/domains?name=atmosphere HTTP/1.1" 200 370 10.0.0.78 - - [19/Jun/2026:18:17:35 +0000] "GET /v3/domains/607b3e43fb8c43bfa4a69a462949e7d8 HTTP/1.1" 200 247 10.0.0.78 - - [19/Jun/2026:18:17:36 +0000] "GET /v3 HTTP/1.1" 200 266
[Fri Jun 19 18:17:36.816614 2026] [wsgi:error] [pid 12:tid 139824355415744] [remote 10.0.0.78:59212] 2026-06-19 18:17:36.816 12 WARNING keystone.common.password_hashing [None req-8820a7e6-dfb6-48ee-ba95-189ff7324520 - - - - - -] Truncating password to algorithm specific maximum length 72 characters.
[Fri Jun 19 18:17:37.090576 2026] [wsgi:error] [pid 12:tid 139824355415744] [remote 10.0.0.78:59212] 2026-06-19 18:17:37.090 12 WARNING keystone.common.fernet_utils [None req-8820a7e6-dfb6-48ee-ba95-189ff7324520 - - - - - -] key_repository is world readable: /etc/keystone/fernet-keys/ 10.0.0.78 - - [19/Jun/2026:18:17:36 +0000] "POST /v3/auth/tokens HTTP/1.1" 201 1360 10.0.0.78 - - [19/Jun/2026:18:17:37 +0000] "GET / HTTP/1.1" 300 281 10.0.0.78 - - [19/Jun/2026:18:17:37 +0000] "GET /v3/OS-FEDERATION/identity_providers/atmosphere HTTP/1.1" 404 101 10.0.0.78 - - [19/Jun/2026:18:17:37 +0000] "GET /v3/OS-FEDERATION/identity_providers HTTP/1.1" 200 156 10.0.0.78 - - [19/Jun/2026:18:17:37 +0000] "PUT /v3/OS-FEDERATION/identity_providers/atmosphere HTTP/1.1" 201 342 10.0.0.78 - - [19/Jun/2026:18:17:37 +0000] "GET /v3 HTTP/1.1" 200 266
[Fri Jun 19 18:17:37.982597 2026] [wsgi:error] [pid 10:tid 139824355415744] [remote 10.0.0.78:59212] 2026-06-19 18:17:37.982 10 WARNING keystone.common.password_hashing [None req-7e5c07f5-c48c-424c-aded-df8493a7c24c - - - - - -] Truncating password to algorithm specific maximum length 72 characters.
[Fri Jun 19 18:17:38.257647 2026] [wsgi:error] [pid 10:tid 139824355415744] [remote 10.0.0.78:59212] 2026-06-19 18:17:38.257 10 WARNING keystone.common.fernet_utils [None req-7e5c07f5-c48c-424c-aded-df8493a7c24c - - - - - -] key_repository is world readable: /etc/keystone/fernet-keys/ 10.0.0.78 - - [19/Jun/2026:18:17:37 +0000] "POST /v3/auth/tokens HTTP/1.1" 201 1360 10.0.0.78 - - [19/Jun/2026:18:17:38 +0000] "GET / HTTP/1.1" 300 281 10.0.0.78 - - [19/Jun/2026:18:17:38 +0000] "GET /v3/OS-FEDERATION/mappings/atmosphere-openid HTTP/1.1" 404 98 10.0.0.78 - - [19/Jun/2026:18:17:38 +0000] "GET /v3/OS-FEDERATION/mappings HTTP/1.1" 200 136 10.0.0.78 - - [19/Jun/2026:18:17:38 +0000] "PUT /v3/OS-FEDERATION/mappings/atmosphere-openid HTTP/1.1" 201 357 10.0.0.78 - - [19/Jun/2026:18:17:39 +0000] "GET /v3 HTTP/1.1" 200 266
[Fri Jun 19 18:17:39.173960 2026] [wsgi:error] [pid 12:tid 139824355415744] [remote 10.0.0.78:59212] 2026-06-19 18:17:39.173 12 WARNING keystone.common.password_hashing [None req-4abf9801-56e5-45d7-b499-579e0273f3c0 - - - - - -] Truncating password to algorithm specific maximum length 72 characters.
[Fri Jun 19 18:17:39.445272 2026] [wsgi:error] [pid 12:tid 139824355415744] [remote 10.0.0.78:59212] 2026-06-19 18:17:39.445 12 WARNING keystone.common.fernet_utils [None req-4abf9801-56e5-45d7-b499-579e0273f3c0 - - - - - -] key_repository is world readable: /etc/keystone/fernet-keys/ 10.0.0.78 - - [19/Jun/2026:18:17:39 +0000] "POST /v3/auth/tokens HTTP/1.1" 201 1360 10.0.0.78 - - [19/Jun/2026:18:17:39 +0000] "GET / HTTP/1.1" 300 281 10.0.0.78 - - [19/Jun/2026:18:17:39 +0000] "GET /v3/OS-FEDERATION/identity_providers/atmosphere/protocols/openid?idp_id=atmosphere HTTP/1.1" 404 131 10.0.0.78 - - [19/Jun/2026:18:17:39 +0000] "GET /v3/OS-FEDERATION/identity_providers/atmosphere/protocols HTTP/1.1" 200 168 10.0.0.78 - - [19/Jun/2026:18:17:39 +0000] "PUT /v3/OS-FEDERATION/identity_providers/atmosphere/protocols/openid HTTP/1.1" 201 224 10.0.0.78 - - [19/Jun/2026:18:17:47 +0000] "GET /v3/ HTTP/1.1" 200 250 10.0.0.78 - - [19/Jun/2026:18:17:47 +0000] "GET /v3/ HTTP/1.1" 200 250 10.0.0.78 - - [19/Jun/2026:18:18:47 +0000] "GET /v3/ HTTP/1.1" 200 250 10.0.0.78 - - [19/Jun/2026:18:18:47 +0000] "GET /v3/ HTTP/1.1" 200 250 10.0.0.242 - - [19/Jun/2026:18:19:01 +0000] "GET / HTTP/1.1" 300 295
[Fri Jun 19 18:19:01.823701 2026] [wsgi:error] [pid 10:tid 139824355415744] [remote 10.0.0.242:37516] 2026-06-19 18:19:01.823 10 WARNING keystone.common.password_hashing [None req-b3ffccc2-87b8-4be5-80fc-f4f22ef6358e - - - - - -] Truncating password to algorithm specific maximum length 72 characters.
[Fri Jun 19 18:19:02.101568 2026] [wsgi:error] [pid 10:tid 139824355415744] [remote 10.0.0.242:37516] 2026-06-19 18:19:02.101 10 WARNING keystone.common.fernet_utils [None req-b3ffccc2-87b8-4be5-80fc-f4f22ef6358e - - - - - -] key_repository is world readable: /etc/keystone/fernet-keys/ 10.0.0.242 - - [19/Jun/2026:18:19:01 +0000] "POST /v3/auth/tokens HTTP/1.1" 201 1360 10.0.0.242 - - [19/Jun/2026:18:19:02 +0000] "GET /v3/services HTTP/1.1" 200 355 10.0.0.242 - - [19/Jun/2026:18:19:05 +0000] "GET / HTTP/1.1" 300 295
[Fri Jun 19 18:19:05.720402 2026] [wsgi:error] [pid 11:tid 139824355415744] [remote 10.0.0.242:37528] 2026-06-19 18:19:05.720 11 WARNING keystone.common.password_hashing [None req-f9fdc587-28a8-4775-983b-2eb8a16a58a1 - - - - - -] Truncating password to algorithm specific maximum length 72 characters.
[Fri Jun 19 18:19:06.019650 2026] [wsgi:error] [pid 11:tid 139824355415744] [remote 10.0.0.242:37528] 2026-06-19 18:19:06.019 11 WARNING keystone.common.fernet_utils [None req-f9fdc587-28a8-4775-983b-2eb8a16a58a1 - - - - - -] key_repository is world readable: /etc/keystone/fernet-keys/ 10.0.0.242 - - [19/Jun/2026:18:19:05 +0000] "POST /v3/auth/tokens HTTP/1.1" 201 1360 10.0.0.242 - - [19/Jun/2026:18:19:06 +0000] "GET /v3/services HTTP/1.1" 200 355 10.0.0.242 - - [19/Jun/2026:18:19:09 +0000] "GET / HTTP/1.1" 300 295
[Fri Jun 19 18:19:09.658721 2026] [wsgi:error] [pid 9:tid 139824355415744] [remote 10.0.0.242:37536] 2026-06-19 18:19:09.658 9 WARNING keystone.common.password_hashing [None req-ba0d8477-3d37-45c0-946a-8956232bde2f - - - - - -] Truncating password to algorithm specific maximum length 72 characters.
[Fri Jun 19 18:19:09.957205 2026] [wsgi:error] [pid 9:tid 139824355415744] [remote 10.0.0.242:37536] 2026-06-19 18:19:09.957 9 WARNING keystone.common.fernet_utils [None req-ba0d8477-3d37-45c0-946a-8956232bde2f - - - - - -] key_repository is world readable: /etc/keystone/fernet-keys/ 10.0.0.242 - - [19/Jun/2026:18:19:09 +0000] "POST /v3/auth/tokens HTTP/1.1" 201 1360 10.0.0.242 - - [19/Jun/2026:18:19:10 +0000] "GET /v3/services HTTP/1.1" 200 355 10.0.0.242 - - [19/Jun/2026:18:19:13 +0000] "GET / HTTP/1.1" 300 295
[Fri Jun 19 18:19:13.663955 2026] [wsgi:error] [pid 12:tid 139824355415744] [remote 10.0.0.242:34622] 2026-06-19 18:19:13.663 12 WARNING keystone.common.password_hashing [None req-6ea2f6db-7475-451b-8365-aceb222a0551 - - - - - -] Truncating password to algorithm specific maximum length 72 characters.
[Fri Jun 19 18:19:13.958368 2026] [wsgi:error] [pid 12:tid 139824355415744] [remote 10.0.0.242:34622] 2026-06-19 18:19:13.958 12 WARNING keystone.common.fernet_utils [None req-6ea2f6db-7475-451b-8365-aceb222a0551 - - - - - -] key_repository is world readable: /etc/keystone/fernet-keys/ 10.0.0.242 - - [19/Jun/2026:18:19:13 +0000] "POST /v3/auth/tokens HTTP/1.1" 201 1360 10.0.0.242 - - [19/Jun/2026:18:19:14 +0000] "POST /v3/services HTTP/1.1" 201 296 10.0.0.41 - - [19/Jun/2026:18:19:26 +0000] "GET / HTTP/1.1" 300 295
[Fri Jun 19 18:19:26.103985 2026] [wsgi:error] [pid 10:tid 139824355415744] [remote 10.0.0.41:36480] 2026-06-19 18:19:26.103 10 WARNING keystone.common.password_hashing [None req-5a179bc7-61be-4cda-ad57-bdb8d9483b31 - - - - - -] Truncating password to algorithm specific maximum length 72 characters. 10.0.0.41 - - [19/Jun/2026:18:19:26 +0000] "GET / HTTP/1.1" 300 295
[Fri Jun 19 18:19:26.169525 2026] [wsgi:error] [pid 9:tid 139824355415744] [remote 10.0.0.41:36484] 2026-06-19 18:19:26.169 9 WARNING keystone.common.password_hashing [None req-0424ac11-9f26-44a3-9dd5-4dae165d0713 - - - - - -] Truncating password to algorithm specific maximum length 72 characters. 10.0.0.41 - - [19/Jun/2026:18:19:26 +0000] "GET / HTTP/1.1" 300 295
[Fri Jun 19 18:19:26.226928 2026] [wsgi:error] [pid 12:tid 139824355415744] [remote 10.0.0.41:36494] 2026-06-19 18:19:26.226 12 WARNING keystone.common.password_hashing [None req-3e86b2d9-c25e-4fd6-a490-54ec72bf91ee - - - - - -] Truncating password to algorithm specific maximum length 72 characters.
[Fri Jun 19 18:19:26.383437 2026] [wsgi:error] [pid 10:tid 139824355415744] [remote 10.0.0.41:36480] 2026-06-19 18:19:26.383 10 WARNING keystone.common.fernet_utils [None req-5a179bc7-61be-4cda-ad57-bdb8d9483b31 - - - - - -] key_repository is world readable: /etc/keystone/fernet-keys/ 10.0.0.41 - - [19/Jun/2026:18:19:26 +0000] "POST /v3/auth/tokens HTTP/1.1" 201 1464
[Fri Jun 19 18:19:26.453965 2026] [wsgi:error] [pid 9:tid 139824355415744] [remote 10.0.0.41:36484] 2026-06-19 18:19:26.453 9 WARNING keystone.common.fernet_utils [None req-0424ac11-9f26-44a3-9dd5-4dae165d0713 - - - - - -] key_repository is world readable: /etc/keystone/fernet-keys/ 10.0.0.41 - - [19/Jun/2026:18:19:26 +0000] "POST /v3/auth/tokens HTTP/1.1" 201 1464
[Fri Jun 19 18:19:26.506713 2026] [wsgi:error] [pid 12:tid 139824355415744] [remote 10.0.0.41:36494] 2026-06-19 18:19:26.506 12 WARNING keystone.common.fernet_utils [None req-3e86b2d9-c25e-4fd6-a490-54ec72bf91ee - - - - - -] key_repository is world readable: /etc/keystone/fernet-keys/ 10.0.0.41 - - [19/Jun/2026:18:19:26 +0000] "POST /v3/auth/tokens HTTP/1.1" 201 1464 10.0.0.41 - - [19/Jun/2026:18:19:26 +0000] "GET /v3/services HTTP/1.1" 200 639 10.0.0.41 - - [19/Jun/2026:18:19:26 +0000] "GET /v3/services HTTP/1.1" 200 639 10.0.0.41 - - [19/Jun/2026:18:19:26 +0000] "GET /v3/services HTTP/1.1" 200 639 10.0.0.41 - - [19/Jun/2026:18:19:28 +0000] "GET / HTTP/1.1" 300 295 10.0.0.41 - - [19/Jun/2026:18:19:28 +0000] "GET / HTTP/1.1" 300 295
[Fri Jun 19 18:19:28.115669 2026] [wsgi:error] [pid 11:tid 139824355415744] [remote 10.0.0.41:36506] 2026-06-19 18:19:28.115 11 WARNING keystone.common.password_hashing [None req-041a7657-b8de-49cc-b5dd-0284f97e8912 - - - - - -] Truncating password to algorithm specific maximum length 72 characters.
[Fri Jun 19 18:19:28.128119 2026] [wsgi:error] [pid 9:tid 139824355415744] [remote 10.0.0.41:36512] 2026-06-19 18:19:28.127 9 WARNING keystone.common.password_hashing [None req-a6e9f2dd-e825-469f-aac6-ea6e9bc337d0 - - - - - -] Truncating password to algorithm specific maximum length 72 characters. 10.0.0.41 - - [19/Jun/2026:18:19:28 +0000] "GET / HTTP/1.1" 300 295
[Fri Jun 19 18:19:28.167123 2026] [wsgi:error] [pid 10:tid 139824355415744] [remote 10.0.0.41:36524] 2026-06-19 18:19:28.166 10 WARNING keystone.common.password_hashing [None req-b1e080ba-4481-4060-87fa-16380da94ad5 - - - - - -] Truncating password to algorithm specific maximum length 72 characters.
[Fri Jun 19 18:19:28.388333 2026] [wsgi:error] [pid 11:tid 139824355415744] [remote 10.0.0.41:36506] 2026-06-19 18:19:28.388 11 WARNING keystone.common.fernet_utils [None req-041a7657-b8de-49cc-b5dd-0284f97e8912 - - - - - -] key_repository is world readable: /etc/keystone/fernet-keys/ 10.0.0.41 - - [19/Jun/2026:18:19:28 +0000] "POST /v3/auth/tokens HTTP/1.1" 201 1464
[Fri Jun 19 18:19:28.402380 2026] [wsgi:error] [pid 9:tid 139824355415744] [remote 10.0.0.41:36512] 2026-06-19 18:19:28.402 9 WARNING keystone.common.fernet_utils [None req-a6e9f2dd-e825-469f-aac6-ea6e9bc337d0 - - - - - -] key_repository is world readable: /etc/keystone/fernet-keys/ 10.0.0.41 - - [19/Jun/2026:18:19:28 +0000] "POST /v3/auth/tokens HTTP/1.1" 201 1464
[Fri Jun 19 18:19:28.438565 2026] [wsgi:error] [pid 10:tid 139824355415744] [remote 10.0.0.41:36524] 2026-06-19 18:19:28.438 10 WARNING keystone.common.fernet_utils [None req-b1e080ba-4481-4060-87fa-16380da94ad5 - - - - - -] key_repository is world readable: /etc/keystone/fernet-keys/ 10.0.0.41 - - [19/Jun/2026:18:19:28 +0000] "POST /v3/auth/tokens HTTP/1.1" 201 1464 10.0.0.41 - - [19/Jun/2026:18:19:28 +0000] "GET /v3/endpoints HTTP/1.1" 200 1227 10.0.0.41 - - [19/Jun/2026:18:19:28 +0000] "GET /v3/endpoints HTTP/1.1" 200 1227 10.0.0.41 - - [19/Jun/2026:18:19:28 +0000] "GET /v3/services/f830cb8137b94b38bb1f68a236820d0c HTTP/1.1" 200 233 10.0.0.41 - - [19/Jun/2026:18:19:28 +0000] "GET /v3/services/f830cb8137b94b38bb1f68a236820d0c HTTP/1.1" 200 233 10.0.0.41 - - [19/Jun/2026:18:19:28 +0000] "GET /v3/services/f830cb8137b94b38bb1f68a236820d0c HTTP/1.1" 200 233 10.0.0.41 - - [19/Jun/2026:18:19:28 +0000] "GET /v3/endpoints HTTP/1.1" 200 1227 10.0.0.41 - - [19/Jun/2026:18:19:28 +0000] "GET /v3/services/f830cb8137b94b38bb1f68a236820d0c HTTP/1.1" 200 233 10.0.0.41 - - [19/Jun/2026:18:19:28 +0000] "GET /v3/services/f830cb8137b94b38bb1f68a236820d0c HTTP/1.1" 200 233 10.0.0.41 - - [19/Jun/2026:18:19:28 +0000] "GET /v3/services/f830cb8137b94b38bb1f68a236820d0c HTTP/1.1" 200 233 10.0.0.41 - - [19/Jun/2026:18:19:28 +0000] "GET /v3/services/f830cb8137b94b38bb1f68a236820d0c HTTP/1.1" 200 233 10.0.0.41 - - [19/Jun/2026:18:19:28 +0000] "GET /v3/services/f830cb8137b94b38bb1f68a236820d0c HTTP/1.1" 200 233 10.0.0.41 - - [19/Jun/2026:18:19:28 +0000] "GET /v3/services/f830cb8137b94b38bb1f68a236820d0c HTTP/1.1" 200 233 10.0.0.41 - - [19/Jun/2026:18:19:30 +0000] "GET / HTTP/1.1" 300 295 10.0.0.41 - - [19/Jun/2026:18:19:30 +0000] "GET / HTTP/1.1" 300 295
[Fri Jun 19 18:19:30.059128 2026] [wsgi:error] [pid 11:tid 139824355415744] [remote 10.0.0.41:46068] 2026-06-19 18:19:30.058 11 WARNING keystone.common.password_hashing [None req-583e6f62-c7df-4628-83ba-6b476052accc - - - - - -] Truncating password to algorithm specific maximum length 72 characters.
[Fri Jun 19 18:19:30.060669 2026] [wsgi:error] [pid 10:tid 139824355415744] [remote 10.0.0.41:46070] 2026-06-19 18:19:30.060 10 WARNING keystone.common.password_hashing [None req-9397eef5-3654-46f2-a91d-854b3991b213 - - - - - -] Truncating password to algorithm specific maximum length 72 characters. 10.0.0.41 - - [19/Jun/2026:18:19:30 +0000] "GET / HTTP/1.1" 300 295
[Fri Jun 19 18:19:30.114285 2026] [wsgi:error] [pid 9:tid 139824355415744] [remote 10.0.0.41:46072] 2026-06-19 18:19:30.114 9 WARNING keystone.common.password_hashing [None req-009de0e9-53b4-488a-ac99-65bde47c6ce3 - - - - - -] Truncating password to algorithm specific maximum length 72 characters.
[Fri Jun 19 18:19:30.339038 2026] [wsgi:error] [pid 10:tid 139824355415744] [remote 10.0.0.41:46070] 2026-06-19 18:19:30.338 10 WARNING keystone.common.fernet_utils [None req-9397eef5-3654-46f2-a91d-854b3991b213 - - - - - -] key_repository is world readable: /etc/keystone/fernet-keys/
[Fri Jun 19 18:19:30.342510 2026] [wsgi:error] [pid 11:tid 139824355415744] [remote 10.0.0.41:46068] 2026-06-19 18:19:30.342 11 WARNING keystone.common.fernet_utils [None req-583e6f62-c7df-4628-83ba-6b476052accc - - - - - -] key_repository is world readable: /etc/keystone/fernet-keys/ 10.0.0.41 - - [19/Jun/2026:18:19:30 +0000] "POST /v3/auth/tokens HTTP/1.1" 201 1464 10.0.0.41 - - [19/Jun/2026:18:19:30 +0000] "POST /v3/auth/tokens HTTP/1.1" 201 1464
[Fri Jun 19 18:19:30.404676 2026] [wsgi:error] [pid 9:tid 139824355415744] [remote 10.0.0.41:46072] 2026-06-19 18:19:30.404 9 WARNING keystone.common.fernet_utils [None req-009de0e9-53b4-488a-ac99-65bde47c6ce3 - - - - - -] key_repository is world readable: /etc/keystone/fernet-keys/ 10.0.0.41 - - [19/Jun/2026:18:19:30 +0000] "POST /v3/auth/tokens HTTP/1.1" 201 1464 10.0.0.41 - - [19/Jun/2026:18:19:30 +0000] "GET /v3/services/69ec331b71e8477dbfe0ea39d3372b99 HTTP/1.1" 200 296 10.0.0.41 - - [19/Jun/2026:18:19:30 +0000] "GET /v3/services/69ec331b71e8477dbfe0ea39d3372b99 HTTP/1.1" 200 296 10.0.0.41 - - [19/Jun/2026:18:19:30 +0000] "GET /v3/regions/RegionOne HTTP/1.1" 200 173 10.0.0.41 - - [19/Jun/2026:18:19:30 +0000] "GET /v3/regions/RegionOne HTTP/1.1" 200 173 10.0.0.41 - - [19/Jun/2026:18:19:30 +0000] "GET /v3/services/69ec331b71e8477dbfe0ea39d3372b99 HTTP/1.1" 200 296 10.0.0.41 - - [19/Jun/2026:18:19:30 +0000] "GET /v3/regions/RegionOne HTTP/1.1" 200 173 10.0.0.41 - - [19/Jun/2026:18:19:30 +0000] "POST /v3/endpoints HTTP/1.1" 201 370 10.0.0.41 - - [19/Jun/2026:18:19:30 +0000] "POST /v3/endpoints HTTP/1.1" 201 380 10.0.0.41 - - [19/Jun/2026:18:19:30 +0000] "POST /v3/endpoints HTTP/1.1" 201 383 10.0.0.41 - - [19/Jun/2026:18:19:32 +0000] "GET / HTTP/1.1" 300 295 10.0.0.41 - - [19/Jun/2026:18:19:32 +0000] "GET / HTTP/1.1" 300 295
[Fri Jun 19 18:19:32.187346 2026] [wsgi:error] [pid 10:tid 139824355415744] [remote 10.0.0.41:46080] 2026-06-19 18:19:32.187 10 WARNING keystone.common.password_hashing [None req-23688555-e946-4908-94a7-107dd0d869ab - - - - - -] Truncating password to algorithm specific maximum length 72 characters.
[Fri Jun 19 18:19:32.201465 2026] [wsgi:error] [pid 11:tid 139824355415744] [remote 10.0.0.41:46092] 2026-06-19 18:19:32.201 11 WARNING keystone.common.password_hashing [None req-b8f628c9-b021-4efc-8265-14443df32f3b - - - - - -] Truncating password to algorithm specific maximum length 72 characters. 10.0.0.41 - - [19/Jun/2026:18:19:32 +0000] "GET / HTTP/1.1" 300 295
[Fri Jun 19 18:19:32.231315 2026] [wsgi:error] [pid 12:tid 139824355415744] [remote 10.0.0.41:46106] 2026-06-19 18:19:32.231 12 WARNING keystone.common.password_hashing [None req-c23c1553-daf8-4758-971f-16608e241bdf - - - - - -] Truncating password to algorithm specific maximum length 72 characters.
[Fri Jun 19 18:19:32.462966 2026] [wsgi:error] [pid 10:tid 139824355415744] [remote 10.0.0.41:46080] 2026-06-19 18:19:32.462 10 WARNING keystone.common.fernet_utils [None req-23688555-e946-4908-94a7-107dd0d869ab - - - - - -] key_repository is world readable: /etc/keystone/fernet-keys/ 10.0.0.41 - - [19/Jun/2026:18:19:32 +0000] "POST /v3/auth/tokens HTTP/1.1" 201 1992
[Fri Jun 19 18:19:32.480988 2026] [wsgi:error] [pid 11:tid 139824355415744] [remote 10.0.0.41:46092] 2026-06-19 18:19:32.480 11 WARNING keystone.common.fernet_utils [None req-b8f628c9-b021-4efc-8265-14443df32f3b - - - - - -] key_repository is world readable: /etc/keystone/fernet-keys/ 10.0.0.41 - - [19/Jun/2026:18:19:32 +0000] "POST /v3/auth/tokens HTTP/1.1" 201 1992
[Fri Jun 19 18:19:32.514854 2026] [wsgi:error] [pid 12:tid 139824355415744] [remote 10.0.0.41:46106] 2026-06-19 18:19:32.514 12 WARNING keystone.common.fernet_utils [None req-c23c1553-daf8-4758-971f-16608e241bdf - - - - - -] key_repository is world readable: /etc/keystone/fernet-keys/ 10.0.0.41 - - [19/Jun/2026:18:19:32 +0000] "POST /v3/auth/tokens HTTP/1.1" 201 1992 10.0.0.41 - - [19/Jun/2026:18:19:32 +0000] "GET /v3/endpoints/e5d1bee855e64823813c015ffce6028b HTTP/1.1" 200 370 10.0.0.41 - - [19/Jun/2026:18:19:32 +0000] "GET /v3/endpoints/fe31ce31fdd645fcb089d7eec1a5eccd HTTP/1.1" 200 380 10.0.0.41 - - [19/Jun/2026:18:19:32 +0000] "GET /v3/services/69ec331b71e8477dbfe0ea39d3372b99 HTTP/1.1" 200 296 10.0.0.41 - - [19/Jun/2026:18:19:32 +0000] "GET /v3/services/69ec331b71e8477dbfe0ea39d3372b99 HTTP/1.1" 200 296 10.0.0.41 - - [19/Jun/2026:18:19:32 +0000] "GET /v3/endpoints/84f292fbc51e460a9dfed7cdcb72b748 HTTP/1.1" 200 383 10.0.0.41 - - [19/Jun/2026:18:19:32 +0000] "GET /v3/services/69ec331b71e8477dbfe0ea39d3372b99 HTTP/1.1" 200 296 10.0.0.63 - - [19/Jun/2026:18:19:44 +0000] "GET / HTTP/1.1" 300 295
[Fri Jun 19 18:19:44.076296 2026] [wsgi:error] [pid 12:tid 139824355415744] [remote 10.0.0.63:50716] 2026-06-19 18:19:44.076 12 WARNING keystone.common.password_hashing [None req-b1defd66-f582-4341-8165-2280fbd4d372 - - - - - -] Truncating password to algorithm specific maximum length 72 characters.
[Fri Jun 19 18:19:44.357723 2026] [wsgi:error] [pid 12:tid 139824355415744] [remote 10.0.0.63:50716] 2026-06-19 18:19:44.357 12 WARNING keystone.common.fernet_utils [None req-b1defd66-f582-4341-8165-2280fbd4d372 - - - - - -] key_repository is world readable: /etc/keystone/fernet-keys/ 10.0.0.63 - - [19/Jun/2026:18:19:44 +0000] "POST /v3/auth/tokens HTTP/1.1" 201 1992 10.0.0.63 - - [19/Jun/2026:18:19:44 +0000] "POST /v3/domains HTTP/1.1" 201 284 10.0.0.63 - - [19/Jun/2026:18:19:46 +0000] "GET / HTTP/1.1" 300 295
[Fri Jun 19 18:19:46.099378 2026] [wsgi:error] [pid 10:tid 139824355415744] [remote 10.0.0.63:50718] 2026-06-19 18:19:46.099 10 WARNING keystone.common.password_hashing [None req-bf6b6baa-18a7-409a-9d26-7431186e5db8 - - - - - -] Truncating password to algorithm specific maximum length 72 characters.
[Fri Jun 19 18:19:46.370400 2026] [wsgi:error] [pid 10:tid 139824355415744] [remote 10.0.0.63:50718] 2026-06-19 18:19:46.370 10 WARNING keystone.common.fernet_utils [None req-bf6b6baa-18a7-409a-9d26-7431186e5db8 - - - - - -] key_repository is world readable: /etc/keystone/fernet-keys/ 10.0.0.63 - - [19/Jun/2026:18:19:46 +0000] "POST /v3/auth/tokens HTTP/1.1" 201 1992
[Fri Jun 19 18:19:46.553923 2026] [wsgi:error] [pid 12:tid 139824355415744] [remote 10.0.0.63:50718] 2026-06-19 18:19:46.540 12 ERROR keystone.server.flask.application [None req-d25c71d4-c778-4699-84ac-24a7e46d92fa 0d05f1f5da2d48b085251d6abd34ecba 47b1ae8b7b47485b945bb0afb10d6e7c - - default default] Conflict occurred attempting to store project - it is not permitted to have two projects acting as domains with the same name: service.: keystone.exception.Conflict: Conflict occurred attempting to store project - it is not permitted to have two projects acting as domains with the same name: service.
[Fri Jun 19 18:19:46.553951 2026] [wsgi:error] [pid 12:tid 139824355415744] [remote 10.0.0.63:50718] 2026-06-19 18:19:46.540 12 ERROR keystone.server.flask.application
Traceback (most recent call last):
[Fri Jun 19 18:19:46.553953 2026] [wsgi:error] [pid 12:tid 139824355415744] [remote 10.0.0.63:50718] 2026-06-19 18:19:46.540 12 ERROR keystone.server.flask.application
File "/var/lib/openstack/lib/python3.12/site-packages/sqlalchemy/engine/base.py", line 1969, in _exec_single_context
[Fri Jun 19 18:19:46.553955 2026] [wsgi:error] [pid 12:tid 139824355415744] [remote 10.0.0.63:50718] 2026-06-19 18:19:46.540 12 ERROR keystone.server.flask.application self.dialect.do_execute(
[Fri Jun 19 18:19:46.553956 2026] [wsgi:error] [pid 12:tid 139824355415744] [remote 10.0.0.63:50718] 2026-06-19 18:19:46.540 12 ERROR keystone.server.flask.application
File "/var/lib/openstack/lib/python3.12/site-packages/sqlalchemy/engine/default.py", line 952, in do_execute
[Fri Jun 19 18:19:46.553958 2026] [wsgi:error] [pid 12:tid 139824355415744] [remote 10.0.0.63:50718] 2026-06-19 18:19:46.540 12 ERROR keystone.server.flask.application cursor.execute(statement, parameters)
[Fri Jun 19 18:19:46.553960 2026] [wsgi:error] [pid 12:tid 139824355415744] [remote 10.0.0.63:50718] 2026-06-19 18:19:46.540 12 ERROR keystone.server.flask.application
File "/var/lib/openstack/lib/python3.12/site-packages/pymysql/cursors.py", line 159, in execute
[Fri Jun 19 18:19:46.553961 2026] [wsgi:error] [pid 12:tid 139824355415744] [remote 10.0.0.63:50718] 2026-06-19 18:19:46.540 12 ERROR keystone.server.flask.application result = self._query(query)
[Fri Jun 19 18:19:46.553963 2026] [wsgi:error] [pid 12:tid 139824355415744] [remote 10.0.0.63:50718] 2026-06-19 18:19:46.540 12 ERROR keystone.server.flask.application ^^^^^^^^^^^^^^^^^^
[Fri Jun 19 18:19:46.553964 2026] [wsgi:error] [pid 12:tid 139824355415744] [remote 10.0.0.63:50718] 2026-06-19 18:19:46.540 12 ERROR keystone.server.flask.application
File "/var/lib/openstack/lib/python3.12/site-packages/pymysql/cursors.py", line 330, in _query
[Fri Jun 19 18:19:46.553966 2026] [wsgi:error] [pid 12:tid 139824355415744] [remote 10.0.0.63:50718] 2026-06-19 18:19:46.540 12 ERROR keystone.server.flask.application conn.query(q)
[Fri Jun 19 18:19:46.553967 2026] [wsgi:error] [pid 12:tid 139824355415744] [remote 10.0.0.63:50718] 2026-06-19 18:19:46.540 12 ERROR keystone.server.flask.application
File "/var/lib/openstack/lib/python3.12/site-packages/pymysql/connections.py", line 582, in query
[Fri Jun 19 18:19:46.553969 2026] [wsgi:error] [pid 12:tid 139824355415744] [remote 10.0.0.63:50718] 2026-06-19 18:19:46.540 12 ERROR keystone.server.flask.application self._affected_rows = self._read_query_result(unbuffered=unbuffered)
[Fri Jun 19 18:19:46.553971 2026] [wsgi:error] [pid 12:tid 139824355415744] [remote 10.0.0.63:50718] 2026-06-19 18:19:46.540 12 ERROR keystone.server.flask.application ^^^^^^^^^^^^^^^^^^^^^^^^^^^^^^^^^^^^^^^^^^^^^^
[Fri Jun 19 18:19:46.553973 2026] [wsgi:error] [pid 12:tid 139824355415744] [remote 10.0.0.63:50718] 2026-06-19 18:19:46.540 12 ERROR keystone.server.flask.application
File "/var/lib/openstack/lib/python3.12/site-packages/pymysql/connections.py", line 847, in _read_query_result
[Fri Jun 19 18:19:46.553975 2026] [wsgi:error] [pid 12:tid 139824355415744] [remote 10.0.0.63:50718] 2026-06-19 18:19:46.540 12 ERROR keystone.server.flask.application result.read()
[Fri Jun 19 18:19:46.553978 2026] [wsgi:error] [pid 12:tid 139824355415744] [remote 10.0.0.63:50718] 2026-06-19 18:19:46.540 12 ERROR keystone.server.flask.application
File "/var/lib/openstack/lib/python3.12/site-packages/pymysql/connections.py", line 1245, in read
[Fri Jun 19 18:19:46.553979 2026] [wsgi:error] [pid 12:tid 139824355415744] [remote 10.0.0.63:50718] 2026-06-19 18:19:46.540 12 ERROR keystone.server.flask.application first_packet = self.connection._read_packet()
[Fri Jun 19 18:19:46.553981 2026] [wsgi:error] [pid 12:tid 139824355415744] [remote 10.0.0.63:50718] 2026-06-19 18:19:46.540 12 ERROR keystone.server.flask.application ^^^^^^^^^^^^^^^^^^^^^^^^^^^^^^
[Fri Jun 19 18:19:46.553982 2026] [wsgi:error] [pid 12:tid 139824355415744] [remote 10.0.0.63:50718] 2026-06-19 18:19:46.540 12 ERROR keystone.server.flask.application
File "/var/lib/openstack/lib/python3.12/site-packages/pymysql/connections.py", line 803, in _read_packet
[Fri Jun 19 18:19:46.553983 2026] [wsgi:error] [pid 12:tid 139824355415744] [remote 10.0.0.63:50718] 2026-06-19 18:19:46.540 12 ERROR keystone.server.flask.application packet.raise_for_error()
[Fri Jun 19 18:19:46.553985 2026] [wsgi:error] [pid 12:tid 139824355415744] [remote 10.0.0.63:50718] 2026-06-19 18:19:46.540 12 ERROR keystone.server.flask.application
File "/var/lib/openstack/lib/python3.12/site-packages/pymysql/protocol.py", line 219, in raise_for_error
[Fri Jun 19 18:19:46.553986 2026] [wsgi:error] [pid 12:tid 139824355415744] [remote 10.0.0.63:50718] 2026-06-19 18:19:46.540 12 ERROR keystone.server.flask.application err.raise_mysql_exception(self._data)
[Fri Jun 19 18:19:46.553987 2026] [wsgi:error] [pid 12:tid 139824355415744] [remote 10.0.0.63:50718] 2026-06-19 18:19:46.540 12 ERROR keystone.server.flask.application
File "/var/lib/openstack/lib/python3.12/site-packages/pymysql/err.py", line 154, in raise_mysql_exception
[Fri Jun 19 18:19:46.553989 2026] [wsgi:error] [pid 12:tid 139824355415744] [remote 10.0.0.63:50718] 2026-06-19 18:19:46.540 12 ERROR keystone.server.flask.application raise errorclass(errno, errval, sqlstate=sqlstate)
[Fri Jun 19 18:19:46.553990 2026] [wsgi:error] [pid 12:tid 139824355415744] [remote 10.0.0.63:50718] 2026-06-19 18:19:46.540 12 ERROR keystone.server.flask.application pymysql.err.IntegrityError: (1062, "Duplicate entry '<>-service' for key 'project.ixu_project_name_domain_id'")
[Fri Jun 19 18:19:46.553992 2026] [wsgi:error] [pid 12:tid 139824355415744] [remote 10.0.0.63:50718] 2026-06-19 18:19:46.540 12 ERROR keystone.server.flask.application
[Fri Jun 19 18:19:46.553993 2026] [wsgi:error] [pid 12:tid 139824355415744] [remote 10.0.0.63:50718] 2026-06-19 18:19:46.540 12 ERROR keystone.server.flask.application The above exception was the direct cause of the following exception:
[Fri Jun 19 18:19:46.553994 2026] [wsgi:error] [pid 12:tid 139824355415744] [remote 10.0.0.63:50718] 2026-06-19 18:19:46.540 12 ERROR keystone.server.flask.application
[Fri Jun 19 18:19:46.553996 2026] [wsgi:error] [pid 12:tid 139824355415744] [remote 10.0.0.63:50718] 2026-06-19 18:19:46.540 12 ERROR keystone.server.flask.application
Traceback (most recent call last):
[Fri Jun 19 18:19:46.553997 2026] [wsgi:error] [pid 12:tid 139824355415744] [remote 10.0.0.63:50718] 2026-06-19 18:19:46.540 12 ERROR keystone.server.flask.application
File "/var/lib/openstack/lib/python3.12/site-packages/keystone/common/sql/core.py", line 575, in wrapper
[Fri Jun 19 18:19:46.553998 2026] [wsgi:error] [pid 12:tid 139824355415744] [remote 10.0.0.63:50718] 2026-06-19 18:19:46.540 12 ERROR keystone.server.flask.application return method(*args, **kwargs)
[Fri Jun 19 18:19:46.554000 2026] [wsgi:error] [pid 12:tid 139824355415744] [remote 10.0.0.63:50718] 2026-06-19 18:19:46.540 12 ERROR keystone.server.flask.application ^^^^^^^^^^^^^^^^^^^^^^^
[Fri Jun 19 18:19:46.554002 2026] [wsgi:error] [pid 12:tid 139824355415744] [remote 10.0.0.63:50718] 2026-06-19 18:19:46.540 12 ERROR keystone.server.flask.application
File "/var/lib/openstack/lib/python3.12/site-packages/keystone/resource/backends/sql.py", line 278, in create_project
[Fri Jun 19 18:19:46.554003 2026] [wsgi:error] [pid 12:tid 139824355415744] [remote 10.0.0.63:50718] 2026-06-19 18:19:46.540 12 ERROR keystone.server.flask.application with sql.session_for_write() as session:
[Fri Jun 19 18:19:46.554005 2026] [wsgi:error] [pid 12:tid 139824355415744] [remote 10.0.0.63:50718] 2026-06-19 18:19:46.540 12 ERROR keystone.server.flask.application
File "/usr/lib/python3.12/contextlib.py", line 144, in __exit__
[Fri Jun 19 18:19:46.554006 2026] [wsgi:error] [pid 12:tid 139824355415744] [remote 10.0.0.63:50718] 2026-06-19 18:19:46.540 12 ERROR keystone.server.flask.application next(self.gen)
[Fri Jun 19 18:19:46.554007 2026] [wsgi:error] [pid 12:tid 139824355415744] [remote 10.0.0.63:50718] 2026-06-19 18:19:46.540 12 ERROR keystone.server.flask.application
File "/var/lib/openstack/lib/python3.12/site-packages/oslo_db/sqlalchemy/enginefacade.py", line 1175, in _transaction_scope
[Fri Jun 19 18:19:46.554045 2026] [wsgi:error] [pid 12:tid 139824355415744] [remote 10.0.0.63:50718] 2026-06-19 18:19:46.540 12 ERROR keystone.server.flask.application with current._produce_block(
[Fri Jun 19 18:19:46.554047 2026] [wsgi:error] [pid 12:tid 139824355415744] [remote 10.0.0.63:50718] 2026-06-19 18:19:46.540 12 ERROR keystone.server.flask.application
File "/usr/lib/python3.12/contextlib.py", line 144, in __exit__
[Fri Jun 19 18:19:46.554048 2026] [wsgi:error] [pid 12:tid 139824355415744] [remote 10.0.0.63:50718] 2026-06-19 18:19:46.540 12 ERROR keystone.server.flask.application next(self.gen)
[Fri Jun 19 18:19:46.554050 2026] [wsgi:error] [pid 12:tid 139824355415744] [remote 10.0.0.63:50718] 2026-06-19 18:19:46.540 12 ERROR keystone.server.flask.application
File "/var/lib/openstack/lib/python3.12/site-packages/oslo_db/sqlalchemy/enginefacade.py", line 837, in _session
[Fri Jun 19 18:19:46.554051 2026] [wsgi:error] [pid 12:tid 139824355415744] [remote 10.0.0.63:50718] 2026-06-19 18:19:46.540 12 ERROR keystone.server.flask.application with excutils.save_and_reraise_exception():
[Fri Jun 19 18:19:46.554053 2026] [wsgi:error] [pid 12:tid 139824355415744] [remote 10.0.0.63:50718] 2026-06-19 18:19:46.540 12 ERROR keystone.server.flask.application
File "/var/lib/openstack/lib/python3.12/site-packages/oslo_utils/excutils.py", line 266, in __exit__
[Fri Jun 19 18:19:46.554054 2026] [wsgi:error] [pid 12:tid 139824355415744] [remote 10.0.0.63:50718] 2026-06-19 18:19:46.540 12 ERROR keystone.server.flask.application self.force_reraise()
[Fri Jun 19 18:19:46.554056 2026] [wsgi:error] [pid 12:tid 139824355415744] [remote 10.0.0.63:50718] 2026-06-19 18:19:46.540 12 ERROR keystone.server.flask.application
File "/var/lib/openstack/lib/python3.12/site-packages/oslo_utils/excutils.py", line 232, in force_reraise
[Fri Jun 19 18:19:46.554057 2026] [wsgi:error] [pid 12:tid 139824355415744] [remote 10.0.0.63:50718] 2026-06-19 18:19:46.540 12 ERROR keystone.server.flask.application raise self.value
[Fri Jun 19 18:19:46.554059 2026] [wsgi:error] [pid 12:tid 139824355415744] [remote 10.0.0.63:50718] 2026-06-19 18:19:46.540 12 ERROR keystone.server.flask.application
File "/var/lib/openstack/lib/python3.12/site-packages/oslo_db/sqlalchemy/enginefacade.py", line 835, in _session
[Fri Jun 19 18:19:46.554060 2026] [wsgi:error] [pid 12:tid 139824355415744] [remote 10.0.0.63:50718] 2026-06-19 18:19:46.540 12 ERROR keystone.server.flask.application self._end_session_transaction(self.session)
[Fri Jun 19 18:19:46.554062 2026] [wsgi:error] [pid 12:tid 139824355415744] [remote 10.0.0.63:50718] 2026-06-19 18:19:46.540 12 ERROR keystone.server.flask.application
File "/var/lib/openstack/lib/python3.12/site-packages/oslo_db/sqlalchemy/enginefacade.py", line 748, in _end_session_transaction
[Fri Jun 19 18:19:46.554063 2026] [wsgi:error] [pid 12:tid 139824355415744] [remote 10.0.0.63:50718] 2026-06-19 18:19:46.540 12 ERROR keystone.server.flask.application session.commit()
[Fri Jun 19 18:19:46.554065 2026] [wsgi:error] [pid 12:tid 139824355415744] [remote 10.0.0.63:50718] 2026-06-19 18:19:46.540 12 ERROR keystone.server.flask.application
File "/var/lib/openstack/lib/python3.12/site-packages/sqlalchemy/orm/session.py", line 2034, in commit
[Fri Jun 19 18:19:46.554066 2026] [wsgi:error] [pid 12:tid 139824355415744] [remote 10.0.0.63:50718] 2026-06-19 18:19:46.540 12 ERROR keystone.server.flask.application trans.commit(_to_root=True)
[Fri Jun 19 18:19:46.554068 2026] [wsgi:error] [pid 12:tid 139824355415744] [remote 10.0.0.63:50718] 2026-06-19 18:19:46.540 12 ERROR keystone.server.flask.application File "", line 2, in commit
[Fri Jun 19 18:19:46.554069 2026] [wsgi:error] [pid 12:tid 139824355415744] [remote 10.0.0.63:50718] 2026-06-19 18:19:46.540 12 ERROR keystone.server.flask.application
File "/var/lib/openstack/lib/python3.12/site-packages/sqlalchemy/orm/state_changes.py", line 137, in _go
[Fri Jun 19 18:19:46.554071 2026] [wsgi:error] [pid 12:tid 139824355415744] [remote 10.0.0.63:50718] 2026-06-19 18:19:46.540 12 ERROR keystone.server.flask.application ret_value = fn(self, *arg, **kw)
[Fri Jun 19 18:19:46.554073 2026] [wsgi:error] [pid 12:tid 139824355415744] [remote 10.0.0.63:50718] 2026-06-19 18:19:46.540 12 ERROR keystone.server.flask.application ^^^^^^^^^^^^^^^^^^^^
[Fri Jun 19 18:19:46.554074 2026] [wsgi:error] [pid 12:tid 139824355415744] [remote 10.0.0.63:50718] 2026-06-19 18:19:46.540 12 ERROR keystone.server.flask.application
File "/var/lib/openstack/lib/python3.12/site-packages/sqlalchemy/orm/session.py", line 1315, in commit
[Fri Jun 19 18:19:46.554075 2026] [wsgi:error] [pid 12:tid 139824355415744] [remote 10.0.0.63:50718] 2026-06-19 18:19:46.540 12 ERROR keystone.server.flask.application self._prepare_impl()
[Fri Jun 19 18:19:46.554077 2026] [wsgi:error] [pid 12:tid 139824355415744] [remote 10.0.0.63:50718] 2026-06-19 18:19:46.540 12 ERROR keystone.server.flask.application File "", line 2, in _prepare_impl
[Fri Jun 19 18:19:46.554078 2026] [wsgi:error] [pid 12:tid 139824355415744] [remote 10.0.0.63:50718] 2026-06-19 18:19:46.540 12 ERROR keystone.server.flask.application
File "/var/lib/openstack/lib/python3.12/site-packages/sqlalchemy/orm/state_changes.py", line 137, in _go
[Fri Jun 19 18:19:46.554080 2026] [wsgi:error] [pid 12:tid 139824355415744] [remote 10.0.0.63:50718] 2026-06-19 18:19:46.540 12 ERROR keystone.server.flask.application ret_value = fn(self, *arg, **kw)
[Fri Jun 19 18:19:46.554081 2026] [wsgi:error] [pid 12:tid 139824355415744] [remote 10.0.0.63:50718] 2026-06-19 18:19:46.540 12 ERROR keystone.server.flask.application ^^^^^^^^^^^^^^^^^^^^
[Fri Jun 19 18:19:46.554086 2026] [wsgi:error] [pid 12:tid 139824355415744] [remote 10.0.0.63:50718] 2026-06-19 18:19:46.540 12 ERROR keystone.server.flask.application
File "/var/lib/openstack/lib/python3.12/site-packages/sqlalchemy/orm/session.py", line 1290, in _prepare_impl
[Fri Jun 19 18:19:46.554088 2026] [wsgi:error] [pid 12:tid 139824355415744] [remote 10.0.0.63:50718] 2026-06-19 18:19:46.540 12 ERROR keystone.server.flask.application self.session.flush()
[Fri Jun 19 18:19:46.554090 2026] [wsgi:error] [pid 12:tid 139824355415744] [remote 10.0.0.63:50718] 2026-06-19 18:19:46.540 12 ERROR keystone.server.flask.application
File "/var/lib/openstack/lib/python3.12/site-packages/sqlalchemy/orm/session.py", line 4352, in flush
[Fri Jun 19 18:19:46.554092 2026] [wsgi:error] [pid 12:tid 139824355415744] [remote 10.0.0.63:50718] 2026-06-19 18:19:46.540 12 ERROR keystone.server.flask.application self._flush(objects)
[Fri Jun 19 18:19:46.554093 2026] [wsgi:error] [pid 12:tid 139824355415744] [remote 10.0.0.63:50718] 2026-06-19 18:19:46.540 12 ERROR keystone.server.flask.application
File "/var/lib/openstack/lib/python3.12/site-packages/sqlalchemy/orm/session.py", line 4487, in _flush
[Fri Jun 19 18:19:46.554096 2026] [wsgi:error] [pid 12:tid 139824355415744] [remote 10.0.0.63:50718] 2026-06-19 18:19:46.540 12 ERROR keystone.server.flask.application with util.safe_reraise():
[Fri Jun 19 18:19:46.554098 2026] [wsgi:error] [pid 12:tid 139824355415744] [remote 10.0.0.63:50718] 2026-06-19 18:19:46.540 12 ERROR keystone.server.flask.application
File "/var/lib/openstack/lib/python3.12/site-packages/sqlalchemy/util/langhelpers.py", line 122, in __exit__
[Fri Jun 19 18:19:46.554100 2026] [wsgi:error] [pid 12:tid 139824355415744] [remote 10.0.0.63:50718] 2026-06-19 18:19:46.540 12 ERROR keystone.server.flask.application raise exc_value.with_traceback(exc_tb)
[Fri Jun 19 18:19:46.554102 2026] [wsgi:error] [pid 12:tid 139824355415744] [remote 10.0.0.63:50718] 2026-06-19 18:19:46.540 12 ERROR keystone.server.flask.application
File "/var/lib/openstack/lib/python3.12/site-packages/sqlalchemy/orm/session.py", line 4448, in _flush
[Fri Jun 19 18:19:46.554105 2026] [wsgi:error] [pid 12:tid 139824355415744] [remote 10.0.0.63:50718] 2026-06-19 18:19:46.540 12 ERROR keystone.server.flask.application flush_context.execute()
[Fri Jun 19 18:19:46.554106 2026] [wsgi:error] [pid 12:tid 139824355415744] [remote 10.0.0.63:50718] 2026-06-19 18:19:46.540 12 ERROR keystone.server.flask.application
File "/var/lib/openstack/lib/python3.12/site-packages/sqlalchemy/orm/unitofwork.py", line 465, in execute
