Feb 26 00:41:57.185284 np0000157123 nova-scheduler[108514]: DEBUG cotyledon.oslo_config_glue [-] vmware.vnc_port_total = 10000 {{(pid=108514) log_opt_values /opt/stack/data/venv/lib/python3.12/site-packages/oslo_config/cfg.py:3006}}
Feb 26 00:41:57.185364 np0000157123 nova-scheduler[108514]: DEBUG cotyledon.oslo_config_glue [-] vnc.auth_schemes = ['none'] {{(pid=108514) log_opt_values /opt/stack/data/venv/lib/python3.12/site-packages/oslo_config/cfg.py:3006}}
Feb 26 00:41:57.185421 np0000157123 nova-scheduler[108514]: DEBUG cotyledon.oslo_config_glue [-] vnc.enabled = True {{(pid=108514) log_opt_values /opt/stack/data/venv/lib/python3.12/site-packages/oslo_config/cfg.py:3006}}
Feb 26 00:41:57.185489 np0000157123 nova-scheduler[108514]: DEBUG cotyledon.oslo_config_glue [-] vnc.novncproxy_base_url = http://127.0.0.1:6080/vnc_auto.html {{(pid=108514) log_opt_values /opt/stack/data/venv/lib/python3.12/site-packages/oslo_config/cfg.py:3006}}
Feb 26 00:41:57.185561 np0000157123 nova-scheduler[108514]: DEBUG cotyledon.oslo_config_glue [-] vnc.novncproxy_host = 0.0.0.0 {{(pid=108514) log_opt_values /opt/stack/data/venv/lib/python3.12/site-packages/oslo_config/cfg.py:3006}}
Feb 26 00:41:57.185627 np0000157123 nova-scheduler[108514]: DEBUG cotyledon.oslo_config_glue [-] vnc.novncproxy_port = 6080 {{(pid=108514) log_opt_values /opt/stack/data/venv/lib/python3.12/site-packages/oslo_config/cfg.py:3006}}
Feb 26 00:41:57.185686 np0000157123 nova-scheduler[108514]: DEBUG cotyledon.oslo_config_glue [-] vnc.server_listen = 127.0.0.1 {{(pid=108514) log_opt_values /opt/stack/data/venv/lib/python3.12/site-packages/oslo_config/cfg.py:3006}}
Feb 26 00:41:57.185744 np0000157123 nova-scheduler[108514]: DEBUG cotyledon.oslo_config_glue [-] vnc.server_proxyclient_address = 127.0.0.1 {{(pid=108514) log_opt_values /opt/stack/data/venv/lib/python3.12/site-packages/oslo_config/cfg.py:3006}}
Feb 26 00:41:57.185802 np0000157123 nova-scheduler[108514]: DEBUG cotyledon.oslo_config_glue [-] vnc.vencrypt_ca_certs = None {{(pid=108514) log_opt_values /opt/stack/data/venv/lib/python3.12/site-packages/oslo_config/cfg.py:3006}}
Feb 26 00:41:57.185861 np0000157123 nova-scheduler[108514]: DEBUG cotyledon.oslo_config_glue [-] vnc.vencrypt_client_cert = None {{(pid=108514) log_opt_values /opt/stack/data/venv/lib/python3.12/site-packages/oslo_config/cfg.py:3006}}
Feb 26 00:41:57.185919 np0000157123 nova-scheduler[108514]: DEBUG cotyledon.oslo_config_glue [-] vnc.vencrypt_client_key = None {{(pid=108514) log_opt_values /opt/stack/data/venv/lib/python3.12/site-packages/oslo_config/cfg.py:3006}}
Feb 26 00:41:57.185990 np0000157123 nova-scheduler[108514]: DEBUG cotyledon.oslo_config_glue [-] workarounds.disable_compute_service_check_for_ffu = False {{(pid=108514) log_opt_values /opt/stack/data/venv/lib/python3.12/site-packages/oslo_config/cfg.py:3006}}
Feb 26 00:41:57.186048 np0000157123 nova-scheduler[108514]: DEBUG cotyledon.oslo_config_glue [-] workarounds.disable_deep_image_inspection = False {{(pid=108514) log_opt_values /opt/stack/data/venv/lib/python3.12/site-packages/oslo_config/cfg.py:3006}}
Feb 26 00:41:57.186105 np0000157123 nova-scheduler[108514]: DEBUG cotyledon.oslo_config_glue [-] workarounds.disable_fallback_pcpu_query = False {{(pid=108514) log_opt_values /opt/stack/data/venv/lib/python3.12/site-packages/oslo_config/cfg.py:3006}}
Feb 26 00:41:57.186163 np0000157123 nova-scheduler[108514]: DEBUG cotyledon.oslo_config_glue [-] workarounds.disable_group_policy_check_upcall = False {{(pid=108514) log_opt_values /opt/stack/data/venv/lib/python3.12/site-packages/oslo_config/cfg.py:3006}}
Feb 26 00:41:57.186221 np0000157123 nova-scheduler[108514]: DEBUG cotyledon.oslo_config_glue [-] workarounds.disable_libvirt_livesnapshot = False {{(pid=108514) log_opt_values /opt/stack/data/venv/lib/python3.12/site-packages/oslo_config/cfg.py:3006}}
Feb 26 00:41:57.186279 np0000157123 nova-scheduler[108514]: DEBUG cotyledon.oslo_config_glue [-] workarounds.disable_rootwrap = False {{(pid=108514) log_opt_values /opt/stack/data/venv/lib/python3.12/site-packages/oslo_config/cfg.py:3006}}
Feb 26 00:41:57.186338 np0000157123 nova-scheduler[108514]: DEBUG cotyledon.oslo_config_glue [-] workarounds.enable_numa_live_migration = False {{(pid=108514) log_opt_values /opt/stack/data/venv/lib/python3.12/site-packages/oslo_config/cfg.py:3006}}
Feb 26 00:41:57.186392 np0000157123 nova-scheduler[108514]: DEBUG cotyledon.oslo_config_glue [-] workarounds.enable_qemu_monitor_announce_self = False {{(pid=108514) log_opt_values /opt/stack/data/venv/lib/python3.12/site-packages/oslo_config/cfg.py:3006}}
Feb 26 00:41:57.186452 np0000157123 nova-scheduler[108514]: DEBUG cotyledon.oslo_config_glue [-] workarounds.ensure_libvirt_rbd_instance_dir_cleanup = False {{(pid=108514) log_opt_values /opt/stack/data/venv/lib/python3.12/site-packages/oslo_config/cfg.py:3006}}
Feb 26 00:41:57.186509 np0000157123 nova-scheduler[108514]: DEBUG cotyledon.oslo_config_glue [-] workarounds.handle_virt_lifecycle_events = True {{(pid=108514) log_opt_values /opt/stack/data/venv/lib/python3.12/site-packages/oslo_config/cfg.py:3006}}
Feb 26 00:41:57.186586 np0000157123 nova-scheduler[108514]: DEBUG cotyledon.oslo_config_glue [-] workarounds.libvirt_disable_apic = False {{(pid=108514) log_opt_values /opt/stack/data/venv/lib/python3.12/site-packages/oslo_config/cfg.py:3006}}
Feb 26 00:41:57.186645 np0000157123 nova-scheduler[108514]: DEBUG cotyledon.oslo_config_glue [-] workarounds.never_download_image_if_on_rbd = False {{(pid=108514) log_opt_values /opt/stack/data/venv/lib/python3.12/site-packages/oslo_config/cfg.py:3006}}
Feb 26 00:41:57.186705 np0000157123 nova-scheduler[108514]: DEBUG cotyledon.oslo_config_glue [-] workarounds.qemu_monitor_announce_self_count = 3 {{(pid=108514) log_opt_values /opt/stack/data/venv/lib/python3.12/site-packages/oslo_config/cfg.py:3006}}
Feb 26 00:41:57.186763 np0000157123 nova-scheduler[108514]: DEBUG cotyledon.oslo_config_glue [-] workarounds.qemu_monitor_announce_self_interval = 1 {{(pid=108514) log_opt_values /opt/stack/data/venv/lib/python3.12/site-packages/oslo_config/cfg.py:3006}}
Feb 26 00:41:57.186821 np0000157123 nova-scheduler[108514]: DEBUG cotyledon.oslo_config_glue [-] workarounds.reserve_disk_resource_for_image_cache = False {{(pid=108514) log_opt_values /opt/stack/data/venv/lib/python3.12/site-packages/oslo_config/cfg.py:3006}}
Feb 26 00:41:57.186880 np0000157123 nova-scheduler[108514]: DEBUG cotyledon.oslo_config_glue [-] workarounds.skip_cpu_compare_at_startup = False {{(pid=108514) log_opt_values /opt/stack/data/venv/lib/python3.12/site-packages/oslo_config/cfg.py:3006}}
Feb 26 00:41:57.186939 np0000157123 nova-scheduler[108514]: DEBUG cotyledon.oslo_config_glue [-] workarounds.skip_cpu_compare_on_dest = False {{(pid=108514) log_opt_values /opt/stack/data/venv/lib/python3.12/site-packages/oslo_config/cfg.py:3006}}
Feb 26 00:41:57.186996 np0000157123 nova-scheduler[108514]: DEBUG cotyledon.oslo_config_glue [-] workarounds.skip_hypervisor_version_check_on_lm = False {{(pid=108514) log_opt_values /opt/stack/data/venv/lib/python3.12/site-packages/oslo_config/cfg.py:3006}}
Feb 26 00:41:57.187055 np0000157123 nova-scheduler[108514]: DEBUG cotyledon.oslo_config_glue [-] workarounds.skip_reserve_in_use_ironic_nodes = False {{(pid=108514) log_opt_values /opt/stack/data/venv/lib/python3.12/site-packages/oslo_config/cfg.py:3006}}
Feb 26 00:41:57.187114 np0000157123 nova-scheduler[108514]: DEBUG cotyledon.oslo_config_glue [-] workarounds.unified_limits_count_pcpu_as_vcpu = False {{(pid=108514) log_opt_values /opt/stack/data/venv/lib/python3.12/site-packages/oslo_config/cfg.py:3006}}
Feb 26 00:41:57.187171 np0000157123 nova-scheduler[108514]: DEBUG cotyledon.oslo_config_glue [-] workarounds.wait_for_vif_plugged_event_during_hard_reboot = [] {{(pid=108514) log_opt_values /opt/stack/data/venv/lib/python3.12/site-packages/oslo_config/cfg.py:3006}}
Feb 26 00:41:57.187235 np0000157123 nova-scheduler[108514]: DEBUG cotyledon.oslo_config_glue [-] wsgi.api_paste_config = /etc/nova/api-paste.ini {{(pid=108514) log_opt_values /opt/stack/data/venv/lib/python3.12/site-packages/oslo_config/cfg.py:3006}}
Feb 26 00:41:57.187293 np0000157123 nova-scheduler[108514]: DEBUG cotyledon.oslo_config_glue [-] wsgi.secure_proxy_ssl_header = None {{(pid=108514) log_opt_values /opt/stack/data/venv/lib/python3.12/site-packages/oslo_config/cfg.py:3006}}
Feb 26 00:41:57.187357 np0000157123 nova-scheduler[108514]: DEBUG cotyledon.oslo_config_glue [-] zvm.ca_file = None {{(pid=108514) log_opt_values /opt/stack/data/venv/lib/python3.12/site-packages/oslo_config/cfg.py:3006}}
Feb 26 00:41:57.187415 np0000157123 nova-scheduler[108514]: DEBUG cotyledon.oslo_config_glue [-] zvm.cloud_connector_url = None {{(pid=108514) log_opt_values /opt/stack/data/venv/lib/python3.12/site-packages/oslo_config/cfg.py:3006}}
Feb 26 00:41:57.187473 np0000157123 nova-scheduler[108514]: DEBUG cotyledon.oslo_config_glue [-] zvm.image_tmp_path = /opt/stack/data/nova/images {{(pid=108514) log_opt_values /opt/stack/data/venv/lib/python3.12/site-packages/oslo_config/cfg.py:3006}}
Feb 26 00:41:57.187532 np0000157123 nova-scheduler[108514]: DEBUG cotyledon.oslo_config_glue [-] zvm.reachable_timeout = 300 {{(pid=108514) log_opt_values /opt/stack/data/venv/lib/python3.12/site-packages/oslo_config/cfg.py:3006}}
Feb 26 00:41:57.187666 np0000157123 nova-scheduler[108514]: DEBUG cotyledon.oslo_config_glue [-] oslo_versionedobjects.fatal_exception_format_errors = False {{(pid=108514) log_opt_values /opt/stack/data/venv/lib/python3.12/site-packages/oslo_config/cfg.py:3006}}
Feb 26 00:41:57.187746 np0000157123 nova-scheduler[108514]: DEBUG cotyledon.oslo_config_glue [-] oslo_middleware.http_basic_auth_user_file = /etc/htpasswd {{(pid=108514) log_opt_values /opt/stack/data/venv/lib/python3.12/site-packages/oslo_config/cfg.py:3006}}
Feb 26 00:41:57.187827 np0000157123 nova-scheduler[108514]: DEBUG cotyledon.oslo_config_glue [-] oslo_messaging_metrics.metrics_buffer_size = 1000 {{(pid=108514) log_opt_values /opt/stack/data/venv/lib/python3.12/site-packages/oslo_config/cfg.py:3006}}
Feb 26 00:41:57.187891 np0000157123 nova-scheduler[108514]: DEBUG cotyledon.oslo_config_glue [-] oslo_messaging_metrics.metrics_enabled = False {{(pid=108514) log_opt_values /opt/stack/data/venv/lib/python3.12/site-packages/oslo_config/cfg.py:3006}}
Feb 26 00:41:57.187950 np0000157123 nova-scheduler[108514]: DEBUG cotyledon.oslo_config_glue [-] oslo_messaging_metrics.metrics_process_name = {{(pid=108514) log_opt_values /opt/stack/data/venv/lib/python3.12/site-packages/oslo_config/cfg.py:3006}}
Feb 26 00:41:57.188017 np0000157123 nova-scheduler[108514]: DEBUG cotyledon.oslo_config_glue [-] oslo_messaging_metrics.metrics_socket_file = /var/tmp/metrics_collector.sock {{(pid=108514) log_opt_values /opt/stack/data/venv/lib/python3.12/site-packages/oslo_config/cfg.py:3006}}
Feb 26 00:41:57.188075 np0000157123 nova-scheduler[108514]: DEBUG cotyledon.oslo_config_glue [-] oslo_messaging_metrics.metrics_thread_stop_timeout = 10 {{(pid=108514) log_opt_values /opt/stack/data/venv/lib/python3.12/site-packages/oslo_config/cfg.py:3006}}
Feb 26 00:41:57.188158 np0000157123 nova-scheduler[108514]: DEBUG cotyledon.oslo_config_glue [-] profiler.connection_string = messaging:// {{(pid=108514) log_opt_values /opt/stack/data/venv/lib/python3.12/site-packages/oslo_config/cfg.py:3006}}
Feb 26 00:41:57.188213 np0000157123 nova-scheduler[108514]: DEBUG cotyledon.oslo_config_glue [-] profiler.enabled = False {{(pid=108514) log_opt_values /opt/stack/data/venv/lib/python3.12/site-packages/oslo_config/cfg.py:3006}}
Feb 26 00:41:57.188272 np0000157123 nova-scheduler[108514]: DEBUG cotyledon.oslo_config_glue [-] profiler.es_doc_type = notification {{(pid=108514) log_opt_values /opt/stack/data/venv/lib/python3.12/site-packages/oslo_config/cfg.py:3006}}
Feb 26 00:41:57.188331 np0000157123 nova-scheduler[108514]: DEBUG cotyledon.oslo_config_glue [-] profiler.es_scroll_size = 10000 {{(pid=108514) log_opt_values /opt/stack/data/venv/lib/python3.12/site-packages/oslo_config/cfg.py:3006}}
Feb 26 00:41:57.188390 np0000157123 nova-scheduler[108514]: DEBUG cotyledon.oslo_config_glue [-] profiler.es_scroll_time = 2m {{(pid=108514) log_opt_values /opt/stack/data/venv/lib/python3.12/site-packages/oslo_config/cfg.py:3006}}
Feb 26 00:41:57.188449 np0000157123 nova-scheduler[108514]: DEBUG cotyledon.oslo_config_glue [-] profiler.filter_error_trace = False {{(pid=108514) log_opt_values /opt/stack/data/venv/lib/python3.12/site-packages/oslo_config/cfg.py:3006}}
Feb 26 00:41:57.188494 np0000157123 nova-scheduler[108514]: DEBUG cotyledon.oslo_config_glue [-] profiler.hmac_keys = **** {{(pid=108514) log_opt_values /opt/stack/data/venv/lib/python3.12/site-packages/oslo_config/cfg.py:3006}}
Feb 26 00:41:57.188583 np0000157123 nova-scheduler[108514]: DEBUG cotyledon.oslo_config_glue [-] profiler.sentinel_service_name = mymaster {{(pid=108514) log_opt_values /opt/stack/data/venv/lib/python3.12/site-packages/oslo_config/cfg.py:3006}}
Feb 26 00:41:57.188641 np0000157123 nova-scheduler[108514]: DEBUG cotyledon.oslo_config_glue [-] profiler.socket_timeout = 0.1 {{(pid=108514) log_opt_values /opt/stack/data/venv/lib/python3.12/site-packages/oslo_config/cfg.py:3006}}
Feb 26 00:41:57.188703 np0000157123 nova-scheduler[108514]: DEBUG cotyledon.oslo_config_glue [-] profiler.trace_requests = False {{(pid=108514) log_opt_values /opt/stack/data/venv/lib/python3.12/site-packages/oslo_config/cfg.py:3006}}
Feb 26 00:41:57.188764 np0000157123 nova-scheduler[108514]: DEBUG cotyledon.oslo_config_glue [-] profiler.trace_sqlalchemy = False {{(pid=108514) log_opt_values /opt/stack/data/venv/lib/python3.12/site-packages/oslo_config/cfg.py:3006}}
Feb 26 00:41:57.188847 np0000157123 nova-scheduler[108514]: DEBUG cotyledon.oslo_config_glue [-] profiler_jaeger.process_tags = {} {{(pid=108514) log_opt_values /opt/stack/data/venv/lib/python3.12/site-packages/oslo_config/cfg.py:3006}}
Feb 26 00:41:57.188905 np0000157123 nova-scheduler[108514]: DEBUG cotyledon.oslo_config_glue [-] profiler_jaeger.service_name_prefix = None {{(pid=108514) log_opt_values /opt/stack/data/venv/lib/python3.12/site-packages/oslo_config/cfg.py:3006}}
Feb 26 00:41:57.188969 np0000157123 nova-scheduler[108514]: DEBUG cotyledon.oslo_config_glue [-] profiler_otlp.service_name_prefix = None {{(pid=108514) log_opt_values /opt/stack/data/venv/lib/python3.12/site-packages/oslo_config/cfg.py:3006}}
Feb 26 00:41:57.189074 np0000157123 nova-scheduler[108514]: DEBUG cotyledon.oslo_config_glue [-] oslo_messaging_rabbit.amqp_auto_delete = False {{(pid=108514) log_opt_values /opt/stack/data/venv/lib/python3.12/site-packages/oslo_config/cfg.py:3006}}
Feb 26 00:41:57.189121 np0000157123 nova-scheduler[108514]: DEBUG cotyledon.oslo_config_glue [-] oslo_messaging_rabbit.amqp_durable_queues = False {{(pid=108514) log_opt_values /opt/stack/data/venv/lib/python3.12/site-packages/oslo_config/cfg.py:3006}}
Feb 26 00:41:57.189195 np0000157123 nova-scheduler[108514]: DEBUG cotyledon.oslo_config_glue [-] oslo_messaging_rabbit.conn_pool_min_size = 2 {{(pid=108514) log_opt_values /opt/stack/data/venv/lib/python3.12/site-packages/oslo_config/cfg.py:3006}}
Feb 26 00:41:57.189270 np0000157123 nova-scheduler[108514]: DEBUG cotyledon.oslo_config_glue [-] oslo_messaging_rabbit.conn_pool_ttl = 1200 {{(pid=108514) log_opt_values /opt/stack/data/venv/lib/python3.12/site-packages/oslo_config/cfg.py:3006}}
Feb 26 00:41:57.189340 np0000157123 nova-scheduler[108514]: DEBUG cotyledon.oslo_config_glue [-] oslo_messaging_rabbit.direct_mandatory_flag = True {{(pid=108514) log_opt_values /opt/stack/data/venv/lib/python3.12/site-packages/oslo_config/cfg.py:3006}}
Feb 26 00:41:57.189402 np0000157123 nova-scheduler[108514]: DEBUG cotyledon.oslo_config_glue [-] oslo_messaging_rabbit.enable_cancel_on_failover = False {{(pid=108514) log_opt_values /opt/stack/data/venv/lib/python3.12/site-packages/oslo_config/cfg.py:3006}}
Feb 26 00:41:57.189469 np0000157123 nova-scheduler[108514]: DEBUG cotyledon.oslo_config_glue [-] oslo_messaging_rabbit.heartbeat_in_pthread = False {{(pid=108514) log_opt_values /opt/stack/data/venv/lib/python3.12/site-packages/oslo_config/cfg.py:3006}}
Feb 26 00:41:57.189529 np0000157123 nova-scheduler[108514]: DEBUG cotyledon.oslo_config_glue [-] oslo_messaging_rabbit.heartbeat_rate = 3 {{(pid=108514) log_opt_values /opt/stack/data/venv/lib/python3.12/site-packages/oslo_config/cfg.py:3006}}
Feb 26 00:41:57.189610 np0000157123 nova-scheduler[108514]: DEBUG cotyledon.oslo_config_glue [-] oslo_messaging_rabbit.heartbeat_timeout_threshold = 60 {{(pid=108514) log_opt_values /opt/stack/data/venv/lib/python3.12/site-packages/oslo_config/cfg.py:3006}}
Feb 26 00:41:57.189678 np0000157123 nova-scheduler[108514]: DEBUG cotyledon.oslo_config_glue [-] oslo_messaging_rabbit.hostname = np0000157123 {{(pid=108514) log_opt_values /opt/stack/data/venv/lib/python3.12/site-packages/oslo_config/cfg.py:3006}}
Feb 26 00:41:57.189738 np0000157123 nova-scheduler[108514]: DEBUG cotyledon.oslo_config_glue [-] oslo_messaging_rabbit.kombu_compression = None {{(pid=108514) log_opt_values /opt/stack/data/venv/lib/python3.12/site-packages/oslo_config/cfg.py:3006}}
Feb 26 00:41:57.189797 np0000157123 nova-scheduler[108514]: DEBUG cotyledon.oslo_config_glue [-] oslo_messaging_rabbit.kombu_failover_strategy = round-robin {{(pid=108514) log_opt_values /opt/stack/data/venv/lib/python3.12/site-packages/oslo_config/cfg.py:3006}}
Feb 26 00:41:57.189858 np0000157123 nova-scheduler[108514]: DEBUG cotyledon.oslo_config_glue [-] oslo_messaging_rabbit.kombu_missing_consumer_retry_timeout = 60 {{(pid=108514) log_opt_values /opt/stack/data/venv/lib/python3.12/site-packages/oslo_config/cfg.py:3006}}
Feb 26 00:41:57.189931 np0000157123 nova-scheduler[108514]: DEBUG cotyledon.oslo_config_glue [-] oslo_messaging_rabbit.kombu_reconnect_delay = 1.0 {{(pid=108514) log_opt_values /opt/stack/data/venv/lib/python3.12/site-packages/oslo_config/cfg.py:3006}}
Feb 26 00:41:57.189999 np0000157123 nova-scheduler[108514]: DEBUG cotyledon.oslo_config_glue [-] oslo_messaging_rabbit.kombu_reconnect_splay = 0.0 {{(pid=108514) log_opt_values /opt/stack/data/venv/lib/python3.12/site-packages/oslo_config/cfg.py:3006}}
Feb 26 00:41:57.190066 np0000157123 nova-scheduler[108514]: DEBUG cotyledon.oslo_config_glue [-] oslo_messaging_rabbit.processname = nova-scheduler {{(pid=108514) log_opt_values /opt/stack/data/venv/lib/python3.12/site-packages/oslo_config/cfg.py:3006}}
Feb 26 00:41:57.190125 np0000157123 nova-scheduler[108514]: DEBUG cotyledon.oslo_config_glue [-] oslo_messaging_rabbit.rabbit_ha_queues = False {{(pid=108514) log_opt_values /opt/stack/data/venv/lib/python3.12/site-packages/oslo_config/cfg.py:3006}}
Feb 26 00:41:57.190186 np0000157123 nova-scheduler[108514]: DEBUG cotyledon.oslo_config_glue [-] oslo_messaging_rabbit.rabbit_interval_max = 30 {{(pid=108514) log_opt_values /opt/stack/data/venv/lib/python3.12/site-packages/oslo_config/cfg.py:3006}}
Feb 26 00:41:57.190245 np0000157123 nova-scheduler[108514]: DEBUG cotyledon.oslo_config_glue [-] oslo_messaging_rabbit.rabbit_login_method = AMQPLAIN {{(pid=108514) log_opt_values /opt/stack/data/venv/lib/python3.12/site-packages/oslo_config/cfg.py:3006}}
Feb 26 00:41:57.190305 np0000157123 nova-scheduler[108514]: DEBUG cotyledon.oslo_config_glue [-] oslo_messaging_rabbit.rabbit_qos_prefetch_count = 0 {{(pid=108514) log_opt_values /opt/stack/data/venv/lib/python3.12/site-packages/oslo_config/cfg.py:3006}}
Feb 26 00:41:57.190378 np0000157123 nova-scheduler[108514]: DEBUG cotyledon.oslo_config_glue [-] oslo_messaging_rabbit.rabbit_quorum_delivery_limit = 0 {{(pid=108514) log_opt_values /opt/stack/data/venv/lib/python3.12/site-packages/oslo_config/cfg.py:3006}}
Feb 26 00:41:57.190439 np0000157123 nova-scheduler[108514]: DEBUG cotyledon.oslo_config_glue [-] oslo_messaging_rabbit.rabbit_quorum_max_memory_bytes = 0 {{(pid=108514) log_opt_values /opt/stack/data/venv/lib/python3.12/site-packages/oslo_config/cfg.py:3006}}
Feb 26 00:41:57.190499 np0000157123 nova-scheduler[108514]: DEBUG cotyledon.oslo_config_glue [-] oslo_messaging_rabbit.rabbit_quorum_max_memory_length = 0 {{(pid=108514) log_opt_values /opt/stack/data/venv/lib/python3.12/site-packages/oslo_config/cfg.py:3006}}
Feb 26 00:41:57.190590 np0000157123 nova-scheduler[108514]: DEBUG cotyledon.oslo_config_glue [-] oslo_messaging_rabbit.rabbit_quorum_queue = False {{(pid=108514) log_opt_values /opt/stack/data/venv/lib/python3.12/site-packages/oslo_config/cfg.py:3006}}
Feb 26 00:41:57.190645 np0000157123 nova-scheduler[108514]: DEBUG cotyledon.oslo_config_glue [-] oslo_messaging_rabbit.rabbit_retry_backoff = 2 {{(pid=108514) log_opt_values /opt/stack/data/venv/lib/python3.12/site-packages/oslo_config/cfg.py:3006}}
Feb 26 00:41:57.190708 np0000157123 nova-scheduler[108514]: DEBUG cotyledon.oslo_config_glue [-] oslo_messaging_rabbit.rabbit_retry_interval = 1 {{(pid=108514) log_opt_values /opt/stack/data/venv/lib/python3.12/site-packages/oslo_config/cfg.py:3006}}
Feb 26 00:41:57.190768 np0000157123 nova-scheduler[108514]: DEBUG cotyledon.oslo_config_glue [-] oslo_messaging_rabbit.rabbit_stream_fanout = False {{(pid=108514) log_opt_values /opt/stack/data/venv/lib/python3.12/site-packages/oslo_config/cfg.py:3006}}
Feb 26 00:41:57.190828 np0000157123 nova-scheduler[108514]: DEBUG cotyledon.oslo_config_glue [-] oslo_messaging_rabbit.rabbit_transient_queues_ttl = 1800 {{(pid=108514) log_opt_values /opt/stack/data/venv/lib/python3.12/site-packages/oslo_config/cfg.py:3006}}
Feb 26 00:41:57.190888 np0000157123 nova-scheduler[108514]: DEBUG cotyledon.oslo_config_glue [-] oslo_messaging_rabbit.rabbit_transient_quorum_queue = False {{(pid=108514) log_opt_values /opt/stack/data/venv/lib/python3.12/site-packages/oslo_config/cfg.py:3006}}
Feb 26 00:41:57.190947 np0000157123 nova-scheduler[108514]: DEBUG cotyledon.oslo_config_glue [-] oslo_messaging_rabbit.rpc_conn_pool_size = 30 {{(pid=108514) log_opt_values /opt/stack/data/venv/lib/python3.12/site-packages/oslo_config/cfg.py:3006}}
Feb 26 00:41:57.191015 np0000157123 nova-scheduler[108514]: DEBUG cotyledon.oslo_config_glue [-] oslo_messaging_rabbit.ssl = False {{(pid=108514) log_opt_values /opt/stack/data/venv/lib/python3.12/site-packages/oslo_config/cfg.py:3006}}
Feb 26 00:41:57.191075 np0000157123 nova-scheduler[108514]: DEBUG cotyledon.oslo_config_glue [-] oslo_messaging_rabbit.ssl_ca_file = {{(pid=108514) log_opt_values /opt/stack/data/venv/lib/python3.12/site-packages/oslo_config/cfg.py:3006}}
Feb 26 00:41:57.191135 np0000157123 nova-scheduler[108514]: DEBUG cotyledon.oslo_config_glue [-] oslo_messaging_rabbit.ssl_cert_file = {{(pid=108514) log_opt_values /opt/stack/data/venv/lib/python3.12/site-packages/oslo_config/cfg.py:3006}}
Feb 26 00:41:57.191196 np0000157123 nova-scheduler[108514]: DEBUG cotyledon.oslo_config_glue [-] oslo_messaging_rabbit.ssl_enforce_fips_mode = False {{(pid=108514) log_opt_values /opt/stack/data/venv/lib/python3.12/site-packages/oslo_config/cfg.py:3006}}
Feb 26 00:41:57.191260 np0000157123 nova-scheduler[108514]: DEBUG cotyledon.oslo_config_glue [-] oslo_messaging_rabbit.ssl_key_file = {{(pid=108514) log_opt_values /opt/stack/data/venv/lib/python3.12/site-packages/oslo_config/cfg.py:3006}}
Feb 26 00:41:57.191330 np0000157123 nova-scheduler[108514]: DEBUG cotyledon.oslo_config_glue [-] oslo_messaging_rabbit.ssl_version = {{(pid=108514) log_opt_values /opt/stack/data/venv/lib/python3.12/site-packages/oslo_config/cfg.py:3006}}
Feb 26 00:41:57.191386 np0000157123 nova-scheduler[108514]: DEBUG cotyledon.oslo_config_glue [-] oslo_messaging_rabbit.use_queue_manager = False {{(pid=108514) log_opt_values /opt/stack/data/venv/lib/python3.12/site-packages/oslo_config/cfg.py:3006}}
Feb 26 00:41:57.191467 np0000157123 nova-scheduler[108514]: DEBUG cotyledon.oslo_config_glue [-] oslo_messaging_notifications.driver = ['messagingv2'] {{(pid=108514) log_opt_values /opt/stack/data/venv/lib/python3.12/site-packages/oslo_config/cfg.py:3006}}
Feb 26 00:41:57.191533 np0000157123 nova-scheduler[108514]: DEBUG cotyledon.oslo_config_glue [-] oslo_messaging_notifications.retry = -1 {{(pid=108514) log_opt_values /opt/stack/data/venv/lib/python3.12/site-packages/oslo_config/cfg.py:3006}}
Feb 26 00:41:57.191629 np0000157123 nova-scheduler[108514]: DEBUG cotyledon.oslo_config_glue [-] oslo_messaging_notifications.topics = ['notifications'] {{(pid=108514) log_opt_values /opt/stack/data/venv/lib/python3.12/site-packages/oslo_config/cfg.py:3006}}
Feb 26 00:41:57.191764 np0000157123 nova-scheduler[108514]: DEBUG cotyledon.oslo_config_glue [-] oslo_messaging_notifications.transport_url = **** {{(pid=108514) log_opt_values /opt/stack/data/venv/lib/python3.12/site-packages/oslo_config/cfg.py:3006}}
Feb 26 00:41:57.191853 np0000157123 nova-scheduler[108514]: DEBUG cotyledon.oslo_config_glue [-] oslo_limit.auth_section = None {{(pid=108514) log_opt_values /opt/stack/data/venv/lib/python3.12/site-packages/oslo_config/cfg.py:3006}}
Feb 26 00:41:57.191911 np0000157123 nova-scheduler[108514]: DEBUG cotyledon.oslo_config_glue [-] oslo_limit.auth_type = None {{(pid=108514) log_opt_values /opt/stack/data/venv/lib/python3.12/site-packages/oslo_config/cfg.py:3006}}
Feb 26 00:41:57.191981 np0000157123 nova-scheduler[108514]: DEBUG cotyledon.oslo_config_glue [-] oslo_limit.cafile = None {{(pid=108514) log_opt_values /opt/stack/data/venv/lib/python3.12/site-packages/oslo_config/cfg.py:3006}}
Feb 26 00:41:57.192040 np0000157123 nova-scheduler[108514]: DEBUG cotyledon.oslo_config_glue [-] oslo_limit.certfile = None {{(pid=108514) log_opt_values /opt/stack/data/venv/lib/python3.12/site-packages/oslo_config/cfg.py:3006}}
Feb 26 00:41:57.192101 np0000157123 nova-scheduler[108514]: DEBUG cotyledon.oslo_config_glue [-] oslo_limit.collect_timing = False {{(pid=108514) log_opt_values /opt/stack/data/venv/lib/python3.12/site-packages/oslo_config/cfg.py:3006}}
Feb 26 00:41:57.192161 np0000157123 nova-scheduler[108514]: DEBUG cotyledon.oslo_config_glue [-] oslo_limit.connect_retries = None {{(pid=108514) log_opt_values /opt/stack/data/venv/lib/python3.12/site-packages/oslo_config/cfg.py:3006}}
Feb 26 00:41:57.192222 np0000157123 nova-scheduler[108514]: DEBUG cotyledon.oslo_config_glue [-] oslo_limit.connect_retry_delay = None {{(pid=108514) log_opt_values /opt/stack/data/venv/lib/python3.12/site-packages/oslo_config/cfg.py:3006}}
Feb 26 00:41:57.192282 np0000157123 nova-scheduler[108514]: DEBUG cotyledon.oslo_config_glue [-] oslo_limit.endpoint_id = None {{(pid=108514) log_opt_values /opt/stack/data/venv/lib/python3.12/site-packages/oslo_config/cfg.py:3006}}
Feb 26 00:41:57.192343 np0000157123 nova-scheduler[108514]: DEBUG cotyledon.oslo_config_glue [-] oslo_limit.endpoint_interface = public {{(pid=108514) log_opt_values /opt/stack/data/venv/lib/python3.12/site-packages/oslo_config/cfg.py:3006}}
Feb 26 00:41:57.192403 np0000157123 nova-scheduler[108514]: DEBUG cotyledon.oslo_config_glue [-] oslo_limit.endpoint_override = None {{(pid=108514) log_opt_values /opt/stack/data/venv/lib/python3.12/site-packages/oslo_config/cfg.py:3006}}
Feb 26 00:41:57.192462 np0000157123 nova-scheduler[108514]: DEBUG cotyledon.oslo_config_glue [-] oslo_limit.endpoint_region_name = None {{(pid=108514) log_opt_values /opt/stack/data/venv/lib/python3.12/site-packages/oslo_config/cfg.py:3006}}
Feb 26 00:41:57.192523 np0000157123 nova-scheduler[108514]: DEBUG cotyledon.oslo_config_glue [-] oslo_limit.endpoint_service_name = None {{(pid=108514) log_opt_values /opt/stack/data/venv/lib/python3.12/site-packages/oslo_config/cfg.py:3006}}
Feb 26 00:41:57.192615 np0000157123 nova-scheduler[108514]: DEBUG cotyledon.oslo_config_glue [-] oslo_limit.endpoint_service_type = None {{(pid=108514) log_opt_values /opt/stack/data/venv/lib/python3.12/site-packages/oslo_config/cfg.py:3006}}
Feb 26 00:41:57.192671 np0000157123 nova-scheduler[108514]: DEBUG cotyledon.oslo_config_glue [-] oslo_limit.insecure = False {{(pid=108514) log_opt_values /opt/stack/data/venv/lib/python3.12/site-packages/oslo_config/cfg.py:3006}}
Feb 26 00:41:57.192733 np0000157123 nova-scheduler[108514]: DEBUG cotyledon.oslo_config_glue [-] oslo_limit.keyfile = None {{(pid=108514) log_opt_values /opt/stack/data/venv/lib/python3.12/site-packages/oslo_config/cfg.py:3006}}
Feb 26 00:41:57.192792 np0000157123 nova-scheduler[108514]: DEBUG cotyledon.oslo_config_glue [-] oslo_limit.max_version = None {{(pid=108514) log_opt_values /opt/stack/data/venv/lib/python3.12/site-packages/oslo_config/cfg.py:3006}}
Feb 26 00:41:57.192851 np0000157123 nova-scheduler[108514]: DEBUG cotyledon.oslo_config_glue [-] oslo_limit.min_version = None {{(pid=108514) log_opt_values /opt/stack/data/venv/lib/python3.12/site-packages/oslo_config/cfg.py:3006}}
Feb 26 00:41:57.192912 np0000157123 nova-scheduler[108514]: DEBUG cotyledon.oslo_config_glue [-] oslo_limit.region_name = None {{(pid=108514) log_opt_values /opt/stack/data/venv/lib/python3.12/site-packages/oslo_config/cfg.py:3006}}
Feb 26 00:41:57.192973 np0000157123 nova-scheduler[108514]: DEBUG cotyledon.oslo_config_glue [-] oslo_limit.retriable_status_codes = None {{(pid=108514) log_opt_values /opt/stack/data/venv/lib/python3.12/site-packages/oslo_config/cfg.py:3006}}
Feb 26 00:41:57.193042 np0000157123 nova-scheduler[108514]: DEBUG cotyledon.oslo_config_glue [-] oslo_limit.service_name = None {{(pid=108514) log_opt_values /opt/stack/data/venv/lib/python3.12/site-packages/oslo_config/cfg.py:3006}}
Feb 26 00:41:57.193101 np0000157123 nova-scheduler[108514]: DEBUG cotyledon.oslo_config_glue [-] oslo_limit.service_type = None {{(pid=108514) log_opt_values /opt/stack/data/venv/lib/python3.12/site-packages/oslo_config/cfg.py:3006}}
Feb 26 00:41:57.193161 np0000157123 nova-scheduler[108514]: DEBUG cotyledon.oslo_config_glue [-] oslo_limit.split_loggers = False {{(pid=108514) log_opt_values /opt/stack/data/venv/lib/python3.12/site-packages/oslo_config/cfg.py:3006}}
Feb 26 00:41:57.193220 np0000157123 nova-scheduler[108514]: DEBUG cotyledon.oslo_config_glue [-] oslo_limit.status_code_retries = None {{(pid=108514) log_opt_values /opt/stack/data/venv/lib/python3.12/site-packages/oslo_config/cfg.py:3006}}
Feb 26 00:41:57.193280 np0000157123 nova-scheduler[108514]: DEBUG cotyledon.oslo_config_glue [-] oslo_limit.status_code_retry_delay = None {{(pid=108514) log_opt_values /opt/stack/data/venv/lib/python3.12/site-packages/oslo_config/cfg.py:3006}}
Feb 26 00:41:57.193351 np0000157123 nova-scheduler[108514]: DEBUG cotyledon.oslo_config_glue [-] oslo_limit.timeout = None {{(pid=108514) log_opt_values /opt/stack/data/venv/lib/python3.12/site-packages/oslo_config/cfg.py:3006}}
Feb 26 00:41:57.193416 np0000157123 nova-scheduler[108514]: DEBUG cotyledon.oslo_config_glue [-] oslo_limit.valid_interfaces = None {{(pid=108514) log_opt_values /opt/stack/data/venv/lib/python3.12/site-packages/oslo_config/cfg.py:3006}}
Feb 26 00:41:57.193466 np0000157123 nova-scheduler[108514]: DEBUG cotyledon.oslo_config_glue [-] oslo_limit.version = None {{(pid=108514) log_opt_values /opt/stack/data/venv/lib/python3.12/site-packages/oslo_config/cfg.py:3006}}
Feb 26 00:41:57.193547 np0000157123 nova-scheduler[108514]: DEBUG cotyledon.oslo_config_glue [-] oslo_reports.file_event_handler = None {{(pid=108514) log_opt_values /opt/stack/data/venv/lib/python3.12/site-packages/oslo_config/cfg.py:3006}}
Feb 26 00:41:57.193639 np0000157123 nova-scheduler[108514]: DEBUG cotyledon.oslo_config_glue [-] oslo_reports.file_event_handler_interval = 1 {{(pid=108514) log_opt_values /opt/stack/data/venv/lib/python3.12/site-packages/oslo_config/cfg.py:3006}}
Feb 26 00:41:57.193697 np0000157123 nova-scheduler[108514]: DEBUG cotyledon.oslo_config_glue [-] oslo_reports.log_dir = None {{(pid=108514) log_opt_values /opt/stack/data/venv/lib/python3.12/site-packages/oslo_config/cfg.py:3006}}
Feb 26 00:41:57.193757 np0000157123 nova-scheduler[108514]: DEBUG cotyledon.oslo_config_glue [-] ******************************************************************************** {{(pid=108514) log_opt_values /opt/stack/data/venv/lib/python3.12/site-packages/oslo_config/cfg.py:3013}}
Feb 26 00:41:57.193915 np0000157123 nova-scheduler[108514]: DEBUG cotyledon._service_worker [-] Run service ServiceWrapper(3) [108514] {{(pid=108514) wait_forever /opt/stack/data/venv/lib/python3.12/site-packages/cotyledon/_service_worker.py:218}}
Feb 26 00:41:57.195524 np0000157123 nova-scheduler[108514]: INFO nova.service [-] Starting scheduler node (version 32.1.0)
Feb 26 00:41:57.199851 np0000157123 nova-scheduler[108506]: DEBUG nova.service [None req-bf9e174c-31cd-4848-a93c-aa4a9c572ab6 None None] Join ServiceGroup membership for this service scheduler {{(pid=108506) start /opt/stack/nova/nova/service.py:221}}
Feb 26 00:41:57.200068 np0000157123 nova-scheduler[108506]: DEBUG nova.servicegroup.drivers.db [None req-bf9e174c-31cd-4848-a93c-aa4a9c572ab6 None None] DB_Driver: join new ServiceGroup member np0000157123 to the scheduler group, service = {{(pid=108506) join /opt/stack/nova/nova/servicegroup/drivers/db.py:44}}
Feb 26 00:41:57.203675 np0000157123 nova-scheduler[108514]: INFO dbcounter [None req-27fd046f-4a73-4f9c-933c-d31e2d90518c None None] Registered counter for database nova_cell0
Feb 26 00:41:57.213728 np0000157123 nova-scheduler[108514]: DEBUG oslo_db.sqlalchemy.engines [None req-27fd046f-4a73-4f9c-933c-d31e2d90518c None None] MySQL server mode set to STRICT_TRANS_TABLES,STRICT_ALL_TABLES,NO_ZERO_IN_DATE,NO_ZERO_DATE,ERROR_FOR_DIVISION_BY_ZERO,TRADITIONAL,NO_ENGINE_SUBSTITUTION {{(pid=108514) _check_effective_sql_mode /opt/stack/data/venv/lib/python3.12/site-packages/oslo_db/sqlalchemy/engines.py:325}}
Feb 26 00:41:57.227820 np0000157123 nova-scheduler[108514]: DEBUG dbcounter [-] [108514] Writer thread running {{(pid=108514) stat_writer /opt/stack/data/venv/lib/python3.12/site-packages/dbcounter.py:102}}
Feb 26 00:41:57.230991 np0000157123 nova-scheduler[108514]: DEBUG nova.service [None req-27fd046f-4a73-4f9c-933c-d31e2d90518c None None] Creating RPC server for service: nova-scheduler on topic: scheduler {{(pid=108514) start /opt/stack/nova/nova/service.py:195}}
Feb 26 00:41:57.257087 np0000157123 nova-scheduler[108514]: DEBUG nova.service [None req-27fd046f-4a73-4f9c-933c-d31e2d90518c None None] Join ServiceGroup membership for this service scheduler {{(pid=108514) start /opt/stack/nova/nova/service.py:221}}
Feb 26 00:41:57.257558 np0000157123 nova-scheduler[108514]: DEBUG nova.servicegroup.drivers.db [None req-27fd046f-4a73-4f9c-933c-d31e2d90518c None None] DB_Driver: join new ServiceGroup member np0000157123 to the scheduler group, service = {{(pid=108514) join /opt/stack/nova/nova/servicegroup/drivers/db.py:44}}
Feb 26 00:42:02.193477 np0000157123 nova-scheduler[108492]: DEBUG oslo.service.backend._threading.loopingcall [-] Fixed interval looping call 'nova.servicegroup.drivers.db.DbDriver._report_state' sleeping for 119.98 seconds {{(pid=108492) _run_loop /opt/stack/data/venv/lib/python3.12/site-packages/oslo_service/backend/_threading/loopingcall.py:125}}
Feb 26 00:42:02.195588 np0000157123 nova-scheduler[108498]: DEBUG oslo.service.backend._threading.loopingcall [-] Fixed interval looping call 'nova.servicegroup.drivers.db.DbDriver._report_state' sleeping for 119.98 seconds {{(pid=108498) _run_loop /opt/stack/data/venv/lib/python3.12/site-packages/oslo_service/backend/_threading/loopingcall.py:125}}
Feb 26 00:42:02.212940 np0000157123 nova-scheduler[108506]: DEBUG oslo.service.backend._threading.loopingcall [-] Fixed interval looping call 'nova.servicegroup.drivers.db.DbDriver._report_state' sleeping for 119.99 seconds {{(pid=108506) _run_loop /opt/stack/data/venv/lib/python3.12/site-packages/oslo_service/backend/_threading/loopingcall.py:125}}
Feb 26 00:42:02.272626 np0000157123 nova-scheduler[108514]: DEBUG oslo.service.backend._threading.loopingcall [-] Fixed interval looping call 'nova.servicegroup.drivers.db.DbDriver._report_state' sleeping for 119.99 seconds {{(pid=108514) _run_loop /opt/stack/data/venv/lib/python3.12/site-packages/oslo_service/backend/_threading/loopingcall.py:125}}
Feb 26 00:42:05.202386 np0000157123 nova-scheduler[108506]: DEBUG oslo.service.backend._threading.loopingcall [None req-c2c0a6cc-de04-4246-aba5-86cf93e13410 None None] Dynamic interval looping call 'nova.service.Service.periodic_tasks' sleeping for 60.00 seconds {{(pid=108506) _run_loop /opt/stack/data/venv/lib/python3.12/site-packages/oslo_service/backend/_threading/loopingcall.py:125}}
Feb 26 00:42:05.783357 np0000157123 nova-scheduler[107725]: DEBUG dbcounter [-] [107725] Writing DB stats nova_api:SELECT=3 {{(pid=107725) stat_writer /opt/stack/data/venv/lib/python3.12/site-packages/dbcounter.py:115}}
Feb 26 00:42:05.885431 np0000157123 nova-scheduler[107725]: DEBUG dbcounter [-] [107725] Writing DB stats nova_cell1:SELECT=1 {{(pid=107725) stat_writer /opt/stack/data/venv/lib/python3.12/site-packages/dbcounter.py:115}}
Feb 26 00:42:05.888356 np0000157123 nova-scheduler[107725]: DEBUG dbcounter [-] [107725] Writing DB stats nova_cell0:SELECT=1 {{(pid=107725) stat_writer /opt/stack/data/venv/lib/python3.12/site-packages/dbcounter.py:115}}
Feb 26 00:42:12.183994 np0000157123 nova-scheduler[108492]: DEBUG dbcounter [-] [108492] Writing DB stats nova_cell0:SELECT=4,nova_cell0:INSERT=1,nova_cell0:UPDATE=1 {{(pid=108492) stat_writer /opt/stack/data/venv/lib/python3.12/site-packages/dbcounter.py:115}}
Feb 26 00:42:12.194234 np0000157123 nova-scheduler[108498]: DEBUG dbcounter [-] [108498] Writing DB stats nova_cell0:SELECT=3,nova_cell0:UPDATE=1 {{(pid=108498) stat_writer /opt/stack/data/venv/lib/python3.12/site-packages/dbcounter.py:115}}
Feb 26 00:42:12.211934 np0000157123 nova-scheduler[108506]: DEBUG dbcounter [-] [108506] Writing DB stats nova_cell0:SELECT=3 {{(pid=108506) stat_writer /opt/stack/data/venv/lib/python3.12/site-packages/dbcounter.py:115}}
Feb 26 00:42:12.268787 np0000157123 nova-scheduler[108514]: DEBUG dbcounter [-] [108514] Writing DB stats nova_cell0:SELECT=3 {{(pid=108514) stat_writer /opt/stack/data/venv/lib/python3.12/site-packages/dbcounter.py:115}}
Feb 26 00:42:18.171291 np0000157123 nova-scheduler[108492]: DEBUG oslo.service.backend._threading.loopingcall [None req-45e46263-fc90-4270-8fac-f497ce50e8e0 None None] Dynamic interval looping call 'nova.service.Service.periodic_tasks' sleeping for 60.00 seconds {{(pid=108492) _run_loop /opt/stack/data/venv/lib/python3.12/site-packages/oslo_service/backend/_threading/loopingcall.py:125}}
Feb 26 00:42:22.178842 np0000157123 nova-scheduler[108498]: DEBUG oslo.service.backend._threading.loopingcall [None req-fa433c46-0772-4369-9652-87cb3dc65624 None None] Dynamic interval looping call 'nova.service.Service.periodic_tasks' sleeping for 60.00 seconds {{(pid=108498) _run_loop /opt/stack/data/venv/lib/python3.12/site-packages/oslo_service/backend/_threading/loopingcall.py:125}}
Feb 26 00:42:39.261103 np0000157123 nova-scheduler[108514]: DEBUG oslo.service.backend._threading.loopingcall [None req-e3b68ead-6b35-4b55-bfd0-a30bb8d119cb None None] Dynamic interval looping call 'nova.service.Service.periodic_tasks' sleeping for 60.00 seconds {{(pid=108514) _run_loop /opt/stack/data/venv/lib/python3.12/site-packages/oslo_service/backend/_threading/loopingcall.py:125}}
Feb 26 00:43:05.203175 np0000157123 nova-scheduler[108506]: DEBUG oslo.service.backend._threading.loopingcall [None req-c2c0a6cc-de04-4246-aba5-86cf93e13410 None None] Dynamic interval looping call 'nova.service.Service.periodic_tasks' sleeping for 60.00 seconds {{(pid=108506) _run_loop /opt/stack/data/venv/lib/python3.12/site-packages/oslo_service/backend/_threading/loopingcall.py:125}}
Feb 26 00:43:18.172128 np0000157123 nova-scheduler[108492]: DEBUG oslo.service.backend._threading.loopingcall [None req-45e46263-fc90-4270-8fac-f497ce50e8e0 None None] Dynamic interval looping call 'nova.service.Service.periodic_tasks' sleeping for 60.00 seconds {{(pid=108492) _run_loop /opt/stack/data/venv/lib/python3.12/site-packages/oslo_service/backend/_threading/loopingcall.py:125}}
Feb 26 00:43:22.179952 np0000157123 nova-scheduler[108498]: DEBUG oslo.service.backend._threading.loopingcall [None req-fa433c46-0772-4369-9652-87cb3dc65624 None None] Dynamic interval looping call 'nova.service.Service.periodic_tasks' sleeping for 60.00 seconds {{(pid=108498) _run_loop /opt/stack/data/venv/lib/python3.12/site-packages/oslo_service/backend/_threading/loopingcall.py:125}}
Feb 26 00:43:39.261847 np0000157123 nova-scheduler[108514]: DEBUG oslo.service.backend._threading.loopingcall [None req-e3b68ead-6b35-4b55-bfd0-a30bb8d119cb None None] Dynamic interval looping call 'nova.service.Service.periodic_tasks' sleeping for 60.00 seconds {{(pid=108514) _run_loop /opt/stack/data/venv/lib/python3.12/site-packages/oslo_service/backend/_threading/loopingcall.py:125}}
Feb 26 00:44:02.184512 np0000157123 nova-scheduler[108492]: DEBUG oslo.service.backend._threading.loopingcall [-] Fixed interval looping call 'nova.servicegroup.drivers.db.DbDriver._report_state' sleeping for 119.99 seconds {{(pid=108492) _run_loop /opt/stack/data/venv/lib/python3.12/site-packages/oslo_service/backend/_threading/loopingcall.py:125}}
Feb 26 00:44:02.185073 np0000157123 nova-scheduler[108498]: DEBUG oslo.service.backend._threading.loopingcall [-] Fixed interval looping call 'nova.servicegroup.drivers.db.DbDriver._report_state' sleeping for 119.99 seconds {{(pid=108498) _run_loop /opt/stack/data/venv/lib/python3.12/site-packages/oslo_service/backend/_threading/loopingcall.py:125}}
Feb 26 00:44:02.209717 np0000157123 nova-scheduler[108506]: DEBUG oslo.service.backend._threading.loopingcall [-] Fixed interval looping call 'nova.servicegroup.drivers.db.DbDriver._report_state' sleeping for 119.99 seconds {{(pid=108506) _run_loop /opt/stack/data/venv/lib/python3.12/site-packages/oslo_service/backend/_threading/loopingcall.py:125}}
Feb 26 00:44:02.270087 np0000157123 nova-scheduler[108514]: DEBUG oslo.service.backend._threading.loopingcall [-] Fixed interval looping call 'nova.servicegroup.drivers.db.DbDriver._report_state' sleeping for 119.99 seconds {{(pid=108514) _run_loop /opt/stack/data/venv/lib/python3.12/site-packages/oslo_service/backend/_threading/loopingcall.py:125}}
Feb 26 00:44:05.204167 np0000157123 nova-scheduler[108506]: DEBUG oslo.service.backend._threading.loopingcall [None req-c2c0a6cc-de04-4246-aba5-86cf93e13410 None None] Dynamic interval looping call 'nova.service.Service.periodic_tasks' sleeping for 60.00 seconds {{(pid=108506) _run_loop /opt/stack/data/venv/lib/python3.12/site-packages/oslo_service/backend/_threading/loopingcall.py:125}}
Feb 26 00:44:12.179243 np0000157123 nova-scheduler[108492]: DEBUG dbcounter [-] [108492] Writing DB stats nova_cell0:SELECT=1,nova_cell0:UPDATE=1 {{(pid=108492) stat_writer /opt/stack/data/venv/lib/python3.12/site-packages/dbcounter.py:115}}
Feb 26 00:44:12.181324 np0000157123 nova-scheduler[108498]: DEBUG dbcounter [-] [108498] Writing DB stats nova_cell0:SELECT=1,nova_cell0:UPDATE=1 {{(pid=108498) stat_writer /opt/stack/data/venv/lib/python3.12/site-packages/dbcounter.py:115}}
Feb 26 00:44:12.207872 np0000157123 nova-scheduler[108506]: DEBUG dbcounter [-] [108506] Writing DB stats nova_cell0:SELECT=1 {{(pid=108506) stat_writer /opt/stack/data/venv/lib/python3.12/site-packages/dbcounter.py:115}}
Feb 26 00:44:12.266341 np0000157123 nova-scheduler[108514]: DEBUG dbcounter [-] [108514] Writing DB stats nova_cell0:SELECT=1 {{(pid=108514) stat_writer /opt/stack/data/venv/lib/python3.12/site-packages/dbcounter.py:115}}
Feb 26 00:44:18.172831 np0000157123 nova-scheduler[108492]: DEBUG oslo.service.backend._threading.loopingcall [None req-45e46263-fc90-4270-8fac-f497ce50e8e0 None None] Dynamic interval looping call 'nova.service.Service.periodic_tasks' sleeping for 60.00 seconds {{(pid=108492) _run_loop /opt/stack/data/venv/lib/python3.12/site-packages/oslo_service/backend/_threading/loopingcall.py:125}}
Feb 26 00:44:22.182244 np0000157123 nova-scheduler[108498]: DEBUG oslo.service.backend._threading.loopingcall [None req-fa433c46-0772-4369-9652-87cb3dc65624 None None] Dynamic interval looping call 'nova.service.Service.periodic_tasks' sleeping for 60.00 seconds {{(pid=108498) _run_loop /opt/stack/data/venv/lib/python3.12/site-packages/oslo_service/backend/_threading/loopingcall.py:125}}
Feb 26 00:44:39.265458 np0000157123 nova-scheduler[108514]: DEBUG oslo.service.backend._threading.loopingcall [None req-e3b68ead-6b35-4b55-bfd0-a30bb8d119cb None None] Dynamic interval looping call 'nova.service.Service.periodic_tasks' sleeping for 60.00 seconds {{(pid=108514) _run_loop /opt/stack/data/venv/lib/python3.12/site-packages/oslo_service/backend/_threading/loopingcall.py:125}}
Feb 26 00:45:05.204946 np0000157123 nova-scheduler[108506]: DEBUG oslo.service.backend._threading.loopingcall [None req-c2c0a6cc-de04-4246-aba5-86cf93e13410 None None] Dynamic interval looping call 'nova.service.Service.periodic_tasks' sleeping for 60.00 seconds {{(pid=108506) _run_loop /opt/stack/data/venv/lib/python3.12/site-packages/oslo_service/backend/_threading/loopingcall.py:125}}
Feb 26 00:45:18.173706 np0000157123 nova-scheduler[108492]: DEBUG oslo.service.backend._threading.loopingcall [None req-45e46263-fc90-4270-8fac-f497ce50e8e0 None None] Dynamic interval looping call 'nova.service.Service.periodic_tasks' sleeping for 60.00 seconds {{(pid=108492) _run_loop /opt/stack/data/venv/lib/python3.12/site-packages/oslo_service/backend/_threading/loopingcall.py:125}}
Feb 26 00:45:22.183201 np0000157123 nova-scheduler[108498]: DEBUG oslo.service.backend._threading.loopingcall [None req-fa433c46-0772-4369-9652-87cb3dc65624 None None] Dynamic interval looping call 'nova.service.Service.periodic_tasks' sleeping for 60.00 seconds {{(pid=108498) _run_loop /opt/stack/data/venv/lib/python3.12/site-packages/oslo_service/backend/_threading/loopingcall.py:125}}
Feb 26 00:45:39.263230 np0000157123 nova-scheduler[108514]: DEBUG oslo.service.backend._threading.loopingcall [None req-e3b68ead-6b35-4b55-bfd0-a30bb8d119cb None None] Dynamic interval looping call 'nova.service.Service.periodic_tasks' sleeping for 60.00 seconds {{(pid=108514) _run_loop /opt/stack/data/venv/lib/python3.12/site-packages/oslo_service/backend/_threading/loopingcall.py:125}}
Feb 26 00:46:02.186201 np0000157123 nova-scheduler[108492]: DEBUG oslo.service.backend._threading.loopingcall [-] Fixed interval looping call 'nova.servicegroup.drivers.db.DbDriver._report_state' sleeping for 119.99 seconds {{(pid=108492) _run_loop /opt/stack/data/venv/lib/python3.12/site-packages/oslo_service/backend/_threading/loopingcall.py:125}}
Feb 26 00:46:02.186969 np0000157123 nova-scheduler[108498]: DEBUG oslo.service.backend._threading.loopingcall [-] Fixed interval looping call 'nova.servicegroup.drivers.db.DbDriver._report_state' sleeping for 119.99 seconds {{(pid=108498) _run_loop /opt/stack/data/venv/lib/python3.12/site-packages/oslo_service/backend/_threading/loopingcall.py:125}}
Feb 26 00:46:02.205879 np0000157123 nova-scheduler[108506]: DEBUG oslo.service.backend._threading.loopingcall [-] Fixed interval looping call 'nova.servicegroup.drivers.db.DbDriver._report_state' sleeping for 119.99 seconds {{(pid=108506) _run_loop /opt/stack/data/venv/lib/python3.12/site-packages/oslo_service/backend/_threading/loopingcall.py:125}}
Feb 26 00:46:02.265569 np0000157123 nova-scheduler[108514]: DEBUG oslo.service.backend._threading.loopingcall [-] Fixed interval looping call 'nova.servicegroup.drivers.db.DbDriver._report_state' sleeping for 119.99 seconds {{(pid=108514) _run_loop /opt/stack/data/venv/lib/python3.12/site-packages/oslo_service/backend/_threading/loopingcall.py:125}}
Feb 26 00:46:05.205785 np0000157123 nova-scheduler[108506]: DEBUG oslo.service.backend._threading.loopingcall [None req-c2c0a6cc-de04-4246-aba5-86cf93e13410 None None] Dynamic interval looping call 'nova.service.Service.periodic_tasks' sleeping for 60.00 seconds {{(pid=108506) _run_loop /opt/stack/data/venv/lib/python3.12/site-packages/oslo_service/backend/_threading/loopingcall.py:125}}
Feb 26 00:46:12.180062 np0000157123 nova-scheduler[108492]: DEBUG dbcounter [-] [108492] Writing DB stats nova_cell0:SELECT=1,nova_cell0:UPDATE=1 {{(pid=108492) stat_writer /opt/stack/data/venv/lib/python3.12/site-packages/dbcounter.py:115}}
Feb 26 00:46:12.180889 np0000157123 nova-scheduler[108498]: DEBUG dbcounter [-] [108498] Writing DB stats nova_cell0:SELECT=1,nova_cell0:UPDATE=1 {{(pid=108498) stat_writer /opt/stack/data/venv/lib/python3.12/site-packages/dbcounter.py:115}}
Feb 26 00:46:12.202502 np0000157123 nova-scheduler[108506]: DEBUG dbcounter [-] [108506] Writing DB stats nova_cell0:SELECT=1 {{(pid=108506) stat_writer /opt/stack/data/venv/lib/python3.12/site-packages/dbcounter.py:115}}
Feb 26 00:46:12.262956 np0000157123 nova-scheduler[108514]: DEBUG dbcounter [-] [108514] Writing DB stats nova_cell0:SELECT=1 {{(pid=108514) stat_writer /opt/stack/data/venv/lib/python3.12/site-packages/dbcounter.py:115}}
Feb 26 00:46:18.174263 np0000157123 nova-scheduler[108492]: DEBUG oslo.service.backend._threading.loopingcall [None req-45e46263-fc90-4270-8fac-f497ce50e8e0 None None] Dynamic interval looping call 'nova.service.Service.periodic_tasks' sleeping for 60.00 seconds {{(pid=108492) _run_loop /opt/stack/data/venv/lib/python3.12/site-packages/oslo_service/backend/_threading/loopingcall.py:125}}
Feb 26 00:46:22.183748 np0000157123 nova-scheduler[108498]: DEBUG oslo.service.backend._threading.loopingcall [None req-fa433c46-0772-4369-9652-87cb3dc65624 None None] Dynamic interval looping call 'nova.service.Service.periodic_tasks' sleeping for 60.00 seconds {{(pid=108498) _run_loop /opt/stack/data/venv/lib/python3.12/site-packages/oslo_service/backend/_threading/loopingcall.py:125}}
