2026-04-22 19:51:16.732 8 INFO placement.requestlog [None req-9ad9e18f-ef5c-4698-b8b7-1fd0e6df7fa6 f15f5be073884f858745543f6e5f1a24 5cd41bbf61f7491c905e0e675459d5d1 - - 2d59355e204d4c48a071d6387f8b0a0b 2d59355e204d4c48a071d6387f8b0a0b] 10.0.0.125 "DELETE /resource_providers/3af9b840-e1a6-4ffa-8762-b599e8782628" status: 404 len: 246 microversion: 1.1 [pid: 8|app: 0|req: 533/1075] 10.0.0.125 () {34 vars in 824 bytes} [Wed Apr 22 19:51:16 2026] DELETE /resource_providers/3af9b840-e1a6-4ffa-8762-b599e8782628 => generated 246 bytes in 15 msecs (HTTP/1.1 404) 6 headers in 231 bytes (1 switches on core 0)
2026-04-22 19:51:23.589 7 INFO placement.requestlog [req-59914bcd-3752-4b3b-a28f-cb1fffe1ac06 req-3215ce43-75fa-49d1-87fc-0dd441575882 2d9b299a67ea48eea114b02be337dc9c 5cd41bbf61f7491c905e0e675459d5d1 - - 2d59355e204d4c48a071d6387f8b0a0b 2d59355e204d4c48a071d6387f8b0a0b] 10.0.0.219 "GET /allocation_candidates?limit=1000&resources=DISK_GB%3A1%2CMEMORY_MB%3A512%2CVCPU%3A1&root_required=%21COMPUTE_STATUS_DISABLED" status: 200 len: 2149 microversion: 1.36 [pid: 7|app: 0|req: 543/1076] 10.0.0.219 () {34 vars in 1011 bytes} [Wed Apr 22 19:51:23 2026] GET /allocation_candidates?limit=1000&resources=DISK_GB%3A1%2CMEMORY_MB%3A512%2CVCPU%3A1&root_required=%21COMPUTE_STATUS_DISABLED => generated 2149 bytes in 61 msecs (HTTP/1.1 200) 8 headers in 297 bytes (1 switches on core 0)
2026-04-22 19:51:23.622 8 INFO placement.requestlog [req-59914bcd-3752-4b3b-a28f-cb1fffe1ac06 req-90429a5c-49f8-4790-af44-8fa154903b65 2d9b299a67ea48eea114b02be337dc9c 5cd41bbf61f7491c905e0e675459d5d1 - - 2d59355e204d4c48a071d6387f8b0a0b 2d59355e204d4c48a071d6387f8b0a0b] 10.0.0.219 "GET /allocations/53ffb124-312c-4fa5-8217-f4bb72c2d149" status: 200 len: 19 microversion: 1.28 [pid: 8|app: 0|req: 534/1077] 10.0.0.219 () {34 vars in 860 bytes} [Wed Apr 22 19:51:23 2026] GET /allocations/53ffb124-312c-4fa5-8217-f4bb72c2d149 => generated 19 bytes in 13 msecs (HTTP/1.1 200) 8 headers in 295 bytes (1 switches on core 0)
2026-04-22 19:51:23.685 7 INFO placement.requestlog [req-59914bcd-3752-4b3b-a28f-cb1fffe1ac06 req-60787044-d9b9-43ca-ba78-e404cd91a868 2d9b299a67ea48eea114b02be337dc9c 5cd41bbf61f7491c905e0e675459d5d1 - - 2d59355e204d4c48a071d6387f8b0a0b 2d59355e204d4c48a071d6387f8b0a0b] 10.0.0.219 "PUT /allocations/53ffb124-312c-4fa5-8217-f4bb72c2d149" status: 204 len: 0 microversion: 1.36 [pid: 7|app: 0|req: 544/1078] 10.0.0.219 () {38 vars in 913 bytes} [Wed Apr 22 19:51:23 2026] PUT /allocations/53ffb124-312c-4fa5-8217-f4bb72c2d149 => generated 0 bytes in 55 msecs (HTTP/1.1 204) 5 headers in 199 bytes (1 switches on core 0)
2026-04-22 19:51:23.911 8 INFO placement.requestlog [None req-1fb30676-00ac-4322-9612-3d5ffb64f1aa f15f5be073884f858745543f6e5f1a24 5cd41bbf61f7491c905e0e675459d5d1 - - 2d59355e204d4c48a071d6387f8b0a0b 2d59355e204d4c48a071d6387f8b0a0b] 10.0.0.125 "GET /resource_providers/30025572-8beb-45f5-a262-830231016386/aggregates" status: 404 len: 235 microversion: 1.1 [pid: 8|app: 0|req: 535/1079] 10.0.0.125 () {32 vars in 824 bytes} [Wed Apr 22 19:51:23 2026] GET /resource_providers/30025572-8beb-45f5-a262-830231016386/aggregates => generated 235 bytes in 9 msecs (HTTP/1.1 404) 5 headers in 202 bytes (1 switches on core 0)
2026-04-22 19:51:23.914 7 INFO placement.requestlog [None req-e2476f74-47cc-4f60-b608-7a4be2ebd985 f15f5be073884f858745543f6e5f1a24 5cd41bbf61f7491c905e0e675459d5d1 - - 2d59355e204d4c48a071d6387f8b0a0b 2d59355e204d4c48a071d6387f8b0a0b] 10.0.0.125 "GET /resource_providers/30025572-8beb-45f5-a262-830231016386/aggregates" status: 404 len: 235 microversion: 1.1 [pid: 7|app: 0|req: 545/1080] 10.0.0.125 () {32 vars in 824 bytes} [Wed Apr 22 19:51:23 2026] GET /resource_providers/30025572-8beb-45f5-a262-830231016386/aggregates => generated 235 bytes in 12 msecs (HTTP/1.1 404) 5 headers in 202 bytes (1 switches on core 0)
2026-04-22 19:51:23.930 7 INFO placement.requestlog [None req-f032c8ea-4bc8-46b4-ad0e-58e31a3ed11e f15f5be073884f858745543f6e5f1a24 5cd41bbf61f7491c905e0e675459d5d1 - - 2d59355e204d4c48a071d6387f8b0a0b 2d59355e204d4c48a071d6387f8b0a0b] 10.0.0.125 "DELETE /resource_providers/30025572-8beb-45f5-a262-830231016386" status: 404 len: 246 microversion: 1.1 [pid: 7|app: 0|req: 546/1081] 10.0.0.125 () {34 vars in 824 bytes} [Wed Apr 22 19:51:23 2026] DELETE /resource_providers/30025572-8beb-45f5-a262-830231016386 => generated 246 bytes in 9 msecs (HTTP/1.1 404) 6 headers in 231 bytes (1 switches on core 0)
2026-04-22 19:51:23.931 8 INFO placement.requestlog [req-59914bcd-3752-4b3b-a28f-cb1fffe1ac06 req-3c3004be-d78a-4db8-87ba-1dd7f2130045 2d9b299a67ea48eea114b02be337dc9c 5cd41bbf61f7491c905e0e675459d5d1 - - 2d59355e204d4c48a071d6387f8b0a0b 2d59355e204d4c48a071d6387f8b0a0b] 199.204.45.95 "GET /allocations/53ffb124-312c-4fa5-8217-f4bb72c2d149" status: 200 len: 258 microversion: 1.28 [pid: 8|app: 0|req: 536/1082] 199.204.45.95 () {34 vars in 861 bytes} [Wed Apr 22 19:51:23 2026] GET /allocations/53ffb124-312c-4fa5-8217-f4bb72c2d149 => generated 258 bytes in 14 msecs (HTTP/1.1 200) 8 headers in 296 bytes (1 switches on core 0)
2026-04-22 19:51:23.942 7 INFO placement.requestlog [None req-18170be0-4e4d-466b-bef5-26c0d4753632 f15f5be073884f858745543f6e5f1a24 5cd41bbf61f7491c905e0e675459d5d1 - - 2d59355e204d4c48a071d6387f8b0a0b 2d59355e204d4c48a071d6387f8b0a0b] 10.0.0.125 "DELETE /resource_providers/30025572-8beb-45f5-a262-830231016386" status: 404 len: 246 microversion: 1.1 [pid: 7|app: 0|req: 547/1083] 10.0.0.125 () {34 vars in 824 bytes} [Wed Apr 22 19:51:23 2026] DELETE /resource_providers/30025572-8beb-45f5-a262-830231016386 => generated 246 bytes in 9 msecs (HTTP/1.1 404) 6 headers in 231 bytes (1 switches on core 0)
2026-04-22 19:51:24.037 8 INFO placement.requestlog [req-59914bcd-3752-4b3b-a28f-cb1fffe1ac06 req-dfbd29c3-c3a7-457d-9e41-3d080afa1cc0 2d9b299a67ea48eea114b02be337dc9c 5cd41bbf61f7491c905e0e675459d5d1 - - 2d59355e204d4c48a071d6387f8b0a0b 2d59355e204d4c48a071d6387f8b0a0b] 199.204.45.95 "GET /resource_providers/cd679eb5-f4ec-43fa-9848-17e67461423a/allocations" status: 200 len: 253 microversion: 1.0 [pid: 8|app: 0|req: 537/1084] 199.204.45.95 () {32 vars in 855 bytes} [Wed Apr 22 19:51:24 2026] GET /resource_providers/cd679eb5-f4ec-43fa-9848-17e67461423a/allocations => generated 253 bytes in 22 msecs (HTTP/1.1 200) 6 headers in 224 bytes (1 switches on core 0)
2026-04-22 19:51:24.063 7 INFO placement.requestlog [req-59914bcd-3752-4b3b-a28f-cb1fffe1ac06 req-0b5b82a2-cf75-4cf8-bfda-7b9e214f566a 2d9b299a67ea48eea114b02be337dc9c 5cd41bbf61f7491c905e0e675459d5d1 - - 2d59355e204d4c48a071d6387f8b0a0b 2d59355e204d4c48a071d6387f8b0a0b] 199.204.45.95 "GET /allocations/53ffb124-312c-4fa5-8217-f4bb72c2d149" status: 200 len: 258 microversion: 1.28 [pid: 7|app: 0|req: 548/1085] 199.204.45.95 () {34 vars in 861 bytes} [Wed Apr 22 19:51:24 2026] GET /allocations/53ffb124-312c-4fa5-8217-f4bb72c2d149 => generated 258 bytes in 16 msecs (HTTP/1.1 200) 8 headers in 296 bytes (1 switches on core 0)
2026-04-22 19:51:24.091 8 INFO placement.requestlog [req-59914bcd-3752-4b3b-a28f-cb1fffe1ac06 req-cf25dad5-19dd-4aa5-854a-c7fc600996cd 2d9b299a67ea48eea114b02be337dc9c 5cd41bbf61f7491c905e0e675459d5d1 - - 2d59355e204d4c48a071d6387f8b0a0b 2d59355e204d4c48a071d6387f8b0a0b] 199.204.45.95 "GET /allocations/66e9e876-3ad1-42f9-ae62-28591bec9de0" status: 200 len: 258 microversion: 1.28 [pid: 8|app: 0|req: 538/1086] 199.204.45.95 () {34 vars in 861 bytes} [Wed Apr 22 19:51:24 2026] GET /allocations/66e9e876-3ad1-42f9-ae62-28591bec9de0 => generated 258 bytes in 21 msecs (HTTP/1.1 200) 8 headers in 296 bytes (1 switches on core 0)
2026-04-22 19:51:24.836 7 INFO placement.requestlog [None req-e11dab4e-cb3d-4f9e-852c-728f1ab1f549 - - - - - -] 10.0.0.56 "GET /" status: 200 len: 136 microversion: 1.0
2026-04-22 19:51:24.837 8 INFO placement.requestlog [None req-01608f92-ebfe-4728-b835-25cdf4fef1f1 - - - - - -] 10.0.0.56 "GET /" status: 200 len: 136 microversion: 1.0
2026-04-22 19:51:27.048 7 INFO placement.requestlog [None req-63c0baaa-5187-4e13-96fd-b4ce685928b3 f15f5be073884f858745543f6e5f1a24 5cd41bbf61f7491c905e0e675459d5d1 - - 2d59355e204d4c48a071d6387f8b0a0b 2d59355e204d4c48a071d6387f8b0a0b] 10.0.0.125 "GET /resource_providers/f46bd156-0249-4933-bc1a-4345f5691d97/aggregates" status: 404 len: 235 microversion: 1.1 [pid: 7|app: 0|req: 550/1089] 10.0.0.125 () {32 vars in 824 bytes} [Wed Apr 22 19:51:27 2026] GET /resource_providers/f46bd156-0249-4933-bc1a-4345f5691d97/aggregates => generated 235 bytes in 12 msecs (HTTP/1.1 404) 5 headers in 202 bytes (1 switches on core 0)
2026-04-22 19:51:27.059 8 INFO placement.requestlog [None req-376f0047-06f2-4e43-8e56-bedfc87ba165 f15f5be073884f858745543f6e5f1a24 5cd41bbf61f7491c905e0e675459d5d1 - - 2d59355e204d4c48a071d6387f8b0a0b 2d59355e204d4c48a071d6387f8b0a0b] 10.0.0.125 "GET /resource_providers/f46bd156-0249-4933-bc1a-4345f5691d97/aggregates" status: 404 len: 235 microversion: 1.1 [pid: 8|app: 0|req: 540/1090] 10.0.0.125 () {32 vars in 824 bytes} [Wed Apr 22 19:51:27 2026] GET /resource_providers/f46bd156-0249-4933-bc1a-4345f5691d97/aggregates => generated 235 bytes in 22 msecs (HTTP/1.1 404) 5 headers in 202 bytes (1 switches on core 0)
2026-04-22 19:51:27.089 7 INFO placement.requestlog [None req-f953f362-835d-4959-8da5-6a35fb62b994 f15f5be073884f858745543f6e5f1a24 5cd41bbf61f7491c905e0e675459d5d1 - - 2d59355e204d4c48a071d6387f8b0a0b 2d59355e204d4c48a071d6387f8b0a0b] 10.0.0.125 "DELETE /resource_providers/f46bd156-0249-4933-bc1a-4345f5691d97" status: 404 len: 246 microversion: 1.1
2026-04-22 19:51:27.089 8 INFO placement.requestlog [None req-692cd888-7184-45ec-975e-d50092aaa8c7 f15f5be073884f858745543f6e5f1a24 5cd41bbf61f7491c905e0e675459d5d1 - - 2d59355e204d4c48a071d6387f8b0a0b 2d59355e204d4c48a071d6387f8b0a0b] 10.0.0.125 "DELETE /resource_providers/f46bd156-0249-4933-bc1a-4345f5691d97" status: 404 len: 246 microversion: 1.1 [pid: 7|app: 0|req: 551/1091] 10.0.0.125 () {34 vars in 824 bytes} [Wed Apr 22 19:51:27 2026] DELETE /resource_providers/f46bd156-0249-4933-bc1a-4345f5691d97 => generated 246 bytes in 16 msecs (HTTP/1.1 404) 6 headers in 231 bytes (1 switches on core 0) [pid: 8|app: 0|req: 541/1092] 10.0.0.125 () {34 vars in 824 bytes} [Wed Apr 22 19:51:27 2026] DELETE /resource_providers/f46bd156-0249-4933-bc1a-4345f5691d97 => generated 246 bytes in 11 msecs (HTTP/1.1 404) 6 headers in 231 bytes (1 switches on core 0)
2026-04-22 19:51:28.442 7 INFO placement.requestlog [req-30419e04-26a2-4bf3-9422-855adbbad2e3 req-1c050b86-6828-4e87-8171-7bdd41117c16 2d9b299a67ea48eea114b02be337dc9c 5cd41bbf61f7491c905e0e675459d5d1 - - 2d59355e204d4c48a071d6387f8b0a0b 2d59355e204d4c48a071d6387f8b0a0b] 199.204.45.95 "GET /resource_providers/cd679eb5-f4ec-43fa-9848-17e67461423a/allocations" status: 200 len: 253 microversion: 1.0 [pid: 7|app: 0|req: 552/1093] 199.204.45.95 () {32 vars in 855 bytes} [Wed Apr 22 19:51:28 2026] GET /resource_providers/cd679eb5-f4ec-43fa-9848-17e67461423a/allocations => generated 253 bytes in 24 msecs (HTTP/1.1 200) 6 headers in 224 bytes (1 switches on core 0)
2026-04-22 19:51:28.475 8 INFO placement.requestlog [req-30419e04-26a2-4bf3-9422-855adbbad2e3 req-8e0ab27a-1780-41f9-bd07-bbf6646293ed 2d9b299a67ea48eea114b02be337dc9c 5cd41bbf61f7491c905e0e675459d5d1 - - 2d59355e204d4c48a071d6387f8b0a0b 2d59355e204d4c48a071d6387f8b0a0b] 199.204.45.95 "GET /resource_providers/cd679eb5-f4ec-43fa-9848-17e67461423a/allocations" status: 200 len: 253 microversion: 1.0 [pid: 8|app: 0|req: 542/1094] 199.204.45.95 () {32 vars in 855 bytes} [Wed Apr 22 19:51:28 2026] GET /resource_providers/cd679eb5-f4ec-43fa-9848-17e67461423a/allocations => generated 253 bytes in 23 msecs (HTTP/1.1 200) 6 headers in 224 bytes (1 switches on core 0)
2026-04-22 19:51:28.501 7 INFO placement.requestlog [req-30419e04-26a2-4bf3-9422-855adbbad2e3 req-7544a28b-0d03-4e6f-be8d-f1d3a230c3c5 2d9b299a67ea48eea114b02be337dc9c 5cd41bbf61f7491c905e0e675459d5d1 - - 2d59355e204d4c48a071d6387f8b0a0b 2d59355e204d4c48a071d6387f8b0a0b] 199.204.45.95 "GET /allocations/53ffb124-312c-4fa5-8217-f4bb72c2d149" status: 200 len: 258 microversion: 1.28 [pid: 7|app: 0|req: 553/1095] 199.204.45.95 () {34 vars in 861 bytes} [Wed Apr 22 19:51:28 2026] GET /allocations/53ffb124-312c-4fa5-8217-f4bb72c2d149 => generated 258 bytes in 16 msecs (HTTP/1.1 200) 8 headers in 296 bytes (1 switches on core 0)
2026-04-22 19:51:28.522 8 INFO placement.requestlog [req-30419e04-26a2-4bf3-9422-855adbbad2e3 req-0a265d99-aaed-43bf-8d48-4bd36c0c9a11 2d9b299a67ea48eea114b02be337dc9c 5cd41bbf61f7491c905e0e675459d5d1 - - 2d59355e204d4c48a071d6387f8b0a0b 2d59355e204d4c48a071d6387f8b0a0b] 199.204.45.95 "GET /allocations/66e9e876-3ad1-42f9-ae62-28591bec9de0" status: 200 len: 258 microversion: 1.28 [pid: 8|app: 0|req: 543/1096] 199.204.45.95 () {34 vars in 861 bytes} [Wed Apr 22 19:51:28 2026] GET /allocations/66e9e876-3ad1-42f9-ae62-28591bec9de0 => generated 258 bytes in 14 msecs (HTTP/1.1 200) 8 headers in 296 bytes (1 switches on core 0)
2026-04-22 19:51:29.119 7 INFO placement.requestlog [None req-0c211177-3f5b-472c-87a1-82896de80d2b f15f5be073884f858745543f6e5f1a24 5cd41bbf61f7491c905e0e675459d5d1 - - 2d59355e204d4c48a071d6387f8b0a0b 2d59355e204d4c48a071d6387f8b0a0b] 10.0.0.125 "GET /resource_providers/1ee2bc89-3735-48ce-beb2-620c427a7df2/aggregates" status: 404 len: 235 microversion: 1.1 [pid: 7|app: 0|req: 554/1097] 10.0.0.125 () {32 vars in 824 bytes} [Wed Apr 22 19:51:29 2026] GET /resource_providers/1ee2bc89-3735-48ce-beb2-620c427a7df2/aggregates => generated 235 bytes in 12 msecs (HTTP/1.1 404) 5 headers in 202 bytes (1 switches on core 0)
2026-04-22 19:51:29.128 8 INFO placement.requestlog [None req-8ea12da8-3541-49d1-9030-57b3993a978f f15f5be073884f858745543f6e5f1a24 5cd41bbf61f7491c905e0e675459d5d1 - - 2d59355e204d4c48a071d6387f8b0a0b 2d59355e204d4c48a071d6387f8b0a0b] 10.0.0.125 "GET /resource_providers/1ee2bc89-3735-48ce-beb2-620c427a7df2/aggregates" status: 404 len: 235 microversion: 1.1 [pid: 8|app: 0|req: 544/1098] 10.0.0.125 () {32 vars in 824 bytes} [Wed Apr 22 19:51:29 2026] GET /resource_providers/1ee2bc89-3735-48ce-beb2-620c427a7df2/aggregates => generated 235 bytes in 13 msecs (HTTP/1.1 404) 5 headers in 202 bytes (1 switches on core 0)
2026-04-22 19:51:29.155 7 INFO placement.requestlog [None req-9bbe3413-72b2-4cee-9afc-4784941800e4 f15f5be073884f858745543f6e5f1a24 5cd41bbf61f7491c905e0e675459d5d1 - - 2d59355e204d4c48a071d6387f8b0a0b 2d59355e204d4c48a071d6387f8b0a0b] 10.0.0.125 "DELETE /resource_providers/1ee2bc89-3735-48ce-beb2-620c427a7df2" status: 404 len: 246 microversion: 1.1 [pid: 7|app: 0|req: 555/1099] 10.0.0.125 () {34 vars in 824 bytes} [Wed Apr 22 19:51:29 2026] DELETE /resource_providers/1ee2bc89-3735-48ce-beb2-620c427a7df2 => generated 246 bytes in 12 msecs (HTTP/1.1 404) 6 headers in 231 bytes (1 switches on core 0)
2026-04-22 19:51:29.174 8 INFO placement.requestlog [None req-6bf34e58-581a-48f7-8d3a-acd02c25afdf f15f5be073884f858745543f6e5f1a24 5cd41bbf61f7491c905e0e675459d5d1 - - 2d59355e204d4c48a071d6387f8b0a0b 2d59355e204d4c48a071d6387f8b0a0b] 10.0.0.125 "DELETE /resource_providers/1ee2bc89-3735-48ce-beb2-620c427a7df2" status: 404 len: 246 microversion: 1.1 [pid: 8|app: 0|req: 545/1100] 10.0.0.125 () {34 vars in 824 bytes} [Wed Apr 22 19:51:29 2026] DELETE /resource_providers/1ee2bc89-3735-48ce-beb2-620c427a7df2 => generated 246 bytes in 27 msecs (HTTP/1.1 404) 6 headers in 231 bytes (1 switches on core 0)
2026-04-22 19:51:29.177 7 INFO placement.requestlog [None req-992f681c-1b9a-47d2-a6eb-64a9199c8525 f15f5be073884f858745543f6e5f1a24 5cd41bbf61f7491c905e0e675459d5d1 - - 2d59355e204d4c48a071d6387f8b0a0b 2d59355e204d4c48a071d6387f8b0a0b] 10.0.0.125 "GET /resource_providers/84d565a5-570e-4303-8c5d-971d249f9927/aggregates" status: 404 len: 235 microversion: 1.1 [pid: 7|app: 0|req: 556/1101] 10.0.0.125 () {32 vars in 824 bytes} [Wed Apr 22 19:51:29 2026] GET /resource_providers/84d565a5-570e-4303-8c5d-971d249f9927/aggregates => generated 235 bytes in 11 msecs (HTTP/1.1 404) 5 headers in 202 bytes (1 switches on core 0)
2026-04-22 19:51:29.197 8 INFO placement.requestlog [None req-83b4a2e7-1a17-4583-97ff-205525e1dcb7 f15f5be073884f858745543f6e5f1a24 5cd41bbf61f7491c905e0e675459d5d1 - - 2d59355e204d4c48a071d6387f8b0a0b 2d59355e204d4c48a071d6387f8b0a0b] 10.0.0.125 "GET /resource_providers/84d565a5-570e-4303-8c5d-971d249f9927/aggregates" status: 404 len: 235 microversion: 1.1 [pid: 8|app: 0|req: 546/1102] 10.0.0.125 () {32 vars in 824 bytes} [Wed Apr 22 19:51:29 2026] GET /resource_providers/84d565a5-570e-4303-8c5d-971d249f9927/aggregates => generated 235 bytes in 13 msecs (HTTP/1.1 404) 5 headers in 202 bytes (1 switches on core 0)
2026-04-22 19:51:29.210 7 INFO placement.requestlog [None req-c889750f-fced-4e3d-a9d3-7a023ee83445 f15f5be073884f858745543f6e5f1a24 5cd41bbf61f7491c905e0e675459d5d1 - - 2d59355e204d4c48a071d6387f8b0a0b 2d59355e204d4c48a071d6387f8b0a0b] 10.0.0.125 "DELETE /resource_providers/84d565a5-570e-4303-8c5d-971d249f9927" status: 404 len: 246 microversion: 1.1 [pid: 7|app: 0|req: 557/1103] 10.0.0.125 () {34 vars in 824 bytes} [Wed Apr 22 19:51:29 2026] DELETE /resource_providers/84d565a5-570e-4303-8c5d-971d249f9927 => generated 246 bytes in 11 msecs (HTTP/1.1 404) 6 headers in 231 bytes (1 switches on core 0)
2026-04-22 19:51:29.218 8 INFO placement.requestlog [None req-1e53ef3b-bb55-4ba0-ad33-8d7e54309e56 f15f5be073884f858745543f6e5f1a24 5cd41bbf61f7491c905e0e675459d5d1 - - 2d59355e204d4c48a071d6387f8b0a0b 2d59355e204d4c48a071d6387f8b0a0b] 10.0.0.125 "DELETE /resource_providers/84d565a5-570e-4303-8c5d-971d249f9927" status: 404 len: 246 microversion: 1.1 [pid: 8|app: 0|req: 547/1104] 10.0.0.125 () {34 vars in 824 bytes} [Wed Apr 22 19:51:29 2026] DELETE /resource_providers/84d565a5-570e-4303-8c5d-971d249f9927 => generated 246 bytes in 12 msecs (HTTP/1.1 404) 6 headers in 231 bytes (1 switches on core 0)
2026-04-22 19:51:29.236 7 INFO placement.requestlog [None req-405f3a6e-933c-4670-9cce-e34dafaf466b f15f5be073884f858745543f6e5f1a24 5cd41bbf61f7491c905e0e675459d5d1 - - 2d59355e204d4c48a071d6387f8b0a0b 2d59355e204d4c48a071d6387f8b0a0b] 10.0.0.125 "GET /resource_providers/ecaea4fe-ccc9-4316-9bad-07630c37ec3d/aggregates" status: 404 len: 235 microversion: 1.1 [pid: 7|app: 0|req: 558/1105] 10.0.0.125 () {32 vars in 824 bytes} [Wed Apr 22 19:51:29 2026] GET /resource_providers/ecaea4fe-ccc9-4316-9bad-07630c37ec3d/aggregates => generated 235 bytes in 10 msecs (HTTP/1.1 404) 5 headers in 202 bytes (1 switches on core 0)
2026-04-22 19:51:29.250 8 INFO placement.requestlog [None req-54dd3064-2bd5-49a5-bada-62e0068c5741 f15f5be073884f858745543f6e5f1a24 5cd41bbf61f7491c905e0e675459d5d1 - - 2d59355e204d4c48a071d6387f8b0a0b 2d59355e204d4c48a071d6387f8b0a0b] 10.0.0.125 "GET /resource_providers/ecaea4fe-ccc9-4316-9bad-07630c37ec3d/aggregates" status: 404 len: 235 microversion: 1.1 [pid: 8|app: 0|req: 548/1106] 10.0.0.125 () {32 vars in 824 bytes} [Wed Apr 22 19:51:29 2026] GET /resource_providers/ecaea4fe-ccc9-4316-9bad-07630c37ec3d/aggregates => generated 235 bytes in 14 msecs (HTTP/1.1 404) 5 headers in 202 bytes (1 switches on core 0)
2026-04-22 19:51:29.262 7 INFO placement.requestlog [None req-61359f8f-65b4-4836-aa76-19e01ec9d08d f15f5be073884f858745543f6e5f1a24 5cd41bbf61f7491c905e0e675459d5d1 - - 2d59355e204d4c48a071d6387f8b0a0b 2d59355e204d4c48a071d6387f8b0a0b] 10.0.0.125 "DELETE /resource_providers/ecaea4fe-ccc9-4316-9bad-07630c37ec3d" status: 404 len: 246 microversion: 1.1 [pid: 7|app: 0|req: 559/1107] 10.0.0.125 () {34 vars in 824 bytes} [Wed Apr 22 19:51:29 2026] DELETE /resource_providers/ecaea4fe-ccc9-4316-9bad-07630c37ec3d => generated 246 bytes in 13 msecs (HTTP/1.1 404) 6 headers in 231 bytes (1 switches on core 0)
2026-04-22 19:51:29.279 7 INFO placement.requestlog [None req-2127007a-c4f3-47e0-a762-099866821d62 f15f5be073884f858745543f6e5f1a24 5cd41bbf61f7491c905e0e675459d5d1 - - 2d59355e204d4c48a071d6387f8b0a0b 2d59355e204d4c48a071d6387f8b0a0b] 10.0.0.125 "GET /resource_providers/7f870acc-5259-4d69-86a7-0d10649e6dc4/aggregates" status: 404 len: 235 microversion: 1.1 [pid: 7|app: 0|req: 560/1108] 10.0.0.125 () {32 vars in 824 bytes} [Wed Apr 22 19:51:29 2026] GET /resource_providers/7f870acc-5259-4d69-86a7-0d10649e6dc4/aggregates => generated 235 bytes in 10 msecs (HTTP/1.1 404) 5 headers in 202 bytes (1 switches on core 0)
2026-04-22 19:51:29.280 8 INFO placement.requestlog [None req-d3c79c4a-31af-4321-8261-9e67505cfe68 f15f5be073884f858745543f6e5f1a24 5cd41bbf61f7491c905e0e675459d5d1 - - 2d59355e204d4c48a071d6387f8b0a0b 2d59355e204d4c48a071d6387f8b0a0b] 10.0.0.125 "DELETE /resource_providers/ecaea4fe-ccc9-4316-9bad-07630c37ec3d" status: 404 len: 246 microversion: 1.1 [pid: 8|app: 0|req: 549/1109] 10.0.0.125 () {34 vars in 824 bytes} [Wed Apr 22 19:51:29 2026] DELETE /resource_providers/ecaea4fe-ccc9-4316-9bad-07630c37ec3d => generated 246 bytes in 18 msecs (HTTP/1.1 404) 6 headers in 231 bytes (1 switches on core 0)
2026-04-22 19:51:29.317 7 INFO placement.requestlog [None req-6c0c3812-9708-4d3e-88b5-ee6bdd9a1db2 f15f5be073884f858745543f6e5f1a24 5cd41bbf61f7491c905e0e675459d5d1 - - 2d59355e204d4c48a071d6387f8b0a0b 2d59355e204d4c48a071d6387f8b0a0b] 10.0.0.125 "DELETE /resource_providers/7f870acc-5259-4d69-86a7-0d10649e6dc4" status: 404 len: 246 microversion: 1.1
2026-04-22 19:51:29.317 8 INFO placement.requestlog [None req-5ec88d74-0618-4604-aa4f-668c0ac8364d f15f5be073884f858745543f6e5f1a24 5cd41bbf61f7491c905e0e675459d5d1 - - 2d59355e204d4c48a071d6387f8b0a0b 2d59355e204d4c48a071d6387f8b0a0b] 10.0.0.125 "GET /resource_providers/7f870acc-5259-4d69-86a7-0d10649e6dc4/aggregates" status: 404 len: 235 microversion: 1.1 [pid: 7|app: 0|req: 561/1110] 10.0.0.125 () {34 vars in 824 bytes} [Wed Apr 22 19:51:29 2026] DELETE /resource_providers/7f870acc-5259-4d69-86a7-0d10649e6dc4 => generated 246 bytes in 11 msecs (HTTP/1.1 404) 6 headers in 231 bytes (1 switches on core 0) [pid: 8|app: 0|req: 550/1111] 10.0.0.125 () {32 vars in 824 bytes} [Wed Apr 22 19:51:29 2026] GET /resource_providers/7f870acc-5259-4d69-86a7-0d10649e6dc4/aggregates => generated 235 bytes in 11 msecs (HTTP/1.1 404) 5 headers in 202 bytes (1 switches on core 0)
2026-04-22 19:51:29.338 7 INFO placement.requestlog [None req-35391cff-b215-45d2-b65f-617d3298e43b f15f5be073884f858745543f6e5f1a24 5cd41bbf61f7491c905e0e675459d5d1 - - 2d59355e204d4c48a071d6387f8b0a0b 2d59355e204d4c48a071d6387f8b0a0b] 10.0.0.125 "DELETE /resource_providers/7f870acc-5259-4d69-86a7-0d10649e6dc4" status: 404 len: 246 microversion: 1.1 [pid: 7|app: 0|req: 562/1112] 10.0.0.125 () {34 vars in 824 bytes} [Wed Apr 22 19:51:29 2026] DELETE /resource_providers/7f870acc-5259-4d69-86a7-0d10649e6dc4 => generated 246 bytes in 10 msecs (HTTP/1.1 404) 6 headers in 231 bytes (1 switches on core 0)
2026-04-22 19:51:30.193 8 INFO placement.requestlog [None req-c66094b7-7c3d-4d8e-8e40-80dac35e53e6 f15f5be073884f858745543f6e5f1a24 5cd41bbf61f7491c905e0e675459d5d1 - - 2d59355e204d4c48a071d6387f8b0a0b 2d59355e204d4c48a071d6387f8b0a0b] 10.0.0.125 "GET /resource_providers/0c29c1ee-b61a-4933-afed-ca1354c2f710/aggregates" status: 404 len: 235 microversion: 1.1 [pid: 8|app: 0|req: 551/1113] 10.0.0.125 () {32 vars in 824 bytes} [Wed Apr 22 19:51:30 2026] GET /resource_providers/0c29c1ee-b61a-4933-afed-ca1354c2f710/aggregates => generated 235 bytes in 13 msecs (HTTP/1.1 404) 5 headers in 202 bytes (1 switches on core 0)
2026-04-22 19:51:30.212 7 INFO placement.requestlog [None req-fb96eb16-7467-4cd9-bd05-fbda0efd4d69 f15f5be073884f858745543f6e5f1a24 5cd41bbf61f7491c905e0e675459d5d1 - - 2d59355e204d4c48a071d6387f8b0a0b 2d59355e204d4c48a071d6387f8b0a0b] 10.0.0.125 "GET /resource_providers/0c29c1ee-b61a-4933-afed-ca1354c2f710/aggregates" status: 404 len: 235 microversion: 1.1 [pid: 7|app: 0|req: 563/1114] 10.0.0.125 () {32 vars in 824 bytes} [Wed Apr 22 19:51:30 2026] GET /resource_providers/0c29c1ee-b61a-4933-afed-ca1354c2f710/aggregates => generated 235 bytes in 32 msecs (HTTP/1.1 404) 5 headers in 202 bytes (1 switches on core 0)
2026-04-22 19:51:30.228 8 INFO placement.requestlog [None req-4484954b-64b9-4414-beea-e9620aa235fc f15f5be073884f858745543f6e5f1a24 5cd41bbf61f7491c905e0e675459d5d1 - - 2d59355e204d4c48a071d6387f8b0a0b 2d59355e204d4c48a071d6387f8b0a0b] 10.0.0.125 "DELETE /resource_providers/0c29c1ee-b61a-4933-afed-ca1354c2f710" status: 404 len: 246 microversion: 1.1 [pid: 8|app: 0|req: 552/1115] 10.0.0.125 () {34 vars in 824 bytes} [Wed Apr 22 19:51:30 2026] DELETE /resource_providers/0c29c1ee-b61a-4933-afed-ca1354c2f710 => generated 246 bytes in 21 msecs (HTTP/1.1 404) 6 headers in 231 bytes (1 switches on core 0)
2026-04-22 19:51:30.240 7 INFO placement.requestlog [None req-901e54fe-6c4a-4ca8-81b3-c17b724a055b f15f5be073884f858745543f6e5f1a24 5cd41bbf61f7491c905e0e675459d5d1 - - 2d59355e204d4c48a071d6387f8b0a0b 2d59355e204d4c48a071d6387f8b0a0b] 10.0.0.125 "DELETE /resource_providers/0c29c1ee-b61a-4933-afed-ca1354c2f710" status: 404 len: 246 microversion: 1.1 [pid: 7|app: 0|req: 564/1116] 10.0.0.125 () {34 vars in 824 bytes} [Wed Apr 22 19:51:30 2026] DELETE /resource_providers/0c29c1ee-b61a-4933-afed-ca1354c2f710 => generated 246 bytes in 10 msecs (HTTP/1.1 404) 6 headers in 231 bytes (1 switches on core 0)
2026-04-22 19:51:34.841 8 INFO placement.requestlog [None req-182278bb-e541-4491-b81b-b46e58f5c92e - - - - - -] 10.0.0.56 "GET /" status: 200 len: 136 microversion: 1.0
2026-04-22 19:51:34.841 7 INFO placement.requestlog [None req-963c33a0-d34a-466f-be1a-716bbfd0b3fa - - - - - -] 10.0.0.56 "GET /" status: 200 len: 136 microversion: 1.0
2026-04-22 19:51:37.961 8 INFO placement.requestlog [None req-9f2ba49c-16ed-4004-b78a-c5c1e559f670 f15f5be073884f858745543f6e5f1a24 5cd41bbf61f7491c905e0e675459d5d1 - - 2d59355e204d4c48a071d6387f8b0a0b 2d59355e204d4c48a071d6387f8b0a0b] 10.0.0.125 "GET /resource_providers/f8e5bdac-9a04-4a2d-9ef8-adb38d7ba094/aggregates" status: 404 len: 235 microversion: 1.1 [pid: 8|app: 0|req: 554/1119] 10.0.0.125 () {32 vars in 824 bytes} [Wed Apr 22 19:51:37 2026] GET /resource_providers/f8e5bdac-9a04-4a2d-9ef8-adb38d7ba094/aggregates => generated 235 bytes in 12 msecs (HTTP/1.1 404) 5 headers in 202 bytes (1 switches on core 0)
2026-04-22 19:51:37.966 7 INFO placement.requestlog [None req-5c3e52cb-36ba-4df4-ac04-ad47bbd4a608 f15f5be073884f858745543f6e5f1a24 5cd41bbf61f7491c905e0e675459d5d1 - - 2d59355e204d4c48a071d6387f8b0a0b 2d59355e204d4c48a071d6387f8b0a0b] 10.0.0.125 "GET /resource_providers/f8e5bdac-9a04-4a2d-9ef8-adb38d7ba094/aggregates" status: 404 len: 235 microversion: 1.1 [pid: 7|app: 0|req: 566/1120] 10.0.0.125 () {32 vars in 824 bytes} [Wed Apr 22 19:51:37 2026] GET /resource_providers/f8e5bdac-9a04-4a2d-9ef8-adb38d7ba094/aggregates => generated 235 bytes in 12 msecs (HTTP/1.1 404) 5 headers in 202 bytes (1 switches on core 0)
2026-04-22 19:51:37.987 8 INFO placement.requestlog [None req-791c8b28-e58c-4a29-90b5-b2b9a2709f41 f15f5be073884f858745543f6e5f1a24 5cd41bbf61f7491c905e0e675459d5d1 - - 2d59355e204d4c48a071d6387f8b0a0b 2d59355e204d4c48a071d6387f8b0a0b] 10.0.0.125 "DELETE /resource_providers/f8e5bdac-9a04-4a2d-9ef8-adb38d7ba094" status: 404 len: 246 microversion: 1.1
2026-04-22 19:51:37.987 7 INFO placement.requestlog [None req-b6b944f0-5b49-4356-b2e5-2103dbc813cd f15f5be073884f858745543f6e5f1a24 5cd41bbf61f7491c905e0e675459d5d1 - - 2d59355e204d4c48a071d6387f8b0a0b 2d59355e204d4c48a071d6387f8b0a0b] 10.0.0.125 "DELETE /resource_providers/f8e5bdac-9a04-4a2d-9ef8-adb38d7ba094" status: 404 len: 246 microversion: 1.1 [pid: 8|app: 0|req: 555/1121] 10.0.0.125 () {34 vars in 824 bytes} [Wed Apr 22 19:51:37 2026] DELETE /resource_providers/f8e5bdac-9a04-4a2d-9ef8-adb38d7ba094 => generated 246 bytes in 11 msecs (HTTP/1.1 404) 6 headers in 231 bytes (1 switches on core 0) [pid: 7|app: 0|req: 567/1122] 10.0.0.125 () {34 vars in 824 bytes} [Wed Apr 22 19:51:37 2026] DELETE /resource_providers/f8e5bdac-9a04-4a2d-9ef8-adb38d7ba094 => generated 246 bytes in 11 msecs (HTTP/1.1 404) 6 headers in 231 bytes (1 switches on core 0)
2026-04-22 19:51:44.837 7 INFO placement.requestlog [None req-7d751df4-4a23-43e1-ab6a-e6048bdbd591 - - - - - -] 10.0.0.56 "GET /" status: 200 len: 136 microversion: 1.0
2026-04-22 19:51:44.837 8 INFO placement.requestlog [None req-acfef6eb-7f4a-447f-8bd8-cbdc5dd6758e - - - - - -] 10.0.0.56 "GET /" status: 200 len: 136 microversion: 1.0
2026-04-22 19:51:50.779 7 INFO placement.requestlog [None req-76cdab1f-7782-4a7c-87e5-ce06e95f4fbb f15f5be073884f858745543f6e5f1a24 5cd41bbf61f7491c905e0e675459d5d1 - - 2d59355e204d4c48a071d6387f8b0a0b 2d59355e204d4c48a071d6387f8b0a0b] 10.0.0.125 "GET /resource_providers/2cb016f8-ab8c-4caf-baac-ac0a56480663/aggregates" status: 404 len: 235 microversion: 1.1 [pid: 7|app: 0|req: 569/1125] 10.0.0.125 () {32 vars in 824 bytes} [Wed Apr 22 19:51:50 2026] GET /resource_providers/2cb016f8-ab8c-4caf-baac-ac0a56480663/aggregates => generated 235 bytes in 9 msecs (HTTP/1.1 404) 5 headers in 202 bytes (1 switches on core 0)
2026-04-22 19:51:50.785 8 INFO placement.requestlog [None req-b0de524a-df6a-4b74-bfba-b34497d9ade4 f15f5be073884f858745543f6e5f1a24 5cd41bbf61f7491c905e0e675459d5d1 - - 2d59355e204d4c48a071d6387f8b0a0b 2d59355e204d4c48a071d6387f8b0a0b] 10.0.0.125 "GET /resource_providers/2cb016f8-ab8c-4caf-baac-ac0a56480663/aggregates" status: 404 len: 235 microversion: 1.1 [pid: 8|app: 0|req: 557/1126] 10.0.0.125 () {32 vars in 824 bytes} [Wed Apr 22 19:51:50 2026] GET /resource_providers/2cb016f8-ab8c-4caf-baac-ac0a56480663/aggregates => generated 235 bytes in 11 msecs (HTTP/1.1 404) 5 headers in 202 bytes (1 switches on core 0)
2026-04-22 19:51:50.809 7 INFO placement.requestlog [None req-b6fccc64-9360-4ac7-8e06-d2ab4901acc6 f15f5be073884f858745543f6e5f1a24 5cd41bbf61f7491c905e0e675459d5d1 - - 2d59355e204d4c48a071d6387f8b0a0b 2d59355e204d4c48a071d6387f8b0a0b] 10.0.0.125 "DELETE /resource_providers/2cb016f8-ab8c-4caf-baac-ac0a56480663" status: 404 len: 246 microversion: 1.1 [pid: 7|app: 0|req: 570/1127] 10.0.0.125 () {34 vars in 824 bytes} [Wed Apr 22 19:51:50 2026] DELETE /resource_providers/2cb016f8-ab8c-4caf-baac-ac0a56480663 => generated 246 bytes in 11 msecs (HTTP/1.1 404) 6 headers in 231 bytes (1 switches on core 0)
2026-04-22 19:51:50.811 8 INFO placement.requestlog [None req-8498742f-0447-482e-9cdf-35e60ffb3dda f15f5be073884f858745543f6e5f1a24 5cd41bbf61f7491c905e0e675459d5d1 - - 2d59355e204d4c48a071d6387f8b0a0b 2d59355e204d4c48a071d6387f8b0a0b] 10.0.0.125 "DELETE /resource_providers/2cb016f8-ab8c-4caf-baac-ac0a56480663" status: 404 len: 246 microversion: 1.1 [pid: 8|app: 0|req: 558/1128] 10.0.0.125 () {34 vars in 824 bytes} [Wed Apr 22 19:51:50 2026] DELETE /resource_providers/2cb016f8-ab8c-4caf-baac-ac0a56480663 => generated 246 bytes in 12 msecs (HTTP/1.1 404) 6 headers in 231 bytes (1 switches on core 0)
2026-04-22 19:51:51.985 8 INFO placement.requestlog [None req-3cffbb68-bab5-4de6-9e97-5ba4cf7ebd0f f15f5be073884f858745543f6e5f1a24 5cd41bbf61f7491c905e0e675459d5d1 - - 2d59355e204d4c48a071d6387f8b0a0b 2d59355e204d4c48a071d6387f8b0a0b] 10.0.0.125 "GET /resource_providers/62e9c647-ca7d-4eec-bff0-38b386f90812/aggregates" status: 404 len: 235 microversion: 1.1 [pid: 8|app: 0|req: 559/1129] 10.0.0.125 () {32 vars in 824 bytes} [Wed Apr 22 19:51:51 2026] GET /resource_providers/62e9c647-ca7d-4eec-bff0-38b386f90812/aggregates => generated 235 bytes in 10 msecs (HTTP/1.1 404) 5 headers in 202 bytes (1 switches on core 0)
2026-04-22 19:51:51.988 7 INFO placement.requestlog [None req-1ee4303b-11ea-4565-9a22-37bc15b0978b f15f5be073884f858745543f6e5f1a24 5cd41bbf61f7491c905e0e675459d5d1 - - 2d59355e204d4c48a071d6387f8b0a0b 2d59355e204d4c48a071d6387f8b0a0b] 10.0.0.125 "GET /resource_providers/62e9c647-ca7d-4eec-bff0-38b386f90812/aggregates" status: 404 len: 235 microversion: 1.1 [pid: 7|app: 0|req: 571/1130] 10.0.0.125 () {32 vars in 824 bytes} [Wed Apr 22 19:51:51 2026] GET /resource_providers/62e9c647-ca7d-4eec-bff0-38b386f90812/aggregates => generated 235 bytes in 13 msecs (HTTP/1.1 404) 5 headers in 202 bytes (1 switches on core 0)
2026-04-22 19:51:52.019 8 INFO placement.requestlog [None req-3b925f76-e2e6-49bb-b704-41331ec8bc93 f15f5be073884f858745543f6e5f1a24 5cd41bbf61f7491c905e0e675459d5d1 - - 2d59355e204d4c48a071d6387f8b0a0b 2d59355e204d4c48a071d6387f8b0a0b] 10.0.0.125 "DELETE /resource_providers/62e9c647-ca7d-4eec-bff0-38b386f90812" status: 404 len: 246 microversion: 1.1 [pid: 8|app: 0|req: 560/1131] 10.0.0.125 () {34 vars in 824 bytes} [Wed Apr 22 19:51:52 2026] DELETE /resource_providers/62e9c647-ca7d-4eec-bff0-38b386f90812 => generated 246 bytes in 11 msecs (HTTP/1.1 404) 6 headers in 231 bytes (1 switches on core 0)
2026-04-22 19:51:52.021 7 INFO placement.requestlog [None req-402d02ec-f190-4c8f-b413-c918e0894928 f15f5be073884f858745543f6e5f1a24 5cd41bbf61f7491c905e0e675459d5d1 - - 2d59355e204d4c48a071d6387f8b0a0b 2d59355e204d4c48a071d6387f8b0a0b] 10.0.0.125 "DELETE /resource_providers/62e9c647-ca7d-4eec-bff0-38b386f90812" status: 404 len: 246 microversion: 1.1 [pid: 7|app: 0|req: 572/1132] 10.0.0.125 () {34 vars in 824 bytes} [Wed Apr 22 19:51:52 2026] DELETE /resource_providers/62e9c647-ca7d-4eec-bff0-38b386f90812 => generated 246 bytes in 14 msecs (HTTP/1.1 404) 6 headers in 231 bytes (1 switches on core 0)
2026-04-22 19:51:52.837 8 INFO placement.requestlog [None req-626e1c69-23bd-4ea5-9a49-1143cb9b8186 f15f5be073884f858745543f6e5f1a24 5cd41bbf61f7491c905e0e675459d5d1 - - 2d59355e204d4c48a071d6387f8b0a0b 2d59355e204d4c48a071d6387f8b0a0b] 10.0.0.125 "GET /resource_providers/54631980-f378-4d87-811d-b8e40fac0b4e/aggregates" status: 404 len: 235 microversion: 1.1
2026-04-22 19:51:52.837 7 INFO placement.requestlog [None req-e27a7a1d-928c-4d3a-99ab-c7f1489aad81 f15f5be073884f858745543f6e5f1a24 5cd41bbf61f7491c905e0e675459d5d1 - - 2d59355e204d4c48a071d6387f8b0a0b 2d59355e204d4c48a071d6387f8b0a0b] 10.0.0.125 "GET /resource_providers/54631980-f378-4d87-811d-b8e40fac0b4e/aggregates" status: 404 len: 235 microversion: 1.1 [pid: 8|app: 0|req: 561/1133] 10.0.0.125 () {32 vars in 824 bytes} [Wed Apr 22 19:51:52 2026] GET /resource_providers/54631980-f378-4d87-811d-b8e40fac0b4e/aggregates => generated 235 bytes in 12 msecs (HTTP/1.1 404) 5 headers in 202 bytes (1 switches on core 0) [pid: 7|app: 0|req: 573/1134] 10.0.0.125 () {32 vars in 824 bytes} [Wed Apr 22 19:51:52 2026] GET /resource_providers/54631980-f378-4d87-811d-b8e40fac0b4e/aggregates => generated 235 bytes in 12 msecs (HTTP/1.1 404) 5 headers in 202 bytes (1 switches on core 0)
2026-04-22 19:51:52.867 8 INFO placement.requestlog [None req-35df1e5d-115a-41dc-b337-f2fa8ff5a727 f15f5be073884f858745543f6e5f1a24 5cd41bbf61f7491c905e0e675459d5d1 - - 2d59355e204d4c48a071d6387f8b0a0b 2d59355e204d4c48a071d6387f8b0a0b] 10.0.0.125 "DELETE /resource_providers/54631980-f378-4d87-811d-b8e40fac0b4e" status: 404 len: 246 microversion: 1.1 [pid: 8|app: 0|req: 562/1135] 10.0.0.125 () {34 vars in 824 bytes} [Wed Apr 22 19:51:52 2026] DELETE /resource_providers/54631980-f378-4d87-811d-b8e40fac0b4e => generated 246 bytes in 12 msecs (HTTP/1.1 404) 6 headers in 231 bytes (1 switches on core 0)
2026-04-22 19:51:52.868 7 INFO placement.requestlog [None req-df7d52d0-c72e-4979-8e4b-f01e1100963d f15f5be073884f858745543f6e5f1a24 5cd41bbf61f7491c905e0e675459d5d1 - - 2d59355e204d4c48a071d6387f8b0a0b 2d59355e204d4c48a071d6387f8b0a0b] 10.0.0.125 "DELETE /resource_providers/54631980-f378-4d87-811d-b8e40fac0b4e" status: 404 len: 246 microversion: 1.1 [pid: 7|app: 0|req: 574/1136] 10.0.0.125 () {34 vars in 824 bytes} [Wed Apr 22 19:51:52 2026] DELETE /resource_providers/54631980-f378-4d87-811d-b8e40fac0b4e => generated 246 bytes in 13 msecs (HTTP/1.1 404) 6 headers in 231 bytes (1 switches on core 0)
2026-04-22 19:51:52.892 8 INFO placement.requestlog [None req-1943778f-2967-4e51-9854-c01e8c258184 f15f5be073884f858745543f6e5f1a24 5cd41bbf61f7491c905e0e675459d5d1 - - 2d59355e204d4c48a071d6387f8b0a0b 2d59355e204d4c48a071d6387f8b0a0b] 10.0.0.125 "GET /resource_providers/47d6aae9-6c87-4b11-a8da-ffcaa3d91777/aggregates" status: 404 len: 235 microversion: 1.1 [pid: 8|app: 0|req: 563/1137] 10.0.0.125 () {32 vars in 824 bytes} [Wed Apr 22 19:51:52 2026] GET /resource_providers/47d6aae9-6c87-4b11-a8da-ffcaa3d91777/aggregates => generated 235 bytes in 11 msecs (HTTP/1.1 404) 5 headers in 202 bytes (1 switches on core 0)
2026-04-22 19:51:52.898 7 INFO placement.requestlog [None req-3fc3ac8d-47a8-4161-b513-a0d91169d5ae f15f5be073884f858745543f6e5f1a24 5cd41bbf61f7491c905e0e675459d5d1 - - 2d59355e204d4c48a071d6387f8b0a0b 2d59355e204d4c48a071d6387f8b0a0b] 10.0.0.125 "GET /resource_providers/47d6aae9-6c87-4b11-a8da-ffcaa3d91777/aggregates" status: 404 len: 235 microversion: 1.1 [pid: 7|app: 0|req: 575/1138] 10.0.0.125 () {32 vars in 824 bytes} [Wed Apr 22 19:51:52 2026] GET /resource_providers/47d6aae9-6c87-4b11-a8da-ffcaa3d91777/aggregates => generated 235 bytes in 17 msecs (HTTP/1.1 404) 5 headers in 202 bytes (1 switches on core 0)
2026-04-22 19:51:52.916 8 INFO placement.requestlog [None req-9ef55190-9e54-4517-a483-b34b8629ec3c f15f5be073884f858745543f6e5f1a24 5cd41bbf61f7491c905e0e675459d5d1 - - 2d59355e204d4c48a071d6387f8b0a0b 2d59355e204d4c48a071d6387f8b0a0b] 10.0.0.125 "DELETE /resource_providers/47d6aae9-6c87-4b11-a8da-ffcaa3d91777" status: 404 len: 246 microversion: 1.1 [pid: 8|app: 0|req: 564/1139] 10.0.0.125 () {34 vars in 824 bytes} [Wed Apr 22 19:51:52 2026] DELETE /resource_providers/47d6aae9-6c87-4b11-a8da-ffcaa3d91777 => generated 246 bytes in 13 msecs (HTTP/1.1 404) 6 headers in 231 bytes (1 switches on core 0)
2026-04-22 19:51:52.924 7 INFO placement.requestlog [None req-dba5f98d-49e1-41ea-ac17-b9e0201bfa21 f15f5be073884f858745543f6e5f1a24 5cd41bbf61f7491c905e0e675459d5d1 - - 2d59355e204d4c48a071d6387f8b0a0b 2d59355e204d4c48a071d6387f8b0a0b] 10.0.0.125 "DELETE /resource_providers/47d6aae9-6c87-4b11-a8da-ffcaa3d91777" status: 404 len: 246 microversion: 1.1 [pid: 7|app: 0|req: 576/1140] 10.0.0.125 () {34 vars in 824 bytes} [Wed Apr 22 19:51:52 2026] DELETE /resource_providers/47d6aae9-6c87-4b11-a8da-ffcaa3d91777 => generated 246 bytes in 14 msecs (HTTP/1.1 404) 6 headers in 231 bytes (1 switches on core 0)
2026-04-22 19:51:52.933 8 INFO placement.requestlog [None req-baec026c-bca6-4e68-869e-e3dde7e8ed0c f15f5be073884f858745543f6e5f1a24 5cd41bbf61f7491c905e0e675459d5d1 - - 2d59355e204d4c48a071d6387f8b0a0b 2d59355e204d4c48a071d6387f8b0a0b] 10.0.0.125 "GET /resource_providers/c8a2dc85-5b01-4853-a04f-7668dd9ff23e/aggregates" status: 404 len: 235 microversion: 1.1 [pid: 8|app: 0|req: 565/1141] 10.0.0.125 () {32 vars in 824 bytes} [Wed Apr 22 19:51:52 2026] GET /resource_providers/c8a2dc85-5b01-4853-a04f-7668dd9ff23e/aggregates => generated 235 bytes in 10 msecs (HTTP/1.1 404) 5 headers in 202 bytes (1 switches on core 0)
2026-04-22 19:51:52.946 7 INFO placement.requestlog [None req-52068031-8887-4e65-9216-1f2c935190ab f15f5be073884f858745543f6e5f1a24 5cd41bbf61f7491c905e0e675459d5d1 - - 2d59355e204d4c48a071d6387f8b0a0b 2d59355e204d4c48a071d6387f8b0a0b] 10.0.0.125 "GET /resource_providers/c8a2dc85-5b01-4853-a04f-7668dd9ff23e/aggregates" status: 404 len: 235 microversion: 1.1
2026-04-22 19:51:52.946 8 INFO placement.requestlog [None req-a11e2ed0-97ab-4580-84c1-01c7c807f20d f15f5be073884f858745543f6e5f1a24 5cd41bbf61f7491c905e0e675459d5d1 - - 2d59355e204d4c48a071d6387f8b0a0b 2d59355e204d4c48a071d6387f8b0a0b] 10.0.0.125 "DELETE /resource_providers/c8a2dc85-5b01-4853-a04f-7668dd9ff23e" status: 404 len: 246 microversion: 1.1 [pid: 8|app: 0|req: 566/1143] 10.0.0.125 () {34 vars in 824 bytes} [Wed Apr 22 19:51:52 2026] DELETE /resource_providers/c8a2dc85-5b01-4853-a04f-7668dd9ff23e => generated 246 bytes in 7 msecs (HTTP/1.1 404) 6 headers in 231 bytes (1 switches on core 0) [pid: 7|app: 0|req: 577/1143] 10.0.0.125 () {32 vars in 824 bytes} [Wed Apr 22 19:51:52 2026] GET /resource_providers/c8a2dc85-5b01-4853-a04f-7668dd9ff23e/aggregates => generated 235 bytes in 15 msecs (HTTP/1.1 404) 5 headers in 202 bytes (1 switches on core 0)
2026-04-22 19:51:52.963 8 INFO placement.requestlog [None req-6335fcb5-f524-4752-ac2c-97e1f9711429 f15f5be073884f858745543f6e5f1a24 5cd41bbf61f7491c905e0e675459d5d1 - - 2d59355e204d4c48a071d6387f8b0a0b 2d59355e204d4c48a071d6387f8b0a0b] 10.0.0.125 "DELETE /resource_providers/c8a2dc85-5b01-4853-a04f-7668dd9ff23e" status: 404 len: 246 microversion: 1.1 [pid: 8|app: 0|req: 567/1144] 10.0.0.125 () {34 vars in 824 bytes} [Wed Apr 22 19:51:52 2026] DELETE /resource_providers/c8a2dc85-5b01-4853-a04f-7668dd9ff23e => generated 246 bytes in 7 msecs (HTTP/1.1 404) 6 headers in 231 bytes (1 switches on core 0)
2026-04-22 19:51:54.836 7 INFO placement.requestlog [None req-7df247d8-d63d-4158-90b2-dae98ec44a94 - - - - - -] 10.0.0.56 "GET /" status: 200 len: 136 microversion: 1.0
2026-04-22 19:51:54.836 8 INFO placement.requestlog [None req-13c74542-adc2-4b20-8de3-a4e9b7c717e4 - - - - - -] 10.0.0.56 "GET /" status: 200 len: 136 microversion: 1.0
2026-04-22 19:52:01.078 7 INFO placement.requestlog [req-d6e77f7c-2886-4686-abfc-e733e9c0cecf req-ec0bee6e-7f11-4f46-a74f-5b9588e0ff44 2d9b299a67ea48eea114b02be337dc9c 5cd41bbf61f7491c905e0e675459d5d1 - - 2d59355e204d4c48a071d6387f8b0a0b 2d59355e204d4c48a071d6387f8b0a0b] 10.0.0.219 "GET /allocation_candidates?limit=1000&resources=MEMORY_MB%3A2048%2CVCPU%3A2&root_required=%21COMPUTE_STATUS_DISABLED" status: 200 len: 2137 microversion: 1.36 [pid: 7|app: 0|req: 579/1147] 10.0.0.219 () {34 vars in 985 bytes} [Wed Apr 22 19:52:01 2026] GET /allocation_candidates?limit=1000&resources=MEMORY_MB%3A2048%2CVCPU%3A2&root_required=%21COMPUTE_STATUS_DISABLED => generated 2137 bytes in 44 msecs (HTTP/1.1 200) 8 headers in 297 bytes (1 switches on core 0)
2026-04-22 19:52:01.111 8 INFO placement.requestlog [req-d6e77f7c-2886-4686-abfc-e733e9c0cecf req-c96bac91-7b66-4004-9f88-576c60f68650 2d9b299a67ea48eea114b02be337dc9c 5cd41bbf61f7491c905e0e675459d5d1 - - 2d59355e204d4c48a071d6387f8b0a0b 2d59355e204d4c48a071d6387f8b0a0b] 10.0.0.219 "GET /allocations/476117d8-ae3e-479b-88b7-c03cde08f0b5" status: 200 len: 19 microversion: 1.28 [pid: 8|app: 0|req: 569/1148] 10.0.0.219 () {34 vars in 860 bytes} [Wed Apr 22 19:52:01 2026] GET /allocations/476117d8-ae3e-479b-88b7-c03cde08f0b5 => generated 19 bytes in 10 msecs (HTTP/1.1 200) 8 headers in 295 bytes (1 switches on core 0)
2026-04-22 19:52:01.186 7 INFO placement.requestlog [req-d6e77f7c-2886-4686-abfc-e733e9c0cecf req-6151acf3-5a12-4b4f-a4f1-498829fbbc69 2d9b299a67ea48eea114b02be337dc9c 5cd41bbf61f7491c905e0e675459d5d1 - - 2d59355e204d4c48a071d6387f8b0a0b 2d59355e204d4c48a071d6387f8b0a0b] 10.0.0.219 "PUT /allocations/476117d8-ae3e-479b-88b7-c03cde08f0b5" status: 204 len: 0 microversion: 1.36 [pid: 7|app: 0|req: 580/1149] 10.0.0.219 () {38 vars in 913 bytes} [Wed Apr 22 19:52:01 2026] PUT /allocations/476117d8-ae3e-479b-88b7-c03cde08f0b5 => generated 0 bytes in 66 msecs (HTTP/1.1 204) 5 headers in 199 bytes (1 switches on core 0)
2026-04-22 19:52:01.476 8 INFO placement.requestlog [req-d6e77f7c-2886-4686-abfc-e733e9c0cecf req-9c6b635b-ed9a-45c8-879b-abd3c0a32675 2d9b299a67ea48eea114b02be337dc9c 5cd41bbf61f7491c905e0e675459d5d1 - - 2d59355e204d4c48a071d6387f8b0a0b 2d59355e204d4c48a071d6387f8b0a0b] 199.204.45.95 "GET /allocations/476117d8-ae3e-479b-88b7-c03cde08f0b5" status: 200 len: 245 microversion: 1.28 [pid: 8|app: 0|req: 570/1150] 199.204.45.95 () {34 vars in 861 bytes} [Wed Apr 22 19:52:01 2026] GET /allocations/476117d8-ae3e-479b-88b7-c03cde08f0b5 => generated 245 bytes in 15 msecs (HTTP/1.1 200) 8 headers in 296 bytes (1 switches on core 0)
2026-04-22 19:52:01.608 7 INFO placement.requestlog [req-d6e77f7c-2886-4686-abfc-e733e9c0cecf req-ebca5a66-cd0d-4732-bbee-9b4399d71715 2d9b299a67ea48eea114b02be337dc9c 5cd41bbf61f7491c905e0e675459d5d1 - - 2d59355e204d4c48a071d6387f8b0a0b 2d59355e204d4c48a071d6387f8b0a0b] 199.204.45.95 "GET /resource_providers/cd679eb5-f4ec-43fa-9848-17e67461423a/allocations" status: 200 len: 340 microversion: 1.0 [pid: 7|app: 0|req: 581/1151] 199.204.45.95 () {32 vars in 855 bytes} [Wed Apr 22 19:52:01 2026] GET /resource_providers/cd679eb5-f4ec-43fa-9848-17e67461423a/allocations => generated 340 bytes in 17 msecs (HTTP/1.1 200) 6 headers in 224 bytes (1 switches on core 0)
2026-04-22 19:52:01.629 8 INFO placement.requestlog [req-d6e77f7c-2886-4686-abfc-e733e9c0cecf req-e656bd50-a6de-49bc-a103-f504eb471706 2d9b299a67ea48eea114b02be337dc9c 5cd41bbf61f7491c905e0e675459d5d1 - - 2d59355e204d4c48a071d6387f8b0a0b 2d59355e204d4c48a071d6387f8b0a0b] 199.204.45.95 "GET /allocations/53ffb124-312c-4fa5-8217-f4bb72c2d149" status: 200 len: 258 microversion: 1.28 [pid: 8|app: 0|req: 571/1152] 199.204.45.95 () {34 vars in 861 bytes} [Wed Apr 22 19:52:01 2026] GET /allocations/53ffb124-312c-4fa5-8217-f4bb72c2d149 => generated 258 bytes in 14 msecs (HTTP/1.1 200) 8 headers in 296 bytes (1 switches on core 0)
2026-04-22 19:52:01.651 7 INFO placement.requestlog [req-d6e77f7c-2886-4686-abfc-e733e9c0cecf req-a3639d2d-9dbf-4ce0-8687-e1761549e1af 2d9b299a67ea48eea114b02be337dc9c 5cd41bbf61f7491c905e0e675459d5d1 - - 2d59355e204d4c48a071d6387f8b0a0b 2d59355e204d4c48a071d6387f8b0a0b] 199.204.45.95 "GET /allocations/476117d8-ae3e-479b-88b7-c03cde08f0b5" status: 200 len: 245 microversion: 1.28 [pid: 7|app: 0|req: 582/1153] 199.204.45.95 () {34 vars in 861 bytes} [Wed Apr 22 19:52:01 2026] GET /allocations/476117d8-ae3e-479b-88b7-c03cde08f0b5 => generated 245 bytes in 15 msecs (HTTP/1.1 200) 8 headers in 296 bytes (1 switches on core 0)
2026-04-22 19:52:01.674 8 INFO placement.requestlog [req-d6e77f7c-2886-4686-abfc-e733e9c0cecf req-4e9d5a1c-eeda-4a84-8d10-67df23c09def 2d9b299a67ea48eea114b02be337dc9c 5cd41bbf61f7491c905e0e675459d5d1 - - 2d59355e204d4c48a071d6387f8b0a0b 2d59355e204d4c48a071d6387f8b0a0b] 199.204.45.95 "GET /allocations/66e9e876-3ad1-42f9-ae62-28591bec9de0" status: 200 len: 258 microversion: 1.28 [pid: 8|app: 0|req: 572/1154] 199.204.45.95 () {34 vars in 861 bytes} [Wed Apr 22 19:52:01 2026] GET /allocations/66e9e876-3ad1-42f9-ae62-28591bec9de0 => generated 258 bytes in 15 msecs (HTTP/1.1 200) 8 headers in 296 bytes (1 switches on core 0)
2026-04-22 19:52:04.837 7 INFO placement.requestlog [None req-b0861f81-4d8f-4dd5-9434-b1e1a6c50e38 - - - - - -] 10.0.0.56 "GET /" status: 200 len: 136 microversion: 1.0
2026-04-22 19:52:04.837 8 INFO placement.requestlog [None req-f786b5a7-f4af-4f5d-8699-6862d758db84 - - - - - -] 10.0.0.56 "GET /" status: 200 len: 136 microversion: 1.0
2026-04-22 19:52:07.105 7 INFO placement.requestlog [None req-29f9d1b8-56b6-492e-a313-46ab39fc2f1d f15f5be073884f858745543f6e5f1a24 5cd41bbf61f7491c905e0e675459d5d1 - - 2d59355e204d4c48a071d6387f8b0a0b 2d59355e204d4c48a071d6387f8b0a0b] 10.0.0.125 "GET /resource_providers/b4c07f94-983c-4b41-9d08-060758688386/aggregates" status: 404 len: 235 microversion: 1.1 [pid: 7|app: 0|req: 584/1157] 10.0.0.125 () {32 vars in 824 bytes} [Wed Apr 22 19:52:07 2026] GET /resource_providers/b4c07f94-983c-4b41-9d08-060758688386/aggregates => generated 235 bytes in 13 msecs (HTTP/1.1 404) 5 headers in 202 bytes (1 switches on core 0)
2026-04-22 19:52:07.109 8 INFO placement.requestlog [None req-e91cb7b8-51d3-40f1-8337-fc664238a914 f15f5be073884f858745543f6e5f1a24 5cd41bbf61f7491c905e0e675459d5d1 - - 2d59355e204d4c48a071d6387f8b0a0b 2d59355e204d4c48a071d6387f8b0a0b] 10.0.0.125 "GET /resource_providers/b4c07f94-983c-4b41-9d08-060758688386/aggregates" status: 404 len: 235 microversion: 1.1 [pid: 8|app: 0|req: 574/1158] 10.0.0.125 () {32 vars in 824 bytes} [Wed Apr 22 19:52:07 2026] GET /resource_providers/b4c07f94-983c-4b41-9d08-060758688386/aggregates => generated 235 bytes in 17 msecs (HTTP/1.1 404) 5 headers in 202 bytes (1 switches on core 0)
2026-04-22 19:52:07.122 8 INFO placement.requestlog [None req-9e41c26e-90b3-4ac8-9f33-70c123a7ef4a f15f5be073884f858745543f6e5f1a24 5cd41bbf61f7491c905e0e675459d5d1 - - 2d59355e204d4c48a071d6387f8b0a0b 2d59355e204d4c48a071d6387f8b0a0b] 10.0.0.125 "DELETE /resource_providers/b4c07f94-983c-4b41-9d08-060758688386" status: 404 len: 246 microversion: 1.1 [pid: 8|app: 0|req: 575/1159] 10.0.0.125 () {34 vars in 824 bytes} [Wed Apr 22 19:52:07 2026] DELETE /resource_providers/b4c07f94-983c-4b41-9d08-060758688386 => generated 246 bytes in 8 msecs (HTTP/1.1 404) 6 headers in 231 bytes (1 switches on core 0)
2026-04-22 19:52:07.127 7 INFO placement.requestlog [None req-a1147a7d-0eec-4785-bf54-170a328e360b f15f5be073884f858745543f6e5f1a24 5cd41bbf61f7491c905e0e675459d5d1 - - 2d59355e204d4c48a071d6387f8b0a0b 2d59355e204d4c48a071d6387f8b0a0b] 10.0.0.125 "DELETE /resource_providers/b4c07f94-983c-4b41-9d08-060758688386" status: 404 len: 246 microversion: 1.1 [pid: 7|app: 0|req: 585/1160] 10.0.0.125 () {34 vars in 824 bytes} [Wed Apr 22 19:52:07 2026] DELETE /resource_providers/b4c07f94-983c-4b41-9d08-060758688386 => generated 246 bytes in 14 msecs (HTTP/1.1 404) 6 headers in 231 bytes (1 switches on core 0)
2026-04-22 19:52:07.959 7 INFO placement.requestlog [None req-08ef2603-3e8e-40f3-a8dd-ea2f9f7c9f94 f15f5be073884f858745543f6e5f1a24 5cd41bbf61f7491c905e0e675459d5d1 - - 2d59355e204d4c48a071d6387f8b0a0b 2d59355e204d4c48a071d6387f8b0a0b] 10.0.0.125 "GET /resource_providers/343765d3-3c2c-45c5-b640-f9d3e4783bfe/aggregates" status: 404 len: 235 microversion: 1.1 [pid: 7|app: 0|req: 586/1161] 10.0.0.125 () {32 vars in 824 bytes} [Wed Apr 22 19:52:07 2026] GET /resource_providers/343765d3-3c2c-45c5-b640-f9d3e4783bfe/aggregates => generated 235 bytes in 12 msecs (HTTP/1.1 404) 5 headers in 202 bytes (1 switches on core 0)
