2026-04-22 19:47:07.248 10 INFO neutron.db.ovn_revision_numbers_db [None req-2d2c3282-6db8-4633-aba8-799a66b0be34 550f234404eb4960871a448a83945bfb d853c331ed19433187edcf8ac7592af9 - - default default] Successfully bumped revision number for resource 78ff591d-1fb2-45db-b6fd-3392f5ca18d2 (type: routers) to 2
2026-04-22 19:47:07.275 10 INFO neutron.wsgi [None req-2d2c3282-6db8-4633-aba8-799a66b0be34 550f234404eb4960871a448a83945bfb d853c331ed19433187edcf8ac7592af9 - - default default] 10.0.0.228 "POST /v2.0/routers HTTP/1.1" status: 201 len: 881 time: 2.5855489
2026-04-22 19:47:07.279 9 INFO neutron.db.segments_db [None req-ff2b8f03-8143-43db-8e3c-e7921fe6158c 550f234404eb4960871a448a83945bfb d853c331ed19433187edcf8ac7592af9 - - default default] Added segment b0d6d5cf-1f2c-4676-8b20-416cb83fb7c3 of type geneve for network e7173eb4-ac67-489a-bf56-86692686d0fc
2026-04-22 19:47:07.517 9 INFO neutron.db.ovn_revision_numbers_db [None req-ff2b8f03-8143-43db-8e3c-e7921fe6158c 550f234404eb4960871a448a83945bfb d853c331ed19433187edcf8ac7592af9 - - default default] Successfully bumped revision number for resource e7173eb4-ac67-489a-bf56-86692686d0fc (type: networks) to 1
2026-04-22 19:47:07.671 9 INFO neutron.db.ovn_revision_numbers_db [None req-6d08f02c-416e-4c47-86e6-40e4c7b1504c - - - - - -] Successfully bumped revision number for resource 75368d42-915b-4272-a363-f60e2af35100 (type: ports) to 1
2026-04-22 19:47:07.722 9 WARNING neutron.scheduler.dhcp_agent_scheduler [None req-ff2b8f03-8143-43db-8e3c-e7921fe6158c 550f234404eb4960871a448a83945bfb d853c331ed19433187edcf8ac7592af9 - - default default] No more DHCP agents
2026-04-22 19:47:07.728 9 WARNING neutron.api.rpc.agentnotifiers.dhcp_rpc_agent_api [None req-ff2b8f03-8143-43db-8e3c-e7921fe6158c 550f234404eb4960871a448a83945bfb d853c331ed19433187edcf8ac7592af9 - - default default] Unable to schedule network e7173eb4-ac67-489a-bf56-86692686d0fc: no agents available; will retry on subsequent port and subnet creation events.
2026-04-22 19:47:07.750 9 INFO neutron.plugins.ml2.drivers.ovn.mech_driver.mech_driver [None req-d5d012e9-9431-4ac5-abb5-bd4b7c8ccf8b - - - - - -] OVN reports status up for port: e1f87926-123b-41c7-a120-35d4b990ff7a
2026-04-22 19:47:07.758 9 INFO neutron.plugins.ml2.plugin [None req-d5d012e9-9431-4ac5-abb5-bd4b7c8ccf8b - - - - - -] Attempt 1 to provision port e1f87926-123b-41c7-a120-35d4b990ff7a
2026-04-22 19:47:07.777 10 INFO neutron.plugins.ml2.drivers.ovn.mech_driver.ovsdb.ovsdb_monitor [-] Router c7cf6d5f-011f-482d-a2d6-3ab6513998c0 is bound to host instance
2026-04-22 19:47:07.851 10 INFO neutron.db.ovn_revision_numbers_db [None req-1c44cb00-c42c-4233-ada0-d2db690cc9d2 550f234404eb4960871a448a83945bfb d853c331ed19433187edcf8ac7592af9 - - default default] Successfully bumped revision number for resource e1f87926-123b-41c7-a120-35d4b990ff7a (type: router_ports) to 1
2026-04-22 19:47:07.909 10 INFO neutron.db.ovn_revision_numbers_db [None req-d91fd003-6de8-4fc6-8d61-23d87d21c6b8 550f234404eb4960871a448a83945bfb d853c331ed19433187edcf8ac7592af9 - - default default] Successfully bumped revision number for resource 5eddee78-8fb9-4ffd-b022-831a8d64cc63 (type: router_ports) to 1
2026-04-22 19:47:08.010 10 INFO neutron.db.ovn_revision_numbers_db [None req-1c44cb00-c42c-4233-ada0-d2db690cc9d2 550f234404eb4960871a448a83945bfb d853c331ed19433187edcf8ac7592af9 - - default default] Successfully bumped revision number for resource c7cf6d5f-011f-482d-a2d6-3ab6513998c0 (type: routers) to 2
2026-04-22 19:47:08.011 9 INFO neutron.db.ovn_revision_numbers_db [None req-ff2b8f03-8143-43db-8e3c-e7921fe6158c 550f234404eb4960871a448a83945bfb d853c331ed19433187edcf8ac7592af9 - - default default] Successfully bumped revision number for resource c44ecf11-639d-47a8-809c-9598d26138c3 (type: ports) to 1
2026-04-22 19:47:08.044 9 INFO neutron.wsgi [None req-ff2b8f03-8143-43db-8e3c-e7921fe6158c 550f234404eb4960871a448a83945bfb d853c331ed19433187edcf8ac7592af9 - - default default] 10.0.0.228 "POST /v2.0/networks HTTP/1.1" status: 201 len: 945 time: 1.3587954
2026-04-22 19:47:08.139 10 INFO neutron.wsgi [None req-1c44cb00-c42c-4233-ada0-d2db690cc9d2 550f234404eb4960871a448a83945bfb d853c331ed19433187edcf8ac7592af9 - - default default] 10.0.0.228 "POST /v2.0/routers HTTP/1.1" status: 201 len: 877 time: 2.8683801
2026-04-22 19:47:08.159 10 INFO neutron.db.ovn_revision_numbers_db [None req-d91fd003-6de8-4fc6-8d61-23d87d21c6b8 550f234404eb4960871a448a83945bfb d853c331ed19433187edcf8ac7592af9 - - default default] Successfully bumped revision number for resource 7169a740-ef23-47bf-a771-a4c9bba81a04 (type: routers) to 2
2026-04-22 19:47:08.178 10 INFO neutron.wsgi [None req-d91fd003-6de8-4fc6-8d61-23d87d21c6b8 550f234404eb4960871a448a83945bfb d853c331ed19433187edcf8ac7592af9 - - default default] 10.0.0.228 "POST /v2.0/routers HTTP/1.1" status: 201 len: 884 time: 2.8906004
2026-04-22 19:47:08.188 9 INFO neutron.db.ovn_revision_numbers_db [None req-6d08f02c-416e-4c47-86e6-40e4c7b1504c - - - - - -] Successfully bumped revision number for resource 75368d42-915b-4272-a363-f60e2af35100 (type: router_ports) to 3
2026-04-22 19:47:08.227 10 WARNING neutron.scheduler.dhcp_agent_scheduler [None req-6020a6b1-6a6c-45cb-aa74-2e39247ecd68 550f234404eb4960871a448a83945bfb d853c331ed19433187edcf8ac7592af9 - - default default] No more DHCP agents
2026-04-22 19:47:08.234 10 WARNING neutron.api.rpc.agentnotifiers.dhcp_rpc_agent_api [None req-6020a6b1-6a6c-45cb-aa74-2e39247ecd68 550f234404eb4960871a448a83945bfb d853c331ed19433187edcf8ac7592af9 - - default default] Unable to schedule network a2cfd04d-9e6b-4649-a38e-f6f15465c3bf: no agents available; will retry on subsequent port and subnet creation events.
2026-04-22 19:47:08.334 9 WARNING neutron.scheduler.dhcp_agent_scheduler [None req-8fd3978e-f18f-40fd-8065-62cdabcbae38 550f234404eb4960871a448a83945bfb d853c331ed19433187edcf8ac7592af9 - - default default] No more DHCP agents
2026-04-22 19:47:08.339 9 WARNING neutron.api.rpc.agentnotifiers.dhcp_rpc_agent_api [None req-8fd3978e-f18f-40fd-8065-62cdabcbae38 550f234404eb4960871a448a83945bfb d853c331ed19433187edcf8ac7592af9 - - default default] Unable to schedule network e7173eb4-ac67-489a-bf56-86692686d0fc: no agents available; will retry on subsequent port and subnet creation events.
2026-04-22 19:47:08.433 9 INFO neutron.db.ovn_revision_numbers_db [None req-6d08f02c-416e-4c47-86e6-40e4c7b1504c - - - - - -] Successfully bumped revision number for resource 75368d42-915b-4272-a363-f60e2af35100 (type: ports) to 2
2026-04-22 19:47:08.524 10 INFO neutron.db.ovn_revision_numbers_db [None req-6020a6b1-6a6c-45cb-aa74-2e39247ecd68 550f234404eb4960871a448a83945bfb d853c331ed19433187edcf8ac7592af9 - - default default] Successfully bumped revision number for resource 155f97c4-20bd-4c62-901a-8b7d96d339f6 (type: ports) to 1
2026-04-22 19:47:08.883 10 INFO neutron.db.ovn_revision_numbers_db [None req-57d930ad-ec70-4d66-9e94-ea823064759c - - - - - -] Successfully bumped revision number for resource e1f87926-123b-41c7-a120-35d4b990ff7a (type: ports) to 1
2026-04-22 19:47:09.036 9 WARNING neutron.scheduler.dhcp_agent_scheduler [None req-64f6952e-7440-4d47-b0f5-3a6979c8004f 550f234404eb4960871a448a83945bfb d853c331ed19433187edcf8ac7592af9 - - default default] No more DHCP agents
2026-04-22 19:47:09.040 9 INFO neutron.db.ovn_revision_numbers_db [None req-6d08f02c-416e-4c47-86e6-40e4c7b1504c - - - - - -] Successfully bumped revision number for resource 75368d42-915b-4272-a363-f60e2af35100 (type: ports) to 4
2026-04-22 19:47:09.042 9 WARNING neutron.api.rpc.agentnotifiers.dhcp_rpc_agent_api [None req-64f6952e-7440-4d47-b0f5-3a6979c8004f 550f234404eb4960871a448a83945bfb d853c331ed19433187edcf8ac7592af9 - - default default] Unable to schedule network 3c223cfa-764a-4ced-9dbf-fd92e449e68d: no agents available; will retry on subsequent port and subnet creation events.
2026-04-22 19:47:09.087 10 WARNING neutron.scheduler.dhcp_agent_scheduler [None req-8c987bd6-f68f-4d1b-b564-e691806e6d68 550f234404eb4960871a448a83945bfb d853c331ed19433187edcf8ac7592af9 - - default default] No more DHCP agents
2026-04-22 19:47:09.097 10 WARNING neutron.api.rpc.agentnotifiers.dhcp_rpc_agent_api [None req-8c987bd6-f68f-4d1b-b564-e691806e6d68 550f234404eb4960871a448a83945bfb d853c331ed19433187edcf8ac7592af9 - - default default] Unable to schedule network 6eb0e021-0d16-471d-928c-9bf68223d7d1: no agents available; will retry on subsequent port and subnet creation events.
2026-04-22 19:47:09.311 9 INFO neutron.db.ovn_revision_numbers_db [None req-64f6952e-7440-4d47-b0f5-3a6979c8004f 550f234404eb4960871a448a83945bfb d853c331ed19433187edcf8ac7592af9 - - default default] Successfully bumped revision number for resource 1fa4b783-489c-4d12-bf9d-df2af6126272 (type: ports) to 1
2026-04-22 19:47:09.357 9 INFO neutron.db.ovn_revision_numbers_db [None req-8fd3978e-f18f-40fd-8065-62cdabcbae38 550f234404eb4960871a448a83945bfb d853c331ed19433187edcf8ac7592af9 - - default default] Successfully bumped revision number for resource c44ecf11-639d-47a8-809c-9598d26138c3 (type: ports) to 2
2026-04-22 19:47:09.403 10 INFO neutron.db.ovn_revision_numbers_db [None req-8c987bd6-f68f-4d1b-b564-e691806e6d68 550f234404eb4960871a448a83945bfb d853c331ed19433187edcf8ac7592af9 - - default default] Successfully bumped revision number for resource d3a04905-7019-4a8a-bd47-be71b0953175 (type: ports) to 1
2026-04-22 19:47:09.442 10 INFO neutron.db.ovn_revision_numbers_db [None req-6020a6b1-6a6c-45cb-aa74-2e39247ecd68 550f234404eb4960871a448a83945bfb d853c331ed19433187edcf8ac7592af9 - - default default] Successfully bumped revision number for resource 155f97c4-20bd-4c62-901a-8b7d96d339f6 (type: router_ports) to 1
2026-04-22 19:47:09.465 9 INFO neutron.db.ovn_revision_numbers_db [None req-8fd3978e-f18f-40fd-8065-62cdabcbae38 550f234404eb4960871a448a83945bfb d853c331ed19433187edcf8ac7592af9 - - default default] Successfully bumped revision number for resource bd37f3dc-d190-4d6c-8b60-15c882707908 (type: subnets) to 0
2026-04-22 19:47:09.480 9 INFO neutron.wsgi [None req-8fd3978e-f18f-40fd-8065-62cdabcbae38 550f234404eb4960871a448a83945bfb d853c331ed19433187edcf8ac7592af9 - - default default] 10.0.0.228 "POST /v2.0/subnets HTTP/1.1" status: 201 len: 866 time: 1.4306090
2026-04-22 19:47:09.493 10 INFO neutron.db.ovn_revision_numbers_db [None req-57d930ad-ec70-4d66-9e94-ea823064759c - - - - - -] Successfully bumped revision number for resource e1f87926-123b-41c7-a120-35d4b990ff7a (type: router_ports) to 3
2026-04-22 19:47:09.532 9 INFO neutron.db.ovn_revision_numbers_db [None req-6d08f02c-416e-4c47-86e6-40e4c7b1504c - - - - - -] Successfully bumped revision number for resource 75368d42-915b-4272-a363-f60e2af35100 (type: router_ports) to 4
2026-04-22 19:47:09.718 10 INFO neutron.plugins.ml2.drivers.ovn.mech_driver.mech_driver [None req-4d511832-6ae8-43ee-8cb3-2282b58f3e1d - - - - - -] OVN reports status up for port: 155f97c4-20bd-4c62-901a-8b7d96d339f6
2026-04-22 19:47:09.758 10 INFO neutron.plugins.ml2.plugin [None req-4d511832-6ae8-43ee-8cb3-2282b58f3e1d - - - - - -] Attempt 1 to provision port 155f97c4-20bd-4c62-901a-8b7d96d339f6
2026-04-22 19:47:09.851 9 INFO neutron.wsgi [-] 10.0.0.56 "GET / HTTP/1.1" status: 200 len: 247 time: 0.0013106
2026-04-22 19:47:09.853 9 INFO neutron.wsgi [-] 10.0.0.56 "GET / HTTP/1.1" status: 200 len: 247 time: 0.0008779
2026-04-22 19:47:09.897 10 INFO neutron.db.ovn_revision_numbers_db [None req-6020a6b1-6a6c-45cb-aa74-2e39247ecd68 550f234404eb4960871a448a83945bfb d853c331ed19433187edcf8ac7592af9 - - default default] Successfully bumped revision number for resource 155f97c4-20bd-4c62-901a-8b7d96d339f6 (type: ports) to 1
2026-04-22 19:47:09.986 9 INFO neutron.db.ovn_revision_numbers_db [None req-64f6952e-7440-4d47-b0f5-3a6979c8004f 550f234404eb4960871a448a83945bfb d853c331ed19433187edcf8ac7592af9 - - default default] Successfully bumped revision number for resource 1fa4b783-489c-4d12-bf9d-df2af6126272 (type: router_ports) to 1
2026-04-22 19:47:10.040 10 INFO neutron.db.ovn_revision_numbers_db [None req-57d930ad-ec70-4d66-9e94-ea823064759c - - - - - -] Successfully bumped revision number for resource e1f87926-123b-41c7-a120-35d4b990ff7a (type: ports) to 2
2026-04-22 19:47:10.140 9 INFO neutron.db.ovn_revision_numbers_db [None req-64f6952e-7440-4d47-b0f5-3a6979c8004f 550f234404eb4960871a448a83945bfb d853c331ed19433187edcf8ac7592af9 - - default default] Successfully bumped revision number for resource 1fa4b783-489c-4d12-bf9d-df2af6126272 (type: ports) to 1
2026-04-22 19:47:10.199 10 WARNING neutron.scheduler.dhcp_agent_scheduler [None req-6020a6b1-6a6c-45cb-aa74-2e39247ecd68 550f234404eb4960871a448a83945bfb d853c331ed19433187edcf8ac7592af9 - - default default] No more DHCP agents
2026-04-22 19:47:10.207 10 WARNING neutron.api.rpc.agentnotifiers.dhcp_rpc_agent_api [None req-6020a6b1-6a6c-45cb-aa74-2e39247ecd68 550f234404eb4960871a448a83945bfb d853c331ed19433187edcf8ac7592af9 - - default default] Unable to schedule network a2cfd04d-9e6b-4649-a38e-f6f15465c3bf: no agents available; will retry on subsequent port and subnet creation events.
2026-04-22 19:47:10.223 9 WARNING neutron.scheduler.dhcp_agent_scheduler [None req-64f6952e-7440-4d47-b0f5-3a6979c8004f 550f234404eb4960871a448a83945bfb d853c331ed19433187edcf8ac7592af9 - - default default] No more DHCP agents
2026-04-22 19:47:10.224 9 WARNING neutron.api.rpc.agentnotifiers.dhcp_rpc_agent_api [None req-64f6952e-7440-4d47-b0f5-3a6979c8004f 550f234404eb4960871a448a83945bfb d853c331ed19433187edcf8ac7592af9 - - default default] Unable to schedule network 3c223cfa-764a-4ced-9dbf-fd92e449e68d: no agents available; will retry on subsequent port and subnet creation events.
2026-04-22 19:47:10.568 9 INFO neutron.plugins.ml2.drivers.ovn.mech_driver.mech_driver [None req-d5d012e9-9431-4ac5-abb5-bd4b7c8ccf8b - - - - - -] OVN reports status up for port: 5eddee78-8fb9-4ffd-b022-831a8d64cc63
2026-04-22 19:47:10.585 9 INFO neutron.plugins.ml2.plugin [None req-d5d012e9-9431-4ac5-abb5-bd4b7c8ccf8b - - - - - -] Attempt 1 to provision port 5eddee78-8fb9-4ffd-b022-831a8d64cc63
2026-04-22 19:47:10.733 10 INFO neutron.db.ovn_revision_numbers_db [None req-8c987bd6-f68f-4d1b-b564-e691806e6d68 550f234404eb4960871a448a83945bfb d853c331ed19433187edcf8ac7592af9 - - default default] Successfully bumped revision number for resource d3a04905-7019-4a8a-bd47-be71b0953175 (type: router_ports) to 1
2026-04-22 19:47:10.907 10 INFO neutron.db.ovn_revision_numbers_db [None req-4d511832-6ae8-43ee-8cb3-2282b58f3e1d - - - - - -] Successfully bumped revision number for resource 155f97c4-20bd-4c62-901a-8b7d96d339f6 (type: ports) to 2
2026-04-22 19:47:11.017 9 INFO neutron.db.ovn_revision_numbers_db [None req-64f6952e-7440-4d47-b0f5-3a6979c8004f 550f234404eb4960871a448a83945bfb d853c331ed19433187edcf8ac7592af9 - - default default] Successfully bumped revision number for resource 1fa4b783-489c-4d12-bf9d-df2af6126272 (type: router_ports) to 1
2026-04-22 19:47:11.019 10 WARNING neutron.scheduler.dhcp_agent_scheduler [None req-f8cfa25d-0418-4dd8-82b1-85fab30cc533 550f234404eb4960871a448a83945bfb d853c331ed19433187edcf8ac7592af9 - - default default] No more DHCP agents
2026-04-22 19:47:11.020 9 INFO neutron.wsgi [None req-64f6952e-7440-4d47-b0f5-3a6979c8004f 550f234404eb4960871a448a83945bfb d853c331ed19433187edcf8ac7592af9 - - default default] 10.0.0.228 "PUT /v2.0/routers/c7cf6d5f-011f-482d-a2d6-3ab6513998c0/add_router_interface HTTP/1.1" status: 200 len: 503 time: 2.8756948
2026-04-22 19:47:11.030 10 WARNING neutron.api.rpc.agentnotifiers.dhcp_rpc_agent_api [None req-f8cfa25d-0418-4dd8-82b1-85fab30cc533 550f234404eb4960871a448a83945bfb d853c331ed19433187edcf8ac7592af9 - - default default] Unable to schedule network c69ca577-0402-4100-a3a3-400d40ab29ce: no agents available; will retry on subsequent port and subnet creation events.
2026-04-22 19:47:11.129 10 INFO neutron.db.ovn_revision_numbers_db [None req-57d930ad-ec70-4d66-9e94-ea823064759c - - - - - -] Successfully bumped revision number for resource e1f87926-123b-41c7-a120-35d4b990ff7a (type: ports) to 4
2026-04-22 19:47:11.351 10 INFO neutron.db.ovn_revision_numbers_db [None req-8c987bd6-f68f-4d1b-b564-e691806e6d68 550f234404eb4960871a448a83945bfb d853c331ed19433187edcf8ac7592af9 - - default default] Successfully bumped revision number for resource d3a04905-7019-4a8a-bd47-be71b0953175 (type: ports) to 1
2026-04-22 19:47:11.390 10 INFO neutron.db.ovn_revision_numbers_db [None req-4d511832-6ae8-43ee-8cb3-2282b58f3e1d - - - - - -] Successfully bumped revision number for resource 155f97c4-20bd-4c62-901a-8b7d96d339f6 (type: router_ports) to 2
2026-04-22 19:47:11.563 10 INFO neutron.db.ovn_revision_numbers_db [None req-f8cfa25d-0418-4dd8-82b1-85fab30cc533 550f234404eb4960871a448a83945bfb d853c331ed19433187edcf8ac7592af9 - - default default] Successfully bumped revision number for resource b4edec46-6d1b-480c-b39d-9fc62cb1af62 (type: ports) to 1
2026-04-22 19:47:11.588 10 WARNING neutron.scheduler.dhcp_agent_scheduler [None req-8c987bd6-f68f-4d1b-b564-e691806e6d68 550f234404eb4960871a448a83945bfb d853c331ed19433187edcf8ac7592af9 - - default default] No more DHCP agents
2026-04-22 19:47:11.606 10 WARNING neutron.api.rpc.agentnotifiers.dhcp_rpc_agent_api [None req-8c987bd6-f68f-4d1b-b564-e691806e6d68 550f234404eb4960871a448a83945bfb d853c331ed19433187edcf8ac7592af9 - - default default] Unable to schedule network 6eb0e021-0d16-471d-928c-9bf68223d7d1: no agents available; will retry on subsequent port and subnet creation events.
2026-04-22 19:47:11.909 10 INFO neutron.db.ovn_revision_numbers_db [None req-57d930ad-ec70-4d66-9e94-ea823064759c - - - - - -] Successfully bumped revision number for resource e1f87926-123b-41c7-a120-35d4b990ff7a (type: router_ports) to 4
2026-04-22 19:47:11.986 10 INFO neutron.plugins.ml2.drivers.ovn.mech_driver.ovsdb.ovsdb_monitor [None req-57d930ad-ec70-4d66-9e94-ea823064759c - - - - - -] Router 7169a740-ef23-47bf-a771-a4c9bba81a04 is bound to host instance
2026-04-22 19:47:12.113 9 INFO neutron.db.ovn_revision_numbers_db [req-7f76e0c1-2b13-4200-94aa-cc2456e843b8 req-ef317abf-a186-47f6-8e83-73c8c9ad9687 2be3d772be664c0db5a63b325ddce1cb 9fb8bdb7d638446c98d28d79aea56f26 - - default default] Successfully bumped revision number for resource 6cffe044-43fa-4c35-9f9a-447977ff0fec (type: security_groups) to 1
2026-04-22 19:47:12.128 9 INFO neutron.db.ovn_revision_numbers_db [req-7f76e0c1-2b13-4200-94aa-cc2456e843b8 req-ef317abf-a186-47f6-8e83-73c8c9ad9687 2be3d772be664c0db5a63b325ddce1cb 9fb8bdb7d638446c98d28d79aea56f26 - - default default] Successfully bumped revision number for resource 55f63294-f82c-4a62-a6ee-a483f53bd586 (type: security_group_rules) to 0
2026-04-22 19:47:12.147 9 INFO neutron.db.ovn_revision_numbers_db [req-7f76e0c1-2b13-4200-94aa-cc2456e843b8 req-ef317abf-a186-47f6-8e83-73c8c9ad9687 2be3d772be664c0db5a63b325ddce1cb 9fb8bdb7d638446c98d28d79aea56f26 - - default default] Successfully bumped revision number for resource 8bf55ac1-efb2-4f22-aa6c-06135ff94aab (type: security_group_rules) to 0
2026-04-22 19:47:12.168 9 INFO neutron.wsgi [req-7f76e0c1-2b13-4200-94aa-cc2456e843b8 req-ef317abf-a186-47f6-8e83-73c8c9ad9687 2be3d772be664c0db5a63b325ddce1cb 9fb8bdb7d638446c98d28d79aea56f26 - - default default] 10.0.0.68 "POST /v2.0/security-groups HTTP/1.1" status: 201 len: 1821 time: 0.2415164
2026-04-22 19:47:12.596 10 INFO neutron.db.ovn_revision_numbers_db [None req-6020a6b1-6a6c-45cb-aa74-2e39247ecd68 550f234404eb4960871a448a83945bfb d853c331ed19433187edcf8ac7592af9 - - default default] Successfully bumped revision number for resource 155f97c4-20bd-4c62-901a-8b7d96d339f6 (type: router_ports) to 2
2026-04-22 19:47:12.598 10 INFO neutron.wsgi [None req-6020a6b1-6a6c-45cb-aa74-2e39247ecd68 550f234404eb4960871a448a83945bfb d853c331ed19433187edcf8ac7592af9 - - default default] 10.0.0.228 "PUT /v2.0/routers/78ff591d-1fb2-45db-b6fd-3392f5ca18d2/add_router_interface HTTP/1.1" status: 200 len: 503 time: 5.3157194
2026-04-22 19:47:12.689 9 INFO neutron.db.ovn_revision_numbers_db [req-557d312a-d15f-45ac-ad95-33812df14fd4 req-e0653dd4-ab8a-4ed1-9505-50d2e67aa386 2be3d772be664c0db5a63b325ddce1cb 9fb8bdb7d638446c98d28d79aea56f26 - - default default] Successfully bumped revision number for resource e23a97c8-a64e-4ca2-ac5b-aae6d8a0b1f3 (type: security_groups) to 1
2026-04-22 19:47:12.705 9 INFO neutron.db.ovn_revision_numbers_db [req-557d312a-d15f-45ac-ad95-33812df14fd4 req-e0653dd4-ab8a-4ed1-9505-50d2e67aa386 2be3d772be664c0db5a63b325ddce1cb 9fb8bdb7d638446c98d28d79aea56f26 - - default default] Successfully bumped revision number for resource ba0f0f86-414e-4df4-96ac-a7942d6d1bfd (type: security_group_rules) to 0
2026-04-22 19:47:12.718 9 INFO neutron.db.ovn_revision_numbers_db [req-557d312a-d15f-45ac-ad95-33812df14fd4 req-e0653dd4-ab8a-4ed1-9505-50d2e67aa386 2be3d772be664c0db5a63b325ddce1cb 9fb8bdb7d638446c98d28d79aea56f26 - - default default] Successfully bumped revision number for resource d8231aca-3758-400c-b673-191a3811faa1 (type: security_group_rules) to 0
2026-04-22 19:47:12.736 9 INFO neutron.wsgi [req-557d312a-d15f-45ac-ad95-33812df14fd4 req-e0653dd4-ab8a-4ed1-9505-50d2e67aa386 2be3d772be664c0db5a63b325ddce1cb 9fb8bdb7d638446c98d28d79aea56f26 - - default default] 10.0.0.68 "POST /v2.0/security-groups HTTP/1.1" status: 201 len: 1822 time: 0.2318695
2026-04-22 19:47:12.894 9 INFO neutron.db.ovn_revision_numbers_db [req-ebd3dadb-957f-43b3-a56b-148f5d4e049b req-9ed1afb1-83ee-40d8-a170-b14976e6f300 2be3d772be664c0db5a63b325ddce1cb 9fb8bdb7d638446c98d28d79aea56f26 - - default default] Successfully bumped revision number for resource df0c833b-5b88-4974-b976-6d03ac11da10 (type: security_groups) to 1
2026-04-22 19:47:12.911 9 INFO neutron.db.ovn_revision_numbers_db [req-ebd3dadb-957f-43b3-a56b-148f5d4e049b req-9ed1afb1-83ee-40d8-a170-b14976e6f300 2be3d772be664c0db5a63b325ddce1cb 9fb8bdb7d638446c98d28d79aea56f26 - - default default] Successfully bumped revision number for resource 5ef68eb3-5ab3-4fcf-96a4-a68828181eda (type: security_group_rules) to 0
2026-04-22 19:47:12.933 9 INFO neutron.db.ovn_revision_numbers_db [req-ebd3dadb-957f-43b3-a56b-148f5d4e049b req-9ed1afb1-83ee-40d8-a170-b14976e6f300 2be3d772be664c0db5a63b325ddce1cb 9fb8bdb7d638446c98d28d79aea56f26 - - default default] Successfully bumped revision number for resource db99ffd8-fde5-4aa7-bbd6-37aab747bfaa (type: security_group_rules) to 0
2026-04-22 19:47:12.956 9 INFO neutron.wsgi [req-ebd3dadb-957f-43b3-a56b-148f5d4e049b req-9ed1afb1-83ee-40d8-a170-b14976e6f300 2be3d772be664c0db5a63b325ddce1cb 9fb8bdb7d638446c98d28d79aea56f26 - - default default] 10.0.0.68 "POST /v2.0/security-groups HTTP/1.1" status: 201 len: 1823 time: 0.1950502
2026-04-22 19:47:13.038 9 INFO neutron.wsgi [req-17497ee2-e89c-439d-a113-517aa7481113 req-8eba1923-ebec-4ca3-923d-668ab8a66d45 2be3d772be664c0db5a63b325ddce1cb 9fb8bdb7d638446c98d28d79aea56f26 - - default default] 10.0.0.68 "GET /v2.0/security-groups?tenant_id=9fb8bdb7d638446c98d28d79aea56f26 HTTP/1.1" status: 200 len: 7794 time: 0.0558000
2026-04-22 19:47:13.088 9 INFO neutron.plugins.ml2.drivers.ovn.mech_driver.ovsdb.ovsdb_monitor [None req-6d08f02c-416e-4c47-86e6-40e4c7b1504c - - - - - -] Router 7a375634-ad87-448d-9e5a-d80c842dda76 is bound to host instance
2026-04-22 19:47:13.108 9 INFO neutron.wsgi [req-17497ee2-e89c-439d-a113-517aa7481113 req-360bf76d-5137-46d6-ae5f-e2ac8728e2f5 2be3d772be664c0db5a63b325ddce1cb 9fb8bdb7d638446c98d28d79aea56f26 - - default default] 10.0.0.68 "GET /v2.0/security-groups/b77e6c56-b4d4-43af-b1c5-b43cf9d2d590 HTTP/1.1" status: 200 len: 2994 time: 0.0596135
2026-04-22 19:47:13.130 10 INFO neutron.db.ovn_revision_numbers_db [None req-f8cfa25d-0418-4dd8-82b1-85fab30cc533 550f234404eb4960871a448a83945bfb d853c331ed19433187edcf8ac7592af9 - - default default] Successfully bumped revision number for resource b4edec46-6d1b-480c-b39d-9fc62cb1af62 (type: router_ports) to 1
2026-04-22 19:47:13.183 9 INFO neutron.wsgi [req-17497ee2-e89c-439d-a113-517aa7481113 req-fd9b0693-9692-474f-9c53-92a32828b98c 2be3d772be664c0db5a63b325ddce1cb 9fb8bdb7d638446c98d28d79aea56f26 - - default default] 10.0.0.68 "GET /v2.0/security-groups/b77e6c56-b4d4-43af-b1c5-b43cf9d2d590 HTTP/1.1" status: 200 len: 2994 time: 0.0677936
2026-04-22 19:47:13.231 10 INFO neutron.db.ovn_revision_numbers_db [None req-f8cfa25d-0418-4dd8-82b1-85fab30cc533 550f234404eb4960871a448a83945bfb d853c331ed19433187edcf8ac7592af9 - - default default] Successfully bumped revision number for resource 7a375634-ad87-448d-9e5a-d80c842dda76 (type: routers) to 2
2026-04-22 19:47:13.259 10 INFO neutron.wsgi [None req-f8cfa25d-0418-4dd8-82b1-85fab30cc533 550f234404eb4960871a448a83945bfb d853c331ed19433187edcf8ac7592af9 - - default default] 10.0.0.228 "POST /v2.0/routers HTTP/1.1" status: 201 len: 877 time: 3.7713678
2026-04-22 19:47:13.262 9 INFO neutron.wsgi [req-1b398525-3dd7-496f-b38b-8a2bddc2f249 req-269050e7-c193-4ccb-b8ed-457771020dcc 2be3d772be664c0db5a63b325ddce1cb 9fb8bdb7d638446c98d28d79aea56f26 - - default default] 10.0.0.68 "GET /v2.0/security-groups/6cffe044-43fa-4c35-9f9a-447977ff0fec HTTP/1.1" status: 200 len: 1816 time: 0.0528684
2026-04-22 19:47:13.341 9 INFO neutron.db.ovn_revision_numbers_db [req-a41606d5-9238-4e08-9aa1-70817c2113c1 req-4a03f3de-aa95-4687-a330-3cb6848a9ab3 e9a18a9e15364725a06a0cc83fadb017 113f000df46a400c9b466e66f042567a - - default default] Successfully bumped revision number for resource 777defce-f6bd-4813-9e4d-f9d08bcc90fc (type: security_groups) to 1
2026-04-22 19:47:13.349 10 INFO neutron.db.ovn_revision_numbers_db [None req-57d930ad-ec70-4d66-9e94-ea823064759c - - - - - -] Successfully bumped revision number for resource 5eddee78-8fb9-4ffd-b022-831a8d64cc63 (type: ports) to 1
2026-04-22 19:47:13.371 9 INFO neutron.db.ovn_revision_numbers_db [req-a41606d5-9238-4e08-9aa1-70817c2113c1 req-4a03f3de-aa95-4687-a330-3cb6848a9ab3 e9a18a9e15364725a06a0cc83fadb017 113f000df46a400c9b466e66f042567a - - default default] Successfully bumped revision number for resource 83000af9-0d7a-4c26-861d-2bbb5bb739fe (type: security_group_rules) to 0
2026-04-22 19:47:13.399 9 INFO neutron.db.ovn_revision_numbers_db [req-a41606d5-9238-4e08-9aa1-70817c2113c1 req-4a03f3de-aa95-4687-a330-3cb6848a9ab3 e9a18a9e15364725a06a0cc83fadb017 113f000df46a400c9b466e66f042567a - - default default] Successfully bumped revision number for resource 933075aa-099e-4c71-b3f4-a34bd590ba83 (type: security_group_rules) to 0
2026-04-22 19:47:13.422 9 INFO neutron.wsgi [req-a41606d5-9238-4e08-9aa1-70817c2113c1 req-4a03f3de-aa95-4687-a330-3cb6848a9ab3 e9a18a9e15364725a06a0cc83fadb017 113f000df46a400c9b466e66f042567a - - default default] 10.0.0.68 "POST /v2.0/security-groups HTTP/1.1" status: 201 len: 1827 time: 0.3095341
2026-04-22 19:47:13.508 9 INFO neutron.wsgi [req-1b398525-3dd7-496f-b38b-8a2bddc2f249 req-375246db-d07b-4194-90c8-f94f552dd6a2 2be3d772be664c0db5a63b325ddce1cb 9fb8bdb7d638446c98d28d79aea56f26 - - default default] 10.0.0.68 "DELETE /v2.0/security-groups/6cffe044-43fa-4c35-9f9a-447977ff0fec HTTP/1.1" status: 204 len: 173 time: 0.2398543
2026-04-22 19:47:13.513 9 INFO neutron.wsgi [req-2923ad5b-cf9e-4192-beb2-d3b7da222c71 req-0d841bca-a658-4d29-8944-2744a6c56c4d e9a18a9e15364725a06a0cc83fadb017 113f000df46a400c9b466e66f042567a - - default default] 10.0.0.68 "GET /v2.0/security-groups/777defce-f6bd-4813-9e4d-f9d08bcc90fc HTTP/1.1" status: 200 len: 1822 time: 0.0607247
2026-04-22 19:47:13.546 10 INFO neutron.db.ovn_revision_numbers_db [None req-8c987bd6-f68f-4d1b-b564-e691806e6d68 550f234404eb4960871a448a83945bfb d853c331ed19433187edcf8ac7592af9 - - default default] Successfully bumped revision number for resource d3a04905-7019-4a8a-bd47-be71b0953175 (type: router_ports) to 1
2026-04-22 19:47:13.549 10 INFO neutron.wsgi [None req-8c987bd6-f68f-4d1b-b564-e691806e6d68 550f234404eb4960871a448a83945bfb d853c331ed19433187edcf8ac7592af9 - - default default] 10.0.0.228 "PUT /v2.0/routers/7169a740-ef23-47bf-a771-a4c9bba81a04/add_router_interface HTTP/1.1" status: 200 len: 503 time: 5.3578351
2026-04-22 19:47:13.651 9 INFO neutron.api.v2.resource [req-ba0fd94f-47f9-46df-b4fd-add2625a6dfa req-080e53d3-a56a-470f-8fa1-40212de26724 2be3d772be664c0db5a63b325ddce1cb 9fb8bdb7d638446c98d28d79aea56f26 - - default default] show failed (client error): The resource could not be found.
2026-04-22 19:47:13.652 9 INFO neutron.wsgi [req-ba0fd94f-47f9-46df-b4fd-add2625a6dfa req-080e53d3-a56a-470f-8fa1-40212de26724 2be3d772be664c0db5a63b325ddce1cb 9fb8bdb7d638446c98d28d79aea56f26 - - default default] 10.0.0.68 "GET /v2.0/security-groups/6cffe044-43fa-4c35-9f9a-447977ff0fec HTTP/1.1" status: 404 len: 352 time: 0.0301092
2026-04-22 19:47:13.702 9 INFO neutron.plugins.ml2.drivers.ovn.mech_driver.mech_driver [None req-d5d012e9-9431-4ac5-abb5-bd4b7c8ccf8b - - - - - -] OVN reports status up for port: b4edec46-6d1b-480c-b39d-9fc62cb1af62
2026-04-22 19:47:13.733 9 INFO neutron.plugins.ml2.plugin [None req-d5d012e9-9431-4ac5-abb5-bd4b7c8ccf8b - - - - - -] Attempt 1 to provision port b4edec46-6d1b-480c-b39d-9fc62cb1af62
2026-04-22 19:47:13.789 9 INFO neutron.wsgi [req-b33af4a0-8ec7-40ea-b18b-b991aa347326 req-62113c24-31fd-4c12-973d-3c527a3bbc0a 2be3d772be664c0db5a63b325ddce1cb 9fb8bdb7d638446c98d28d79aea56f26 - - default default] 10.0.0.68 "GET /v2.0/security-groups/e23a97c8-a64e-4ca2-ac5b-aae6d8a0b1f3 HTTP/1.1" status: 200 len: 1817 time: 0.1048665
2026-04-22 19:47:13.914 9 INFO neutron.db.ovn_revision_numbers_db [req-2923ad5b-cf9e-4192-beb2-d3b7da222c71 req-e6bb0512-ef93-4508-99f1-8549bf8088ab e9a18a9e15364725a06a0cc83fadb017 113f000df46a400c9b466e66f042567a - - default default] Successfully bumped revision number for resource e383fb68-666b-4f1f-8b3e-39e117471738 (type: security_group_rules) to 0
2026-04-22 19:47:13.928 10 INFO neutron.db.ovn_revision_numbers_db [None req-57d930ad-ec70-4d66-9e94-ea823064759c - - - - - -] Successfully bumped revision number for resource 5eddee78-8fb9-4ffd-b022-831a8d64cc63 (type: router_ports) to 3
2026-04-22 19:47:13.958 9 INFO neutron.wsgi [req-2923ad5b-cf9e-4192-beb2-d3b7da222c71 req-e6bb0512-ef93-4508-99f1-8549bf8088ab e9a18a9e15364725a06a0cc83fadb017 113f000df46a400c9b466e66f042567a - - default default] 10.0.0.68 "POST /v2.0/security-group-rules HTTP/1.1" status: 201 len: 786 time: 0.4356940
2026-04-22 19:47:13.981 9 INFO neutron.db.ovn_revision_numbers_db [None req-6d08f02c-416e-4c47-86e6-40e4c7b1504c - - - - - -] Successfully bumped revision number for resource b4edec46-6d1b-480c-b39d-9fc62cb1af62 (type: ports) to 1
2026-04-22 19:47:14.012 15 INFO neutron.plugins.ml2.drivers.ovn.mech_driver.ovsdb.maintenance [None req-e4dee3a4-5032-485c-a9e8-bd61689fb86a - - - - - -] Maintenance task: Synchronization finished (took 0.03 seconds)
2026-04-22 19:47:14.032 9 INFO neutron.wsgi [req-b33af4a0-8ec7-40ea-b18b-b991aa347326 req-a5661212-2452-47d8-bc10-ff2e0e53e1ca 2be3d772be664c0db5a63b325ddce1cb 9fb8bdb7d638446c98d28d79aea56f26 - - default default] 10.0.0.68 "DELETE /v2.0/security-groups/e23a97c8-a64e-4ca2-ac5b-aae6d8a0b1f3 HTTP/1.1" status: 204 len: 173 time: 0.2365751
2026-04-22 19:47:14.048 10 WARNING neutron.scheduler.dhcp_agent_scheduler [None req-6cca787b-3056-41a2-92a5-899e5f8f86d6 550f234404eb4960871a448a83945bfb d853c331ed19433187edcf8ac7592af9 - - default default] No more DHCP agents
2026-04-22 19:47:14.051 10 WARNING neutron.api.rpc.agentnotifiers.dhcp_rpc_agent_api [None req-6cca787b-3056-41a2-92a5-899e5f8f86d6 550f234404eb4960871a448a83945bfb d853c331ed19433187edcf8ac7592af9 - - default default] Unable to schedule network e7173eb4-ac67-489a-bf56-86692686d0fc: no agents available; will retry on subsequent port and subnet creation events.
2026-04-22 19:47:14.106 9 INFO neutron.api.v2.resource [req-51e9f46c-dfed-4196-a772-7d646a014153 req-5f31b5f5-85d6-47ee-8ff4-cf700d24636d 2be3d772be664c0db5a63b325ddce1cb 9fb8bdb7d638446c98d28d79aea56f26 - - default default] show failed (client error): The resource could not be found.
2026-04-22 19:47:14.108 9 INFO neutron.wsgi [req-51e9f46c-dfed-4196-a772-7d646a014153 req-5f31b5f5-85d6-47ee-8ff4-cf700d24636d 2be3d772be664c0db5a63b325ddce1cb 9fb8bdb7d638446c98d28d79aea56f26 - - default default] 10.0.0.68 "GET /v2.0/security-groups/e23a97c8-a64e-4ca2-ac5b-aae6d8a0b1f3 HTTP/1.1" status: 404 len: 352 time: 0.0313838
2026-04-22 19:47:14.168 10 INFO neutron.db.ovn_revision_numbers_db [None req-57d930ad-ec70-4d66-9e94-ea823064759c - - - - - -] Successfully bumped revision number for resource 5eddee78-8fb9-4ffd-b022-831a8d64cc63 (type: ports) to 2
2026-04-22 19:47:14.197 9 INFO neutron.wsgi [req-91dd048f-bff8-4702-88a7-1c4cbfefdfa3 req-33fa8664-dc43-4315-b8d6-1e805a40fad2 2be3d772be664c0db5a63b325ddce1cb 9fb8bdb7d638446c98d28d79aea56f26 - - default default] 10.0.0.68 "GET /v2.0/security-groups/df0c833b-5b88-4974-b976-6d03ac11da10 HTTP/1.1" status: 200 len: 1818 time: 0.0678093
2026-04-22 19:47:14.299 9 INFO neutron.db.ovn_revision_numbers_db [req-e6792a82-94c7-47f7-bafd-14c94c79ef6b req-d44c50a5-561f-42fd-8865-f31a2a004cbc e9a18a9e15364725a06a0cc83fadb017 113f000df46a400c9b466e66f042567a - - default default] Successfully bumped revision number for resource 8e50c67d-bc5a-4544-9ffc-a6dc80afa868 (type: security_groups) to 1
2026-04-22 19:47:14.305 10 INFO neutron.db.ovn_revision_numbers_db [None req-f3aae57c-dc91-424f-9798-fe9a11c8e585 2640d843ad8645a2a193d3b8e52866a6 59db83fa01db4c7b8b6c6cbb2f1e282f - - default default] Successfully bumped revision number for resource 43afd6f0-74a2-4ca0-aab1-24fc9c8f0e7e (type: security_groups) to 1
2026-04-22 19:47:14.306 10 INFO neutron.db.ovn_revision_numbers_db [None req-6cca787b-3056-41a2-92a5-899e5f8f86d6 550f234404eb4960871a448a83945bfb d853c331ed19433187edcf8ac7592af9 - - default default] Successfully bumped revision number for resource fd25b44b-2c22-4935-b863-ff82561e2777 (type: ports) to 1
2026-04-22 19:47:14.327 9 INFO neutron.db.ovn_revision_numbers_db [req-e6792a82-94c7-47f7-bafd-14c94c79ef6b req-d44c50a5-561f-42fd-8865-f31a2a004cbc e9a18a9e15364725a06a0cc83fadb017 113f000df46a400c9b466e66f042567a - - default default] Successfully bumped revision number for resource 7a243638-2603-409c-96bd-c4f423d22767 (type: security_group_rules) to 0
2026-04-22 19:47:14.347 9 INFO neutron.db.ovn_revision_numbers_db [req-e6792a82-94c7-47f7-bafd-14c94c79ef6b req-d44c50a5-561f-42fd-8865-f31a2a004cbc e9a18a9e15364725a06a0cc83fadb017 113f000df46a400c9b466e66f042567a - - default default] Successfully bumped revision number for resource cdac86ec-9f5b-4c7c-86d9-dc9b0bf3c6db (type: security_group_rules) to 0
2026-04-22 19:47:14.349 10 INFO neutron.db.ovn_revision_numbers_db [None req-f3aae57c-dc91-424f-9798-fe9a11c8e585 2640d843ad8645a2a193d3b8e52866a6 59db83fa01db4c7b8b6c6cbb2f1e282f - - default default] Successfully bumped revision number for resource bca903f1-baaf-49f4-bd85-13de95543440 (type: security_group_rules) to 0
2026-04-22 19:47:14.351 9 INFO neutron.db.ovn_revision_numbers_db [None req-6d08f02c-416e-4c47-86e6-40e4c7b1504c - - - - - -] Successfully bumped revision number for resource b4edec46-6d1b-480c-b39d-9fc62cb1af62 (type: router_ports) to 3
2026-04-22 19:47:14.374 10 INFO neutron.db.ovn_revision_numbers_db [None req-f3aae57c-dc91-424f-9798-fe9a11c8e585 2640d843ad8645a2a193d3b8e52866a6 59db83fa01db4c7b8b6c6cbb2f1e282f - - default default] Successfully bumped revision number for resource d5a69755-3551-4744-a563-200d018794cf (type: security_group_rules) to 0
2026-04-22 19:47:14.376 9 INFO neutron.wsgi [req-e6792a82-94c7-47f7-bafd-14c94c79ef6b req-d44c50a5-561f-42fd-8865-f31a2a004cbc e9a18a9e15364725a06a0cc83fadb017 113f000df46a400c9b466e66f042567a - - default default] 10.0.0.68 "POST /v2.0/security-groups HTTP/1.1" status: 201 len: 1827 time: 0.3276377
2026-04-22 19:47:14.402 9 INFO neutron.wsgi [req-91dd048f-bff8-4702-88a7-1c4cbfefdfa3 req-47676a3e-53f1-4a00-a772-b489dc22444d 2be3d772be664c0db5a63b325ddce1cb 9fb8bdb7d638446c98d28d79aea56f26 - - default default] 10.0.0.68 "DELETE /v2.0/security-groups/df0c833b-5b88-4974-b976-6d03ac11da10 HTTP/1.1" status: 204 len: 173 time: 0.1980858
2026-04-22 19:47:14.417 10 INFO neutron.wsgi [None req-f3aae57c-dc91-424f-9798-fe9a11c8e585 2640d843ad8645a2a193d3b8e52866a6 59db83fa01db4c7b8b6c6cbb2f1e282f - - default default] 10.0.0.228 "POST /v2.0/security-groups HTTP/1.1" status: 201 len: 1797 time: 0.3534005
2026-04-22 19:47:14.435 9 INFO neutron.api.v2.resource [req-857bdeab-c5e6-45a8-bc34-0e1c0e1e1f0f req-8a1b9030-c670-4fed-9f0e-62d981897a4a 2be3d772be664c0db5a63b325ddce1cb 9fb8bdb7d638446c98d28d79aea56f26 - - default default] show failed (client error): The resource could not be found.
2026-04-22 19:47:14.436 9 INFO neutron.wsgi [req-857bdeab-c5e6-45a8-bc34-0e1c0e1e1f0f req-8a1b9030-c670-4fed-9f0e-62d981897a4a 2be3d772be664c0db5a63b325ddce1cb 9fb8bdb7d638446c98d28d79aea56f26 - - default default] 10.0.0.68 "GET /v2.0/security-groups/df0c833b-5b88-4974-b976-6d03ac11da10 HTTP/1.1" status: 404 len: 352 time: 0.0160308
2026-04-22 19:47:14.441 9 INFO neutron.wsgi [req-a61abc9f-7768-4135-b2b8-35f4411d9d1a req-9cd7c1c2-c969-455e-865a-dc9eb02b7be8 e9a18a9e15364725a06a0cc83fadb017 113f000df46a400c9b466e66f042567a - - default default] 10.0.0.68 "GET /v2.0/security-groups/8e50c67d-bc5a-4544-9ffc-a6dc80afa868 HTTP/1.1" status: 200 len: 1822 time: 0.0416756
2026-04-22 19:47:14.510 9 INFO neutron.wsgi [req-198a4993-468a-4f1c-aea7-c3b75e6ee997 req-e541fa1c-3c32-4c00-b041-9b7b8759fec4 2be3d772be664c0db5a63b325ddce1cb 9fb8bdb7d638446c98d28d79aea56f26 - - default default] 10.0.0.68 "GET /v2.0/security-groups?tenant_id=9fb8bdb7d638446c98d28d79aea56f26 HTTP/1.1" status: 200 len: 2997 time: 0.0502806
2026-04-22 19:47:14.557 9 INFO neutron.wsgi [req-198a4993-468a-4f1c-aea7-c3b75e6ee997 req-484b6480-9aaa-4716-b561-b3a3055bc6e4 2be3d772be664c0db5a63b325ddce1cb 9fb8bdb7d638446c98d28d79aea56f26 - - default default] 10.0.0.68 "GET /v2.0/security-groups/b77e6c56-b4d4-43af-b1c5-b43cf9d2d590 HTTP/1.1" status: 200 len: 2994 time: 0.0417306
2026-04-22 19:47:14.559 9 INFO neutron.db.ovn_revision_numbers_db [None req-6d08f02c-416e-4c47-86e6-40e4c7b1504c - - - - - -] Successfully bumped revision number for resource b4edec46-6d1b-480c-b39d-9fc62cb1af62 (type: ports) to 2
2026-04-22 19:47:14.619 9 INFO neutron.wsgi [req-198a4993-468a-4f1c-aea7-c3b75e6ee997 req-943ddc09-bb61-4c15-975f-bc48016be16c 2be3d772be664c0db5a63b325ddce1cb 9fb8bdb7d638446c98d28d79aea56f26 - - default default] 10.0.0.68 "GET /v2.0/security-groups/b77e6c56-b4d4-43af-b1c5-b43cf9d2d590 HTTP/1.1" status: 200 len: 2994 time: 0.0549302
2026-04-22 19:47:14.639 10 INFO neutron.db.ovn_revision_numbers_db [None req-57d930ad-ec70-4d66-9e94-ea823064759c - - - - - -] Successfully bumped revision number for resource 5eddee78-8fb9-4ffd-b022-831a8d64cc63 (type: ports) to 4
2026-04-22 19:47:14.680 9 INFO neutron.db.ovn_revision_numbers_db [req-a61abc9f-7768-4135-b2b8-35f4411d9d1a req-e216de7f-4efb-4959-bd0b-b1e3340e3944 e9a18a9e15364725a06a0cc83fadb017 113f000df46a400c9b466e66f042567a - - default default] Successfully bumped revision number for resource faf52be8-58e9-47af-8e0b-22b65023d109 (type: security_group_rules) to 0
2026-04-22 19:47:14.687 9 INFO neutron.api.v2.resource [req-d3da152e-579c-4b47-bff7-5ed924067d66 req-4dc130df-35c8-485e-9e47-6fd544ef81b4 2be3d772be664c0db5a63b325ddce1cb 9fb8bdb7d638446c98d28d79aea56f26 - - default default] show failed (client error): The resource could not be found.
2026-04-22 19:47:14.689 9 INFO neutron.wsgi [req-d3da152e-579c-4b47-bff7-5ed924067d66 req-4dc130df-35c8-485e-9e47-6fd544ef81b4 2be3d772be664c0db5a63b325ddce1cb 9fb8bdb7d638446c98d28d79aea56f26 - - default default] 10.0.0.68 "GET /v2.0/security-groups/df0c833b-5b88-4974-b976-6d03ac11da10 HTTP/1.1" status: 404 len: 352 time: 0.0221152
2026-04-22 19:47:14.726 9 INFO neutron.wsgi [req-a61abc9f-7768-4135-b2b8-35f4411d9d1a req-e216de7f-4efb-4959-bd0b-b1e3340e3944 e9a18a9e15364725a06a0cc83fadb017 113f000df46a400c9b466e66f042567a - - default default] 10.0.0.68 "POST /v2.0/security-group-rules HTTP/1.1" status: 201 len: 786 time: 0.2735720
2026-04-22 19:47:14.728 9 INFO neutron.api.v2.resource [req-5fc72d86-1ed2-46ab-9a4b-eac80b92668d req-b5efbcf5-17b5-413c-aaee-58ce13c72ce9 2be3d772be664c0db5a63b325ddce1cb 9fb8bdb7d638446c98d28d79aea56f26 - - default default] show failed (client error): The resource could not be found.
2026-04-22 19:47:14.729 9 INFO neutron.wsgi [req-5fc72d86-1ed2-46ab-9a4b-eac80b92668d req-b5efbcf5-17b5-413c-aaee-58ce13c72ce9 2be3d772be664c0db5a63b325ddce1cb 9fb8bdb7d638446c98d28d79aea56f26 - - default default] 10.0.0.68 "GET /v2.0/security-groups/e23a97c8-a64e-4ca2-ac5b-aae6d8a0b1f3 HTTP/1.1" status: 404 len: 352 time: 0.0182862
2026-04-22 19:47:14.775 9 INFO neutron.api.v2.resource [req-58bce4e6-bce7-428b-908c-255d03a5e15b req-e239a80f-cc56-4419-afb0-ff7191589802 2be3d772be664c0db5a63b325ddce1cb 9fb8bdb7d638446c98d28d79aea56f26 - - default default] show failed (client error): The resource could not be found.
2026-04-22 19:47:14.776 9 INFO neutron.wsgi [req-58bce4e6-bce7-428b-908c-255d03a5e15b req-e239a80f-cc56-4419-afb0-ff7191589802 2be3d772be664c0db5a63b325ddce1cb 9fb8bdb7d638446c98d28d79aea56f26 - - default default] 10.0.0.68 "GET /v2.0/security-groups/6cffe044-43fa-4c35-9f9a-447977ff0fec HTTP/1.1" status: 404 len: 352 time: 0.0272033
2026-04-22 19:47:14.801 10 INFO neutron.db.ovn_revision_numbers_db [None req-ea762357-f23c-483d-908f-5d812683f9a1 2640d843ad8645a2a193d3b8e52866a6 59db83fa01db4c7b8b6c6cbb2f1e282f - - default default] Successfully bumped revision number for resource c21290d9-c68e-4fdd-9277-535d263f4cac (type: security_group_rules) to 0
2026-04-22 19:47:14.878 10 INFO neutron.wsgi [None req-ea762357-f23c-483d-908f-5d812683f9a1 2640d843ad8645a2a193d3b8e52866a6 59db83fa01db4c7b8b6c6cbb2f1e282f - - default default] 10.0.0.228 "POST /v2.0/security-group-rules HTTP/1.1" status: 201 len: 764 time: 0.4546018
2026-04-22 19:47:14.933 9 INFO neutron.wsgi [req-9e8d7ce3-fa91-4799-b56f-88d0e80de2d4 req-7c70e053-2609-4782-a534-dd5e4973478c e9a18a9e15364725a06a0cc83fadb017 113f000df46a400c9b466e66f042567a - - default default] 10.0.0.68 "GET /v2.0/security-groups/8e50c67d-bc5a-4544-9ffc-a6dc80afa868 HTTP/1.1" status: 200 len: 2415 time: 0.1832428
2026-04-22 19:47:15.053 9 INFO neutron.db.ovn_revision_numbers_db [None req-6d08f02c-416e-4c47-86e6-40e4c7b1504c - - - - - -] Successfully bumped revision number for resource b4edec46-6d1b-480c-b39d-9fc62cb1af62 (type: ports) to 4
2026-04-22 19:47:15.162 10 INFO neutron.db.ovn_revision_numbers_db [None req-c411a4bc-2959-4ef8-a393-ba2146e010b9 2640d843ad8645a2a193d3b8e52866a6 59db83fa01db4c7b8b6c6cbb2f1e282f - - default default] Successfully bumped revision number for resource 4936202b-b95f-490c-9eb6-270638ea2986 (type: security_group_rules) to 0
2026-04-22 19:47:15.180 9 INFO neutron.plugins.ml2.drivers.ovn.mech_driver.mech_driver [None req-d5d012e9-9431-4ac5-abb5-bd4b7c8ccf8b - - - - - -] OVN reports status up for port: fd25b44b-2c22-4935-b863-ff82561e2777
2026-04-22 19:47:15.210 10 INFO neutron.wsgi [None req-c411a4bc-2959-4ef8-a393-ba2146e010b9 2640d843ad8645a2a193d3b8e52866a6 59db83fa01db4c7b8b6c6cbb2f1e282f - - default default] 10.0.0.228 "POST /v2.0/security-group-rules HTTP/1.1" status: 201 len: 769 time: 0.3133266
2026-04-22 19:47:15.213 10 INFO neutron.db.ovn_revision_numbers_db [None req-6cca787b-3056-41a2-92a5-899e5f8f86d6 550f234404eb4960871a448a83945bfb d853c331ed19433187edcf8ac7592af9 - - default default] Successfully bumped revision number for resource fd25b44b-2c22-4935-b863-ff82561e2777 (type: router_ports) to 1
2026-04-22 19:47:15.221 9 INFO neutron.plugins.ml2.plugin [None req-d5d012e9-9431-4ac5-abb5-bd4b7c8ccf8b - - - - - -] Attempt 1 to provision port fd25b44b-2c22-4935-b863-ff82561e2777
2026-04-22 19:47:15.238 10 INFO neutron.db.ovn_revision_numbers_db [None req-57d930ad-ec70-4d66-9e94-ea823064759c - - - - - -] Successfully bumped revision number for resource 5eddee78-8fb9-4ffd-b022-831a8d64cc63 (type: router_ports) to 4
2026-04-22 19:47:15.270 9 INFO neutron.db.ovn_revision_numbers_db [req-9e8d7ce3-fa91-4799-b56f-88d0e80de2d4 req-622ebe35-4302-4a5b-a9e4-4dc212784c36 e9a18a9e15364725a06a0cc83fadb017 113f000df46a400c9b466e66f042567a - - default default] Successfully bumped revision number for resource 7ee159ef-2409-4b44-bfee-45a3cf39fdad (type: security_group_rules) to 0
2026-04-22 19:47:15.343 9 INFO neutron.wsgi [req-9e8d7ce3-fa91-4799-b56f-88d0e80de2d4 req-622ebe35-4302-4a5b-a9e4-4dc212784c36 e9a18a9e15364725a06a0cc83fadb017 113f000df46a400c9b466e66f042567a - - default default] 10.0.0.68 "POST /v2.0/security-group-rules HTTP/1.1" status: 201 len: 791 time: 0.3941023
2026-04-22 19:47:15.452 9 INFO neutron.wsgi [req-4932ef72-3165-497d-96ff-7ccdc28dc452 req-4e000ca5-7b4d-4563-9e07-70f0af73080c e9a18a9e15364725a06a0cc83fadb017 113f000df46a400c9b466e66f042567a - - default default] 10.0.0.68 "GET /v2.0/security-groups/8e50c67d-bc5a-4544-9ffc-a6dc80afa868 HTTP/1.1" status: 200 len: 3013 time: 0.0750897
2026-04-22 19:47:15.465 10 INFO neutron.db.ovn_revision_numbers_db [None req-6cca787b-3056-41a2-92a5-899e5f8f86d6 550f234404eb4960871a448a83945bfb d853c331ed19433187edcf8ac7592af9 - - default default] Successfully bumped revision number for resource fd25b44b-2c22-4935-b863-ff82561e2777 (type: ports) to 1
2026-04-22 19:47:15.527 9 INFO neutron.wsgi [req-e5dc368a-200f-457b-8ee8-e7907b82c77f req-19506d9b-192f-41a2-b545-7291ed802389 e9a18a9e15364725a06a0cc83fadb017 113f000df46a400c9b466e66f042567a - - default default] 10.0.0.68 "GET /v2.0/security-group-rules/7ee159ef-2409-4b44-bfee-45a3cf39fdad HTTP/1.1" status: 200 len: 783 time: 0.0465071
2026-04-22 19:47:15.563 10 WARNING neutron.scheduler.dhcp_agent_scheduler [None req-6cca787b-3056-41a2-92a5-899e5f8f86d6 550f234404eb4960871a448a83945bfb d853c331ed19433187edcf8ac7592af9 - - default default] No more DHCP agents
2026-04-22 19:47:15.565 10 WARNING neutron.api.rpc.agentnotifiers.dhcp_rpc_agent_api [None req-6cca787b-3056-41a2-92a5-899e5f8f86d6 550f234404eb4960871a448a83945bfb d853c331ed19433187edcf8ac7592af9 - - default default] Unable to schedule network e7173eb4-ac67-489a-bf56-86692686d0fc: no agents available; will retry on subsequent port and subnet creation events.
2026-04-22 19:47:15.636 9 INFO neutron.db.ovn_revision_numbers_db [None req-6d08f02c-416e-4c47-86e6-40e4c7b1504c - - - - - -] Successfully bumped revision number for resource b4edec46-6d1b-480c-b39d-9fc62cb1af62 (type: router_ports) to 4
2026-04-22 19:47:15.638 10 WARNING neutron.scheduler.dhcp_agent_scheduler [None req-2cd8adcf-b1ca-4520-9aa2-65dca4c06f55 2640d843ad8645a2a193d3b8e52866a6 59db83fa01db4c7b8b6c6cbb2f1e282f - - default default] No more DHCP agents
2026-04-22 19:47:15.642 10 WARNING neutron.api.rpc.agentnotifiers.dhcp_rpc_agent_api [None req-2cd8adcf-b1ca-4520-9aa2-65dca4c06f55 2640d843ad8645a2a193d3b8e52866a6 59db83fa01db4c7b8b6c6cbb2f1e282f - - default default] Unable to schedule network c69ca577-0402-4100-a3a3-400d40ab29ce: no agents available; will retry on subsequent port and subnet creation events.
2026-04-22 19:47:15.667 9 INFO neutron.wsgi [req-e5dc368a-200f-457b-8ee8-e7907b82c77f req-ccf9e5f5-6996-44f3-8bf1-9da3fed22514 e9a18a9e15364725a06a0cc83fadb017 113f000df46a400c9b466e66f042567a - - default default] 10.0.0.68 "GET /v2.0/security-groups/8e50c67d-bc5a-4544-9ffc-a6dc80afa868 HTTP/1.1" status: 200 len: 3013 time: 0.1331520
2026-04-22 19:47:15.982 9 INFO neutron.db.ovn_revision_numbers_db [None req-d5d012e9-9431-4ac5-abb5-bd4b7c8ccf8b - - - - - -] Successfully bumped revision number for resource fd25b44b-2c22-4935-b863-ff82561e2777 (type: ports) to 2
2026-04-22 19:47:16.100 9 INFO neutron.wsgi [req-e5dc368a-200f-457b-8ee8-e7907b82c77f req-72572c6d-b5a2-4b5e-a9f1-ca608438802f e9a18a9e15364725a06a0cc83fadb017 113f000df46a400c9b466e66f042567a - - default default] 10.0.0.68 "DELETE /v2.0/security-group-rules/7ee159ef-2409-4b44-bfee-45a3cf39fdad HTTP/1.1" status: 204 len: 173 time: 0.4255290
2026-04-22 19:47:16.158 10 INFO neutron.db.ovn_revision_numbers_db [None req-2cd8adcf-b1ca-4520-9aa2-65dca4c06f55 2640d843ad8645a2a193d3b8e52866a6 59db83fa01db4c7b8b6c6cbb2f1e282f - - default default] Successfully bumped revision number for resource 3cdf2317-62b3-4789-b265-ca802a751d56 (type: floatingips) to 0
2026-04-22 19:47:16.175 10 INFO neutron.wsgi [None req-2cd8adcf-b1ca-4520-9aa2-65dca4c06f55 2640d843ad8645a2a193d3b8e52866a6 59db83fa01db4c7b8b6c6cbb2f1e282f - - default default] 10.0.0.228 "POST /v2.0/floatingips HTTP/1.1" status: 201 len: 751 time: 0.9584312
2026-04-22 19:47:16.196 9 INFO neutron.db.ovn_revision_numbers_db [None req-d5d012e9-9431-4ac5-abb5-bd4b7c8ccf8b - - - - - -] Successfully bumped revision number for resource fd25b44b-2c22-4935-b863-ff82561e2777 (type: router_ports) to 2
2026-04-22 19:47:16.212 9 INFO neutron.wsgi [req-160fd497-3434-4463-af72-6523ddf0f6dd req-c00377d3-5055-451e-93c4-83476604c6b6 e9a18a9e15364725a06a0cc83fadb017 113f000df46a400c9b466e66f042567a - - default default] 10.0.0.68 "GET /v2.0/security-groups/8e50c67d-bc5a-4544-9ffc-a6dc80afa868 HTTP/1.1" status: 200 len: 2415 time: 0.0917192
2026-04-22 19:47:16.412 9 INFO neutron.wsgi [req-160fd497-3434-4463-af72-6523ddf0f6dd req-0f994cff-8d88-4269-9178-2d7feb54834b e9a18a9e15364725a06a0cc83fadb017 113f000df46a400c9b466e66f042567a - - default default] 10.0.0.68 "DELETE /v2.0/security-groups/8e50c67d-bc5a-4544-9ffc-a6dc80afa868 HTTP/1.1" status: 204 len: 173 time: 0.1936362
2026-04-22 19:47:16.492 9 INFO neutron.wsgi [req-ddbe34ae-cec4-4ed3-afa6-64bd35562a1b req-7f705765-f581-4571-8f75-ac134a94fa42 e9a18a9e15364725a06a0cc83fadb017 113f000df46a400c9b466e66f042567a - - default default] 10.0.0.68 "GET /v2.0/security-groups/777defce-f6bd-4813-9e4d-f9d08bcc90fc HTTP/1.1" status: 200 len: 2415 time: 0.0557315
