2026-04-22 19:49:17.506 9 INFO neutron.wsgi [req-c938409d-b96c-4d22-a196-127fb6f8b917 req-3060566f-450a-44a0-bacc-56e990345f77 61a325efe81042de958670109c157905 cefae0f0de3f469ba4b14979546950db - - default default] 10.0.0.68 "GET /v2.0/security-groups?id=96cd2017-b155-495f-9e72-66410de5c369&fields=id&fields=name HTTP/1.1" status: 200 len: 286 time: 0.0447998
2026-04-22 19:49:17.546 10 INFO neutron.wsgi [req-67a6fd95-97cf-4cec-b14d-35519d673c08 req-d0421264-be63-4d2f-9a97-a1ce5c1a35c8 f15f5be073884f858745543f6e5f1a24 5cd41bbf61f7491c905e0e675459d5d1 - - 2d59355e204d4c48a071d6387f8b0a0b 2d59355e204d4c48a071d6387f8b0a0b] 199.204.45.95 "GET /v2.0/networks/6513f56a-e3b2-42b0-a9a1-d0f9bdac2444?fields=segments HTTP/1.1" status: 200 len: 212 time: 0.0605199
2026-04-22 19:49:17.621 10 INFO neutron.wsgi [req-67a6fd95-97cf-4cec-b14d-35519d673c08 req-372b879c-bcaf-495c-a037-1b319277cf2d f15f5be073884f858745543f6e5f1a24 5cd41bbf61f7491c905e0e675459d5d1 - - 2d59355e204d4c48a071d6387f8b0a0b 2d59355e204d4c48a071d6387f8b0a0b] 199.204.45.95 "GET /v2.0/networks/6513f56a-e3b2-42b0-a9a1-d0f9bdac2444?fields=provider%3Aphysical_network&fields=provider%3Anetwork_type HTTP/1.1" status: 200 len: 277 time: 0.0685749
2026-04-22 19:49:17.702 10 INFO neutron.wsgi [req-aaee5674-f302-467e-bb9c-faac8a78f001 req-b28823f1-acef-4429-ab81-bd5a584e9e00 f15f5be073884f858745543f6e5f1a24 5cd41bbf61f7491c905e0e675459d5d1 - - 2d59355e204d4c48a071d6387f8b0a0b 2d59355e204d4c48a071d6387f8b0a0b] 199.204.45.95 "GET /v2.0/ports?tenant_id=cefae0f0de3f469ba4b14979546950db&device_id=e125c622-2db0-44bb-b864-2a621cfe1559 HTTP/1.1" status: 200 len: 1411 time: 0.0317762
2026-04-22 19:49:17.779 10 INFO neutron.wsgi [req-aaee5674-f302-467e-bb9c-faac8a78f001 req-443b29df-1874-40d0-b590-7eac21006aba f15f5be073884f858745543f6e5f1a24 5cd41bbf61f7491c905e0e675459d5d1 - - 2d59355e204d4c48a071d6387f8b0a0b 2d59355e204d4c48a071d6387f8b0a0b] 199.204.45.95 "GET /v2.0/networks?id=6513f56a-e3b2-42b0-a9a1-d0f9bdac2444 HTTP/1.1" status: 200 len: 970 time: 0.0671389
2026-04-22 19:49:17.824 10 INFO neutron.wsgi [req-aaee5674-f302-467e-bb9c-faac8a78f001 req-3d7f8634-182f-4836-ba1b-2acd460a1ef3 f15f5be073884f858745543f6e5f1a24 5cd41bbf61f7491c905e0e675459d5d1 - - 2d59355e204d4c48a071d6387f8b0a0b 2d59355e204d4c48a071d6387f8b0a0b] 199.204.45.95 "GET /v2.0/floatingips?fixed_ip_address=10.100.0.11&port_id=204966f3-3ec9-4a51-869d-215bedf8c7f8 HTTP/1.1" status: 200 len: 217 time: 0.0371563
2026-04-22 19:49:17.846 9 INFO neutron.plugins.ml2.drivers.ovn.mech_driver.mech_driver [None req-d5d012e9-9431-4ac5-abb5-bd4b7c8ccf8b - - - - - -] OVN reports status up for port: 204966f3-3ec9-4a51-869d-215bedf8c7f8
2026-04-22 19:49:17.858 10 INFO neutron.wsgi [req-aaee5674-f302-467e-bb9c-faac8a78f001 req-67882ceb-a854-42e2-8209-20b9a7e59065 f15f5be073884f858745543f6e5f1a24 5cd41bbf61f7491c905e0e675459d5d1 - - 2d59355e204d4c48a071d6387f8b0a0b 2d59355e204d4c48a071d6387f8b0a0b] 199.204.45.95 "GET /v2.0/subnets?id=97c899ad-0261-410c-9619-9b6e21190368 HTTP/1.1" status: 200 len: 865 time: 0.0300150
2026-04-22 19:49:17.869 9 INFO neutron.plugins.ml2.plugin [None req-d5d012e9-9431-4ac5-abb5-bd4b7c8ccf8b - - - - - -] Attempt 1 to provision port 204966f3-3ec9-4a51-869d-215bedf8c7f8
2026-04-22 19:49:17.884 10 INFO neutron.wsgi [req-aaee5674-f302-467e-bb9c-faac8a78f001 req-3261516a-289a-4592-bf0c-9b35b5811b1f f15f5be073884f858745543f6e5f1a24 5cd41bbf61f7491c905e0e675459d5d1 - - 2d59355e204d4c48a071d6387f8b0a0b 2d59355e204d4c48a071d6387f8b0a0b] 199.204.45.95 "GET /v2.0/ports?network_id=6513f56a-e3b2-42b0-a9a1-d0f9bdac2444&device_owner=network%3Adhcp HTTP/1.1" status: 200 len: 210 time: 0.0183694
2026-04-22 19:49:17.968 10 INFO neutron.wsgi [req-aaee5674-f302-467e-bb9c-faac8a78f001 req-c25b293e-10b6-4559-8487-7b31ad92459a f15f5be073884f858745543f6e5f1a24 5cd41bbf61f7491c905e0e675459d5d1 - - 2d59355e204d4c48a071d6387f8b0a0b 2d59355e204d4c48a071d6387f8b0a0b] 199.204.45.95 "GET /v2.0/networks/6513f56a-e3b2-42b0-a9a1-d0f9bdac2444?fields=segments HTTP/1.1" status: 200 len: 212 time: 0.0762076
2026-04-22 19:49:17.990 9 INFO neutron.notifiers.nova [-] Nova event matching ['req-f24f222e-b222-4b1f-b3e1-6234b57c57b6'] response: {'server_uuid': 'e125c622-2db0-44bb-b864-2a621cfe1559', 'name': 'network-vif-plugged', 'status': 'completed', 'tag': '204966f3-3ec9-4a51-869d-215bedf8c7f8', 'code': 200}
2026-04-22 19:49:18.048 10 INFO neutron.wsgi [req-aaee5674-f302-467e-bb9c-faac8a78f001 req-55d7b0d5-59ff-4b2a-9c89-842502f07e47 f15f5be073884f858745543f6e5f1a24 5cd41bbf61f7491c905e0e675459d5d1 - - 2d59355e204d4c48a071d6387f8b0a0b 2d59355e204d4c48a071d6387f8b0a0b] 199.204.45.95 "GET /v2.0/networks/6513f56a-e3b2-42b0-a9a1-d0f9bdac2444?fields=provider%3Aphysical_network&fields=provider%3Anetwork_type HTTP/1.1" status: 200 len: 277 time: 0.0692208
2026-04-22 19:49:18.175 9 INFO neutron.db.ovn_revision_numbers_db [None req-d5d012e9-9431-4ac5-abb5-bd4b7c8ccf8b - - - - - -] Successfully bumped revision number for resource 204966f3-3ec9-4a51-869d-215bedf8c7f8 (type: ports) to 4
2026-04-22 19:49:18.266 10 INFO neutron.wsgi [None req-e0afc6d8-64a0-41e4-adee-950b56b551c4 550f234404eb4960871a448a83945bfb d853c331ed19433187edcf8ac7592af9 - - default default] 10.0.0.228 "GET /v2.0/security-groups?tenant_id=589aba3c5364419b87e359abb0878805&name=default HTTP/1.1" status: 200 len: 2996 time: 0.1828816
2026-04-22 19:49:18.333 10 INFO neutron.wsgi [req-e6e31e23-fcd0-481c-93a1-fe56f164420e req-419f860c-0697-46a0-9cef-0de6573a0ed6 f15f5be073884f858745543f6e5f1a24 5cd41bbf61f7491c905e0e675459d5d1 - - 2d59355e204d4c48a071d6387f8b0a0b 2d59355e204d4c48a071d6387f8b0a0b] 10.0.0.118 "GET /v2.0/ports?device_id=d69072ce-4a4c-446c-a628-ffa7a26b9532 HTTP/1.1" status: 200 len: 1409 time: 0.0390458 /var/lib/openstack/lib/python3.10/site-packages/pycadf/identifier.py:71: UserWarning: Invalid uuid: neutron. To ensure interoperability, identifiers should be a valid uuid. warnings.warn(('Invalid uuid: %s. To ensure interoperability, '
2026-04-22 19:49:18.418 10 INFO neutron.wsgi [req-e6e31e23-fcd0-481c-93a1-fe56f164420e req-ab62dfc2-6e53-46c2-902e-d9a0095a436a f15f5be073884f858745543f6e5f1a24 5cd41bbf61f7491c905e0e675459d5d1 - - 2d59355e204d4c48a071d6387f8b0a0b 2d59355e204d4c48a071d6387f8b0a0b] 10.0.0.118 "GET /v2.0/security-groups?id=53281c48-56cc-4d44-b9a0-1d7a6a40577f&fields=id&fields=name HTTP/1.1" status: 200 len: 313 time: 0.0784388
2026-04-22 19:49:18.452 9 INFO neutron.wsgi [None req-e9fbb2d2-3b91-43a8-a89c-6848499dc9fe 550f234404eb4960871a448a83945bfb d853c331ed19433187edcf8ac7592af9 - - default default] 10.0.0.24 "GET /v2.0/floatingips HTTP/1.1" status: 200 len: 1880 time: 0.1686046
2026-04-22 19:49:18.469 9 INFO neutron.wsgi [None req-0f0931bf-286f-4c4e-92a9-2e8b0012107a 550f234404eb4960871a448a83945bfb d853c331ed19433187edcf8ac7592af9 - - default default] 10.0.0.24 "GET /v2.0/network-ip-availabilities HTTP/1.1" status: 200 len: 2672 time: 0.0150886
2026-04-22 19:49:18.518 9 INFO neutron.wsgi [None req-14b03411-443c-4be0-93c9-5e9dc91ddd5b 550f234404eb4960871a448a83945bfb d853c331ed19433187edcf8ac7592af9 - - default default] 10.0.0.24 "GET /v2.0/subnets HTTP/1.1" status: 200 len: 3387 time: 0.0475271
2026-04-22 19:49:18.561 10 INFO neutron.wsgi [None req-a8ebf028-297e-47d4-8bb5-b76297b73abf 550f234404eb4960871a448a83945bfb d853c331ed19433187edcf8ac7592af9 - - default default] 10.0.0.228 "DELETE /v2.0/security-groups/9c9cdaac-8116-4763-a0a3-165ee4fe7759 HTTP/1.1" status: 204 len: 168 time: 0.2864301
2026-04-22 19:49:18.593 9 INFO neutron.wsgi [None req-0cfa5b56-0143-407f-9be8-e9f4723e99a1 550f234404eb4960871a448a83945bfb d853c331ed19433187edcf8ac7592af9 - - default default] 10.0.0.24 "GET /v2.0/ports HTTP/1.1" status: 200 len: 21815 time: 0.0739915
2026-04-22 19:49:18.593 10 INFO neutron.wsgi [req-f3fa983b-622a-4871-ac35-b36fbe675c84 req-3fc8bcc7-1f42-4b76-8cfe-6609d310b10c f15f5be073884f858745543f6e5f1a24 5cd41bbf61f7491c905e0e675459d5d1 - - 2d59355e204d4c48a071d6387f8b0a0b 2d59355e204d4c48a071d6387f8b0a0b] 10.0.0.118 "GET /v2.0/ports?device_id=4007ec6c-ba74-44d2-aebc-accefea09e30 HTTP/1.1" status: 200 len: 1413 time: 0.0295920
2026-04-22 19:49:18.616 9 INFO neutron.wsgi [None req-954605b5-36b7-49ab-921c-c8d99d828be8 550f234404eb4960871a448a83945bfb d853c331ed19433187edcf8ac7592af9 - - default default] 10.0.0.24 "GET /v2.0/agents HTTP/1.1" status: 200 len: 997 time: 0.0143402
2026-04-22 19:49:18.636 10 INFO neutron.wsgi [req-f3fa983b-622a-4871-ac35-b36fbe675c84 req-fbfe7efb-b843-4b85-a3bf-541eb4ee6431 f15f5be073884f858745543f6e5f1a24 5cd41bbf61f7491c905e0e675459d5d1 - - 2d59355e204d4c48a071d6387f8b0a0b 2d59355e204d4c48a071d6387f8b0a0b] 10.0.0.118 "GET /v2.0/security-groups?id=4bb5898c-e5d7-437b-b09d-1ace247fe347&fields=id&fields=name HTTP/1.1" status: 200 len: 312 time: 0.0377417
2026-04-22 19:49:18.654 9 INFO neutron.wsgi [req-88bdbe3e-04d1-41d5-89f4-82e4cbd3b368 req-256b7945-47ad-4c65-9c15-bde7f1dd06d6 61a325efe81042de958670109c157905 cefae0f0de3f469ba4b14979546950db - - default default] 10.0.0.68 "GET /v2.0/ports?device_id=e125c622-2db0-44bb-b864-2a621cfe1559 HTTP/1.1" status: 200 len: 1174 time: 0.0805995
2026-04-22 19:49:18.738 9 INFO neutron.wsgi [None req-1d5a79f2-df57-4ada-a61c-63ca0975fada 550f234404eb4960871a448a83945bfb d853c331ed19433187edcf8ac7592af9 - - default default] 10.0.0.24 "GET /v2.0/routers HTTP/1.1" status: 200 len: 2204 time: 0.1201761
2026-04-22 19:49:18.750 9 INFO neutron.wsgi [req-88bdbe3e-04d1-41d5-89f4-82e4cbd3b368 req-fbb657ac-c7d1-4f16-8748-19ee7d35ed0f 61a325efe81042de958670109c157905 cefae0f0de3f469ba4b14979546950db - - default default] 10.0.0.68 "GET /v2.0/security-groups?id=96cd2017-b155-495f-9e72-66410de5c369&fields=id&fields=name HTTP/1.1" status: 200 len: 286 time: 0.0840106
2026-04-22 19:49:18.758 9 INFO neutron.wsgi [None req-c675621d-e69f-44ba-8faa-d49d0e189c1d 550f234404eb4960871a448a83945bfb d853c331ed19433187edcf8ac7592af9 - - default default] 10.0.0.24 "GET /v2.0/agents?binary=ovn-controller HTTP/1.1" status: 200 len: 591 time: 0.0180833
2026-04-22 19:49:18.862 9 INFO neutron.wsgi [None req-c735d0bd-a1f4-4fc8-852e-5e323f2b6b9a 550f234404eb4960871a448a83945bfb d853c331ed19433187edcf8ac7592af9 - - default default] 10.0.0.24 "GET /v2.0/networks HTTP/1.1" status: 200 len: 4612 time: 0.1031315
2026-04-22 19:49:18.871 10 INFO neutron.db.ovn_revision_numbers_db [None req-ba843de1-8446-4986-a561-47ef4b515064 550f234404eb4960871a448a83945bfb d853c331ed19433187edcf8ac7592af9 - - default default] Successfully bumped revision number for resource 2d95ee6f-d906-46f0-9455-840849c23035 (type: security_groups) to 1
2026-04-22 19:49:18.889 10 INFO neutron.db.ovn_revision_numbers_db [None req-ba843de1-8446-4986-a561-47ef4b515064 550f234404eb4960871a448a83945bfb d853c331ed19433187edcf8ac7592af9 - - default default] Successfully bumped revision number for resource 095b44e6-f0e6-4a90-9e5a-2e6e80913468 (type: security_group_rules) to 0
2026-04-22 19:49:18.906 10 INFO neutron.db.ovn_revision_numbers_db [None req-ba843de1-8446-4986-a561-47ef4b515064 550f234404eb4960871a448a83945bfb d853c331ed19433187edcf8ac7592af9 - - default default] Successfully bumped revision number for resource 1e5792ed-c2b3-4336-9eaf-4a7f59ffbb37 (type: security_group_rules) to 0
2026-04-22 19:49:18.926 10 INFO neutron.db.ovn_revision_numbers_db [None req-ba843de1-8446-4986-a561-47ef4b515064 550f234404eb4960871a448a83945bfb d853c331ed19433187edcf8ac7592af9 - - default default] Successfully bumped revision number for resource 48fa5ebf-ff12-41f2-852b-535cdfb4d760 (type: security_group_rules) to 0
2026-04-22 19:49:18.943 9 INFO neutron.wsgi [None req-0f8a4815-e81d-4bfc-9108-b06cf2d0eecc 550f234404eb4960871a448a83945bfb d853c331ed19433187edcf8ac7592af9 - - default default] 10.0.0.24 "GET /v2.0/security-groups HTTP/1.1" status: 200 len: 40851 time: 0.0768714
2026-04-22 19:49:18.945 10 INFO neutron.db.ovn_revision_numbers_db [None req-ba843de1-8446-4986-a561-47ef4b515064 550f234404eb4960871a448a83945bfb d853c331ed19433187edcf8ac7592af9 - - default default] Successfully bumped revision number for resource 68d683d7-7d13-455a-ac8a-400a4db5c451 (type: security_group_rules) to 0
2026-04-22 19:49:18.971 10 INFO neutron.wsgi [None req-ba843de1-8446-4986-a561-47ef4b515064 550f234404eb4960871a448a83945bfb d853c331ed19433187edcf8ac7592af9 - - default default] 10.0.0.228 "GET /v2.0/security-groups?tenant_id=aa28d28e05aa489985328a956a1ff75f&name=default HTTP/1.1" status: 200 len: 2996 time: 0.2364950
2026-04-22 19:49:18.991 9 INFO neutron.wsgi [None req-f575e89d-e199-439c-a3e3-abebc5926313 550f234404eb4960871a448a83945bfb d853c331ed19433187edcf8ac7592af9 - - default default] 10.0.0.24 "GET /v2.0/subnets HTTP/1.1" status: 200 len: 3387 time: 0.0385020
2026-04-22 19:49:19.005 9 INFO neutron.wsgi [None req-384a108a-f47b-405d-b287-9ace8278d827 550f234404eb4960871a448a83945bfb d853c331ed19433187edcf8ac7592af9 - - default default] 10.0.0.24 "GET /v2.0/subnetpools HTTP/1.1" status: 200 len: 193 time: 0.0120842
2026-04-22 19:49:19.204 10 INFO neutron.wsgi [None req-06fba3b0-e400-47bb-948a-d98a5ed66602 550f234404eb4960871a448a83945bfb d853c331ed19433187edcf8ac7592af9 - - default default] 10.0.0.228 "DELETE /v2.0/security-groups/2d95ee6f-d906-46f0-9455-840849c23035 HTTP/1.1" status: 204 len: 168 time: 0.2270823
2026-04-22 19:49:19.521 10 INFO neutron.db.ovn_revision_numbers_db [None req-2b31c132-7dfc-4519-ba7f-6fe0d089a321 550f234404eb4960871a448a83945bfb d853c331ed19433187edcf8ac7592af9 - - default default] Successfully bumped revision number for resource d75f5b86-3ccf-4281-aea1-a742fc515c38 (type: security_groups) to 1
2026-04-22 19:49:19.538 10 INFO neutron.db.ovn_revision_numbers_db [None req-2b31c132-7dfc-4519-ba7f-6fe0d089a321 550f234404eb4960871a448a83945bfb d853c331ed19433187edcf8ac7592af9 - - default default] Successfully bumped revision number for resource 49c65e3c-f82d-4216-a6a0-ccc96caaa4e2 (type: security_group_rules) to 0
2026-04-22 19:49:19.553 10 INFO neutron.db.ovn_revision_numbers_db [None req-2b31c132-7dfc-4519-ba7f-6fe0d089a321 550f234404eb4960871a448a83945bfb d853c331ed19433187edcf8ac7592af9 - - default default] Successfully bumped revision number for resource 7685b189-487d-4369-8238-6380f6921d80 (type: security_group_rules) to 0
2026-04-22 19:49:19.600 10 INFO neutron.db.ovn_revision_numbers_db [None req-2b31c132-7dfc-4519-ba7f-6fe0d089a321 550f234404eb4960871a448a83945bfb d853c331ed19433187edcf8ac7592af9 - - default default] Successfully bumped revision number for resource aff887c5-38d2-484e-a85b-3aa4bb637725 (type: security_group_rules) to 0
2026-04-22 19:49:19.629 10 INFO neutron.db.ovn_revision_numbers_db [None req-2b31c132-7dfc-4519-ba7f-6fe0d089a321 550f234404eb4960871a448a83945bfb d853c331ed19433187edcf8ac7592af9 - - default default] Successfully bumped revision number for resource ef3fa44f-bd96-425a-91eb-e82b40d8785b (type: security_group_rules) to 0
2026-04-22 19:49:19.654 10 INFO neutron.wsgi [None req-2b31c132-7dfc-4519-ba7f-6fe0d089a321 550f234404eb4960871a448a83945bfb d853c331ed19433187edcf8ac7592af9 - - default default] 10.0.0.228 "GET /v2.0/security-groups?tenant_id=b11a4846e9434a1cbd01a614eff356d6&name=default HTTP/1.1" status: 200 len: 2996 time: 0.2545531
2026-04-22 19:49:19.854 9 INFO neutron.wsgi [req-1b2cba19-8148-4bc6-b21d-2dba7067c7ed req-cfed70f4-03f1-4fe5-91ff-d892b55b89ac 61a325efe81042de958670109c157905 cefae0f0de3f469ba4b14979546950db - - default default] 10.0.0.68 "GET /v2.0/ports?device_id=e125c622-2db0-44bb-b864-2a621cfe1559 HTTP/1.1" status: 200 len: 1174 time: 0.0441155
2026-04-22 19:49:19.908 9 INFO neutron.wsgi [req-1b2cba19-8148-4bc6-b21d-2dba7067c7ed req-ac2714cb-2814-44b2-9ba0-9b0c726a597f 61a325efe81042de958670109c157905 cefae0f0de3f469ba4b14979546950db - - default default] 10.0.0.68 "GET /v2.0/security-groups?id=96cd2017-b155-495f-9e72-66410de5c369&fields=id&fields=name HTTP/1.1" status: 200 len: 286 time: 0.0493910
2026-04-22 19:49:19.925 9 INFO neutron.wsgi [None req-707c581d-b976-4008-87ea-2cfc92701768 550f234404eb4960871a448a83945bfb d853c331ed19433187edcf8ac7592af9 - - default default] 10.0.0.228 "DELETE /v2.0/security-groups/d75f5b86-3ccf-4281-aea1-a742fc515c38 HTTP/1.1" status: 204 len: 168 time: 0.2656817
2026-04-22 19:49:20.032 9 INFO neutron.notifiers.nova [-] Nova event matching ['req-921ce59b-d8f3-4f63-beb1-38543c11819b'] response: {'server_uuid': 'e125c622-2db0-44bb-b864-2a621cfe1559', 'name': 'network-vif-plugged', 'status': 'completed', 'tag': '204966f3-3ec9-4a51-869d-215bedf8c7f8', 'code': 200}
2026-04-22 19:49:20.350 9 INFO neutron.plugins.ml2.drivers.ovn.mech_driver.mech_driver [None req-d5d012e9-9431-4ac5-abb5-bd4b7c8ccf8b - - - - - -] OVN reports status down for port: 378b4a6e-e326-47da-b62e-c0e0cf64347f
2026-04-22 19:49:20.414 9 INFO neutron.wsgi [req-f4674ef3-c208-4fca-a4f8-00e64f6fcc47 req-07f9cd88-6d37-48f3-97f1-72f02ac86a42 fbb3c77577964a0b8ad5ddcd02221115 bf3710eb5cac47669ef68815b00d3274 - - default default] 10.0.0.68 "GET /v2.0/ports?device_id=d69072ce-4a4c-446c-a628-ffa7a26b9532 HTTP/1.1" status: 200 len: 1170 time: 0.1394851
2026-04-22 19:49:20.484 9 INFO neutron.wsgi [req-f4674ef3-c208-4fca-a4f8-00e64f6fcc47 req-d4553ee6-8742-48de-be9d-6c916a7c87c5 fbb3c77577964a0b8ad5ddcd02221115 bf3710eb5cac47669ef68815b00d3274 - - default default] 10.0.0.68 "GET /v2.0/security-groups?id=53281c48-56cc-4d44-b9a0-1d7a6a40577f&fields=id&fields=name HTTP/1.1" status: 200 len: 313 time: 0.0626459
2026-04-22 19:49:20.722 10 INFO neutron.wsgi [req-c4da9660-693f-4eec-baaf-bc8126e450f1 req-2c0a1c5d-2ba0-42b5-b7ff-9142ea9a818b fbb3c77577964a0b8ad5ddcd02221115 bf3710eb5cac47669ef68815b00d3274 - - default default] 199.204.45.95 "GET /v2.0/ports?device_id=d69072ce-4a4c-446c-a628-ffa7a26b9532 HTTP/1.1" status: 200 len: 1168 time: 0.0865479
2026-04-22 19:49:20.725 9 INFO neutron.db.ovn_revision_numbers_db [None req-d5d012e9-9431-4ac5-abb5-bd4b7c8ccf8b - - - - - -] Successfully bumped revision number for resource 378b4a6e-e326-47da-b62e-c0e0cf64347f (type: ports) to 5 /var/lib/openstack/lib/python3.10/site-packages/pycadf/identifier.py:71: UserWarning: Invalid uuid: neutron. To ensure interoperability, identifiers should be a valid uuid. warnings.warn(('Invalid uuid: %s. To ensure interoperability, '
2026-04-22 19:49:21.070 10 INFO neutron.db.l3_db [req-c4da9660-693f-4eec-baaf-bc8126e450f1 req-641b0841-5ba9-4e0f-9f3c-db0ae4f006f6 fbb3c77577964a0b8ad5ddcd02221115 bf3710eb5cac47669ef68815b00d3274 - - default default] Floating IP 2bd284c6-ea56-4ce0-b1bf-d2358c587ca1 disassociated. External IP: 10.96.250.202, port: 378b4a6e-e326-47da-b62e-c0e0cf64347f.
2026-04-22 19:49:21.139 9 INFO neutron.wsgi [req-1d09ecdc-8a9e-42cf-8eb6-81924fa53e25 req-22800db8-97a9-4a45-8e6d-411b9238cbaa 61a325efe81042de958670109c157905 cefae0f0de3f469ba4b14979546950db - - default default] 10.0.0.68 "GET /v2.0/ports?device_id=e125c622-2db0-44bb-b864-2a621cfe1559 HTTP/1.1" status: 200 len: 1174 time: 0.1595919 /var/lib/openstack/lib/python3.10/site-packages/pycadf/identifier.py:71: UserWarning: Invalid uuid: neutron. To ensure interoperability, identifiers should be a valid uuid. warnings.warn(('Invalid uuid: %s. To ensure interoperability, '
2026-04-22 19:49:21.180 9 INFO neutron.wsgi [req-1d09ecdc-8a9e-42cf-8eb6-81924fa53e25 req-042c7b2a-6849-44a9-b859-77961a48cee1 61a325efe81042de958670109c157905 cefae0f0de3f469ba4b14979546950db - - default default] 10.0.0.68 "GET /v2.0/security-groups?id=96cd2017-b155-495f-9e72-66410de5c369&fields=id&fields=name HTTP/1.1" status: 200 len: 286 time: 0.0338178
2026-04-22 19:49:21.298 10 INFO neutron.wsgi [req-c4da9660-693f-4eec-baaf-bc8126e450f1 req-641b0841-5ba9-4e0f-9f3c-db0ae4f006f6 fbb3c77577964a0b8ad5ddcd02221115 bf3710eb5cac47669ef68815b00d3274 - - default default] 199.204.45.95 "DELETE /v2.0/ports/378b4a6e-e326-47da-b62e-c0e0cf64347f HTTP/1.1" status: 204 len: 173 time: 0.5707057
2026-04-22 19:49:21.340 10 INFO neutron.notifiers.nova [-] Nova event matching ['req-9e8bed9e-eb53-4512-babc-51c62aea5811'] response: {'server_uuid': 'd69072ce-4a4c-446c-a628-ffa7a26b9532', 'name': 'network-vif-deleted', 'tag': '378b4a6e-e326-47da-b62e-c0e0cf64347f', 'status': 'completed', 'code': 200}
2026-04-22 19:49:21.646 9 INFO neutron.wsgi [req-d0fcc096-1c2f-4122-b890-b30c2542abed req-b697ee4f-3a98-41f5-81a9-8c032faafc93 fbb3c77577964a0b8ad5ddcd02221115 bf3710eb5cac47669ef68815b00d3274 - - default default] 10.0.0.68 "GET /v2.0/ports?device_id=d69072ce-4a4c-446c-a628-ffa7a26b9532 HTTP/1.1" status: 200 len: 210 time: 0.0307515
2026-04-22 19:49:21.843 9 INFO neutron.plugins.ml2.drivers.ovn.mech_driver.mech_driver [None req-d5d012e9-9431-4ac5-abb5-bd4b7c8ccf8b - - - - - -] OVN reports status down for port: 204966f3-3ec9-4a51-869d-215bedf8c7f8
2026-04-22 19:49:21.848 9 INFO neutron.wsgi [req-ce1c2181-7da1-4f92-9f29-1272877658c0 req-c98bcb17-d2d2-45b6-b133-acc46e601a4f 60b566929b684b61bacd4048832892af aaed7973c47f4cf19760df7c54b4a251 - - default default] 10.0.0.68 "GET /v2.0/ports?device_id=4007ec6c-ba74-44d2-aebc-accefea09e30 HTTP/1.1" status: 200 len: 1174 time: 0.1455715
2026-04-22 19:49:21.903 9 INFO neutron.wsgi [req-91d1c85f-229b-4ad7-ae64-9ca942c6a2a3 req-55f5bc8e-2525-4ce8-a452-5b9fc1befc51 61a325efe81042de958670109c157905 cefae0f0de3f469ba4b14979546950db - - default default] 10.0.0.68 "GET /v2.0/ports?device_id=e125c622-2db0-44bb-b864-2a621cfe1559 HTTP/1.1" status: 200 len: 1174 time: 0.0802155
2026-04-22 19:49:21.939 9 INFO neutron.wsgi [req-ce1c2181-7da1-4f92-9f29-1272877658c0 req-6980af16-5ca1-45d7-9dd8-55efed9e6bf5 60b566929b684b61bacd4048832892af aaed7973c47f4cf19760df7c54b4a251 - - default default] 10.0.0.68 "GET /v2.0/security-groups?id=4bb5898c-e5d7-437b-b09d-1ace247fe347&fields=id&fields=name HTTP/1.1" status: 200 len: 312 time: 0.0684538
2026-04-22 19:49:21.972 9 INFO neutron.wsgi [req-91d1c85f-229b-4ad7-ae64-9ca942c6a2a3 req-1bfc3a20-84af-42b6-9ae4-7697b200531c 61a325efe81042de958670109c157905 cefae0f0de3f469ba4b14979546950db - - default default] 10.0.0.68 "GET /v2.0/security-groups?id=96cd2017-b155-495f-9e72-66410de5c369&fields=id&fields=name HTTP/1.1" status: 200 len: 286 time: 0.0566709
2026-04-22 19:49:22.073 9 INFO neutron.notifiers.nova [-] Nova event matching ['req-5af6b94b-8bef-4910-aed0-12f75a662113'] response: {'server_uuid': 'd69072ce-4a4c-446c-a628-ffa7a26b9532', 'name': 'network-vif-unplugged', 'status': 'completed', 'tag': '378b4a6e-e326-47da-b62e-c0e0cf64347f', 'code': 200}
2026-04-22 19:49:22.074 9 INFO neutron.notifiers.nova [-] Nova event matching ['req-5af6b94b-8bef-4910-aed0-12f75a662113'] response: {'server_uuid': 'd69072ce-4a4c-446c-a628-ffa7a26b9532', 'name': 'network-vif-plugged', 'status': 'completed', 'tag': '378b4a6e-e326-47da-b62e-c0e0cf64347f', 'code': 200}
2026-04-22 19:49:22.208 10 INFO neutron.plugins.ml2.drivers.ovn.mech_driver.mech_driver [None req-4d511832-6ae8-43ee-8cb3-2282b58f3e1d - - - - - -] OVN reports status down for port: d600dc34-651c-4e35-927b-c9a6863674bd
2026-04-22 19:49:22.238 9 INFO neutron.wsgi [req-af5dbcc6-f106-40da-96e8-bb2181d787ea req-8e00244d-63df-4547-ab80-675640d9cc1a 60b566929b684b61bacd4048832892af aaed7973c47f4cf19760df7c54b4a251 - - default default] 10.0.0.68 "GET /v2.0/ports?device_id=4007ec6c-ba74-44d2-aebc-accefea09e30 HTTP/1.1" status: 200 len: 1174 time: 0.0669117
2026-04-22 19:49:22.248 10 INFO neutron.wsgi [req-1a221067-e578-48b8-adb7-757def9067f5 req-c4ec5391-9c2c-4c06-a47c-076c15cbb273 61a325efe81042de958670109c157905 cefae0f0de3f469ba4b14979546950db - - default default] 199.204.45.95 "GET /v2.0/ports?device_id=e125c622-2db0-44bb-b864-2a621cfe1559 HTTP/1.1" status: 200 len: 1172 time: 0.1143250
2026-04-22 19:49:22.319 9 INFO neutron.db.ovn_revision_numbers_db [None req-d5d012e9-9431-4ac5-abb5-bd4b7c8ccf8b - - - - - -] Successfully bumped revision number for resource 204966f3-3ec9-4a51-869d-215bedf8c7f8 (type: ports) to 5
2026-04-22 19:49:22.328 9 INFO neutron.wsgi [req-af5dbcc6-f106-40da-96e8-bb2181d787ea req-169fe097-f35d-4da6-8da5-73c34b188c4f 60b566929b684b61bacd4048832892af aaed7973c47f4cf19760df7c54b4a251 - - default default] 10.0.0.68 "GET /v2.0/security-groups?id=4bb5898c-e5d7-437b-b09d-1ace247fe347&fields=id&fields=name HTTP/1.1" status: 200 len: 312 time: 0.0827198 /var/lib/openstack/lib/python3.10/site-packages/pycadf/identifier.py:71: UserWarning: Invalid uuid: neutron. To ensure interoperability, identifiers should be a valid uuid. warnings.warn(('Invalid uuid: %s. To ensure interoperability, '
2026-04-22 19:49:22.519 9 INFO neutron.wsgi [req-f2038f07-4f6b-4333-806a-116d613567b2 req-5e7c66c3-6eaa-4b3a-866a-5c4866dc93c0 60b566929b684b61bacd4048832892af aaed7973c47f4cf19760df7c54b4a251 - - default default] 199.204.45.95 "GET /v2.0/ports?device_id=4007ec6c-ba74-44d2-aebc-accefea09e30 HTTP/1.1" status: 200 len: 1172 time: 0.0434456
2026-04-22 19:49:22.633 10 INFO neutron.db.ovn_revision_numbers_db [None req-4d511832-6ae8-43ee-8cb3-2282b58f3e1d - - - - - -] Successfully bumped revision number for resource d600dc34-651c-4e35-927b-c9a6863674bd (type: ports) to 7
2026-04-22 19:49:22.682 10 INFO neutron.wsgi [req-1a221067-e578-48b8-adb7-757def9067f5 req-45bff9ef-8566-4ae5-8ac3-1c34df9933c1 61a325efe81042de958670109c157905 cefae0f0de3f469ba4b14979546950db - - default default] 199.204.45.95 "DELETE /v2.0/ports/204966f3-3ec9-4a51-869d-215bedf8c7f8 HTTP/1.1" status: 204 len: 173 time: 0.4298804 /var/lib/openstack/lib/python3.10/site-packages/pycadf/identifier.py:71: UserWarning: Invalid uuid: neutron. To ensure interoperability, identifiers should be a valid uuid. warnings.warn(('Invalid uuid: %s. To ensure interoperability, '
2026-04-22 19:49:22.889 10 INFO neutron.wsgi [None req-00bf342e-2c34-43b5-8c91-bdd2d5caa2d9 fbb3c77577964a0b8ad5ddcd02221115 bf3710eb5cac47669ef68815b00d3274 - - default default] 10.0.0.228 "DELETE /v2.0/security-groups/53281c48-56cc-4d44-b9a0-1d7a6a40577f HTTP/1.1" status: 204 len: 168 time: 0.1769879
2026-04-22 19:49:23.135 9 INFO neutron.wsgi [req-8d8ece92-c32c-4ef2-90ba-069e79186ed0 req-69147bc6-a46d-445c-9b21-f1b2726cb344 61a325efe81042de958670109c157905 cefae0f0de3f469ba4b14979546950db - - default default] 10.0.0.68 "GET /v2.0/ports?device_id=e125c622-2db0-44bb-b864-2a621cfe1559 HTTP/1.1" status: 200 len: 210 time: 0.0286696
2026-04-22 19:49:23.175 9 INFO neutron.db.l3_db [req-f2038f07-4f6b-4333-806a-116d613567b2 req-7becfa33-dac1-41dc-a9f3-de81ba806f94 60b566929b684b61bacd4048832892af aaed7973c47f4cf19760df7c54b4a251 - - default default] Floating IP 8312180a-5a12-469c-9b93-4ac331a52254 disassociated. External IP: 10.96.250.207, port: d600dc34-651c-4e35-927b-c9a6863674bd.
2026-04-22 19:49:23.300 10 INFO neutron.wsgi [None req-10e32874-5b42-46cb-b78c-a74f65b72926 fbb3c77577964a0b8ad5ddcd02221115 bf3710eb5cac47669ef68815b00d3274 - - default default] 10.0.0.228 "DELETE /v2.0/floatingips/2bd284c6-ea56-4ce0-b1bf-d2358c587ca1 HTTP/1.1" status: 204 len: 168 time: 0.3635073
2026-04-22 19:49:23.393 10 INFO neutron.notifiers.nova [-] Nova event matching ['req-11bfcb80-460b-4c6b-93c3-4f4fe98f65b4'] response: {'server_uuid': '4007ec6c-ba74-44d2-aebc-accefea09e30', 'name': 'network-vif-unplugged', 'status': 'completed', 'tag': 'd600dc34-651c-4e35-927b-c9a6863674bd', 'code': 200}
2026-04-22 19:49:23.393 10 INFO neutron.notifiers.nova [-] Nova event matching ['req-11bfcb80-460b-4c6b-93c3-4f4fe98f65b4'] response: {'server_uuid': '4007ec6c-ba74-44d2-aebc-accefea09e30', 'name': 'network-vif-plugged', 'status': 'completed', 'tag': 'd600dc34-651c-4e35-927b-c9a6863674bd', 'code': 200}
2026-04-22 19:49:23.393 10 INFO neutron.notifiers.nova [-] Nova event matching ['req-11bfcb80-460b-4c6b-93c3-4f4fe98f65b4'] response: {'server_uuid': 'e125c622-2db0-44bb-b864-2a621cfe1559', 'name': 'network-vif-deleted', 'tag': '204966f3-3ec9-4a51-869d-215bedf8c7f8', 'status': 'completed', 'code': 200}
2026-04-22 19:49:23.429 9 INFO neutron.wsgi [req-f2038f07-4f6b-4333-806a-116d613567b2 req-7becfa33-dac1-41dc-a9f3-de81ba806f94 60b566929b684b61bacd4048832892af aaed7973c47f4cf19760df7c54b4a251 - - default default] 199.204.45.95 "DELETE /v2.0/ports/d600dc34-651c-4e35-927b-c9a6863674bd HTTP/1.1" status: 204 len: 173 time: 0.9049335 /var/lib/openstack/lib/python3.10/site-packages/pycadf/identifier.py:71: UserWarning: Invalid uuid: neutron. To ensure interoperability, identifiers should be a valid uuid. warnings.warn(('Invalid uuid: %s. To ensure interoperability, '
2026-04-22 19:49:23.468 9 INFO neutron.wsgi [req-c585456e-0b1b-4da6-a69f-1039866f1320 req-e6346ce1-c704-4eb9-afbb-7c138214fb27 60b566929b684b61bacd4048832892af aaed7973c47f4cf19760df7c54b4a251 - - default default] 10.0.0.68 "GET /v2.0/ports?device_id=4007ec6c-ba74-44d2-aebc-accefea09e30 HTTP/1.1" status: 200 len: 210 time: 0.0286951
2026-04-22 19:49:23.535 10 INFO neutron.plugins.ml2.drivers.ovn.mech_driver.mech_driver [None req-4d511832-6ae8-43ee-8cb3-2282b58f3e1d - - - - - -] OVN reports status down for port: 04ec4dc9-b68a-4e08-bdf7-bb4555a9b4e0
2026-04-22 19:49:23.541 9 INFO neutron.wsgi [req-04663cd0-7fe7-4e65-8e18-7b0fb12c68cb req-81065315-1fdf-467e-919f-92972f7a809d fbb3c77577964a0b8ad5ddcd02221115 bf3710eb5cac47669ef68815b00d3274 - - default default] 10.0.0.68 "GET /v2.0/ports?device_id=a4b72251-278a-462e-a740-a1ffbd602b72 HTTP/1.1" status: 200 len: 1170 time: 0.0577977
2026-04-22 19:49:23.599 9 INFO neutron.wsgi [req-04663cd0-7fe7-4e65-8e18-7b0fb12c68cb req-01015a3e-89ee-428f-9925-033e5d158793 fbb3c77577964a0b8ad5ddcd02221115 bf3710eb5cac47669ef68815b00d3274 - - default default] 10.0.0.68 "GET /v2.0/security-groups?id=7bae6d65-6546-4291-8fe1-dae391ee8e2d&fields=id&fields=name HTTP/1.1" status: 200 len: 313 time: 0.0522552
2026-04-22 19:49:23.843 9 INFO neutron.wsgi [req-251b9b57-2a88-4d5e-b593-3445dcd63630 req-4f0c1996-5b98-4740-80e8-d495cf6d5e86 fbb3c77577964a0b8ad5ddcd02221115 bf3710eb5cac47669ef68815b00d3274 - - default default] 199.204.45.95 "GET /v2.0/ports?device_id=a4b72251-278a-462e-a740-a1ffbd602b72 HTTP/1.1" status: 200 len: 1168 time: 0.0526268
2026-04-22 19:49:24.131 9 INFO neutron.notifiers.nova [-] Nova event matching ['req-3e41e424-08a5-42e6-b7cf-e666d59aad1d'] response: {'server_uuid': 'e125c622-2db0-44bb-b864-2a621cfe1559', 'name': 'network-vif-unplugged', 'status': 'completed', 'tag': '204966f3-3ec9-4a51-869d-215bedf8c7f8', 'code': 200}
2026-04-22 19:49:24.132 9 INFO neutron.notifiers.nova [-] Nova event matching ['req-3e41e424-08a5-42e6-b7cf-e666d59aad1d'] response: {'server_uuid': 'e125c622-2db0-44bb-b864-2a621cfe1559', 'name': 'network-vif-plugged', 'status': 'completed', 'tag': '204966f3-3ec9-4a51-869d-215bedf8c7f8', 'code': 200}
2026-04-22 19:49:24.132 9 INFO neutron.notifiers.nova [-] Nova event matching ['req-3e41e424-08a5-42e6-b7cf-e666d59aad1d'] response: {'server_uuid': '4007ec6c-ba74-44d2-aebc-accefea09e30', 'name': 'network-vif-deleted', 'tag': 'd600dc34-651c-4e35-927b-c9a6863674bd', 'status': 'completed', 'code': 200}
2026-04-22 19:49:24.150 9 INFO neutron.wsgi [req-251b9b57-2a88-4d5e-b593-3445dcd63630 req-68dc306c-dfd9-421f-991d-5a21857c2a2f fbb3c77577964a0b8ad5ddcd02221115 bf3710eb5cac47669ef68815b00d3274 - - default default] 199.204.45.95 "DELETE /v2.0/ports/04ec4dc9-b68a-4e08-bdf7-bb4555a9b4e0 HTTP/1.1" status: 204 len: 173 time: 0.3004029
2026-04-22 19:49:24.162 10 ERROR neutron.plugins.ml2.managers [None req-4d511832-6ae8-43ee-8cb3-2282b58f3e1d - - - - - -] Mechanism driver 'ovn' failed in update_port_postcommit: ovsdbapp.backend.ovs_idl.idlutils.RowNotFound: Cannot find Logical_Switch_Port with name=04ec4dc9-b68a-4e08-bdf7-bb4555a9b4e0
2026-04-22 19:49:24.162 10 ERROR neutron.plugins.ml2.managers
Traceback (most recent call last):
2026-04-22 19:49:24.162 10 ERROR neutron.plugins.ml2.managers
File "/var/lib/openstack/lib/python3.10/site-packages/neutron/plugins/ml2/managers.py", line 497, in _call_on_drivers
2026-04-22 19:49:24.162 10 ERROR neutron.plugins.ml2.managers getattr(driver.obj, method_name)(context)
2026-04-22 19:49:24.162 10 ERROR neutron.plugins.ml2.managers
File "/var/lib/openstack/lib/python3.10/site-packages/neutron/plugins/ml2/drivers/ovn/mech_driver/mech_driver.py", line 892, in update_port_postcommit
2026-04-22 19:49:24.162 10 ERROR neutron.plugins.ml2.managers self._ovn_update_port(context.plugin_context, port, original_port,
2026-04-22 19:49:24.162 10 ERROR neutron.plugins.ml2.managers
File "/var/lib/openstack/lib/python3.10/site-packages/neutron/plugins/ml2/drivers/ovn/mech_driver/mech_driver.py", line 773, in _ovn_update_port
2026-04-22 19:49:24.162 10 ERROR neutron.plugins.ml2.managers self._ovn_client.update_port(plugin_context, port,
2026-04-22 19:49:24.162 10 ERROR neutron.plugins.ml2.managers
File "/var/lib/openstack/lib/python3.10/site-packages/neutron/plugins/ml2/drivers/ovn/mech_driver/ovsdb/ovn_client.py", line 720, in update_port
2026-04-22 19:49:24.162 10 ERROR neutron.plugins.ml2.managers ovn_port = self._nb_idl.lookup('Logical_Switch_Port', port['id'])
2026-04-22 19:49:24.162 10 ERROR neutron.plugins.ml2.managers
File "/var/lib/openstack/lib/python3.10/site-packages/ovsdbapp/backend/ovs_idl/__init__.py", line 183, in lookup
2026-04-22 19:49:24.162 10 ERROR neutron.plugins.ml2.managers return self._lookup(table, record)
2026-04-22 19:49:24.162 10 ERROR neutron.plugins.ml2.managers
File "/var/lib/openstack/lib/python3.10/site-packages/ovsdbapp/backend/ovs_idl/__init__.py", line 234, in _lookup
2026-04-22 19:49:24.162 10 ERROR neutron.plugins.ml2.managers row = idlutils.row_by_value(self, rl.table, rl.column, record)
2026-04-22 19:49:24.162 10 ERROR neutron.plugins.ml2.managers
File "/var/lib/openstack/lib/python3.10/site-packages/ovsdbapp/backend/ovs_idl/idlutils.py", line 114, in row_by_value
2026-04-22 19:49:24.162 10 ERROR neutron.plugins.ml2.managers raise RowNotFound(table=table, col=column, match=match)
2026-04-22 19:49:24.162 10 ERROR neutron.plugins.ml2.managers ovsdbapp.backend.ovs_idl.idlutils.RowNotFound: Cannot find Logical_Switch_Port with name=04ec4dc9-b68a-4e08-bdf7-bb4555a9b4e0
2026-04-22 19:49:24.162 10 ERROR neutron.plugins.ml2.managers 
2026-04-22 19:49:24.179 10 ERROR ovsdbapp.backend.ovs_idl.command [None req-4d511832-6ae8-43ee-8cb3-2282b58f3e1d - - - - - -] Error executing command (LspGetUpCommand): ovsdbapp.backend.ovs_idl.idlutils.RowNotFound: Cannot find Logical_Switch_Port with name=04ec4dc9-b68a-4e08-bdf7-bb4555a9b4e0
2026-04-22 19:49:24.179 10 ERROR ovsdbapp.backend.ovs_idl.command
Traceback (most recent call last):
2026-04-22 19:49:24.179 10 ERROR ovsdbapp.backend.ovs_idl.command
File "/var/lib/openstack/lib/python3.10/site-packages/ovsdbapp/backend/ovs_idl/command.py", line 47, in execute
2026-04-22 19:49:24.179 10 ERROR ovsdbapp.backend.ovs_idl.command self.run_idl(None)
2026-04-22 19:49:24.179 10 ERROR ovsdbapp.backend.ovs_idl.command
File "/var/lib/openstack/lib/python3.10/site-packages/ovsdbapp/schema/ovn_northbound/commands.py", line 650, in run_idl
2026-04-22 19:49:24.179 10 ERROR ovsdbapp.backend.ovs_idl.command lsp = self.api.lookup('Logical_Switch_Port', self.port)
2026-04-22 19:49:24.179 10 ERROR ovsdbapp.backend.ovs_idl.command
File "/var/lib/openstack/lib/python3.10/site-packages/ovsdbapp/backend/ovs_idl/__init__.py", line 183, in lookup
2026-04-22 19:49:24.179 10 ERROR ovsdbapp.backend.ovs_idl.command return self._lookup(table, record)
2026-04-22 19:49:24.179 10 ERROR ovsdbapp.backend.ovs_idl.command
File "/var/lib/openstack/lib/python3.10/site-packages/ovsdbapp/backend/ovs_idl/__init__.py", line 234, in _lookup
2026-04-22 19:49:24.179 10 ERROR ovsdbapp.backend.ovs_idl.command row = idlutils.row_by_value(self, rl.table, rl.column, record)
2026-04-22 19:49:24.179 10 ERROR ovsdbapp.backend.ovs_idl.command
File "/var/lib/openstack/lib/python3.10/site-packages/ovsdbapp/backend/ovs_idl/idlutils.py", line 114, in row_by_value
2026-04-22 19:49:24.179 10 ERROR ovsdbapp.backend.ovs_idl.command raise RowNotFound(table=table, col=column, match=match)
2026-04-22 19:49:24.179 10 ERROR ovsdbapp.backend.ovs_idl.command ovsdbapp.backend.ovs_idl.idlutils.RowNotFound: Cannot find Logical_Switch_Port with name=04ec4dc9-b68a-4e08-bdf7-bb4555a9b4e0
2026-04-22 19:49:24.179 10 ERROR ovsdbapp.backend.ovs_idl.command 
2026-04-22 19:49:24.180 10 ERROR ovsdbapp.event [None req-4d511832-6ae8-43ee-8cb3-2282b58f3e1d - - - - - -] Unexpected exception in notify_loop: ovsdbapp.backend.ovs_idl.idlutils.RowNotFound: Cannot find Logical_Switch_Port with name=04ec4dc9-b68a-4e08-bdf7-bb4555a9b4e0
2026-04-22 19:49:24.180 10 ERROR ovsdbapp.event
Traceback (most recent call last):
2026-04-22 19:49:24.180 10 ERROR ovsdbapp.event
File "/var/lib/openstack/lib/python3.10/site-packages/ovsdbapp/event.py", line 177, in notify_loop
2026-04-22 19:49:24.180 10 ERROR ovsdbapp.event match.run(event, row, updates)
2026-04-22 19:49:24.180 10 ERROR ovsdbapp.event
File "/var/lib/openstack/lib/python3.10/site-packages/neutron/plugins/ml2/drivers/ovn/mech_driver/ovsdb/ovsdb_monitor.py", line 543, in run
2026-04-22 19:49:24.180 10 ERROR ovsdbapp.event self.driver.set_port_status_down(row.name)
2026-04-22 19:49:24.180 10 ERROR ovsdbapp.event
File "/var/lib/openstack/lib/python3.10/site-packages/neutron/plugins/ml2/drivers/ovn/mech_driver/mech_driver.py", line 1231, in set_port_status_down
2026-04-22 19:49:24.180 10 ERROR ovsdbapp.event self._ovn_client.update_lsp_host_info(
2026-04-22 19:49:24.180 10 ERROR ovsdbapp.event
File "/var/lib/openstack/lib/python3.10/site-packages/neutron/plugins/ml2/drivers/ovn/mech_driver/ovsdb/ovn_client.py", line 297, in update_lsp_host_info
2026-04-22 19:49:24.180 10 ERROR ovsdbapp.event port_up = self._nb_idl.lsp_get_up(db_port.id).execute(
2026-04-22 19:49:24.180 10 ERROR ovsdbapp.event
File "/var/lib/openstack/lib/python3.10/site-packages/ovsdbapp/backend/ovs_idl/command.py", line 47, in execute
2026-04-22 19:49:24.180 10 ERROR ovsdbapp.event self.run_idl(None)
2026-04-22 19:49:24.180 10 ERROR ovsdbapp.event
File "/var/lib/openstack/lib/python3.10/site-packages/ovsdbapp/schema/ovn_northbound/commands.py", line 650, in run_idl
2026-04-22 19:49:24.180 10 ERROR ovsdbapp.event lsp = self.api.lookup('Logical_Switch_Port', self.port)
2026-04-22 19:49:24.180 10 ERROR ovsdbapp.event
File "/var/lib/openstack/lib/python3.10/site-packages/ovsdbapp/backend/ovs_idl/__init__.py", line 183, in lookup
2026-04-22 19:49:24.180 10 ERROR ovsdbapp.event return self._lookup(table, record)
2026-04-22 19:49:24.180 10 ERROR ovsdbapp.event
File "/var/lib/openstack/lib/python3.10/site-packages/ovsdbapp/backend/ovs_idl/__init__.py", line 234, in _lookup
2026-04-22 19:49:24.180 10 ERROR ovsdbapp.event row = idlutils.row_by_value(self, rl.table, rl.column, record)
2026-04-22 19:49:24.180 10 ERROR ovsdbapp.event
File "/var/lib/openstack/lib/python3.10/site-packages/ovsdbapp/backend/ovs_idl/idlutils.py", line 114, in row_by_value
2026-04-22 19:49:24.180 10 ERROR ovsdbapp.event raise RowNotFound(table=table, col=column, match=match)
2026-04-22 19:49:24.180 10 ERROR ovsdbapp.event ovsdbapp.backend.ovs_idl.idlutils.RowNotFound: Cannot find Logical_Switch_Port with name=04ec4dc9-b68a-4e08-bdf7-bb4555a9b4e0
2026-04-22 19:49:24.180 10 ERROR ovsdbapp.event 
2026-04-22 19:49:24.289 10 WARNING neutron.scheduler.dhcp_agent_scheduler [None req-e66e5175-91c4-44c3-8241-e52612c848f7 925cbdede21349f7a811f71dc39e31d1 b9fa63025bd348b6ae2faec42a3f69b1 - - default default] No more DHCP agents
2026-04-22 19:49:24.291 10 WARNING neutron.api.rpc.agentnotifiers.dhcp_rpc_agent_api [None req-e66e5175-91c4-44c3-8241-e52612c848f7 925cbdede21349f7a811f71dc39e31d1 b9fa63025bd348b6ae2faec42a3f69b1 - - default default] Unable to schedule network c69ca577-0402-4100-a3a3-400d40ab29ce: no agents available; will retry on subsequent port and subnet creation events.
2026-04-22 19:49:24.617 10 INFO neutron.db.ovn_revision_numbers_db [None req-e66e5175-91c4-44c3-8241-e52612c848f7 925cbdede21349f7a811f71dc39e31d1 b9fa63025bd348b6ae2faec42a3f69b1 - - default default] Successfully bumped revision number for resource dfd4ea90-1629-4ebc-af98-40f8c884d5c9 (type: floatingips) to 0
2026-04-22 19:49:24.632 10 INFO neutron.wsgi [None req-e66e5175-91c4-44c3-8241-e52612c848f7 925cbdede21349f7a811f71dc39e31d1 b9fa63025bd348b6ae2faec42a3f69b1 - - default default] 10.0.0.228 "POST /v2.0/floatingips HTTP/1.1" status: 201 len: 751 time: 1.0806162
2026-04-22 19:49:24.689 10 INFO neutron.wsgi [None req-fbf6c8c0-a77d-4b63-8f85-8088b4eab19e 925cbdede21349f7a811f71dc39e31d1 b9fa63025bd348b6ae2faec42a3f69b1 - - default default] 10.0.0.228 "PUT /v2.0/floatingips/dfd4ea90-1629-4ebc-af98-40f8c884d5c9/tags HTTP/1.1" status: 200 len: 218 time: 0.0515430
2026-04-22 19:49:24.724 10 INFO neutron.wsgi [None req-2da84d9b-e691-4df0-9784-ec3e5d18f794 925cbdede21349f7a811f71dc39e31d1 b9fa63025bd348b6ae2faec42a3f69b1 - - default default] 10.0.0.228 "GET /v2.0/floatingips/dfd4ea90-1629-4ebc-af98-40f8c884d5c9/tags HTTP/1.1" status: 200 len: 218 time: 0.0305815
2026-04-22 19:49:24.739 9 INFO neutron.wsgi [None req-ec7712ae-bf0d-4905-954f-6eea51320a87 60b566929b684b61bacd4048832892af aaed7973c47f4cf19760df7c54b4a251 - - default default] 10.0.0.228 "DELETE /v2.0/security-groups/4bb5898c-e5d7-437b-b09d-1ace247fe347 HTTP/1.1" status: 204 len: 168 time: 0.1747146
2026-04-22 19:49:24.759 9 INFO neutron.api.v2.resource [None req-6a05839d-72a0-4d1e-87de-912c562a4638 60b566929b684b61bacd4048832892af aaed7973c47f4cf19760df7c54b4a251 - - default default] show failed (client error): The resource could not be found.
2026-04-22 19:49:24.760 9 INFO neutron.wsgi [None req-6a05839d-72a0-4d1e-87de-912c562a4638 60b566929b684b61bacd4048832892af aaed7973c47f4cf19760df7c54b4a251 - - default default] 10.0.0.228 "GET /v2.0/security-groups/4bb5898c-e5d7-437b-b09d-1ace247fe347 HTTP/1.1" status: 404 len: 347 time: 0.0137560
2026-04-22 19:49:24.771 10 INFO neutron.wsgi [None req-eb1c1bf6-193c-4944-9fcc-13334aa2c23d 925cbdede21349f7a811f71dc39e31d1 b9fa63025bd348b6ae2faec42a3f69b1 - - default default] 10.0.0.228 "PUT /v2.0/floatingips/dfd4ea90-1629-4ebc-af98-40f8c884d5c9/tags/green HTTP/1.1" status: 201 len: 201 time: 0.0387094
2026-04-22 19:49:24.807 9 INFO neutron.wsgi [-] 10.0.0.56 "GET / HTTP/1.1" status: 200 len: 247 time: 0.0014734
2026-04-22 19:49:24.809 9 INFO neutron.wsgi [-] 10.0.0.56 "GET / HTTP/1.1" status: 200 len: 247 time: 0.0010240
2026-04-22 19:49:24.817 9 INFO neutron.wsgi [None req-a33aa964-28ed-4da1-8e51-cde1cd569437 925cbdede21349f7a811f71dc39e31d1 b9fa63025bd348b6ae2faec42a3f69b1 - - default default] 10.0.0.228 "GET /v2.0/floatingips/dfd4ea90-1629-4ebc-af98-40f8c884d5c9/tags HTTP/1.1" status: 200 len: 227 time: 0.0420694
2026-04-22 19:49:24.854 9 INFO neutron.wsgi [None req-d666bef8-3c86-4d51-b828-5628bc5908e0 925cbdede21349f7a811f71dc39e31d1 b9fa63025bd348b6ae2faec42a3f69b1 - - default default] 10.0.0.228 "PUT /v2.0/floatingips/dfd4ea90-1629-4ebc-af98-40f8c884d5c9/tags/red HTTP/1.1" status: 201 len: 201 time: 0.0325184
2026-04-22 19:49:24.894 9 INFO neutron.wsgi [None req-6539286e-85eb-47c9-9dbd-32d52ffaffb0 925cbdede21349f7a811f71dc39e31d1 b9fa63025bd348b6ae2faec42a3f69b1 - - default default] 10.0.0.228 "GET /v2.0/floatingips/dfd4ea90-1629-4ebc-af98-40f8c884d5c9/tags HTTP/1.1" status: 200 len: 227 time: 0.0362022
2026-04-22 19:49:24.904 9 INFO neutron.wsgi [None req-a5efdb57-f43a-47df-8518-73c98d54bc13 fbb3c77577964a0b8ad5ddcd02221115 bf3710eb5cac47669ef68815b00d3274 - - default default] 10.0.0.228 "DELETE /v2.0/security-groups/7bae6d65-6546-4291-8fe1-dae391ee8e2d HTTP/1.1" status: 204 len: 168 time: 0.2386639
2026-04-22 19:49:24.952 10 INFO neutron.wsgi [None req-ea9e1b76-6bc4-4383-a10e-d29a2851056a 925cbdede21349f7a811f71dc39e31d1 b9fa63025bd348b6ae2faec42a3f69b1 - - default default] 10.0.0.228 "PUT /v2.0/floatingips/dfd4ea90-1629-4ebc-af98-40f8c884d5c9/tags/black.or.white HTTP/1.1" status: 201 len: 201 time: 0.0515442
2026-04-22 19:49:25.000 10 INFO neutron.wsgi [None req-75685282-4e93-48e1-a13a-46122b10af9e 925cbdede21349f7a811f71dc39e31d1 b9fa63025bd348b6ae2faec42a3f69b1 - - default default] 10.0.0.228 "GET /v2.0/floatingips/dfd4ea90-1629-4ebc-af98-40f8c884d5c9/tags HTTP/1.1" status: 200 len: 245 time: 0.0240967
2026-04-22 19:49:25.058 9 INFO neutron.wsgi [None req-0ed11ee2-82b9-4e2d-bbd6-cbde5f1a734c 925cbdede21349f7a811f71dc39e31d1 b9fa63025bd348b6ae2faec42a3f69b1 - - default default] 10.0.0.228 "PUT /v2.0/floatingips/dfd4ea90-1629-4ebc-af98-40f8c884d5c9/tags HTTP/1.1" status: 200 len: 230 time: 0.0522871
2026-04-22 19:49:25.096 10 INFO neutron.wsgi [None req-9b615dac-3ffe-45da-b61a-4001e2d5d79d 925cbdede21349f7a811f71dc39e31d1 b9fa63025bd348b6ae2faec42a3f69b1 - - default default] 10.0.0.228 "GET /v2.0/floatingips/dfd4ea90-1629-4ebc-af98-40f8c884d5c9/tags HTTP/1.1" status: 200 len: 230 time: 0.0289485
2026-04-22 19:49:25.129 10 INFO neutron.wsgi [None req-b807dd7a-8a2b-4b91-a973-5b5ec316b861 925cbdede21349f7a811f71dc39e31d1 b9fa63025bd348b6ae2faec42a3f69b1 - - default default] 10.0.0.228 "GET /v2.0/floatingips/dfd4ea90-1629-4ebc-af98-40f8c884d5c9/tags/red HTTP/1.1" status: 204 len: 168 time: 0.0272701
2026-04-22 19:49:25.162 10 INFO neutron.api.v2.resource [None req-ac473154-0a87-4f48-a8e4-d9910ec60e1a 925cbdede21349f7a811f71dc39e31d1 b9fa63025bd348b6ae2faec42a3f69b1 - - default default] show failed (client error): The resource could not be found.
2026-04-22 19:49:25.163 10 INFO neutron.wsgi [None req-ac473154-0a87-4f48-a8e4-d9910ec60e1a 925cbdede21349f7a811f71dc39e31d1 b9fa63025bd348b6ae2faec42a3f69b1 - - default default] 10.0.0.228 "GET /v2.0/floatingips/dfd4ea90-1629-4ebc-af98-40f8c884d5c9/tags/green HTTP/1.1" status: 404 len: 299 time: 0.0275404
2026-04-22 19:49:25.187 10 INFO neutron.wsgi [None req-df38451a-c995-46ca-aa5d-27b059654226 60b566929b684b61bacd4048832892af aaed7973c47f4cf19760df7c54b4a251 - - default default] 10.0.0.228 "DELETE /v2.0/floatingips/8312180a-5a12-469c-9b93-4ac331a52254 HTTP/1.1" status: 204 len: 168 time: 0.4221699
2026-04-22 19:49:25.222 10 INFO neutron.wsgi [None req-7046f3b2-7ccf-4230-ad29-f76b0b7d69e6 925cbdede21349f7a811f71dc39e31d1 b9fa63025bd348b6ae2faec42a3f69b1 - - default default] 10.0.0.228 "DELETE /v2.0/floatingips/dfd4ea90-1629-4ebc-af98-40f8c884d5c9/tags/red HTTP/1.1" status: 204 len: 168 time: 0.0540340
2026-04-22 19:49:25.258 9 INFO neutron.wsgi [None req-aefa1651-acbd-494b-a10a-be9a96fb2549 925cbdede21349f7a811f71dc39e31d1 b9fa63025bd348b6ae2faec42a3f69b1 - - default default] 10.0.0.228 "GET /v2.0/floatingips/dfd4ea90-1629-4ebc-af98-40f8c884d5c9/tags HTTP/1.1" status: 200 len: 223 time: 0.0300632
2026-04-22 19:49:25.304 10 INFO neutron.api.v2.resource [None req-66fa0c91-8fb5-44d2-9d7a-089dc236afe6 925cbdede21349f7a811f71dc39e31d1 b9fa63025bd348b6ae2faec42a3f69b1 - - default default] delete failed (client error): The resource could not be found.
2026-04-22 19:49:25.306 10 INFO neutron.wsgi [None req-66fa0c91-8fb5-44d2-9d7a-089dc236afe6 925cbdede21349f7a811f71dc39e31d1 b9fa63025bd348b6ae2faec42a3f69b1 - - default default] 10.0.0.228 "DELETE /v2.0/floatingips/dfd4ea90-1629-4ebc-af98-40f8c884d5c9/tags/green HTTP/1.1" status: 404 len: 299 time: 0.0419474
2026-04-22 19:49:25.386 10 INFO neutron.wsgi [None req-06e87a72-f011-4e2d-863c-48a73cda6898 925cbdede21349f7a811f71dc39e31d1 b9fa63025bd348b6ae2faec42a3f69b1 - - default default] 10.0.0.228 "DELETE /v2.0/floatingips/dfd4ea90-1629-4ebc-af98-40f8c884d5c9/tags HTTP/1.1" status: 204 len: 168 time: 0.0721986
2026-04-22 19:49:25.432 10 INFO neutron.notifiers.nova [-] Nova event matching ['req-06e6d804-5c93-4dc7-ab28-5e722a44ed8a'] response: {'server_uuid': 'a4b72251-278a-462e-a740-a1ffbd602b72', 'name': 'network-vif-unplugged', 'status': 'completed', 'tag': '04ec4dc9-b68a-4e08-bdf7-bb4555a9b4e0', 'code': 200}
2026-04-22 19:49:25.433 10 INFO neutron.notifiers.nova [-] Nova event matching ['req-06e6d804-5c93-4dc7-ab28-5e722a44ed8a'] response: {'server_uuid': 'a4b72251-278a-462e-a740-a1ffbd602b72', 'name': 'network-vif-plugged', 'status': 'completed', 'tag': '04ec4dc9-b68a-4e08-bdf7-bb4555a9b4e0', 'code': 200}
2026-04-22 19:49:25.446 10 INFO neutron.wsgi [None req-f0184eb7-4599-418a-ba1d-cc8c5f45467c 925cbdede21349f7a811f71dc39e31d1 b9fa63025bd348b6ae2faec42a3f69b1 - - default default] 10.0.0.228 "GET /v2.0/floatingips/dfd4ea90-1629-4ebc-af98-40f8c884d5c9/tags HTTP/1.1" status: 200 len: 205 time: 0.0545537
2026-04-22 19:49:25.989 9 INFO neutron.wsgi [None req-92e8f568-0fff-4a73-817b-b3a48397149c 925cbdede21349f7a811f71dc39e31d1 b9fa63025bd348b6ae2faec42a3f69b1 - - default default] 10.0.0.228 "DELETE /v2.0/floatingips/dfd4ea90-1629-4ebc-af98-40f8c884d5c9 HTTP/1.1" status: 204 len: 168 time: 0.5340290
2026-04-22 19:49:26.120 9 INFO neutron.wsgi [None req-52bf2d20-960d-4138-83fd-14f0a7d65cb1 fbb3c77577964a0b8ad5ddcd02221115 bf3710eb5cac47669ef68815b00d3274 - - default default] 10.0.0.228 "PUT /v2.0/routers/9d2a2aa3-14e2-4de8-82e0-3cb366a9f99a/remove_router_interface HTTP/1.1" status: 200 len: 503 time: 1.1764011 /var/lib/openstack/lib/python3.10/site-packages/pycadf/identifier.py:71: UserWarning: Invalid uuid: neutron. To ensure interoperability, identifiers should be a valid uuid. warnings.warn(('Invalid uuid: %s. To ensure interoperability, '
2026-04-22 19:49:26.179 9 INFO neutron.notifiers.nova [-] Nova event matching ['req-c8802670-df4f-46cb-a6e9-55fbcc9acd80'] response: {'server_uuid': 'a4b72251-278a-462e-a740-a1ffbd602b72', 'name': 'network-vif-deleted', 'tag': '04ec4dc9-b68a-4e08-bdf7-bb4555a9b4e0', 'status': 'completed', 'code': 200}
2026-04-22 19:49:26.358 9 INFO neutron.wsgi [None req-03d09e29-2f54-4752-bb60-5f3786e27a52 fbb3c77577964a0b8ad5ddcd02221115 bf3710eb5cac47669ef68815b00d3274 - - default default] 10.0.0.228 "DELETE /v2.0/subnets/3200eb75-d953-4511-85f2-35d93ddf396b HTTP/1.1" status: 204 len: 168 time: 0.2328863
2026-04-22 19:49:26.872 10 INFO neutron.wsgi [None req-c69de903-b4ee-4837-8f29-8640d2b1ba95 550f234404eb4960871a448a83945bfb d853c331ed19433187edcf8ac7592af9 - - default default] 10.0.0.228 "PUT /v2.0/routers/568f4098-1cac-4f28-b460-3cafbd329991/remove_router_interface HTTP/1.1" status: 200 len: 503 time: 1.6782570
