2026-04-22 19:51:40.963 9 INFO neutron.db.ovn_revision_numbers_db [None req-3e8baa2e-cbcb-40d2-ac5b-5075d86276ae 550f234404eb4960871a448a83945bfb d853c331ed19433187edcf8ac7592af9 - - default default] Successfully bumped revision number for resource a92a254f-756a-4dfa-9198-476dd0e51460 (type: security_group_rules) to 0
2026-04-22 19:51:40.991 9 INFO neutron.wsgi [None req-3e8baa2e-cbcb-40d2-ac5b-5075d86276ae 550f234404eb4960871a448a83945bfb d853c331ed19433187edcf8ac7592af9 - - default default] 10.0.0.228 "GET /v2.0/security-groups?tenant_id=1ea55a49842445c8bd636f2be8fd3db7&name=default HTTP/1.1" status: 200 len: 3000 time: 0.4015715
2026-04-22 19:51:41.222 9 INFO neutron.wsgi [None req-00154296-472e-488c-92bd-5a552e6a70bd 550f234404eb4960871a448a83945bfb d853c331ed19433187edcf8ac7592af9 - - default default] 10.0.0.228 "DELETE /v2.0/security-groups/473442bd-c21d-4fa6-83b2-9dfa1b3b1ecc HTTP/1.1" status: 204 len: 168 time: 0.2267244
2026-04-22 19:51:41.480 10 INFO neutron.db.ovn_revision_numbers_db [None req-d6f17783-6d84-4336-b980-77d4b79572cf 550f234404eb4960871a448a83945bfb d853c331ed19433187edcf8ac7592af9 - - default default] Successfully bumped revision number for resource 10bb0138-c4cb-42b9-82e4-2ed57a72178c (type: security_groups) to 1
2026-04-22 19:51:41.496 10 INFO neutron.db.ovn_revision_numbers_db [None req-d6f17783-6d84-4336-b980-77d4b79572cf 550f234404eb4960871a448a83945bfb d853c331ed19433187edcf8ac7592af9 - - default default] Successfully bumped revision number for resource 52eaed43-00bb-4c1b-bec1-86bbdc0ee7e0 (type: security_group_rules) to 0
2026-04-22 19:51:41.509 10 INFO neutron.db.ovn_revision_numbers_db [None req-d6f17783-6d84-4336-b980-77d4b79572cf 550f234404eb4960871a448a83945bfb d853c331ed19433187edcf8ac7592af9 - - default default] Successfully bumped revision number for resource 6bfc87cd-5a0e-4263-acac-7fdc4d58e933 (type: security_group_rules) to 0
2026-04-22 19:51:41.524 10 INFO neutron.db.ovn_revision_numbers_db [None req-d6f17783-6d84-4336-b980-77d4b79572cf 550f234404eb4960871a448a83945bfb d853c331ed19433187edcf8ac7592af9 - - default default] Successfully bumped revision number for resource d12a4e2c-158d-4cbe-ba92-eb001e5c11aa (type: security_group_rules) to 0
2026-04-22 19:51:41.538 10 INFO neutron.db.ovn_revision_numbers_db [None req-d6f17783-6d84-4336-b980-77d4b79572cf 550f234404eb4960871a448a83945bfb d853c331ed19433187edcf8ac7592af9 - - default default] Successfully bumped revision number for resource dd8e82e2-d4d1-4614-a24b-f2bb34103b01 (type: security_group_rules) to 0
2026-04-22 19:51:41.560 10 INFO neutron.wsgi [None req-d6f17783-6d84-4336-b980-77d4b79572cf 550f234404eb4960871a448a83945bfb d853c331ed19433187edcf8ac7592af9 - - default default] 10.0.0.228 "GET /v2.0/security-groups?tenant_id=0eefde2606de46acafa044abe3fa7dcf&name=default HTTP/1.1" status: 200 len: 3000 time: 0.1858263
2026-04-22 19:51:41.755 10 INFO neutron.wsgi [None req-6bc90286-b32c-4d0f-aa71-a7b255a40e06 550f234404eb4960871a448a83945bfb d853c331ed19433187edcf8ac7592af9 - - default default] 10.0.0.228 "DELETE /v2.0/security-groups/10bb0138-c4cb-42b9-82e4-2ed57a72178c HTTP/1.1" status: 204 len: 168 time: 0.1898072
2026-04-22 19:51:43.407 9 INFO neutron.wsgi [None req-7505703c-d09a-4313-917d-e110e35eef53 2ec395f747074e24b754c61243d99872 b3a4f6f4e76f41a4bb154a059689b371 - - default default] 10.0.0.228 "POST /v2.0/subnetpools HTTP/1.1" status: 201 len: 715 time: 0.2902985
2026-04-22 19:51:43.441 9 INFO neutron.wsgi [None req-6afb9359-68a0-4015-a5d6-82bc746fc319 2ec395f747074e24b754c61243d99872 b3a4f6f4e76f41a4bb154a059689b371 - - default default] 10.0.0.228 "PUT /v2.0/subnetpools/ea357776-4bc9-448d-8dbd-4601c1e081b9/tags HTTP/1.1" status: 200 len: 218 time: 0.0288460
2026-04-22 19:51:43.467 9 INFO neutron.wsgi [None req-2af9ded3-b94a-45fa-a99d-db9d6e3fc34e 2ec395f747074e24b754c61243d99872 b3a4f6f4e76f41a4bb154a059689b371 - - default default] 10.0.0.228 "GET /v2.0/subnetpools/ea357776-4bc9-448d-8dbd-4601c1e081b9/tags HTTP/1.1" status: 200 len: 218 time: 0.0194635
2026-04-22 19:51:43.512 9 INFO neutron.wsgi [None req-5ffbaa82-c588-40e0-8479-285b3b7b0ff9 2ec395f747074e24b754c61243d99872 b3a4f6f4e76f41a4bb154a059689b371 - - default default] 10.0.0.228 "PUT /v2.0/subnetpools/ea357776-4bc9-448d-8dbd-4601c1e081b9/tags/green HTTP/1.1" status: 201 len: 201 time: 0.0383258
2026-04-22 19:51:43.539 9 INFO neutron.wsgi [None req-e6301c26-c165-4297-afb4-4624ef430dea 2ec395f747074e24b754c61243d99872 b3a4f6f4e76f41a4bb154a059689b371 - - default default] 10.0.0.228 "GET /v2.0/subnetpools/ea357776-4bc9-448d-8dbd-4601c1e081b9/tags HTTP/1.1" status: 200 len: 227 time: 0.0208566
2026-04-22 19:51:43.561 9 INFO neutron.wsgi [None req-cb22191f-6fa0-4397-8653-800d5d4e6edd 2ec395f747074e24b754c61243d99872 b3a4f6f4e76f41a4bb154a059689b371 - - default default] 10.0.0.228 "PUT /v2.0/subnetpools/ea357776-4bc9-448d-8dbd-4601c1e081b9/tags/red HTTP/1.1" status: 201 len: 201 time: 0.0181983
2026-04-22 19:51:43.583 9 INFO neutron.wsgi [None req-14adcc9e-3901-4219-bcda-4bc09aea0fa2 2ec395f747074e24b754c61243d99872 b3a4f6f4e76f41a4bb154a059689b371 - - default default] 10.0.0.228 "GET /v2.0/subnetpools/ea357776-4bc9-448d-8dbd-4601c1e081b9/tags HTTP/1.1" status: 200 len: 227 time: 0.0170543
2026-04-22 19:51:43.614 9 INFO neutron.wsgi [None req-4beea2de-9786-447c-810e-d376aa2b3e79 2ec395f747074e24b754c61243d99872 b3a4f6f4e76f41a4bb154a059689b371 - - default default] 10.0.0.228 "PUT /v2.0/subnetpools/ea357776-4bc9-448d-8dbd-4601c1e081b9/tags/black.or.white HTTP/1.1" status: 201 len: 201 time: 0.0251887
2026-04-22 19:51:43.637 9 INFO neutron.wsgi [None req-621b53c1-260c-4757-9c68-738dca6f932e 2ec395f747074e24b754c61243d99872 b3a4f6f4e76f41a4bb154a059689b371 - - default default] 10.0.0.228 "GET /v2.0/subnetpools/ea357776-4bc9-448d-8dbd-4601c1e081b9/tags HTTP/1.1" status: 200 len: 245 time: 0.0184288
2026-04-22 19:51:43.675 9 INFO neutron.wsgi [None req-f01b2adb-2083-4514-9bd5-16423f3065ae 2ec395f747074e24b754c61243d99872 b3a4f6f4e76f41a4bb154a059689b371 - - default default] 10.0.0.228 "PUT /v2.0/subnetpools/ea357776-4bc9-448d-8dbd-4601c1e081b9/tags HTTP/1.1" status: 200 len: 230 time: 0.0328572
2026-04-22 19:51:43.695 9 INFO neutron.wsgi [None req-96979d6a-7989-4b7a-8504-7d76c770e362 2ec395f747074e24b754c61243d99872 b3a4f6f4e76f41a4bb154a059689b371 - - default default] 10.0.0.228 "GET /v2.0/subnetpools/ea357776-4bc9-448d-8dbd-4601c1e081b9/tags HTTP/1.1" status: 200 len: 230 time: 0.0153031
2026-04-22 19:51:43.717 9 INFO neutron.wsgi [None req-d30959bb-d201-4590-bda4-d0bfd1ac43ec 2ec395f747074e24b754c61243d99872 b3a4f6f4e76f41a4bb154a059689b371 - - default default] 10.0.0.228 "GET /v2.0/subnetpools/ea357776-4bc9-448d-8dbd-4601c1e081b9/tags/red HTTP/1.1" status: 204 len: 168 time: 0.0176826
2026-04-22 19:51:43.738 9 INFO neutron.api.v2.resource [None req-cab21c89-c478-46ed-b213-55355304d4a2 2ec395f747074e24b754c61243d99872 b3a4f6f4e76f41a4bb154a059689b371 - - default default] show failed (client error): The resource could not be found.
2026-04-22 19:51:43.740 9 INFO neutron.wsgi [None req-cab21c89-c478-46ed-b213-55355304d4a2 2ec395f747074e24b754c61243d99872 b3a4f6f4e76f41a4bb154a059689b371 - - default default] 10.0.0.228 "GET /v2.0/subnetpools/ea357776-4bc9-448d-8dbd-4601c1e081b9/tags/green HTTP/1.1" status: 404 len: 299 time: 0.0189166
2026-04-22 19:51:43.769 9 INFO neutron.wsgi [None req-5fcf3052-9274-40e4-9879-bc5bb58a8e34 2ec395f747074e24b754c61243d99872 b3a4f6f4e76f41a4bb154a059689b371 - - default default] 10.0.0.228 "DELETE /v2.0/subnetpools/ea357776-4bc9-448d-8dbd-4601c1e081b9/tags/red HTTP/1.1" status: 204 len: 168 time: 0.0260370
2026-04-22 19:51:43.792 9 INFO neutron.wsgi [None req-38c5f00a-320e-4015-b7a1-3dd2618cfa12 2ec395f747074e24b754c61243d99872 b3a4f6f4e76f41a4bb154a059689b371 - - default default] 10.0.0.228 "GET /v2.0/subnetpools/ea357776-4bc9-448d-8dbd-4601c1e081b9/tags HTTP/1.1" status: 200 len: 223 time: 0.0184898
2026-04-22 19:51:43.841 9 INFO neutron.api.v2.resource [None req-e55fafac-1cc8-49de-9feb-2da16f15e94a 2ec395f747074e24b754c61243d99872 b3a4f6f4e76f41a4bb154a059689b371 - - default default] delete failed (client error): The resource could not be found.
2026-04-22 19:51:43.843 9 INFO neutron.wsgi [None req-e55fafac-1cc8-49de-9feb-2da16f15e94a 2ec395f747074e24b754c61243d99872 b3a4f6f4e76f41a4bb154a059689b371 - - default default] 10.0.0.228 "DELETE /v2.0/subnetpools/ea357776-4bc9-448d-8dbd-4601c1e081b9/tags/green HTTP/1.1" status: 404 len: 299 time: 0.0460956
2026-04-22 19:51:43.885 9 INFO neutron.wsgi [None req-c8eac3ea-8418-4562-aa78-f692dd49496f 2ec395f747074e24b754c61243d99872 b3a4f6f4e76f41a4bb154a059689b371 - - default default] 10.0.0.228 "DELETE /v2.0/subnetpools/ea357776-4bc9-448d-8dbd-4601c1e081b9/tags HTTP/1.1" status: 204 len: 168 time: 0.0351110
2026-04-22 19:51:43.908 9 INFO neutron.wsgi [None req-06990073-79d1-4ab2-ad7c-f1a4a7860d5d 2ec395f747074e24b754c61243d99872 b3a4f6f4e76f41a4bb154a059689b371 - - default default] 10.0.0.228 "GET /v2.0/subnetpools/ea357776-4bc9-448d-8dbd-4601c1e081b9/tags HTTP/1.1" status: 200 len: 205 time: 0.0178142
2026-04-22 19:51:43.987 9 INFO neutron.wsgi [None req-44dac86b-a481-40f2-8b81-c967394eaae5 2ec395f747074e24b754c61243d99872 b3a4f6f4e76f41a4bb154a059689b371 - - default default] 10.0.0.228 "DELETE /v2.0/subnetpools/ea357776-4bc9-448d-8dbd-4601c1e081b9 HTTP/1.1" status: 204 len: 168 time: 0.0594215
2026-04-22 19:51:44.880 10 INFO neutron.db.ovn_revision_numbers_db [None req-dbd0a783-defa-4f88-9482-50e92b4f6d2a 550f234404eb4960871a448a83945bfb d853c331ed19433187edcf8ac7592af9 - - default default] Successfully bumped revision number for resource b96d6bb4-b672-4149-9719-0ba82e2b575c (type: security_groups) to 1
2026-04-22 19:51:44.899 10 INFO neutron.db.ovn_revision_numbers_db [None req-dbd0a783-defa-4f88-9482-50e92b4f6d2a 550f234404eb4960871a448a83945bfb d853c331ed19433187edcf8ac7592af9 - - default default] Successfully bumped revision number for resource 71b15ead-e999-44c5-acb7-f492c394b8e0 (type: security_group_rules) to 0
2026-04-22 19:51:44.915 10 INFO neutron.db.ovn_revision_numbers_db [None req-dbd0a783-defa-4f88-9482-50e92b4f6d2a 550f234404eb4960871a448a83945bfb d853c331ed19433187edcf8ac7592af9 - - default default] Successfully bumped revision number for resource 8e3d3ed2-0e5d-439d-a230-24140ca10e5b (type: security_group_rules) to 0
2026-04-22 19:51:44.933 10 INFO neutron.db.ovn_revision_numbers_db [None req-dbd0a783-defa-4f88-9482-50e92b4f6d2a 550f234404eb4960871a448a83945bfb d853c331ed19433187edcf8ac7592af9 - - default default] Successfully bumped revision number for resource 948a3327-b772-43b1-9cfa-d49a721f10b1 (type: security_group_rules) to 0
2026-04-22 19:51:44.949 10 INFO neutron.db.ovn_revision_numbers_db [None req-dbd0a783-defa-4f88-9482-50e92b4f6d2a 550f234404eb4960871a448a83945bfb d853c331ed19433187edcf8ac7592af9 - - default default] Successfully bumped revision number for resource c31169fc-80c8-47a0-9c15-a4deb9940349 (type: security_group_rules) to 0
2026-04-22 19:51:44.975 10 INFO neutron.wsgi [None req-dbd0a783-defa-4f88-9482-50e92b4f6d2a 550f234404eb4960871a448a83945bfb d853c331ed19433187edcf8ac7592af9 - - default default] 10.0.0.228 "GET /v2.0/security-groups?tenant_id=93a92cd1651148b7877a1385af808ec5&name=default HTTP/1.1" status: 200 len: 3000 time: 0.4091222
2026-04-22 19:51:45.202 10 INFO neutron.wsgi [None req-bdc40f04-3317-480f-88ff-978b7ba253b5 550f234404eb4960871a448a83945bfb d853c331ed19433187edcf8ac7592af9 - - default default] 10.0.0.228 "DELETE /v2.0/security-groups/b96d6bb4-b672-4149-9719-0ba82e2b575c HTTP/1.1" status: 204 len: 168 time: 0.2230840
2026-04-22 19:51:45.457 9 INFO neutron.db.ovn_revision_numbers_db [None req-a286d8bc-079a-41ee-b1bf-ab6b58c048d3 550f234404eb4960871a448a83945bfb d853c331ed19433187edcf8ac7592af9 - - default default] Successfully bumped revision number for resource 2e690c3f-2a5b-4f2c-b6f0-a11bff9548b9 (type: security_groups) to 1
2026-04-22 19:51:45.473 9 INFO neutron.db.ovn_revision_numbers_db [None req-a286d8bc-079a-41ee-b1bf-ab6b58c048d3 550f234404eb4960871a448a83945bfb d853c331ed19433187edcf8ac7592af9 - - default default] Successfully bumped revision number for resource 0fd0d4c3-b381-43f2-810c-847ae9fe61da (type: security_group_rules) to 0
2026-04-22 19:51:45.490 9 INFO neutron.db.ovn_revision_numbers_db [None req-a286d8bc-079a-41ee-b1bf-ab6b58c048d3 550f234404eb4960871a448a83945bfb d853c331ed19433187edcf8ac7592af9 - - default default] Successfully bumped revision number for resource 868fec8f-0d80-400b-a1b8-83e7a4cfbe5a (type: security_group_rules) to 0
2026-04-22 19:51:45.506 9 INFO neutron.db.ovn_revision_numbers_db [None req-a286d8bc-079a-41ee-b1bf-ab6b58c048d3 550f234404eb4960871a448a83945bfb d853c331ed19433187edcf8ac7592af9 - - default default] Successfully bumped revision number for resource 8fe1762a-5653-434c-9821-8efef25fa7e1 (type: security_group_rules) to 0
2026-04-22 19:51:45.523 9 INFO neutron.db.ovn_revision_numbers_db [None req-a286d8bc-079a-41ee-b1bf-ab6b58c048d3 550f234404eb4960871a448a83945bfb d853c331ed19433187edcf8ac7592af9 - - default default] Successfully bumped revision number for resource af631322-2325-40d0-9fda-88f6c595b2fa (type: security_group_rules) to 0
2026-04-22 19:51:45.552 9 INFO neutron.wsgi [None req-a286d8bc-079a-41ee-b1bf-ab6b58c048d3 550f234404eb4960871a448a83945bfb d853c331ed19433187edcf8ac7592af9 - - default default] 10.0.0.228 "GET /v2.0/security-groups?tenant_id=b3a4f6f4e76f41a4bb154a059689b371&name=default HTTP/1.1" status: 200 len: 3000 time: 0.1980586
2026-04-22 19:51:45.748 9 INFO neutron.wsgi [None req-88175af6-a619-47d5-8e32-1a238d4fbe24 550f234404eb4960871a448a83945bfb d853c331ed19433187edcf8ac7592af9 - - default default] 10.0.0.228 "DELETE /v2.0/security-groups/2e690c3f-2a5b-4f2c-b6f0-a11bff9548b9 HTTP/1.1" status: 204 len: 168 time: 0.1903100
2026-04-22 19:51:46.297 10 INFO neutron.db.ovn_revision_numbers_db [None req-0935ec70-18e8-47c4-b8d3-88516b7915ed 1711b9f57793410c83b4bb25ae4f84a8 361ad3590b79414d805cf00a7adf0a47 - - default default] Successfully bumped revision number for resource 9c0f3711-b063-4b48-aeb6-2851cf1f008f (type: security_groups) to 1
2026-04-22 19:51:46.312 10 INFO neutron.db.ovn_revision_numbers_db [None req-0935ec70-18e8-47c4-b8d3-88516b7915ed 1711b9f57793410c83b4bb25ae4f84a8 361ad3590b79414d805cf00a7adf0a47 - - default default] Successfully bumped revision number for resource 8fe8a320-0f4b-44ea-872d-ab7a4451e816 (type: security_group_rules) to 0
2026-04-22 19:51:46.327 10 INFO neutron.db.ovn_revision_numbers_db [None req-0935ec70-18e8-47c4-b8d3-88516b7915ed 1711b9f57793410c83b4bb25ae4f84a8 361ad3590b79414d805cf00a7adf0a47 - - default default] Successfully bumped revision number for resource 9b2b01ba-28d7-47e9-b340-cd441f552139 (type: security_group_rules) to 0
2026-04-22 19:51:46.342 10 INFO neutron.db.ovn_revision_numbers_db [None req-0935ec70-18e8-47c4-b8d3-88516b7915ed 1711b9f57793410c83b4bb25ae4f84a8 361ad3590b79414d805cf00a7adf0a47 - - default default] Successfully bumped revision number for resource e4b095bd-3d33-4dbd-8315-832cda5af970 (type: security_group_rules) to 0
2026-04-22 19:51:46.356 10 INFO neutron.db.ovn_revision_numbers_db [None req-0935ec70-18e8-47c4-b8d3-88516b7915ed 1711b9f57793410c83b4bb25ae4f84a8 361ad3590b79414d805cf00a7adf0a47 - - default default] Successfully bumped revision number for resource f3494fdf-7bc8-4f19-a69a-63fcb93bcb59 (type: security_group_rules) to 0
2026-04-22 19:51:46.418 10 INFO neutron.db.segments_db [None req-0935ec70-18e8-47c4-b8d3-88516b7915ed 1711b9f57793410c83b4bb25ae4f84a8 361ad3590b79414d805cf00a7adf0a47 - - default default] Added segment 2cb016f8-ab8c-4caf-baac-ac0a56480663 of type geneve for network f39c3fe5-dd56-4907-8127-dc498cf46a06
2026-04-22 19:51:46.600 10 INFO neutron.db.ovn_revision_numbers_db [None req-0935ec70-18e8-47c4-b8d3-88516b7915ed 1711b9f57793410c83b4bb25ae4f84a8 361ad3590b79414d805cf00a7adf0a47 - - default default] Successfully bumped revision number for resource f39c3fe5-dd56-4907-8127-dc498cf46a06 (type: networks) to 1
2026-04-22 19:51:46.803 10 WARNING neutron.scheduler.dhcp_agent_scheduler [None req-0935ec70-18e8-47c4-b8d3-88516b7915ed 1711b9f57793410c83b4bb25ae4f84a8 361ad3590b79414d805cf00a7adf0a47 - - default default] No more DHCP agents
2026-04-22 19:51:46.806 10 WARNING neutron.api.rpc.agentnotifiers.dhcp_rpc_agent_api [None req-0935ec70-18e8-47c4-b8d3-88516b7915ed 1711b9f57793410c83b4bb25ae4f84a8 361ad3590b79414d805cf00a7adf0a47 - - default default] Unable to schedule network f39c3fe5-dd56-4907-8127-dc498cf46a06: no agents available; will retry on subsequent port and subnet creation events.
2026-04-22 19:51:46.885 10 INFO neutron.db.ovn_revision_numbers_db [None req-0935ec70-18e8-47c4-b8d3-88516b7915ed 1711b9f57793410c83b4bb25ae4f84a8 361ad3590b79414d805cf00a7adf0a47 - - default default] Successfully bumped revision number for resource 6dcc26db-6887-41b0-80e8-bde7f6c9d412 (type: ports) to 1
2026-04-22 19:51:46.907 10 INFO neutron.wsgi [None req-0935ec70-18e8-47c4-b8d3-88516b7915ed 1711b9f57793410c83b4bb25ae4f84a8 361ad3590b79414d805cf00a7adf0a47 - - default default] 10.0.0.228 "POST /v2.0/networks HTTP/1.1" status: 201 len: 830 time: 0.9834650
2026-04-22 19:51:47.009 10 INFO neutron.db.segments_db [None req-18c931df-7fe0-4d98-b105-91060d73df24 1711b9f57793410c83b4bb25ae4f84a8 361ad3590b79414d805cf00a7adf0a47 - - default default] Added segment 54631980-f378-4d87-811d-b8e40fac0b4e of type geneve for network dbf6f073-0b96-4c5a-9926-89b56fdcf973
2026-04-22 19:51:47.154 10 INFO neutron.db.ovn_revision_numbers_db [None req-18c931df-7fe0-4d98-b105-91060d73df24 1711b9f57793410c83b4bb25ae4f84a8 361ad3590b79414d805cf00a7adf0a47 - - default default] Successfully bumped revision number for resource dbf6f073-0b96-4c5a-9926-89b56fdcf973 (type: networks) to 1
2026-04-22 19:51:47.324 10 WARNING neutron.scheduler.dhcp_agent_scheduler [None req-18c931df-7fe0-4d98-b105-91060d73df24 1711b9f57793410c83b4bb25ae4f84a8 361ad3590b79414d805cf00a7adf0a47 - - default default] No more DHCP agents
2026-04-22 19:51:47.326 10 WARNING neutron.api.rpc.agentnotifiers.dhcp_rpc_agent_api [None req-18c931df-7fe0-4d98-b105-91060d73df24 1711b9f57793410c83b4bb25ae4f84a8 361ad3590b79414d805cf00a7adf0a47 - - default default] Unable to schedule network dbf6f073-0b96-4c5a-9926-89b56fdcf973: no agents available; will retry on subsequent port and subnet creation events.
2026-04-22 19:51:47.399 10 INFO neutron.db.ovn_revision_numbers_db [None req-18c931df-7fe0-4d98-b105-91060d73df24 1711b9f57793410c83b4bb25ae4f84a8 361ad3590b79414d805cf00a7adf0a47 - - default default] Successfully bumped revision number for resource dceebede-b414-4534-b685-89c394fc2612 (type: ports) to 1
2026-04-22 19:51:47.421 10 INFO neutron.wsgi [None req-18c931df-7fe0-4d98-b105-91060d73df24 1711b9f57793410c83b4bb25ae4f84a8 361ad3590b79414d805cf00a7adf0a47 - - default default] 10.0.0.228 "POST /v2.0/networks HTTP/1.1" status: 201 len: 831 time: 0.5104883
2026-04-22 19:51:47.515 10 INFO neutron.db.segments_db [None req-d61de440-ee72-4b33-b96f-e587c973097a 1711b9f57793410c83b4bb25ae4f84a8 361ad3590b79414d805cf00a7adf0a47 - - default default] Added segment 47d6aae9-6c87-4b11-a8da-ffcaa3d91777 of type geneve for network a5beef7b-00dd-46a9-a5ab-d2046d434d90
2026-04-22 19:51:47.645 10 INFO neutron.db.ovn_revision_numbers_db [None req-d61de440-ee72-4b33-b96f-e587c973097a 1711b9f57793410c83b4bb25ae4f84a8 361ad3590b79414d805cf00a7adf0a47 - - default default] Successfully bumped revision number for resource a5beef7b-00dd-46a9-a5ab-d2046d434d90 (type: networks) to 1
2026-04-22 19:51:47.822 10 WARNING neutron.scheduler.dhcp_agent_scheduler [None req-d61de440-ee72-4b33-b96f-e587c973097a 1711b9f57793410c83b4bb25ae4f84a8 361ad3590b79414d805cf00a7adf0a47 - - default default] No more DHCP agents
2026-04-22 19:51:47.824 10 WARNING neutron.api.rpc.agentnotifiers.dhcp_rpc_agent_api [None req-d61de440-ee72-4b33-b96f-e587c973097a 1711b9f57793410c83b4bb25ae4f84a8 361ad3590b79414d805cf00a7adf0a47 - - default default] Unable to schedule network a5beef7b-00dd-46a9-a5ab-d2046d434d90: no agents available; will retry on subsequent port and subnet creation events.
2026-04-22 19:51:47.905 10 INFO neutron.db.ovn_revision_numbers_db [None req-d61de440-ee72-4b33-b96f-e587c973097a 1711b9f57793410c83b4bb25ae4f84a8 361ad3590b79414d805cf00a7adf0a47 - - default default] Successfully bumped revision number for resource f2cd0009-070b-46ff-aa27-fb21e0fe8fec (type: ports) to 1
2026-04-22 19:51:47.930 10 INFO neutron.wsgi [None req-d61de440-ee72-4b33-b96f-e587c973097a 1711b9f57793410c83b4bb25ae4f84a8 361ad3590b79414d805cf00a7adf0a47 - - default default] 10.0.0.228 "POST /v2.0/networks HTTP/1.1" status: 201 len: 831 time: 0.5028913
2026-04-22 19:51:48.032 9 INFO neutron.db.segments_db [None req-c7a0f9ef-0e4e-4ae4-8fad-e5596d64c4db 1711b9f57793410c83b4bb25ae4f84a8 361ad3590b79414d805cf00a7adf0a47 - - default default] Added segment 62e9c647-ca7d-4eec-bff0-38b386f90812 of type geneve for network 138833c0-c53d-4bb6-9f73-fc997de43b01
2026-04-22 19:51:48.127 10 INFO neutron.wsgi [None req-41fabdc0-08e7-4077-b5fe-515e7caef072 71172615827048d099d4ffbf737f1209 e74d27fff5044e66a69288f85c7eae06 - - default default] 10.0.0.228 "GET /v2.0/subnets/19d83bdc-021b-4ada-9a30-6a61f92a515b HTTP/1.1" status: 200 len: 845 time: 0.0368104
2026-04-22 19:51:48.199 9 INFO neutron.db.ovn_revision_numbers_db [None req-c7a0f9ef-0e4e-4ae4-8fad-e5596d64c4db 1711b9f57793410c83b4bb25ae4f84a8 361ad3590b79414d805cf00a7adf0a47 - - default default] Successfully bumped revision number for resource 138833c0-c53d-4bb6-9f73-fc997de43b01 (type: networks) to 1
2026-04-22 19:51:48.391 9 WARNING neutron.scheduler.dhcp_agent_scheduler [None req-c7a0f9ef-0e4e-4ae4-8fad-e5596d64c4db 1711b9f57793410c83b4bb25ae4f84a8 361ad3590b79414d805cf00a7adf0a47 - - default default] No more DHCP agents
2026-04-22 19:51:48.393 9 WARNING neutron.api.rpc.agentnotifiers.dhcp_rpc_agent_api [None req-c7a0f9ef-0e4e-4ae4-8fad-e5596d64c4db 1711b9f57793410c83b4bb25ae4f84a8 361ad3590b79414d805cf00a7adf0a47 - - default default] Unable to schedule network 138833c0-c53d-4bb6-9f73-fc997de43b01: no agents available; will retry on subsequent port and subnet creation events.
2026-04-22 19:51:48.477 9 INFO neutron.db.ovn_revision_numbers_db [None req-c7a0f9ef-0e4e-4ae4-8fad-e5596d64c4db 1711b9f57793410c83b4bb25ae4f84a8 361ad3590b79414d805cf00a7adf0a47 - - default default] Successfully bumped revision number for resource dcd97601-46d3-426a-940f-7efa033c4f20 (type: ports) to 1
2026-04-22 19:51:48.500 9 INFO neutron.wsgi [None req-c7a0f9ef-0e4e-4ae4-8fad-e5596d64c4db 1711b9f57793410c83b4bb25ae4f84a8 361ad3590b79414d805cf00a7adf0a47 - - default default] 10.0.0.228 "POST /v2.0/networks HTTP/1.1" status: 201 len: 831 time: 0.5650122
2026-04-22 19:51:48.594 9 INFO neutron.db.segments_db [None req-2870beae-8a8a-48d3-9e2f-c0bedec9cd39 1711b9f57793410c83b4bb25ae4f84a8 361ad3590b79414d805cf00a7adf0a47 - - default default] Added segment c8a2dc85-5b01-4853-a04f-7668dd9ff23e of type geneve for network a956f76e-2c2d-4f95-b9f6-c8cbef9efde2
2026-04-22 19:51:48.733 9 INFO neutron.db.ovn_revision_numbers_db [None req-2870beae-8a8a-48d3-9e2f-c0bedec9cd39 1711b9f57793410c83b4bb25ae4f84a8 361ad3590b79414d805cf00a7adf0a47 - - default default] Successfully bumped revision number for resource a956f76e-2c2d-4f95-b9f6-c8cbef9efde2 (type: networks) to 1
2026-04-22 19:51:48.799 10 INFO neutron.wsgi [None req-4af85865-ad15-425d-8e20-d91b7434ea88 550f234404eb4960871a448a83945bfb d853c331ed19433187edcf8ac7592af9 - - default default] 10.0.0.189 "GET /v2.0/extensions/security-group HTTP/1.1" status: 200 len: 369 time: 0.0855136
2026-04-22 19:51:48.812 10 INFO neutron.wsgi [None req-ec1d0040-4704-436c-8f27-c3e9c8fd79e9 550f234404eb4960871a448a83945bfb d853c331ed19433187edcf8ac7592af9 - - default default] 10.0.0.189 "GET /v2.0/extensions/dns-integration HTTP/1.1" status: 200 len: 371 time: 0.0056248
2026-04-22 19:51:48.821 10 INFO neutron.wsgi [None req-0295ae71-29a1-4e3b-bd11-e42337c1c608 550f234404eb4960871a448a83945bfb d853c331ed19433187edcf8ac7592af9 - - default default] 10.0.0.189 "GET /v2.0/extensions/qos HTTP/1.1" status: 200 len: 365 time: 0.0044851
2026-04-22 19:51:48.834 10 INFO neutron.wsgi [None req-40ccf1eb-c220-4826-8ab6-ff1b46c3c973 550f234404eb4960871a448a83945bfb d853c331ed19433187edcf8ac7592af9 - - default default] 10.0.0.189 "GET /v2.0/extensions/allowed-address-pairs HTTP/1.1" status: 200 len: 383 time: 0.0060019
2026-04-22 19:51:48.917 9 WARNING neutron.scheduler.dhcp_agent_scheduler [None req-2870beae-8a8a-48d3-9e2f-c0bedec9cd39 1711b9f57793410c83b4bb25ae4f84a8 361ad3590b79414d805cf00a7adf0a47 - - default default] No more DHCP agents
2026-04-22 19:51:48.920 9 WARNING neutron.api.rpc.agentnotifiers.dhcp_rpc_agent_api [None req-2870beae-8a8a-48d3-9e2f-c0bedec9cd39 1711b9f57793410c83b4bb25ae4f84a8 361ad3590b79414d805cf00a7adf0a47 - - default default] Unable to schedule network a956f76e-2c2d-4f95-b9f6-c8cbef9efde2: no agents available; will retry on subsequent port and subnet creation events.
2026-04-22 19:51:49.003 9 INFO neutron.db.ovn_revision_numbers_db [None req-2870beae-8a8a-48d3-9e2f-c0bedec9cd39 1711b9f57793410c83b4bb25ae4f84a8 361ad3590b79414d805cf00a7adf0a47 - - default default] Successfully bumped revision number for resource 9aae4a4a-f90b-497e-aadb-b01fddbb126e (type: ports) to 1
2026-04-22 19:51:49.028 9 INFO neutron.wsgi [None req-2870beae-8a8a-48d3-9e2f-c0bedec9cd39 1711b9f57793410c83b4bb25ae4f84a8 361ad3590b79414d805cf00a7adf0a47 - - default default] 10.0.0.228 "POST /v2.0/networks HTTP/1.1" status: 201 len: 831 time: 0.5226374
2026-04-22 19:51:49.082 9 INFO neutron.wsgi [None req-1f5f7e4d-c7a7-4ef8-a0d3-fbccf52f7b5a 1711b9f57793410c83b4bb25ae4f84a8 361ad3590b79414d805cf00a7adf0a47 - - default default] 10.0.0.228 "PUT /v2.0/networks/f39c3fe5-dd56-4907-8127-dc498cf46a06/tags HTTP/1.1" status: 200 len: 210 time: 0.0487814
2026-04-22 19:51:49.139 9 INFO neutron.wsgi [None req-94a296ac-b7d4-4487-a12a-581dfe8f190f 1711b9f57793410c83b4bb25ae4f84a8 361ad3590b79414d805cf00a7adf0a47 - - default default] 10.0.0.228 "PUT /v2.0/networks/dbf6f073-0b96-4c5a-9926-89b56fdcf973/tags HTTP/1.1" status: 200 len: 218 time: 0.0522146
2026-04-22 19:51:49.206 9 INFO neutron.wsgi [None req-ecee2700-d0bb-4097-8ae3-87b79c8a6abe 1711b9f57793410c83b4bb25ae4f84a8 361ad3590b79414d805cf00a7adf0a47 - - default default] 10.0.0.228 "PUT /v2.0/networks/a5beef7b-00dd-46a9-a5ab-d2046d434d90/tags HTTP/1.1" status: 200 len: 227 time: 0.0615053
2026-04-22 19:51:49.268 9 INFO neutron.wsgi [None req-5542f18d-cf35-4ab3-a0e7-3c4b33bc5f82 1711b9f57793410c83b4bb25ae4f84a8 361ad3590b79414d805cf00a7adf0a47 - - default default] 10.0.0.228 "PUT /v2.0/networks/138833c0-c53d-4bb6-9f73-fc997de43b01/tags HTTP/1.1" status: 200 len: 212 time: 0.0556340
2026-04-22 19:51:49.322 9 INFO neutron.wsgi [-] 10.0.0.189 "GET / HTTP/1.1" status: 200 len: 284 time: 0.0015826
2026-04-22 19:51:49.368 9 INFO neutron.wsgi [None req-a398bdd4-9a2a-4df8-a778-b238b8d018e8 1711b9f57793410c83b4bb25ae4f84a8 361ad3590b79414d805cf00a7adf0a47 - - default default] 10.0.0.228 "GET /v2.0/networks?tags=red HTTP/1.1" status: 200 len: 2069 time: 0.0950367
2026-04-22 19:51:49.380 10 INFO neutron.wsgi [None req-9d6ac7a2-0448-4f55-be06-6d86f72c64a3 61c64a7ef1de4265869574db80f39ec7 971e7050528d4226b8d68cf4afc469be - - default default] 10.0.0.189 "GET /v2.0/subnets/19d83bdc-021b-4ada-9a30-6a61f92a515b HTTP/1.1" status: 200 len: 832 time: 0.0517051
2026-04-22 19:51:49.394 10 INFO neutron.wsgi [None req-4a6e9689-e810-48fa-97be-d17c6d2f2967 550f234404eb4960871a448a83945bfb d853c331ed19433187edcf8ac7592af9 - - default default] 10.0.0.189 "GET /v2.0/extensions/security-group HTTP/1.1" status: 200 len: 369 time: 0.0056887
2026-04-22 19:51:49.403 10 INFO neutron.wsgi [None req-3ef597b2-3071-4a50-96e3-43064d4a658c 550f234404eb4960871a448a83945bfb d853c331ed19433187edcf8ac7592af9 - - default default] 10.0.0.189 "GET /v2.0/extensions/dns-integration HTTP/1.1" status: 200 len: 371 time: 0.0041118
2026-04-22 19:51:49.411 10 INFO neutron.wsgi [None req-c910e21f-2524-47b4-acfb-fc8ee1eb8b89 550f234404eb4960871a448a83945bfb d853c331ed19433187edcf8ac7592af9 - - default default] 10.0.0.189 "GET /v2.0/extensions/qos HTTP/1.1" status: 200 len: 365 time: 0.0040393
2026-04-22 19:51:49.425 10 INFO neutron.wsgi [None req-5b1c1a31-e166-42df-8c68-02d7d59d16b5 550f234404eb4960871a448a83945bfb d853c331ed19433187edcf8ac7592af9 - - default default] 10.0.0.189 "GET /v2.0/extensions/allowed-address-pairs HTTP/1.1" status: 200 len: 383 time: 0.0077801
2026-04-22 19:51:49.468 9 INFO neutron.wsgi [None req-ac399798-08b7-41e5-851d-0015b3b56490 1711b9f57793410c83b4bb25ae4f84a8 361ad3590b79414d805cf00a7adf0a47 - - default default] 10.0.0.228 "GET /v2.0/networks?tags=red%2Cblue HTTP/1.1" status: 200 len: 1457 time: 0.0947978
2026-04-22 19:51:49.476 10 INFO neutron.wsgi [None req-57b9731e-1ef7-477d-a475-c9b132702496 550f234404eb4960871a448a83945bfb d853c331ed19433187edcf8ac7592af9 - - default default] 10.0.0.189 "GET /v2.0/subnets/19d83bdc-021b-4ada-9a30-6a61f92a515b HTTP/1.1" status: 200 len: 850 time: 0.0416832
2026-04-22 19:51:49.548 9 INFO neutron.wsgi [None req-9c52ce6b-f187-4c9d-9313-795f09ff13a9 1711b9f57793410c83b4bb25ae4f84a8 361ad3590b79414d805cf00a7adf0a47 - - default default] 10.0.0.228 "GET /v2.0/networks?tags-any=blue HTTP/1.1" status: 200 len: 1457 time: 0.0731494
2026-04-22 19:51:49.612 9 INFO neutron.wsgi [None req-0949d323-4168-4670-9ba1-d2b91b9df78e 1711b9f57793410c83b4bb25ae4f84a8 361ad3590b79414d805cf00a7adf0a47 - - default default] 10.0.0.228 "GET /v2.0/networks?tags-any=red%2Cblue HTTP/1.1" status: 200 len: 2069 time: 0.0596318
2026-04-22 19:51:49.683 10 INFO neutron.wsgi [None req-db7a725f-db32-40da-8e5a-dddeb9f7d00c 550f234404eb4960871a448a83945bfb d853c331ed19433187edcf8ac7592af9 - - default default] 10.0.0.189 "GET /v2.0/extensions/security-group HTTP/1.1" status: 200 len: 369 time: 0.0088353
2026-04-22 19:51:49.690 10 INFO neutron.wsgi [None req-ab1aad2e-8237-4079-817c-6a3c00fe233d 550f234404eb4960871a448a83945bfb d853c331ed19433187edcf8ac7592af9 - - default default] 10.0.0.189 "GET /v2.0/extensions/dns-integration HTTP/1.1" status: 200 len: 371 time: 0.0029976
2026-04-22 19:51:49.699 10 INFO neutron.wsgi [None req-3a77052c-3439-40ef-ae30-3e4cbd8626ba 550f234404eb4960871a448a83945bfb d853c331ed19433187edcf8ac7592af9 - - default default] 10.0.0.189 "GET /v2.0/extensions/qos HTTP/1.1" status: 200 len: 365 time: 0.0041459
2026-04-22 19:51:49.709 10 INFO neutron.wsgi [None req-a06c5b79-c119-4871-909a-9b1df6222c2d 550f234404eb4960871a448a83945bfb d853c331ed19433187edcf8ac7592af9 - - default default] 10.0.0.189 "GET /v2.0/extensions/allowed-address-pairs HTTP/1.1" status: 200 len: 383 time: 0.0045145
2026-04-22 19:51:49.731 9 INFO neutron.wsgi [None req-3fb0b9c9-7339-441e-a606-7b2357b3c2a8 1711b9f57793410c83b4bb25ae4f84a8 361ad3590b79414d805cf00a7adf0a47 - - default default] 10.0.0.228 "GET /v2.0/networks?not-tags=red HTTP/1.1" status: 200 len: 2069 time: 0.1133692
2026-04-22 19:51:49.772 10 INFO neutron.wsgi [None req-89d48cb9-2526-4f21-ae09-70cb22487366 550f234404eb4960871a448a83945bfb d853c331ed19433187edcf8ac7592af9 - - default default] 10.0.0.189 "GET /v2.0/networks/63a73dc4-596f-4b4a-862e-88968278fe31 HTTP/1.1" status: 200 len: 1002 time: 0.0569763
2026-04-22 19:51:49.785 10 INFO neutron.wsgi [None req-3b5f3e9b-a63b-4cab-b37b-a54b70bdbf1c 550f234404eb4960871a448a83945bfb d853c331ed19433187edcf8ac7592af9 - - default default] 10.0.0.189 "GET /v2.0/extensions/project-id HTTP/1.1" status: 200 len: 403 time: 0.0051360
2026-04-22 19:51:49.854 9 INFO neutron.wsgi [None req-023fffa8-251f-4085-8cbd-e9dcbedbe391 1711b9f57793410c83b4bb25ae4f84a8 361ad3590b79414d805cf00a7adf0a47 - - default default] 10.0.0.228 "GET /v2.0/networks?not-tags=red%2Cblue HTTP/1.1" status: 200 len: 2681 time: 0.1155934
2026-04-22 19:51:49.975 9 INFO neutron.wsgi [None req-c90a64e7-64a6-4f8b-af92-670565446c98 1711b9f57793410c83b4bb25ae4f84a8 361ad3590b79414d805cf00a7adf0a47 - - default default] 10.0.0.228 "GET /v2.0/networks?not-tags-any=blue HTTP/1.1" status: 200 len: 2681 time: 0.1150608
2026-04-22 19:51:50.061 9 INFO neutron.wsgi [None req-72e58f5c-db81-4a7b-9b01-3b2b158c89ae 1711b9f57793410c83b4bb25ae4f84a8 361ad3590b79414d805cf00a7adf0a47 - - default default] 10.0.0.228 "GET /v2.0/networks?not-tags-any=red%2Cblue HTTP/1.1" status: 200 len: 2069 time: 0.0804708
2026-04-22 19:51:50.142 10 WARNING neutron.scheduler.dhcp_agent_scheduler [None req-562e724d-38b7-4458-af60-86343972f3f3 550f234404eb4960871a448a83945bfb d853c331ed19433187edcf8ac7592af9 - - default default] No more DHCP agents
2026-04-22 19:51:50.143 10 WARNING neutron.api.rpc.agentnotifiers.dhcp_rpc_agent_api [None req-562e724d-38b7-4458-af60-86343972f3f3 550f234404eb4960871a448a83945bfb d853c331ed19433187edcf8ac7592af9 - - default default] Unable to schedule network 63a73dc4-596f-4b4a-862e-88968278fe31: no agents available; will retry on subsequent port and subnet creation events.
2026-04-22 19:51:50.347 10 INFO neutron.db.ovn_revision_numbers_db [None req-562e724d-38b7-4458-af60-86343972f3f3 550f234404eb4960871a448a83945bfb d853c331ed19433187edcf8ac7592af9 - - default default] Successfully bumped revision number for resource 35ee7261-bff5-4cb3-91ae-2d21173f3f93 (type: ports) to 1
2026-04-22 19:51:50.377 10 INFO neutron.wsgi [None req-562e724d-38b7-4458-af60-86343972f3f3 550f234404eb4960871a448a83945bfb d853c331ed19433187edcf8ac7592af9 - - default default] 10.0.0.189 "POST /v2.0/ports HTTP/1.1" status: 201 len: 1337 time: 0.5871761
2026-04-22 19:51:50.790 9 INFO neutron.services.segments.plugin [-] Segment 2cb016f8-ab8c-4caf-baac-ac0a56480663 resource provider aggregate not found
2026-04-22 19:51:50.795 9 INFO neutron.services.segments.plugin [-] Segment 2cb016f8-ab8c-4caf-baac-ac0a56480663 resource provider aggregate not found
2026-04-22 19:51:50.811 9 INFO neutron.services.segments.plugin [-] Segment 2cb016f8-ab8c-4caf-baac-ac0a56480663 resource provider not found; error: Placement Client Error (4xx): {"errors": [{"status": 404, "title": "Not Found", "detail": "The resource could not be found.\n\n No resource provider with uuid 2cb016f8-ab8c-4caf-baac-ac0a56480663 found for delete ", "request_id": "req-b6fccc64-9360-4ac7-8e06-d2ab4901acc6"}]}
2026-04-22 19:51:50.813 9 INFO neutron.services.segments.plugin [-] Segment 2cb016f8-ab8c-4caf-baac-ac0a56480663 resource provider not found; error: Placement Client Error (4xx): {"errors": [{"status": 404, "title": "Not Found", "detail": "The resource could not be found.\n\n No resource provider with uuid 2cb016f8-ab8c-4caf-baac-ac0a56480663 found for delete ", "request_id": "req-8498742f-0447-482e-9cdf-35e60ffb3dda"}]}
2026-04-22 19:51:50.836 9 INFO neutron.wsgi [None req-bc57a38d-0719-4a22-b3ca-4ab65d62a4e0 1711b9f57793410c83b4bb25ae4f84a8 361ad3590b79414d805cf00a7adf0a47 - - default default] 10.0.0.228 "DELETE /v2.0/networks/f39c3fe5-dd56-4907-8127-dc498cf46a06 HTTP/1.1" status: 204 len: 168 time: 0.7692668
2026-04-22 19:51:51.219 9 INFO neutron.wsgi [None req-7d5b32f4-daa9-40a2-b5d8-22c8180a13e5 1711b9f57793410c83b4bb25ae4f84a8 361ad3590b79414d805cf00a7adf0a47 - - default default] 10.0.0.228 "DELETE /v2.0/networks/dbf6f073-0b96-4c5a-9926-89b56fdcf973 HTTP/1.1" status: 204 len: 168 time: 0.3790050
2026-04-22 19:51:51.624 9 INFO neutron.wsgi [None req-edfce981-c330-4a3d-899a-b3d2333b51bc 1711b9f57793410c83b4bb25ae4f84a8 361ad3590b79414d805cf00a7adf0a47 - - default default] 10.0.0.228 "DELETE /v2.0/networks/a5beef7b-00dd-46a9-a5ab-d2046d434d90 HTTP/1.1" status: 204 len: 168 time: 0.3956606 /var/lib/openstack/lib/python3.10/site-packages/pycadf/identifier.py:71: UserWarning: Invalid uuid: neutron. To ensure interoperability, identifiers should be a valid uuid. warnings.warn(('Invalid uuid: %s. To ensure interoperability, '
2026-04-22 19:51:51.849 9 INFO neutron.wsgi [None req-9560ab5b-3645-44fc-8c76-ffa1e45752a0 550f234404eb4960871a448a83945bfb d853c331ed19433187edcf8ac7592af9 - - default default] 199.204.45.95 "GET /v2.0/extensions/security-group HTTP/1.1" status: 200 len: 369 time: 0.0467319
2026-04-22 19:51:51.859 9 INFO neutron.wsgi [None req-4c70a595-660b-4ef2-96cd-7b1e19017ea9 550f234404eb4960871a448a83945bfb d853c331ed19433187edcf8ac7592af9 - - default default] 199.204.45.95 "GET /v2.0/extensions/dns-integration HTTP/1.1" status: 200 len: 371 time: 0.0037842
2026-04-22 19:51:51.866 9 INFO neutron.wsgi [None req-fb9a7990-7926-4621-99f2-4c89fd4dfe90 550f234404eb4960871a448a83945bfb d853c331ed19433187edcf8ac7592af9 - - default default] 199.204.45.95 "GET /v2.0/extensions/qos HTTP/1.1" status: 200 len: 365 time: 0.0037291
2026-04-22 19:51:51.875 9 INFO neutron.wsgi [None req-2ae909c5-4785-4a54-a413-0b7cb44455dc 550f234404eb4960871a448a83945bfb d853c331ed19433187edcf8ac7592af9 - - default default] 199.204.45.95 "GET /v2.0/extensions/allowed-address-pairs HTTP/1.1" status: 200 len: 383 time: 0.0044885
2026-04-22 19:51:51.906 9 INFO neutron.wsgi [None req-f2671888-6344-47cc-9d71-8d04292fca58 550f234404eb4960871a448a83945bfb d853c331ed19433187edcf8ac7592af9 - - default default] 199.204.45.95 "GET /v2.0/ports/35ee7261-bff5-4cb3-91ae-2d21173f3f93 HTTP/1.1" status: 200 len: 1332 time: 0.0244167
2026-04-22 19:51:51.998 10 INFO neutron.services.segments.plugin [-] Segment 62e9c647-ca7d-4eec-bff0-38b386f90812 resource provider aggregate not found
2026-04-22 19:51:52.003 10 INFO neutron.services.segments.plugin [-] Segment 62e9c647-ca7d-4eec-bff0-38b386f90812 resource provider aggregate not found
2026-04-22 19:51:52.010 9 INFO neutron.wsgi [None req-3fcdb0c7-2992-444d-a88f-b5dc042de793 550f234404eb4960871a448a83945bfb d853c331ed19433187edcf8ac7592af9 - - default default] 199.204.45.95 "GET /v2.0/extensions/security-group HTTP/1.1" status: 200 len: 369 time: 0.0076206
2026-04-22 19:51:52.020 10 INFO neutron.services.segments.plugin [-] Segment 62e9c647-ca7d-4eec-bff0-38b386f90812 resource provider not found; error: Placement Client Error (4xx): {"errors": [{"status": 404, "title": "Not Found", "detail": "The resource could not be found.\n\n No resource provider with uuid 62e9c647-ca7d-4eec-bff0-38b386f90812 found for delete ", "request_id": "req-3b925f76-e2e6-49bb-b704-41331ec8bc93"}]}
2026-04-22 19:51:52.023 10 INFO neutron.services.segments.plugin [-] Segment 62e9c647-ca7d-4eec-bff0-38b386f90812 resource provider not found; error: Placement Client Error (4xx): {"errors": [{"status": 404, "title": "Not Found", "detail": "The resource could not be found.\n\n No resource provider with uuid 62e9c647-ca7d-4eec-bff0-38b386f90812 found for delete ", "request_id": "req-402d02ec-f190-4c8f-b413-c918e0894928"}]}
2026-04-22 19:51:52.026 9 INFO neutron.wsgi [None req-366fb95f-07d3-4756-a0c2-34a1adde147d 550f234404eb4960871a448a83945bfb d853c331ed19433187edcf8ac7592af9 - - default default] 199.204.45.95 "GET /v2.0/extensions/dns-integration HTTP/1.1" status: 200 len: 371 time: 0.0093901
2026-04-22 19:51:52.033 9 INFO neutron.wsgi [None req-02921745-4ba7-48d1-a0aa-dc63ec275d84 550f234404eb4960871a448a83945bfb d853c331ed19433187edcf8ac7592af9 - - default default] 199.204.45.95 "GET /v2.0/extensions/qos HTTP/1.1" status: 200 len: 365 time: 0.0037150
2026-04-22 19:51:52.040 10 INFO neutron.wsgi [None req-2c741ee0-9de1-405b-aa17-70d812399df1 1711b9f57793410c83b4bb25ae4f84a8 361ad3590b79414d805cf00a7adf0a47 - - default default] 10.0.0.228 "DELETE /v2.0/networks/138833c0-c53d-4bb6-9f73-fc997de43b01 HTTP/1.1" status: 204 len: 168 time: 0.4101987
2026-04-22 19:51:52.042 9 INFO neutron.wsgi [None req-7960e610-76c7-4247-b5ce-90418a1ed66d 550f234404eb4960871a448a83945bfb d853c331ed19433187edcf8ac7592af9 - - default default] 199.204.45.95 "GET /v2.0/extensions/allowed-address-pairs HTTP/1.1" status: 200 len: 383 time: 0.0040736
2026-04-22 19:51:52.100 9 INFO neutron.wsgi [None req-e82b90a8-278d-4e5d-ab06-fd001ced29e1 550f234404eb4960871a448a83945bfb d853c331ed19433187edcf8ac7592af9 - - default default] 199.204.45.95 "GET /v2.0/security-groups?name=lb-8de474be-dd2f-4cc1-a4be-2a15613073b7 HTTP/1.1" status: 200 len: 221 time: 0.0474381
2026-04-22 19:51:52.240 9 INFO neutron.db.ovn_revision_numbers_db [None req-8133cd98-3b78-4719-b7f2-66cb04d87e2d 550f234404eb4960871a448a83945bfb d853c331ed19433187edcf8ac7592af9 - - default default] Successfully bumped revision number for resource 39d26928-9409-45fe-9c8a-f9d5fe7ae527 (type: security_groups) to 1
2026-04-22 19:51:52.255 9 INFO neutron.db.ovn_revision_numbers_db [None req-8133cd98-3b78-4719-b7f2-66cb04d87e2d 550f234404eb4960871a448a83945bfb d853c331ed19433187edcf8ac7592af9 - - default default] Successfully bumped revision number for resource 11631857-0fdb-4921-bd33-04686ee2da84 (type: security_group_rules) to 0
2026-04-22 19:51:52.269 9 INFO neutron.db.ovn_revision_numbers_db [None req-8133cd98-3b78-4719-b7f2-66cb04d87e2d 550f234404eb4960871a448a83945bfb d853c331ed19433187edcf8ac7592af9 - - default default] Successfully bumped revision number for resource 311cfd4d-b0c4-4502-9809-a176abaf56bd (type: security_group_rules) to 0
2026-04-22 19:51:52.306 9 INFO neutron.wsgi [None req-8133cd98-3b78-4719-b7f2-66cb04d87e2d 550f234404eb4960871a448a83945bfb d853c331ed19433187edcf8ac7592af9 - - default default] 199.204.45.95 "POST /v2.0/security-groups HTTP/1.1" status: 201 len: 1779 time: 0.1992378
2026-04-22 19:51:52.348 9 INFO neutron.wsgi [None req-dea8bf51-4f94-4f9f-b3c6-20d19dd1fd6e 550f234404eb4960871a448a83945bfb d853c331ed19433187edcf8ac7592af9 - - default default] 199.204.45.95 "GET /v2.0/security-group-rules?security_group_id=39d26928-9409-45fe-9c8a-f9d5fe7ae527 HTTP/1.1" status: 200 len: 1318 time: 0.0357285
2026-04-22 19:51:52.483 9 INFO neutron.wsgi [None req-8ee9df56-9842-4184-b9eb-f4b7ee9dbf5f 1711b9f57793410c83b4bb25ae4f84a8 361ad3590b79414d805cf00a7adf0a47 - - default default] 10.0.0.228 "DELETE /v2.0/networks/a956f76e-2c2d-4f95-b9f6-c8cbef9efde2 HTTP/1.1" status: 204 len: 168 time: 0.4369664
2026-04-22 19:51:52.750 9 INFO neutron.db.ovn_revision_numbers_db [None req-04f6f941-2cb5-472c-9f2f-41bd7c2b95cc 550f234404eb4960871a448a83945bfb d853c331ed19433187edcf8ac7592af9 - - default default] Successfully bumped revision number for resource 35ee7261-bff5-4cb3-91ae-2d21173f3f93 (type: ports) to 2
2026-04-22 19:51:52.759 9 INFO neutron.wsgi [None req-04f6f941-2cb5-472c-9f2f-41bd7c2b95cc 550f234404eb4960871a448a83945bfb d853c331ed19433187edcf8ac7592af9 - - default default] 199.204.45.95 "PUT /v2.0/ports/35ee7261-bff5-4cb3-91ae-2d21173f3f93 HTTP/1.1" status: 200 len: 1332 time: 0.4035308 /var/lib/openstack/lib/python3.10/site-packages/pycadf/identifier.py:71: UserWarning: Invalid uuid: neutron. To ensure interoperability, identifiers should be a valid uuid. warnings.warn(('Invalid uuid: %s. To ensure interoperability, '
2026-04-22 19:51:52.775 9 INFO neutron.wsgi [None req-19621e84-acac-4733-bf1c-88b6ac23394b 550f234404eb4960871a448a83945bfb d853c331ed19433187edcf8ac7592af9 - - default default] 199.204.45.95 "GET /v2.0/extensions/security-group HTTP/1.1" status: 200 len: 369 time: 0.0053670
2026-04-22 19:51:52.790 9 INFO neutron.wsgi [None req-f17126c0-279e-4573-b9cb-6db12b9b161b 550f234404eb4960871a448a83945bfb d853c331ed19433187edcf8ac7592af9 - - default default] 199.204.45.95 "GET /v2.0/extensions/dns-integration HTTP/1.1" status: 200 len: 371 time: 0.0082681
2026-04-22 19:51:52.802 9 INFO neutron.wsgi [None req-4f822ec4-4ce7-41e7-9d35-deceeb91bf31 550f234404eb4960871a448a83945bfb d853c331ed19433187edcf8ac7592af9 - - default default] 199.204.45.95 "GET /v2.0/extensions/qos HTTP/1.1" status: 200 len: 365 time: 0.0075989
2026-04-22 19:51:52.813 9 INFO neutron.wsgi [None req-bab4d44a-0895-4154-acd8-4d50838fa0ef 550f234404eb4960871a448a83945bfb d853c331ed19433187edcf8ac7592af9 - - default default] 199.204.45.95 "GET /v2.0/extensions/allowed-address-pairs HTTP/1.1" status: 200 len: 383 time: 0.0059543
2026-04-22 19:51:52.843 9 INFO neutron.services.segments.plugin [-] Segment 54631980-f378-4d87-811d-b8e40fac0b4e resource provider aggregate not found
2026-04-22 19:51:52.849 9 INFO neutron.services.segments.plugin [-] Segment 54631980-f378-4d87-811d-b8e40fac0b4e resource provider aggregate not found
2026-04-22 19:51:52.870 9 INFO neutron.services.segments.plugin [-] Segment 54631980-f378-4d87-811d-b8e40fac0b4e resource provider not found; error: Placement Client Error (4xx): {"errors": [{"status": 404, "title": "Not Found", "detail": "The resource could not be found.\n\n No resource provider with uuid 54631980-f378-4d87-811d-b8e40fac0b4e found for delete ", "request_id": "req-35df1e5d-115a-41dc-b337-f2fa8ff5a727"}]}
2026-04-22 19:51:52.876 9 INFO neutron.services.segments.plugin [-] Segment 54631980-f378-4d87-811d-b8e40fac0b4e resource provider not found; error: Placement Client Error (4xx): {"errors": [{"status": 404, "title": "Not Found", "detail": "The resource could not be found.\n\n No resource provider with uuid 54631980-f378-4d87-811d-b8e40fac0b4e found for delete ", "request_id": "req-df7d52d0-c72e-4979-8e4b-f01e1100963d"}]}
2026-04-22 19:51:52.885 9 INFO neutron.wsgi [None req-c96c2f8f-4745-4ca6-b73d-c2279a32bd12 550f234404eb4960871a448a83945bfb d853c331ed19433187edcf8ac7592af9 - - default default] 199.204.45.95 "GET /v2.0/subnets/19d83bdc-021b-4ada-9a30-6a61f92a515b HTTP/1.1" status: 200 len: 850 time: 0.0591433
2026-04-22 19:51:52.895 9 INFO neutron.services.segments.plugin [-] Segment 47d6aae9-6c87-4b11-a8da-ffcaa3d91777 resource provider aggregate not found
2026-04-22 19:51:52.904 9 INFO neutron.services.segments.plugin [-] Segment 47d6aae9-6c87-4b11-a8da-ffcaa3d91777 resource provider aggregate not found
2026-04-22 19:51:52.917 9 INFO neutron.services.segments.plugin [-] Segment 47d6aae9-6c87-4b11-a8da-ffcaa3d91777 resource provider not found; error: Placement Client Error (4xx): {"errors": [{"status": 404, "title": "Not Found", "detail": "The resource could not be found.\n\n No resource provider with uuid 47d6aae9-6c87-4b11-a8da-ffcaa3d91777 found for delete ", "request_id": "req-9ef55190-9e54-4517-a483-b34b8629ec3c"}]}
2026-04-22 19:51:52.926 9 INFO neutron.services.segments.plugin [-] Segment 47d6aae9-6c87-4b11-a8da-ffcaa3d91777 resource provider not found; error: Placement Client Error (4xx): {"errors": [{"status": 404, "title": "Not Found", "detail": "The resource could not be found.\n\n No resource provider with uuid 47d6aae9-6c87-4b11-a8da-ffcaa3d91777 found for delete ", "request_id": "req-dba5f98d-49e1-41ea-ac17-b9e0201bfa21"}]}
2026-04-22 19:51:52.934 9 INFO neutron.services.segments.plugin [-] Segment c8a2dc85-5b01-4853-a04f-7668dd9ff23e resource provider aggregate not found
2026-04-22 19:51:52.948 9 INFO neutron.services.segments.plugin [-] Segment c8a2dc85-5b01-4853-a04f-7668dd9ff23e resource provider not found; error: Placement Client Error (4xx): {"errors": [{"status": 404, "title": "Not Found", "detail": "The resource could not be found.\n\n No resource provider with uuid c8a2dc85-5b01-4853-a04f-7668dd9ff23e found for delete ", "request_id": "req-a11e2ed0-97ab-4580-84c1-01c7c807f20d"}]}
2026-04-22 19:51:52.950 9 INFO neutron.services.segments.plugin [-] Segment c8a2dc85-5b01-4853-a04f-7668dd9ff23e resource provider aggregate not found
2026-04-22 19:51:52.965 9 INFO neutron.services.segments.plugin [-] Segment c8a2dc85-5b01-4853-a04f-7668dd9ff23e resource provider not found; error: Placement Client Error (4xx): {"errors": [{"status": 404, "title": "Not Found", "detail": "The resource could not be found.\n\n No resource provider with uuid c8a2dc85-5b01-4853-a04f-7668dd9ff23e found for delete ", "request_id": "req-6335fcb5-f524-4752-ac2c-97e1f9711429"}]}
2026-04-22 19:51:53.427 9 INFO neutron.wsgi [None req-08975852-3710-4142-b60b-2c4bb727ab33 550f234404eb4960871a448a83945bfb d853c331ed19433187edcf8ac7592af9 - - default default] 10.0.0.228 "GET /v2.0/security-groups?tenant_id=361ad3590b79414d805cf00a7adf0a47&name=default HTTP/1.1" status: 200 len: 3000 time: 0.1277757
2026-04-22 19:51:53.630 10 INFO neutron.wsgi [None req-36120800-007e-4ef4-9795-85a1175ef2c2 550f234404eb4960871a448a83945bfb d853c331ed19433187edcf8ac7592af9 - - default default] 10.0.0.228 "DELETE /v2.0/security-groups/9c0f3711-b063-4b48-aeb6-2851cf1f008f HTTP/1.1" status: 204 len: 168 time: 0.1946468
2026-04-22 19:51:53.832 10 INFO neutron.db.ovn_revision_numbers_db [None req-0a04f384-f0ad-4c37-adf3-7e7d3ce07b99 550f234404eb4960871a448a83945bfb d853c331ed19433187edcf8ac7592af9 - - default default] Successfully bumped revision number for resource d14a1950-a335-472f-8d6b-b51be068f0c0 (type: security_groups) to 1
2026-04-22 19:51:53.848 10 INFO neutron.db.ovn_revision_numbers_db [None req-0a04f384-f0ad-4c37-adf3-7e7d3ce07b99 550f234404eb4960871a448a83945bfb d853c331ed19433187edcf8ac7592af9 - - default default] Successfully bumped revision number for resource 03057ee6-0aaa-4e89-a8cb-702c1e52efa1 (type: security_group_rules) to 0
2026-04-22 19:51:53.886 10 INFO neutron.db.ovn_revision_numbers_db [None req-0a04f384-f0ad-4c37-adf3-7e7d3ce07b99 550f234404eb4960871a448a83945bfb d853c331ed19433187edcf8ac7592af9 - - default default] Successfully bumped revision number for resource 057c066a-71bd-426c-9463-2e2881689d78 (type: security_group_rules) to 0
2026-04-22 19:51:53.904 10 INFO neutron.db.ovn_revision_numbers_db [None req-0a04f384-f0ad-4c37-adf3-7e7d3ce07b99 550f234404eb4960871a448a83945bfb d853c331ed19433187edcf8ac7592af9 - - default default] Successfully bumped revision number for resource 12e79b77-09c8-4b46-9eed-6a805fbefb8d (type: security_group_rules) to 0
2026-04-22 19:51:53.917 10 INFO neutron.db.ovn_revision_numbers_db [None req-0a04f384-f0ad-4c37-adf3-7e7d3ce07b99 550f234404eb4960871a448a83945bfb d853c331ed19433187edcf8ac7592af9 - - default default] Successfully bumped revision number for resource 5c5ae9b7-ec44-492b-a67d-e492340b09b7 (type: security_group_rules) to 0
