2026-04-22 19:48:18.634 10 INFO neutron.db.ovn_revision_numbers_db [None req-6e8d1f03-1817-415b-9a67-5260de0a14f8 b90613614ea0421ea335180b3f5f7229 817679dcff2b4561866b8f7d66d59538 - - default default] Successfully bumped revision number for resource 7b5e9001-3fd4-467f-b480-1ab493209f24 (type: security_groups) to 1
2026-04-22 19:48:18.661 10 INFO neutron.db.ovn_revision_numbers_db [None req-6e8d1f03-1817-415b-9a67-5260de0a14f8 b90613614ea0421ea335180b3f5f7229 817679dcff2b4561866b8f7d66d59538 - - default default] Successfully bumped revision number for resource 0e258b8b-8559-42b5-90c4-63128be09111 (type: security_group_rules) to 0
2026-04-22 19:48:18.685 10 INFO neutron.db.ovn_revision_numbers_db [None req-6e8d1f03-1817-415b-9a67-5260de0a14f8 b90613614ea0421ea335180b3f5f7229 817679dcff2b4561866b8f7d66d59538 - - default default] Successfully bumped revision number for resource e78b75d4-8bef-4b49-8284-18ccc956dd8b (type: security_group_rules) to 0
2026-04-22 19:48:18.711 9 INFO neutron.wsgi [None req-b8e5c84b-4756-451e-9b9b-80fe29b79de8 550f234404eb4960871a448a83945bfb d853c331ed19433187edcf8ac7592af9 - - default default] 10.0.0.24 "GET /v2.0/routers HTTP/1.1" status: 200 len: 856 time: 0.0736990
2026-04-22 19:48:18.716 10 INFO neutron.wsgi [None req-6e8d1f03-1817-415b-9a67-5260de0a14f8 b90613614ea0421ea335180b3f5f7229 817679dcff2b4561866b8f7d66d59538 - - default default] 10.0.0.228 "POST /v2.0/security-groups HTTP/1.1" status: 201 len: 1760 time: 0.6106987
2026-04-22 19:48:18.723 9 INFO neutron.wsgi [None req-a0d05585-148e-4dac-807d-a6bc2460a01e 550f234404eb4960871a448a83945bfb d853c331ed19433187edcf8ac7592af9 - - default default] 10.0.0.24 "GET /v2.0/agents?binary=ovn-controller HTTP/1.1" status: 200 len: 591 time: 0.0111358
2026-04-22 19:48:18.763 9 INFO neutron.wsgi [None req-bbabd6b0-1b35-40ee-b1bb-170dae9bf9dd 550f234404eb4960871a448a83945bfb d853c331ed19433187edcf8ac7592af9 - - default default] 10.0.0.24 "GET /v2.0/subnets HTTP/1.1" status: 200 len: 2088 time: 0.0385876
2026-04-22 19:48:18.772 9 INFO neutron.wsgi [None req-3890be9c-0285-4393-99ef-b33e38992d60 550f234404eb4960871a448a83945bfb d853c331ed19433187edcf8ac7592af9 - - default default] 10.0.0.24 "GET /v2.0/subnetpools HTTP/1.1" status: 200 len: 193 time: 0.0084603
2026-04-22 19:48:18.798 10 INFO neutron.wsgi [None req-b6969634-8296-4026-9c2f-92b701b81528 b90613614ea0421ea335180b3f5f7229 817679dcff2b4561866b8f7d66d59538 - - default default] 10.0.0.228 "GET /v2.0/security-groups HTTP/1.1" status: 200 len: 4538 time: 0.0778785
2026-04-22 19:48:18.800 10 INFO neutron.db.ovn_revision_numbers_db [None req-97662adb-2a4a-4052-a6e8-321ef830934f 6d4c06d5e5b744098d5af7755a0e5df5 1f8d8a1b4db340f4b5554ebd1289762c - - default default] Successfully bumped revision number for resource 6321f2ca-ab2c-4c2a-abb4-b430003127a0 (type: networks) to 1
2026-04-22 19:48:18.803 9 INFO neutron.wsgi [None req-5381f9fe-beaf-4f47-b19f-f774a5525dfe 550f234404eb4960871a448a83945bfb d853c331ed19433187edcf8ac7592af9 - - default default] 10.0.0.24 "GET /v2.0/floatingips HTTP/1.1" status: 200 len: 730 time: 0.0298584
2026-04-22 19:48:18.878 9 INFO neutron.wsgi [None req-b8bdde8d-8efe-4504-85ac-2826dba17e2e 550f234404eb4960871a448a83945bfb d853c331ed19433187edcf8ac7592af9 - - default default] 10.0.0.24 "GET /v2.0/networks HTTP/1.1" status: 200 len: 4531 time: 0.0730202
2026-04-22 19:48:18.941 10 INFO neutron.db.ovn_revision_numbers_db [None req-ec91cd0a-fb43-4ef8-9338-236991177cee b90613614ea0421ea335180b3f5f7229 817679dcff2b4561866b8f7d66d59538 - - default default] Successfully bumped revision number for resource 7b5e9001-3fd4-467f-b480-1ab493209f24 (type: security_groups) to 2
2026-04-22 19:48:18.944 10 INFO neutron.wsgi [None req-ec91cd0a-fb43-4ef8-9338-236991177cee b90613614ea0421ea335180b3f5f7229 817679dcff2b4561866b8f7d66d59538 - - default default] 10.0.0.228 "PUT /v2.0/security-groups/7b5e9001-3fd4-467f-b480-1ab493209f24 HTTP/1.1" status: 200 len: 1794 time: 0.1408854
2026-04-22 19:48:18.980 9 INFO neutron.wsgi [None req-77f3ca77-ccdf-4b16-8d2f-858245ea8712 b90613614ea0421ea335180b3f5f7229 817679dcff2b4561866b8f7d66d59538 - - default default] 10.0.0.228 "GET /v2.0/security-groups/7b5e9001-3fd4-467f-b480-1ab493209f24 HTTP/1.1" status: 200 len: 1794 time: 0.0301230
2026-04-22 19:48:19.007 10 WARNING neutron.scheduler.dhcp_agent_scheduler [None req-97662adb-2a4a-4052-a6e8-321ef830934f 6d4c06d5e5b744098d5af7755a0e5df5 1f8d8a1b4db340f4b5554ebd1289762c - - default default] No more DHCP agents
2026-04-22 19:48:19.010 10 WARNING neutron.api.rpc.agentnotifiers.dhcp_rpc_agent_api [None req-97662adb-2a4a-4052-a6e8-321ef830934f 6d4c06d5e5b744098d5af7755a0e5df5 1f8d8a1b4db340f4b5554ebd1289762c - - default default] Unable to schedule network 6321f2ca-ab2c-4c2a-abb4-b430003127a0: no agents available; will retry on subsequent port and subnet creation events.
2026-04-22 19:48:19.091 10 INFO neutron.db.ovn_revision_numbers_db [None req-97662adb-2a4a-4052-a6e8-321ef830934f 6d4c06d5e5b744098d5af7755a0e5df5 1f8d8a1b4db340f4b5554ebd1289762c - - default default] Successfully bumped revision number for resource 2e7bb1bd-8bf1-4e5b-863d-482d91a37f90 (type: ports) to 1
2026-04-22 19:48:19.107 9 INFO neutron.wsgi [None req-2093c76b-6eaf-4d8d-90a3-7bba67858781 b90613614ea0421ea335180b3f5f7229 817679dcff2b4561866b8f7d66d59538 - - default default] 10.0.0.228 "DELETE /v2.0/security-groups/7b5e9001-3fd4-467f-b480-1ab493209f24 HTTP/1.1" status: 204 len: 168 time: 0.1224570
2026-04-22 19:48:19.114 10 INFO neutron.wsgi [None req-97662adb-2a4a-4052-a6e8-321ef830934f 6d4c06d5e5b744098d5af7755a0e5df5 1f8d8a1b4db340f4b5554ebd1289762c - - default default] 10.0.0.228 "POST /v2.0/networks HTTP/1.1" status: 201 len: 830 time: 0.6156564
2026-04-22 19:48:19.158 9 INFO neutron.wsgi [None req-7301c283-2303-4b87-a365-72d92dd82507 b90613614ea0421ea335180b3f5f7229 817679dcff2b4561866b8f7d66d59538 - - default default] 10.0.0.228 "GET /v2.0/security-groups HTTP/1.1" status: 200 len: 2996 time: 0.0433486
2026-04-22 19:48:19.176 9 INFO neutron.api.v2.resource [None req-9c895a93-14a9-4c56-9526-f299e640ea42 b90613614ea0421ea335180b3f5f7229 817679dcff2b4561866b8f7d66d59538 - - default default] delete failed (client error): The resource could not be found.
2026-04-22 19:48:19.177 9 INFO neutron.wsgi [None req-9c895a93-14a9-4c56-9526-f299e640ea42 b90613614ea0421ea335180b3f5f7229 817679dcff2b4561866b8f7d66d59538 - - default default] 10.0.0.228 "DELETE /v2.0/security-groups/7b5e9001-3fd4-467f-b480-1ab493209f24 HTTP/1.1" status: 404 len: 347 time: 0.0126529
2026-04-22 19:48:19.306 9 INFO neutron.db.ovn_revision_numbers_db [None req-7c8eaa3a-75a6-42bd-af3e-a11d5df7cc22 b90613614ea0421ea335180b3f5f7229 817679dcff2b4561866b8f7d66d59538 - - default default] Successfully bumped revision number for resource 5ad7e952-70f6-4919-8189-c022b164835e (type: security_groups) to 1
2026-04-22 19:48:19.325 9 INFO neutron.db.ovn_revision_numbers_db [None req-7c8eaa3a-75a6-42bd-af3e-a11d5df7cc22 b90613614ea0421ea335180b3f5f7229 817679dcff2b4561866b8f7d66d59538 - - default default] Successfully bumped revision number for resource 22a03852-878a-484e-8b00-43f27467485c (type: security_group_rules) to 0
2026-04-22 19:48:19.342 9 INFO neutron.db.ovn_revision_numbers_db [None req-7c8eaa3a-75a6-42bd-af3e-a11d5df7cc22 b90613614ea0421ea335180b3f5f7229 817679dcff2b4561866b8f7d66d59538 - - default default] Successfully bumped revision number for resource d3846507-2ac1-4a6e-a7b9-df3e71b08f90 (type: security_group_rules) to 0
2026-04-22 19:48:19.363 9 INFO neutron.wsgi [None req-7c8eaa3a-75a6-42bd-af3e-a11d5df7cc22 b90613614ea0421ea335180b3f5f7229 817679dcff2b4561866b8f7d66d59538 - - default default] 10.0.0.228 "POST /v2.0/security-groups HTTP/1.1" status: 201 len: 1761 time: 0.1800959
2026-04-22 19:48:19.426 10 WARNING neutron.scheduler.dhcp_agent_scheduler [None req-6b84a292-ef69-490a-9ad8-5e0e8223f32e 6d4c06d5e5b744098d5af7755a0e5df5 1f8d8a1b4db340f4b5554ebd1289762c - - default default] No more DHCP agents
2026-04-22 19:48:19.432 10 WARNING neutron.api.rpc.agentnotifiers.dhcp_rpc_agent_api [None req-6b84a292-ef69-490a-9ad8-5e0e8223f32e 6d4c06d5e5b744098d5af7755a0e5df5 1f8d8a1b4db340f4b5554ebd1289762c - - default default] Unable to schedule network 6321f2ca-ab2c-4c2a-abb4-b430003127a0: no agents available; will retry on subsequent port and subnet creation events.
2026-04-22 19:48:19.484 9 INFO neutron.db.ovn_revision_numbers_db [None req-0e950c74-a89e-48db-a8d7-2038b342beaf b90613614ea0421ea335180b3f5f7229 817679dcff2b4561866b8f7d66d59538 - - default default] Successfully bumped revision number for resource a92c4efd-02fc-4faa-bed5-eb3c81a44c8d (type: security_group_rules) to 0
2026-04-22 19:48:19.511 9 INFO neutron.wsgi [None req-0e950c74-a89e-48db-a8d7-2038b342beaf b90613614ea0421ea335180b3f5f7229 817679dcff2b4561866b8f7d66d59538 - - default default] 10.0.0.228 "POST /v2.0/security-group-rules HTTP/1.1" status: 201 len: 768 time: 0.1438391
2026-04-22 19:48:19.537 9 INFO neutron.wsgi [None req-577b6873-b7de-487e-be83-ae804d26ac6e b90613614ea0421ea335180b3f5f7229 817679dcff2b4561866b8f7d66d59538 - - default default] 10.0.0.228 "GET /v2.0/security-group-rules/a92c4efd-02fc-4faa-bed5-eb3c81a44c8d HTTP/1.1" status: 200 len: 763 time: 0.0208762
2026-04-22 19:48:19.576 10 INFO neutron.wsgi [None req-0625c16f-136f-4df0-b81b-21e782cb15d7 c7898752d6a849db890612dd59f3a82b 78de10c168a34ebb9118f479b28b9ea1 - - default default] 10.0.0.228 "DELETE /v2.0/security-groups/9f20736e-d3a3-4792-912d-6d4aa0085b8f HTTP/1.1" status: 204 len: 168 time: 0.2237368
2026-04-22 19:48:19.602 9 INFO neutron.api.v2.resource [None req-3b6ab0d4-fdfe-4b87-99b5-0356b44b4adc c7898752d6a849db890612dd59f3a82b 78de10c168a34ebb9118f479b28b9ea1 - - default default] show failed (client error): The resource could not be found.
2026-04-22 19:48:19.603 9 INFO neutron.wsgi [None req-3b6ab0d4-fdfe-4b87-99b5-0356b44b4adc c7898752d6a849db890612dd59f3a82b 78de10c168a34ebb9118f479b28b9ea1 - - default default] 10.0.0.228 "GET /v2.0/security-groups/9f20736e-d3a3-4792-912d-6d4aa0085b8f HTTP/1.1" status: 404 len: 347 time: 0.0178108
2026-04-22 19:48:19.611 9 INFO neutron.wsgi [None req-a1c6460d-3270-4383-af7d-639516893cb1 b90613614ea0421ea335180b3f5f7229 817679dcff2b4561866b8f7d66d59538 - - default default] 10.0.0.228 "GET /v2.0/security-group-rules HTTP/1.1" status: 200 len: 4113 time: 0.0681324
2026-04-22 19:48:19.749 9 INFO neutron.wsgi [None req-5829214b-32a1-4f28-9ae5-fd5c6f2547d2 b90613614ea0421ea335180b3f5f7229 817679dcff2b4561866b8f7d66d59538 - - default default] 10.0.0.228 "DELETE /v2.0/security-group-rules/a92c4efd-02fc-4faa-bed5-eb3c81a44c8d HTTP/1.1" status: 204 len: 168 time: 0.1322594
2026-04-22 19:48:19.792 9 INFO neutron.wsgi [None req-4e0ceeaf-3e15-41d7-b061-f0aea5afde34 b90613614ea0421ea335180b3f5f7229 817679dcff2b4561866b8f7d66d59538 - - default default] 10.0.0.228 "GET /v2.0/security-group-rules HTTP/1.1" status: 200 len: 3567 time: 0.0387781
2026-04-22 19:48:19.915 9 INFO neutron.db.ovn_revision_numbers_db [None req-ea1d34bb-1a7b-4437-811f-78fba57a3a3f b90613614ea0421ea335180b3f5f7229 817679dcff2b4561866b8f7d66d59538 - - default default] Successfully bumped revision number for resource 103af633-237d-4311-8f47-f35af24e80f4 (type: security_group_rules) to 0
2026-04-22 19:48:19.945 9 INFO neutron.wsgi [None req-ea1d34bb-1a7b-4437-811f-78fba57a3a3f b90613614ea0421ea335180b3f5f7229 817679dcff2b4561866b8f7d66d59538 - - default default] 10.0.0.228 "POST /v2.0/security-group-rules HTTP/1.1" status: 201 len: 768 time: 0.1485109
2026-04-22 19:48:19.965 9 INFO neutron.wsgi [None req-27d99ee5-764e-4ba8-9286-c7ab144bfdd3 b90613614ea0421ea335180b3f5f7229 817679dcff2b4561866b8f7d66d59538 - - default default] 10.0.0.228 "GET /v2.0/security-group-rules/103af633-237d-4311-8f47-f35af24e80f4 HTTP/1.1" status: 200 len: 763 time: 0.0175846
2026-04-22 19:48:20.009 9 INFO neutron.wsgi [None req-12662ec5-2ffd-496d-a442-050cc577f9da b90613614ea0421ea335180b3f5f7229 817679dcff2b4561866b8f7d66d59538 - - default default] 10.0.0.228 "GET /v2.0/security-group-rules HTTP/1.1" status: 200 len: 4113 time: 0.0391715
2026-04-22 19:48:20.090 10 INFO neutron.wsgi [None req-3ad7c9ba-d363-4923-8f8f-19d3fccc5b65 c7898752d6a849db890612dd59f3a82b 78de10c168a34ebb9118f479b28b9ea1 - - default default] 10.0.0.228 "DELETE /v2.0/floatingips/47b7d2c1-5ab0-48b8-a8db-54dba47d6d54 HTTP/1.1" status: 204 len: 168 time: 0.4798880
2026-04-22 19:48:20.100 10 INFO neutron.db.ovn_revision_numbers_db [None req-6b84a292-ef69-490a-9ad8-5e0e8223f32e 6d4c06d5e5b744098d5af7755a0e5df5 1f8d8a1b4db340f4b5554ebd1289762c - - default default] Successfully bumped revision number for resource 2e7bb1bd-8bf1-4e5b-863d-482d91a37f90 (type: ports) to 2
2026-04-22 19:48:20.181 10 INFO neutron.db.ovn_revision_numbers_db [None req-6b84a292-ef69-490a-9ad8-5e0e8223f32e 6d4c06d5e5b744098d5af7755a0e5df5 1f8d8a1b4db340f4b5554ebd1289762c - - default default] Successfully bumped revision number for resource 439a5691-52f3-40db-a53c-de3134ba3c61 (type: subnets) to 0
2026-04-22 19:48:20.201 9 INFO neutron.wsgi [None req-ae713bd3-db37-4f71-8100-ba523d16c9a4 b90613614ea0421ea335180b3f5f7229 817679dcff2b4561866b8f7d66d59538 - - default default] 10.0.0.228 "DELETE /v2.0/security-group-rules/103af633-237d-4311-8f47-f35af24e80f4 HTTP/1.1" status: 204 len: 168 time: 0.1880679
2026-04-22 19:48:20.207 10 INFO neutron.wsgi [None req-6b84a292-ef69-490a-9ad8-5e0e8223f32e 6d4c06d5e5b744098d5af7755a0e5df5 1f8d8a1b4db340f4b5554ebd1289762c - - default default] 10.0.0.228 "POST /v2.0/subnets HTTP/1.1" status: 201 len: 801 time: 1.0886800
2026-04-22 19:48:20.286 9 INFO neutron.wsgi [None req-ba58672a-9718-4369-b4ac-c942fa8a01e7 b90613614ea0421ea335180b3f5f7229 817679dcff2b4561866b8f7d66d59538 - - default default] 10.0.0.228 "GET /v2.0/security-group-rules HTTP/1.1" status: 200 len: 3567 time: 0.0798619
2026-04-22 19:48:20.325 10 INFO neutron.db.securitygroups_db [None req-549a6e47-ba81-4f0d-b9e1-c44d2b0c0448 b90613614ea0421ea335180b3f5f7229 817679dcff2b4561866b8f7d66d59538 - - default default] Project 817679dcff2b4561866b8f7d66d59538 added a security group rule with legacy IPv6 ICMP protocol name icmp, ipv6-icmp should be used instead. It was automatically converted.
2026-04-22 19:48:20.487 10 INFO neutron.db.ovn_revision_numbers_db [None req-549a6e47-ba81-4f0d-b9e1-c44d2b0c0448 b90613614ea0421ea335180b3f5f7229 817679dcff2b4561866b8f7d66d59538 - - default default] Successfully bumped revision number for resource 9a2be8fd-ea22-4983-b9bf-79d356be09c1 (type: security_group_rules) to 0
2026-04-22 19:48:20.544 10 INFO neutron.wsgi [None req-549a6e47-ba81-4f0d-b9e1-c44d2b0c0448 b90613614ea0421ea335180b3f5f7229 817679dcff2b4561866b8f7d66d59538 - - default default] 10.0.0.228 "POST /v2.0/security-group-rules HTTP/1.1" status: 201 len: 774 time: 0.2489433
2026-04-22 19:48:20.587 10 INFO neutron.wsgi [None req-cba7108d-ce4e-4c69-a09d-b7f0202b0ad7 b90613614ea0421ea335180b3f5f7229 817679dcff2b4561866b8f7d66d59538 - - default default] 10.0.0.228 "GET /v2.0/security-group-rules/9a2be8fd-ea22-4983-b9bf-79d356be09c1 HTTP/1.1" status: 200 len: 769 time: 0.0355484
2026-04-22 19:48:20.602 9 WARNING neutron.scheduler.dhcp_agent_scheduler [None req-eb57160a-77ad-4b2c-a4cf-300b929d0753 6d4c06d5e5b744098d5af7755a0e5df5 1f8d8a1b4db340f4b5554ebd1289762c - - default default] No more DHCP agents
2026-04-22 19:48:20.603 9 WARNING neutron.api.rpc.agentnotifiers.dhcp_rpc_agent_api [None req-eb57160a-77ad-4b2c-a4cf-300b929d0753 6d4c06d5e5b744098d5af7755a0e5df5 1f8d8a1b4db340f4b5554ebd1289762c - - default default] Unable to schedule network 6321f2ca-ab2c-4c2a-abb4-b430003127a0: no agents available; will retry on subsequent port and subnet creation events.
2026-04-22 19:48:20.648 10 INFO neutron.wsgi [None req-5b5ab482-2c29-4e3c-b410-26624b1ab382 b90613614ea0421ea335180b3f5f7229 817679dcff2b4561866b8f7d66d59538 - - default default] 10.0.0.228 "GET /v2.0/security-group-rules HTTP/1.1" status: 200 len: 4119 time: 0.0572553
2026-04-22 19:48:20.793 9 INFO neutron.db.ovn_revision_numbers_db [None req-eb57160a-77ad-4b2c-a4cf-300b929d0753 6d4c06d5e5b744098d5af7755a0e5df5 1f8d8a1b4db340f4b5554ebd1289762c - - default default] Successfully bumped revision number for resource 538f8686-19f5-4647-958a-c442bccb6de4 (type: ports) to 1
2026-04-22 19:48:20.817 9 INFO neutron.wsgi [None req-eb57160a-77ad-4b2c-a4cf-300b929d0753 6d4c06d5e5b744098d5af7755a0e5df5 1f8d8a1b4db340f4b5554ebd1289762c - - default default] 10.0.0.228 "POST /v2.0/ports HTTP/1.1" status: 201 len: 1111 time: 0.6043012
2026-04-22 19:48:20.825 10 INFO neutron.wsgi [None req-d637161d-78db-4829-bd6e-d7ff1bd251de b90613614ea0421ea335180b3f5f7229 817679dcff2b4561866b8f7d66d59538 - - default default] 10.0.0.228 "DELETE /v2.0/security-group-rules/9a2be8fd-ea22-4983-b9bf-79d356be09c1 HTTP/1.1" status: 204 len: 168 time: 0.1710408
2026-04-22 19:48:20.887 9 INFO neutron.wsgi [None req-31681db6-5ac6-4ebb-9ab8-dfa62bf48e2f b90613614ea0421ea335180b3f5f7229 817679dcff2b4561866b8f7d66d59538 - - default default] 10.0.0.228 "GET /v2.0/security-group-rules HTTP/1.1" status: 200 len: 3567 time: 0.0566700
2026-04-22 19:48:21.042 10 INFO neutron.wsgi [None req-d656d7fb-41b2-46e4-b095-1775d71b62d0 b90613614ea0421ea335180b3f5f7229 817679dcff2b4561866b8f7d66d59538 - - default default] 10.0.0.228 "DELETE /v2.0/security-groups/5ad7e952-70f6-4919-8189-c022b164835e HTTP/1.1" status: 204 len: 168 time: 0.1510184
2026-04-22 19:48:21.092 9 INFO neutron.wsgi [None req-48f903a8-e6aa-4fb5-9ab9-3b2a8a0f20b7 b90613614ea0421ea335180b3f5f7229 817679dcff2b4561866b8f7d66d59538 - - default default] 10.0.0.228 "GET /v2.0/security-groups HTTP/1.1" status: 200 len: 2996 time: 0.0422163
2026-04-22 19:48:21.147 10 INFO neutron.wsgi [None req-ededae61-6378-4940-a40a-fb3406f650e5 b90613614ea0421ea335180b3f5f7229 817679dcff2b4561866b8f7d66d59538 - - default default] 10.0.0.228 "GET /v2.0/security-groups HTTP/1.1" status: 200 len: 2996 time: 0.0481668
2026-04-22 19:48:21.183 9 INFO neutron.wsgi [None req-6823e708-a7f1-4e88-a327-4a7c07cd0b29 6d4c06d5e5b744098d5af7755a0e5df5 1f8d8a1b4db340f4b5554ebd1289762c - - default default] 10.0.0.228 "DELETE /v2.0/ports/538f8686-19f5-4647-958a-c442bccb6de4 HTTP/1.1" status: 204 len: 168 time: 0.3612378
2026-04-22 19:48:21.206 10 INFO neutron.wsgi [None req-a28e3f5b-bda1-48d9-94da-d73c7c396dcb 550f234404eb4960871a448a83945bfb d853c331ed19433187edcf8ac7592af9 - - default default] 10.0.0.228 "PUT /v2.0/routers/890c48e8-66f0-4067-8d43-02f30cc436bb/remove_router_interface HTTP/1.1" status: 200 len: 503 time: 1.1041775 /var/lib/openstack/lib/python3.10/site-packages/pycadf/identifier.py:71: UserWarning: Invalid uuid: neutron. To ensure interoperability, identifiers should be a valid uuid. warnings.warn(('Invalid uuid: %s. To ensure interoperability, '
2026-04-22 19:48:21.222 9 INFO neutron.pecan_wsgi.hooks.translation [None req-d70e9817-54fe-4447-8cfb-f417c4b59bb9 6d4c06d5e5b744098d5af7755a0e5df5 1f8d8a1b4db340f4b5554ebd1289762c - - default default] GET failed (client error): The resource could not be found.
2026-04-22 19:48:21.224 9 INFO neutron.wsgi [None req-d70e9817-54fe-4447-8cfb-f417c4b59bb9 6d4c06d5e5b744098d5af7755a0e5df5 1f8d8a1b4db340f4b5554ebd1289762c - - default default] 10.0.0.228 "GET /v2.0/ports/538f8686-19f5-4647-958a-c442bccb6de4 HTTP/1.1" status: 404 len: 333 time: 0.0343828
2026-04-22 19:48:21.398 9 INFO neutron.db.ovn_revision_numbers_db [None req-760a5126-a018-4ba9-b594-8c5994880030 fbb3c77577964a0b8ad5ddcd02221115 bf3710eb5cac47669ef68815b00d3274 - - default default] Successfully bumped revision number for resource c7a8f0ac-af48-4f2d-b77c-a0730ba6f8c9 (type: security_groups) to 1
2026-04-22 19:48:21.417 9 INFO neutron.db.ovn_revision_numbers_db [None req-760a5126-a018-4ba9-b594-8c5994880030 fbb3c77577964a0b8ad5ddcd02221115 bf3710eb5cac47669ef68815b00d3274 - - default default] Successfully bumped revision number for resource 295d60d8-d9ef-4998-88d2-b247099f4a8f (type: security_group_rules) to 0
2026-04-22 19:48:21.432 9 INFO neutron.db.ovn_revision_numbers_db [None req-760a5126-a018-4ba9-b594-8c5994880030 fbb3c77577964a0b8ad5ddcd02221115 bf3710eb5cac47669ef68815b00d3274 - - default default] Successfully bumped revision number for resource 6dc97c4d-16fa-4ddc-a76c-1eb1bd81b3f9 (type: security_group_rules) to 0
2026-04-22 19:48:21.452 9 INFO neutron.wsgi [None req-d36a126c-980f-4490-a491-27b76cb9003f 6d4c06d5e5b744098d5af7755a0e5df5 1f8d8a1b4db340f4b5554ebd1289762c - - default default] 10.0.0.228 "DELETE /v2.0/subnets/439a5691-52f3-40db-a53c-de3134ba3c61 HTTP/1.1" status: 204 len: 168 time: 0.2229438
2026-04-22 19:48:21.456 9 INFO neutron.db.ovn_revision_numbers_db [None req-760a5126-a018-4ba9-b594-8c5994880030 fbb3c77577964a0b8ad5ddcd02221115 bf3710eb5cac47669ef68815b00d3274 - - default default] Successfully bumped revision number for resource c175ebde-7d8f-4ee3-bc8a-27acda95f3a5 (type: security_group_rules) to 0
2026-04-22 19:48:21.482 9 INFO neutron.db.ovn_revision_numbers_db [None req-760a5126-a018-4ba9-b594-8c5994880030 fbb3c77577964a0b8ad5ddcd02221115 bf3710eb5cac47669ef68815b00d3274 - - default default] Successfully bumped revision number for resource f84d814e-ef51-474f-93d6-9fcacb8b1578 (type: security_group_rules) to 0
2026-04-22 19:48:21.575 9 INFO neutron.db.segments_db [None req-760a5126-a018-4ba9-b594-8c5994880030 fbb3c77577964a0b8ad5ddcd02221115 bf3710eb5cac47669ef68815b00d3274 - - default default] Added segment 8a8fa022-c268-4b38-bbea-9871ad5a38f3 of type geneve for network 5e28cb65-6003-4f50-8590-ea3d05d930f6
2026-04-22 19:48:21.859 10 INFO neutron.wsgi [None req-e9897727-9bf3-4fb6-b312-46f1ec0b66e1 550f234404eb4960871a448a83945bfb d853c331ed19433187edcf8ac7592af9 - - default default] 10.0.0.228 "GET /v2.0/security-groups?tenant_id=817679dcff2b4561866b8f7d66d59538&name=default HTTP/1.1" status: 200 len: 2996 time: 0.1654038
2026-04-22 19:48:22.048 9 INFO neutron.db.ovn_revision_numbers_db [None req-760a5126-a018-4ba9-b594-8c5994880030 fbb3c77577964a0b8ad5ddcd02221115 bf3710eb5cac47669ef68815b00d3274 - - default default] Successfully bumped revision number for resource 5e28cb65-6003-4f50-8590-ea3d05d930f6 (type: networks) to 1
2026-04-22 19:48:22.159 10 INFO neutron.wsgi [None req-ec47e0fd-806b-4d1a-aa89-8e9169e3c66e 550f234404eb4960871a448a83945bfb d853c331ed19433187edcf8ac7592af9 - - default default] 10.0.0.228 "DELETE /v2.0/routers/890c48e8-66f0-4067-8d43-02f30cc436bb HTTP/1.1" status: 204 len: 168 time: 0.9494240
2026-04-22 19:48:22.298 9 INFO neutron.services.segments.plugin [-] Segment 97f4f02d-ab3a-4633-8268-311d19edf5e2 resource provider aggregate not found
2026-04-22 19:48:22.305 9 INFO neutron.services.segments.plugin [-] Segment 97f4f02d-ab3a-4633-8268-311d19edf5e2 resource provider aggregate not found
2026-04-22 19:48:22.322 9 INFO neutron.services.segments.plugin [-] Segment 97f4f02d-ab3a-4633-8268-311d19edf5e2 resource provider not found; error: Placement Client Error (4xx): {"errors": [{"status": 404, "title": "Not Found", "detail": "The resource could not be found.\n\n No resource provider with uuid 97f4f02d-ab3a-4633-8268-311d19edf5e2 found for delete ", "request_id": "req-589b0835-3a34-4655-9993-f6447c975b51"}]}
2026-04-22 19:48:22.330 9 INFO neutron.services.segments.plugin [-] Segment 97f4f02d-ab3a-4633-8268-311d19edf5e2 resource provider not found; error: Placement Client Error (4xx): {"errors": [{"status": 404, "title": "Not Found", "detail": "The resource could not be found.\n\n No resource provider with uuid 97f4f02d-ab3a-4633-8268-311d19edf5e2 found for delete ", "request_id": "req-430acb83-8d3c-453f-8ce2-3510d439eb7c"}]}
2026-04-22 19:48:22.353 10 INFO neutron.wsgi [None req-da12662d-b76d-4559-bde1-602f0ff1498c 550f234404eb4960871a448a83945bfb d853c331ed19433187edcf8ac7592af9 - - default default] 10.0.0.228 "DELETE /v2.0/security-groups/09bf7467-ff66-4e4a-8f7f-cce1c62c37dc HTTP/1.1" status: 204 len: 168 time: 0.4883039
2026-04-22 19:48:22.388 9 INFO neutron.wsgi [None req-c9739d57-4513-4854-8214-2a25c84037bc 6d4c06d5e5b744098d5af7755a0e5df5 1f8d8a1b4db340f4b5554ebd1289762c - - default default] 10.0.0.228 "DELETE /v2.0/networks/6321f2ca-ab2c-4c2a-abb4-b430003127a0 HTTP/1.1" status: 204 len: 168 time: 0.9296682
2026-04-22 19:48:22.398 9 WARNING neutron.scheduler.dhcp_agent_scheduler [None req-760a5126-a018-4ba9-b594-8c5994880030 fbb3c77577964a0b8ad5ddcd02221115 bf3710eb5cac47669ef68815b00d3274 - - default default] No more DHCP agents
2026-04-22 19:48:22.401 9 WARNING neutron.api.rpc.agentnotifiers.dhcp_rpc_agent_api [None req-760a5126-a018-4ba9-b594-8c5994880030 fbb3c77577964a0b8ad5ddcd02221115 bf3710eb5cac47669ef68815b00d3274 - - default default] Unable to schedule network 5e28cb65-6003-4f50-8590-ea3d05d930f6: no agents available; will retry on subsequent port and subnet creation events.
2026-04-22 19:48:22.502 9 INFO neutron.db.ovn_revision_numbers_db [None req-760a5126-a018-4ba9-b594-8c5994880030 fbb3c77577964a0b8ad5ddcd02221115 bf3710eb5cac47669ef68815b00d3274 - - default default] Successfully bumped revision number for resource 5607f8c1-0e6d-485d-adc5-3bb407978af1 (type: ports) to 1
2026-04-22 19:48:22.524 9 INFO neutron.wsgi [None req-df009fee-0482-46aa-a011-c34cb01ed2d4 550f234404eb4960871a448a83945bfb d853c331ed19433187edcf8ac7592af9 - - default default] 10.0.0.228 "DELETE /v2.0/subnets/a31b71f1-3cb0-4876-a411-543a9939f1c6 HTTP/1.1" status: 204 len: 168 time: 0.3570275
2026-04-22 19:48:22.535 9 INFO neutron.wsgi [None req-760a5126-a018-4ba9-b594-8c5994880030 fbb3c77577964a0b8ad5ddcd02221115 bf3710eb5cac47669ef68815b00d3274 - - default default] 10.0.0.228 "POST /v2.0/networks HTTP/1.1" status: 201 len: 831 time: 1.5745618
2026-04-22 19:48:22.700 10 WARNING neutron.scheduler.dhcp_agent_scheduler [None req-5ce54d66-8f91-48d6-a496-70f1371763db 6d4c06d5e5b744098d5af7755a0e5df5 1f8d8a1b4db340f4b5554ebd1289762c - - default default] No more DHCP agents
2026-04-22 19:48:22.705 10 WARNING neutron.api.rpc.agentnotifiers.dhcp_rpc_agent_api [None req-5ce54d66-8f91-48d6-a496-70f1371763db 6d4c06d5e5b744098d5af7755a0e5df5 1f8d8a1b4db340f4b5554ebd1289762c - - default default] Unable to schedule network 1e674160-cef4-4dc5-8478-911d7232cd2b: no agents available; will retry on subsequent port and subnet creation events.
2026-04-22 19:48:22.809 10 INFO neutron.db.ovn_revision_numbers_db [None req-5ce54d66-8f91-48d6-a496-70f1371763db 6d4c06d5e5b744098d5af7755a0e5df5 1f8d8a1b4db340f4b5554ebd1289762c - - default default] Successfully bumped revision number for resource 86f5609b-461a-456c-8229-f4593e0a406d (type: ports) to 1
2026-04-22 19:48:22.837 10 INFO neutron.wsgi [None req-5ce54d66-8f91-48d6-a496-70f1371763db 6d4c06d5e5b744098d5af7755a0e5df5 1f8d8a1b4db340f4b5554ebd1289762c - - default default] 10.0.0.228 "POST /v2.0/ports HTTP/1.1" status: 201 len: 974 time: 0.4392297 /var/lib/openstack/lib/python3.10/site-packages/pycadf/identifier.py:71: UserWarning: Invalid uuid: neutron. To ensure interoperability, identifiers should be a valid uuid. warnings.warn(('Invalid uuid: %s. To ensure interoperability, '
2026-04-22 19:48:22.983 10 INFO neutron.services.segments.plugin [-] Segment 841387f9-26ae-4207-8191-073c89cb55ba resource provider aggregate not found
2026-04-22 19:48:22.992 10 INFO neutron.services.segments.plugin [-] Segment 841387f9-26ae-4207-8191-073c89cb55ba resource provider aggregate not found
2026-04-22 19:48:23.018 10 INFO neutron.services.segments.plugin [-] Segment 841387f9-26ae-4207-8191-073c89cb55ba resource provider not found; error: Placement Client Error (4xx): {"errors": [{"status": 404, "title": "Not Found", "detail": "The resource could not be found.\n\n No resource provider with uuid 841387f9-26ae-4207-8191-073c89cb55ba found for delete ", "request_id": "req-47919b21-6b93-42bd-946c-39d7a2e6baef"}]}
2026-04-22 19:48:23.019 10 INFO neutron.services.segments.plugin [-] Segment 841387f9-26ae-4207-8191-073c89cb55ba resource provider not found; error: Placement Client Error (4xx): {"errors": [{"status": 404, "title": "Not Found", "detail": "The resource could not be found.\n\n No resource provider with uuid 841387f9-26ae-4207-8191-073c89cb55ba found for delete ", "request_id": "req-6060bf10-ed29-450b-b71f-5c03f4b6f42b"}]}
2026-04-22 19:48:23.058 10 INFO neutron.wsgi [None req-147d9646-fc77-4820-9afa-588c3d11f139 550f234404eb4960871a448a83945bfb d853c331ed19433187edcf8ac7592af9 - - default default] 10.0.0.228 "DELETE /v2.0/networks/c02cea8a-cb70-4042-aeb5-5e6efa37ca58 HTTP/1.1" status: 204 len: 168 time: 0.5284519
2026-04-22 19:48:23.073 9 WARNING neutron.scheduler.dhcp_agent_scheduler [None req-4fa85279-66ca-438f-a55f-c08bd41393c9 fbb3c77577964a0b8ad5ddcd02221115 bf3710eb5cac47669ef68815b00d3274 - - default default] No more DHCP agents
2026-04-22 19:48:23.076 9 WARNING neutron.api.rpc.agentnotifiers.dhcp_rpc_agent_api [None req-4fa85279-66ca-438f-a55f-c08bd41393c9 fbb3c77577964a0b8ad5ddcd02221115 bf3710eb5cac47669ef68815b00d3274 - - default default] Unable to schedule network c69ca577-0402-4100-a3a3-400d40ab29ce: no agents available; will retry on subsequent port and subnet creation events.
2026-04-22 19:48:23.191 9 INFO neutron.plugins.ml2.drivers.ovn.mech_driver.mech_driver [None req-d5d012e9-9431-4ac5-abb5-bd4b7c8ccf8b - - - - - -] OVN reports status down for port: 86f5609b-461a-456c-8229-f4593e0a406d
2026-04-22 19:48:23.214 10 INFO neutron.db.ovn_revision_numbers_db [None req-7198d982-9148-426c-9480-daf59472e512 6d4c06d5e5b744098d5af7755a0e5df5 1f8d8a1b4db340f4b5554ebd1289762c - - default default] Successfully bumped revision number for resource 86f5609b-461a-456c-8229-f4593e0a406d (type: ports) to 2
2026-04-22 19:48:23.226 10 INFO neutron.wsgi [None req-7198d982-9148-426c-9480-daf59472e512 6d4c06d5e5b744098d5af7755a0e5df5 1f8d8a1b4db340f4b5554ebd1289762c - - default default] 10.0.0.228 "PUT /v2.0/ports/86f5609b-461a-456c-8229-f4593e0a406d HTTP/1.1" status: 200 len: 946 time: 0.3838735 /var/lib/openstack/lib/python3.10/site-packages/pycadf/identifier.py:71: UserWarning: Invalid uuid: neutron. To ensure interoperability, identifiers should be a valid uuid. warnings.warn(('Invalid uuid: %s. To ensure interoperability, '
2026-04-22 19:48:23.290 9 INFO neutron.wsgi [None req-3cedbea2-75b0-48ea-9b3f-a64a4965fcd7 550f234404eb4960871a448a83945bfb d853c331ed19433187edcf8ac7592af9 - - default default] 10.0.0.228 "GET /v2.0/security-groups?tenant_id=78de10c168a34ebb9118f479b28b9ea1&name=default HTTP/1.1" status: 200 len: 2996 time: 0.0550365
2026-04-22 19:48:23.312 9 INFO neutron.db.ovn_revision_numbers_db [None req-4fa85279-66ca-438f-a55f-c08bd41393c9 fbb3c77577964a0b8ad5ddcd02221115 bf3710eb5cac47669ef68815b00d3274 - - default default] Successfully bumped revision number for resource 9061c7c5-77b3-4b04-9267-6719e0c93649 (type: ports) to 1
2026-04-22 19:48:23.496 10 INFO neutron.wsgi [None req-dff5f717-2d8b-413d-997c-da8fc7217476 6d4c06d5e5b744098d5af7755a0e5df5 1f8d8a1b4db340f4b5554ebd1289762c - - default default] 10.0.0.228 "DELETE /v2.0/ports/86f5609b-461a-456c-8229-f4593e0a406d HTTP/1.1" status: 204 len: 168 time: 0.2659745
2026-04-22 19:48:23.589 10 INFO neutron.wsgi [None req-6c7bedee-23fb-47cb-964e-eb09ef1de8c7 6d4c06d5e5b744098d5af7755a0e5df5 1f8d8a1b4db340f4b5554ebd1289762c - - default default] 10.0.0.228 "GET /v2.0/ports HTTP/1.1" status: 200 len: 1729 time: 0.0871494
2026-04-22 19:48:23.620 9 INFO neutron.pecan_wsgi.hooks.translation [None req-e19b96f9-2e0f-4f73-8e83-5dad385a8d7a 6d4c06d5e5b744098d5af7755a0e5df5 1f8d8a1b4db340f4b5554ebd1289762c - - default default] GET failed (client error): The resource could not be found.
2026-04-22 19:48:23.621 9 INFO neutron.wsgi [None req-e19b96f9-2e0f-4f73-8e83-5dad385a8d7a 6d4c06d5e5b744098d5af7755a0e5df5 1f8d8a1b4db340f4b5554ebd1289762c - - default default] 10.0.0.228 "GET /v2.0/ports/86f5609b-461a-456c-8229-f4593e0a406d HTTP/1.1" status: 404 len: 333 time: 0.0219247
2026-04-22 19:48:23.648 9 INFO neutron.wsgi [None req-b14659d5-196a-41ae-b7ea-80abe1371ed9 550f234404eb4960871a448a83945bfb d853c331ed19433187edcf8ac7592af9 - - default default] 10.0.0.228 "DELETE /v2.0/security-groups/8d796c9d-155b-442f-b1dc-78ae4655581b HTTP/1.1" status: 204 len: 168 time: 0.3493140
2026-04-22 19:48:23.723 9 INFO neutron.wsgi [None req-a5cd1bf4-a2c1-4c3c-99d0-b38cc09eb1ce 6d4c06d5e5b744098d5af7755a0e5df5 1f8d8a1b4db340f4b5554ebd1289762c - - default default] 10.0.0.228 "GET /v2.0/ports HTTP/1.1" status: 200 len: 1729 time: 0.0955257
2026-04-22 19:48:23.782 10 INFO neutron.wsgi [None req-b9c33f72-e3b1-4974-bec1-a415f4a6a6bd 6d4c06d5e5b744098d5af7755a0e5df5 1f8d8a1b4db340f4b5554ebd1289762c - - default default] 10.0.0.228 "GET /v2.0/ports/5a318c9d-0c29-4cb3-ada3-00ff6772bb1c HTTP/1.1" status: 200 len: 969 time: 0.0491638
2026-04-22 19:48:23.815 10 INFO neutron.pecan_wsgi.hooks.translation [None req-c75100cd-e640-4993-a320-047da8a05fee 6d4c06d5e5b744098d5af7755a0e5df5 1f8d8a1b4db340f4b5554ebd1289762c - - default default] DELETE failed (client error): The resource could not be found.
2026-04-22 19:48:23.818 10 INFO neutron.wsgi [None req-c75100cd-e640-4993-a320-047da8a05fee 6d4c06d5e5b744098d5af7755a0e5df5 1f8d8a1b4db340f4b5554ebd1289762c - - default default] 10.0.0.228 "DELETE /v2.0/ports/538f8686-19f5-4647-958a-c442bccb6de4 HTTP/1.1" status: 404 len: 333 time: 0.0269566
2026-04-22 19:48:23.847 10 INFO neutron.pecan_wsgi.hooks.translation [None req-fa1709ac-3678-41d8-a284-73883b1c49f1 6d4c06d5e5b744098d5af7755a0e5df5 1f8d8a1b4db340f4b5554ebd1289762c - - default default] DELETE failed (client error): The resource could not be found.
2026-04-22 19:48:23.849 10 INFO neutron.wsgi [None req-fa1709ac-3678-41d8-a284-73883b1c49f1 6d4c06d5e5b744098d5af7755a0e5df5 1f8d8a1b4db340f4b5554ebd1289762c - - default default] 10.0.0.228 "DELETE /v2.0/subnets/439a5691-52f3-40db-a53c-de3134ba3c61 HTTP/1.1" status: 404 len: 337 time: 0.0251667
2026-04-22 19:48:23.881 10 INFO neutron.pecan_wsgi.hooks.translation [None req-dcac96fa-3649-4eda-846c-3d038fadfb90 6d4c06d5e5b744098d5af7755a0e5df5 1f8d8a1b4db340f4b5554ebd1289762c - - default default] DELETE failed (client error): The resource could not be found.
2026-04-22 19:48:23.884 10 INFO neutron.wsgi [None req-dcac96fa-3649-4eda-846c-3d038fadfb90 6d4c06d5e5b744098d5af7755a0e5df5 1f8d8a1b4db340f4b5554ebd1289762c - - default default] 10.0.0.228 "DELETE /v2.0/subnets/0b3771c4-ce24-49ec-812c-5cc1eb1894da HTTP/1.1" status: 404 len: 337 time: 0.0279162
2026-04-22 19:48:23.993 10 INFO neutron.plugins.ml2.drivers.ovn.mech_driver.mech_driver [None req-4d511832-6ae8-43ee-8cb3-2282b58f3e1d - - - - - -] OVN reports status up for port: 9061c7c5-77b3-4b04-9267-6719e0c93649
2026-04-22 19:48:24.014 10 INFO neutron.plugins.ml2.drivers.ovn.mech_driver.ovsdb.ovsdb_monitor [None req-57d930ad-ec70-4d66-9e94-ea823064759c - - - - - -] Router 9d2a2aa3-14e2-4de8-82e0-3cb366a9f99a is bound to host instance
2026-04-22 19:48:24.020 10 INFO neutron.plugins.ml2.plugin [None req-4d511832-6ae8-43ee-8cb3-2282b58f3e1d - - - - - -] Attempt 1 to provision port 9061c7c5-77b3-4b04-9267-6719e0c93649
2026-04-22 19:48:24.039 9 INFO neutron.db.ovn_revision_numbers_db [None req-4fa85279-66ca-438f-a55f-c08bd41393c9 fbb3c77577964a0b8ad5ddcd02221115 bf3710eb5cac47669ef68815b00d3274 - - default default] Successfully bumped revision number for resource 9061c7c5-77b3-4b04-9267-6719e0c93649 (type: router_ports) to 1
2026-04-22 19:48:24.129 9 INFO neutron.db.ovn_revision_numbers_db [None req-4fa85279-66ca-438f-a55f-c08bd41393c9 fbb3c77577964a0b8ad5ddcd02221115 bf3710eb5cac47669ef68815b00d3274 - - default default] Successfully bumped revision number for resource 9d2a2aa3-14e2-4de8-82e0-3cb366a9f99a (type: routers) to 2
2026-04-22 19:48:24.154 9 INFO neutron.wsgi [None req-4fa85279-66ca-438f-a55f-c08bd41393c9 fbb3c77577964a0b8ad5ddcd02221115 bf3710eb5cac47669ef68815b00d3274 - - default default] 10.0.0.228 "POST /v2.0/routers HTTP/1.1" status: 201 len: 875 time: 1.6137586
2026-04-22 19:48:24.311 10 INFO neutron.wsgi [None req-add5aaf2-f52d-4211-a4b0-f5781b04f41f 6d4c06d5e5b744098d5af7755a0e5df5 1f8d8a1b4db340f4b5554ebd1289762c - - default default] 10.0.0.228 "DELETE /v2.0/ports/5a318c9d-0c29-4cb3-ada3-00ff6772bb1c HTTP/1.1" status: 204 len: 168 time: 0.4210925
2026-04-22 19:48:24.323 9 INFO neutron.wsgi [None req-63902976-b7d5-43b1-b540-51611e729a6d 5621b5eb6ade4ea8a38b93ecd823bbd1 2a76727abd1a436588a20cb6ccc65d38 - - default default] 10.0.0.228 "GET /v2.0/subnets?project_id=bf3710eb5cac47669ef68815b00d3274&cidr=10.100.0.0%2F28 HTTP/1.1" status: 200 len: 207 time: 0.1654215
2026-04-22 19:48:24.463 10 INFO neutron.wsgi [None req-3364cedf-bd23-48a2-a907-5ad2b60ae77b 5621b5eb6ade4ea8a38b93ecd823bbd1 2a76727abd1a436588a20cb6ccc65d38 - - default default] 10.0.0.228 "GET /v2.0/networks?router%3Aexternal=True HTTP/1.1" status: 200 len: 947 time: 0.1333666
2026-04-22 19:48:24.493 10 INFO neutron.wsgi [None req-3e663f39-ec29-4b92-9b5f-c39eebc0ba01 5621b5eb6ade4ea8a38b93ecd823bbd1 2a76727abd1a436588a20cb6ccc65d38 - - default default] 10.0.0.228 "GET /v2.0/subnets?network_id=c69ca577-0402-4100-a3a3-400d40ab29ce&cidr=10.100.0.0%2F28 HTTP/1.1" status: 200 len: 207 time: 0.0246599
2026-04-22 19:48:24.696 9 INFO neutron.services.segments.plugin [-] Segment bb13d03f-c587-4981-a328-d09a5257ed51 resource provider aggregate not found
2026-04-22 19:48:24.700 9 INFO neutron.services.segments.plugin [-] Segment bb13d03f-c587-4981-a328-d09a5257ed51 resource provider aggregate not found
2026-04-22 19:48:24.714 9 INFO neutron.services.segments.plugin [-] Segment bb13d03f-c587-4981-a328-d09a5257ed51 resource provider not found; error: Placement Client Error (4xx): {"errors": [{"status": 404, "title": "Not Found", "detail": "The resource could not be found.\n\n No resource provider with uuid bb13d03f-c587-4981-a328-d09a5257ed51 found for delete ", "request_id": "req-796fe76c-030d-4566-b2ed-6a6731cf3fe0"}]}
2026-04-22 19:48:24.715 9 INFO neutron.services.segments.plugin [-] Segment bb13d03f-c587-4981-a328-d09a5257ed51 resource provider not found; error: Placement Client Error (4xx): {"errors": [{"status": 404, "title": "Not Found", "detail": "The resource could not be found.\n\n No resource provider with uuid bb13d03f-c587-4981-a328-d09a5257ed51 found for delete ", "request_id": "req-a30a1903-9771-4ea0-9fa1-7d891e462f2f"}]}
2026-04-22 19:48:24.755 9 INFO neutron.wsgi [None req-23be31be-2fb0-4617-9959-41f780348e8c 6d4c06d5e5b744098d5af7755a0e5df5 1f8d8a1b4db340f4b5554ebd1289762c - - default default] 10.0.0.228 "DELETE /v2.0/networks/1e674160-cef4-4dc5-8478-911d7232cd2b HTTP/1.1" status: 204 len: 168 time: 0.4378438
2026-04-22 19:48:24.806 9 INFO neutron.wsgi [-] 10.0.0.56 "GET / HTTP/1.1" status: 200 len: 247 time: 0.0029600
2026-04-22 19:48:24.806 10 INFO neutron.wsgi [-] 10.0.0.56 "GET / HTTP/1.1" status: 200 len: 247 time: 0.0013340
2026-04-22 19:48:24.834 10 INFO neutron.db.ovn_revision_numbers_db [None req-9918dfca-b065-4a61-a556-e54852fd182a 38fcfebeea534936b313e9e7f7c7ec4e ae718c4d82864c35aacaac4b0154be72 - - default default] Successfully bumped revision number for resource c5334933-ac24-4ca1-8b2e-ade1f512968b (type: security_groups) to 1
2026-04-22 19:48:24.867 10 INFO neutron.db.ovn_revision_numbers_db [None req-9918dfca-b065-4a61-a556-e54852fd182a 38fcfebeea534936b313e9e7f7c7ec4e ae718c4d82864c35aacaac4b0154be72 - - default default] Successfully bumped revision number for resource 4781c7d3-8006-415c-a0d4-a93e9bdd655e (type: security_group_rules) to 0
2026-04-22 19:48:24.895 10 INFO neutron.db.ovn_revision_numbers_db [None req-9918dfca-b065-4a61-a556-e54852fd182a 38fcfebeea534936b313e9e7f7c7ec4e ae718c4d82864c35aacaac4b0154be72 - - default default] Successfully bumped revision number for resource 52174701-7524-47d8-80fe-a8f92bd91c64 (type: security_group_rules) to 0
2026-04-22 19:48:24.897 10 WARNING neutron.scheduler.dhcp_agent_scheduler [None req-9cca6fa4-9313-40d5-8404-901fe354249d fbb3c77577964a0b8ad5ddcd02221115 bf3710eb5cac47669ef68815b00d3274 - - default default] No more DHCP agents
2026-04-22 19:48:24.910 10 WARNING neutron.api.rpc.agentnotifiers.dhcp_rpc_agent_api [None req-9cca6fa4-9313-40d5-8404-901fe354249d fbb3c77577964a0b8ad5ddcd02221115 bf3710eb5cac47669ef68815b00d3274 - - default default] Unable to schedule network 5e28cb65-6003-4f50-8590-ea3d05d930f6: no agents available; will retry on subsequent port and subnet creation events.
2026-04-22 19:48:24.951 10 INFO neutron.db.ovn_revision_numbers_db [None req-9918dfca-b065-4a61-a556-e54852fd182a 38fcfebeea534936b313e9e7f7c7ec4e ae718c4d82864c35aacaac4b0154be72 - - default default] Successfully bumped revision number for resource 90acf857-cc15-4b5a-a235-63d29f1b817c (type: security_group_rules) to 0
2026-04-22 19:48:24.991 10 INFO neutron.db.ovn_revision_numbers_db [None req-9918dfca-b065-4a61-a556-e54852fd182a 38fcfebeea534936b313e9e7f7c7ec4e ae718c4d82864c35aacaac4b0154be72 - - default default] Successfully bumped revision number for resource b49f15ba-9c29-4fcc-bf3f-6241cf816a7a (type: security_group_rules) to 0
2026-04-22 19:48:25.026 10 INFO neutron.db.ovn_revision_numbers_db [None req-57d930ad-ec70-4d66-9e94-ea823064759c - - - - - -] Successfully bumped revision number for resource 9061c7c5-77b3-4b04-9267-6719e0c93649 (type: ports) to 1
2026-04-22 19:48:25.169 10 INFO neutron.db.ovn_revision_numbers_db [None req-9918dfca-b065-4a61-a556-e54852fd182a 38fcfebeea534936b313e9e7f7c7ec4e ae718c4d82864c35aacaac4b0154be72 - - default default] Successfully bumped revision number for resource 65d68dae-a96c-4fdf-acaa-f295d08a9d1f (type: security_groups) to 1
2026-04-22 19:48:25.193 10 INFO neutron.db.ovn_revision_numbers_db [None req-9918dfca-b065-4a61-a556-e54852fd182a 38fcfebeea534936b313e9e7f7c7ec4e ae718c4d82864c35aacaac4b0154be72 - - default default] Successfully bumped revision number for resource 79349a34-9046-444b-b947-6ab71de34245 (type: security_group_rules) to 0
2026-04-22 19:48:25.259 10 INFO neutron.db.ovn_revision_numbers_db [None req-9918dfca-b065-4a61-a556-e54852fd182a 38fcfebeea534936b313e9e7f7c7ec4e ae718c4d82864c35aacaac4b0154be72 - - default default] Successfully bumped revision number for resource cadbd463-551b-4271-bd50-adffbb49737e (type: security_group_rules) to 0
2026-04-22 19:48:25.299 10 INFO neutron.wsgi [None req-9918dfca-b065-4a61-a556-e54852fd182a 38fcfebeea534936b313e9e7f7c7ec4e ae718c4d82864c35aacaac4b0154be72 - - default default] 10.0.0.228 "POST /v2.0/security-groups HTTP/1.1" status: 201 len: 1760 time: 0.8189487
2026-04-22 19:48:25.356 9 INFO neutron.wsgi [None req-94b33558-2063-497e-a400-228467d4a38c 38fcfebeea534936b313e9e7f7c7ec4e ae718c4d82864c35aacaac4b0154be72 - - default default] 10.0.0.228 "GET /v2.0/security-groups HTTP/1.1" status: 200 len: 4538 time: 0.0522246
2026-04-22 19:48:25.479 9 INFO neutron.db.ovn_revision_numbers_db [None req-3f566cea-6542-4b9d-b1c2-13170aba95ff 38fcfebeea534936b313e9e7f7c7ec4e ae718c4d82864c35aacaac4b0154be72 - - default default] Successfully bumped revision number for resource 65d68dae-a96c-4fdf-acaa-f295d08a9d1f (type: security_groups) to 2
2026-04-22 19:48:25.482 9 INFO neutron.wsgi [None req-3f566cea-6542-4b9d-b1c2-13170aba95ff 38fcfebeea534936b313e9e7f7c7ec4e ae718c4d82864c35aacaac4b0154be72 - - default default] 10.0.0.228 "PUT /v2.0/security-groups/65d68dae-a96c-4fdf-acaa-f295d08a9d1f HTTP/1.1" status: 200 len: 1793 time: 0.1179016
2026-04-22 19:48:25.533 9 INFO neutron.wsgi [None req-fb22ea93-bf34-4d26-8378-ab8d77ca99b8 550f234404eb4960871a448a83945bfb d853c331ed19433187edcf8ac7592af9 - - default default] 10.0.0.228 "GET /v2.0/security-groups?tenant_id=1f8d8a1b4db340f4b5554ebd1289762c&name=default HTTP/1.1" status: 200 len: 2996 time: 0.2549756
2026-04-22 19:48:25.574 9 INFO neutron.wsgi [None req-20d7e9a6-ddf7-47f7-b9e8-4db7d3bbf2e4 38fcfebeea534936b313e9e7f7c7ec4e ae718c4d82864c35aacaac4b0154be72 - - default default] 10.0.0.228 "GET /v2.0/security-groups/65d68dae-a96c-4fdf-acaa-f295d08a9d1f HTTP/1.1" status: 200 len: 1793 time: 0.0842609
2026-04-22 19:48:25.680 10 INFO neutron.db.ovn_revision_numbers_db [None req-57d930ad-ec70-4d66-9e94-ea823064759c - - - - - -] Successfully bumped revision number for resource 9061c7c5-77b3-4b04-9267-6719e0c93649 (type: router_ports) to 3
2026-04-22 19:48:25.756 9 INFO neutron.db.ovn_revision_numbers_db [None req-c931d2ca-9596-465c-bb0f-b14e563d2a7e 550f234404eb4960871a448a83945bfb d853c331ed19433187edcf8ac7592af9 - - default default] Successfully bumped revision number for resource b711f9b7-ca96-43d4-9ac0-460385851031 (type: security_groups) to 1
2026-04-22 19:48:25.780 9 INFO neutron.db.ovn_revision_numbers_db [None req-c931d2ca-9596-465c-bb0f-b14e563d2a7e 550f234404eb4960871a448a83945bfb d853c331ed19433187edcf8ac7592af9 - - default default] Successfully bumped revision number for resource 4e26f55b-98b6-4f81-b097-753fa596c3e7 (type: security_group_rules) to 0
2026-04-22 19:48:25.791 9 INFO neutron.wsgi [None req-93ce8d6b-82ea-4811-8e08-a2d2d3dfc283 38fcfebeea534936b313e9e7f7c7ec4e ae718c4d82864c35aacaac4b0154be72 - - default default] 10.0.0.228 "DELETE /v2.0/security-groups/65d68dae-a96c-4fdf-acaa-f295d08a9d1f HTTP/1.1" status: 204 len: 168 time: 0.2094183
2026-04-22 19:48:25.810 9 INFO neutron.db.ovn_revision_numbers_db [None req-c931d2ca-9596-465c-bb0f-b14e563d2a7e 550f234404eb4960871a448a83945bfb d853c331ed19433187edcf8ac7592af9 - - default default] Successfully bumped revision number for resource 62046e43-0364-4435-8c7b-a35230d454d0 (type: security_group_rules) to 0
2026-04-22 19:48:25.826 9 INFO neutron.db.ovn_revision_numbers_db [None req-c931d2ca-9596-465c-bb0f-b14e563d2a7e 550f234404eb4960871a448a83945bfb d853c331ed19433187edcf8ac7592af9 - - default default] Successfully bumped revision number for resource 95cca8ba-1f7b-4140-b8a1-b076c393e9bf (type: security_group_rules) to 0
2026-04-22 19:48:25.840 9 INFO neutron.db.ovn_revision_numbers_db [None req-c931d2ca-9596-465c-bb0f-b14e563d2a7e 550f234404eb4960871a448a83945bfb d853c331ed19433187edcf8ac7592af9 - - default default] Successfully bumped revision number for resource ba59d6f8-c52b-4af3-9d93-5218fa0f0192 (type: security_group_rules) to 0
2026-04-22 19:48:25.877 9 INFO neutron.wsgi [None req-0153327a-12ea-4168-be16-937f82436464 550f234404eb4960871a448a83945bfb d853c331ed19433187edcf8ac7592af9 - - default default] 10.0.0.228 "DELETE /v2.0/security-groups/683fcdf0-fba9-4e69-9f95-94d5da218ba3 HTTP/1.1" status: 204 len: 168 time: 0.3364606
2026-04-22 19:48:25.880 10 INFO neutron.wsgi [None req-92e53d85-88d2-489e-93fc-43c77c4a08dd 38fcfebeea534936b313e9e7f7c7ec4e ae718c4d82864c35aacaac4b0154be72 - - default default] 10.0.0.228 "GET /v2.0/security-groups HTTP/1.1" status: 200 len: 2996 time: 0.0849497
2026-04-22 19:48:25.891 9 INFO neutron.db.segments_db [None req-c931d2ca-9596-465c-bb0f-b14e563d2a7e 550f234404eb4960871a448a83945bfb d853c331ed19433187edcf8ac7592af9 - - default default] Added segment 9077ceff-3c9b-44c5-a801-7f4e22c62f69 of type geneve for network 371d442c-78b6-4ace-a57f-503bdf70efe0
2026-04-22 19:48:25.895 9 INFO neutron.api.v2.resource [None req-177498b8-1826-4d0d-91c0-3162af99ed49 38fcfebeea534936b313e9e7f7c7ec4e ae718c4d82864c35aacaac4b0154be72 - - default default] delete failed (client error): The resource could not be found.
2026-04-22 19:48:25.896 9 INFO neutron.wsgi [None req-177498b8-1826-4d0d-91c0-3162af99ed49 38fcfebeea534936b313e9e7f7c7ec4e ae718c4d82864c35aacaac4b0154be72 - - default default] 10.0.0.228 "DELETE /v2.0/security-groups/65d68dae-a96c-4fdf-acaa-f295d08a9d1f HTTP/1.1" status: 404 len: 347 time: 0.0117352
2026-04-22 19:48:25.919 10 INFO neutron.db.ovn_revision_numbers_db [None req-9cca6fa4-9313-40d5-8404-901fe354249d fbb3c77577964a0b8ad5ddcd02221115 bf3710eb5cac47669ef68815b00d3274 - - default default] Successfully bumped revision number for resource 5607f8c1-0e6d-485d-adc5-3bb407978af1 (type: ports) to 2
2026-04-22 19:48:25.949 10 INFO neutron.db.ovn_revision_numbers_db [None req-57d930ad-ec70-4d66-9e94-ea823064759c - - - - - -] Successfully bumped revision number for resource 9061c7c5-77b3-4b04-9267-6719e0c93649 (type: ports) to 2
2026-04-22 19:48:25.970 10 INFO neutron.db.ovn_revision_numbers_db [None req-9cca6fa4-9313-40d5-8404-901fe354249d fbb3c77577964a0b8ad5ddcd02221115 bf3710eb5cac47669ef68815b00d3274 - - default default] Successfully bumped revision number for resource 3200eb75-d953-4511-85f2-35d93ddf396b (type: subnets) to 0
2026-04-22 19:48:25.989 10 INFO neutron.wsgi [None req-9cca6fa4-9313-40d5-8404-901fe354249d fbb3c77577964a0b8ad5ddcd02221115 bf3710eb5cac47669ef68815b00d3274 - - default default] 10.0.0.228 "POST /v2.0/subnets HTTP/1.1" status: 201 len: 832 time: 1.4889748
2026-04-22 19:48:26.033 9 INFO neutron.db.ovn_revision_numbers_db [None req-c931d2ca-9596-465c-bb0f-b14e563d2a7e 550f234404eb4960871a448a83945bfb d853c331ed19433187edcf8ac7592af9 - - default default] Successfully bumped revision number for resource 371d442c-78b6-4ace-a57f-503bdf70efe0 (type: networks) to 1
2026-04-22 19:48:26.172 10 INFO neutron.db.ovn_revision_numbers_db [None req-71160b61-1976-46b3-81e1-4b3762cc41d2 38fcfebeea534936b313e9e7f7c7ec4e ae718c4d82864c35aacaac4b0154be72 - - default default] Successfully bumped revision number for resource 83b87485-3473-4e6d-8802-8174e170a64c (type: security_groups) to 1
2026-04-22 19:48:26.204 10 INFO neutron.db.ovn_revision_numbers_db [None req-71160b61-1976-46b3-81e1-4b3762cc41d2 38fcfebeea534936b313e9e7f7c7ec4e ae718c4d82864c35aacaac4b0154be72 - - default default] Successfully bumped revision number for resource 89944407-4228-4c48-a318-6b4aa95fc844 (type: security_group_rules) to 0
2026-04-22 19:48:26.235 10 INFO neutron.db.ovn_revision_numbers_db [None req-71160b61-1976-46b3-81e1-4b3762cc41d2 38fcfebeea534936b313e9e7f7c7ec4e ae718c4d82864c35aacaac4b0154be72 - - default default] Successfully bumped revision number for resource a8029a2e-2595-4ce3-8e66-e2647729949c (type: security_group_rules) to 0
