2026-04-22 19:48:26.274 10 INFO neutron.wsgi [None req-71160b61-1976-46b3-81e1-4b3762cc41d2 38fcfebeea534936b313e9e7f7c7ec4e ae718c4d82864c35aacaac4b0154be72 - - default default] 10.0.0.228 "POST /v2.0/security-groups HTTP/1.1" status: 201 len: 1760 time: 0.3722119
2026-04-22 19:48:26.481 10 INFO neutron.db.ovn_revision_numbers_db [None req-57d930ad-ec70-4d66-9e94-ea823064759c - - - - - -] Successfully bumped revision number for resource 9061c7c5-77b3-4b04-9267-6719e0c93649 (type: ports) to 4
2026-04-22 19:48:26.492 9 WARNING neutron.scheduler.dhcp_agent_scheduler [None req-c931d2ca-9596-465c-bb0f-b14e563d2a7e 550f234404eb4960871a448a83945bfb d853c331ed19433187edcf8ac7592af9 - - default default] No more DHCP agents
2026-04-22 19:48:26.495 9 WARNING neutron.api.rpc.agentnotifiers.dhcp_rpc_agent_api [None req-c931d2ca-9596-465c-bb0f-b14e563d2a7e 550f234404eb4960871a448a83945bfb d853c331ed19433187edcf8ac7592af9 - - default default] Unable to schedule network 371d442c-78b6-4ace-a57f-503bdf70efe0: no agents available; will retry on subsequent port and subnet creation events.
2026-04-22 19:48:26.602 9 INFO neutron.db.ovn_revision_numbers_db [None req-c931d2ca-9596-465c-bb0f-b14e563d2a7e 550f234404eb4960871a448a83945bfb d853c331ed19433187edcf8ac7592af9 - - default default] Successfully bumped revision number for resource e05a3dd5-fd5f-4a51-9550-5a9fdf7b8f47 (type: ports) to 1
2026-04-22 19:48:26.633 9 INFO neutron.wsgi [None req-c931d2ca-9596-465c-bb0f-b14e563d2a7e 550f234404eb4960871a448a83945bfb d853c331ed19433187edcf8ac7592af9 - - default default] 10.0.0.228 "POST /v2.0/networks HTTP/1.1" status: 201 len: 945 time: 1.2172868
2026-04-22 19:48:26.672 10 INFO neutron.db.ovn_revision_numbers_db [None req-9aad70f3-b76a-4f93-91ef-a294e1bfb506 38fcfebeea534936b313e9e7f7c7ec4e ae718c4d82864c35aacaac4b0154be72 - - default default] Successfully bumped revision number for resource b08ed0b3-d134-4b8b-ae61-0c7d86235235 (type: security_group_rules) to 0
2026-04-22 19:48:26.733 10 INFO neutron.wsgi [None req-9aad70f3-b76a-4f93-91ef-a294e1bfb506 38fcfebeea534936b313e9e7f7c7ec4e ae718c4d82864c35aacaac4b0154be72 - - default default] 10.0.0.228 "POST /v2.0/security-group-rules HTTP/1.1" status: 201 len: 768 time: 0.4412723
2026-04-22 19:48:26.756 9 INFO neutron.wsgi [None req-0a54296d-4c09-4ae6-8f79-7bb1dc66c3c8 38fcfebeea534936b313e9e7f7c7ec4e ae718c4d82864c35aacaac4b0154be72 - - default default] 10.0.0.228 "GET /v2.0/security-group-rules/b08ed0b3-d134-4b8b-ae61-0c7d86235235 HTTP/1.1" status: 200 len: 763 time: 0.0181448
2026-04-22 19:48:26.824 9 INFO neutron.wsgi [None req-3a8414b9-a665-4047-83c9-af13287a279c 38fcfebeea534936b313e9e7f7c7ec4e ae718c4d82864c35aacaac4b0154be72 - - default default] 10.0.0.228 "GET /v2.0/security-group-rules HTTP/1.1" status: 200 len: 4113 time: 0.0630729
2026-04-22 19:48:26.854 10 INFO neutron.db.ovn_revision_numbers_db [None req-57d930ad-ec70-4d66-9e94-ea823064759c - - - - - -] Successfully bumped revision number for resource 9061c7c5-77b3-4b04-9267-6719e0c93649 (type: router_ports) to 4
2026-04-22 19:48:26.872 9 WARNING neutron.scheduler.dhcp_agent_scheduler [None req-f6f74bae-703f-4905-bf0e-e44e5c6f2c97 550f234404eb4960871a448a83945bfb d853c331ed19433187edcf8ac7592af9 - - default default] No more DHCP agents
2026-04-22 19:48:26.877 9 WARNING neutron.api.rpc.agentnotifiers.dhcp_rpc_agent_api [None req-f6f74bae-703f-4905-bf0e-e44e5c6f2c97 550f234404eb4960871a448a83945bfb d853c331ed19433187edcf8ac7592af9 - - default default] Unable to schedule network 371d442c-78b6-4ace-a57f-503bdf70efe0: no agents available; will retry on subsequent port and subnet creation events.
2026-04-22 19:48:26.901 10 WARNING neutron.scheduler.dhcp_agent_scheduler [None req-477726c3-e55d-4cdf-b046-fa5c7712d00b fbb3c77577964a0b8ad5ddcd02221115 bf3710eb5cac47669ef68815b00d3274 - - default default] No more DHCP agents
2026-04-22 19:48:26.906 10 WARNING neutron.api.rpc.agentnotifiers.dhcp_rpc_agent_api [None req-477726c3-e55d-4cdf-b046-fa5c7712d00b fbb3c77577964a0b8ad5ddcd02221115 bf3710eb5cac47669ef68815b00d3274 - - default default] Unable to schedule network 5e28cb65-6003-4f50-8590-ea3d05d930f6: no agents available; will retry on subsequent port and subnet creation events.
2026-04-22 19:48:27.062 9 INFO neutron.wsgi [None req-04d42cad-3bb4-4f9d-966b-d15fda98ca8b 38fcfebeea534936b313e9e7f7c7ec4e ae718c4d82864c35aacaac4b0154be72 - - default default] 10.0.0.228 "DELETE /v2.0/security-group-rules/b08ed0b3-d134-4b8b-ae61-0c7d86235235 HTTP/1.1" status: 204 len: 168 time: 0.2329078
2026-04-22 19:48:27.082 10 INFO neutron.db.ovn_revision_numbers_db [None req-477726c3-e55d-4cdf-b046-fa5c7712d00b fbb3c77577964a0b8ad5ddcd02221115 bf3710eb5cac47669ef68815b00d3274 - - default default] Successfully bumped revision number for resource d1213899-f7ff-4ca6-a25f-bf82108bfd9c (type: ports) to 1
2026-04-22 19:48:27.119 9 INFO neutron.wsgi [None req-0cd33dce-2bb4-4480-bba8-189072565f58 38fcfebeea534936b313e9e7f7c7ec4e ae718c4d82864c35aacaac4b0154be72 - - default default] 10.0.0.228 "GET /v2.0/security-group-rules HTTP/1.1" status: 200 len: 3567 time: 0.0487313
2026-04-22 19:48:27.299 10 INFO neutron.db.ovn_revision_numbers_db [None req-24b1cba6-25ad-4ef2-9b02-b396e22ecbd3 38fcfebeea534936b313e9e7f7c7ec4e ae718c4d82864c35aacaac4b0154be72 - - default default] Successfully bumped revision number for resource 8d3d0f2e-89d7-4f57-a86f-c002ee0d3296 (type: security_group_rules) to 0
2026-04-22 19:48:27.341 10 INFO neutron.wsgi [None req-24b1cba6-25ad-4ef2-9b02-b396e22ecbd3 38fcfebeea534936b313e9e7f7c7ec4e ae718c4d82864c35aacaac4b0154be72 - - default default] 10.0.0.228 "POST /v2.0/security-group-rules HTTP/1.1" status: 201 len: 768 time: 0.2153630
2026-04-22 19:48:27.372 10 INFO neutron.wsgi [None req-e1a6b209-63c7-4d11-ad66-7c1721a5fb3b 38fcfebeea534936b313e9e7f7c7ec4e ae718c4d82864c35aacaac4b0154be72 - - default default] 10.0.0.228 "GET /v2.0/security-group-rules/8d3d0f2e-89d7-4f57-a86f-c002ee0d3296 HTTP/1.1" status: 200 len: 763 time: 0.0267758
2026-04-22 19:48:27.449 9 INFO neutron.wsgi [None req-fa572f94-3eb6-48c0-9b49-1af9b1f3613b 38fcfebeea534936b313e9e7f7c7ec4e ae718c4d82864c35aacaac4b0154be72 - - default default] 10.0.0.228 "GET /v2.0/security-group-rules HTTP/1.1" status: 200 len: 4113 time: 0.0601058
2026-04-22 19:48:27.488 9 INFO neutron.db.ovn_revision_numbers_db [None req-f6f74bae-703f-4905-bf0e-e44e5c6f2c97 550f234404eb4960871a448a83945bfb d853c331ed19433187edcf8ac7592af9 - - default default] Successfully bumped revision number for resource e05a3dd5-fd5f-4a51-9550-5a9fdf7b8f47 (type: ports) to 2
2026-04-22 19:48:27.531 9 INFO neutron.db.ovn_revision_numbers_db [None req-f6f74bae-703f-4905-bf0e-e44e5c6f2c97 550f234404eb4960871a448a83945bfb d853c331ed19433187edcf8ac7592af9 - - default default] Successfully bumped revision number for resource 11ccfcea-946d-4e1f-8558-1cdec361cec3 (type: subnets) to 0
2026-04-22 19:48:27.544 9 INFO neutron.wsgi [None req-f6f74bae-703f-4905-bf0e-e44e5c6f2c97 550f234404eb4960871a448a83945bfb d853c331ed19433187edcf8ac7592af9 - - default default] 10.0.0.228 "POST /v2.0/subnets HTTP/1.1" status: 201 len: 865 time: 0.8995807
2026-04-22 19:48:27.581 9 INFO neutron.wsgi [None req-e622c74b-b3be-4188-9673-94c893f2d2fd 38fcfebeea534936b313e9e7f7c7ec4e ae718c4d82864c35aacaac4b0154be72 - - default default] 10.0.0.228 "DELETE /v2.0/security-group-rules/8d3d0f2e-89d7-4f57-a86f-c002ee0d3296 HTTP/1.1" status: 204 len: 168 time: 0.1273246
2026-04-22 19:48:27.623 9 INFO neutron.wsgi [None req-420cb2e6-bfdc-42e0-8814-b05afc87d664 38fcfebeea534936b313e9e7f7c7ec4e ae718c4d82864c35aacaac4b0154be72 - - default default] 10.0.0.228 "GET /v2.0/security-group-rules HTTP/1.1" status: 200 len: 3567 time: 0.0371330
2026-04-22 19:48:27.642 9 INFO neutron.plugins.ml2.drivers.ovn.mech_driver.mech_driver [None req-d5d012e9-9431-4ac5-abb5-bd4b7c8ccf8b - - - - - -] OVN reports status up for port: d1213899-f7ff-4ca6-a25f-bf82108bfd9c
2026-04-22 19:48:27.650 9 INFO neutron.plugins.ml2.plugin [None req-d5d012e9-9431-4ac5-abb5-bd4b7c8ccf8b - - - - - -] Attempt 1 to provision port d1213899-f7ff-4ca6-a25f-bf82108bfd9c
2026-04-22 19:48:27.684 10 INFO neutron.db.ovn_revision_numbers_db [None req-477726c3-e55d-4cdf-b046-fa5c7712d00b fbb3c77577964a0b8ad5ddcd02221115 bf3710eb5cac47669ef68815b00d3274 - - default default] Successfully bumped revision number for resource d1213899-f7ff-4ca6-a25f-bf82108bfd9c (type: router_ports) to 1
2026-04-22 19:48:27.788 9 INFO neutron.db.ovn_revision_numbers_db [None req-7c8cbe2b-5bed-485e-9324-b55e575ea742 38fcfebeea534936b313e9e7f7c7ec4e ae718c4d82864c35aacaac4b0154be72 - - default default] Successfully bumped revision number for resource 3efb6c64-8ccb-4060-acc4-7d62177c9b61 (type: security_group_rules) to 0
2026-04-22 19:48:27.822 9 INFO neutron.wsgi [None req-7c8cbe2b-5bed-485e-9324-b55e575ea742 38fcfebeea534936b313e9e7f7c7ec4e ae718c4d82864c35aacaac4b0154be72 - - default default] 10.0.0.228 "POST /v2.0/security-group-rules HTTP/1.1" status: 201 len: 769 time: 0.1947663
2026-04-22 19:48:27.844 9 INFO neutron.wsgi [None req-6cbb7297-f7d2-44fc-906e-cdf809fa7282 38fcfebeea534936b313e9e7f7c7ec4e ae718c4d82864c35aacaac4b0154be72 - - default default] 10.0.0.228 "GET /v2.0/security-group-rules/3efb6c64-8ccb-4060-acc4-7d62177c9b61 HTTP/1.1" status: 200 len: 764 time: 0.0162761
2026-04-22 19:48:27.902 9 INFO neutron.wsgi [None req-59f35e0f-9593-4585-a615-c734333509d4 38fcfebeea534936b313e9e7f7c7ec4e ae718c4d82864c35aacaac4b0154be72 - - default default] 10.0.0.228 "GET /v2.0/security-group-rules HTTP/1.1" status: 200 len: 4114 time: 0.0539818
2026-04-22 19:48:27.955 10 INFO neutron.db.ovn_revision_numbers_db [None req-477726c3-e55d-4cdf-b046-fa5c7712d00b fbb3c77577964a0b8ad5ddcd02221115 bf3710eb5cac47669ef68815b00d3274 - - default default] Successfully bumped revision number for resource d1213899-f7ff-4ca6-a25f-bf82108bfd9c (type: ports) to 1
2026-04-22 19:48:27.959 9 INFO neutron.db.ovn_revision_numbers_db [None req-d5d012e9-9431-4ac5-abb5-bd4b7c8ccf8b - - - - - -] Successfully bumped revision number for resource d1213899-f7ff-4ca6-a25f-bf82108bfd9c (type: ports) to 2
2026-04-22 19:48:28.080 9 INFO neutron.wsgi [None req-a46ce650-a299-4d99-b0bd-b3b47982f8ee 38fcfebeea534936b313e9e7f7c7ec4e ae718c4d82864c35aacaac4b0154be72 - - default default] 10.0.0.228 "DELETE /v2.0/security-group-rules/3efb6c64-8ccb-4060-acc4-7d62177c9b61 HTTP/1.1" status: 204 len: 168 time: 0.1676557
2026-04-22 19:48:28.095 9 INFO neutron.db.ovn_revision_numbers_db [None req-d5d012e9-9431-4ac5-abb5-bd4b7c8ccf8b - - - - - -] Successfully bumped revision number for resource d1213899-f7ff-4ca6-a25f-bf82108bfd9c (type: router_ports) to 2
2026-04-22 19:48:28.150 9 INFO neutron.wsgi [None req-30703036-6914-44a7-b6e2-8a0fe61f9ab2 38fcfebeea534936b313e9e7f7c7ec4e ae718c4d82864c35aacaac4b0154be72 - - default default] 10.0.0.228 "GET /v2.0/security-group-rules HTTP/1.1" status: 200 len: 3567 time: 0.0613575
2026-04-22 19:48:28.290 9 INFO neutron.wsgi [None req-9ec6e9c4-a7a4-4580-9940-c64274909bc0 38fcfebeea534936b313e9e7f7c7ec4e ae718c4d82864c35aacaac4b0154be72 - - default default] 10.0.0.228 "DELETE /v2.0/security-groups/83b87485-3473-4e6d-8802-8174e170a64c HTTP/1.1" status: 204 len: 168 time: 0.1322248
2026-04-22 19:48:28.327 9 INFO neutron.wsgi [None req-3507345b-2206-4987-bbac-6e94e18adccb 38fcfebeea534936b313e9e7f7c7ec4e ae718c4d82864c35aacaac4b0154be72 - - default default] 10.0.0.228 "GET /v2.0/security-groups HTTP/1.1" status: 200 len: 2996 time: 0.0294938
2026-04-22 19:48:28.355 10 WARNING neutron.scheduler.dhcp_agent_scheduler [None req-477726c3-e55d-4cdf-b046-fa5c7712d00b fbb3c77577964a0b8ad5ddcd02221115 bf3710eb5cac47669ef68815b00d3274 - - default default] No more DHCP agents
2026-04-22 19:48:28.364 10 WARNING neutron.api.rpc.agentnotifiers.dhcp_rpc_agent_api [None req-477726c3-e55d-4cdf-b046-fa5c7712d00b fbb3c77577964a0b8ad5ddcd02221115 bf3710eb5cac47669ef68815b00d3274 - - default default] Unable to schedule network 5e28cb65-6003-4f50-8590-ea3d05d930f6: no agents available; will retry on subsequent port and subnet creation events.
2026-04-22 19:48:28.372 9 INFO neutron.wsgi [None req-d27cbd74-bf37-46c1-8f43-5df8babebed3 38fcfebeea534936b313e9e7f7c7ec4e ae718c4d82864c35aacaac4b0154be72 - - default default] 10.0.0.228 "GET /v2.0/security-groups HTTP/1.1" status: 200 len: 2996 time: 0.0369380
2026-04-22 19:48:28.477 10 WARNING neutron.scheduler.dhcp_agent_scheduler [None req-65ac4c0e-4908-445c-b38a-ff6c63688846 550f234404eb4960871a448a83945bfb d853c331ed19433187edcf8ac7592af9 - - default default] No more DHCP agents
2026-04-22 19:48:28.486 10 WARNING neutron.api.rpc.agentnotifiers.dhcp_rpc_agent_api [None req-65ac4c0e-4908-445c-b38a-ff6c63688846 550f234404eb4960871a448a83945bfb d853c331ed19433187edcf8ac7592af9 - - default default] Unable to schedule network c69ca577-0402-4100-a3a3-400d40ab29ce: no agents available; will retry on subsequent port and subnet creation events.
2026-04-22 19:48:28.553 10 INFO neutron.db.ovn_revision_numbers_db [None req-c8047ded-eaea-44e6-85c6-f720dc6f1f47 367e798ea9584a8cb2b7470cb18547a5 50e9245348a14cdd95aa407e924ba959 - - default default] Successfully bumped revision number for resource 46278d7f-6049-43df-bc8a-b46f7404483f (type: security_groups) to 1
2026-04-22 19:48:28.582 10 INFO neutron.db.ovn_revision_numbers_db [None req-c8047ded-eaea-44e6-85c6-f720dc6f1f47 367e798ea9584a8cb2b7470cb18547a5 50e9245348a14cdd95aa407e924ba959 - - default default] Successfully bumped revision number for resource 64a47344-7f77-4124-b0d0-d5dffa7dfa9f (type: security_group_rules) to 0
2026-04-22 19:48:28.626 10 INFO neutron.db.ovn_revision_numbers_db [None req-c8047ded-eaea-44e6-85c6-f720dc6f1f47 367e798ea9584a8cb2b7470cb18547a5 50e9245348a14cdd95aa407e924ba959 - - default default] Successfully bumped revision number for resource b10d0710-b605-46be-a705-aaa05989a82f (type: security_group_rules) to 0
2026-04-22 19:48:28.670 10 INFO neutron.db.ovn_revision_numbers_db [None req-c8047ded-eaea-44e6-85c6-f720dc6f1f47 367e798ea9584a8cb2b7470cb18547a5 50e9245348a14cdd95aa407e924ba959 - - default default] Successfully bumped revision number for resource c70dee7d-1a76-4f1a-8126-e82d7d0ae4ff (type: security_group_rules) to 0
2026-04-22 19:48:28.700 10 INFO neutron.db.ovn_revision_numbers_db [None req-c8047ded-eaea-44e6-85c6-f720dc6f1f47 367e798ea9584a8cb2b7470cb18547a5 50e9245348a14cdd95aa407e924ba959 - - default default] Successfully bumped revision number for resource f7aa548f-611b-4a73-a342-3e720a0eecf2 (type: security_group_rules) to 0
2026-04-22 19:48:28.784 10 INFO neutron.db.segments_db [None req-c8047ded-eaea-44e6-85c6-f720dc6f1f47 367e798ea9584a8cb2b7470cb18547a5 50e9245348a14cdd95aa407e924ba959 - - default default] Added segment 2bb016d7-c8da-4f21-93b7-7c59fdcb4dca of type geneve for network 840e5707-93ea-467b-8d06-58fb387c6d43
2026-04-22 19:48:28.789 10 INFO neutron.db.ovn_revision_numbers_db [None req-65ac4c0e-4908-445c-b38a-ff6c63688846 550f234404eb4960871a448a83945bfb d853c331ed19433187edcf8ac7592af9 - - default default] Successfully bumped revision number for resource 174c4d29-ff65-47e0-8235-c7e696ba48b8 (type: ports) to 1
2026-04-22 19:48:28.958 10 INFO neutron.db.ovn_revision_numbers_db [None req-477726c3-e55d-4cdf-b046-fa5c7712d00b fbb3c77577964a0b8ad5ddcd02221115 bf3710eb5cac47669ef68815b00d3274 - - default default] Successfully bumped revision number for resource d1213899-f7ff-4ca6-a25f-bf82108bfd9c (type: router_ports) to 2
2026-04-22 19:48:28.960 10 INFO neutron.wsgi [None req-477726c3-e55d-4cdf-b046-fa5c7712d00b fbb3c77577964a0b8ad5ddcd02221115 bf3710eb5cac47669ef68815b00d3274 - - default default] 10.0.0.228 "PUT /v2.0/routers/9d2a2aa3-14e2-4de8-82e0-3cb366a9f99a/add_router_interface HTTP/1.1" status: 200 len: 503 time: 2.9632189
2026-04-22 19:48:29.030 10 INFO neutron.db.ovn_revision_numbers_db [None req-c8047ded-eaea-44e6-85c6-f720dc6f1f47 367e798ea9584a8cb2b7470cb18547a5 50e9245348a14cdd95aa407e924ba959 - - default default] Successfully bumped revision number for resource 840e5707-93ea-467b-8d06-58fb387c6d43 (type: networks) to 1
2026-04-22 19:48:29.046 9 INFO neutron.wsgi [None req-cf92db55-cb5a-43fb-ab12-c4c09bc01faf 5621b5eb6ade4ea8a38b93ecd823bbd1 2a76727abd1a436588a20cb6ccc65d38 - - default default] 10.0.0.228 "GET /v2.0/networks HTTP/1.1" status: 200 len: 4582 time: 0.0804808
2026-04-22 19:48:29.062 9 INFO neutron.wsgi [None req-c53b80fe-fd3f-42d7-9877-031fbdb95d65 550f234404eb4960871a448a83945bfb d853c331ed19433187edcf8ac7592af9 - - default default] 10.0.0.228 "GET /v2.0/security-groups?tenant_id=ae718c4d82864c35aacaac4b0154be72&name=default HTTP/1.1" status: 200 len: 2996 time: 0.1525555
2026-04-22 19:48:29.099 9 INFO neutron.wsgi [None req-43de6077-f829-4106-b1ed-8bf42265ae91 5621b5eb6ade4ea8a38b93ecd823bbd1 2a76727abd1a436588a20cb6ccc65d38 - - default default] 10.0.0.228 "GET /v2.0/subnets HTTP/1.1" status: 200 len: 2753 time: 0.0477035
2026-04-22 19:48:29.185 9 INFO neutron.wsgi [None req-2d498154-fccc-46fd-bc82-26c760d6c381 5621b5eb6ade4ea8a38b93ecd823bbd1 2a76727abd1a436588a20cb6ccc65d38 - - default default] 10.0.0.228 "GET /v2.0/routers HTTP/1.1" status: 200 len: 1547 time: 0.0805314
2026-04-22 19:48:29.313 9 INFO neutron.wsgi [None req-6915614e-1596-4420-b8c6-6845265dcd10 550f234404eb4960871a448a83945bfb d853c331ed19433187edcf8ac7592af9 - - default default] 10.0.0.228 "DELETE /v2.0/security-groups/c5334933-ac24-4ca1-8b2e-ade1f512968b HTTP/1.1" status: 204 len: 168 time: 0.2432699
2026-04-22 19:48:29.319 10 WARNING neutron.scheduler.dhcp_agent_scheduler [None req-c8047ded-eaea-44e6-85c6-f720dc6f1f47 367e798ea9584a8cb2b7470cb18547a5 50e9245348a14cdd95aa407e924ba959 - - default default] No more DHCP agents
2026-04-22 19:48:29.324 10 WARNING neutron.api.rpc.agentnotifiers.dhcp_rpc_agent_api [None req-c8047ded-eaea-44e6-85c6-f720dc6f1f47 367e798ea9584a8cb2b7470cb18547a5 50e9245348a14cdd95aa407e924ba959 - - default default] Unable to schedule network 840e5707-93ea-467b-8d06-58fb387c6d43: no agents available; will retry on subsequent port and subnet creation events.
2026-04-22 19:48:29.358 9 INFO neutron.db.ovn_revision_numbers_db [None req-2ed5c016-c3ff-4dd4-99ac-e35ad1d41259 fbb3c77577964a0b8ad5ddcd02221115 bf3710eb5cac47669ef68815b00d3274 - - default default] Successfully bumped revision number for resource 7bae6d65-6546-4291-8fe1-dae391ee8e2d (type: security_groups) to 1
2026-04-22 19:48:29.373 9 INFO neutron.db.ovn_revision_numbers_db [None req-2ed5c016-c3ff-4dd4-99ac-e35ad1d41259 fbb3c77577964a0b8ad5ddcd02221115 bf3710eb5cac47669ef68815b00d3274 - - default default] Successfully bumped revision number for resource dfd0ad5c-3f30-4c90-8a06-f6e05dd5ae2b (type: security_group_rules) to 0
2026-04-22 19:48:29.387 9 INFO neutron.db.ovn_revision_numbers_db [None req-2ed5c016-c3ff-4dd4-99ac-e35ad1d41259 fbb3c77577964a0b8ad5ddcd02221115 bf3710eb5cac47669ef68815b00d3274 - - default default] Successfully bumped revision number for resource fc86285f-c121-4aab-bb81-c651928a39e2 (type: security_group_rules) to 0
2026-04-22 19:48:29.410 9 INFO neutron.wsgi [None req-2ed5c016-c3ff-4dd4-99ac-e35ad1d41259 fbb3c77577964a0b8ad5ddcd02221115 bf3710eb5cac47669ef68815b00d3274 - - default default] 10.0.0.228 "POST /v2.0/security-groups HTTP/1.1" status: 201 len: 1811 time: 0.1710963
2026-04-22 19:48:29.472 10 INFO neutron.db.ovn_revision_numbers_db [None req-c8047ded-eaea-44e6-85c6-f720dc6f1f47 367e798ea9584a8cb2b7470cb18547a5 50e9245348a14cdd95aa407e924ba959 - - default default] Successfully bumped revision number for resource eaf13a91-fdc6-4970-9fc8-d5f381680df4 (type: ports) to 1
2026-04-22 19:48:29.539 10 INFO neutron.wsgi [None req-c8047ded-eaea-44e6-85c6-f720dc6f1f47 367e798ea9584a8cb2b7470cb18547a5 50e9245348a14cdd95aa407e924ba959 - - default default] 10.0.0.228 "POST /v2.0/networks HTTP/1.1" status: 201 len: 832 time: 1.6871786
2026-04-22 19:48:29.559 9 INFO neutron.db.ovn_revision_numbers_db [None req-2df80f74-9f98-4b4c-836b-d418e7846a1a fbb3c77577964a0b8ad5ddcd02221115 bf3710eb5cac47669ef68815b00d3274 - - default default] Successfully bumped revision number for resource 6f50bf5b-3ccb-4c0f-8ada-3c4d922d5b97 (type: security_group_rules) to 0
2026-04-22 19:48:29.602 9 INFO neutron.wsgi [None req-2df80f74-9f98-4b4c-836b-d418e7846a1a fbb3c77577964a0b8ad5ddcd02221115 bf3710eb5cac47669ef68815b00d3274 - - default default] 10.0.0.228 "POST /v2.0/security-group-rules HTTP/1.1" status: 201 len: 764 time: 0.1875112
2026-04-22 19:48:29.686 9 INFO neutron.db.segments_db [None req-717a3b7b-2297-4a21-8733-55dd8e663dfb 367e798ea9584a8cb2b7470cb18547a5 50e9245348a14cdd95aa407e924ba959 - - default default] Added segment 2f206957-e045-4cf2-95bf-dc4f363587ee of type geneve for network e97dd27a-1955-4ea6-83c0-5d5a0da8199d
2026-04-22 19:48:29.761 9 INFO neutron.plugins.ml2.drivers.ovn.mech_driver.ovsdb.ovsdb_monitor [None req-6d08f02c-416e-4c47-86e6-40e4c7b1504c - - - - - -] Router 568f4098-1cac-4f28-b460-3cafbd329991 is bound to host instance
2026-04-22 19:48:29.770 10 INFO neutron.db.ovn_revision_numbers_db [None req-65ac4c0e-4908-445c-b38a-ff6c63688846 550f234404eb4960871a448a83945bfb d853c331ed19433187edcf8ac7592af9 - - default default] Successfully bumped revision number for resource 174c4d29-ff65-47e0-8235-c7e696ba48b8 (type: router_ports) to 1
2026-04-22 19:48:29.839 10 INFO neutron.db.ovn_revision_numbers_db [None req-65ac4c0e-4908-445c-b38a-ff6c63688846 550f234404eb4960871a448a83945bfb d853c331ed19433187edcf8ac7592af9 - - default default] Successfully bumped revision number for resource 568f4098-1cac-4f28-b460-3cafbd329991 (type: routers) to 2
2026-04-22 19:48:29.856 10 INFO neutron.wsgi [None req-65ac4c0e-4908-445c-b38a-ff6c63688846 550f234404eb4960871a448a83945bfb d853c331ed19433187edcf8ac7592af9 - - default default] 10.0.0.228 "POST /v2.0/routers HTTP/1.1" status: 201 len: 876 time: 2.3069158
2026-04-22 19:48:29.909 9 INFO neutron.db.ovn_revision_numbers_db [None req-f70c9ef9-8a1e-41a6-8702-1c4618f7fa71 fbb3c77577964a0b8ad5ddcd02221115 bf3710eb5cac47669ef68815b00d3274 - - default default] Successfully bumped revision number for resource 0bdccfa6-9247-4822-8945-23461758a607 (type: security_group_rules) to 0
2026-04-22 19:48:29.914 9 INFO neutron.db.ovn_revision_numbers_db [None req-717a3b7b-2297-4a21-8733-55dd8e663dfb 367e798ea9584a8cb2b7470cb18547a5 50e9245348a14cdd95aa407e924ba959 - - default default] Successfully bumped revision number for resource e97dd27a-1955-4ea6-83c0-5d5a0da8199d (type: networks) to 1
2026-04-22 19:48:29.963 9 INFO neutron.wsgi [None req-f70c9ef9-8a1e-41a6-8702-1c4618f7fa71 fbb3c77577964a0b8ad5ddcd02221115 bf3710eb5cac47669ef68815b00d3274 - - default default] 10.0.0.228 "POST /v2.0/security-group-rules HTTP/1.1" status: 201 len: 763 time: 0.3540213
2026-04-22 19:48:30.197 9 WARNING neutron.scheduler.dhcp_agent_scheduler [None req-717a3b7b-2297-4a21-8733-55dd8e663dfb 367e798ea9584a8cb2b7470cb18547a5 50e9245348a14cdd95aa407e924ba959 - - default default] No more DHCP agents
2026-04-22 19:48:30.205 9 WARNING neutron.api.rpc.agentnotifiers.dhcp_rpc_agent_api [None req-717a3b7b-2297-4a21-8733-55dd8e663dfb 367e798ea9584a8cb2b7470cb18547a5 50e9245348a14cdd95aa407e924ba959 - - default default] Unable to schedule network e97dd27a-1955-4ea6-83c0-5d5a0da8199d: no agents available; will retry on subsequent port and subnet creation events.
2026-04-22 19:48:30.279 10 WARNING neutron.scheduler.dhcp_agent_scheduler [None req-f00cba72-0a6b-461b-a658-aad3be5f993c 550f234404eb4960871a448a83945bfb d853c331ed19433187edcf8ac7592af9 - - default default] No more DHCP agents
2026-04-22 19:48:30.281 10 WARNING neutron.api.rpc.agentnotifiers.dhcp_rpc_agent_api [None req-f00cba72-0a6b-461b-a658-aad3be5f993c 550f234404eb4960871a448a83945bfb d853c331ed19433187edcf8ac7592af9 - - default default] Unable to schedule network 371d442c-78b6-4ace-a57f-503bdf70efe0: no agents available; will retry on subsequent port and subnet creation events.
2026-04-22 19:48:30.292 9 INFO neutron.db.ovn_revision_numbers_db [None req-90153fae-21bb-449c-b011-cc51f6bfc1cf fbb3c77577964a0b8ad5ddcd02221115 bf3710eb5cac47669ef68815b00d3274 - - default default] Successfully bumped revision number for resource 45ed501e-0288-4492-b52d-d5667e8fc402 (type: security_group_rules) to 0
2026-04-22 19:48:30.385 9 INFO neutron.wsgi [None req-90153fae-21bb-449c-b011-cc51f6bfc1cf fbb3c77577964a0b8ad5ddcd02221115 bf3710eb5cac47669ef68815b00d3274 - - default default] 10.0.0.228 "POST /v2.0/security-group-rules HTTP/1.1" status: 201 len: 769 time: 0.4155798
2026-04-22 19:48:30.394 9 INFO neutron.db.ovn_revision_numbers_db [None req-717a3b7b-2297-4a21-8733-55dd8e663dfb 367e798ea9584a8cb2b7470cb18547a5 50e9245348a14cdd95aa407e924ba959 - - default default] Successfully bumped revision number for resource 4d81a55e-e8fe-4c20-a0d4-d49bdea8b992 (type: ports) to 1
2026-04-22 19:48:30.424 9 INFO neutron.wsgi [None req-717a3b7b-2297-4a21-8733-55dd8e663dfb 367e798ea9584a8cb2b7470cb18547a5 50e9245348a14cdd95aa407e924ba959 - - default default] 10.0.0.228 "POST /v2.0/networks HTTP/1.1" status: 201 len: 832 time: 0.8771305
2026-04-22 19:48:30.497 10 INFO neutron.db.ovn_revision_numbers_db [None req-f00cba72-0a6b-461b-a658-aad3be5f993c 550f234404eb4960871a448a83945bfb d853c331ed19433187edcf8ac7592af9 - - default default] Successfully bumped revision number for resource 13cd35ad-9a93-45fe-9e9b-e7f6c2311d9d (type: ports) to 1
2026-04-22 19:48:30.582 10 INFO neutron.db.ovn_revision_numbers_db [None req-4bdc53ad-f071-462f-819c-12ffb92dfa2a fbb3c77577964a0b8ad5ddcd02221115 bf3710eb5cac47669ef68815b00d3274 - - default default] Successfully bumped revision number for resource 9a8f35ec-54e1-4c20-bd3a-f314fb82d0cf (type: security_group_rules) to 0
2026-04-22 19:48:30.620 10 INFO neutron.wsgi [None req-4bdc53ad-f071-462f-819c-12ffb92dfa2a fbb3c77577964a0b8ad5ddcd02221115 bf3710eb5cac47669ef68815b00d3274 - - default default] 10.0.0.228 "POST /v2.0/security-group-rules HTTP/1.1" status: 201 len: 768 time: 0.2304022
2026-04-22 19:48:30.661 10 INFO neutron.db.securitygroups_db [None req-da64ac95-90b0-4421-b7bf-17cae351a235 fbb3c77577964a0b8ad5ddcd02221115 bf3710eb5cac47669ef68815b00d3274 - - default default] Project bf3710eb5cac47669ef68815b00d3274 added a security group rule with legacy IPv6 ICMP protocol name icmp, ipv6-icmp should be used instead. It was automatically converted.
2026-04-22 19:48:30.693 9 INFO neutron.db.ovn_revision_numbers_db [None req-6d08f02c-416e-4c47-86e6-40e4c7b1504c - - - - - -] Successfully bumped revision number for resource 174c4d29-ff65-47e0-8235-c7e696ba48b8 (type: ports) to 1
2026-04-22 19:48:30.771 9 WARNING neutron.scheduler.dhcp_agent_scheduler [None req-2aee0f7e-a38a-41f7-9da4-f407d698967d 367e798ea9584a8cb2b7470cb18547a5 50e9245348a14cdd95aa407e924ba959 - - default default] No more DHCP agents
2026-04-22 19:48:30.779 9 WARNING neutron.api.rpc.agentnotifiers.dhcp_rpc_agent_api [None req-2aee0f7e-a38a-41f7-9da4-f407d698967d 367e798ea9584a8cb2b7470cb18547a5 50e9245348a14cdd95aa407e924ba959 - - default default] Unable to schedule network 840e5707-93ea-467b-8d06-58fb387c6d43: no agents available; will retry on subsequent port and subnet creation events.
2026-04-22 19:48:30.845 10 INFO neutron.db.ovn_revision_numbers_db [None req-da64ac95-90b0-4421-b7bf-17cae351a235 fbb3c77577964a0b8ad5ddcd02221115 bf3710eb5cac47669ef68815b00d3274 - - default default] Successfully bumped revision number for resource 825ee988-dadf-45c4-89c0-8e575c0c9b09 (type: security_group_rules) to 0
2026-04-22 19:48:30.849 9 INFO neutron.db.ovn_revision_numbers_db [None req-2aee0f7e-a38a-41f7-9da4-f407d698967d 367e798ea9584a8cb2b7470cb18547a5 50e9245348a14cdd95aa407e924ba959 - - default default] Successfully bumped revision number for resource 9734ed24-d896-4d87-b7f6-1b489fb1a827 (type: subnets) to 0
2026-04-22 19:48:30.875 10 INFO neutron.wsgi [None req-da64ac95-90b0-4421-b7bf-17cae351a235 fbb3c77577964a0b8ad5ddcd02221115 bf3710eb5cac47669ef68815b00d3274 - - default default] 10.0.0.228 "POST /v2.0/security-group-rules HTTP/1.1" status: 201 len: 774 time: 0.2493184
2026-04-22 19:48:30.877 9 INFO neutron.wsgi [None req-2aee0f7e-a38a-41f7-9da4-f407d698967d 367e798ea9584a8cb2b7470cb18547a5 50e9245348a14cdd95aa407e924ba959 - - default default] 10.0.0.228 "POST /v2.0/subnets HTTP/1.1" status: 201 len: 821 time: 0.4476531
2026-04-22 19:48:30.921 10 INFO neutron.db.securitygroups_db [None req-7137b2a0-06aa-4975-be10-c74cc116074e fbb3c77577964a0b8ad5ddcd02221115 bf3710eb5cac47669ef68815b00d3274 - - default default] Project bf3710eb5cac47669ef68815b00d3274 added a security group rule with legacy IPv6 ICMP protocol name icmp, ipv6-icmp should be used instead. It was automatically converted.
2026-04-22 19:48:30.986 10 INFO neutron.plugins.ml2.drivers.ovn.mech_driver.mech_driver [None req-4d511832-6ae8-43ee-8cb3-2282b58f3e1d - - - - - -] OVN reports status up for port: 13cd35ad-9a93-45fe-9e9b-e7f6c2311d9d
2026-04-22 19:48:31.004 10 INFO neutron.plugins.ml2.plugin [None req-4d511832-6ae8-43ee-8cb3-2282b58f3e1d - - - - - -] Attempt 1 to provision port 13cd35ad-9a93-45fe-9e9b-e7f6c2311d9d
2026-04-22 19:48:31.023 10 INFO neutron.db.ovn_revision_numbers_db [None req-f00cba72-0a6b-461b-a658-aad3be5f993c 550f234404eb4960871a448a83945bfb d853c331ed19433187edcf8ac7592af9 - - default default] Successfully bumped revision number for resource 13cd35ad-9a93-45fe-9e9b-e7f6c2311d9d (type: router_ports) to 1
2026-04-22 19:48:31.094 10 INFO neutron.db.ovn_revision_numbers_db [None req-7137b2a0-06aa-4975-be10-c74cc116074e fbb3c77577964a0b8ad5ddcd02221115 bf3710eb5cac47669ef68815b00d3274 - - default default] Successfully bumped revision number for resource 5de73be7-8b2c-4b6b-beec-64ba917c0c9d (type: security_group_rules) to 0
2026-04-22 19:48:31.116 10 INFO neutron.wsgi [-] 10.0.0.228 "GET / HTTP/1.1" status: 200 len: 279 time: 0.0011907
2026-04-22 19:48:31.137 10 INFO neutron.wsgi [None req-7137b2a0-06aa-4975-be10-c74cc116074e fbb3c77577964a0b8ad5ddcd02221115 bf3710eb5cac47669ef68815b00d3274 - - default default] 10.0.0.228 "POST /v2.0/security-group-rules HTTP/1.1" status: 201 len: 773 time: 0.2555134
2026-04-22 19:48:31.340 9 INFO neutron.db.ovn_revision_numbers_db [None req-6d08f02c-416e-4c47-86e6-40e4c7b1504c - - - - - -] Successfully bumped revision number for resource 174c4d29-ff65-47e0-8235-c7e696ba48b8 (type: router_ports) to 3
2026-04-22 19:48:31.437 9 WARNING neutron.scheduler.dhcp_agent_scheduler [None req-eb9a74ea-4554-4e8d-a58d-5169dc655db0 367e798ea9584a8cb2b7470cb18547a5 50e9245348a14cdd95aa407e924ba959 - - default default] No more DHCP agents
2026-04-22 19:48:31.443 9 WARNING neutron.api.rpc.agentnotifiers.dhcp_rpc_agent_api [None req-eb9a74ea-4554-4e8d-a58d-5169dc655db0 367e798ea9584a8cb2b7470cb18547a5 50e9245348a14cdd95aa407e924ba959 - - default default] Unable to schedule network e97dd27a-1955-4ea6-83c0-5d5a0da8199d: no agents available; will retry on subsequent port and subnet creation events.
2026-04-22 19:48:31.491 9 INFO neutron.db.ovn_revision_numbers_db [None req-eb9a74ea-4554-4e8d-a58d-5169dc655db0 367e798ea9584a8cb2b7470cb18547a5 50e9245348a14cdd95aa407e924ba959 - - default default] Successfully bumped revision number for resource 640f1288-95c7-49dd-9bf3-5e74c5bc3518 (type: subnets) to 0
2026-04-22 19:48:31.503 10 INFO neutron.wsgi [None req-e0796a51-e557-427c-a5ac-236a6d0ee59b 85f21ef77c2543b0ac5e6eaf2a18b503 383d6015e3e74328bfad1de5dcbf0868 - - default default] 10.0.0.228 "GET /v2.0/ HTTP/1.1" status: 200 len: 826 time: 0.3805306
2026-04-22 19:48:31.507 10 INFO neutron.db.ovn_revision_numbers_db [None req-f00cba72-0a6b-461b-a658-aad3be5f993c 550f234404eb4960871a448a83945bfb d853c331ed19433187edcf8ac7592af9 - - default default] Successfully bumped revision number for resource 13cd35ad-9a93-45fe-9e9b-e7f6c2311d9d (type: ports) to 1
2026-04-22 19:48:31.529 9 INFO neutron.wsgi [None req-eb9a74ea-4554-4e8d-a58d-5169dc655db0 367e798ea9584a8cb2b7470cb18547a5 50e9245348a14cdd95aa407e924ba959 - - default default] 10.0.0.228 "POST /v2.0/subnets HTTP/1.1" status: 201 len: 830 time: 0.6463587
2026-04-22 19:48:31.560 9 INFO neutron.db.ovn_revision_numbers_db [None req-6d08f02c-416e-4c47-86e6-40e4c7b1504c - - - - - -] Successfully bumped revision number for resource 174c4d29-ff65-47e0-8235-c7e696ba48b8 (type: ports) to 2
2026-04-22 19:48:31.612 10 INFO neutron.db.ovn_revision_numbers_db [None req-4d511832-6ae8-43ee-8cb3-2282b58f3e1d - - - - - -] Successfully bumped revision number for resource 13cd35ad-9a93-45fe-9e9b-e7f6c2311d9d (type: ports) to 2
2026-04-22 19:48:31.620 10 WARNING neutron.scheduler.dhcp_agent_scheduler [None req-f00cba72-0a6b-461b-a658-aad3be5f993c 550f234404eb4960871a448a83945bfb d853c331ed19433187edcf8ac7592af9 - - default default] No more DHCP agents
2026-04-22 19:48:31.627 10 WARNING neutron.api.rpc.agentnotifiers.dhcp_rpc_agent_api [None req-f00cba72-0a6b-461b-a658-aad3be5f993c 550f234404eb4960871a448a83945bfb d853c331ed19433187edcf8ac7592af9 - - default default] Unable to schedule network 371d442c-78b6-4ace-a57f-503bdf70efe0: no agents available; will retry on subsequent port and subnet creation events.
2026-04-22 19:48:31.671 10 INFO neutron.wsgi [None req-ebb3ab9e-1e0f-4088-a3ef-5172de73ae91 fbb3c77577964a0b8ad5ddcd02221115 bf3710eb5cac47669ef68815b00d3274 - - default default] 10.0.0.228 "GET /v2.0/networks HTTP/1.1" status: 200 len: 1492 time: 0.1729741
2026-04-22 19:48:31.718 9 INFO neutron.db.ovn_revision_numbers_db [None req-9c5f2990-11e8-414f-8fdb-17a207bd4373 367e798ea9584a8cb2b7470cb18547a5 50e9245348a14cdd95aa407e924ba959 - - default default] Successfully bumped revision number for resource ae2ac5f3-342d-4e3f-a446-ed0a2a2ee98a (type: routers) to 1
2026-04-22 19:48:31.741 9 INFO neutron.wsgi [None req-9c5f2990-11e8-414f-8fdb-17a207bd4373 367e798ea9584a8cb2b7470cb18547a5 50e9245348a14cdd95aa407e924ba959 - - default default] 10.0.0.228 "POST /v2.0/routers HTTP/1.1" status: 201 len: 690 time: 0.2040150
2026-04-22 19:48:31.806 10 INFO neutron.db.ovn_revision_numbers_db [None req-4d511832-6ae8-43ee-8cb3-2282b58f3e1d - - - - - -] Successfully bumped revision number for resource 13cd35ad-9a93-45fe-9e9b-e7f6c2311d9d (type: router_ports) to 2
2026-04-22 19:48:31.844 9 INFO neutron.wsgi [req-52ab4521-fe21-4f5c-99d0-6420ace938fb req-3f39460e-f27a-4648-8c1c-4281a85ab3ef fbb3c77577964a0b8ad5ddcd02221115 bf3710eb5cac47669ef68815b00d3274 - - default default] 10.0.0.68 "GET /v2.0/security-groups?name=tempest-secgroup-smoke-1628666427&fields=id&tenant_id=bf3710eb5cac47669ef68815b00d3274 HTTP/1.1" status: 200 len: 267 time: 0.0954933
2026-04-22 19:48:31.972 9 INFO neutron.wsgi [req-52ab4521-fe21-4f5c-99d0-6420ace938fb req-875fc581-0f77-4bb3-bb06-c6141bcf490b fbb3c77577964a0b8ad5ddcd02221115 bf3710eb5cac47669ef68815b00d3274 - - default default] 10.0.0.68 "GET /v2.0/networks?id=5e28cb65-6003-4f50-8590-ea3d05d930f6 HTTP/1.1" status: 200 len: 859 time: 0.1105812
2026-04-22 19:48:32.010 9 INFO neutron.wsgi [req-52ab4521-fe21-4f5c-99d0-6420ace938fb req-2649759f-27b4-4e4a-806c-d10c82291bf4 fbb3c77577964a0b8ad5ddcd02221115 bf3710eb5cac47669ef68815b00d3274 - - default default] 10.0.0.68 "GET /v2.0/quotas/bf3710eb5cac47669ef68815b00d3274 HTTP/1.1" status: 200 len: 386 time: 0.0247300
2026-04-22 19:48:32.104 9 INFO neutron.db.ovn_revision_numbers_db [None req-6d08f02c-416e-4c47-86e6-40e4c7b1504c - - - - - -] Successfully bumped revision number for resource 174c4d29-ff65-47e0-8235-c7e696ba48b8 (type: ports) to 4
2026-04-22 19:48:32.206 9 INFO neutron.wsgi [req-52ab4521-fe21-4f5c-99d0-6420ace938fb req-650556af-064a-41ae-8909-f77c7e4272d3 fbb3c77577964a0b8ad5ddcd02221115 bf3710eb5cac47669ef68815b00d3274 - - default default] 10.0.0.68 "GET /v2.0/ports?tenant_id=bf3710eb5cac47669ef68815b00d3274&fields=id HTTP/1.1" status: 200 len: 302 time: 0.1836014
2026-04-22 19:48:32.288 10 INFO neutron.db.ovn_revision_numbers_db [None req-0bdc818b-cfbc-44d0-8096-60dd5a4d65a6 550f234404eb4960871a448a83945bfb d853c331ed19433187edcf8ac7592af9 - - default default] Successfully bumped revision number for resource 4ed7ddb6-1399-42fc-a47b-e82d9e5f7b08 (type: security_groups) to 1
2026-04-22 19:48:32.302 10 INFO neutron.db.ovn_revision_numbers_db [None req-0bdc818b-cfbc-44d0-8096-60dd5a4d65a6 550f234404eb4960871a448a83945bfb d853c331ed19433187edcf8ac7592af9 - - default default] Successfully bumped revision number for resource 29131574-fa81-4b7a-93a0-a509739c1a19 (type: security_group_rules) to 0
2026-04-22 19:48:32.309 10 INFO neutron.db.ovn_revision_numbers_db [None req-f00cba72-0a6b-461b-a658-aad3be5f993c 550f234404eb4960871a448a83945bfb d853c331ed19433187edcf8ac7592af9 - - default default] Successfully bumped revision number for resource 13cd35ad-9a93-45fe-9e9b-e7f6c2311d9d (type: router_ports) to 2
2026-04-22 19:48:32.313 10 INFO neutron.wsgi [None req-f00cba72-0a6b-461b-a658-aad3be5f993c 550f234404eb4960871a448a83945bfb d853c331ed19433187edcf8ac7592af9 - - default default] 10.0.0.228 "PUT /v2.0/routers/568f4098-1cac-4f28-b460-3cafbd329991/add_router_interface HTTP/1.1" status: 200 len: 503 time: 2.4533949
2026-04-22 19:48:32.322 10 INFO neutron.db.ovn_revision_numbers_db [None req-0bdc818b-cfbc-44d0-8096-60dd5a4d65a6 550f234404eb4960871a448a83945bfb d853c331ed19433187edcf8ac7592af9 - - default default] Successfully bumped revision number for resource 51e2a908-a710-4fb0-9bf4-4bef8a1511de (type: security_group_rules) to 0
2026-04-22 19:48:32.334 9 INFO neutron.wsgi [req-52ab4521-fe21-4f5c-99d0-6420ace938fb req-dfb34dec-60e8-4df9-b0ae-3e29abc54fad f15f5be073884f858745543f6e5f1a24 5cd41bbf61f7491c905e0e675459d5d1 - - 2d59355e204d4c48a071d6387f8b0a0b 2d59355e204d4c48a071d6387f8b0a0b] 10.0.0.68 "GET /v2.0/networks/5e28cb65-6003-4f50-8590-ea3d05d930f6?fields=segments HTTP/1.1" status: 200 len: 212 time: 0.1147816
2026-04-22 19:48:32.336 10 INFO neutron.db.ovn_revision_numbers_db [None req-0bdc818b-cfbc-44d0-8096-60dd5a4d65a6 550f234404eb4960871a448a83945bfb d853c331ed19433187edcf8ac7592af9 - - default default] Successfully bumped revision number for resource ce4f2117-40dd-495b-add5-cf1ef6ea7696 (type: security_group_rules) to 0
2026-04-22 19:48:32.350 10 INFO neutron.db.ovn_revision_numbers_db [None req-0bdc818b-cfbc-44d0-8096-60dd5a4d65a6 550f234404eb4960871a448a83945bfb d853c331ed19433187edcf8ac7592af9 - - default default] Successfully bumped revision number for resource debe6c8e-5226-4036-8fc7-f922f41ecfdb (type: security_group_rules) to 0
2026-04-22 19:48:32.373 10 INFO neutron.wsgi [None req-0bdc818b-cfbc-44d0-8096-60dd5a4d65a6 550f234404eb4960871a448a83945bfb d853c331ed19433187edcf8ac7592af9 - - default default] 10.0.0.228 "GET /v2.0/security-groups?tenant_id=383d6015e3e74328bfad1de5dcbf0868&name=default HTTP/1.1" status: 200 len: 2996 time: 0.3597968
2026-04-22 19:48:32.440 9 INFO neutron.wsgi [req-52ab4521-fe21-4f5c-99d0-6420ace938fb req-aa5ff323-fd8f-47df-802e-6eb4209c8372 f15f5be073884f858745543f6e5f1a24 5cd41bbf61f7491c905e0e675459d5d1 - - 2d59355e204d4c48a071d6387f8b0a0b 2d59355e204d4c48a071d6387f8b0a0b] 10.0.0.68 "GET /v2.0/networks/5e28cb65-6003-4f50-8590-ea3d05d930f6?fields=provider%3Aphysical_network&fields=provider%3Anetwork_type HTTP/1.1" status: 200 len: 277 time: 0.0968890
2026-04-22 19:48:32.465 9 WARNING neutron.scheduler.dhcp_agent_scheduler [None req-46c5c290-2c44-4eb2-aaa7-8c22f246f1f5 367e798ea9584a8cb2b7470cb18547a5 50e9245348a14cdd95aa407e924ba959 - - default default] No more DHCP agents
2026-04-22 19:48:32.470 9 WARNING neutron.api.rpc.agentnotifiers.dhcp_rpc_agent_api [None req-46c5c290-2c44-4eb2-aaa7-8c22f246f1f5 367e798ea9584a8cb2b7470cb18547a5 50e9245348a14cdd95aa407e924ba959 - - default default] Unable to schedule network 840e5707-93ea-467b-8d06-58fb387c6d43: no agents available; will retry on subsequent port and subnet creation events.
2026-04-22 19:48:32.594 9 INFO neutron.wsgi [req-7a84d900-cbca-40c6-894f-13c8a29a5e48 req-63fb2030-0162-4d75-af14-d4caeea47951 fbb3c77577964a0b8ad5ddcd02221115 bf3710eb5cac47669ef68815b00d3274 - - default default] 10.0.0.68 "GET /v2.0/ports?device_id=a4b72251-278a-462e-a740-a1ffbd602b72 HTTP/1.1" status: 200 len: 210 time: 0.0220065
2026-04-22 19:48:32.597 9 INFO neutron.db.ovn_revision_numbers_db [None req-6d08f02c-416e-4c47-86e6-40e4c7b1504c - - - - - -] Successfully bumped revision number for resource 174c4d29-ff65-47e0-8235-c7e696ba48b8 (type: router_ports) to 4
2026-04-22 19:48:32.598 10 INFO neutron.wsgi [None req-7742a748-ae5c-4949-b8f9-2aef52fe7632 550f234404eb4960871a448a83945bfb d853c331ed19433187edcf8ac7592af9 - - default default] 10.0.0.228 "DELETE /v2.0/security-groups/4ed7ddb6-1399-42fc-a47b-e82d9e5f7b08 HTTP/1.1" status: 204 len: 168 time: 0.2199450
2026-04-22 19:48:32.655 9 INFO neutron.db.ovn_revision_numbers_db [None req-46c5c290-2c44-4eb2-aaa7-8c22f246f1f5 367e798ea9584a8cb2b7470cb18547a5 50e9245348a14cdd95aa407e924ba959 - - default default] Successfully bumped revision number for resource 19ef1271-4635-4d50-8a74-37150dc55d6c (type: ports) to 1
2026-04-22 19:48:32.979 9 WARNING neutron.plugins.ml2.drivers.ovn.mech_driver.ovsdb.ovn_client [None req-d5d012e9-9431-4ac5-abb5-bd4b7c8ccf8b - - - - - -] No hosting information found for port d1213899-f7ff-4ca6-a25f-bf82108bfd9c: RuntimeError: No hosting information found for port d1213899-f7ff-4ca6-a25f-bf82108bfd9c
2026-04-22 19:48:32.980 9 INFO neutron.plugins.ml2.drivers.ovn.mech_driver.mech_driver [None req-d5d012e9-9431-4ac5-abb5-bd4b7c8ccf8b - - - - - -] OVN reports status up for port: 174c4d29-ff65-47e0-8235-c7e696ba48b8
2026-04-22 19:48:33.008 9 INFO neutron.plugins.ml2.plugin [None req-d5d012e9-9431-4ac5-abb5-bd4b7c8ccf8b - - - - - -] Attempt 1 to provision port 174c4d29-ff65-47e0-8235-c7e696ba48b8
2026-04-22 19:48:33.103 10 INFO neutron.db.ovn_revision_numbers_db [None req-88e24c31-4b5c-4cbc-8b4a-05de74bf1b7d 60b566929b684b61bacd4048832892af aaed7973c47f4cf19760df7c54b4a251 - - default default] Successfully bumped revision number for resource 4bb5898c-e5d7-437b-b09d-1ace247fe347 (type: security_groups) to 1
2026-04-22 19:48:33.117 10 INFO neutron.db.ovn_revision_numbers_db [None req-88e24c31-4b5c-4cbc-8b4a-05de74bf1b7d 60b566929b684b61bacd4048832892af aaed7973c47f4cf19760df7c54b4a251 - - default default] Successfully bumped revision number for resource 49f395dd-6be0-41b8-ac81-3ce03c2cfbba (type: security_group_rules) to 0
2026-04-22 19:48:33.129 9 INFO neutron.db.ovn_revision_numbers_db [None req-46c5c290-2c44-4eb2-aaa7-8c22f246f1f5 367e798ea9584a8cb2b7470cb18547a5 50e9245348a14cdd95aa407e924ba959 - - default default] Successfully bumped revision number for resource 19ef1271-4635-4d50-8a74-37150dc55d6c (type: router_ports) to 1
2026-04-22 19:48:33.132 10 INFO neutron.db.ovn_revision_numbers_db [None req-88e24c31-4b5c-4cbc-8b4a-05de74bf1b7d 60b566929b684b61bacd4048832892af aaed7973c47f4cf19760df7c54b4a251 - - default default] Successfully bumped revision number for resource 9dd37c51-dc0b-4715-8a44-58fed735e2a8 (type: security_group_rules) to 0
2026-04-22 19:48:33.155 10 INFO neutron.wsgi [None req-88e24c31-4b5c-4cbc-8b4a-05de74bf1b7d 60b566929b684b61bacd4048832892af aaed7973c47f4cf19760df7c54b4a251 - - default default] 10.0.0.228 "POST /v2.0/security-groups HTTP/1.1" status: 201 len: 1795 time: 0.1727564
2026-04-22 19:48:33.245 9 INFO neutron.db.ovn_revision_numbers_db [None req-46c5c290-2c44-4eb2-aaa7-8c22f246f1f5 367e798ea9584a8cb2b7470cb18547a5 50e9245348a14cdd95aa407e924ba959 - - default default] Successfully bumped revision number for resource 19ef1271-4635-4d50-8a74-37150dc55d6c (type: ports) to 1
2026-04-22 19:48:33.286 10 INFO neutron.wsgi [req-52ab4521-fe21-4f5c-99d0-6420ace938fb req-0369a0e9-60b1-4a81-9c4b-9a472d7b9e37 fbb3c77577964a0b8ad5ddcd02221115 bf3710eb5cac47669ef68815b00d3274 - - default default] 199.204.45.95 "GET /v2.0/networks?id=5e28cb65-6003-4f50-8590-ea3d05d930f6 HTTP/1.1" status: 200 len: 859 time: 0.0790763
2026-04-22 19:48:33.305 10 INFO neutron.db.ovn_revision_numbers_db [None req-0d95781b-bfad-48ab-b37c-7f933bea9eb4 60b566929b684b61bacd4048832892af aaed7973c47f4cf19760df7c54b4a251 - - default default] Successfully bumped revision number for resource 0e360d75-6ac9-4df4-b3e3-fef4ffb28512 (type: security_group_rules) to 0
2026-04-22 19:48:33.318 9 WARNING neutron.scheduler.dhcp_agent_scheduler [None req-46c5c290-2c44-4eb2-aaa7-8c22f246f1f5 367e798ea9584a8cb2b7470cb18547a5 50e9245348a14cdd95aa407e924ba959 - - default default] No more DHCP agents
2026-04-22 19:48:33.320 9 WARNING neutron.api.rpc.agentnotifiers.dhcp_rpc_agent_api [None req-46c5c290-2c44-4eb2-aaa7-8c22f246f1f5 367e798ea9584a8cb2b7470cb18547a5 50e9245348a14cdd95aa407e924ba959 - - default default] Unable to schedule network 840e5707-93ea-467b-8d06-58fb387c6d43: no agents available; will retry on subsequent port and subnet creation events.
2026-04-22 19:48:33.332 10 INFO neutron.wsgi [None req-0d95781b-bfad-48ab-b37c-7f933bea9eb4 60b566929b684b61bacd4048832892af aaed7973c47f4cf19760df7c54b4a251 - - default default] 10.0.0.228 "POST /v2.0/security-group-rules HTTP/1.1" status: 201 len: 764 time: 0.1730442
2026-04-22 19:48:33.339 10 INFO neutron.wsgi [req-52ab4521-fe21-4f5c-99d0-6420ace938fb req-793eac50-09e1-4048-842f-4f7a959fec87 fbb3c77577964a0b8ad5ddcd02221115 bf3710eb5cac47669ef68815b00d3274 - - default default] 199.204.45.95 "GET /v2.0/security-groups?fields=id&fields=name&tenant_id=bf3710eb5cac47669ef68815b00d3274 HTTP/1.1" status: 200 len: 380 time: 0.0457978
2026-04-22 19:48:33.550 9 INFO neutron.db.ovn_revision_numbers_db [None req-46c5c290-2c44-4eb2-aaa7-8c22f246f1f5 367e798ea9584a8cb2b7470cb18547a5 50e9245348a14cdd95aa407e924ba959 - - default default] Successfully bumped revision number for resource 19ef1271-4635-4d50-8a74-37150dc55d6c (type: router_ports) to 1
2026-04-22 19:48:33.552 9 INFO neutron.wsgi [None req-46c5c290-2c44-4eb2-aaa7-8c22f246f1f5 367e798ea9584a8cb2b7470cb18547a5 50e9245348a14cdd95aa407e924ba959 - - default default] 10.0.0.228 "PUT /v2.0/routers/ae2ac5f3-342d-4e3f-a446-ed0a2a2ee98a/add_router_interface HTTP/1.1" status: 200 len: 503 time: 1.8043485
2026-04-22 19:48:33.553 9 INFO neutron.db.ovn_revision_numbers_db [None req-d18cfb03-08cf-45e5-9856-e2ea98f6d1da 60b566929b684b61bacd4048832892af aaed7973c47f4cf19760df7c54b4a251 - - default default] Successfully bumped revision number for resource a7bfbb1e-cfa6-4e30-a7ab-7324830a8870 (type: security_group_rules) to 0
2026-04-22 19:48:33.591 9 INFO neutron.wsgi [None req-d18cfb03-08cf-45e5-9856-e2ea98f6d1da 60b566929b684b61bacd4048832892af aaed7973c47f4cf19760df7c54b4a251 - - default default] 10.0.0.228 "POST /v2.0/security-group-rules HTTP/1.1" status: 201 len: 769 time: 0.2541721
2026-04-22 19:48:33.597 9 INFO neutron.wsgi [None req-d949cb64-f9da-42ef-b567-836fd10b4a18 367e798ea9584a8cb2b7470cb18547a5 50e9245348a14cdd95aa407e924ba959 - - default default] 10.0.0.228 "GET /v2.0/ports/19ef1271-4635-4d50-8a74-37150dc55d6c HTTP/1.1" status: 200 len: 1139 time: 0.0384073
2026-04-22 19:48:33.681 9 INFO neutron.wsgi [req-b23954d7-d3f5-459f-836a-9be834a8bbc9 req-aa71369a-6eb1-446a-958b-d0e01c00f239 fbb3c77577964a0b8ad5ddcd02221115 bf3710eb5cac47669ef68815b00d3274 - - default default] 10.0.0.68 "GET /v2.0/ports?device_id=a4b72251-278a-462e-a740-a1ffbd602b72 HTTP/1.1" status: 200 len: 210 time: 0.0210705
2026-04-22 19:48:33.746 10 WARNING neutron.scheduler.dhcp_agent_scheduler [req-52ab4521-fe21-4f5c-99d0-6420ace938fb req-c4ddb3fa-9c4c-4611-8421-b6be39772dee fbb3c77577964a0b8ad5ddcd02221115 bf3710eb5cac47669ef68815b00d3274 - - default default] No more DHCP agents
2026-04-22 19:48:33.748 10 WARNING neutron.api.rpc.agentnotifiers.dhcp_rpc_agent_api [req-52ab4521-fe21-4f5c-99d0-6420ace938fb req-c4ddb3fa-9c4c-4611-8421-b6be39772dee fbb3c77577964a0b8ad5ddcd02221115 bf3710eb5cac47669ef68815b00d3274 - - default default] Unable to schedule network 5e28cb65-6003-4f50-8590-ea3d05d930f6: no agents available; will retry on subsequent port and subnet creation events.
2026-04-22 19:48:33.984 10 INFO neutron.db.ovn_revision_numbers_db [req-52ab4521-fe21-4f5c-99d0-6420ace938fb req-c4ddb3fa-9c4c-4611-8421-b6be39772dee fbb3c77577964a0b8ad5ddcd02221115 bf3710eb5cac47669ef68815b00d3274 - - default default] Successfully bumped revision number for resource 04ec4dc9-b68a-4e08-bdf7-bb4555a9b4e0 (type: ports) to 1
2026-04-22 19:48:34.026 10 INFO neutron.wsgi [req-52ab4521-fe21-4f5c-99d0-6420ace938fb req-c4ddb3fa-9c4c-4611-8421-b6be39772dee fbb3c77577964a0b8ad5ddcd02221115 bf3710eb5cac47669ef68815b00d3274 - - default default] 199.204.45.95 "POST /v2.0/ports HTTP/1.1" status: 201 len: 1158 time: 0.6820958 /var/lib/openstack/lib/python3.10/site-packages/pycadf/identifier.py:71: UserWarning: Invalid uuid: neutron. To ensure interoperability, identifiers should be a valid uuid. warnings.warn(('Invalid uuid: %s. To ensure interoperability, '
2026-04-22 19:48:34.096 9 WARNING neutron.scheduler.dhcp_agent_scheduler [None req-ebdc699d-a616-4b89-b5b0-5d6d47620090 60b566929b684b61bacd4048832892af aaed7973c47f4cf19760df7c54b4a251 - - default default] No more DHCP agents
2026-04-22 19:48:34.099 9 WARNING neutron.api.rpc.agentnotifiers.dhcp_rpc_agent_api [None req-ebdc699d-a616-4b89-b5b0-5d6d47620090 60b566929b684b61bacd4048832892af aaed7973c47f4cf19760df7c54b4a251 - - default default] Unable to schedule network c69ca577-0402-4100-a3a3-400d40ab29ce: no agents available; will retry on subsequent port and subnet creation events.
2026-04-22 19:48:34.177 10 WARNING neutron.scheduler.dhcp_agent_scheduler [None req-cace3ee6-84fa-4ff0-8ac0-25fed86c5fbd 367e798ea9584a8cb2b7470cb18547a5 50e9245348a14cdd95aa407e924ba959 - - default default] No more DHCP agents
2026-04-22 19:48:34.186 10 WARNING neutron.api.rpc.agentnotifiers.dhcp_rpc_agent_api [None req-cace3ee6-84fa-4ff0-8ac0-25fed86c5fbd 367e798ea9584a8cb2b7470cb18547a5 50e9245348a14cdd95aa407e924ba959 - - default default] Unable to schedule network e97dd27a-1955-4ea6-83c0-5d5a0da8199d: no agents available; will retry on subsequent port and subnet creation events.
