2026-06-23 09:42:47.492 7 INFO placement.requestlog [req-59ac2304-aadb-406f-8428-9d50eb065e67 req-dc7ad4e5-4776-40a6-aba6-bd53db7dd8ed f068bd59906b4bfea8531720b0fe5c3f c8245c779d904589b87c4c3a368877f9 - - a153a0302e7c49ae9f38d10544e610cb a153a0302e7c49ae9f38d10544e610cb] 199.204.45.25 "GET /resource_providers/43063799-6656-4b38-8d57-1affc4fcd687/allocations" status: 200 len: 54 microversion: 1.0 [pid: 7|app: 0|req: 291/580] 199.204.45.25 () {32 vars in 856 bytes} [Tue Jun 23 09:42:47 2026] GET /resource_providers/43063799-6656-4b38-8d57-1affc4fcd687/allocations => generated 54 bytes in 160 msecs (HTTP/1.1 200) 6 headers in 223 bytes (1 switches on core 0)
2026-06-23 09:42:47.519 8 INFO placement.requestlog [req-59ac2304-aadb-406f-8428-9d50eb065e67 req-e4ef9d3f-0afa-4702-8d27-7cfd398a365c f068bd59906b4bfea8531720b0fe5c3f c8245c779d904589b87c4c3a368877f9 - - a153a0302e7c49ae9f38d10544e610cb a153a0302e7c49ae9f38d10544e610cb] 199.204.45.25 "GET /resource_providers?in_tree=43063799-6656-4b38-8d57-1affc4fcd687" status: 200 len: 797 microversion: 1.14 [pid: 8|app: 0|req: 290/581] 199.204.45.25 () {34 vars in 891 bytes} [Tue Jun 23 09:42:47 2026] GET /resource_providers?in_tree=43063799-6656-4b38-8d57-1affc4fcd687 => generated 797 bytes in 23 msecs (HTTP/1.1 200) 6 headers in 225 bytes (1 switches on core 0)
2026-06-23 09:42:47.538 7 INFO placement.requestlog [req-59ac2304-aadb-406f-8428-9d50eb065e67 req-0b18b2c9-1e71-4a49-a39a-d7e5bd82bb98 f068bd59906b4bfea8531720b0fe5c3f c8245c779d904589b87c4c3a368877f9 - - a153a0302e7c49ae9f38d10544e610cb a153a0302e7c49ae9f38d10544e610cb] 199.204.45.25 "GET /resource_providers/43063799-6656-4b38-8d57-1affc4fcd687/inventories" status: 200 len: 400 microversion: 1.0 [pid: 7|app: 0|req: 292/582] 199.204.45.25 () {32 vars in 856 bytes} [Tue Jun 23 09:42:47 2026] GET /resource_providers/43063799-6656-4b38-8d57-1affc4fcd687/inventories => generated 400 bytes in 13 msecs (HTTP/1.1 200) 6 headers in 224 bytes (1 switches on core 0)
2026-06-23 09:42:47.556 8 INFO placement.requestlog [req-59ac2304-aadb-406f-8428-9d50eb065e67 req-58a1461e-d6c1-4274-aebc-1badbe281c9d f068bd59906b4bfea8531720b0fe5c3f c8245c779d904589b87c4c3a368877f9 - - a153a0302e7c49ae9f38d10544e610cb a153a0302e7c49ae9f38d10544e610cb] 199.204.45.25 "GET /resource_providers/43063799-6656-4b38-8d57-1affc4fcd687/aggregates" status: 200 len: 53 microversion: 1.19 [pid: 8|app: 0|req: 291/583] 199.204.45.25 () {34 vars in 898 bytes} [Tue Jun 23 09:42:47 2026] GET /resource_providers/43063799-6656-4b38-8d57-1affc4fcd687/aggregates => generated 53 bytes in 12 msecs (HTTP/1.1 200) 8 headers in 295 bytes (1 switches on core 0)
2026-06-23 09:42:47.582 7 INFO placement.requestlog [req-59ac2304-aadb-406f-8428-9d50eb065e67 req-cb615749-9e4e-44f3-9182-4ef2c37a1462 f068bd59906b4bfea8531720b0fe5c3f c8245c779d904589b87c4c3a368877f9 - - a153a0302e7c49ae9f38d10544e610cb a153a0302e7c49ae9f38d10544e610cb] 199.204.45.25 "GET /resource_providers/43063799-6656-4b38-8d57-1affc4fcd687/traits" status: 200 len: 2316 microversion: 1.6 [pid: 7|app: 0|req: 293/584] 199.204.45.25 () {34 vars in 889 bytes} [Tue Jun 23 09:42:47 2026] GET /resource_providers/43063799-6656-4b38-8d57-1affc4fcd687/traits => generated 2316 bytes in 20 msecs (HTTP/1.1 200) 6 headers in 225 bytes (1 switches on core 0)
2026-06-23 09:42:47.604 8 INFO placement.requestlog [req-59ac2304-aadb-406f-8428-9d50eb065e67 req-af18b05d-2a15-4772-a52a-03249b6ca716 f068bd59906b4bfea8531720b0fe5c3f c8245c779d904589b87c4c3a368877f9 - - a153a0302e7c49ae9f38d10544e610cb a153a0302e7c49ae9f38d10544e610cb] 199.204.45.25 "GET /resource_providers/43063799-6656-4b38-8d57-1affc4fcd687/allocations" status: 200 len: 54 microversion: 1.0 [pid: 8|app: 0|req: 292/585] 199.204.45.25 () {32 vars in 856 bytes} [Tue Jun 23 09:42:47 2026] GET /resource_providers/43063799-6656-4b38-8d57-1affc4fcd687/allocations => generated 54 bytes in 18 msecs (HTTP/1.1 200) 6 headers in 223 bytes (1 switches on core 0)
2026-06-23 09:42:50.580 7 INFO placement.requestlog [None req-a22e04ce-9165-4452-9a4d-3da6155f059b - - - - - -] 10.0.0.160 "GET /" status: 200 len: 136 microversion: 1.0
2026-06-23 09:42:50.581 8 INFO placement.requestlog [None req-7e34b73e-645c-469e-b808-d8ab273bc626 - - - - - -] 10.0.0.160 "GET /" status: 200 len: 136 microversion: 1.0
2026-06-23 09:43:00.577 7 INFO placement.requestlog [None req-99527128-5bc4-48b9-983a-b8e4d85eb740 - - - - - -] 10.0.0.160 "GET /" status: 200 len: 136 microversion: 1.0
2026-06-23 09:43:00.577 8 INFO placement.requestlog [None req-01df1c47-ac45-40d2-a2c3-b2a11e66d871 - - - - - -] 10.0.0.160 "GET /" status: 200 len: 136 microversion: 1.0
2026-06-23 09:43:10.577 7 INFO placement.requestlog [None req-3359e754-d2ef-4fa7-a0b3-1c572fbc7427 - - - - - -] 10.0.0.160 "GET /" status: 200 len: 136 microversion: 1.0
2026-06-23 09:43:10.577 8 INFO placement.requestlog [None req-86191a7f-7006-4202-9b1d-e8588f48e578 - - - - - -] 10.0.0.160 "GET /" status: 200 len: 136 microversion: 1.0
2026-06-23 09:43:20.577 8 INFO placement.requestlog [None req-26356e25-29cc-47f7-abcc-5325bbfae6ab - - - - - -] 10.0.0.160 "GET /" status: 200 len: 136 microversion: 1.0
2026-06-23 09:43:20.577 7 INFO placement.requestlog [None req-18d31fd8-b860-4e6f-91d2-f0adab60ccf3 - - - - - -] 10.0.0.160 "GET /" status: 200 len: 136 microversion: 1.0
2026-06-23 09:43:30.577 8 INFO placement.requestlog [None req-bc69ea8e-504d-4357-a5d0-1771023c6e90 - - - - - -] 10.0.0.160 "GET /" status: 200 len: 136 microversion: 1.0
2026-06-23 09:43:30.578 7 INFO placement.requestlog [None req-8c31e2e6-aac4-4922-8fa6-5545135b4476 - - - - - -] 10.0.0.160 "GET /" status: 200 len: 136 microversion: 1.0
2026-06-23 09:43:40.578 8 INFO placement.requestlog [None req-8f461c55-bcfb-4a25-8112-9e8dc40d7d53 - - - - - -] 10.0.0.160 "GET /" status: 200 len: 136 microversion: 1.0
2026-06-23 09:43:40.579 7 INFO placement.requestlog [None req-a0cc3c11-dfea-46ae-be97-40611623aa58 - - - - - -] 10.0.0.160 "GET /" status: 200 len: 136 microversion: 1.0
2026-06-23 09:43:48.306 8 INFO placement.requestlog [req-cff6d53e-0d16-44b2-88c6-e97163f92429 req-9b83f524-a0a9-4f6a-a7a6-f1b0c2c6fdef f068bd59906b4bfea8531720b0fe5c3f c8245c779d904589b87c4c3a368877f9 - - a153a0302e7c49ae9f38d10544e610cb a153a0302e7c49ae9f38d10544e610cb] 199.204.45.25 "GET /resource_providers/43063799-6656-4b38-8d57-1affc4fcd687/allocations" status: 200 len: 54 microversion: 1.0 [pid: 8|app: 0|req: 299/598] 199.204.45.25 () {32 vars in 856 bytes} [Tue Jun 23 09:43:48 2026] GET /resource_providers/43063799-6656-4b38-8d57-1affc4fcd687/allocations => generated 54 bytes in 15 msecs (HTTP/1.1 200) 6 headers in 223 bytes (1 switches on core 0)
2026-06-23 09:43:48.329 7 INFO placement.requestlog [req-cff6d53e-0d16-44b2-88c6-e97163f92429 req-aa5f599f-1a5c-4712-9ba0-9d9834541ecc f068bd59906b4bfea8531720b0fe5c3f c8245c779d904589b87c4c3a368877f9 - - a153a0302e7c49ae9f38d10544e610cb a153a0302e7c49ae9f38d10544e610cb] 199.204.45.25 "GET /resource_providers/43063799-6656-4b38-8d57-1affc4fcd687/allocations" status: 200 len: 54 microversion: 1.0 [pid: 7|app: 0|req: 300/599] 199.204.45.25 () {32 vars in 856 bytes} [Tue Jun 23 09:43:48 2026] GET /resource_providers/43063799-6656-4b38-8d57-1affc4fcd687/allocations => generated 54 bytes in 16 msecs (HTTP/1.1 200) 6 headers in 223 bytes (1 switches on core 0)
2026-06-23 09:43:50.577 7 INFO placement.requestlog [None req-8eff8de2-8353-4c32-a13c-01b61e625d79 - - - - - -] 10.0.0.160 "GET /" status: 200 len: 136 microversion: 1.0
2026-06-23 09:43:50.577 8 INFO placement.requestlog [None req-55c66432-9362-4928-8f0c-418703fc6e33 - - - - - -] 10.0.0.160 "GET /" status: 200 len: 136 microversion: 1.0
2026-06-23 09:44:00.576 7 INFO placement.requestlog [None req-084fb896-f279-4bf0-9db3-e29c5b859377 - - - - - -] 10.0.0.160 "GET /" status: 200 len: 136 microversion: 1.0
2026-06-23 09:44:00.577 8 INFO placement.requestlog [None req-dce51e7f-a22d-42df-9b3c-bac3e479d7b1 - - - - - -] 10.0.0.160 "GET /" status: 200 len: 136 microversion: 1.0
2026-06-23 09:44:10.577 7 INFO placement.requestlog [None req-86dcf1f8-b7d2-43f4-af6a-16c4a3e6143f - - - - - -] 10.0.0.160 "GET /" status: 200 len: 136 microversion: 1.0
2026-06-23 09:44:10.577 8 INFO placement.requestlog [None req-e0cf9a7d-c384-4681-abf0-deebde56a823 - - - - - -] 10.0.0.160 "GET /" status: 200 len: 136 microversion: 1.0
2026-06-23 09:44:20.576 7 INFO placement.requestlog [None req-fbaf6ba9-ddda-4ca7-8cff-0973c2f1c898 - - - - - -] 10.0.0.160 "GET /" status: 200 len: 136 microversion: 1.0
2026-06-23 09:44:20.577 8 INFO placement.requestlog [None req-c4f54ca3-0558-4c3a-87e7-4dfe58719529 - - - - - -] 10.0.0.160 "GET /" status: 200 len: 136 microversion: 1.0
2026-06-23 09:44:30.577 8 INFO placement.requestlog [None req-053f443e-7e7b-40b5-b45a-be0cbf8839c9 - - - - - -] 10.0.0.160 "GET /" status: 200 len: 136 microversion: 1.0
2026-06-23 09:44:30.580 7 INFO placement.requestlog [None req-4b2b6672-a487-4001-a9a0-80c69596567a - - - - - -] 10.0.0.160 "GET /" status: 200 len: 136 microversion: 1.0
2026-06-23 09:44:40.577 8 INFO placement.requestlog [None req-54365a34-d53f-484c-b533-cde2e94f2fab - - - - - -] 10.0.0.160 "GET /" status: 200 len: 136 microversion: 1.0
2026-06-23 09:44:40.578 7 INFO placement.requestlog [None req-75be86b2-0796-4c51-a10e-9c47087f27b1 - - - - - -] 10.0.0.160 "GET /" status: 200 len: 136 microversion: 1.0
2026-06-23 09:44:48.371 8 INFO placement.requestlog [req-25bbc54c-a369-479d-9c62-39823bfbb4b6 req-75375db1-fe79-4226-9289-65633e5e32d6 f068bd59906b4bfea8531720b0fe5c3f c8245c779d904589b87c4c3a368877f9 - - a153a0302e7c49ae9f38d10544e610cb a153a0302e7c49ae9f38d10544e610cb] 199.204.45.25 "GET /resource_providers/43063799-6656-4b38-8d57-1affc4fcd687/allocations" status: 200 len: 54 microversion: 1.0 [pid: 8|app: 0|req: 306/612] 199.204.45.25 () {32 vars in 856 bytes} [Tue Jun 23 09:44:48 2026] GET /resource_providers/43063799-6656-4b38-8d57-1affc4fcd687/allocations => generated 54 bytes in 32 msecs (HTTP/1.1 200) 6 headers in 223 bytes (1 switches on core 0)
2026-06-23 09:44:48.396 7 INFO placement.requestlog [req-25bbc54c-a369-479d-9c62-39823bfbb4b6 req-17192a97-d56b-427f-991f-d9e8fa40e464 f068bd59906b4bfea8531720b0fe5c3f c8245c779d904589b87c4c3a368877f9 - - a153a0302e7c49ae9f38d10544e610cb a153a0302e7c49ae9f38d10544e610cb] 199.204.45.25 "GET /resource_providers/43063799-6656-4b38-8d57-1affc4fcd687/allocations" status: 200 len: 54 microversion: 1.0 [pid: 7|app: 0|req: 307/613] 199.204.45.25 () {32 vars in 856 bytes} [Tue Jun 23 09:44:48 2026] GET /resource_providers/43063799-6656-4b38-8d57-1affc4fcd687/allocations => generated 54 bytes in 18 msecs (HTTP/1.1 200) 6 headers in 223 bytes (1 switches on core 0)
2026-06-23 09:44:50.576 7 INFO placement.requestlog [None req-0a554d3a-77de-4dac-8e71-61a881fd582b - - - - - -] 10.0.0.160 "GET /" status: 200 len: 136 microversion: 1.0
2026-06-23 09:44:50.576 8 INFO placement.requestlog [None req-b279dfb6-2231-40eb-a7de-37258446d1c2 - - - - - -] 10.0.0.160 "GET /" status: 200 len: 136 microversion: 1.0
2026-06-23 09:45:00.579 7 INFO placement.requestlog [None req-fa7d4923-533c-47a2-b2dd-70957ee4b8ec - - - - - -] 10.0.0.160 "GET /" status: 200 len: 136 microversion: 1.0
2026-06-23 09:45:00.579 8 INFO placement.requestlog [None req-c82a350a-bdbc-4f79-b9d5-1310686494fc - - - - - -] 10.0.0.160 "GET /" status: 200 len: 136 microversion: 1.0
2026-06-23 09:45:10.577 7 INFO placement.requestlog [None req-b04e364d-b5a9-4737-b74e-ba6a74915dd7 - - - - - -] 10.0.0.160 "GET /" status: 200 len: 136 microversion: 1.0
2026-06-23 09:45:10.579 8 INFO placement.requestlog [None req-cff96ca8-dee4-4ad8-882f-e65124cdfa73 - - - - - -] 10.0.0.160 "GET /" status: 200 len: 136 microversion: 1.0
2026-06-23 09:45:20.577 7 INFO placement.requestlog [None req-3523259b-0fec-4310-b1a5-ceb62bd9f7ba - - - - - -] 10.0.0.160 "GET /" status: 200 len: 136 microversion: 1.0
2026-06-23 09:45:20.578 8 INFO placement.requestlog [None req-7fab47d2-5974-44ab-95aa-11fd8c62587c - - - - - -] 10.0.0.160 "GET /" status: 200 len: 136 microversion: 1.0
2026-06-23 09:45:30.576 7 INFO placement.requestlog [None req-84c4ee9a-4d2b-49f2-b5f4-5562218afeec - - - - - -] 10.0.0.160 "GET /" status: 200 len: 136 microversion: 1.0
2026-06-23 09:45:30.577 8 INFO placement.requestlog [None req-01578b2b-6267-4cb1-a3bb-c86b01f16571 - - - - - -] 10.0.0.160 "GET /" status: 200 len: 136 microversion: 1.0
2026-06-23 09:45:40.576 7 INFO placement.requestlog [None req-ec1acc43-a1c3-4542-97ee-3e126e1bc6db - - - - - -] 10.0.0.160 "GET /" status: 200 len: 136 microversion: 1.0
2026-06-23 09:45:40.577 8 INFO placement.requestlog [None req-383add8a-1082-42c4-a633-3f8694f9aacf - - - - - -] 10.0.0.160 "GET /" status: 200 len: 136 microversion: 1.0
2026-06-23 09:45:49.455 7 INFO placement.requestlog [req-9e632ecb-1bdd-4755-800f-fbabaaee8baa req-0c6408ca-1711-40d2-8092-2c47da9028ca f068bd59906b4bfea8531720b0fe5c3f c8245c779d904589b87c4c3a368877f9 - - a153a0302e7c49ae9f38d10544e610cb a153a0302e7c49ae9f38d10544e610cb] 199.204.45.25 "GET /resource_providers/43063799-6656-4b38-8d57-1affc4fcd687/allocations" status: 200 len: 54 microversion: 1.0 [pid: 7|app: 0|req: 314/626] 199.204.45.25 () {32 vars in 856 bytes} [Tue Jun 23 09:45:49 2026] GET /resource_providers/43063799-6656-4b38-8d57-1affc4fcd687/allocations => generated 54 bytes in 19 msecs (HTTP/1.1 200) 6 headers in 223 bytes (1 switches on core 0)
2026-06-23 09:45:49.493 8 INFO placement.requestlog [req-9e632ecb-1bdd-4755-800f-fbabaaee8baa req-066b3fb9-74a2-481b-8d99-7b7f67958b56 f068bd59906b4bfea8531720b0fe5c3f c8245c779d904589b87c4c3a368877f9 - - a153a0302e7c49ae9f38d10544e610cb a153a0302e7c49ae9f38d10544e610cb] 199.204.45.25 "GET /resource_providers/43063799-6656-4b38-8d57-1affc4fcd687/allocations" status: 200 len: 54 microversion: 1.0 [pid: 8|app: 0|req: 313/627] 199.204.45.25 () {32 vars in 856 bytes} [Tue Jun 23 09:45:49 2026] GET /resource_providers/43063799-6656-4b38-8d57-1affc4fcd687/allocations => generated 54 bytes in 30 msecs (HTTP/1.1 200) 6 headers in 223 bytes (1 switches on core 0)
2026-06-23 09:45:50.579 7 INFO placement.requestlog [None req-73daffed-bbd7-4f4b-bf94-d2ab48319009 - - - - - -] 10.0.0.160 "GET /" status: 200 len: 136 microversion: 1.0
2026-06-23 09:45:50.579 8 INFO placement.requestlog [None req-75e4f5b1-4718-4ba9-9670-ad64ff0c462c - - - - - -] 10.0.0.160 "GET /" status: 200 len: 136 microversion: 1.0
2026-06-23 09:46:00.577 7 INFO placement.requestlog [None req-c3064d1d-0162-416a-bdd4-6bc1cf443830 - - - - - -] 10.0.0.160 "GET /" status: 200 len: 136 microversion: 1.0
2026-06-23 09:46:00.577 8 INFO placement.requestlog [None req-1cc684f4-f59b-4994-a2af-2198fa3f03d8 - - - - - -] 10.0.0.160 "GET /" status: 200 len: 136 microversion: 1.0
2026-06-23 09:46:10.577 8 INFO placement.requestlog [None req-82c06e3d-34e1-44de-9f77-4c70e45c3c50 - - - - - -] 10.0.0.160 "GET /" status: 200 len: 136 microversion: 1.0
2026-06-23 09:46:10.578 7 INFO placement.requestlog [None req-f3a8d0a9-0380-4534-9535-475a2b03a22c - - - - - -] 10.0.0.160 "GET /" status: 200 len: 136 microversion: 1.0
2026-06-23 09:46:20.577 8 INFO placement.requestlog [None req-829cc10b-4f5c-4adb-b0ec-2b05ac4e0ad7 - - - - - -] 10.0.0.160 "GET /" status: 200 len: 136 microversion: 1.0
2026-06-23 09:46:20.578 7 INFO placement.requestlog [None req-5b5ef42a-33ba-4b3a-86fe-8c8fd24f55e2 - - - - - -] 10.0.0.160 "GET /" status: 200 len: 136 microversion: 1.0
2026-06-23 09:46:30.576 8 INFO placement.requestlog [None req-81b817a4-bf37-4e9f-bb1c-0fbe92fa533d - - - - - -] 10.0.0.160 "GET /" status: 200 len: 136 microversion: 1.0
2026-06-23 09:46:30.577 7 INFO placement.requestlog [None req-fb6d4417-4388-43b8-976c-59f69df49626 - - - - - -] 10.0.0.160 "GET /" status: 200 len: 136 microversion: 1.0
2026-06-23 09:46:40.577 8 INFO placement.requestlog [None req-eb802489-1fab-4795-a03a-91602052430e - - - - - -] 10.0.0.160 "GET /" status: 200 len: 136 microversion: 1.0
2026-06-23 09:46:40.577 7 INFO placement.requestlog [None req-1c849d33-2539-49e6-991d-cb733890ae6c - - - - - -] 10.0.0.160 "GET /" status: 200 len: 136 microversion: 1.0
2026-06-23 09:46:50.576 7 INFO placement.requestlog [None req-2553bce2-17d2-45f3-be5b-f28e918ea053 - - - - - -] 10.0.0.160 "GET /" status: 200 len: 136 microversion: 1.0
2026-06-23 09:46:50.577 8 INFO placement.requestlog [None req-ab22358c-a514-48fa-be13-a65edd17ebbe - - - - - -] 10.0.0.160 "GET /" status: 200 len: 136 microversion: 1.0
2026-06-23 09:46:52.033 7 INFO placement.requestlog [req-bdd701d8-a2e9-462b-8831-1159258e7db1 req-4c7ca5d1-deed-4fe4-b2ce-9c326d585d44 f068bd59906b4bfea8531720b0fe5c3f c8245c779d904589b87c4c3a368877f9 - - a153a0302e7c49ae9f38d10544e610cb a153a0302e7c49ae9f38d10544e610cb] 199.204.45.25 "GET /resource_providers/43063799-6656-4b38-8d57-1affc4fcd687/allocations" status: 200 len: 54 microversion: 1.0 [pid: 7|app: 0|req: 322/642] 199.204.45.25 () {32 vars in 856 bytes} [Tue Jun 23 09:46:52 2026] GET /resource_providers/43063799-6656-4b38-8d57-1affc4fcd687/allocations => generated 54 bytes in 16 msecs (HTTP/1.1 200) 6 headers in 223 bytes (1 switches on core 0)
2026-06-23 09:46:52.055 8 INFO placement.requestlog [req-bdd701d8-a2e9-462b-8831-1159258e7db1 req-1b0de41d-3ca1-4c0d-9620-a52a40a7c74c f068bd59906b4bfea8531720b0fe5c3f c8245c779d904589b87c4c3a368877f9 - - a153a0302e7c49ae9f38d10544e610cb a153a0302e7c49ae9f38d10544e610cb] 199.204.45.25 "GET /resource_providers/43063799-6656-4b38-8d57-1affc4fcd687/allocations" status: 200 len: 54 microversion: 1.0 [pid: 8|app: 0|req: 321/643] 199.204.45.25 () {32 vars in 856 bytes} [Tue Jun 23 09:46:52 2026] GET /resource_providers/43063799-6656-4b38-8d57-1affc4fcd687/allocations => generated 54 bytes in 14 msecs (HTTP/1.1 200) 6 headers in 223 bytes (1 switches on core 0)
2026-06-23 09:46:57.636 7 INFO placement.requestlog [req-088f6b40-d62a-4051-93e8-9608c64b9938 req-bc347842-e489-4e95-834a-80207b7cec78 f068bd59906b4bfea8531720b0fe5c3f c8245c779d904589b87c4c3a368877f9 - - a153a0302e7c49ae9f38d10544e610cb a153a0302e7c49ae9f38d10544e610cb] 10.0.0.140 "GET /allocation_candidates?limit=1000&resources=DISK_GB%3A1%2CMEMORY_MB%3A512%2CVCPU%3A1&root_required=%21COMPUTE_STATUS_DISABLED" status: 200 len: 2781 microversion: 1.36 [pid: 7|app: 0|req: 323/644] 10.0.0.140 () {34 vars in 1012 bytes} [Tue Jun 23 09:46:57 2026] GET /allocation_candidates?limit=1000&resources=DISK_GB%3A1%2CMEMORY_MB%3A512%2CVCPU%3A1&root_required=%21COMPUTE_STATUS_DISABLED => generated 2781 bytes in 209 msecs (HTTP/1.1 200) 8 headers in 297 bytes (1 switches on core 0)
2026-06-23 09:46:57.669 8 INFO placement.requestlog [req-f2626789-5a4d-4469-ac90-a9b3d84e2724 req-2de8276a-7b45-4f27-8b20-1fc0fed42056 f068bd59906b4bfea8531720b0fe5c3f c8245c779d904589b87c4c3a368877f9 - - a153a0302e7c49ae9f38d10544e610cb a153a0302e7c49ae9f38d10544e610cb] 10.0.0.140 "GET /allocation_candidates?limit=1000&resources=DISK_GB%3A1%2CMEMORY_MB%3A512%2CVCPU%3A1&root_required=%21COMPUTE_STATUS_DISABLED" status: 200 len: 2781 microversion: 1.36 [pid: 8|app: 0|req: 322/645] 10.0.0.140 () {34 vars in 1012 bytes} [Tue Jun 23 09:46:57 2026] GET /allocation_candidates?limit=1000&resources=DISK_GB%3A1%2CMEMORY_MB%3A512%2CVCPU%3A1&root_required=%21COMPUTE_STATUS_DISABLED => generated 2781 bytes in 162 msecs (HTTP/1.1 200) 8 headers in 297 bytes (1 switches on core 0)
2026-06-23 09:46:57.682 7 INFO placement.requestlog [req-088f6b40-d62a-4051-93e8-9608c64b9938 req-c42a9779-bf6e-4a9b-9e15-4312cd82dff6 f068bd59906b4bfea8531720b0fe5c3f c8245c779d904589b87c4c3a368877f9 - - a153a0302e7c49ae9f38d10544e610cb a153a0302e7c49ae9f38d10544e610cb] 10.0.0.140 "GET /allocations/ff9af717-20a4-43c0-9562-6e45eb717669" status: 200 len: 19 microversion: 1.28 [pid: 7|app: 0|req: 324/646] 10.0.0.140 () {34 vars in 861 bytes} [Tue Jun 23 09:46:57 2026] GET /allocations/ff9af717-20a4-43c0-9562-6e45eb717669 => generated 19 bytes in 12 msecs (HTTP/1.1 200) 8 headers in 295 bytes (1 switches on core 0)
2026-06-23 09:46:57.712 7 INFO placement.requestlog [req-f2626789-5a4d-4469-ac90-a9b3d84e2724 req-35a7ffc6-4e17-4534-9245-cafe20416203 f068bd59906b4bfea8531720b0fe5c3f c8245c779d904589b87c4c3a368877f9 - - a153a0302e7c49ae9f38d10544e610cb a153a0302e7c49ae9f38d10544e610cb] 10.0.0.140 "GET /allocations/015ea246-b9e6-48e3-aa92-590704f7fd6a" status: 200 len: 19 microversion: 1.28 [pid: 7|app: 0|req: 325/647] 10.0.0.140 () {34 vars in 861 bytes} [Tue Jun 23 09:46:57 2026] GET /allocations/015ea246-b9e6-48e3-aa92-590704f7fd6a => generated 19 bytes in 10 msecs (HTTP/1.1 200) 8 headers in 295 bytes (1 switches on core 0)
2026-06-23 09:46:57.777 8 INFO placement.requestlog [req-088f6b40-d62a-4051-93e8-9608c64b9938 req-234e6fed-72e1-4020-bcc9-f9efac2eb888 f068bd59906b4bfea8531720b0fe5c3f c8245c779d904589b87c4c3a368877f9 - - a153a0302e7c49ae9f38d10544e610cb a153a0302e7c49ae9f38d10544e610cb] 10.0.0.140 "PUT /allocations/ff9af717-20a4-43c0-9562-6e45eb717669" status: 204 len: 0 microversion: 1.36 [pid: 8|app: 0|req: 323/648] 10.0.0.140 () {38 vars in 914 bytes} [Tue Jun 23 09:46:57 2026] PUT /allocations/ff9af717-20a4-43c0-9562-6e45eb717669 => generated 0 bytes in 88 msecs (HTTP/1.1 204) 5 headers in 199 bytes (1 switches on core 0)
2026-06-23 09:46:57.823 7 INFO placement.requestlog [req-f2626789-5a4d-4469-ac90-a9b3d84e2724 req-ac3e195d-c60a-45ab-88b7-213c385f8471 f068bd59906b4bfea8531720b0fe5c3f c8245c779d904589b87c4c3a368877f9 - - a153a0302e7c49ae9f38d10544e610cb a153a0302e7c49ae9f38d10544e610cb] 10.0.0.140 "PUT /allocations/015ea246-b9e6-48e3-aa92-590704f7fd6a" status: 204 len: 0 microversion: 1.36 [pid: 7|app: 0|req: 326/649] 10.0.0.140 () {38 vars in 914 bytes} [Tue Jun 23 09:46:57 2026] PUT /allocations/015ea246-b9e6-48e3-aa92-590704f7fd6a => generated 0 bytes in 103 msecs (HTTP/1.1 204) 5 headers in 199 bytes (1 switches on core 0)
2026-06-23 09:46:59.234 8 INFO placement.requestlog [req-088f6b40-d62a-4051-93e8-9608c64b9938 req-b2f29e07-9236-49d6-adc5-d3cffbe275f4 f068bd59906b4bfea8531720b0fe5c3f c8245c779d904589b87c4c3a368877f9 - - a153a0302e7c49ae9f38d10544e610cb a153a0302e7c49ae9f38d10544e610cb] 199.204.45.25 "GET /allocations/ff9af717-20a4-43c0-9562-6e45eb717669" status: 200 len: 257 microversion: 1.28 [pid: 8|app: 0|req: 324/650] 199.204.45.25 () {34 vars in 862 bytes} [Tue Jun 23 09:46:59 2026] GET /allocations/ff9af717-20a4-43c0-9562-6e45eb717669 => generated 257 bytes in 17 msecs (HTTP/1.1 200) 8 headers in 296 bytes (1 switches on core 0)
2026-06-23 09:46:59.331 7 INFO placement.requestlog [req-f2626789-5a4d-4469-ac90-a9b3d84e2724 req-c50d2fb0-9358-4263-874b-380a857f17b3 f068bd59906b4bfea8531720b0fe5c3f c8245c779d904589b87c4c3a368877f9 - - a153a0302e7c49ae9f38d10544e610cb a153a0302e7c49ae9f38d10544e610cb] 199.204.45.25 "GET /allocations/015ea246-b9e6-48e3-aa92-590704f7fd6a" status: 200 len: 257 microversion: 1.28 [pid: 7|app: 0|req: 327/651] 199.204.45.25 () {34 vars in 862 bytes} [Tue Jun 23 09:46:59 2026] GET /allocations/015ea246-b9e6-48e3-aa92-590704f7fd6a => generated 257 bytes in 16 msecs (HTTP/1.1 200) 8 headers in 296 bytes (1 switches on core 0)
2026-06-23 09:47:00.288 8 INFO placement.requestlog [req-088f6b40-d62a-4051-93e8-9608c64b9938 req-75b74605-fd71-42d3-9e12-188accb1daf1 f068bd59906b4bfea8531720b0fe5c3f c8245c779d904589b87c4c3a368877f9 - - a153a0302e7c49ae9f38d10544e610cb a153a0302e7c49ae9f38d10544e610cb] 199.204.45.25 "GET /resource_providers/43063799-6656-4b38-8d57-1affc4fcd687/allocations" status: 200 len: 252 microversion: 1.0 [pid: 8|app: 0|req: 325/652] 199.204.45.25 () {32 vars in 856 bytes} [Tue Jun 23 09:47:00 2026] GET /resource_providers/43063799-6656-4b38-8d57-1affc4fcd687/allocations => generated 252 bytes in 27 msecs (HTTP/1.1 200) 6 headers in 224 bytes (1 switches on core 0)
2026-06-23 09:47:00.316 7 INFO placement.requestlog [req-088f6b40-d62a-4051-93e8-9608c64b9938 req-6d27cdf2-659c-4af7-85a3-9675eb38289e f068bd59906b4bfea8531720b0fe5c3f c8245c779d904589b87c4c3a368877f9 - - a153a0302e7c49ae9f38d10544e610cb a153a0302e7c49ae9f38d10544e610cb] 199.204.45.25 "GET /allocations/015ea246-b9e6-48e3-aa92-590704f7fd6a" status: 200 len: 257 microversion: 1.28 [pid: 7|app: 0|req: 328/653] 199.204.45.25 () {34 vars in 862 bytes} [Tue Jun 23 09:47:00 2026] GET /allocations/015ea246-b9e6-48e3-aa92-590704f7fd6a => generated 257 bytes in 19 msecs (HTTP/1.1 200) 8 headers in 296 bytes (1 switches on core 0)
2026-06-23 09:47:00.338 8 INFO placement.requestlog [req-088f6b40-d62a-4051-93e8-9608c64b9938 req-9bf84430-aab6-46c9-a992-7be610083aad f068bd59906b4bfea8531720b0fe5c3f c8245c779d904589b87c4c3a368877f9 - - a153a0302e7c49ae9f38d10544e610cb a153a0302e7c49ae9f38d10544e610cb] 199.204.45.25 "GET /allocations/ff9af717-20a4-43c0-9562-6e45eb717669" status: 200 len: 257 microversion: 1.28 [pid: 8|app: 0|req: 326/654] 199.204.45.25 () {34 vars in 862 bytes} [Tue Jun 23 09:47:00 2026] GET /allocations/ff9af717-20a4-43c0-9562-6e45eb717669 => generated 257 bytes in 18 msecs (HTTP/1.1 200) 8 headers in 296 bytes (1 switches on core 0)
2026-06-23 09:47:00.579 8 INFO placement.requestlog [None req-8a0ce43a-6f08-46cf-8a70-a52521ba4932 - - - - - -] 10.0.0.160 "GET /" status: 200 len: 136 microversion: 1.0
2026-06-23 09:47:00.579 7 INFO placement.requestlog [None req-cc337611-9480-4441-b316-0ab228eaf7e5 - - - - - -] 10.0.0.160 "GET /" status: 200 len: 136 microversion: 1.0
2026-06-23 09:47:01.905 8 INFO placement.requestlog [None req-f5a20775-cdf9-403c-a7c9-4f8eb5e6ec9f 299dd71873874687af715106bdb5c288 c8245c779d904589b87c4c3a368877f9 - - a153a0302e7c49ae9f38d10544e610cb a153a0302e7c49ae9f38d10544e610cb] 10.0.0.32 "GET /resource_providers/47a57c80-c415-4c02-b985-fa8e465461b1/aggregates" status: 404 len: 235 microversion: 1.1 [pid: 8|app: 0|req: 328/657] 10.0.0.32 () {32 vars in 815 bytes} [Tue Jun 23 09:47:01 2026] GET /resource_providers/47a57c80-c415-4c02-b985-fa8e465461b1/aggregates => generated 235 bytes in 120 msecs (HTTP/1.1 404) 5 headers in 202 bytes (1 switches on core 0)
2026-06-23 09:47:01.914 7 INFO placement.requestlog [None req-ec838dab-2889-426d-a910-10d56c9b3112 299dd71873874687af715106bdb5c288 c8245c779d904589b87c4c3a368877f9 - - a153a0302e7c49ae9f38d10544e610cb a153a0302e7c49ae9f38d10544e610cb] 10.0.0.32 "GET /resource_providers/47a57c80-c415-4c02-b985-fa8e465461b1/aggregates" status: 404 len: 235 microversion: 1.1 [pid: 7|app: 0|req: 330/658] 10.0.0.32 () {32 vars in 815 bytes} [Tue Jun 23 09:47:01 2026] GET /resource_providers/47a57c80-c415-4c02-b985-fa8e465461b1/aggregates => generated 235 bytes in 145 msecs (HTTP/1.1 404) 5 headers in 202 bytes (1 switches on core 0)
2026-06-23 09:47:01.925 8 INFO placement.requestlog [None req-cd344f49-ebc2-4fd0-a055-4ada03e7c4f6 299dd71873874687af715106bdb5c288 c8245c779d904589b87c4c3a368877f9 - - a153a0302e7c49ae9f38d10544e610cb a153a0302e7c49ae9f38d10544e610cb] 10.0.0.32 "DELETE /resource_providers/47a57c80-c415-4c02-b985-fa8e465461b1" status: 404 len: 246 microversion: 1.1 [pid: 8|app: 0|req: 329/659] 10.0.0.32 () {34 vars in 815 bytes} [Tue Jun 23 09:47:01 2026] DELETE /resource_providers/47a57c80-c415-4c02-b985-fa8e465461b1 => generated 246 bytes in 9 msecs (HTTP/1.1 404) 6 headers in 231 bytes (1 switches on core 0)
2026-06-23 09:47:01.945 7 INFO placement.requestlog [None req-fa88cbdb-6800-4efc-8cfe-73ef18f1fcdf 299dd71873874687af715106bdb5c288 c8245c779d904589b87c4c3a368877f9 - - a153a0302e7c49ae9f38d10544e610cb a153a0302e7c49ae9f38d10544e610cb] 10.0.0.32 "DELETE /resource_providers/47a57c80-c415-4c02-b985-fa8e465461b1" status: 404 len: 246 microversion: 1.1 [pid: 7|app: 0|req: 331/660] 10.0.0.32 () {34 vars in 815 bytes} [Tue Jun 23 09:47:01 2026] DELETE /resource_providers/47a57c80-c415-4c02-b985-fa8e465461b1 => generated 246 bytes in 14 msecs (HTTP/1.1 404) 6 headers in 231 bytes (1 switches on core 0)
2026-06-23 09:47:02.372 8 INFO placement.requestlog [None req-711c4aa9-7ad1-42f1-9365-0040e2d98ff7 299dd71873874687af715106bdb5c288 c8245c779d904589b87c4c3a368877f9 - - a153a0302e7c49ae9f38d10544e610cb a153a0302e7c49ae9f38d10544e610cb] 10.0.0.32 "GET /resource_providers/ef44ac12-fd2e-4698-932c-52c4c2d512d7/aggregates" status: 404 len: 235 microversion: 1.1 [pid: 8|app: 0|req: 330/661] 10.0.0.32 () {32 vars in 815 bytes} [Tue Jun 23 09:47:02 2026] GET /resource_providers/ef44ac12-fd2e-4698-932c-52c4c2d512d7/aggregates => generated 235 bytes in 224 msecs (HTTP/1.1 404) 5 headers in 202 bytes (1 switches on core 0)
2026-06-23 09:47:02.399 8 INFO placement.requestlog [None req-ded4f843-27d6-4dca-b61c-9bcec8d75277 299dd71873874687af715106bdb5c288 c8245c779d904589b87c4c3a368877f9 - - a153a0302e7c49ae9f38d10544e610cb a153a0302e7c49ae9f38d10544e610cb] 10.0.0.32 "DELETE /resource_providers/ef44ac12-fd2e-4698-932c-52c4c2d512d7" status: 404 len: 246 microversion: 1.1 [pid: 8|app: 0|req: 331/662] 10.0.0.32 () {34 vars in 815 bytes} [Tue Jun 23 09:47:02 2026] DELETE /resource_providers/ef44ac12-fd2e-4698-932c-52c4c2d512d7 => generated 246 bytes in 14 msecs (HTTP/1.1 404) 6 headers in 231 bytes (1 switches on core 0)
2026-06-23 09:47:02.417 8 INFO placement.requestlog [req-f2626789-5a4d-4469-ac90-a9b3d84e2724 req-4d02b902-6174-4f9f-93df-d9be6ecc4174 f068bd59906b4bfea8531720b0fe5c3f c8245c779d904589b87c4c3a368877f9 - - a153a0302e7c49ae9f38d10544e610cb a153a0302e7c49ae9f38d10544e610cb] 199.204.45.25 "GET /resource_providers/43063799-6656-4b38-8d57-1affc4fcd687/allocations" status: 200 len: 252 microversion: 1.0 [pid: 8|app: 0|req: 332/663] 199.204.45.25 () {32 vars in 856 bytes} [Tue Jun 23 09:47:02 2026] GET /resource_providers/43063799-6656-4b38-8d57-1affc4fcd687/allocations => generated 252 bytes in 18 msecs (HTTP/1.1 200) 6 headers in 224 bytes (1 switches on core 0)
2026-06-23 09:47:02.435 8 INFO placement.requestlog [req-f2626789-5a4d-4469-ac90-a9b3d84e2724 req-bd0468cd-3762-43eb-9e7c-a97dbafb175d f068bd59906b4bfea8531720b0fe5c3f c8245c779d904589b87c4c3a368877f9 - - a153a0302e7c49ae9f38d10544e610cb a153a0302e7c49ae9f38d10544e610cb] 199.204.45.25 "GET /allocations/015ea246-b9e6-48e3-aa92-590704f7fd6a" status: 200 len: 257 microversion: 1.28 [pid: 8|app: 0|req: 333/664] 199.204.45.25 () {34 vars in 862 bytes} [Tue Jun 23 09:47:02 2026] GET /allocations/015ea246-b9e6-48e3-aa92-590704f7fd6a => generated 257 bytes in 8 msecs (HTTP/1.1 200) 8 headers in 296 bytes (1 switches on core 0)
2026-06-23 09:47:02.448 8 INFO placement.requestlog [req-f2626789-5a4d-4469-ac90-a9b3d84e2724 req-f628f20f-7eb5-43cd-89ae-a83aea355703 f068bd59906b4bfea8531720b0fe5c3f c8245c779d904589b87c4c3a368877f9 - - a153a0302e7c49ae9f38d10544e610cb a153a0302e7c49ae9f38d10544e610cb] 199.204.45.25 "GET /allocations/ff9af717-20a4-43c0-9562-6e45eb717669" status: 200 len: 257 microversion: 1.28 [pid: 8|app: 0|req: 334/665] 199.204.45.25 () {34 vars in 862 bytes} [Tue Jun 23 09:47:02 2026] GET /allocations/ff9af717-20a4-43c0-9562-6e45eb717669 => generated 257 bytes in 8 msecs (HTTP/1.1 200) 8 headers in 296 bytes (1 switches on core 0)
2026-06-23 09:47:02.458 7 INFO placement.requestlog [None req-8613259f-402a-4056-a588-d70e73a602d1 299dd71873874687af715106bdb5c288 c8245c779d904589b87c4c3a368877f9 - - a153a0302e7c49ae9f38d10544e610cb a153a0302e7c49ae9f38d10544e610cb] 10.0.0.32 "GET /resource_providers/ef44ac12-fd2e-4698-932c-52c4c2d512d7/aggregates" status: 404 len: 235 microversion: 1.1 [pid: 7|app: 0|req: 332/666] 10.0.0.32 () {32 vars in 815 bytes} [Tue Jun 23 09:47:02 2026] GET /resource_providers/ef44ac12-fd2e-4698-932c-52c4c2d512d7/aggregates => generated 235 bytes in 264 msecs (HTTP/1.1 404) 5 headers in 202 bytes (1 switches on core 0)
2026-06-23 09:47:02.476 8 INFO placement.requestlog [None req-630d8a61-e2a6-4727-91f2-4c8bcaf3af72 299dd71873874687af715106bdb5c288 c8245c779d904589b87c4c3a368877f9 - - a153a0302e7c49ae9f38d10544e610cb a153a0302e7c49ae9f38d10544e610cb] 10.0.0.32 "DELETE /resource_providers/ef44ac12-fd2e-4698-932c-52c4c2d512d7" status: 404 len: 246 microversion: 1.1 [pid: 8|app: 0|req: 335/667] 10.0.0.32 () {34 vars in 815 bytes} [Tue Jun 23 09:47:02 2026] DELETE /resource_providers/ef44ac12-fd2e-4698-932c-52c4c2d512d7 => generated 246 bytes in 9 msecs (HTTP/1.1 404) 6 headers in 231 bytes (1 switches on core 0)
2026-06-23 09:47:10.577 8 INFO placement.requestlog [None req-cec7f22b-85de-49e3-87e2-6bfe8acd1489 - - - - - -] 10.0.0.160 "GET /" status: 200 len: 136 microversion: 1.0
2026-06-23 09:47:10.577 7 INFO placement.requestlog [None req-33a2dd39-a66d-45cc-8043-aa255936495d - - - - - -] 10.0.0.160 "GET /" status: 200 len: 136 microversion: 1.0
2026-06-23 09:47:15.086 8 INFO placement.requestlog [req-e9cfb55e-60a8-4330-b3df-0b7e818ccfc3 req-31b0bc70-73b7-4bec-a2b8-34d5e3931aca f068bd59906b4bfea8531720b0fe5c3f c8245c779d904589b87c4c3a368877f9 - - a153a0302e7c49ae9f38d10544e610cb a153a0302e7c49ae9f38d10544e610cb] 10.0.0.140 "GET /allocation_candidates?limit=1000&resources=DISK_GB%3A1%2CMEMORY_MB%3A512%2CVCPU%3A1&root_required=%21COMPUTE_STATUS_DISABLED" status: 200 len: 2784 microversion: 1.36 [pid: 8|app: 0|req: 337/670] 10.0.0.140 () {34 vars in 1012 bytes} [Tue Jun 23 09:47:15 2026] GET /allocation_candidates?limit=1000&resources=DISK_GB%3A1%2CMEMORY_MB%3A512%2CVCPU%3A1&root_required=%21COMPUTE_STATUS_DISABLED => generated 2784 bytes in 53 msecs (HTTP/1.1 200) 8 headers in 297 bytes (1 switches on core 0)
2026-06-23 09:47:15.126 7 INFO placement.requestlog [req-e9cfb55e-60a8-4330-b3df-0b7e818ccfc3 req-8271f477-3cc2-4ee9-a145-da0279fc6f90 f068bd59906b4bfea8531720b0fe5c3f c8245c779d904589b87c4c3a368877f9 - - a153a0302e7c49ae9f38d10544e610cb a153a0302e7c49ae9f38d10544e610cb] 10.0.0.140 "GET /allocations/09e67d5a-796b-49d6-9eb1-ff343874f4c9" status: 200 len: 19 microversion: 1.28 [pid: 7|app: 0|req: 334/671] 10.0.0.140 () {34 vars in 861 bytes} [Tue Jun 23 09:47:15 2026] GET /allocations/09e67d5a-796b-49d6-9eb1-ff343874f4c9 => generated 19 bytes in 15 msecs (HTTP/1.1 200) 8 headers in 295 bytes (1 switches on core 0)
2026-06-23 09:47:15.212 8 INFO placement.requestlog [req-e9cfb55e-60a8-4330-b3df-0b7e818ccfc3 req-272adeab-43bb-49bb-addb-9d8552550109 f068bd59906b4bfea8531720b0fe5c3f c8245c779d904589b87c4c3a368877f9 - - a153a0302e7c49ae9f38d10544e610cb a153a0302e7c49ae9f38d10544e610cb] 10.0.0.140 "PUT /allocations/09e67d5a-796b-49d6-9eb1-ff343874f4c9" status: 204 len: 0 microversion: 1.36 [pid: 8|app: 0|req: 338/672] 10.0.0.140 () {38 vars in 914 bytes} [Tue Jun 23 09:47:15 2026] PUT /allocations/09e67d5a-796b-49d6-9eb1-ff343874f4c9 => generated 0 bytes in 77 msecs (HTTP/1.1 204) 5 headers in 199 bytes (1 switches on core 0)
2026-06-23 09:47:16.737 7 INFO placement.requestlog [req-e9cfb55e-60a8-4330-b3df-0b7e818ccfc3 req-6d3118c3-18e6-4e90-bef4-b8ac2ddc9f18 f068bd59906b4bfea8531720b0fe5c3f c8245c779d904589b87c4c3a368877f9 - - a153a0302e7c49ae9f38d10544e610cb a153a0302e7c49ae9f38d10544e610cb] 199.204.45.25 "GET /allocations/09e67d5a-796b-49d6-9eb1-ff343874f4c9" status: 200 len: 257 microversion: 1.28 [pid: 7|app: 0|req: 335/673] 199.204.45.25 () {34 vars in 862 bytes} [Tue Jun 23 09:47:16 2026] GET /allocations/09e67d5a-796b-49d6-9eb1-ff343874f4c9 => generated 257 bytes in 14 msecs (HTTP/1.1 200) 8 headers in 296 bytes (1 switches on core 0)
2026-06-23 09:47:17.778 8 INFO placement.requestlog [req-e9cfb55e-60a8-4330-b3df-0b7e818ccfc3 req-97b53922-c548-4da1-9b36-ee99c2b67f7b f068bd59906b4bfea8531720b0fe5c3f c8245c779d904589b87c4c3a368877f9 - - a153a0302e7c49ae9f38d10544e610cb a153a0302e7c49ae9f38d10544e610cb] 199.204.45.25 "GET /resource_providers/43063799-6656-4b38-8d57-1affc4fcd687/allocations" status: 200 len: 352 microversion: 1.0 [pid: 8|app: 0|req: 339/674] 199.204.45.25 () {32 vars in 856 bytes} [Tue Jun 23 09:47:17 2026] GET /resource_providers/43063799-6656-4b38-8d57-1affc4fcd687/allocations => generated 352 bytes in 20 msecs (HTTP/1.1 200) 6 headers in 224 bytes (1 switches on core 0)
2026-06-23 09:47:17.799 7 INFO placement.requestlog [req-e9cfb55e-60a8-4330-b3df-0b7e818ccfc3 req-052309b6-0bfb-4473-8173-704e92ac4986 f068bd59906b4bfea8531720b0fe5c3f c8245c779d904589b87c4c3a368877f9 - - a153a0302e7c49ae9f38d10544e610cb a153a0302e7c49ae9f38d10544e610cb] 199.204.45.25 "GET /allocations/015ea246-b9e6-48e3-aa92-590704f7fd6a" status: 200 len: 257 microversion: 1.28 [pid: 7|app: 0|req: 336/675] 199.204.45.25 () {34 vars in 862 bytes} [Tue Jun 23 09:47:17 2026] GET /allocations/015ea246-b9e6-48e3-aa92-590704f7fd6a => generated 257 bytes in 16 msecs (HTTP/1.1 200) 8 headers in 296 bytes (1 switches on core 0)
2026-06-23 09:47:17.816 8 INFO placement.requestlog [req-e9cfb55e-60a8-4330-b3df-0b7e818ccfc3 req-5273479d-9344-4a5c-8b33-787952532fd3 f068bd59906b4bfea8531720b0fe5c3f c8245c779d904589b87c4c3a368877f9 - - a153a0302e7c49ae9f38d10544e610cb a153a0302e7c49ae9f38d10544e610cb] 199.204.45.25 "GET /allocations/ff9af717-20a4-43c0-9562-6e45eb717669" status: 200 len: 257 microversion: 1.28 [pid: 8|app: 0|req: 340/676] 199.204.45.25 () {34 vars in 862 bytes} [Tue Jun 23 09:47:17 2026] GET /allocations/ff9af717-20a4-43c0-9562-6e45eb717669 => generated 257 bytes in 12 msecs (HTTP/1.1 200) 8 headers in 296 bytes (1 switches on core 0)
2026-06-23 09:47:17.836 7 INFO placement.requestlog [req-e9cfb55e-60a8-4330-b3df-0b7e818ccfc3 req-ebd73431-d8b1-4a85-9514-6fcff921445f f068bd59906b4bfea8531720b0fe5c3f c8245c779d904589b87c4c3a368877f9 - - a153a0302e7c49ae9f38d10544e610cb a153a0302e7c49ae9f38d10544e610cb] 199.204.45.25 "GET /allocations/09e67d5a-796b-49d6-9eb1-ff343874f4c9" status: 200 len: 257 microversion: 1.28 [pid: 7|app: 0|req: 337/677] 199.204.45.25 () {34 vars in 862 bytes} [Tue Jun 23 09:47:17 2026] GET /allocations/09e67d5a-796b-49d6-9eb1-ff343874f4c9 => generated 257 bytes in 15 msecs (HTTP/1.1 200) 8 headers in 296 bytes (1 switches on core 0)
2026-06-23 09:47:20.577 8 INFO placement.requestlog [None req-1749432e-32e4-4434-8e2a-6177d5e3e094 - - - - - -] 10.0.0.160 "GET /" status: 200 len: 136 microversion: 1.0
2026-06-23 09:47:20.577 7 INFO placement.requestlog [None req-c2a81465-069d-4650-98cc-49c390d59c00 - - - - - -] 10.0.0.160 "GET /" status: 200 len: 136 microversion: 1.0
2026-06-23 09:47:22.363 8 INFO placement.requestlog [req-02583f35-4366-4828-90b8-4731176e3e7d req-2a8cb4ca-4505-4db3-a37f-6fc36c04510b f068bd59906b4bfea8531720b0fe5c3f c8245c779d904589b87c4c3a368877f9 - - a153a0302e7c49ae9f38d10544e610cb a153a0302e7c49ae9f38d10544e610cb] 199.204.45.25 "GET /resource_providers/43063799-6656-4b38-8d57-1affc4fcd687/allocations" status: 200 len: 352 microversion: 1.0 [pid: 8|app: 0|req: 342/680] 199.204.45.25 () {32 vars in 856 bytes} [Tue Jun 23 09:47:22 2026] GET /resource_providers/43063799-6656-4b38-8d57-1affc4fcd687/allocations => generated 352 bytes in 15 msecs (HTTP/1.1 200) 6 headers in 224 bytes (1 switches on core 0)
2026-06-23 09:47:22.386 7 INFO placement.requestlog [req-02583f35-4366-4828-90b8-4731176e3e7d req-7a06e24a-b00d-4ede-8fbc-2b3de99908fc f068bd59906b4bfea8531720b0fe5c3f c8245c779d904589b87c4c3a368877f9 - - a153a0302e7c49ae9f38d10544e610cb a153a0302e7c49ae9f38d10544e610cb] 199.204.45.25 "GET /allocations/015ea246-b9e6-48e3-aa92-590704f7fd6a" status: 200 len: 257 microversion: 1.28 [pid: 7|app: 0|req: 339/681] 199.204.45.25 () {34 vars in 862 bytes} [Tue Jun 23 09:47:22 2026] GET /allocations/015ea246-b9e6-48e3-aa92-590704f7fd6a => generated 257 bytes in 15 msecs (HTTP/1.1 200) 8 headers in 296 bytes (1 switches on core 0)
2026-06-23 09:47:22.414 8 INFO placement.requestlog [req-02583f35-4366-4828-90b8-4731176e3e7d req-bb8dff44-8291-487c-9b1a-a9b18be52b8c f068bd59906b4bfea8531720b0fe5c3f c8245c779d904589b87c4c3a368877f9 - - a153a0302e7c49ae9f38d10544e610cb a153a0302e7c49ae9f38d10544e610cb] 199.204.45.25 "GET /allocations/ff9af717-20a4-43c0-9562-6e45eb717669" status: 200 len: 257 microversion: 1.28 [pid: 8|app: 0|req: 343/682] 199.204.45.25 () {34 vars in 862 bytes} [Tue Jun 23 09:47:22 2026] GET /allocations/ff9af717-20a4-43c0-9562-6e45eb717669 => generated 257 bytes in 21 msecs (HTTP/1.1 200) 8 headers in 296 bytes (1 switches on core 0)
2026-06-23 09:47:22.437 7 INFO placement.requestlog [req-02583f35-4366-4828-90b8-4731176e3e7d req-10f607e0-d73d-4cc7-8a3d-92cde8eafd04 f068bd59906b4bfea8531720b0fe5c3f c8245c779d904589b87c4c3a368877f9 - - a153a0302e7c49ae9f38d10544e610cb a153a0302e7c49ae9f38d10544e610cb] 199.204.45.25 "GET /allocations/09e67d5a-796b-49d6-9eb1-ff343874f4c9" status: 200 len: 257 microversion: 1.28 [pid: 7|app: 0|req: 340/683] 199.204.45.25 () {34 vars in 862 bytes} [Tue Jun 23 09:47:22 2026] GET /allocations/09e67d5a-796b-49d6-9eb1-ff343874f4c9 => generated 257 bytes in 13 msecs (HTTP/1.1 200) 8 headers in 296 bytes (1 switches on core 0)
2026-06-23 09:47:23.490 8 INFO placement.requestlog [req-02583f35-4366-4828-90b8-4731176e3e7d req-8dce6837-9796-4b04-85bc-0b8e8fe140f2 f068bd59906b4bfea8531720b0fe5c3f c8245c779d904589b87c4c3a368877f9 - - a153a0302e7c49ae9f38d10544e610cb a153a0302e7c49ae9f38d10544e610cb] 199.204.45.25 "DELETE /allocations/ff9af717-20a4-43c0-9562-6e45eb717669" status: 204 len: 0 microversion: 1.0 [pid: 8|app: 0|req: 344/684] 199.204.45.25 () {34 vars in 840 bytes} [Tue Jun 23 09:47:23 2026] DELETE /allocations/ff9af717-20a4-43c0-9562-6e45eb717669 => generated 0 bytes in 24 msecs (HTTP/1.1 204) 5 headers in 198 bytes (1 switches on core 0)
2026-06-23 09:47:27.770 8 INFO placement.requestlog [None req-e8cf7c11-6021-4cbf-9835-a642872d54d3 299dd71873874687af715106bdb5c288 c8245c779d904589b87c4c3a368877f9 - - a153a0302e7c49ae9f38d10544e610cb a153a0302e7c49ae9f38d10544e610cb] 10.0.0.32 "GET /resource_providers/34e8f7a1-d8db-4f8f-9cef-92099c97173d/aggregates" status: 404 len: 235 microversion: 1.1 [pid: 8|app: 0|req: 345/685] 10.0.0.32 () {32 vars in 815 bytes} [Tue Jun 23 09:47:27 2026] GET /resource_providers/34e8f7a1-d8db-4f8f-9cef-92099c97173d/aggregates => generated 235 bytes in 16 msecs (HTTP/1.1 404) 5 headers in 202 bytes (1 switches on core 0)
2026-06-23 09:47:27.776 7 INFO placement.requestlog [None req-164a6cf6-443d-4955-b52a-b45dfdbcbe5c 299dd71873874687af715106bdb5c288 c8245c779d904589b87c4c3a368877f9 - - a153a0302e7c49ae9f38d10544e610cb a153a0302e7c49ae9f38d10544e610cb] 10.0.0.32 "GET /resource_providers/34e8f7a1-d8db-4f8f-9cef-92099c97173d/aggregates" status: 404 len: 235 microversion: 1.1 [pid: 7|app: 0|req: 341/686] 10.0.0.32 () {32 vars in 815 bytes} [Tue Jun 23 09:47:27 2026] GET /resource_providers/34e8f7a1-d8db-4f8f-9cef-92099c97173d/aggregates => generated 235 bytes in 22 msecs (HTTP/1.1 404) 5 headers in 202 bytes (1 switches on core 0)
2026-06-23 09:47:27.791 8 INFO placement.requestlog [None req-fbc1a275-6e80-47ab-926b-629b1b90e60e 299dd71873874687af715106bdb5c288 c8245c779d904589b87c4c3a368877f9 - - a153a0302e7c49ae9f38d10544e610cb a153a0302e7c49ae9f38d10544e610cb] 10.0.0.32 "DELETE /resource_providers/34e8f7a1-d8db-4f8f-9cef-92099c97173d" status: 404 len: 246 microversion: 1.1 [pid: 8|app: 0|req: 346/687] 10.0.0.32 () {34 vars in 815 bytes} [Tue Jun 23 09:47:27 2026] DELETE /resource_providers/34e8f7a1-d8db-4f8f-9cef-92099c97173d => generated 246 bytes in 10 msecs (HTTP/1.1 404) 6 headers in 231 bytes (1 switches on core 0)
2026-06-23 09:47:27.798 7 INFO placement.requestlog [None req-a4deccf2-3926-4e7b-83e2-980a05ad3567 299dd71873874687af715106bdb5c288 c8245c779d904589b87c4c3a368877f9 - - a153a0302e7c49ae9f38d10544e610cb a153a0302e7c49ae9f38d10544e610cb] 10.0.0.32 "DELETE /resource_providers/34e8f7a1-d8db-4f8f-9cef-92099c97173d" status: 404 len: 246 microversion: 1.1 [pid: 7|app: 0|req: 342/688] 10.0.0.32 () {34 vars in 815 bytes} [Tue Jun 23 09:47:27 2026] DELETE /resource_providers/34e8f7a1-d8db-4f8f-9cef-92099c97173d => generated 246 bytes in 8 msecs (HTTP/1.1 404) 6 headers in 231 bytes (1 switches on core 0)
2026-06-23 09:47:30.577 8 INFO placement.requestlog [None req-7f6f3ba5-ffb9-43e4-80f8-cd0b63abf3fc - - - - - -] 10.0.0.160 "GET /" status: 200 len: 136 microversion: 1.0
2026-06-23 09:47:30.581 7 INFO placement.requestlog [None req-6065e4f0-5f3b-4df0-a022-2f3e0ef7dede - - - - - -] 10.0.0.160 "GET /" status: 200 len: 136 microversion: 1.0
2026-06-23 09:47:36.557 8 INFO placement.requestlog [None req-49b648b6-eb41-4572-8a58-069678410eb2 299dd71873874687af715106bdb5c288 c8245c779d904589b87c4c3a368877f9 - - a153a0302e7c49ae9f38d10544e610cb a153a0302e7c49ae9f38d10544e610cb] 10.0.0.32 "GET /resource_providers/c6320095-7122-4157-a505-14d14ab40286/aggregates" status: 404 len: 235 microversion: 1.1 [pid: 8|app: 0|req: 348/691] 10.0.0.32 () {32 vars in 815 bytes} [Tue Jun 23 09:47:36 2026] GET /resource_providers/c6320095-7122-4157-a505-14d14ab40286/aggregates => generated 235 bytes in 9 msecs (HTTP/1.1 404) 5 headers in 202 bytes (1 switches on core 0)
2026-06-23 09:47:36.567 7 INFO placement.requestlog [None req-f3b2577a-616f-4792-8828-bc7617b03bd2 299dd71873874687af715106bdb5c288 c8245c779d904589b87c4c3a368877f9 - - a153a0302e7c49ae9f38d10544e610cb a153a0302e7c49ae9f38d10544e610cb] 10.0.0.32 "GET /resource_providers/c6320095-7122-4157-a505-14d14ab40286/aggregates" status: 404 len: 235 microversion: 1.1 [pid: 7|app: 0|req: 344/692] 10.0.0.32 () {32 vars in 815 bytes} [Tue Jun 23 09:47:36 2026] GET /resource_providers/c6320095-7122-4157-a505-14d14ab40286/aggregates => generated 235 bytes in 11 msecs (HTTP/1.1 404) 5 headers in 202 bytes (1 switches on core 0)
2026-06-23 09:47:36.588 8 INFO placement.requestlog [None req-62a26f8f-e79b-42c4-b1e5-9e1125e9bd2d 299dd71873874687af715106bdb5c288 c8245c779d904589b87c4c3a368877f9 - - a153a0302e7c49ae9f38d10544e610cb a153a0302e7c49ae9f38d10544e610cb] 10.0.0.32 "DELETE /resource_providers/c6320095-7122-4157-a505-14d14ab40286" status: 404 len: 246 microversion: 1.1 [pid: 8|app: 0|req: 349/693] 10.0.0.32 () {34 vars in 815 bytes} [Tue Jun 23 09:47:36 2026] DELETE /resource_providers/c6320095-7122-4157-a505-14d14ab40286 => generated 246 bytes in 11 msecs (HTTP/1.1 404) 6 headers in 231 bytes (1 switches on core 0)
2026-06-23 09:47:36.592 7 INFO placement.requestlog [None req-7fc24641-d96a-42ca-8708-a0723498e023 299dd71873874687af715106bdb5c288 c8245c779d904589b87c4c3a368877f9 - - a153a0302e7c49ae9f38d10544e610cb a153a0302e7c49ae9f38d10544e610cb] 10.0.0.32 "DELETE /resource_providers/c6320095-7122-4157-a505-14d14ab40286" status: 404 len: 246 microversion: 1.1 [pid: 7|app: 0|req: 345/694] 10.0.0.32 () {34 vars in 815 bytes} [Tue Jun 23 09:47:36 2026] DELETE /resource_providers/c6320095-7122-4157-a505-14d14ab40286 => generated 246 bytes in 12 msecs (HTTP/1.1 404) 6 headers in 231 bytes (1 switches on core 0)
2026-06-23 09:47:37.593 8 INFO placement.requestlog [None req-94f96c77-4890-4c37-8154-2b5d4f387508 299dd71873874687af715106bdb5c288 c8245c779d904589b87c4c3a368877f9 - - a153a0302e7c49ae9f38d10544e610cb a153a0302e7c49ae9f38d10544e610cb] 10.0.0.32 "GET /resource_providers/58a2b2dd-01ba-4330-bb02-5c9a34e7d8a1/aggregates" status: 404 len: 235 microversion: 1.1 [pid: 8|app: 0|req: 350/695] 10.0.0.32 () {32 vars in 815 bytes} [Tue Jun 23 09:47:37 2026] GET /resource_providers/58a2b2dd-01ba-4330-bb02-5c9a34e7d8a1/aggregates => generated 235 bytes in 8 msecs (HTTP/1.1 404) 5 headers in 202 bytes (1 switches on core 0)
2026-06-23 09:47:37.602 7 INFO placement.requestlog [None req-e20bd3f0-310e-4711-83e2-7b113899ce73 299dd71873874687af715106bdb5c288 c8245c779d904589b87c4c3a368877f9 - - a153a0302e7c49ae9f38d10544e610cb a153a0302e7c49ae9f38d10544e610cb] 10.0.0.32 "GET /resource_providers/58a2b2dd-01ba-4330-bb02-5c9a34e7d8a1/aggregates" status: 404 len: 235 microversion: 1.1 [pid: 7|app: 0|req: 346/696] 10.0.0.32 () {32 vars in 815 bytes} [Tue Jun 23 09:47:37 2026] GET /resource_providers/58a2b2dd-01ba-4330-bb02-5c9a34e7d8a1/aggregates => generated 235 bytes in 15 msecs (HTTP/1.1 404) 5 headers in 202 bytes (1 switches on core 0)
2026-06-23 09:47:37.606 8 INFO placement.requestlog [None req-848809e1-1f31-48f5-94d6-ac28b40775db 299dd71873874687af715106bdb5c288 c8245c779d904589b87c4c3a368877f9 - - a153a0302e7c49ae9f38d10544e610cb a153a0302e7c49ae9f38d10544e610cb] 10.0.0.32 "DELETE /resource_providers/58a2b2dd-01ba-4330-bb02-5c9a34e7d8a1" status: 404 len: 246 microversion: 1.1 [pid: 8|app: 0|req: 351/697] 10.0.0.32 () {34 vars in 815 bytes} [Tue Jun 23 09:47:37 2026] DELETE /resource_providers/58a2b2dd-01ba-4330-bb02-5c9a34e7d8a1 => generated 246 bytes in 7 msecs (HTTP/1.1 404) 6 headers in 231 bytes (1 switches on core 0)
2026-06-23 09:47:37.637 7 INFO placement.requestlog [None req-54f910c1-4916-427d-b641-76d181c72f26 299dd71873874687af715106bdb5c288 c8245c779d904589b87c4c3a368877f9 - - a153a0302e7c49ae9f38d10544e610cb a153a0302e7c49ae9f38d10544e610cb] 10.0.0.32 "DELETE /resource_providers/58a2b2dd-01ba-4330-bb02-5c9a34e7d8a1" status: 404 len: 246 microversion: 1.1 [pid: 7|app: 0|req: 347/698] 10.0.0.32 () {34 vars in 815 bytes} [Tue Jun 23 09:47:37 2026] DELETE /resource_providers/58a2b2dd-01ba-4330-bb02-5c9a34e7d8a1 => generated 246 bytes in 13 msecs (HTTP/1.1 404) 6 headers in 231 bytes (1 switches on core 0)
2026-06-23 09:47:40.577 8 INFO placement.requestlog [None req-2fe41cc9-76fc-49ea-ae12-c08ac2369410 - - - - - -] 10.0.0.160 "GET /" status: 200 len: 136 microversion: 1.0
2026-06-23 09:47:40.578 7 INFO placement.requestlog [None req-68edd6b5-3562-4b4f-b3d0-3a64ae1626df - - - - - -] 10.0.0.160 "GET /" status: 200 len: 136 microversion: 1.0
2026-06-23 09:47:50.361 8 INFO placement.requestlog [None req-5e2f4b6c-f657-49d0-b71b-5c632d2882f9 299dd71873874687af715106bdb5c288 c8245c779d904589b87c4c3a368877f9 - - a153a0302e7c49ae9f38d10544e610cb a153a0302e7c49ae9f38d10544e610cb] 10.0.0.32 "GET /resource_providers/88eec536-6570-4e33-aa19-c5949ef582de/aggregates" status: 404 len: 235 microversion: 1.1
