2026-06-23 09:52:34.067 6 INFO neutron.api.v2.resource [None req-d716e605-5648-44dd-8ac9-02710c53e251 1bf81863d5b24df0881a38d3a5b5f874 51c3d58658ea4479a4cc2e2f539e590e - - default default] show failed (client error): The resource could not be found. [pid: 6|app: 0|req: 1485/2932] 10.0.0.240 () {32 vars in 759 bytes} [Tue Jun 23 09:52:34 2026] GET /v2.0/security-groups/271d7918-753e-4a25-ac01-0b62f1cc5a1f/tags/green => generated 99 bytes in 46 msecs (HTTP/1.1 404) 4 headers in 163 bytes (1 switches on core 0) [pid: 7|app: 0|req: 1448/2933] 10.0.0.240 () {32 vars in 758 bytes} [Tue Jun 23 09:52:34 2026] DELETE /v2.0/security-groups/271d7918-753e-4a25-ac01-0b62f1cc5a1f/tags/red => generated 0 bytes in 50 msecs (HTTP/1.1 204) 2 headers in 112 bytes (1 switches on core 0) [pid: 6|app: 0|req: 1486/2934] 10.0.0.240 () {32 vars in 747 bytes} [Tue Jun 23 09:52:34 2026] GET /v2.0/security-groups/271d7918-753e-4a25-ac01-0b62f1cc5a1f/tags => generated 30 bytes in 41 msecs (HTTP/1.1 200) 4 headers in 156 bytes (1 switches on core 0)
2026-06-23 09:52:34.217 7 INFO neutron.api.v2.resource [None req-8f4cfdc4-f78e-4c71-aade-a3001cddaec0 1bf81863d5b24df0881a38d3a5b5f874 51c3d58658ea4479a4cc2e2f539e590e - - default default] delete failed (client error): The resource could not be found. [pid: 7|app: 0|req: 1449/2935] 10.0.0.240 () {32 vars in 762 bytes} [Tue Jun 23 09:52:34 2026] DELETE /v2.0/security-groups/271d7918-753e-4a25-ac01-0b62f1cc5a1f/tags/green => generated 99 bytes in 41 msecs (HTTP/1.1 404) 4 headers in 163 bytes (1 switches on core 0) [pid: 6|app: 0|req: 1487/2936] 10.0.0.240 () {32 vars in 750 bytes} [Tue Jun 23 09:52:34 2026] DELETE /v2.0/security-groups/271d7918-753e-4a25-ac01-0b62f1cc5a1f/tags => generated 0 bytes in 52 msecs (HTTP/1.1 204) 2 headers in 112 bytes (1 switches on core 0) [pid: 7|app: 0|req: 1450/2937] 10.0.0.240 () {32 vars in 747 bytes} [Tue Jun 23 09:52:34 2026] GET /v2.0/security-groups/271d7918-753e-4a25-ac01-0b62f1cc5a1f/tags => generated 12 bytes in 36 msecs (HTTP/1.1 200) 4 headers in 156 bytes (1 switches on core 0) [pid: 6|app: 0|req: 1488/2940] 10.0.0.240 () {32 vars in 740 bytes} [Tue Jun 23 09:52:34 2026] DELETE /v2.0/security-groups/271d7918-753e-4a25-ac01-0b62f1cc5a1f => generated 0 bytes in 147 msecs (HTTP/1.1 204) 2 headers in 112 bytes (1 switches on core 0) [pid: 7|app: 0|req: 1453/2941] 10.0.0.240 () {32 vars in 774 bytes} [Tue Jun 23 09:52:35 2026] GET /v2.0/security-groups?tenant_id=51c3d58658ea4479a4cc2e2f539e590e&name=default => generated 2929 bytes in 120 msecs (HTTP/1.1 200) 4 headers in 158 bytes (1 switches on core 0) [pid: 6|app: 0|req: 1489/2942] 10.0.0.240 () {32 vars in 740 bytes} [Tue Jun 23 09:52:35 2026] DELETE /v2.0/security-groups/06847e12-b3ae-45e5-b0b1-c2ac4f6a0b35 => generated 0 bytes in 245 msecs (HTTP/1.1 204) 2 headers in 112 bytes (1 switches on core 0)
2026-06-23 09:52:35.765 7 INFO neutron.db.ovn_revision_numbers_db [None req-eaf95da5-127c-4fe9-a3b8-2558d725873d b3a6d2e8da5a4ad9907e278b40500e9a 89e5ee7c4fd04ebcafbcefd8c197568e - - default default] Successfully bumped revision number for resource 4eac830d-a599-411d-a1dd-a37c225c6273 (type: security_groups) to 1
2026-06-23 09:52:35.782 7 INFO neutron.db.ovn_revision_numbers_db [None req-eaf95da5-127c-4fe9-a3b8-2558d725873d b3a6d2e8da5a4ad9907e278b40500e9a 89e5ee7c4fd04ebcafbcefd8c197568e - - default default] Successfully bumped revision number for resource 1b82766c-0034-48b4-bbbf-5acbc10fe4ec (type: security_group_rules) to 0
2026-06-23 09:52:35.793 7 INFO neutron.db.ovn_revision_numbers_db [None req-eaf95da5-127c-4fe9-a3b8-2558d725873d b3a6d2e8da5a4ad9907e278b40500e9a 89e5ee7c4fd04ebcafbcefd8c197568e - - default default] Successfully bumped revision number for resource 502bde32-bcb1-497a-a884-494e1a0c092c (type: security_group_rules) to 0
2026-06-23 09:52:35.803 7 INFO neutron.db.ovn_revision_numbers_db [None req-eaf95da5-127c-4fe9-a3b8-2558d725873d b3a6d2e8da5a4ad9907e278b40500e9a 89e5ee7c4fd04ebcafbcefd8c197568e - - default default] Successfully bumped revision number for resource d7a94541-27fa-4b85-9b45-6fc21bef16f9 (type: security_group_rules) to 0
2026-06-23 09:52:35.813 7 INFO neutron.db.ovn_revision_numbers_db [None req-eaf95da5-127c-4fe9-a3b8-2558d725873d b3a6d2e8da5a4ad9907e278b40500e9a 89e5ee7c4fd04ebcafbcefd8c197568e - - default default] Successfully bumped revision number for resource ee785b41-d6b9-456b-8478-fb84ccc1f88e (type: security_group_rules) to 0 [pid: 7|app: 0|req: 1454/2943] 10.0.0.240 () {32 vars in 774 bytes} [Tue Jun 23 09:52:35 2026] GET /v2.0/security-groups?tenant_id=8ba2763f82aa4a4b8e4dcf74f6ed79ad&name=default => generated 2929 bytes in 230 msecs (HTTP/1.1 200) 4 headers in 158 bytes (1 switches on core 0) [pid: 6|app: 0|req: 1490/2944] 10.0.0.240 () {32 vars in 740 bytes} [Tue Jun 23 09:52:35 2026] DELETE /v2.0/security-groups/4eac830d-a599-411d-a1dd-a37c225c6273 => generated 0 bytes in 256 msecs (HTTP/1.1 204) 2 headers in 112 bytes (1 switches on core 0)
2026-06-23 09:52:39.671 7 INFO neutron.db.ovn_revision_numbers_db [None req-1e29577a-cbde-40dd-9046-b44ac26a30d0 a43d18525f1d497e8e8a0937fcf72e97 86fb12adce92418091f0a34c968a0ec3 - - default default] Successfully bumped revision number for resource 398f0eb4-5820-4914-b38d-3483fa0768b7 (type: security_groups) to 1
2026-06-23 09:52:39.686 7 INFO neutron.db.ovn_revision_numbers_db [None req-1e29577a-cbde-40dd-9046-b44ac26a30d0 a43d18525f1d497e8e8a0937fcf72e97 86fb12adce92418091f0a34c968a0ec3 - - default default] Successfully bumped revision number for resource 697de215-4a24-41a3-8863-efdd8bcca628 (type: security_group_rules) to 0
2026-06-23 09:52:39.697 7 INFO neutron.db.ovn_revision_numbers_db [None req-1e29577a-cbde-40dd-9046-b44ac26a30d0 a43d18525f1d497e8e8a0937fcf72e97 86fb12adce92418091f0a34c968a0ec3 - - default default] Successfully bumped revision number for resource 7666f301-8820-46f2-bca1-d670bfde8568 (type: security_group_rules) to 0
2026-06-23 09:52:39.716 7 INFO neutron.db.ovn_revision_numbers_db [None req-1e29577a-cbde-40dd-9046-b44ac26a30d0 a43d18525f1d497e8e8a0937fcf72e97 86fb12adce92418091f0a34c968a0ec3 - - default default] Successfully bumped revision number for resource b5486e33-641e-4e3e-9af8-b9a923696512 (type: security_group_rules) to 0
2026-06-23 09:52:39.732 7 INFO neutron.db.ovn_revision_numbers_db [None req-1e29577a-cbde-40dd-9046-b44ac26a30d0 a43d18525f1d497e8e8a0937fcf72e97 86fb12adce92418091f0a34c968a0ec3 - - default default] Successfully bumped revision number for resource f15b6103-4aa0-4dc3-ae27-e714fb9ff1e2 (type: security_group_rules) to 0
2026-06-23 09:52:39.814 7 INFO neutron.db.segments_db [None req-1e29577a-cbde-40dd-9046-b44ac26a30d0 a43d18525f1d497e8e8a0937fcf72e97 86fb12adce92418091f0a34c968a0ec3 - - default default] Added segment 079e3b96-d4c9-4584-838a-3e2b9582abbe of type geneve for network 1e36e157-00f5-47ac-8fd7-4015bbb26da0
2026-06-23 09:52:39.938 7 INFO neutron.db.ovn_revision_numbers_db [None req-1e29577a-cbde-40dd-9046-b44ac26a30d0 a43d18525f1d497e8e8a0937fcf72e97 86fb12adce92418091f0a34c968a0ec3 - - default default] Successfully bumped revision number for resource 1e36e157-00f5-47ac-8fd7-4015bbb26da0 (type: networks) to 1
2026-06-23 09:52:40.105 7 WARNING neutron.scheduler.dhcp_agent_scheduler [None req-1e29577a-cbde-40dd-9046-b44ac26a30d0 a43d18525f1d497e8e8a0937fcf72e97 86fb12adce92418091f0a34c968a0ec3 - - default default] No more DHCP agents
2026-06-23 09:52:40.106 7 WARNING neutron.api.rpc.agentnotifiers.dhcp_rpc_agent_api [None req-1e29577a-cbde-40dd-9046-b44ac26a30d0 a43d18525f1d497e8e8a0937fcf72e97 86fb12adce92418091f0a34c968a0ec3 - - default default] Unable to schedule network 1e36e157-00f5-47ac-8fd7-4015bbb26da0: no agents available; will retry on subsequent port and subnet creation events.
2026-06-23 09:52:40.166 7 INFO neutron.plugins.ml2.drivers.ovn.mech_driver.mech_driver [None req-b12f3394-81cd-414c-8eb9-20f796d1794e - - - - - -] OVN reports status down for port: d841ab8f-78fc-492c-b619-53d24519f56c
2026-06-23 09:52:40.234 7 INFO neutron.db.ovn_revision_numbers_db [None req-1e29577a-cbde-40dd-9046-b44ac26a30d0 a43d18525f1d497e8e8a0937fcf72e97 86fb12adce92418091f0a34c968a0ec3 - - default default] Successfully bumped revision number for resource d841ab8f-78fc-492c-b619-53d24519f56c (type: ports) to 1 [pid: 7|app: 0|req: 1455/2945] 10.0.0.240 () {34 vars in 670 bytes} [Tue Jun 23 09:52:39 2026] POST /v2.0/networks => generated 651 bytes in 913 msecs (HTTP/1.1 201) 4 headers in 162 bytes (1 switches on core 0)
2026-06-23 09:52:40.389 6 INFO neutron.db.segments_db [None req-ff08994c-751d-41f7-b3a2-cb9d7d5d4afe a43d18525f1d497e8e8a0937fcf72e97 86fb12adce92418091f0a34c968a0ec3 - - default default] Added segment f03b875a-2b51-4ac0-851c-11a7ad682c06 of type geneve for network 150a91a8-fc84-4c99-a197-c99db5cad7fd
2026-06-23 09:52:40.518 6 INFO neutron.db.ovn_revision_numbers_db [None req-ff08994c-751d-41f7-b3a2-cb9d7d5d4afe a43d18525f1d497e8e8a0937fcf72e97 86fb12adce92418091f0a34c968a0ec3 - - default default] Successfully bumped revision number for resource 150a91a8-fc84-4c99-a197-c99db5cad7fd (type: networks) to 1
2026-06-23 09:52:40.730 6 WARNING neutron.scheduler.dhcp_agent_scheduler [None req-ff08994c-751d-41f7-b3a2-cb9d7d5d4afe a43d18525f1d497e8e8a0937fcf72e97 86fb12adce92418091f0a34c968a0ec3 - - default default] No more DHCP agents
2026-06-23 09:52:40.731 6 WARNING neutron.api.rpc.agentnotifiers.dhcp_rpc_agent_api [None req-ff08994c-751d-41f7-b3a2-cb9d7d5d4afe a43d18525f1d497e8e8a0937fcf72e97 86fb12adce92418091f0a34c968a0ec3 - - default default] Unable to schedule network 150a91a8-fc84-4c99-a197-c99db5cad7fd: no agents available; will retry on subsequent port and subnet creation events.
2026-06-23 09:52:40.794 6 INFO neutron.plugins.ml2.drivers.ovn.mech_driver.mech_driver [None req-b523e887-538a-41eb-a329-bd89694d8cb2 - - - - - -] OVN reports status down for port: 0b1010a9-7c4a-4f9f-9085-94f4ecc2ba76
2026-06-23 09:52:40.850 6 INFO neutron.db.ovn_revision_numbers_db [None req-ff08994c-751d-41f7-b3a2-cb9d7d5d4afe a43d18525f1d497e8e8a0937fcf72e97 86fb12adce92418091f0a34c968a0ec3 - - default default] Successfully bumped revision number for resource 0b1010a9-7c4a-4f9f-9085-94f4ecc2ba76 (type: ports) to 1 [pid: 6|app: 0|req: 1491/2946] 10.0.0.240 () {34 vars in 670 bytes} [Tue Jun 23 09:52:40 2026] POST /v2.0/networks => generated 650 bytes in 599 msecs (HTTP/1.1 201) 4 headers in 162 bytes (1 switches on core 0) [pid: 7|app: 0|req: 1456/2947] 10.0.0.240 () {34 vars in 753 bytes} [Tue Jun 23 09:52:40 2026] PUT /v2.0/networks/1e36e157-00f5-47ac-8fd7-4015bbb26da0/tags => generated 25 bytes in 69 msecs (HTTP/1.1 200) 4 headers in 156 bytes (1 switches on core 0) [pid: 6|app: 0|req: 1492/2948] 10.0.0.240 () {32 vars in 733 bytes} [Tue Jun 23 09:52:40 2026] GET /v2.0/networks/1e36e157-00f5-47ac-8fd7-4015bbb26da0/tags => generated 25 bytes in 54 msecs (HTTP/1.1 200) 4 headers in 156 bytes (1 switches on core 0) [pid: 7|app: 0|req: 1457/2949] 10.0.0.240 () {34 vars in 753 bytes} [Tue Jun 23 09:52:41 2026] PUT /v2.0/networks/150a91a8-fc84-4c99-a197-c99db5cad7fd/tags => generated 17 bytes in 50 msecs (HTTP/1.1 200) 4 headers in 156 bytes (1 switches on core 0) [pid: 6|app: 0|req: 1493/2950] 10.0.0.240 () {32 vars in 733 bytes} [Tue Jun 23 09:52:41 2026] GET /v2.0/networks/150a91a8-fc84-4c99-a197-c99db5cad7fd/tags => generated 17 bytes in 48 msecs (HTTP/1.1 200) 4 headers in 156 bytes (1 switches on core 0) [pid: 7|app: 0|req: 1458/2951] 10.0.0.240 () {34 vars in 753 bytes} [Tue Jun 23 09:52:41 2026] PUT /v2.0/networks/150a91a8-fc84-4c99-a197-c99db5cad7fd/tags => generated 12 bytes in 65 msecs (HTTP/1.1 200) 4 headers in 156 bytes (1 switches on core 0) [pid: 6|app: 0|req: 1494/2952] 10.0.0.240 () {32 vars in 733 bytes} [Tue Jun 23 09:52:41 2026] GET /v2.0/networks/150a91a8-fc84-4c99-a197-c99db5cad7fd/tags => generated 12 bytes in 52 msecs (HTTP/1.1 200) 4 headers in 156 bytes (1 switches on core 0) [pid: 7|app: 0|req: 1459/2953] 10.0.0.240 () {32 vars in 733 bytes} [Tue Jun 23 09:52:41 2026] GET /v2.0/networks/1e36e157-00f5-47ac-8fd7-4015bbb26da0/tags => generated 25 bytes in 53 msecs (HTTP/1.1 200) 4 headers in 156 bytes (1 switches on core 0)
2026-06-23 09:52:41.454 6 INFO neutron_taas.services.taas.taas_plugin [None req-d763a0d5-eec6-4284-a354-7bf3e446b496 a43d18525f1d497e8e8a0937fcf72e97 86fb12adce92418091f0a34c968a0ec3 - - default default] TaaS: Handle Delete Port: d841ab8f-78fc-492c-b619-53d24519f56c
2026-06-23 09:52:41.457 6 INFO neutron_taas.services.taas.tap_mirror_plugin [None req-d763a0d5-eec6-4284-a354-7bf3e446b496 a43d18525f1d497e8e8a0937fcf72e97 86fb12adce92418091f0a34c968a0ec3 - - default default] Tap Mirror: Handle Delete Port: d841ab8f-78fc-492c-b619-53d24519f56c
2026-06-23 09:52:41.679 6 INFO neutron.services.segments.plugin [-] Segment 079e3b96-d4c9-4584-838a-3e2b9582abbe resource provider aggregate not found
2026-06-23 09:52:41.684 6 INFO neutron.services.segments.plugin [-] Segment 079e3b96-d4c9-4584-838a-3e2b9582abbe resource provider aggregate not found
2026-06-23 09:52:41.708 6 INFO neutron.services.segments.plugin [-] Segment 079e3b96-d4c9-4584-838a-3e2b9582abbe resource provider not found; error: Placement Client Error (4xx): {"errors": [{"status": 404, "title": "Not Found", "detail": "The resource could not be found.\n\n No resource provider with uuid 079e3b96-d4c9-4584-838a-3e2b9582abbe found for delete ", "request_id": "req-7e32297e-7c16-4931-9a22-471083dee65c"}]}
2026-06-23 09:52:41.709 6 INFO neutron.services.segments.plugin [-] Segment 079e3b96-d4c9-4584-838a-3e2b9582abbe resource provider not found; error: Placement Client Error (4xx): {"errors": [{"status": 404, "title": "Not Found", "detail": "The resource could not be found.\n\n No resource provider with uuid 079e3b96-d4c9-4584-838a-3e2b9582abbe found for delete ", "request_id": "req-c87bd510-b799-43fd-b0a4-025b1ee46a0d"}]} [pid: 6|app: 0|req: 1495/2954] 10.0.0.240 () {32 vars in 726 bytes} [Tue Jun 23 09:52:41 2026] DELETE /v2.0/networks/1e36e157-00f5-47ac-8fd7-4015bbb26da0 => generated 0 bytes in 412 msecs (HTTP/1.1 204) 3 headers in 131 bytes (1 switches on core 0)
2026-06-23 09:52:41.915 7 INFO neutron_taas.services.taas.taas_plugin [None req-a3a02e2f-c643-49dd-a54d-82cc3581da70 a43d18525f1d497e8e8a0937fcf72e97 86fb12adce92418091f0a34c968a0ec3 - - default default] TaaS: Handle Delete Port: 0b1010a9-7c4a-4f9f-9085-94f4ecc2ba76
2026-06-23 09:52:41.918 7 INFO neutron_taas.services.taas.tap_mirror_plugin [None req-a3a02e2f-c643-49dd-a54d-82cc3581da70 a43d18525f1d497e8e8a0937fcf72e97 86fb12adce92418091f0a34c968a0ec3 - - default default] Tap Mirror: Handle Delete Port: 0b1010a9-7c4a-4f9f-9085-94f4ecc2ba76
2026-06-23 09:52:42.121 7 INFO neutron.services.segments.plugin [-] Segment f03b875a-2b51-4ac0-851c-11a7ad682c06 resource provider aggregate not found
2026-06-23 09:52:42.129 7 INFO neutron.services.segments.plugin [-] Segment f03b875a-2b51-4ac0-851c-11a7ad682c06 resource provider aggregate not found
2026-06-23 09:52:42.147 7 INFO neutron.services.segments.plugin [-] Segment f03b875a-2b51-4ac0-851c-11a7ad682c06 resource provider not found; error: Placement Client Error (4xx): {"errors": [{"status": 404, "title": "Not Found", "detail": "The resource could not be found.\n\n No resource provider with uuid f03b875a-2b51-4ac0-851c-11a7ad682c06 found for delete ", "request_id": "req-5e0dae08-4d8f-4fa2-906c-ac143a40e415"}]}
2026-06-23 09:52:42.153 7 INFO neutron.services.segments.plugin [-] Segment f03b875a-2b51-4ac0-851c-11a7ad682c06 resource provider not found; error: Placement Client Error (4xx): {"errors": [{"status": 404, "title": "Not Found", "detail": "The resource could not be found.\n\n No resource provider with uuid f03b875a-2b51-4ac0-851c-11a7ad682c06 found for delete ", "request_id": "req-5ab3813e-e334-47f4-86ce-518852ca30e8"}]} [pid: 7|app: 0|req: 1460/2955] 10.0.0.240 () {32 vars in 726 bytes} [Tue Jun 23 09:52:41 2026] DELETE /v2.0/networks/150a91a8-fc84-4c99-a197-c99db5cad7fd => generated 0 bytes in 417 msecs (HTTP/1.1 204) 3 headers in 131 bytes (1 switches on core 0)
2026-06-23 09:52:43.085 6 INFO neutron.db.ovn_revision_numbers_db [None req-99f026c8-ec70-4322-9aae-f56faec19b04 b3a6d2e8da5a4ad9907e278b40500e9a 89e5ee7c4fd04ebcafbcefd8c197568e - - default default] Successfully bumped revision number for resource 0b6646c7-2227-412b-a811-00f9a381ab12 (type: security_groups) to 1
2026-06-23 09:52:43.098 6 INFO neutron.db.ovn_revision_numbers_db [None req-99f026c8-ec70-4322-9aae-f56faec19b04 b3a6d2e8da5a4ad9907e278b40500e9a 89e5ee7c4fd04ebcafbcefd8c197568e - - default default] Successfully bumped revision number for resource 343bd5ee-ae7b-4730-95a8-be0785e8cd22 (type: security_group_rules) to 0
2026-06-23 09:52:43.110 6 INFO neutron.db.ovn_revision_numbers_db [None req-99f026c8-ec70-4322-9aae-f56faec19b04 b3a6d2e8da5a4ad9907e278b40500e9a 89e5ee7c4fd04ebcafbcefd8c197568e - - default default] Successfully bumped revision number for resource 36377096-be20-40d5-841a-b17ddc45dcbf (type: security_group_rules) to 0
2026-06-23 09:52:43.121 6 INFO neutron.db.ovn_revision_numbers_db [None req-99f026c8-ec70-4322-9aae-f56faec19b04 b3a6d2e8da5a4ad9907e278b40500e9a 89e5ee7c4fd04ebcafbcefd8c197568e - - default default] Successfully bumped revision number for resource 4f02ef40-1141-4224-af46-4c62a60a3ee8 (type: security_group_rules) to 0
2026-06-23 09:52:43.132 6 INFO neutron.db.ovn_revision_numbers_db [None req-99f026c8-ec70-4322-9aae-f56faec19b04 b3a6d2e8da5a4ad9907e278b40500e9a 89e5ee7c4fd04ebcafbcefd8c197568e - - default default] Successfully bumped revision number for resource f4f30a2d-34f5-4599-8521-c453a87d7f44 (type: security_group_rules) to 0 [pid: 6|app: 0|req: 1496/2956] 10.0.0.240 () {32 vars in 774 bytes} [Tue Jun 23 09:52:42 2026] GET /v2.0/security-groups?tenant_id=aaea1431a379459a8979581d0fca6cf9&name=default => generated 2929 bytes in 348 msecs (HTTP/1.1 200) 4 headers in 158 bytes (1 switches on core 0) [pid: 7|app: 0|req: 1461/2957] 10.0.0.240 () {32 vars in 740 bytes} [Tue Jun 23 09:52:43 2026] DELETE /v2.0/security-groups/0b6646c7-2227-412b-a811-00f9a381ab12 => generated 0 bytes in 218 msecs (HTTP/1.1 204) 2 headers in 112 bytes (1 switches on core 0) [pid: 6|app: 0|req: 1497/2958] 10.0.0.240 () {32 vars in 774 bytes} [Tue Jun 23 09:52:43 2026] GET /v2.0/security-groups?tenant_id=86fb12adce92418091f0a34c968a0ec3&name=default => generated 2929 bytes in 32 msecs (HTTP/1.1 200) 4 headers in 158 bytes (1 switches on core 0) [pid: 7|app: 0|req: 1462/2959] 10.0.0.240 () {32 vars in 740 bytes} [Tue Jun 23 09:52:43 2026] DELETE /v2.0/security-groups/398f0eb4-5820-4914-b38d-3483fa0768b7 => generated 0 bytes in 297 msecs (HTTP/1.1 204) 2 headers in 112 bytes (1 switches on core 0)
2026-06-23 09:52:53.083 7 INFO neutron.db.ovn_revision_numbers_db [None req-0e0e8b06-a337-4c8c-82fa-6733b472acec 676b0b844c0b4f4bb1d3ccc8b85adc95 5ef967fe4cfd429b8f7d858de76f5959 - - default default] Successfully bumped revision number for resource 4e52c6ba-ac1a-422c-bb5f-2ab971be0532 (type: security_groups) to 1
2026-06-23 09:52:53.095 7 INFO neutron.db.ovn_revision_numbers_db [None req-0e0e8b06-a337-4c8c-82fa-6733b472acec 676b0b844c0b4f4bb1d3ccc8b85adc95 5ef967fe4cfd429b8f7d858de76f5959 - - default default] Successfully bumped revision number for resource 0d7202c4-0349-4d2c-9702-34e01613471c (type: security_group_rules) to 0
2026-06-23 09:52:53.107 7 INFO neutron.db.ovn_revision_numbers_db [None req-0e0e8b06-a337-4c8c-82fa-6733b472acec 676b0b844c0b4f4bb1d3ccc8b85adc95 5ef967fe4cfd429b8f7d858de76f5959 - - default default] Successfully bumped revision number for resource 3097e0b0-fd6b-4b09-a00c-b5de0a9be19e (type: security_group_rules) to 0
2026-06-23 09:52:53.117 7 INFO neutron.db.ovn_revision_numbers_db [None req-0e0e8b06-a337-4c8c-82fa-6733b472acec 676b0b844c0b4f4bb1d3ccc8b85adc95 5ef967fe4cfd429b8f7d858de76f5959 - - default default] Successfully bumped revision number for resource 5031f442-145f-427b-a617-f41aae28152e (type: security_group_rules) to 0
2026-06-23 09:52:53.130 7 INFO neutron.db.ovn_revision_numbers_db [None req-0e0e8b06-a337-4c8c-82fa-6733b472acec 676b0b844c0b4f4bb1d3ccc8b85adc95 5ef967fe4cfd429b8f7d858de76f5959 - - default default] Successfully bumped revision number for resource a43e717c-4d13-4e7b-b41d-8b3c21af44b5 (type: security_group_rules) to 0
2026-06-23 09:52:53.215 7 INFO neutron.db.segments_db [None req-0e0e8b06-a337-4c8c-82fa-6733b472acec 676b0b844c0b4f4bb1d3ccc8b85adc95 5ef967fe4cfd429b8f7d858de76f5959 - - default default] Added segment 6c044093-ce61-4b5d-8cbe-3aadfba0456e of type geneve for network acdc325f-8dac-4f00-97c4-8607cd580559
2026-06-23 09:52:53.338 7 INFO neutron.db.ovn_revision_numbers_db [None req-0e0e8b06-a337-4c8c-82fa-6733b472acec 676b0b844c0b4f4bb1d3ccc8b85adc95 5ef967fe4cfd429b8f7d858de76f5959 - - default default] Successfully bumped revision number for resource acdc325f-8dac-4f00-97c4-8607cd580559 (type: networks) to 1
2026-06-23 09:52:53.502 7 WARNING neutron.scheduler.dhcp_agent_scheduler [None req-0e0e8b06-a337-4c8c-82fa-6733b472acec 676b0b844c0b4f4bb1d3ccc8b85adc95 5ef967fe4cfd429b8f7d858de76f5959 - - default default] No more DHCP agents
2026-06-23 09:52:53.504 7 WARNING neutron.api.rpc.agentnotifiers.dhcp_rpc_agent_api [None req-0e0e8b06-a337-4c8c-82fa-6733b472acec 676b0b844c0b4f4bb1d3ccc8b85adc95 5ef967fe4cfd429b8f7d858de76f5959 - - default default] Unable to schedule network acdc325f-8dac-4f00-97c4-8607cd580559: no agents available; will retry on subsequent port and subnet creation events.
2026-06-23 09:52:53.566 6 INFO neutron.plugins.ml2.drivers.ovn.mech_driver.mech_driver [None req-b523e887-538a-41eb-a329-bd89694d8cb2 - - - - - -] OVN reports status down for port: 7e4f2c55-19d7-4c3f-805f-ed29b4b88c92
2026-06-23 09:52:53.607 7 INFO neutron.db.ovn_revision_numbers_db [None req-0e0e8b06-a337-4c8c-82fa-6733b472acec 676b0b844c0b4f4bb1d3ccc8b85adc95 5ef967fe4cfd429b8f7d858de76f5959 - - default default] Successfully bumped revision number for resource 7e4f2c55-19d7-4c3f-805f-ed29b4b88c92 (type: ports) to 1 [pid: 7|app: 0|req: 1464/2962] 10.0.0.240 () {34 vars in 670 bytes} [Tue Jun 23 09:52:52 2026] POST /v2.0/networks => generated 659 bytes in 869 msecs (HTTP/1.1 201) 4 headers in 162 bytes (1 switches on core 0)
2026-06-23 09:52:53.865 6 WARNING neutron.scheduler.dhcp_agent_scheduler [None req-e304f964-6946-4d04-831d-80201e7251a1 676b0b844c0b4f4bb1d3ccc8b85adc95 5ef967fe4cfd429b8f7d858de76f5959 - - default default] No more DHCP agents
2026-06-23 09:52:53.866 6 WARNING neutron.api.rpc.agentnotifiers.dhcp_rpc_agent_api [None req-e304f964-6946-4d04-831d-80201e7251a1 676b0b844c0b4f4bb1d3ccc8b85adc95 5ef967fe4cfd429b8f7d858de76f5959 - - default default] Unable to schedule network acdc325f-8dac-4f00-97c4-8607cd580559: no agents available; will retry on subsequent port and subnet creation events.
2026-06-23 09:52:54.242 6 INFO neutron.db.ovn_revision_numbers_db [None req-29fc35b2-d881-4704-947a-6bce27443558 - - - - - -] Successfully bumped revision number for resource 7e4f2c55-19d7-4c3f-805f-ed29b4b88c92 (type: ports) to 2
2026-06-23 09:52:54.269 6 INFO neutron.db.ovn_revision_numbers_db [None req-29fc35b2-d881-4704-947a-6bce27443558 - - - - - -] Successfully bumped revision number for resource bfacfacd-c12e-4ded-a2ff-5cef437a7944 (type: subnets) to 0 [pid: 6|app: 0|req: 1499/2963] 10.0.0.240 () {34 vars in 669 bytes} [Tue Jun 23 09:52:53 2026] POST /v2.0/subnets => generated 658 bytes in 619 msecs (HTTP/1.1 201) 4 headers in 162 bytes (1 switches on core 0) [pid: 7|app: 0|req: 1465/2964] 10.0.0.240 () {32 vars in 722 bytes} [Tue Jun 23 09:52:54 2026] GET /v2.0/subnetpools?name=shared-default-subnetpool-v6 => generated 19 bytes in 37 msecs (HTTP/1.1 200) 4 headers in 156 bytes (1 switches on core 0)
2026-06-23 09:52:54.532 6 WARNING neutron.scheduler.dhcp_agent_scheduler [None req-17a3d48f-29b1-4e1e-bdd8-4d4bd6d280e8 676b0b844c0b4f4bb1d3ccc8b85adc95 5ef967fe4cfd429b8f7d858de76f5959 - - default default] No more DHCP agents
2026-06-23 09:52:54.533 6 WARNING neutron.api.rpc.agentnotifiers.dhcp_rpc_agent_api [None req-17a3d48f-29b1-4e1e-bdd8-4d4bd6d280e8 676b0b844c0b4f4bb1d3ccc8b85adc95 5ef967fe4cfd429b8f7d858de76f5959 - - default default] Unable to schedule network acdc325f-8dac-4f00-97c4-8607cd580559: no agents available; will retry on subsequent port and subnet creation events.
2026-06-23 09:52:54.566 6 INFO neutron.db.ovn_revision_numbers_db [None req-17a3d48f-29b1-4e1e-bdd8-4d4bd6d280e8 676b0b844c0b4f4bb1d3ccc8b85adc95 5ef967fe4cfd429b8f7d858de76f5959 - - default default] Successfully bumped revision number for resource f9761b26-3b36-4307-b20a-9b5f68045e6a (type: subnets) to 0 [pid: 6|app: 0|req: 1500/2965] 10.0.0.240 () {34 vars in 669 bytes} [Tue Jun 23 09:52:54 2026] POST /v2.0/subnets => generated 732 bytes in 261 msecs (HTTP/1.1 201) 4 headers in 162 bytes (1 switches on core 0)
2026-06-23 09:52:54.708 7 INFO neutron.db.segments_db [None req-6437a5f9-8a73-4336-9c7f-0d127282989c 676b0b844c0b4f4bb1d3ccc8b85adc95 5ef967fe4cfd429b8f7d858de76f5959 - - default default] Added segment b6db3a82-ff21-496d-8a60-c09875a4b8ab of type geneve for network 2a3fcd89-d300-45eb-8ded-2f2070d8113b
2026-06-23 09:52:54.824 7 INFO neutron.db.ovn_revision_numbers_db [None req-6437a5f9-8a73-4336-9c7f-0d127282989c 676b0b844c0b4f4bb1d3ccc8b85adc95 5ef967fe4cfd429b8f7d858de76f5959 - - default default] Successfully bumped revision number for resource 2a3fcd89-d300-45eb-8ded-2f2070d8113b (type: networks) to 1
2026-06-23 09:52:54.993 7 WARNING neutron.scheduler.dhcp_agent_scheduler [None req-6437a5f9-8a73-4336-9c7f-0d127282989c 676b0b844c0b4f4bb1d3ccc8b85adc95 5ef967fe4cfd429b8f7d858de76f5959 - - default default] No more DHCP agents
2026-06-23 09:52:54.994 7 WARNING neutron.api.rpc.agentnotifiers.dhcp_rpc_agent_api [None req-6437a5f9-8a73-4336-9c7f-0d127282989c 676b0b844c0b4f4bb1d3ccc8b85adc95 5ef967fe4cfd429b8f7d858de76f5959 - - default default] Unable to schedule network 2a3fcd89-d300-45eb-8ded-2f2070d8113b: no agents available; will retry on subsequent port and subnet creation events.
2026-06-23 09:52:55.057 6 INFO neutron.plugins.ml2.drivers.ovn.mech_driver.mech_driver [None req-b523e887-538a-41eb-a329-bd89694d8cb2 - - - - - -] OVN reports status down for port: efb5db1d-4431-471d-9dd8-849ae3ffdcdf
2026-06-23 09:52:55.090 7 INFO neutron.db.ovn_revision_numbers_db [None req-6437a5f9-8a73-4336-9c7f-0d127282989c 676b0b844c0b4f4bb1d3ccc8b85adc95 5ef967fe4cfd429b8f7d858de76f5959 - - default default] Successfully bumped revision number for resource efb5db1d-4431-471d-9dd8-849ae3ffdcdf (type: ports) to 1 [pid: 7|app: 0|req: 1466/2966] 10.0.0.240 () {34 vars in 670 bytes} [Tue Jun 23 09:52:54 2026] POST /v2.0/networks => generated 657 bytes in 517 msecs (HTTP/1.1 201) 4 headers in 162 bytes (1 switches on core 0)
2026-06-23 09:52:55.328 6 WARNING neutron.scheduler.dhcp_agent_scheduler [None req-c0fd5cbb-5575-46c3-90a5-b3c5ca2a7621 676b0b844c0b4f4bb1d3ccc8b85adc95 5ef967fe4cfd429b8f7d858de76f5959 - - default default] No more DHCP agents
2026-06-23 09:52:55.329 6 WARNING neutron.api.rpc.agentnotifiers.dhcp_rpc_agent_api [None req-c0fd5cbb-5575-46c3-90a5-b3c5ca2a7621 676b0b844c0b4f4bb1d3ccc8b85adc95 5ef967fe4cfd429b8f7d858de76f5959 - - default default] Unable to schedule network 2a3fcd89-d300-45eb-8ded-2f2070d8113b: no agents available; will retry on subsequent port and subnet creation events.
2026-06-23 09:52:55.825 6 INFO neutron.db.ovn_revision_numbers_db [None req-36b42cbb-9b85-4fa1-885a-0d5cb00caa6c - - - - - -] Successfully bumped revision number for resource efb5db1d-4431-471d-9dd8-849ae3ffdcdf (type: ports) to 2
2026-06-23 09:52:55.856 6 INFO neutron.db.ovn_revision_numbers_db [None req-36b42cbb-9b85-4fa1-885a-0d5cb00caa6c - - - - - -] Successfully bumped revision number for resource ab42cda3-2c75-4add-8c24-2e6e263b5ba2 (type: subnets) to 0 [pid: 6|app: 0|req: 1501/2967] 10.0.0.240 () {34 vars in 669 bytes} [Tue Jun 23 09:52:55 2026] POST /v2.0/subnets => generated 656 bytes in 754 msecs (HTTP/1.1 201) 4 headers in 162 bytes (1 switches on core 0)
2026-06-23 09:52:56.156 7 WARNING neutron.scheduler.dhcp_agent_scheduler [None req-4ce56242-5715-4b5f-9f1d-8d813876fa09 676b0b844c0b4f4bb1d3ccc8b85adc95 5ef967fe4cfd429b8f7d858de76f5959 - - default default] No more DHCP agents
2026-06-23 09:52:56.157 7 WARNING neutron.api.rpc.agentnotifiers.dhcp_rpc_agent_api [None req-4ce56242-5715-4b5f-9f1d-8d813876fa09 676b0b844c0b4f4bb1d3ccc8b85adc95 5ef967fe4cfd429b8f7d858de76f5959 - - default default] Unable to schedule network 2a3fcd89-d300-45eb-8ded-2f2070d8113b: no agents available; will retry on subsequent port and subnet creation events.
2026-06-23 09:52:56.188 7 INFO neutron.db.ovn_revision_numbers_db [None req-4ce56242-5715-4b5f-9f1d-8d813876fa09 676b0b844c0b4f4bb1d3ccc8b85adc95 5ef967fe4cfd429b8f7d858de76f5959 - - default default] Successfully bumped revision number for resource 11574a87-7077-478b-a130-e18916fa014c (type: subnets) to 0 [pid: 7|app: 0|req: 1467/2968] 10.0.0.240 () {34 vars in 669 bytes} [Tue Jun 23 09:52:55 2026] POST /v2.0/subnets => generated 725 bytes in 327 msecs (HTTP/1.1 201) 4 headers in 162 bytes (1 switches on core 0)
2026-06-23 09:52:56.298 6 INFO neutron.db.segments_db [None req-9ce17140-824b-40e2-af28-0c4ae2fd4a0b 676b0b844c0b4f4bb1d3ccc8b85adc95 5ef967fe4cfd429b8f7d858de76f5959 - - default default] Added segment 0f0ba4fc-6496-405e-b902-3874144f157c of type geneve for network 8e0d5dd2-17bc-4618-85bf-a7b4294b9c30
2026-06-23 09:52:56.418 6 INFO neutron.db.ovn_revision_numbers_db [None req-9ce17140-824b-40e2-af28-0c4ae2fd4a0b 676b0b844c0b4f4bb1d3ccc8b85adc95 5ef967fe4cfd429b8f7d858de76f5959 - - default default] Successfully bumped revision number for resource 8e0d5dd2-17bc-4618-85bf-a7b4294b9c30 (type: networks) to 1
2026-06-23 09:52:56.602 6 WARNING neutron.scheduler.dhcp_agent_scheduler [None req-9ce17140-824b-40e2-af28-0c4ae2fd4a0b 676b0b844c0b4f4bb1d3ccc8b85adc95 5ef967fe4cfd429b8f7d858de76f5959 - - default default] No more DHCP agents
2026-06-23 09:52:56.603 6 WARNING neutron.api.rpc.agentnotifiers.dhcp_rpc_agent_api [None req-9ce17140-824b-40e2-af28-0c4ae2fd4a0b 676b0b844c0b4f4bb1d3ccc8b85adc95 5ef967fe4cfd429b8f7d858de76f5959 - - default default] Unable to schedule network 8e0d5dd2-17bc-4618-85bf-a7b4294b9c30: no agents available; will retry on subsequent port and subnet creation events.
2026-06-23 09:52:56.683 6 INFO neutron.plugins.ml2.drivers.ovn.mech_driver.mech_driver [None req-b523e887-538a-41eb-a329-bd89694d8cb2 - - - - - -] OVN reports status down for port: d48e19dd-dcbd-4f4f-b09f-821988e05cb7
2026-06-23 09:52:56.754 6 INFO neutron.db.ovn_revision_numbers_db [None req-9ce17140-824b-40e2-af28-0c4ae2fd4a0b 676b0b844c0b4f4bb1d3ccc8b85adc95 5ef967fe4cfd429b8f7d858de76f5959 - - default default] Successfully bumped revision number for resource d48e19dd-dcbd-4f4f-b09f-821988e05cb7 (type: ports) to 1 [pid: 6|app: 0|req: 1502/2969] 10.0.0.240 () {34 vars in 670 bytes} [Tue Jun 23 09:52:56 2026] POST /v2.0/networks => generated 655 bytes in 590 msecs (HTTP/1.1 201) 4 headers in 162 bytes (1 switches on core 0)
2026-06-23 09:52:57.007 7 WARNING neutron.scheduler.dhcp_agent_scheduler [None req-7b05e9d4-d518-4703-80a4-e8dcf725d33d 676b0b844c0b4f4bb1d3ccc8b85adc95 5ef967fe4cfd429b8f7d858de76f5959 - - default default] No more DHCP agents
2026-06-23 09:52:57.008 7 WARNING neutron.api.rpc.agentnotifiers.dhcp_rpc_agent_api [None req-7b05e9d4-d518-4703-80a4-e8dcf725d33d 676b0b844c0b4f4bb1d3ccc8b85adc95 5ef967fe4cfd429b8f7d858de76f5959 - - default default] Unable to schedule network 8e0d5dd2-17bc-4618-85bf-a7b4294b9c30: no agents available; will retry on subsequent port and subnet creation events.
2026-06-23 09:52:57.483 7 INFO neutron.db.ovn_revision_numbers_db [None req-fd8e0f76-e793-4e16-9b8b-84a4cced749b - - - - - -] Successfully bumped revision number for resource d48e19dd-dcbd-4f4f-b09f-821988e05cb7 (type: ports) to 2
2026-06-23 09:52:57.521 7 INFO neutron.db.ovn_revision_numbers_db [None req-fd8e0f76-e793-4e16-9b8b-84a4cced749b - - - - - -] Successfully bumped revision number for resource 9d313100-51f8-4a8e-9f3a-9c7a3f9ad61a (type: subnets) to 0 [pid: 7|app: 0|req: 1468/2970] 10.0.0.240 () {34 vars in 669 bytes} [Tue Jun 23 09:52:56 2026] POST /v2.0/subnets => generated 656 bytes in 732 msecs (HTTP/1.1 201) 4 headers in 162 bytes (1 switches on core 0)
2026-06-23 09:52:57.809 6 WARNING neutron.scheduler.dhcp_agent_scheduler [None req-2eff8036-593f-42e7-b9ae-66d119bf2d40 676b0b844c0b4f4bb1d3ccc8b85adc95 5ef967fe4cfd429b8f7d858de76f5959 - - default default] No more DHCP agents
2026-06-23 09:52:57.810 6 WARNING neutron.api.rpc.agentnotifiers.dhcp_rpc_agent_api [None req-2eff8036-593f-42e7-b9ae-66d119bf2d40 676b0b844c0b4f4bb1d3ccc8b85adc95 5ef967fe4cfd429b8f7d858de76f5959 - - default default] Unable to schedule network 8e0d5dd2-17bc-4618-85bf-a7b4294b9c30: no agents available; will retry on subsequent port and subnet creation events.
2026-06-23 09:52:57.836 6 INFO neutron.db.ovn_revision_numbers_db [None req-2eff8036-593f-42e7-b9ae-66d119bf2d40 676b0b844c0b4f4bb1d3ccc8b85adc95 5ef967fe4cfd429b8f7d858de76f5959 - - default default] Successfully bumped revision number for resource a915dedd-7a3a-4d7c-adc2-71366c8ce672 (type: subnets) to 0 [pid: 6|app: 0|req: 1503/2971] 10.0.0.240 () {34 vars in 669 bytes} [Tue Jun 23 09:52:57 2026] POST /v2.0/subnets => generated 730 bytes in 311 msecs (HTTP/1.1 201) 4 headers in 162 bytes (1 switches on core 0)
2026-06-23 09:52:58.263 7 WARNING neutron.scheduler.dhcp_agent_scheduler [None req-9d9951ad-8c9e-4ea6-8e77-633840366dc5 676b0b844c0b4f4bb1d3ccc8b85adc95 5ef967fe4cfd429b8f7d858de76f5959 - - default default] No more DHCP agents
2026-06-23 09:52:58.264 7 WARNING neutron.api.rpc.agentnotifiers.dhcp_rpc_agent_api [None req-9d9951ad-8c9e-4ea6-8e77-633840366dc5 676b0b844c0b4f4bb1d3ccc8b85adc95 5ef967fe4cfd429b8f7d858de76f5959 - - default default] Unable to schedule network d438b23b-26ba-4752-b6a5-8d73748f3dbd: no agents available; will retry on subsequent port and subnet creation events.
2026-06-23 09:52:58.368 7 INFO neutron.plugins.ml2.drivers.ovn.mech_driver.mech_driver [None req-b12f3394-81cd-414c-8eb9-20f796d1794e - - - - - -] OVN reports status down for port: c2858aa5-37c7-47a6-90d2-01691ee5d640
2026-06-23 09:52:58.426 7 INFO neutron.db.ovn_revision_numbers_db [None req-9d9951ad-8c9e-4ea6-8e77-633840366dc5 676b0b844c0b4f4bb1d3ccc8b85adc95 5ef967fe4cfd429b8f7d858de76f5959 - - default default] Successfully bumped revision number for resource c2858aa5-37c7-47a6-90d2-01691ee5d640 (type: ports) to 1
2026-06-23 09:52:59.140 7 INFO neutron.plugins.ml2.drivers.ovn.mech_driver.ovsdb.commands [None req-82753b47-7c7e-4d9f-8be7-a94b3696a680 - - - - - -] Schedule LRP lrp-c2858aa5-37c7-47a6-90d2-01691ee5d640 on gateway 8302a191-22ae-4387-a357-ea8546f8309f with priority 1
2026-06-23 09:52:59.185 7 INFO neutron.plugins.ml2.drivers.ovn.mech_driver.mech_driver [None req-b12f3394-81cd-414c-8eb9-20f796d1794e - - - - - -] OVN reports status up for port: c2858aa5-37c7-47a6-90d2-01691ee5d640
2026-06-23 09:52:59.212 6 INFO neutron.plugins.ml2.drivers.ovn.mech_driver.ovsdb.ovsdb_monitor [None req-1ec9e9b6-4dae-40d2-8f26-083e1b9ed0b4 - - - - - -] Router 03223e30-cfb3-484e-8e34-caef2e86c735 is bound to host instance
2026-06-23 09:52:59.219 7 INFO neutron.plugins.ml2.plugin [None req-b12f3394-81cd-414c-8eb9-20f796d1794e - - - - - -] Attempt 1 to provision port c2858aa5-37c7-47a6-90d2-01691ee5d640
2026-06-23 09:52:59.242 7 INFO neutron.db.ovn_revision_numbers_db [None req-9d9951ad-8c9e-4ea6-8e77-633840366dc5 676b0b844c0b4f4bb1d3ccc8b85adc95 5ef967fe4cfd429b8f7d858de76f5959 - - default default] Successfully bumped revision number for resource c2858aa5-37c7-47a6-90d2-01691ee5d640 (type: router_ports) to 1
2026-06-23 09:52:59.371 7 INFO neutron.db.ovn_revision_numbers_db [None req-9d9951ad-8c9e-4ea6-8e77-633840366dc5 676b0b844c0b4f4bb1d3ccc8b85adc95 5ef967fe4cfd429b8f7d858de76f5959 - - default default] Successfully bumped revision number for resource 03223e30-cfb3-484e-8e34-caef2e86c735 (type: routers) to 2 [pid: 7|app: 0|req: 1469/2972] 10.0.0.240 () {34 vars in 669 bytes} [Tue Jun 23 09:52:57 2026] POST /v2.0/routers => generated 945 bytes in 1531 msecs (HTTP/1.1 201) 4 headers in 162 bytes (1 switches on core 0)
2026-06-23 09:53:00.459 6 WARNING neutron.scheduler.dhcp_agent_scheduler [None req-27ad2e33-1d8d-45ad-8cbe-e46362d97cc1 676b0b844c0b4f4bb1d3ccc8b85adc95 5ef967fe4cfd429b8f7d858de76f5959 - - default default] No more DHCP agents
2026-06-23 09:53:00.461 6 WARNING neutron.api.rpc.agentnotifiers.dhcp_rpc_agent_api [None req-27ad2e33-1d8d-45ad-8cbe-e46362d97cc1 676b0b844c0b4f4bb1d3ccc8b85adc95 5ef967fe4cfd429b8f7d858de76f5959 - - default default] Unable to schedule network acdc325f-8dac-4f00-97c4-8607cd580559: no agents available; will retry on subsequent port and subnet creation events.
2026-06-23 09:53:00.772 6 INFO neutron.db.ovn_revision_numbers_db [None req-27ad2e33-1d8d-45ad-8cbe-e46362d97cc1 676b0b844c0b4f4bb1d3ccc8b85adc95 5ef967fe4cfd429b8f7d858de76f5959 - - default default] Successfully bumped revision number for resource 0d4d49dc-d609-4e90-af8c-74e4e54bda0a (type: ports) to 1
2026-06-23 09:53:00.800 6 INFO neutron.db.ovn_revision_numbers_db [None req-55c73628-10d8-45af-8723-439842db1fdb - - - - - -] Successfully bumped revision number for resource c2858aa5-37c7-47a6-90d2-01691ee5d640 (type: ports) to 4 [pid: 7|app: 0|req: 1470/2973] 10.0.0.54 () {28 vars in 578 bytes} [Tue Jun 23 09:53:01 2026] GET /v2.0/ports => generated 10464 bytes in 97 msecs (HTTP/1.1 200) 4 headers in 159 bytes (1 switches on core 0) [pid: 7|app: 0|req: 1471/2974] 10.0.0.54 () {28 vars in 584 bytes} [Tue Jun 23 09:53:01 2026] GET /v2.0/networks => generated 4772 bytes in 71 msecs (HTTP/1.1 200) 4 headers in 158 bytes (1 switches on core 0) [pid: 7|app: 0|req: 1472/2975] 10.0.0.54 () {28 vars in 582 bytes} [Tue Jun 23 09:53:01 2026] GET /v2.0/subnets => generated 5513 bytes in 46 msecs (HTTP/1.1 200) 4 headers in 158 bytes (1 switches on core 0) [pid: 7|app: 0|req: 1473/2976] 10.0.0.54 () {28 vars in 580 bytes} [Tue Jun 23 09:53:01 2026] GET /v2.0/agents => generated 1214 bytes in 14 msecs (HTTP/1.1 200) 4 headers in 158 bytes (1 switches on core 0) [pid: 7|app: 0|req: 1474/2977] 10.0.0.54 () {28 vars in 590 bytes} [Tue Jun 23 09:53:01 2026] GET /v2.0/floatingips => generated 19 bytes in 51 msecs (HTTP/1.1 200) 4 headers in 156 bytes (1 switches on core 0)
2026-06-23 09:53:01.451 6 INFO neutron.db.ovn_revision_numbers_db [None req-55c73628-10d8-45af-8723-439842db1fdb - - - - - -] Successfully bumped revision number for resource c2858aa5-37c7-47a6-90d2-01691ee5d640 (type: ports) to 5
2026-06-23 09:53:01.459 7 INFO neutron.plugins.ml2.drivers.ovn.mech_driver.mech_driver [None req-b12f3394-81cd-414c-8eb9-20f796d1794e - - - - - -] OVN reports status down for port: 0d4d49dc-d609-4e90-af8c-74e4e54bda0a [pid: 7|app: 0|req: 1475/2978] 10.0.0.54 () {28 vars in 582 bytes} [Tue Jun 23 09:53:01 2026] GET /v2.0/subnets => generated 5513 bytes in 83 msecs (HTTP/1.1 200) 4 headers in 158 bytes (1 switches on core 0) [pid: 7|app: 0|req: 1476/2979] 10.0.0.54 () {28 vars in 590 bytes} [Tue Jun 23 09:53:01 2026] GET /v2.0/subnetpools => generated 19 bytes in 13 msecs (HTTP/1.1 200) 4 headers in 156 bytes (1 switches on core 0) [pid: 7|app: 0|req: 1477/2980] 10.0.0.54 () {28 vars in 598 bytes} [Tue Jun 23 09:53:01 2026] GET /v2.0/security-groups => generated 20305 bytes in 40 msecs (HTTP/1.1 200) 4 headers in 159 bytes (1 switches on core 0) [pid: 7|app: 0|req: 1478/2981] 10.0.0.54 () {28 vars in 582 bytes} [Tue Jun 23 09:53:01 2026] GET /v2.0/routers => generated 966 bytes in 166 msecs (HTTP/1.1 200) 4 headers in 157 bytes (1 switches on core 0) [pid: 7|app: 0|req: 1479/2982] 10.0.0.54 () {28 vars in 623 bytes} [Tue Jun 23 09:53:01 2026] GET /v2.0/agents?binary=ovn-controller => generated 416 bytes in 10 msecs (HTTP/1.1 200) 4 headers in 157 bytes (1 switches on core 0) [pid: 7|app: 0|req: 1480/2983] 10.0.0.54 () {28 vars in 618 bytes} [Tue Jun 23 09:53:01 2026] GET /v2.0/network-ip-availabilities => generated 3188 bytes in 13 msecs (HTTP/1.1 200) 4 headers in 158 bytes (1 switches on core 0)
2026-06-23 09:53:01.872 7 INFO neutron.plugins.ml2.drivers.ovn.mech_driver.mech_driver [None req-b12f3394-81cd-414c-8eb9-20f796d1794e - - - - - -] OVN reports status up for port: 0d4d49dc-d609-4e90-af8c-74e4e54bda0a
2026-06-23 09:53:01.890 7 INFO neutron.plugins.ml2.plugin [None req-b12f3394-81cd-414c-8eb9-20f796d1794e - - - - - -] Attempt 1 to provision port 0d4d49dc-d609-4e90-af8c-74e4e54bda0a
2026-06-23 09:53:01.933 6 WARNING neutron.scheduler.dhcp_agent_scheduler [None req-27ad2e33-1d8d-45ad-8cbe-e46362d97cc1 676b0b844c0b4f4bb1d3ccc8b85adc95 5ef967fe4cfd429b8f7d858de76f5959 - - default default] No more DHCP agents
2026-06-23 09:53:01.934 6 WARNING neutron.api.rpc.agentnotifiers.dhcp_rpc_agent_api [None req-27ad2e33-1d8d-45ad-8cbe-e46362d97cc1 676b0b844c0b4f4bb1d3ccc8b85adc95 5ef967fe4cfd429b8f7d858de76f5959 - - default default] Unable to schedule network acdc325f-8dac-4f00-97c4-8607cd580559: no agents available; will retry on subsequent port and subnet creation events.
2026-06-23 09:53:02.269 6 INFO neutron.db.ovn_revision_numbers_db [None req-27ad2e33-1d8d-45ad-8cbe-e46362d97cc1 676b0b844c0b4f4bb1d3ccc8b85adc95 5ef967fe4cfd429b8f7d858de76f5959 - - default default] Successfully bumped revision number for resource 0d4d49dc-d609-4e90-af8c-74e4e54bda0a (type: router_ports) to 1 [pid: 6|app: 0|req: 1504/2984] 10.0.0.240 () {34 vars in 783 bytes} [Tue Jun 23 09:52:59 2026] PUT /v2.0/routers/03223e30-cfb3-484e-8e34-caef2e86c735/add_router_interface => generated 309 bytes in 2878 msecs (HTTP/1.1 200) 4 headers in 157 bytes (1 switches on core 0)
2026-06-23 09:53:02.379 7 INFO neutron.db.ovn_revision_numbers_db [None req-b12f3394-81cd-414c-8eb9-20f796d1794e - - - - - -] Successfully bumped revision number for resource 0d4d49dc-d609-4e90-af8c-74e4e54bda0a (type: ports) to 2
2026-06-23 09:53:03.015 7 WARNING neutron.scheduler.dhcp_agent_scheduler [None req-6b55c03b-985d-41fa-9c54-1004e9850b77 676b0b844c0b4f4bb1d3ccc8b85adc95 5ef967fe4cfd429b8f7d858de76f5959 - - default default] No more DHCP agents
2026-06-23 09:53:03.016 7 WARNING neutron.api.rpc.agentnotifiers.dhcp_rpc_agent_api [None req-6b55c03b-985d-41fa-9c54-1004e9850b77 676b0b844c0b4f4bb1d3ccc8b85adc95 5ef967fe4cfd429b8f7d858de76f5959 - - default default] Unable to schedule network 2a3fcd89-d300-45eb-8ded-2f2070d8113b: no agents available; will retry on subsequent port and subnet creation events.
2026-06-23 09:53:03.145 6 INFO neutron.plugins.ml2.drivers.ovn.mech_driver.mech_driver [None req-b523e887-538a-41eb-a329-bd89694d8cb2 - - - - - -] OVN reports status down for port: 595f5012-d420-4402-992b-6411355c89a6
2026-06-23 09:53:03.189 7 INFO neutron.db.ovn_revision_numbers_db [None req-6b55c03b-985d-41fa-9c54-1004e9850b77 676b0b844c0b4f4bb1d3ccc8b85adc95 5ef967fe4cfd429b8f7d858de76f5959 - - default default] Successfully bumped revision number for resource 595f5012-d420-4402-992b-6411355c89a6 (type: ports) to 1
2026-06-23 09:53:03.937 6 INFO neutron.plugins.ml2.drivers.ovn.mech_driver.mech_driver [None req-b523e887-538a-41eb-a329-bd89694d8cb2 - - - - - -] OVN reports status up for port: 595f5012-d420-4402-992b-6411355c89a6
2026-06-23 09:53:03.956 6 INFO neutron.plugins.ml2.plugin [None req-b523e887-538a-41eb-a329-bd89694d8cb2 - - - - - -] Attempt 1 to provision port 595f5012-d420-4402-992b-6411355c89a6
2026-06-23 09:53:04.034 7 WARNING neutron.scheduler.dhcp_agent_scheduler [None req-6b55c03b-985d-41fa-9c54-1004e9850b77 676b0b844c0b4f4bb1d3ccc8b85adc95 5ef967fe4cfd429b8f7d858de76f5959 - - default default] No more DHCP agents
2026-06-23 09:53:04.036 7 WARNING neutron.api.rpc.agentnotifiers.dhcp_rpc_agent_api [None req-6b55c03b-985d-41fa-9c54-1004e9850b77 676b0b844c0b4f4bb1d3ccc8b85adc95 5ef967fe4cfd429b8f7d858de76f5959 - - default default] Unable to schedule network 2a3fcd89-d300-45eb-8ded-2f2070d8113b: no agents available; will retry on subsequent port and subnet creation events.
2026-06-23 09:53:04.293 6 INFO neutron.db.ovn_revision_numbers_db [None req-b523e887-538a-41eb-a329-bd89694d8cb2 - - - - - -] Successfully bumped revision number for resource 595f5012-d420-4402-992b-6411355c89a6 (type: ports) to 2
2026-06-23 09:53:04.403 7 INFO neutron.db.ovn_revision_numbers_db [None req-6b55c03b-985d-41fa-9c54-1004e9850b77 676b0b844c0b4f4bb1d3ccc8b85adc95 5ef967fe4cfd429b8f7d858de76f5959 - - default default] Successfully bumped revision number for resource 595f5012-d420-4402-992b-6411355c89a6 (type: router_ports) to 1 [pid: 7|app: 0|req: 1481/2987] 10.0.0.240 () {34 vars in 783 bytes} [Tue Jun 23 09:53:02 2026] PUT /v2.0/routers/03223e30-cfb3-484e-8e34-caef2e86c735/add_router_interface => generated 309 bytes in 2128 msecs (HTTP/1.1 200) 4 headers in 157 bytes (1 switches on core 0)
2026-06-23 09:53:05.026 6 WARNING neutron.scheduler.dhcp_agent_scheduler [None req-fa969d50-439d-433c-bb85-11ba79f920b1 676b0b844c0b4f4bb1d3ccc8b85adc95 5ef967fe4cfd429b8f7d858de76f5959 - - default default] No more DHCP agents
2026-06-23 09:53:05.027 6 WARNING neutron.api.rpc.agentnotifiers.dhcp_rpc_agent_api [None req-fa969d50-439d-433c-bb85-11ba79f920b1 676b0b844c0b4f4bb1d3ccc8b85adc95 5ef967fe4cfd429b8f7d858de76f5959 - - default default] Unable to schedule network 8e0d5dd2-17bc-4618-85bf-a7b4294b9c30: no agents available; will retry on subsequent port and subnet creation events.
2026-06-23 09:53:05.172 6 INFO neutron.db.ovn_revision_numbers_db [None req-fa969d50-439d-433c-bb85-11ba79f920b1 676b0b844c0b4f4bb1d3ccc8b85adc95 5ef967fe4cfd429b8f7d858de76f5959 - - default default] Successfully bumped revision number for resource 43c7743e-11f4-46ae-906e-85557cec53bc (type: ports) to 1
2026-06-23 09:53:05.981 6 WARNING neutron.scheduler.dhcp_agent_scheduler [None req-fa969d50-439d-433c-bb85-11ba79f920b1 676b0b844c0b4f4bb1d3ccc8b85adc95 5ef967fe4cfd429b8f7d858de76f5959 - - default default] No more DHCP agents
2026-06-23 09:53:05.982 6 WARNING neutron.api.rpc.agentnotifiers.dhcp_rpc_agent_api [None req-fa969d50-439d-433c-bb85-11ba79f920b1 676b0b844c0b4f4bb1d3ccc8b85adc95 5ef967fe4cfd429b8f7d858de76f5959 - - default default] Unable to schedule network 8e0d5dd2-17bc-4618-85bf-a7b4294b9c30: no agents available; will retry on subsequent port and subnet creation events.
2026-06-23 09:53:06.387 6 INFO neutron.db.ovn_revision_numbers_db [None req-fa969d50-439d-433c-bb85-11ba79f920b1 676b0b844c0b4f4bb1d3ccc8b85adc95 5ef967fe4cfd429b8f7d858de76f5959 - - default default] Successfully bumped revision number for resource 43c7743e-11f4-46ae-906e-85557cec53bc (type: router_ports) to 1 [pid: 6|app: 0|req: 1507/2988] 10.0.0.240 () {34 vars in 783 bytes} [Tue Jun 23 09:53:04 2026] PUT /v2.0/routers/03223e30-cfb3-484e-8e34-caef2e86c735/add_router_interface => generated 309 bytes in 1973 msecs (HTTP/1.1 200) 4 headers in 157 bytes (1 switches on core 0)
2026-06-23 09:53:06.586 7 INFO neutron.db.ovn_revision_numbers_db [None req-b2135078-5c89-45a2-96fd-abbbb265a702 676b0b844c0b4f4bb1d3ccc8b85adc95 5ef967fe4cfd429b8f7d858de76f5959 - - default default] Successfully bumped revision number for resource fd9e9d3c-a393-40f4-818c-cb8827cba4c9 (type: security_groups) to 1
2026-06-23 09:53:06.599 7 INFO neutron.db.ovn_revision_numbers_db [None req-b2135078-5c89-45a2-96fd-abbbb265a702 676b0b844c0b4f4bb1d3ccc8b85adc95 5ef967fe4cfd429b8f7d858de76f5959 - - default default] Successfully bumped revision number for resource 5321d7b1-92dc-4cd7-91c9-9a6a5c3f1139 (type: security_group_rules) to 0
2026-06-23 09:53:06.616 7 INFO neutron.db.ovn_revision_numbers_db [None req-b2135078-5c89-45a2-96fd-abbbb265a702 676b0b844c0b4f4bb1d3ccc8b85adc95 5ef967fe4cfd429b8f7d858de76f5959 - - default default] Successfully bumped revision number for resource b88853d1-d64d-4acb-990b-fe228af0c29f (type: security_group_rules) to 0 [pid: 7|app: 0|req: 1482/2989] 10.0.0.240 () {34 vars in 684 bytes} [Tue Jun 23 09:53:06 2026] POST /v2.0/security-groups => generated 1629 bytes in 207 msecs (HTTP/1.1 201) 4 headers in 163 bytes (1 switches on core 0)
2026-06-23 09:53:06.804 6 INFO neutron.db.ovn_revision_numbers_db [None req-666ea5b0-3641-461b-9fb8-c098a646ef64 676b0b844c0b4f4bb1d3ccc8b85adc95 5ef967fe4cfd429b8f7d858de76f5959 - - default default] Successfully bumped revision number for resource 7ef6be90-3e4d-4c74-8d1e-784baf4d5914 (type: security_group_rules) to 0 [pid: 6|app: 0|req: 1508/2990] 10.0.0.240 () {34 vars in 695 bytes} [Tue Jun 23 09:53:06 2026] POST /v2.0/security-group-rules => generated 597 bytes in 171 msecs (HTTP/1.1 201) 4 headers in 162 bytes (1 switches on core 0)
2026-06-23 09:53:06.980 7 INFO neutron.db.ovn_revision_numbers_db [None req-6b4dcce4-1189-4aa9-910d-03d963f84d29 676b0b844c0b4f4bb1d3ccc8b85adc95 5ef967fe4cfd429b8f7d858de76f5959 - - default default] Successfully bumped revision number for resource d2334512-3840-4819-9bc0-234e77143f76 (type: security_group_rules) to 0 [pid: 7|app: 0|req: 1483/2991] 10.0.0.240 () {34 vars in 695 bytes} [Tue Jun 23 09:53:06 2026] POST /v2.0/security-group-rules => generated 597 bytes in 169 msecs (HTTP/1.1 201) 4 headers in 162 bytes (1 switches on core 0)
2026-06-23 09:53:07.180 6 INFO neutron.db.ovn_revision_numbers_db [None req-e4d29f48-dd82-4665-a71d-a35970d725d7 676b0b844c0b4f4bb1d3ccc8b85adc95 5ef967fe4cfd429b8f7d858de76f5959 - - default default] Successfully bumped revision number for resource ab022697-5ba8-4e35-bbb2-7f51818abb27 (type: security_group_rules) to 0 [pid: 6|app: 0|req: 1509/2992] 10.0.0.240 () {34 vars in 695 bytes} [Tue Jun 23 09:53:07 2026] POST /v2.0/security-group-rules => generated 599 bytes in 201 msecs (HTTP/1.1 201) 4 headers in 162 bytes (1 switches on core 0)
