2026-06-23 09:48:56.398 7 INFO neutron.services.segments.plugin [-] Segment 711ec632-cecd-4289-bbc4-852b6f7cad8a resource provider not found; error: Placement Client Error (4xx): {"errors": [{"status": 404, "title": "Not Found", "detail": "The resource could not be found.\n\n No resource provider with uuid 711ec632-cecd-4289-bbc4-852b6f7cad8a found for delete ", "request_id": "req-6d5722a4-2b13-4f9e-bbde-65a2bfb54fb4"}]} [pid: 7|app: 0|req: 729/1454] 10.0.0.240 () {32 vars in 726 bytes} [Tue Jun 23 09:48:55 2026] DELETE /v2.0/networks/579d19b5-8582-4b2f-81dd-405d9917cf7a => generated 0 bytes in 500 msecs (HTTP/1.1 204) 3 headers in 131 bytes (1 switches on core 0) [pid: 7|app: 0|req: 730/1455] 10.0.0.30 () {34 vars in 1007 bytes} [Tue Jun 23 09:48:56 2026] GET /v2.0/networks/6a711d19-8e43-4741-b391-0097de10d8bb?fields=segments => generated 14 bytes in 40 msecs (HTTP/1.1 200) 4 headers in 156 bytes (1 switches on core 0) [pid: 7|app: 0|req: 731/1456] 10.0.0.30 () {34 vars in 1107 bytes} [Tue Jun 23 09:48:56 2026] GET /v2.0/networks/6a711d19-8e43-4741-b391-0097de10d8bb?fields=provider%3Aphysical_network&fields=provider%3Anetwork_type => generated 79 bytes in 54 msecs (HTTP/1.1 200) 4 headers in 156 bytes (1 switches on core 0) [pid: 7|app: 0|req: 732/1457] 10.0.0.240 () {32 vars in 774 bytes} [Tue Jun 23 09:48:56 2026] GET /v2.0/security-groups?tenant_id=d0b3c64287d14455bfc65396dc5c62bd&name=default => generated 2925 bytes in 37 msecs (HTTP/1.1 200) 4 headers in 158 bytes (1 switches on core 0)
2026-06-23 09:48:56.771 6 INFO neutron.db.ovn_revision_numbers_db [None req-0b721c65-78fa-4196-be33-edf4f9a6506f 146e9ba170cb4e08b19ab8ec25ac4d9a 76bcd22b8c7944f59974e5f9097a2474 - - default default] Successfully bumped revision number for resource e0174298-527a-480f-a5b0-4398fb2148fb (type: security_groups) to 1
2026-06-23 09:48:56.788 6 INFO neutron.db.ovn_revision_numbers_db [None req-0b721c65-78fa-4196-be33-edf4f9a6506f 146e9ba170cb4e08b19ab8ec25ac4d9a 76bcd22b8c7944f59974e5f9097a2474 - - default default] Successfully bumped revision number for resource 7a4b1d5c-2fd7-4c02-babf-6065078f2a9d (type: security_group_rules) to 0
2026-06-23 09:48:56.802 6 INFO neutron.db.ovn_revision_numbers_db [None req-0b721c65-78fa-4196-be33-edf4f9a6506f 146e9ba170cb4e08b19ab8ec25ac4d9a 76bcd22b8c7944f59974e5f9097a2474 - - default default] Successfully bumped revision number for resource 84b5ae2a-e7c5-496f-b970-d8c34ffdd77a (type: security_group_rules) to 0
2026-06-23 09:48:56.817 6 INFO neutron.db.ovn_revision_numbers_db [None req-0b721c65-78fa-4196-be33-edf4f9a6506f 146e9ba170cb4e08b19ab8ec25ac4d9a 76bcd22b8c7944f59974e5f9097a2474 - - default default] Successfully bumped revision number for resource 885eaa87-928e-4d1e-8335-5d564a0855ff (type: security_group_rules) to 0
2026-06-23 09:48:56.833 6 INFO neutron.db.ovn_revision_numbers_db [None req-0b721c65-78fa-4196-be33-edf4f9a6506f 146e9ba170cb4e08b19ab8ec25ac4d9a 76bcd22b8c7944f59974e5f9097a2474 - - default default] Successfully bumped revision number for resource 8bf80660-2529-4ce4-9d67-3681a1bfca01 (type: security_group_rules) to 0
2026-06-23 09:48:56.911 6 INFO neutron.db.segments_db [None req-0b721c65-78fa-4196-be33-edf4f9a6506f 146e9ba170cb4e08b19ab8ec25ac4d9a 76bcd22b8c7944f59974e5f9097a2474 - - default default] Added segment fe3873c9-7b21-448d-9f1e-d4a70031e181 of type geneve for network 06b511f5-b7cc-44e1-b40d-73399559b41f [pid: 7|app: 0|req: 733/1458] 10.0.0.240 () {32 vars in 740 bytes} [Tue Jun 23 09:48:56 2026] DELETE /v2.0/security-groups/f1f3fd92-1ebb-43af-96f8-81b900083e65 => generated 0 bytes in 380 msecs (HTTP/1.1 204) 2 headers in 112 bytes (1 switches on core 0) [pid: 7|app: 0|req: 734/1459] 10.0.0.30 () {34 vars in 989 bytes} [Tue Jun 23 09:48:56 2026] GET /v2.0/ports?device_id=a27d4d7a-0d56-4193-8419-aeb5055f8e8e => generated 12 bytes in 37 msecs (HTTP/1.1 200) 4 headers in 156 bytes (1 switches on core 0)
2026-06-23 09:48:57.023 6 INFO neutron.db.ovn_revision_numbers_db [None req-0b721c65-78fa-4196-be33-edf4f9a6506f 146e9ba170cb4e08b19ab8ec25ac4d9a 76bcd22b8c7944f59974e5f9097a2474 - - default default] Successfully bumped revision number for resource 06b511f5-b7cc-44e1-b40d-73399559b41f (type: networks) to 1
2026-06-23 09:48:57.214 6 WARNING neutron.scheduler.dhcp_agent_scheduler [None req-0b721c65-78fa-4196-be33-edf4f9a6506f 146e9ba170cb4e08b19ab8ec25ac4d9a 76bcd22b8c7944f59974e5f9097a2474 - - default default] No more DHCP agents
2026-06-23 09:48:57.215 6 WARNING neutron.api.rpc.agentnotifiers.dhcp_rpc_agent_api [None req-0b721c65-78fa-4196-be33-edf4f9a6506f 146e9ba170cb4e08b19ab8ec25ac4d9a 76bcd22b8c7944f59974e5f9097a2474 - - default default] Unable to schedule network 06b511f5-b7cc-44e1-b40d-73399559b41f: no agents available; will retry on subsequent port and subnet creation events.
2026-06-23 09:48:57.292 6 INFO neutron.db.ovn_revision_numbers_db [None req-0b721c65-78fa-4196-be33-edf4f9a6506f 146e9ba170cb4e08b19ab8ec25ac4d9a 76bcd22b8c7944f59974e5f9097a2474 - - default default] Successfully bumped revision number for resource c30263a2-ed64-446e-985c-d8c6c6831e27 (type: ports) to 1 [pid: 6|app: 0|req: 726/1460] 10.0.0.240 () {34 vars in 670 bytes} [Tue Jun 23 09:48:56 2026] POST /v2.0/networks => generated 664 bytes in 1045 msecs (HTTP/1.1 201) 4 headers in 162 bytes (1 switches on core 0)
2026-06-23 09:48:57.598 7 WARNING neutron.scheduler.dhcp_agent_scheduler [None req-95d62d37-7580-425a-982d-3bf5f30d31c5 146e9ba170cb4e08b19ab8ec25ac4d9a 76bcd22b8c7944f59974e5f9097a2474 - - default default] No more DHCP agents
2026-06-23 09:48:57.600 7 WARNING neutron.api.rpc.agentnotifiers.dhcp_rpc_agent_api [None req-95d62d37-7580-425a-982d-3bf5f30d31c5 146e9ba170cb4e08b19ab8ec25ac4d9a 76bcd22b8c7944f59974e5f9097a2474 - - default default] Unable to schedule network 06b511f5-b7cc-44e1-b40d-73399559b41f: no agents available; will retry on subsequent port and subnet creation events.
2026-06-23 09:48:57.728 7 INFO neutron.db.ovn_revision_numbers_db [None req-95d62d37-7580-425a-982d-3bf5f30d31c5 146e9ba170cb4e08b19ab8ec25ac4d9a 76bcd22b8c7944f59974e5f9097a2474 - - default default] Successfully bumped revision number for resource 35c9d86b-1cd1-4b89-8d9b-8a1844fa9157 (type: ports) to 1 [pid: 7|app: 0|req: 735/1461] 10.0.0.240 () {34 vars in 665 bytes} [Tue Jun 23 09:48:57 2026] POST /v2.0/ports => generated 775 bytes in 456 msecs (HTTP/1.1 201) 4 headers in 162 bytes (1 switches on core 0)
2026-06-23 09:48:57.881 6 INFO neutron.db.segments_db [None req-2018001c-9b0b-41ed-aa68-d817f025df6a 146e9ba170cb4e08b19ab8ec25ac4d9a 76bcd22b8c7944f59974e5f9097a2474 - - default default] Added segment 700978dd-d95a-4d63-9d64-95820073c0da of type geneve for network b13798f1-00a2-4564-8c94-948be3d6e3bf
2026-06-23 09:48:58.008 6 INFO neutron.db.ovn_revision_numbers_db [None req-2018001c-9b0b-41ed-aa68-d817f025df6a 146e9ba170cb4e08b19ab8ec25ac4d9a 76bcd22b8c7944f59974e5f9097a2474 - - default default] Successfully bumped revision number for resource b13798f1-00a2-4564-8c94-948be3d6e3bf (type: networks) to 1 /var/lib/openstack/lib/python3.12/site-packages/pycadf/identifier.py:70: UserWarning: Invalid uuid: neutron. To ensure interoperability, identifiers should be a valid uuid. warnings.warn(('Invalid uuid: %s. To ensure interoperability, ' [pid: 7|app: 0|req: 736/1462] 10.0.0.30 () {34 vars in 989 bytes} [Tue Jun 23 09:48:58 2026] GET /v2.0/ports?device_id=a27d4d7a-0d56-4193-8419-aeb5055f8e8e => generated 12 bytes in 24 msecs (HTTP/1.1 200) 4 headers in 156 bytes (1 switches on core 0)
2026-06-23 09:48:58.208 6 WARNING neutron.scheduler.dhcp_agent_scheduler [None req-2018001c-9b0b-41ed-aa68-d817f025df6a 146e9ba170cb4e08b19ab8ec25ac4d9a 76bcd22b8c7944f59974e5f9097a2474 - - default default] No more DHCP agents
2026-06-23 09:48:58.210 6 WARNING neutron.api.rpc.agentnotifiers.dhcp_rpc_agent_api [None req-2018001c-9b0b-41ed-aa68-d817f025df6a 146e9ba170cb4e08b19ab8ec25ac4d9a 76bcd22b8c7944f59974e5f9097a2474 - - default default] Unable to schedule network b13798f1-00a2-4564-8c94-948be3d6e3bf: no agents available; will retry on subsequent port and subnet creation events.
2026-06-23 09:48:58.283 6 INFO neutron.plugins.ml2.drivers.ovn.mech_driver.mech_driver [None req-46b56363-ea41-4267-be7d-bee3a6453ef8 - - - - - -] OVN reports status down for port: 9217a785-c522-4f33-add0-635fdc85c89f
2026-06-23 09:48:58.381 6 INFO neutron.db.ovn_revision_numbers_db [None req-2018001c-9b0b-41ed-aa68-d817f025df6a 146e9ba170cb4e08b19ab8ec25ac4d9a 76bcd22b8c7944f59974e5f9097a2474 - - default default] Successfully bumped revision number for resource 9217a785-c522-4f33-add0-635fdc85c89f (type: ports) to 1 [pid: 6|app: 0|req: 727/1463] 10.0.0.240 () {34 vars in 670 bytes} [Tue Jun 23 09:48:57 2026] POST /v2.0/networks => generated 651 bytes in 654 msecs (HTTP/1.1 201) 4 headers in 162 bytes (1 switches on core 0)
2026-06-23 09:48:58.722 7 WARNING neutron.scheduler.dhcp_agent_scheduler [None req-3ee8f989-e4b9-41d8-b8c9-190df8298e72 146e9ba170cb4e08b19ab8ec25ac4d9a 76bcd22b8c7944f59974e5f9097a2474 - - default default] No more DHCP agents
2026-06-23 09:48:58.725 7 WARNING neutron.api.rpc.agentnotifiers.dhcp_rpc_agent_api [None req-3ee8f989-e4b9-41d8-b8c9-190df8298e72 146e9ba170cb4e08b19ab8ec25ac4d9a 76bcd22b8c7944f59974e5f9097a2474 - - default default] Unable to schedule network b13798f1-00a2-4564-8c94-948be3d6e3bf: no agents available; will retry on subsequent port and subnet creation events.
2026-06-23 09:48:59.255 6 INFO neutron.db.ovn_revision_numbers_db [None req-7eaa1abe-d73b-4e48-b90a-a78aa03be9cb b3a6d2e8da5a4ad9907e278b40500e9a 89e5ee7c4fd04ebcafbcefd8c197568e - - default default] Successfully bumped revision number for resource db34047b-9383-4eb8-ba4d-9e73779305ce (type: security_groups) to 1
2026-06-23 09:48:59.257 7 INFO neutron.db.ovn_revision_numbers_db [None req-bc7e52fe-1253-4252-8af0-8b5f1e3f7dc9 - - - - - -] Successfully bumped revision number for resource 9217a785-c522-4f33-add0-635fdc85c89f (type: ports) to 2
2026-06-23 09:48:59.276 6 INFO neutron.db.ovn_revision_numbers_db [None req-7eaa1abe-d73b-4e48-b90a-a78aa03be9cb b3a6d2e8da5a4ad9907e278b40500e9a 89e5ee7c4fd04ebcafbcefd8c197568e - - default default] Successfully bumped revision number for resource 03386732-0593-47c0-8413-69161ed3175e (type: security_group_rules) to 0
2026-06-23 09:48:59.282 7 INFO neutron.db.ovn_revision_numbers_db [None req-bc7e52fe-1253-4252-8af0-8b5f1e3f7dc9 - - - - - -] Successfully bumped revision number for resource 64dfc33d-3fa8-4912-a0f4-f5f9c1e2af3a (type: subnets) to 0
2026-06-23 09:48:59.288 6 INFO neutron.db.ovn_revision_numbers_db [None req-7eaa1abe-d73b-4e48-b90a-a78aa03be9cb b3a6d2e8da5a4ad9907e278b40500e9a 89e5ee7c4fd04ebcafbcefd8c197568e - - default default] Successfully bumped revision number for resource 095b16db-06e7-4034-9684-babc92edaa09 (type: security_group_rules) to 0 [pid: 7|app: 0|req: 737/1464] 10.0.0.240 () {34 vars in 669 bytes} [Tue Jun 23 09:48:58 2026] POST /v2.0/subnets => generated 626 bytes in 849 msecs (HTTP/1.1 201) 4 headers in 162 bytes (1 switches on core 0)
2026-06-23 09:48:59.297 6 INFO neutron.db.ovn_revision_numbers_db [None req-7eaa1abe-d73b-4e48-b90a-a78aa03be9cb b3a6d2e8da5a4ad9907e278b40500e9a 89e5ee7c4fd04ebcafbcefd8c197568e - - default default] Successfully bumped revision number for resource 796aee1e-ccb6-43f7-9145-565c71d75f1c (type: security_group_rules) to 0
2026-06-23 09:48:59.313 6 INFO neutron.db.ovn_revision_numbers_db [None req-7eaa1abe-d73b-4e48-b90a-a78aa03be9cb b3a6d2e8da5a4ad9907e278b40500e9a 89e5ee7c4fd04ebcafbcefd8c197568e - - default default] Successfully bumped revision number for resource eafcb996-1ed8-4887-8dd6-b7dd3c13cb2d (type: security_group_rules) to 0
2026-06-23 09:48:59.411 6 INFO neutron.db.segments_db [None req-7eaa1abe-d73b-4e48-b90a-a78aa03be9cb b3a6d2e8da5a4ad9907e278b40500e9a 89e5ee7c4fd04ebcafbcefd8c197568e - - default default] Added segment 8f202b62-55ae-42ea-9bce-097ee0399b09 of type geneve for network 7fa93c15-905b-472a-86b1-d1020acdcbaa
2026-06-23 09:48:59.458 7 INFO neutron.db.ovn_revision_numbers_db [None req-09660e51-1ad1-411a-8683-96e1a1003b70 b3a6d2e8da5a4ad9907e278b40500e9a 89e5ee7c4fd04ebcafbcefd8c197568e - - default default] Successfully bumped revision number for resource 7e39566e-f252-4e0a-8122-289ea9c749b5 (type: security_groups) to 1
2026-06-23 09:48:59.466 7 INFO neutron.db.ovn_revision_numbers_db [None req-09660e51-1ad1-411a-8683-96e1a1003b70 b3a6d2e8da5a4ad9907e278b40500e9a 89e5ee7c4fd04ebcafbcefd8c197568e - - default default] Successfully bumped revision number for resource 193f0a8e-f251-4e41-8832-1422114f3fd9 (type: security_group_rules) to 0
2026-06-23 09:48:59.475 7 INFO neutron.db.ovn_revision_numbers_db [None req-09660e51-1ad1-411a-8683-96e1a1003b70 b3a6d2e8da5a4ad9907e278b40500e9a 89e5ee7c4fd04ebcafbcefd8c197568e - - default default] Successfully bumped revision number for resource 58747072-950f-4902-97b7-db31a977c375 (type: security_group_rules) to 0
2026-06-23 09:48:59.483 7 INFO neutron.db.ovn_revision_numbers_db [None req-09660e51-1ad1-411a-8683-96e1a1003b70 b3a6d2e8da5a4ad9907e278b40500e9a 89e5ee7c4fd04ebcafbcefd8c197568e - - default default] Successfully bumped revision number for resource 7415dcf1-3505-44a2-a9f3-a61cbfe2b70e (type: security_group_rules) to 0
2026-06-23 09:48:59.491 7 INFO neutron.db.ovn_revision_numbers_db [None req-09660e51-1ad1-411a-8683-96e1a1003b70 b3a6d2e8da5a4ad9907e278b40500e9a 89e5ee7c4fd04ebcafbcefd8c197568e - - default default] Successfully bumped revision number for resource fa810f66-9acc-487b-ba3f-f727ce0ef0a4 (type: security_group_rules) to 0 [pid: 7|app: 0|req: 738/1465] 10.0.0.240 () {32 vars in 774 bytes} [Tue Jun 23 09:48:59 2026] GET /v2.0/security-groups?tenant_id=02965b8e5e214a30970956bea2176361&name=default => generated 2925 bytes in 244 msecs (HTTP/1.1 200) 4 headers in 158 bytes (1 switches on core 0) [pid: 7|app: 0|req: 739/1466] 10.0.0.30 () {34 vars in 989 bytes} [Tue Jun 23 09:48:59 2026] GET /v2.0/ports?device_id=a27d4d7a-0d56-4193-8419-aeb5055f8e8e => generated 12 bytes in 23 msecs (HTTP/1.1 200) 4 headers in 156 bytes (1 switches on core 0)
2026-06-23 09:48:59.823 7 WARNING neutron.scheduler.dhcp_agent_scheduler [None req-722a3435-5671-418d-975d-4ffc1a6f974f 146e9ba170cb4e08b19ab8ec25ac4d9a 76bcd22b8c7944f59974e5f9097a2474 - - default default] No more DHCP agents
2026-06-23 09:48:59.824 7 WARNING neutron.api.rpc.agentnotifiers.dhcp_rpc_agent_api [None req-722a3435-5671-418d-975d-4ffc1a6f974f 146e9ba170cb4e08b19ab8ec25ac4d9a 76bcd22b8c7944f59974e5f9097a2474 - - default default] Unable to schedule network b13798f1-00a2-4564-8c94-948be3d6e3bf: no agents available; will retry on subsequent port and subnet creation events.
2026-06-23 09:49:00.333 6 INFO neutron.plugins.ml2.drivers.ovn.mech_driver.mech_driver [None req-46b56363-ea41-4267-be7d-bee3a6453ef8 - - - - - -] OVN reports status down for port: 16bb3be9-b58d-4a11-8146-8414c67b3f2e
2026-06-23 09:49:00.335 6 INFO neutron.db.ovn_revision_numbers_db [None req-7eaa1abe-d73b-4e48-b90a-a78aa03be9cb b3a6d2e8da5a4ad9907e278b40500e9a 89e5ee7c4fd04ebcafbcefd8c197568e - - default default] Successfully bumped revision number for resource 7fa93c15-905b-472a-86b1-d1020acdcbaa (type: networks) to 1
2026-06-23 09:49:00.551 6 WARNING neutron.scheduler.dhcp_agent_scheduler [None req-7eaa1abe-d73b-4e48-b90a-a78aa03be9cb b3a6d2e8da5a4ad9907e278b40500e9a 89e5ee7c4fd04ebcafbcefd8c197568e - - default default] No more DHCP agents
2026-06-23 09:49:00.553 6 WARNING neutron.api.rpc.agentnotifiers.dhcp_rpc_agent_api [None req-7eaa1abe-d73b-4e48-b90a-a78aa03be9cb b3a6d2e8da5a4ad9907e278b40500e9a 89e5ee7c4fd04ebcafbcefd8c197568e - - default default] Unable to schedule network 7fa93c15-905b-472a-86b1-d1020acdcbaa: no agents available; will retry on subsequent port and subnet creation events.
2026-06-23 09:49:00.623 6 INFO neutron.plugins.ml2.drivers.ovn.mech_driver.mech_driver [None req-46b56363-ea41-4267-be7d-bee3a6453ef8 - - - - - -] OVN reports status down for port: f4ac15cd-bad7-4428-88c0-60a0fb21eb1e
2026-06-23 09:49:00.691 6 INFO neutron.db.ovn_revision_numbers_db [None req-7eaa1abe-d73b-4e48-b90a-a78aa03be9cb b3a6d2e8da5a4ad9907e278b40500e9a 89e5ee7c4fd04ebcafbcefd8c197568e - - default default] Successfully bumped revision number for resource f4ac15cd-bad7-4428-88c0-60a0fb21eb1e (type: ports) to 1
2026-06-23 09:49:00.722 7 INFO neutron.db.ovn_revision_numbers_db [None req-722a3435-5671-418d-975d-4ffc1a6f974f 146e9ba170cb4e08b19ab8ec25ac4d9a 76bcd22b8c7944f59974e5f9097a2474 - - default default] Successfully bumped revision number for resource 16bb3be9-b58d-4a11-8146-8414c67b3f2e (type: ports) to 1 [pid: 6|app: 0|req: 728/1467] 10.0.0.240 () {34 vars in 671 bytes} [Tue Jun 23 09:48:58 2026] POST /v2.0/networks => generated 763 bytes in 1910 msecs (HTTP/1.1 201) 4 headers in 162 bytes (1 switches on core 0) [pid: 7|app: 0|req: 740/1468] 10.0.0.240 () {34 vars in 665 bytes} [Tue Jun 23 09:48:59 2026] POST /v2.0/ports => generated 954 bytes in 1186 msecs (HTTP/1.1 201) 4 headers in 162 bytes (1 switches on core 0) /var/lib/openstack/lib/python3.12/site-packages/pycadf/identifier.py:70: UserWarning: Invalid uuid: neutron. To ensure interoperability, identifiers should be a valid uuid. warnings.warn(('Invalid uuid: %s. To ensure interoperability, ' [pid: 7|app: 0|req: 741/1469] 10.0.0.30 () {34 vars in 989 bytes} [Tue Jun 23 09:49:00 2026] GET /v2.0/ports?device_id=a27d4d7a-0d56-4193-8419-aeb5055f8e8e => generated 12 bytes in 18 msecs (HTTP/1.1 200) 4 headers in 156 bytes (1 switches on core 0)
2026-06-23 09:49:00.917 7 WARNING neutron.scheduler.dhcp_agent_scheduler [None req-c5a5406f-12ca-42d4-b5ba-33adf482ec83 b3a6d2e8da5a4ad9907e278b40500e9a 89e5ee7c4fd04ebcafbcefd8c197568e - - default default] No more DHCP agents
2026-06-23 09:49:00.918 7 WARNING neutron.api.rpc.agentnotifiers.dhcp_rpc_agent_api [None req-c5a5406f-12ca-42d4-b5ba-33adf482ec83 b3a6d2e8da5a4ad9907e278b40500e9a 89e5ee7c4fd04ebcafbcefd8c197568e - - default default] Unable to schedule network 7fa93c15-905b-472a-86b1-d1020acdcbaa: no agents available; will retry on subsequent port and subnet creation events. [pid: 6|app: 0|req: 729/1470] 10.0.0.240 () {32 vars in 740 bytes} [Tue Jun 23 09:49:00 2026] DELETE /v2.0/security-groups/7e39566e-f252-4e0a-8122-289ea9c749b5 => generated 0 bytes in 295 msecs (HTTP/1.1 204) 2 headers in 112 bytes (1 switches on core 0)
2026-06-23 09:49:01.201 7 WARNING neutron.plugins.ml2.drivers.ovn.mech_driver.ovsdb.ovn_client [None req-fcf0c93e-0121-4f8c-ad46-f4f48b71526f - - - - - -] No hosting information found for port bf862d3e-d58d-47b5-9123-432ccc0a80dd: RuntimeError: No hosting information found for port bf862d3e-d58d-47b5-9123-432ccc0a80dd
2026-06-23 09:49:01.252 6 INFO neutron_taas.services.taas.taas_plugin [None req-8de285fa-c67c-4145-94a9-8a61b0e28331 146e9ba170cb4e08b19ab8ec25ac4d9a 76bcd22b8c7944f59974e5f9097a2474 - - default default] TaaS: Handle Delete Port: 16bb3be9-b58d-4a11-8146-8414c67b3f2e
2026-06-23 09:49:01.256 6 INFO neutron_taas.services.taas.tap_mirror_plugin [None req-8de285fa-c67c-4145-94a9-8a61b0e28331 146e9ba170cb4e08b19ab8ec25ac4d9a 76bcd22b8c7944f59974e5f9097a2474 - - default default] Tap Mirror: Handle Delete Port: 16bb3be9-b58d-4a11-8146-8414c67b3f2e
2026-06-23 09:49:01.365 7 INFO neutron.db.ovn_revision_numbers_db [None req-fcf0c93e-0121-4f8c-ad46-f4f48b71526f - - - - - -] Successfully bumped revision number for resource bf862d3e-d58d-47b5-9123-432ccc0a80dd (type: router_ports) to 2
2026-06-23 09:49:01.463 7 INFO neutron.plugins.ml2.drivers.ovn.mech_driver.mech_driver [None req-fcf0c93e-0121-4f8c-ad46-f4f48b71526f - - - - - -] OVN reports status down for port: c30263a2-ed64-446e-985c-d8c6c6831e27
2026-06-23 09:49:01.524 7 INFO neutron.db.ovn_revision_numbers_db [None req-8873ff7e-f3a6-4660-8a33-0325d2793b5a - - - - - -] Successfully bumped revision number for resource f4ac15cd-bad7-4428-88c0-60a0fb21eb1e (type: ports) to 2 [pid: 6|app: 0|req: 730/1471] 10.0.0.240 () {32 vars in 720 bytes} [Tue Jun 23 09:49:01 2026] DELETE /v2.0/ports/16bb3be9-b58d-4a11-8146-8414c67b3f2e => generated 0 bytes in 521 msecs (HTTP/1.1 204) 3 headers in 131 bytes (1 switches on core 0)
2026-06-23 09:49:01.564 7 INFO neutron.plugins.ml2.drivers.ovn.mech_driver.mech_driver [None req-fcf0c93e-0121-4f8c-ad46-f4f48b71526f - - - - - -] OVN reports status down for port: 35c9d86b-1cd1-4b89-8d9b-8a1844fa9157 [pid: 6|app: 0|req: 731/1472] 199.204.45.25 () {34 vars in 985 bytes} [Tue Jun 23 09:49:01 2026] GET /v2.0/networks?id=6a711d19-8e43-4741-b391-0097de10d8bb => generated 711 bytes in 56 msecs (HTTP/1.1 200) 4 headers in 157 bytes (1 switches on core 0)
2026-06-23 09:49:01.612 7 INFO neutron.db.ovn_revision_numbers_db [None req-8873ff7e-f3a6-4660-8a33-0325d2793b5a - - - - - -] Successfully bumped revision number for resource 17adec8c-15f1-40f8-b544-a2f26d657e4d (type: subnets) to 0 [pid: 7|app: 0|req: 742/1473] 10.0.0.240 () {34 vars in 669 bytes} [Tue Jun 23 09:49:00 2026] POST /v2.0/subnets => generated 689 bytes in 878 msecs (HTTP/1.1 201) 4 headers in 162 bytes (1 switches on core 0)
2026-06-23 09:49:01.699 7 INFO neutron.pecan_wsgi.hooks.translation [None req-36cab5c3-6f09-43ee-9194-77d192b4aeb4 146e9ba170cb4e08b19ab8ec25ac4d9a 76bcd22b8c7944f59974e5f9097a2474 - - default default] DELETE failed (client error): The resource could not be found. [pid: 7|app: 0|req: 743/1474] 10.0.0.240 () {32 vars in 720 bytes} [Tue Jun 23 09:49:01 2026] DELETE /v2.0/ports/16bb3be9-b58d-4a11-8146-8414c67b3f2e => generated 132 bytes in 60 msecs (HTTP/1.1 404) 4 headers in 164 bytes (1 switches on core 0) [pid: 6|app: 0|req: 732/1475] 10.0.0.54 () {28 vars in 584 bytes} [Tue Jun 23 09:49:01 2026] GET /v2.0/networks => generated 5420 bytes in 196 msecs (HTTP/1.1 200) 4 headers in 158 bytes (1 switches on core 0)
2026-06-23 09:49:01.994 7 WARNING neutron.scheduler.dhcp_agent_scheduler [req-01f59986-040c-42e0-b055-43a70a2127e7 req-e4ddcd8b-422e-4f22-b61d-52bca9c4250a 3da847d4a060420ca80c72f995259170 f044cf595a4344dd87e3d4a15472cba5 - - default default] No more DHCP agents
2026-06-23 09:49:01.995 7 WARNING neutron.api.rpc.agentnotifiers.dhcp_rpc_agent_api [req-01f59986-040c-42e0-b055-43a70a2127e7 req-e4ddcd8b-422e-4f22-b61d-52bca9c4250a 3da847d4a060420ca80c72f995259170 f044cf595a4344dd87e3d4a15472cba5 - - default default] Unable to schedule network 6a711d19-8e43-4741-b391-0097de10d8bb: no agents available; will retry on subsequent port and subnet creation events.
2026-06-23 09:49:02.175 7 INFO neutron.db.ovn_revision_numbers_db [req-01f59986-040c-42e0-b055-43a70a2127e7 req-e4ddcd8b-422e-4f22-b61d-52bca9c4250a 3da847d4a060420ca80c72f995259170 f044cf595a4344dd87e3d4a15472cba5 - - default default] Successfully bumped revision number for resource 33019847-9af5-4d30-b461-5508935b4f7b (type: ports) to 1
2026-06-23 09:49:02.179 6 INFO neutron.plugins.ml2.drivers.ovn.mech_driver.mech_driver [None req-46b56363-ea41-4267-be7d-bee3a6453ef8 - - - - - -] OVN reports status down for port: 33019847-9af5-4d30-b461-5508935b4f7b [pid: 7|app: 0|req: 744/1476] 199.204.45.25 () {38 vars in 954 bytes} [Tue Jun 23 09:49:01 2026] POST /v2.0/ports => generated 958 bytes in 552 msecs (HTTP/1.1 201) 4 headers in 162 bytes (1 switches on core 0) /var/lib/openstack/lib/python3.12/site-packages/pycadf/identifier.py:70: UserWarning: Invalid uuid: neutron. To ensure interoperability, identifiers should be a valid uuid. warnings.warn(('Invalid uuid: %s. To ensure interoperability, '
2026-06-23 09:49:02.285 7 INFO neutron.pecan_wsgi.hooks.translation [None req-e9183d19-be2f-4ed3-b322-846355896a8f 146e9ba170cb4e08b19ab8ec25ac4d9a 76bcd22b8c7944f59974e5f9097a2474 - - default default] GET failed (client error): The resource could not be found. [pid: 7|app: 0|req: 745/1477] 10.0.0.240 () {32 vars in 717 bytes} [Tue Jun 23 09:49:02 2026] GET /v2.0/ports/16bb3be9-b58d-4a11-8146-8414c67b3f2e => generated 132 bytes in 28 msecs (HTTP/1.1 404) 4 headers in 164 bytes (1 switches on core 0) [pid: 7|app: 0|req: 746/1478] 10.0.0.54 () {28 vars in 578 bytes} [Tue Jun 23 09:49:02 2026] GET /v2.0/ports => generated 13331 bytes in 78 msecs (HTTP/1.1 200) 4 headers in 159 bytes (1 switches on core 0)
2026-06-23 09:49:02.404 6 WARNING neutron.scheduler.dhcp_agent_scheduler [None req-acb768c1-16e7-4c92-ad56-569f1050a0d8 b3a6d2e8da5a4ad9907e278b40500e9a 89e5ee7c4fd04ebcafbcefd8c197568e - - default default] No more DHCP agents
2026-06-23 09:49:02.405 6 WARNING neutron.api.rpc.agentnotifiers.dhcp_rpc_agent_api [None req-acb768c1-16e7-4c92-ad56-569f1050a0d8 b3a6d2e8da5a4ad9907e278b40500e9a 89e5ee7c4fd04ebcafbcefd8c197568e - - default default] Unable to schedule network d438b23b-26ba-4752-b6a5-8d73748f3dbd: no agents available; will retry on subsequent port and subnet creation events. [pid: 7|app: 0|req: 747/1479] 10.0.0.30 () {34 vars in 989 bytes} [Tue Jun 23 09:49:02 2026] GET /v2.0/ports?device_id=a27d4d7a-0d56-4193-8419-aeb5055f8e8e => generated 961 bytes in 50 msecs (HTTP/1.1 200) 4 headers in 157 bytes (1 switches on core 0)
2026-06-23 09:49:02.529 6 INFO neutron.plugins.ml2.drivers.ovn.mech_driver.mech_driver [None req-46b56363-ea41-4267-be7d-bee3a6453ef8 - - - - - -] OVN reports status down for port: f9e50382-eedb-4e41-a787-018ae5958b61
2026-06-23 09:49:02.571 6 INFO neutron.db.ovn_revision_numbers_db [None req-acb768c1-16e7-4c92-ad56-569f1050a0d8 b3a6d2e8da5a4ad9907e278b40500e9a 89e5ee7c4fd04ebcafbcefd8c197568e - - default default] Successfully bumped revision number for resource f9e50382-eedb-4e41-a787-018ae5958b61 (type: ports) to 1
2026-06-23 09:49:02.861 7 INFO neutron.db.ovn_revision_numbers_db [req-01f59986-040c-42e0-b055-43a70a2127e7 req-4f9a58d6-2b18-4388-a66c-d5e367acc51b 299dd71873874687af715106bdb5c288 c8245c779d904589b87c4c3a368877f9 - - a153a0302e7c49ae9f38d10544e610cb a153a0302e7c49ae9f38d10544e610cb] Successfully bumped revision number for resource 33019847-9af5-4d30-b461-5508935b4f7b (type: ports) to 2
2026-06-23 09:49:03.170 7 INFO neutron.db.ovn_revision_numbers_db [req-01f59986-040c-42e0-b055-43a70a2127e7 req-4f9a58d6-2b18-4388-a66c-d5e367acc51b 299dd71873874687af715106bdb5c288 c8245c779d904589b87c4c3a368877f9 - - a153a0302e7c49ae9f38d10544e610cb a153a0302e7c49ae9f38d10544e610cb] Successfully bumped revision number for resource 33019847-9af5-4d30-b461-5508935b4f7b (type: ports) to 4 [pid: 7|app: 0|req: 748/1480] 199.204.45.25 () {38 vars in 1027 bytes} [Tue Jun 23 09:49:02 2026] PUT /v2.0/ports/33019847-9af5-4d30-b461-5508935b4f7b => generated 1208 bytes in 792 msecs (HTTP/1.1 200) 4 headers in 158 bytes (1 switches on core 0) /var/lib/openstack/lib/python3.12/site-packages/pycadf/identifier.py:70: UserWarning: Invalid uuid: neutron. To ensure interoperability, identifiers should be a valid uuid. warnings.warn(('Invalid uuid: %s. To ensure interoperability, '
2026-06-23 09:49:03.250 7 INFO neutron.notifiers.nova [-] Nova event matching ['req-822af1ca-f0e4-41c1-bfbc-d8c6a960b22f'] response: {'name': 'network-changed', 'server_uuid': 'a27d4d7a-0d56-4193-8419-aeb5055f8e8e', 'tag': '33019847-9af5-4d30-b461-5508935b4f7b', 'status': 'completed', 'code': 200}
2026-06-23 09:49:03.381 6 INFO neutron.plugins.ml2.drivers.ovn.mech_driver.ovsdb.commands [None req-30c882ed-0097-4b36-bb54-e9a88aa545f3 - - - - - -] Schedule LRP lrp-f9e50382-eedb-4e41-a787-018ae5958b61 on gateway 8302a191-22ae-4387-a357-ea8546f8309f with priority 1
2026-06-23 09:49:03.402 6 INFO neutron.plugins.ml2.drivers.ovn.mech_driver.mech_driver [None req-46b56363-ea41-4267-be7d-bee3a6453ef8 - - - - - -] OVN reports status up for port: f9e50382-eedb-4e41-a787-018ae5958b61
2026-06-23 09:49:03.409 7 INFO neutron.plugins.ml2.drivers.ovn.mech_driver.ovsdb.ovsdb_monitor [None req-4e59ec29-7cd6-46e4-9c07-625ccac31243 - - - - - -] Router 211f4918-a1c0-499d-872d-5b0f79ec7041 is bound to host instance [pid: 7|app: 0|req: 749/1481] 10.0.0.240 () {32 vars in 724 bytes} [Tue Jun 23 09:49:03 2026] DELETE /v2.0/subnets/64dfc33d-3fa8-4912-a0f4-f5f9c1e2af3a => generated 0 bytes in 207 msecs (HTTP/1.1 204) 3 headers in 131 bytes (1 switches on core 0)
2026-06-23 09:49:03.457 6 INFO neutron.plugins.ml2.plugin [None req-46b56363-ea41-4267-be7d-bee3a6453ef8 - - - - - -] Attempt 1 to provision port f9e50382-eedb-4e41-a787-018ae5958b61
2026-06-23 09:49:03.499 6 INFO neutron.db.ovn_revision_numbers_db [None req-acb768c1-16e7-4c92-ad56-569f1050a0d8 b3a6d2e8da5a4ad9907e278b40500e9a 89e5ee7c4fd04ebcafbcefd8c197568e - - default default] Successfully bumped revision number for resource f9e50382-eedb-4e41-a787-018ae5958b61 (type: router_ports) to 1 [pid: 7|app: 0|req: 750/1482] 10.0.0.54 () {28 vars in 582 bytes} [Tue Jun 23 09:49:03 2026] GET /v2.0/routers => generated 1938 bytes in 224 msecs (HTTP/1.1 200) 4 headers in 158 bytes (1 switches on core 0)
2026-06-23 09:49:03.669 6 INFO neutron.db.ovn_revision_numbers_db [None req-acb768c1-16e7-4c92-ad56-569f1050a0d8 b3a6d2e8da5a4ad9907e278b40500e9a 89e5ee7c4fd04ebcafbcefd8c197568e - - default default] Successfully bumped revision number for resource 211f4918-a1c0-499d-872d-5b0f79ec7041 (type: routers) to 2 [pid: 6|app: 0|req: 733/1483] 10.0.0.240 () {34 vars in 669 bytes} [Tue Jun 23 09:49:01 2026] POST /v2.0/routers => generated 967 bytes in 1905 msecs (HTTP/1.1 201) 4 headers in 162 bytes (1 switches on core 0) [pid: 7|app: 0|req: 751/1484] 10.0.0.30 () {34 vars in 1039 bytes} [Tue Jun 23 09:49:03 2026] GET /v2.0/security-groups?id=1c1725d1-7f18-470a-9022-8775334900e4&fields=id&fields=name => generated 88 bytes in 96 msecs (HTTP/1.1 200) 4 headers in 156 bytes (1 switches on core 0) [pid: 7|app: 0|req: 752/1485] 10.0.0.54 () {28 vars in 623 bytes} [Tue Jun 23 09:49:03 2026] GET /v2.0/agents?binary=ovn-controller => generated 416 bytes in 26 msecs (HTTP/1.1 200) 4 headers in 157 bytes (1 switches on core 0)
2026-06-23 09:49:03.930 6 INFO neutron_taas.services.taas.taas_plugin [None req-171b6a50-5323-476f-a6c6-106a25a5e19f 146e9ba170cb4e08b19ab8ec25ac4d9a 76bcd22b8c7944f59974e5f9097a2474 - - default default] TaaS: Handle Delete Port: 9217a785-c522-4f33-add0-635fdc85c89f
2026-06-23 09:49:03.936 6 INFO neutron_taas.services.taas.tap_mirror_plugin [None req-171b6a50-5323-476f-a6c6-106a25a5e19f 146e9ba170cb4e08b19ab8ec25ac4d9a 76bcd22b8c7944f59974e5f9097a2474 - - default default] Tap Mirror: Handle Delete Port: 9217a785-c522-4f33-add0-635fdc85c89f
2026-06-23 09:49:04.155 6 INFO neutron.services.segments.plugin [-] Segment 700978dd-d95a-4d63-9d64-95820073c0da resource provider aggregate not found
2026-06-23 09:49:04.160 6 INFO neutron.services.segments.plugin [-] Segment 700978dd-d95a-4d63-9d64-95820073c0da resource provider aggregate not found
2026-06-23 09:49:04.183 6 INFO neutron.services.segments.plugin [-] Segment 700978dd-d95a-4d63-9d64-95820073c0da resource provider not found; error: Placement Client Error (4xx): {"errors": [{"status": 404, "title": "Not Found", "detail": "The resource could not be found.\n\n No resource provider with uuid 700978dd-d95a-4d63-9d64-95820073c0da found for delete ", "request_id": "req-1b4d4ef5-9faa-422f-9cd2-cb35bc77b354"}]}
2026-06-23 09:49:04.184 6 INFO neutron.services.segments.plugin [-] Segment 700978dd-d95a-4d63-9d64-95820073c0da resource provider not found; error: Placement Client Error (4xx): {"errors": [{"status": 404, "title": "Not Found", "detail": "The resource could not be found.\n\n No resource provider with uuid 700978dd-d95a-4d63-9d64-95820073c0da found for delete ", "request_id": "req-1a8ab933-1f66-45ac-9319-0acebd0954e9"}]} [pid: 6|app: 0|req: 734/1486] 10.0.0.240 () {32 vars in 726 bytes} [Tue Jun 23 09:49:03 2026] DELETE /v2.0/networks/b13798f1-00a2-4564-8c94-948be3d6e3bf => generated 0 bytes in 509 msecs (HTTP/1.1 204) 3 headers in 131 bytes (1 switches on core 0) [pid: 6|app: 0|req: 735/1487] 199.204.45.25 () {34 vars in 1079 bytes} [Tue Jun 23 09:49:04 2026] GET /v2.0/ports?tenant_id=f044cf595a4344dd87e3d4a15472cba5&device_id=a27d4d7a-0d56-4193-8419-aeb5055f8e8e => generated 1211 bytes in 41 msecs (HTTP/1.1 200) 4 headers in 158 bytes (1 switches on core 0) [pid: 6|app: 0|req: 736/1488] 10.0.0.54 () {28 vars in 580 bytes} [Tue Jun 23 09:49:04 2026] GET /v2.0/agents => generated 1214 bytes in 12 msecs (HTTP/1.1 200) 4 headers in 158 bytes (1 switches on core 0)
2026-06-23 09:49:04.370 6 INFO neutron.db.segments_db [None req-e8a08383-9c50-484b-adff-3756edc1ca75 146e9ba170cb4e08b19ab8ec25ac4d9a 76bcd22b8c7944f59974e5f9097a2474 - - default default] Added segment 46517b5f-d4d3-4ac1-b4a3-4a580014525a of type geneve for network 17f81186-5814-4b54-bc1e-cc119800dbd5
2026-06-23 09:49:04.506 6 INFO neutron.db.ovn_revision_numbers_db [None req-e8a08383-9c50-484b-adff-3756edc1ca75 146e9ba170cb4e08b19ab8ec25ac4d9a 76bcd22b8c7944f59974e5f9097a2474 - - default default] Successfully bumped revision number for resource 17f81186-5814-4b54-bc1e-cc119800dbd5 (type: networks) to 1
2026-06-23 09:49:04.742 6 WARNING neutron.scheduler.dhcp_agent_scheduler [None req-e8a08383-9c50-484b-adff-3756edc1ca75 146e9ba170cb4e08b19ab8ec25ac4d9a 76bcd22b8c7944f59974e5f9097a2474 - - default default] No more DHCP agents
2026-06-23 09:49:04.744 6 WARNING neutron.api.rpc.agentnotifiers.dhcp_rpc_agent_api [None req-e8a08383-9c50-484b-adff-3756edc1ca75 146e9ba170cb4e08b19ab8ec25ac4d9a 76bcd22b8c7944f59974e5f9097a2474 - - default default] Unable to schedule network 17f81186-5814-4b54-bc1e-cc119800dbd5: no agents available; will retry on subsequent port and subnet creation events.
2026-06-23 09:49:04.756 7 WARNING neutron.scheduler.dhcp_agent_scheduler [None req-71fad247-9b38-4019-9535-81a194c163ce b3a6d2e8da5a4ad9907e278b40500e9a 89e5ee7c4fd04ebcafbcefd8c197568e - - default default] No more DHCP agents
2026-06-23 09:49:04.760 7 WARNING neutron.api.rpc.agentnotifiers.dhcp_rpc_agent_api [None req-71fad247-9b38-4019-9535-81a194c163ce b3a6d2e8da5a4ad9907e278b40500e9a 89e5ee7c4fd04ebcafbcefd8c197568e - - default default] Unable to schedule network 7fa93c15-905b-472a-86b1-d1020acdcbaa: no agents available; will retry on subsequent port and subnet creation events.
2026-06-23 09:49:04.829 7 INFO neutron.plugins.ml2.drivers.ovn.mech_driver.mech_driver [None req-fcf0c93e-0121-4f8c-ad46-f4f48b71526f - - - - - -] OVN reports status down for port: c4ad591f-8d5e-4f36-9337-7d3cd68e61d5
2026-06-23 09:49:04.829 6 INFO neutron.db.ovn_revision_numbers_db [None req-e8a08383-9c50-484b-adff-3756edc1ca75 146e9ba170cb4e08b19ab8ec25ac4d9a 76bcd22b8c7944f59974e5f9097a2474 - - default default] Successfully bumped revision number for resource c4ad591f-8d5e-4f36-9337-7d3cd68e61d5 (type: ports) to 1 [pid: 6|app: 0|req: 737/1489] 10.0.0.240 () {34 vars in 670 bytes} [Tue Jun 23 09:49:04 2026] POST /v2.0/networks => generated 651 bytes in 581 msecs (HTTP/1.1 201) 4 headers in 162 bytes (1 switches on core 0) [pid: 6|app: 0|req: 738/1490] 199.204.45.25 () {34 vars in 1017 bytes} [Tue Jun 23 09:49:04 2026] GET /v2.0/networks?tenant_id=f044cf595a4344dd87e3d4a15472cba5&shared=False => generated 810 bytes in 44 msecs (HTTP/1.1 200) 4 headers in 157 bytes (1 switches on core 0) [pid: 6|app: 0|req: 739/1491] 10.0.0.54 () {28 vars in 582 bytes} [Tue Jun 23 09:49:04 2026] GET /v2.0/subnets => generated 2665 bytes in 31 msecs (HTTP/1.1 200) 4 headers in 158 bytes (1 switches on core 0)
2026-06-23 09:49:05.043 7 INFO neutron.plugins.ml2.drivers.ovn.mech_driver.mech_driver [None req-fcf0c93e-0121-4f8c-ad46-f4f48b71526f - - - - - -] OVN reports status down for port: 076d5393-88c1-4bb7-9764-6a1aee6ae6e7
2026-06-23 09:49:05.116 7 INFO neutron.db.ovn_revision_numbers_db [None req-71fad247-9b38-4019-9535-81a194c163ce b3a6d2e8da5a4ad9907e278b40500e9a 89e5ee7c4fd04ebcafbcefd8c197568e - - default default] Successfully bumped revision number for resource 076d5393-88c1-4bb7-9764-6a1aee6ae6e7 (type: ports) to 1
2026-06-23 09:49:05.205 6 INFO neutron.db.ovn_revision_numbers_db [None req-a60d9ae9-68b4-495c-9d9d-cecdfd839e15 b3a6d2e8da5a4ad9907e278b40500e9a 89e5ee7c4fd04ebcafbcefd8c197568e - - default default] Successfully bumped revision number for resource 03bce4e8-eb7a-48af-8ee4-d198ff577c9e (type: security_groups) to 1
2026-06-23 09:49:05.217 6 INFO neutron.db.ovn_revision_numbers_db [None req-a60d9ae9-68b4-495c-9d9d-cecdfd839e15 b3a6d2e8da5a4ad9907e278b40500e9a 89e5ee7c4fd04ebcafbcefd8c197568e - - default default] Successfully bumped revision number for resource 55196b33-3655-40dd-b17b-52b43acc76d7 (type: security_group_rules) to 0
2026-06-23 09:49:05.230 6 INFO neutron.db.ovn_revision_numbers_db [None req-a60d9ae9-68b4-495c-9d9d-cecdfd839e15 b3a6d2e8da5a4ad9907e278b40500e9a 89e5ee7c4fd04ebcafbcefd8c197568e - - default default] Successfully bumped revision number for resource c254f24c-3e5d-43ee-9453-c13ac25237bc (type: security_group_rules) to 0
2026-06-23 09:49:05.244 6 INFO neutron.db.ovn_revision_numbers_db [None req-a60d9ae9-68b4-495c-9d9d-cecdfd839e15 b3a6d2e8da5a4ad9907e278b40500e9a 89e5ee7c4fd04ebcafbcefd8c197568e - - default default] Successfully bumped revision number for resource e4bc0764-043d-49fe-9874-3c8994f3a882 (type: security_group_rules) to 0
2026-06-23 09:49:05.256 6 INFO neutron.db.ovn_revision_numbers_db [None req-a60d9ae9-68b4-495c-9d9d-cecdfd839e15 b3a6d2e8da5a4ad9907e278b40500e9a 89e5ee7c4fd04ebcafbcefd8c197568e - - default default] Successfully bumped revision number for resource ea264311-ab5c-4e3a-b37e-4dbfe4f65d2d (type: security_group_rules) to 0 [pid: 6|app: 0|req: 742/1494] 10.0.0.240 () {32 vars in 774 bytes} [Tue Jun 23 09:49:04 2026] GET /v2.0/security-groups?tenant_id=d262ee89174d448a8b04cbf8a31ffd8e&name=default => generated 2925 bytes in 358 msecs (HTTP/1.1 200) 4 headers in 158 bytes (1 switches on core 0) [pid: 6|app: 0|req: 743/1495] 10.0.0.30 () {34 vars in 989 bytes} [Tue Jun 23 09:49:05 2026] GET /v2.0/ports?device_id=a27d4d7a-0d56-4193-8419-aeb5055f8e8e => generated 973 bytes in 118 msecs (HTTP/1.1 200) 4 headers in 157 bytes (1 switches on core 0)
2026-06-23 09:49:05.467 7 INFO neutron.db.ovn_revision_numbers_db [None req-1ef250df-3511-4ce4-b3cb-9cae1fdb84e8 - - - - - -] Successfully bumped revision number for resource f9e50382-eedb-4e41-a787-018ae5958b61 (type: ports) to 4
2026-06-23 09:49:05.648 6 WARNING neutron.scheduler.dhcp_agent_scheduler [None req-76a7ce91-6389-42ca-837e-c79d4e8ffb16 146e9ba170cb4e08b19ab8ec25ac4d9a 76bcd22b8c7944f59974e5f9097a2474 - - default default] No more DHCP agents
2026-06-23 09:49:05.650 6 WARNING neutron.api.rpc.agentnotifiers.dhcp_rpc_agent_api [None req-76a7ce91-6389-42ca-837e-c79d4e8ffb16 146e9ba170cb4e08b19ab8ec25ac4d9a 76bcd22b8c7944f59974e5f9097a2474 - - default default] Unable to schedule network 17f81186-5814-4b54-bc1e-cc119800dbd5: no agents available; will retry on subsequent port and subnet creation events.
2026-06-23 09:49:06.086 6 INFO neutron.db.ovn_revision_numbers_db [None req-d25ff9f8-f2af-4320-b878-59ec8aeb12a7 - - - - - -] Successfully bumped revision number for resource c4ad591f-8d5e-4f36-9337-7d3cd68e61d5 (type: ports) to 2
2026-06-23 09:49:06.125 6 INFO neutron.db.ovn_revision_numbers_db [None req-d25ff9f8-f2af-4320-b878-59ec8aeb12a7 - - - - - -] Successfully bumped revision number for resource 5d1bd930-ba0a-4126-8c42-d800d5f86383 (type: subnets) to 0 [pid: 6|app: 0|req: 744/1496] 10.0.0.240 () {34 vars in 669 bytes} [Tue Jun 23 09:49:05 2026] POST /v2.0/subnets => generated 626 bytes in 753 msecs (HTTP/1.1 201) 4 headers in 162 bytes (1 switches on core 0)
2026-06-23 09:49:06.163 7 INFO neutron.db.ovn_revision_numbers_db [None req-1ef250df-3511-4ce4-b3cb-9cae1fdb84e8 - - - - - -] Successfully bumped revision number for resource f9e50382-eedb-4e41-a787-018ae5958b61 (type: ports) to 5 [pid: 6|app: 0|req: 745/1497] 199.204.45.25 () {34 vars in 929 bytes} [Tue Jun 23 09:49:06 2026] GET /v2.0/networks?shared=True => generated 791 bytes in 68 msecs (HTTP/1.1 200) 4 headers in 157 bytes (1 switches on core 0) [pid: 6|app: 0|req: 746/1498] 10.0.0.54 () {28 vars in 618 bytes} [Tue Jun 23 09:49:06 2026] GET /v2.0/network-ip-availabilities => generated 2746 bytes in 15 msecs (HTTP/1.1 200) 4 headers in 158 bytes (1 switches on core 0)
2026-06-23 09:49:06.350 7 INFO neutron.plugins.ml2.drivers.ovn.mech_driver.mech_driver [None req-fcf0c93e-0121-4f8c-ad46-f4f48b71526f - - - - - -] OVN reports status up for port: 076d5393-88c1-4bb7-9764-6a1aee6ae6e7
2026-06-23 09:49:06.387 7 INFO neutron.plugins.ml2.plugin [None req-fcf0c93e-0121-4f8c-ad46-f4f48b71526f - - - - - -] Attempt 1 to provision port 076d5393-88c1-4bb7-9764-6a1aee6ae6e7
2026-06-23 09:49:06.515 7 WARNING neutron.scheduler.dhcp_agent_scheduler [None req-71fad247-9b38-4019-9535-81a194c163ce b3a6d2e8da5a4ad9907e278b40500e9a 89e5ee7c4fd04ebcafbcefd8c197568e - - default default] No more DHCP agents
2026-06-23 09:49:06.520 7 WARNING neutron.api.rpc.agentnotifiers.dhcp_rpc_agent_api [None req-71fad247-9b38-4019-9535-81a194c163ce b3a6d2e8da5a4ad9907e278b40500e9a 89e5ee7c4fd04ebcafbcefd8c197568e - - default default] Unable to schedule network 7fa93c15-905b-472a-86b1-d1020acdcbaa: no agents available; will retry on subsequent port and subnet creation events. [pid: 6|app: 0|req: 747/1499] 10.0.0.240 () {32 vars in 740 bytes} [Tue Jun 23 09:49:06 2026] DELETE /v2.0/security-groups/03bce4e8-eb7a-48af-8ee4-d198ff577c9e => generated 0 bytes in 273 msecs (HTTP/1.1 204) 2 headers in 112 bytes (1 switches on core 0) [pid: 6|app: 0|req: 748/1500] 10.0.0.30 () {34 vars in 1039 bytes} [Tue Jun 23 09:49:06 2026] GET /v2.0/security-groups?id=1c1725d1-7f18-470a-9022-8775334900e4&fields=id&fields=name => generated 88 bytes in 33 msecs (HTTP/1.1 200) 4 headers in 156 bytes (1 switches on core 0)
2026-06-23 09:49:06.837 6 WARNING neutron.scheduler.dhcp_agent_scheduler [None req-6edca9e3-5983-4bcd-ac1d-4541deca04ec 146e9ba170cb4e08b19ab8ec25ac4d9a 76bcd22b8c7944f59974e5f9097a2474 - - default default] No more DHCP agents
2026-06-23 09:49:06.838 6 WARNING neutron.api.rpc.agentnotifiers.dhcp_rpc_agent_api [None req-6edca9e3-5983-4bcd-ac1d-4541deca04ec 146e9ba170cb4e08b19ab8ec25ac4d9a 76bcd22b8c7944f59974e5f9097a2474 - - default default] Unable to schedule network 17f81186-5814-4b54-bc1e-cc119800dbd5: no agents available; will retry on subsequent port and subnet creation events.
2026-06-23 09:49:06.985 6 INFO neutron.db.ovn_revision_numbers_db [None req-6edca9e3-5983-4bcd-ac1d-4541deca04ec 146e9ba170cb4e08b19ab8ec25ac4d9a 76bcd22b8c7944f59974e5f9097a2474 - - default default] Successfully bumped revision number for resource 89e4a7c6-4358-41b4-a27e-9735749a2c35 (type: ports) to 1 [pid: 6|app: 0|req: 749/1501] 10.0.0.240 () {34 vars in 665 bytes} [Tue Jun 23 09:49:06 2026] POST /v2.0/ports => generated 911 bytes in 456 msecs (HTTP/1.1 201) 4 headers in 162 bytes (1 switches on core 0) [pid: 6|app: 0|req: 750/1502] 10.0.0.54 () {28 vars in 582 bytes} [Tue Jun 23 09:49:07 2026] GET /v2.0/subnets => generated 3299 bytes in 43 msecs (HTTP/1.1 200) 4 headers in 158 bytes (1 switches on core 0)
2026-06-23 09:49:07.150 7 INFO neutron.db.ovn_revision_numbers_db [None req-fcf0c93e-0121-4f8c-ad46-f4f48b71526f - - - - - -] Successfully bumped revision number for resource 076d5393-88c1-4bb7-9764-6a1aee6ae6e7 (type: ports) to 2
2026-06-23 09:49:07.181 6 INFO neutron_taas.services.taas.taas_plugin [None req-d610d215-3dd3-4197-ac42-1705136ba929 146e9ba170cb4e08b19ab8ec25ac4d9a 76bcd22b8c7944f59974e5f9097a2474 - - default default] TaaS: Handle Delete Port: 89e4a7c6-4358-41b4-a27e-9735749a2c35
2026-06-23 09:49:07.184 6 INFO neutron_taas.services.taas.tap_mirror_plugin [None req-d610d215-3dd3-4197-ac42-1705136ba929 146e9ba170cb4e08b19ab8ec25ac4d9a 76bcd22b8c7944f59974e5f9097a2474 - - default default] Tap Mirror: Handle Delete Port: 89e4a7c6-4358-41b4-a27e-9735749a2c35 [pid: 6|app: 0|req: 751/1503] 10.0.0.240 () {32 vars in 720 bytes} [Tue Jun 23 09:49:07 2026] DELETE /v2.0/ports/89e4a7c6-4358-41b4-a27e-9735749a2c35 => generated 0 bytes in 287 msecs (HTTP/1.1 204) 3 headers in 131 bytes (1 switches on core 0) [pid: 6|app: 0|req: 752/1504] 10.0.0.54 () {28 vars in 590 bytes} [Tue Jun 23 09:49:07 2026] GET /v2.0/subnetpools => generated 19 bytes in 15 msecs (HTTP/1.1 200) 4 headers in 156 bytes (1 switches on core 0) [pid: 6|app: 0|req: 753/1505] 199.204.45.25 () {34 vars in 1079 bytes} [Tue Jun 23 09:49:07 2026] GET /v2.0/ports?tenant_id=f044cf595a4344dd87e3d4a15472cba5&device_id=a27d4d7a-0d56-4193-8419-aeb5055f8e8e => generated 1211 bytes in 31 msecs (HTTP/1.1 200) 4 headers in 158 bytes (1 switches on core 0)
2026-06-23 09:49:07.393 7 INFO neutron.db.ovn_revision_numbers_db [None req-71fad247-9b38-4019-9535-81a194c163ce b3a6d2e8da5a4ad9907e278b40500e9a 89e5ee7c4fd04ebcafbcefd8c197568e - - default default] Successfully bumped revision number for resource 076d5393-88c1-4bb7-9764-6a1aee6ae6e7 (type: router_ports) to 1 [pid: 7|app: 0|req: 753/1506] 10.0.0.240 () {34 vars in 783 bytes} [Tue Jun 23 09:49:03 2026] PUT /v2.0/routers/211f4918-a1c0-499d-872d-5b0f79ec7041/add_router_interface => generated 309 bytes in 3632 msecs (HTTP/1.1 200) 4 headers in 157 bytes (1 switches on core 0)
2026-06-23 09:49:07.404 6 INFO neutron.pecan_wsgi.hooks.translation [None req-0dac0002-d024-4f6d-a5c2-f66ade9fdba8 146e9ba170cb4e08b19ab8ec25ac4d9a 76bcd22b8c7944f59974e5f9097a2474 - - default default] GET failed (client error): The resource could not be found. [pid: 6|app: 0|req: 754/1507] 10.0.0.240 () {32 vars in 717 bytes} [Tue Jun 23 09:49:07 2026] GET /v2.0/ports/89e4a7c6-4358-41b4-a27e-9735749a2c35 => generated 132 bytes in 16 msecs (HTTP/1.1 404) 4 headers in 164 bytes (1 switches on core 0) [pid: 7|app: 0|req: 754/1508] 10.0.0.54 () {28 vars in 590 bytes} [Tue Jun 23 09:49:07 2026] GET /v2.0/floatingips => generated 19 bytes in 20 msecs (HTTP/1.1 200) 4 headers in 156 bytes (1 switches on core 0) [pid: 6|app: 0|req: 755/1509] 199.204.45.25 () {34 vars in 1059 bytes} [Tue Jun 23 09:49:07 2026] GET /v2.0/floatingips?fixed_ip_address=10.100.0.14&port_id=33019847-9af5-4d30-b461-5508935b4f7b => generated 19 bytes in 26 msecs (HTTP/1.1 200) 4 headers in 156 bytes (1 switches on core 0) [pid: 6|app: 0|req: 756/1510] 10.0.0.54 () {28 vars in 598 bytes} [Tue Jun 23 09:49:07 2026] GET /v2.0/security-groups => generated 26109 bytes in 39 msecs (HTTP/1.1 200) 4 headers in 159 bytes (1 switches on core 0) [pid: 6|app: 0|req: 757/1511] 199.204.45.25 () {34 vars in 983 bytes} [Tue Jun 23 09:49:07 2026] GET /v2.0/subnets?id=a80a60c6-6045-4e72-b6a0-1ba1f8952d89 => generated 691 bytes in 29 msecs (HTTP/1.1 200) 4 headers in 157 bytes (1 switches on core 0) [pid: 6|app: 0|req: 758/1512] 199.204.45.25 () {34 vars in 1051 bytes} [Tue Jun 23 09:49:07 2026] GET /v2.0/ports?network_id=6a711d19-8e43-4741-b391-0097de10d8bb&device_owner=network%3Adhcp => generated 12 bytes in 19 msecs (HTTP/1.1 200) 4 headers in 156 bytes (1 switches on core 0) [pid: 7|app: 0|req: 755/1513] 10.0.0.240 () {32 vars in 724 bytes} [Tue Jun 23 09:49:07 2026] DELETE /v2.0/subnets/5d1bd930-ba0a-4126-8c42-d800d5f86383 => generated 0 bytes in 150 msecs (HTTP/1.1 204) 3 headers in 131 bytes (1 switches on core 0) [pid: 6|app: 0|req: 759/1514] 199.204.45.25 () {34 vars in 1011 bytes} [Tue Jun 23 09:49:07 2026] GET /v2.0/networks/6a711d19-8e43-4741-b391-0097de10d8bb?fields=segments => generated 14 bytes in 38 msecs (HTTP/1.1 200) 4 headers in 156 bytes (1 switches on core 0) [pid: 6|app: 0|req: 760/1515] 199.204.45.25 () {34 vars in 1111 bytes} [Tue Jun 23 09:49:07 2026] GET /v2.0/networks/6a711d19-8e43-4741-b391-0097de10d8bb?fields=provider%3Aphysical_network&fields=provider%3Anetwork_type => generated 79 bytes in 43 msecs (HTTP/1.1 200) 4 headers in 156 bytes (1 switches on core 0) [pid: 6|app: 0|req: 761/1516] 10.0.0.30 () {34 vars in 989 bytes} [Tue Jun 23 09:49:07 2026] GET /v2.0/ports?device_id=a27d4d7a-0d56-4193-8419-aeb5055f8e8e => generated 973 bytes in 46 msecs (HTTP/1.1 200) 4 headers in 157 bytes (1 switches on core 0) [pid: 6|app: 0|req: 762/1517] 10.0.0.30 () {34 vars in 1039 bytes} [Tue Jun 23 09:49:07 2026] GET /v2.0/security-groups?id=1c1725d1-7f18-470a-9022-8775334900e4&fields=id&fields=name => generated 88 bytes in 35 msecs (HTTP/1.1 200) 4 headers in 156 bytes (1 switches on core 0)
2026-06-23 09:49:07.736 7 INFO neutron_taas.services.taas.taas_plugin [None req-1d5a34e8-203a-4e72-9480-cb58cc73ddfc 146e9ba170cb4e08b19ab8ec25ac4d9a 76bcd22b8c7944f59974e5f9097a2474 - - default default] TaaS: Handle Delete Port: c4ad591f-8d5e-4f36-9337-7d3cd68e61d5
2026-06-23 09:49:07.740 7 INFO neutron_taas.services.taas.tap_mirror_plugin [None req-1d5a34e8-203a-4e72-9480-cb58cc73ddfc 146e9ba170cb4e08b19ab8ec25ac4d9a 76bcd22b8c7944f59974e5f9097a2474 - - default default] Tap Mirror: Handle Delete Port: c4ad591f-8d5e-4f36-9337-7d3cd68e61d5
2026-06-23 09:49:07.936 7 INFO neutron.services.segments.plugin [-] Segment 46517b5f-d4d3-4ac1-b4a3-4a580014525a resource provider aggregate not found
2026-06-23 09:49:07.944 7 INFO neutron.services.segments.plugin [-] Segment 46517b5f-d4d3-4ac1-b4a3-4a580014525a resource provider aggregate not found
2026-06-23 09:49:07.959 7 INFO neutron.services.segments.plugin [-] Segment 46517b5f-d4d3-4ac1-b4a3-4a580014525a resource provider not found; error: Placement Client Error (4xx): {"errors": [{"status": 404, "title": "Not Found", "detail": "The resource could not be found.\n\n No resource provider with uuid 46517b5f-d4d3-4ac1-b4a3-4a580014525a found for delete ", "request_id": "req-0d70c00c-1d15-4e30-8dcb-bde8d19990ac"}]}
