Apr 02 10:54:33.070011 np0000162881 devstack@neutron-api.service[102143]: DEBUG neutron_lib.callbacks.manager [None req-8be84fe5-13a2-4e62-b94b-5f8128987126 None None] Subscribe: > floatingip after_create 55550000, False {{(pid=102143) subscribe /opt/stack/data/venv/lib/python3.12/site-packages/neutron_lib/callbacks/manager.py:52}}
Apr 02 10:54:33.070520 np0000162881 devstack@neutron-api.service[102142]: DEBUG neutron_lib.callbacks.manager [None req-f339584b-c5f1-4acf-9943-cd91060b035c None None] Subscribe: > port after_delete 55550000, False {{(pid=102142) subscribe /opt/stack/data/venv/lib/python3.12/site-packages/neutron_lib/callbacks/manager.py:52}}
Apr 02 10:54:33.070987 np0000162881 devstack@neutron-api.service[102143]: DEBUG neutron_lib.callbacks.manager [None req-8be84fe5-13a2-4e62-b94b-5f8128987126 None None] Subscribe: > floatingip precommit_create 55550000, False {{(pid=102143) subscribe /opt/stack/data/venv/lib/python3.12/site-packages/neutron_lib/callbacks/manager.py:52}}
Apr 02 10:54:33.070987 np0000162881 devstack@neutron-api.service[102143]: DEBUG neutron_lib.callbacks.manager [None req-8be84fe5-13a2-4e62-b94b-5f8128987126 None None] Subscribe: > floatingip precommit_update 55550000, False {{(pid=102143) subscribe /opt/stack/data/venv/lib/python3.12/site-packages/neutron_lib/callbacks/manager.py:52}}
Apr 02 10:54:33.071581 np0000162881 devstack@neutron-api.service[102142]: DEBUG neutron_lib.callbacks.manager [None req-f339584b-c5f1-4acf-9943-cd91060b035c None None] Subscribe: > subnet after_create 55550000, False {{(pid=102142) subscribe /opt/stack/data/venv/lib/python3.12/site-packages/neutron_lib/callbacks/manager.py:52}}
Apr 02 10:54:33.072139 np0000162881 devstack@neutron-api.service[102143]: DEBUG neutron_lib.callbacks.manager [None req-8be84fe5-13a2-4e62-b94b-5f8128987126 None None] Subscribe: > floatingip after_delete 55550000, False {{(pid=102143) subscribe /opt/stack/data/venv/lib/python3.12/site-packages/neutron_lib/callbacks/manager.py:52}}
Apr 02 10:54:33.072777 np0000162881 devstack@neutron-api.service[102142]: DEBUG neutron_lib.callbacks.manager [None req-f339584b-c5f1-4acf-9943-cd91060b035c None None] Subscribe: > subnet after_update 55550000, False {{(pid=102142) subscribe /opt/stack/data/venv/lib/python3.12/site-packages/neutron_lib/callbacks/manager.py:52}}
Apr 02 10:54:33.073442 np0000162881 devstack@neutron-api.service[102143]: DEBUG neutron_lib.callbacks.manager [None req-8be84fe5-13a2-4e62-b94b-5f8128987126 None None] Subscribe: > floatingip after_status_update 55550000, False {{(pid=102143) subscribe /opt/stack/data/venv/lib/python3.12/site-packages/neutron_lib/callbacks/manager.py:52}}
Apr 02 10:54:33.073995 np0000162881 devstack@neutron-api.service[102142]: DEBUG neutron_lib.callbacks.manager [None req-f339584b-c5f1-4acf-9943-cd91060b035c None None] Subscribe: > subnet after_delete 55550000, False {{(pid=102142) subscribe /opt/stack/data/venv/lib/python3.12/site-packages/neutron_lib/callbacks/manager.py:52}}
Apr 02 10:54:33.074332 np0000162881 devstack@neutron-api.service[102143]: DEBUG neutron_lib.callbacks.manager [None req-8be84fe5-13a2-4e62-b94b-5f8128987126 None None] Subscribe: > floatingip after_update 55550000, False {{(pid=102143) subscribe /opt/stack/data/venv/lib/python3.12/site-packages/neutron_lib/callbacks/manager.py:52}}
Apr 02 10:54:33.074915 np0000162881 devstack@neutron-api.service[102142]: DEBUG neutron_lib.callbacks.manager [None req-f339584b-c5f1-4acf-9943-cd91060b035c None None] Subscribe: > network after_create 55550000, False {{(pid=102142) subscribe /opt/stack/data/venv/lib/python3.12/site-packages/neutron_lib/callbacks/manager.py:52}}
Apr 02 10:54:33.075283 np0000162881 devstack@neutron-api.service[102143]: DEBUG neutron_lib.callbacks.manager [None req-8be84fe5-13a2-4e62-b94b-5f8128987126 None None] Subscribe: > port_forwarding after_create 55550000, False {{(pid=102143) subscribe /opt/stack/data/venv/lib/python3.12/site-packages/neutron_lib/callbacks/manager.py:52}}
Apr 02 10:54:33.075635 np0000162881 devstack@neutron-api.service[102142]: DEBUG neutron_lib.callbacks.manager [None req-f339584b-c5f1-4acf-9943-cd91060b035c None None] Subscribe: > network after_update 55550000, False {{(pid=102142) subscribe /opt/stack/data/venv/lib/python3.12/site-packages/neutron_lib/callbacks/manager.py:52}}
Apr 02 10:54:33.075985 np0000162881 devstack@neutron-api.service[102143]: DEBUG neutron_lib.callbacks.manager [None req-8be84fe5-13a2-4e62-b94b-5f8128987126 None None] Subscribe: > router_interface after_delete 55550000, False {{(pid=102143) subscribe /opt/stack/data/venv/lib/python3.12/site-packages/neutron_lib/callbacks/manager.py:52}}
Apr 02 10:54:33.076227 np0000162881 devstack@neutron-api.service[102142]: DEBUG neutron_lib.callbacks.manager [None req-f339584b-c5f1-4acf-9943-cd91060b035c None None] Subscribe: > network after_delete 55550000, False {{(pid=102142) subscribe /opt/stack/data/venv/lib/python3.12/site-packages/neutron_lib/callbacks/manager.py:52}}
Apr 02 10:54:33.076564 np0000162881 devstack@neutron-api.service[102143]: DEBUG neutron_lib.callbacks.manager [None req-8be84fe5-13a2-4e62-b94b-5f8128987126 None None] Subscribe: > router after_create 55550000, False {{(pid=102143) subscribe /opt/stack/data/venv/lib/python3.12/site-packages/neutron_lib/callbacks/manager.py:52}}
Apr 02 10:54:33.076812 np0000162881 devstack@neutron-api.service[102142]: DEBUG neutron_lib.callbacks.manager [None req-f339584b-c5f1-4acf-9943-cd91060b035c None None] Subscribe: > security_group after_create 55550000, False {{(pid=102142) subscribe /opt/stack/data/venv/lib/python3.12/site-packages/neutron_lib/callbacks/manager.py:52}}
Apr 02 10:54:33.077108 np0000162881 devstack@neutron-api.service[102143]: DEBUG neutron_lib.callbacks.manager [None req-8be84fe5-13a2-4e62-b94b-5f8128987126 None None] Subscribe: > router precommit_create 55550000, False {{(pid=102143) subscribe /opt/stack/data/venv/lib/python3.12/site-packages/neutron_lib/callbacks/manager.py:52}}
Apr 02 10:54:33.077451 np0000162881 devstack@neutron-api.service[102142]: DEBUG neutron_lib.callbacks.manager [None req-f339584b-c5f1-4acf-9943-cd91060b035c None None] Subscribe: > security_group after_update 55550000, False {{(pid=102142) subscribe /opt/stack/data/venv/lib/python3.12/site-packages/neutron_lib/callbacks/manager.py:52}}
Apr 02 10:54:33.077717 np0000162881 devstack@neutron-api.service[102143]: DEBUG neutron_lib.callbacks.manager [None req-8be84fe5-13a2-4e62-b94b-5f8128987126 None None] Subscribe: > router after_delete 55550000, False {{(pid=102143) subscribe /opt/stack/data/venv/lib/python3.12/site-packages/neutron_lib/callbacks/manager.py:52}}
Apr 02 10:54:33.078025 np0000162881 devstack@neutron-api.service[102142]: DEBUG neutron_lib.callbacks.manager [None req-f339584b-c5f1-4acf-9943-cd91060b035c None None] Subscribe: > security_group after_delete 55550000, False {{(pid=102142) subscribe /opt/stack/data/venv/lib/python3.12/site-packages/neutron_lib/callbacks/manager.py:52}}
Apr 02 10:54:33.078438 np0000162881 devstack@neutron-api.service[102143]: DEBUG neutron_lib.callbacks.manager [None req-8be84fe5-13a2-4e62-b94b-5f8128987126 None None] Subscribe: > router after_update 55550000, False {{(pid=102143) subscribe /opt/stack/data/venv/lib/python3.12/site-packages/neutron_lib/callbacks/manager.py:52}}
Apr 02 10:54:33.078795 np0000162881 devstack@neutron-api.service[102142]: DEBUG neutron_lib.callbacks.manager [None req-f339584b-c5f1-4acf-9943-cd91060b035c None None] Subscribe: > security_group_rule after_create 55550000, False {{(pid=102142) subscribe /opt/stack/data/venv/lib/python3.12/site-packages/neutron_lib/callbacks/manager.py:52}}
Apr 02 10:54:33.079168 np0000162881 devstack@neutron-api.service[102143]: DEBUG neutron.services.service_base [None req-8be84fe5-13a2-4e62-b94b-5f8128987126 None None] Loaded 'neutron.services.ovn_l3.service_providers.ovn.OvnDriver' provider for service L3_ROUTER_NAT {{(pid=102143) load_drivers /opt/stack/neutron/neutron/services/service_base.py:49}}
Apr 02 10:54:33.079550 np0000162881 devstack@neutron-api.service[102142]: DEBUG neutron_lib.callbacks.manager [None req-f339584b-c5f1-4acf-9943-cd91060b035c None None] Subscribe: > security_group_rule after_update 55550000, False {{(pid=102142) subscribe /opt/stack/data/venv/lib/python3.12/site-packages/neutron_lib/callbacks/manager.py:52}}
Apr 02 10:54:33.079919 np0000162881 devstack@neutron-api.service[102143]: DEBUG neutron_lib.callbacks.manager [None req-8be84fe5-13a2-4e62-b94b-5f8128987126 None None] Subscribe: > process after_init 55550001, True {{(pid=102143) subscribe /opt/stack/data/venv/lib/python3.12/site-packages/neutron_lib/callbacks/manager.py:52}}
Apr 02 10:54:33.080197 np0000162881 devstack@neutron-api.service[102142]: DEBUG neutron_lib.callbacks.manager [None req-f339584b-c5f1-4acf-9943-cd91060b035c None None] Subscribe: > security_group_rule after_delete 55550000, False {{(pid=102142) subscribe /opt/stack/data/venv/lib/python3.12/site-packages/neutron_lib/callbacks/manager.py:52}}
Apr 02 10:54:33.080665 np0000162881 devstack@neutron-api.service[102143]: DEBUG neutron.manager [None req-8be84fe5-13a2-4e62-b94b-5f8128987126 None None] Successfully loaded L3_ROUTER_NAT plugin. Description: L3 Router Service Plugin for basic L3 forwarding using OVN {{(pid=102143) _create_and_add_service_plugin /opt/stack/neutron/neutron/manager.py:239}}
Apr 02 10:54:33.080665 np0000162881 devstack@neutron-api.service[102143]: INFO neutron.manager [None req-8be84fe5-13a2-4e62-b94b-5f8128987126 None None] Loading Plugin: auto_allocate
Apr 02 10:54:33.081009 np0000162881 devstack@neutron-api.service[102142]: DEBUG neutron_lib.callbacks.manager [None req-f339584b-c5f1-4acf-9943-cd91060b035c None None] Subscribe: > address_group after_create 55550000, False {{(pid=102142) subscribe /opt/stack/data/venv/lib/python3.12/site-packages/neutron_lib/callbacks/manager.py:52}}
Apr 02 10:54:33.081009 np0000162881 devstack@neutron-api.service[102142]: DEBUG neutron_lib.callbacks.manager [None req-f339584b-c5f1-4acf-9943-cd91060b035c None None] Subscribe: > address_group after_update 55550000, False {{(pid=102142) subscribe /opt/stack/data/venv/lib/python3.12/site-packages/neutron_lib/callbacks/manager.py:52}}
Apr 02 10:54:33.081009 np0000162881 devstack@neutron-api.service[102142]: DEBUG neutron_lib.callbacks.manager [None req-f339584b-c5f1-4acf-9943-cd91060b035c None None] Subscribe: > address_group after_delete 55550000, False {{(pid=102142) subscribe /opt/stack/data/venv/lib/python3.12/site-packages/neutron_lib/callbacks/manager.py:52}}
Apr 02 10:54:33.081009 np0000162881 devstack@neutron-api.service[102142]: DEBUG neutron.plugins.ml2.ovo_rpc [None req-f339584b-c5f1-4acf-9943-cd91060b035c None None] ML2 OVO RPC backend initialized. {{(pid=102142) __init__ /opt/stack/neutron/neutron/plugins/ml2/ovo_rpc.py:117}}
Apr 02 10:54:33.081402 np0000162881 devstack@neutron-api.service[102143]: DEBUG neutron_lib.callbacks.manager [None req-8be84fe5-13a2-4e62-b94b-5f8128987126 None None] Subscribe: network precommit_update 55550000, False {{(pid=102143) subscribe /opt/stack/data/venv/lib/python3.12/site-packages/neutron_lib/callbacks/manager.py:52}}
Apr 02 10:54:33.081402 np0000162881 devstack@neutron-api.service[102143]: DEBUG neutron_lib.callbacks.manager [None req-8be84fe5-13a2-4e62-b94b-5f8128987126 None None] Subscribe: network precommit_create 55550000, False {{(pid=102143) subscribe /opt/stack/data/venv/lib/python3.12/site-packages/neutron_lib/callbacks/manager.py:52}}
Apr 02 10:54:33.081505 np0000162881 devstack@neutron-api.service[102142]: INFO neutron.quota [None req-f339584b-c5f1-4acf-9943-cd91060b035c None None] Loaded quota_driver: .
Apr 02 10:54:33.081579 np0000162881 devstack@neutron-api.service[102143]: DEBUG neutron.manager [None req-8be84fe5-13a2-4e62-b94b-5f8128987126 None None] Successfully loaded auto-allocated-topology plugin. Description: Auto Allocated Topology - aka get me a network. {{(pid=102143) _create_and_add_service_plugin /opt/stack/neutron/neutron/manager.py:239}}
Apr 02 10:54:33.081740 np0000162881 devstack@neutron-api.service[102142]: INFO neutron.plugins.ml2.plugin [None req-f339584b-c5f1-4acf-9943-cd91060b035c None None] Modular L2 Plugin initialization complete
Apr 02 10:54:33.081891 np0000162881 devstack@neutron-api.service[102143]: INFO neutron.manager [None req-8be84fe5-13a2-4e62-b94b-5f8128987126 None None] Loading Plugin: tag
Apr 02 10:54:33.081972 np0000162881 devstack@neutron-api.service[102142]: DEBUG neutron.manager [None req-f339584b-c5f1-4acf-9943-cd91060b035c None None] Loading services supported by the core plugin {{(pid=102142) _load_services_from_core_plugin /opt/stack/neutron/neutron/manager.py:170}}
Apr 02 10:54:33.081972 np0000162881 devstack@neutron-api.service[102142]: INFO neutron.plugins.ml2.managers [None req-f339584b-c5f1-4acf-9943-cd91060b035c None None] Got port-security extension from driver 'port_security'
Apr 02 10:54:33.081972 np0000162881 devstack@neutron-api.service[102142]: DEBUG neutron.manager [None req-f339584b-c5f1-4acf-9943-cd91060b035c None None] Loading service plugins: ['ovn-router', 'auto_allocate', 'tag', 'timestamp', 'network_ip_availability', 'flavors', 'revisions'] {{(pid=102142) _load_service_plugins /opt/stack/neutron/neutron/manager.py:195}}
Apr 02 10:54:33.081972 np0000162881 devstack@neutron-api.service[102142]: INFO neutron.manager [None req-f339584b-c5f1-4acf-9943-cd91060b035c None None] Loading Plugin: ovn-router
Apr 02 10:54:33.082202 np0000162881 devstack@neutron-api.service[102143]: DEBUG neutron.manager [None req-8be84fe5-13a2-4e62-b94b-5f8128987126 None None] Successfully loaded TAG plugin. Description: Tag support {{(pid=102143) _create_and_add_service_plugin /opt/stack/neutron/neutron/manager.py:239}}
Apr 02 10:54:33.082202 np0000162881 devstack@neutron-api.service[102143]: INFO neutron.manager [None req-8be84fe5-13a2-4e62-b94b-5f8128987126 None None] Loading Plugin: timestamp
Apr 02 10:54:33.082202 np0000162881 devstack@neutron-api.service[102143]: DEBUG neutron.manager [None req-8be84fe5-13a2-4e62-b94b-5f8128987126 None None] Successfully loaded timestamp plugin. Description: Adds timestamps to Neutron resources with standard attributes {{(pid=102143) _create_and_add_service_plugin /opt/stack/neutron/neutron/manager.py:239}}
Apr 02 10:54:33.082202 np0000162881 devstack@neutron-api.service[102143]: INFO neutron.manager [None req-8be84fe5-13a2-4e62-b94b-5f8128987126 None None] Loading Plugin: network_ip_availability
Apr 02 10:54:33.082202 np0000162881 devstack@neutron-api.service[102143]: DEBUG neutron.manager [None req-8be84fe5-13a2-4e62-b94b-5f8128987126 None None] Successfully loaded network-ip-availability plugin. Description: Provides IP availability data for each network and subnet. {{(pid=102143) _create_and_add_service_plugin /opt/stack/neutron/neutron/manager.py:239}}
Apr 02 10:54:33.082202 np0000162881 devstack@neutron-api.service[102143]: INFO neutron.manager [None req-8be84fe5-13a2-4e62-b94b-5f8128987126 None None] Loading Plugin: flavors
Apr 02 10:54:33.082202 np0000162881 devstack@neutron-api.service[102143]: DEBUG neutron.manager [None req-8be84fe5-13a2-4e62-b94b-5f8128987126 None None] Successfully loaded FLAVORS plugin. Description: Neutron Flavors and Service Profiles manager plugin {{(pid=102143) _create_and_add_service_plugin /opt/stack/neutron/neutron/manager.py:239}}
Apr 02 10:54:33.082202 np0000162881 devstack@neutron-api.service[102143]: INFO neutron.manager [None req-8be84fe5-13a2-4e62-b94b-5f8128987126 None None] Loading Plugin: revisions
Apr 02 10:54:33.082561 np0000162881 devstack@neutron-api.service[102143]: DEBUG neutron.manager [None req-8be84fe5-13a2-4e62-b94b-5f8128987126 None None] Successfully loaded revision_plugin plugin. Description: Adds revision numbers to resources. {{(pid=102143) _create_and_add_service_plugin /opt/stack/neutron/neutron/manager.py:239}}
Apr 02 10:54:33.082561 np0000162881 devstack@neutron-api.service[102143]: DEBUG oslo_concurrency.lockutils [None req-8be84fe5-13a2-4e62-b94b-5f8128987126 None None] Lock "manager" "released" by "neutron.manager.NeutronManager._create_instance" :: held 4.707s {{(pid=102143) inner /opt/stack/data/venv/lib/python3.12/site-packages/oslo_concurrency/lockutils.py:538}}
Apr 02 10:54:33.082561 np0000162881 devstack@neutron-api.service[102143]: DEBUG neutron.api.extensions [None req-8be84fe5-13a2-4e62-b94b-5f8128987126 None None] get_extension_paths = OrderedDict({'/opt/stack/neutron/neutron/extensions': 1}) {{(pid=102143) get_extensions_path /opt/stack/neutron/neutron/api/extensions.py:640}}
Apr 02 10:54:33.082561 np0000162881 devstack@neutron-api.service[102143]: INFO neutron.api.extensions [None req-8be84fe5-13a2-4e62-b94b-5f8128987126 None None] Initializing extension manager.
Apr 02 10:54:33.082561 np0000162881 devstack@neutron-api.service[102143]: DEBUG neutron.api.extensions [None req-8be84fe5-13a2-4e62-b94b-5f8128987126 None None] Loading extension file: __init__.py {{(pid=102143) _load_all_extensions_from_path /opt/stack/neutron/neutron/api/extensions.py:449}}
Apr 02 10:54:33.082561 np0000162881 devstack@neutron-api.service[102143]: DEBUG neutron.api.extensions [None req-8be84fe5-13a2-4e62-b94b-5f8128987126 None None] Loading extension file: __pycache__ {{(pid=102143) _load_all_extensions_from_path /opt/stack/neutron/neutron/api/extensions.py:449}}
Apr 02 10:54:33.082561 np0000162881 devstack@neutron-api.service[102143]: DEBUG neutron.api.extensions [None req-8be84fe5-13a2-4e62-b94b-5f8128987126 None None] Loading extension file: address_group.py {{(pid=102143) _load_all_extensions_from_path /opt/stack/neutron/neutron/api/extensions.py:449}}
Apr 02 10:54:33.082904 np0000162881 devstack@neutron-api.service[102143]: DEBUG neutron.api.extensions [None req-8be84fe5-13a2-4e62-b94b-5f8128987126 None None] Ext name="Address group" alias="address-group" description="Support address group" updated="2020-07-15T10:00:00-00:00" {{(pid=102143) _check_extension /opt/stack/neutron/neutron/api/extensions.py:415}}
Apr 02 10:54:33.082985 np0000162881 devstack@neutron-api.service[102142]: DEBUG neutron_lib.callbacks.manager [None req-f339584b-c5f1-4acf-9943-cd91060b035c None None] Subscribe: > router before_delete 55550000, False {{(pid=102142) subscribe /opt/stack/data/venv/lib/python3.12/site-packages/neutron_lib/callbacks/manager.py:52}}
Apr 02 10:54:33.082985 np0000162881 devstack@neutron-api.service[102142]: DEBUG neutron_lib.callbacks.manager [None req-f339584b-c5f1-4acf-9943-cd91060b035c None None] Subscribe: port after_update 55550000, False {{(pid=102142) subscribe /opt/stack/data/venv/lib/python3.12/site-packages/neutron_lib/callbacks/manager.py:52}}
Apr 02 10:54:33.083109 np0000162881 devstack@neutron-api.service[102143]: INFO neutron.api.extensions [None req-8be84fe5-13a2-4e62-b94b-5f8128987126 None None] Loaded extension: address-group
Apr 02 10:54:33.083185 np0000162881 devstack@neutron-api.service[102142]: DEBUG neutron_lib.callbacks.manager [None req-f339584b-c5f1-4acf-9943-cd91060b035c None None] Subscribe: port after_delete 55550000, False {{(pid=102142) subscribe /opt/stack/data/venv/lib/python3.12/site-packages/neutron_lib/callbacks/manager.py:52}}
Apr 02 10:54:33.083408 np0000162881 devstack@neutron-api.service[102143]: DEBUG neutron.api.extensions [None req-8be84fe5-13a2-4e62-b94b-5f8128987126 None None] Loading extension file: address_scope.py {{(pid=102143) _load_all_extensions_from_path /opt/stack/neutron/neutron/api/extensions.py:449}}
Apr 02 10:54:33.083491 np0000162881 devstack@neutron-api.service[102142]: DEBUG neutron_lib.callbacks.manager [None req-f339584b-c5f1-4acf-9943-cd91060b035c None None] Subscribe: subnet after_update 55550000, False {{(pid=102142) subscribe /opt/stack/data/venv/lib/python3.12/site-packages/neutron_lib/callbacks/manager.py:52}}
Apr 02 10:54:33.083491 np0000162881 devstack@neutron-api.service[102142]: DEBUG neutron_lib.callbacks.manager [None req-f339584b-c5f1-4acf-9943-cd91060b035c None None] Subscribe: subnetpool_address_scope after_update 55550000, False {{(pid=102142) subscribe /opt/stack/data/venv/lib/python3.12/site-packages/neutron_lib/callbacks/manager.py:52}}
Apr 02 10:54:33.083491 np0000162881 devstack@neutron-api.service[102142]: DEBUG neutron_lib.callbacks.manager [None req-f339584b-c5f1-4acf-9943-cd91060b035c None None] Subscribe: port before_update 55550000, False {{(pid=102142) subscribe /opt/stack/data/venv/lib/python3.12/site-packages/neutron_lib/callbacks/manager.py:52}}
Apr 02 10:54:33.083640 np0000162881 devstack@neutron-api.service[102143]: DEBUG neutron.api.extensions [None req-8be84fe5-13a2-4e62-b94b-5f8128987126 None None] Ext name="Address scope" alias="address-scope" description="Address scopes extension." updated="2015-07-26T10:00:00-00:00" {{(pid=102143) _check_extension /opt/stack/neutron/neutron/api/extensions.py:415}}
Apr 02 10:54:33.083703 np0000162881 devstack@neutron-api.service[102142]: DEBUG neutron_lib.callbacks.manager [None req-f339584b-c5f1-4acf-9943-cd91060b035c None None] Subscribe: port after_update 55550000, False {{(pid=102142) subscribe /opt/stack/data/venv/lib/python3.12/site-packages/neutron_lib/callbacks/manager.py:52}}
Apr 02 10:54:33.083790 np0000162881 devstack@neutron-api.service[102143]: INFO neutron.api.extensions [None req-8be84fe5-13a2-4e62-b94b-5f8128987126 None None] Loaded extension: address-scope
Apr 02 10:54:33.083880 np0000162881 devstack@neutron-api.service[102142]: DEBUG neutron_lib.callbacks.manager [None req-f339584b-c5f1-4acf-9943-cd91060b035c None None] Subscribe: > port precommit_delete 55550000, False {{(pid=102142) subscribe /opt/stack/data/venv/lib/python3.12/site-packages/neutron_lib/callbacks/manager.py:52}}
Apr 02 10:54:33.084034 np0000162881 devstack@neutron-api.service[102143]: DEBUG neutron.api.extensions [None req-8be84fe5-13a2-4e62-b94b-5f8128987126 None None] Loading extension file: admin_state_down_before_update.py {{(pid=102143) _load_all_extensions_from_path /opt/stack/neutron/neutron/api/extensions.py:449}}
Apr 02 10:54:33.084118 np0000162881 devstack@neutron-api.service[102142]: DEBUG neutron_lib.callbacks.manager [None req-f339584b-c5f1-4acf-9943-cd91060b035c None None] Subscribe: port before_update 55550000, False {{(pid=102142) subscribe /opt/stack/data/venv/lib/python3.12/site-packages/neutron_lib/callbacks/manager.py:52}}
Apr 02 10:54:33.084118 np0000162881 devstack@neutron-api.service[102142]: DEBUG neutron_lib.callbacks.manager [None req-f339584b-c5f1-4acf-9943-cd91060b035c None None] Subscribe: port before_delete 55550000, False {{(pid=102142) subscribe /opt/stack/data/venv/lib/python3.12/site-packages/neutron_lib/callbacks/manager.py:52}}
Apr 02 10:54:33.084238 np0000162881 devstack@neutron-api.service[102143]: DEBUG neutron.api.extensions [None req-8be84fe5-13a2-4e62-b94b-5f8128987126 None None] Ext name="Enforce Router's Admin State Down Before Update Extension" alias="router-admin-state-down-before-update" description="Ensure that the admin state of a router is DOWN (admin_state_up=False) before updating the distributed attribute" updated="2019-07-02T15:56:00" {{(pid=102143) _check_extension /opt/stack/neutron/neutron/api/extensions.py:415}}
Apr 02 10:54:33.084337 np0000162881 devstack@neutron-api.service[102142]: DEBUG neutron_lib.callbacks.manager [None req-f339584b-c5f1-4acf-9943-cd91060b035c None None] Subscribe: > router precommit_create 55550000, False {{(pid=102142) subscribe /opt/stack/data/venv/lib/python3.12/site-packages/neutron_lib/callbacks/manager.py:52}}
Apr 02 10:54:33.084337 np0000162881 devstack@neutron-api.service[102142]: DEBUG neutron_lib.callbacks.manager [None req-f339584b-c5f1-4acf-9943-cd91060b035c None None] Subscribe: > router precommit_create 55550000, False {{(pid=102142) subscribe /opt/stack/data/venv/lib/python3.12/site-packages/neutron_lib/callbacks/manager.py:52}}
Apr 02 10:54:33.084474 np0000162881 devstack@neutron-api.service[102143]: INFO neutron.api.extensions [None req-8be84fe5-13a2-4e62-b94b-5f8128987126 None None] Extension router-admin-state-down-before-update not supported by any of loaded plugins
Apr 02 10:54:33.084533 np0000162881 devstack@neutron-api.service[102142]: DEBUG neutron_lib.callbacks.manager [None req-f339584b-c5f1-4acf-9943-cd91060b035c None None] Subscribe: > router precommit_update 55550000, False {{(pid=102142) subscribe /opt/stack/data/venv/lib/python3.12/site-packages/neutron_lib/callbacks/manager.py:52}}
Apr 02 10:54:33.084615 np0000162881 devstack@neutron-api.service[102143]: DEBUG neutron.api.extensions [None req-8be84fe5-13a2-4e62-b94b-5f8128987126 None None] Loading extension file: agent.py {{(pid=102143) _load_all_extensions_from_path /opt/stack/neutron/neutron/api/extensions.py:449}}
Apr 02 10:54:33.084677 np0000162881 devstack@neutron-api.service[102142]: DEBUG neutron_lib.callbacks.manager [None req-f339584b-c5f1-4acf-9943-cd91060b035c None None] Subscribe: subnet after_update 55550000, False {{(pid=102142) subscribe /opt/stack/data/venv/lib/python3.12/site-packages/neutron_lib/callbacks/manager.py:52}}
Apr 02 10:54:33.084740 np0000162881 devstack@neutron-api.service[102143]: DEBUG neutron.api.extensions [None req-8be84fe5-13a2-4e62-b94b-5f8128987126 None None] Ext name="agent" alias="agent" description="The agent management extension." updated="2013-02-03T10:00:00-00:00" {{(pid=102143) _check_extension /opt/stack/neutron/neutron/api/extensions.py:415}}
Apr 02 10:54:33.084740 np0000162881 devstack@neutron-api.service[102143]: INFO neutron.api.extensions [None req-8be84fe5-13a2-4e62-b94b-5f8128987126 None None] Loaded extension: agent
Apr 02 10:54:33.084740 np0000162881 devstack@neutron-api.service[102143]: DEBUG neutron.api.extensions [None req-8be84fe5-13a2-4e62-b94b-5f8128987126 None None] Loading extension file: agent_resources_synced.py {{(pid=102143) _load_all_extensions_from_path /opt/stack/neutron/neutron/api/extensions.py:449}}
Apr 02 10:54:33.084905 np0000162881 devstack@neutron-api.service[102142]: DEBUG neutron.quota.resource_registry [None req-f339584b-c5f1-4acf-9943-cd91060b035c None None] Tracking information for resource: router configured {{(pid=102142) set_tracked_resource /opt/stack/neutron/neutron/quota/resource_registry.py:203}}
Apr 02 10:54:33.085037 np0000162881 devstack@neutron-api.service[102143]: DEBUG neutron.api.extensions [None req-8be84fe5-13a2-4e62-b94b-5f8128987126 None None] Ext name="Agent's Resource View Synced to Placement" alias="agent-resources-synced" description="Stores success/failure of last sync to Placement" updated="2018-12-19T00:00:00-00:00" {{(pid=102143) _check_extension /opt/stack/neutron/neutron/api/extensions.py:415}}
Apr 02 10:54:33.085126 np0000162881 devstack@neutron-api.service[102142]: DEBUG neutron.quota.resource_registry [None req-f339584b-c5f1-4acf-9943-cd91060b035c None None] Tracking information for resource: floatingip configured {{(pid=102142) set_tracked_resource /opt/stack/neutron/neutron/quota/resource_registry.py:203}}
Apr 02 10:54:33.085126 np0000162881 devstack@neutron-api.service[102142]: INFO neutron.services.ovn_l3.plugin [None req-f339584b-c5f1-4acf-9943-cd91060b035c None None] Starting OVNL3RouterPlugin
Apr 02 10:54:33.085267 np0000162881 devstack@neutron-api.service[102143]: INFO neutron.api.extensions [None req-8be84fe5-13a2-4e62-b94b-5f8128987126 None None] Extension agent-resources-synced not supported by any of loaded plugins
Apr 02 10:54:33.085267 np0000162881 devstack@neutron-api.service[102143]: DEBUG neutron.api.extensions [None req-8be84fe5-13a2-4e62-b94b-5f8128987126 None None] Loading extension file: allowedaddresspairs.py {{(pid=102143) _load_all_extensions_from_path /opt/stack/neutron/neutron/api/extensions.py:449}}
Apr 02 10:54:33.085460 np0000162881 devstack@neutron-api.service[102142]: DEBUG neutron_lib.callbacks.manager [None req-f339584b-c5f1-4acf-9943-cd91060b035c None None] Subscribe: > port_forwarding_plugin after_init 55550000, False {{(pid=102142) subscribe /opt/stack/data/venv/lib/python3.12/site-packages/neutron_lib/callbacks/manager.py:52}}
Apr 02 10:54:33.085460 np0000162881 devstack@neutron-api.service[102142]: DEBUG neutron_lib.callbacks.manager [None req-f339584b-c5f1-4acf-9943-cd91060b035c None None] Subscribe: > router before_create 55550100, False {{(pid=102142) subscribe /opt/stack/data/venv/lib/python3.12/site-packages/neutron_lib/callbacks/manager.py:52}}
Apr 02 10:54:33.085460 np0000162881 devstack@neutron-api.service[102142]: DEBUG neutron_lib.callbacks.manager [None req-f339584b-c5f1-4acf-9943-cd91060b035c None None] Subscribe: > router precommit_delete 55550100, False {{(pid=102142) subscribe /opt/stack/data/venv/lib/python3.12/site-packages/neutron_lib/callbacks/manager.py:52}}
Apr 02 10:54:33.085460 np0000162881 devstack@neutron-api.service[102142]: DEBUG neutron_lib.callbacks.manager [None req-f339584b-c5f1-4acf-9943-cd91060b035c None None] Subscribe: > router precommit_create 55550100, False {{(pid=102142) subscribe /opt/stack/data/venv/lib/python3.12/site-packages/neutron_lib/callbacks/manager.py:52}}
Apr 02 10:54:33.085655 np0000162881 devstack@neutron-api.service[102142]: DEBUG neutron_lib.callbacks.manager [None req-f339584b-c5f1-4acf-9943-cd91060b035c None None] Subscribe: > router precommit_update 55550100, False {{(pid=102142) subscribe /opt/stack/data/venv/lib/python3.12/site-packages/neutron_lib/callbacks/manager.py:52}}
Apr 02 10:54:33.085790 np0000162881 devstack@neutron-api.service[102143]: DEBUG neutron.api.extensions [None req-8be84fe5-13a2-4e62-b94b-5f8128987126 None None] Ext name="Allowed Address Pairs" alias="allowed-address-pairs" description="Provides allowed address pairs" updated="2013-07-23T10:00:00-00:00" {{(pid=102143) _check_extension /opt/stack/neutron/neutron/api/extensions.py:415}}
Apr 02 10:54:33.085790 np0000162881 devstack@neutron-api.service[102143]: INFO neutron.api.extensions [None req-8be84fe5-13a2-4e62-b94b-5f8128987126 None None] Loaded extension: allowed-address-pairs
Apr 02 10:54:33.085790 np0000162881 devstack@neutron-api.service[102143]: DEBUG neutron.api.extensions [None req-8be84fe5-13a2-4e62-b94b-5f8128987126 None None] Loading extension file: auto_allocated_topology.py {{(pid=102143) _load_all_extensions_from_path /opt/stack/neutron/neutron/api/extensions.py:449}}
Apr 02 10:54:33.085790 np0000162881 devstack@neutron-api.service[102143]: DEBUG neutron.api.extensions [None req-8be84fe5-13a2-4e62-b94b-5f8128987126 None None] Ext name="Auto Allocated Topology Services" alias="auto-allocated-topology" description="Auto Allocated Topology Services." updated="2016-01-01T00:00:00-00:00" {{(pid=102143) _check_extension /opt/stack/neutron/neutron/api/extensions.py:415}}
Apr 02 10:54:33.085790 np0000162881 devstack@neutron-api.service[102143]: INFO neutron.api.extensions [None req-8be84fe5-13a2-4e62-b94b-5f8128987126 None None] Loaded extension: auto-allocated-topology
Apr 02 10:54:33.085790 np0000162881 devstack@neutron-api.service[102143]: DEBUG neutron.api.extensions [None req-8be84fe5-13a2-4e62-b94b-5f8128987126 None None] Loading extension file: availability_zone.py {{(pid=102143) _load_all_extensions_from_path /opt/stack/neutron/neutron/api/extensions.py:449}}
Apr 02 10:54:33.085790 np0000162881 devstack@neutron-api.service[102143]: DEBUG neutron.api.extensions [None req-8be84fe5-13a2-4e62-b94b-5f8128987126 None None] Ext name="Availability Zone" alias="availability_zone" description="The availability zone extension." updated="2015-01-01T10:00:00-00:00" {{(pid=102143) _check_extension /opt/stack/neutron/neutron/api/extensions.py:415}}
Apr 02 10:54:33.086100 np0000162881 devstack@neutron-api.service[102143]: INFO neutron.api.extensions [None req-8be84fe5-13a2-4e62-b94b-5f8128987126 None None] Loaded extension: availability_zone
Apr 02 10:54:33.086100 np0000162881 devstack@neutron-api.service[102143]: DEBUG neutron.api.extensions [None req-8be84fe5-13a2-4e62-b94b-5f8128987126 None None] Loading extension file: availability_zone_filter.py {{(pid=102143) _load_all_extensions_from_path /opt/stack/neutron/neutron/api/extensions.py:449}}
Apr 02 10:54:33.086100 np0000162881 devstack@neutron-api.service[102143]: DEBUG neutron.api.extensions [None req-8be84fe5-13a2-4e62-b94b-5f8128987126 None None] Ext name="Availability Zone Filter Extension" alias="availability_zone_filter" description="Add filter parameters to AvailabilityZone resource" updated="2018-06-22T10:00:00-00:00" {{(pid=102143) _check_extension /opt/stack/neutron/neutron/api/extensions.py:415}}
Apr 02 10:54:33.086100 np0000162881 devstack@neutron-api.service[102143]: INFO neutron.api.extensions [None req-8be84fe5-13a2-4e62-b94b-5f8128987126 None None] Extension availability_zone_filter not supported by any of loaded plugins
Apr 02 10:54:33.086100 np0000162881 devstack@neutron-api.service[102143]: DEBUG neutron.api.extensions [None req-8be84fe5-13a2-4e62-b94b-5f8128987126 None None] Loading extension file: data_plane_status.py {{(pid=102143) _load_all_extensions_from_path /opt/stack/neutron/neutron/api/extensions.py:449}}
Apr 02 10:54:33.086100 np0000162881 devstack@neutron-api.service[102143]: DEBUG neutron.api.extensions [None req-8be84fe5-13a2-4e62-b94b-5f8128987126 None None] Ext name="Port data plane status extension" alias="data-plane-status" description="Expose status of underlying data plane" updated="2017-01-24T10:00:00-00:00" {{(pid=102143) _check_extension /opt/stack/neutron/neutron/api/extensions.py:415}}
Apr 02 10:54:33.086100 np0000162881 devstack@neutron-api.service[102143]: INFO neutron.api.extensions [None req-8be84fe5-13a2-4e62-b94b-5f8128987126 None None] Extension data-plane-status not supported by any of loaded plugins
Apr 02 10:54:33.086425 np0000162881 devstack@neutron-api.service[102143]: DEBUG neutron.api.extensions [None req-8be84fe5-13a2-4e62-b94b-5f8128987126 None None] Loading extension file: default_subnetpools.py {{(pid=102143) _load_all_extensions_from_path /opt/stack/neutron/neutron/api/extensions.py:449}}
Apr 02 10:54:33.086425 np0000162881 devstack@neutron-api.service[102143]: DEBUG neutron.api.extensions [None req-8be84fe5-13a2-4e62-b94b-5f8128987126 None None] Ext name="Default Subnetpools" alias="default-subnetpools" description="Provides ability to mark and use a subnetpool as the default." updated="2016-02-18T18:00:00-00:00" {{(pid=102143) _check_extension /opt/stack/neutron/neutron/api/extensions.py:415}}
Apr 02 10:54:33.086425 np0000162881 devstack@neutron-api.service[102143]: INFO neutron.api.extensions [None req-8be84fe5-13a2-4e62-b94b-5f8128987126 None None] Loaded extension: default-subnetpools
Apr 02 10:54:33.086425 np0000162881 devstack@neutron-api.service[102143]: DEBUG neutron.api.extensions [None req-8be84fe5-13a2-4e62-b94b-5f8128987126 None None] Loading extension file: dhcpagentscheduler.py {{(pid=102143) _load_all_extensions_from_path /opt/stack/neutron/neutron/api/extensions.py:449}}
Apr 02 10:54:33.086425 np0000162881 devstack@neutron-api.service[102143]: DEBUG neutron.api.extensions [None req-8be84fe5-13a2-4e62-b94b-5f8128987126 None None] Ext name="DHCP Agent Scheduler" alias="dhcp_agent_scheduler" description="Schedule networks among dhcp agents" updated="2013-02-07T10:00:00-00:00" {{(pid=102143) _check_extension /opt/stack/neutron/neutron/api/extensions.py:415}}
Apr 02 10:54:33.086648 np0000162881 devstack@neutron-api.service[102142]: DEBUG neutron.services.provider_configuration [None req-f339584b-c5f1-4acf-9943-cd91060b035c None None] Service providers = [] {{(pid=102142) parse_service_provider_opt /opt/stack/neutron/neutron/services/provider_configuration.py:170}}
Apr 02 10:54:33.086734 np0000162881 devstack@neutron-api.service[102143]: INFO neutron.api.extensions [None req-8be84fe5-13a2-4e62-b94b-5f8128987126 None None] Loaded extension: dhcp_agent_scheduler
Apr 02 10:54:33.086734 np0000162881 devstack@neutron-api.service[102143]: DEBUG neutron.api.extensions [None req-8be84fe5-13a2-4e62-b94b-5f8128987126 None None] Loading extension file: dns.py {{(pid=102143) _load_all_extensions_from_path /opt/stack/neutron/neutron/api/extensions.py:449}}
Apr 02 10:54:33.086838 np0000162881 devstack@neutron-api.service[102142]: DEBUG neutron.db.servicetype_db [None req-f339584b-c5f1-4acf-9943-cd91060b035c None None] Adding provider configuration for service L3_ROUTER_NAT {{(pid=102142) add_provider_configuration /opt/stack/neutron/neutron/db/servicetype_db.py:42}}
Apr 02 10:54:33.086943 np0000162881 devstack@neutron-api.service[102143]: DEBUG neutron.api.extensions [None req-8be84fe5-13a2-4e62-b94b-5f8128987126 None None] Ext name="DNS Integration" alias="dns-integration" description="Provides integration with DNS." updated="2015-08-15T18:00:00-00:00" {{(pid=102143) _check_extension /opt/stack/neutron/neutron/api/extensions.py:415}}
Apr 02 10:54:33.086943 np0000162881 devstack@neutron-api.service[102143]: INFO neutron.api.extensions [None req-8be84fe5-13a2-4e62-b94b-5f8128987126 None None] Loaded extension: dns-integration
Apr 02 10:54:33.086943 np0000162881 devstack@neutron-api.service[102143]: DEBUG neutron.api.extensions [None req-8be84fe5-13a2-4e62-b94b-5f8128987126 None None] Loading extension file: dns_domain_ports.py {{(pid=102143) _load_all_extensions_from_path /opt/stack/neutron/neutron/api/extensions.py:449}}
Apr 02 10:54:33.086943 np0000162881 devstack@neutron-api.service[102143]: DEBUG neutron.api.extensions [None req-8be84fe5-13a2-4e62-b94b-5f8128987126 None None] Ext name="dns_domain for ports" alias="dns-domain-ports" description="Allows the DNS domain to be specified for a network port." updated="2017-04-24T10:00:00-00:00" {{(pid=102143) _check_extension /opt/stack/neutron/neutron/api/extensions.py:415}}
Apr 02 10:54:33.086943 np0000162881 devstack@neutron-api.service[102143]: INFO neutron.api.extensions [None req-8be84fe5-13a2-4e62-b94b-5f8128987126 None None] Loaded extension: dns-domain-ports
Apr 02 10:54:33.086943 np0000162881 devstack@neutron-api.service[102143]: DEBUG neutron.api.extensions [None req-8be84fe5-13a2-4e62-b94b-5f8128987126 None None] Loading extension file: dns_integration_domain_keywords.py {{(pid=102143) _load_all_extensions_from_path /opt/stack/neutron/neutron/api/extensions.py:449}}
Apr 02 10:54:33.086943 np0000162881 devstack@neutron-api.service[102143]: DEBUG neutron.api.extensions [None req-8be84fe5-13a2-4e62-b94b-5f8128987126 None None] Ext name="DNS domain names with keywords allowed" alias="dns-integration-domain-keywords" description="Allows to use keywords like , , and as DNS domain name" updated="2020-06-15T18:00:00-00:00" {{(pid=102143) _check_extension /opt/stack/neutron/neutron/api/extensions.py:415}}
Apr 02 10:54:33.087259 np0000162881 devstack@neutron-api.service[102142]: DEBUG neutron_lib.callbacks.manager [None req-f339584b-c5f1-4acf-9943-cd91060b035c None None] Subscribe: > router precommit_create 55549900, False {{(pid=102142) subscribe /opt/stack/data/venv/lib/python3.12/site-packages/neutron_lib/callbacks/manager.py:52}}
Apr 02 10:54:33.087359 np0000162881 devstack@neutron-api.service[102143]: INFO neutron.api.extensions [None req-8be84fe5-13a2-4e62-b94b-5f8128987126 None None] Loaded extension: dns-integration-domain-keywords
Apr 02 10:54:33.087359 np0000162881 devstack@neutron-api.service[102143]: DEBUG neutron.api.extensions [None req-8be84fe5-13a2-4e62-b94b-5f8128987126 None None] Loading extension file: dvr.py {{(pid=102143) _load_all_extensions_from_path /opt/stack/neutron/neutron/api/extensions.py:449}}
Apr 02 10:54:33.087478 np0000162881 devstack@neutron-api.service[102142]: DEBUG neutron_lib.callbacks.manager [None req-f339584b-c5f1-4acf-9943-cd91060b035c None None] Subscribe: > router_interface after_create 55550000, False {{(pid=102142) subscribe /opt/stack/data/venv/lib/python3.12/site-packages/neutron_lib/callbacks/manager.py:52}}
Apr 02 10:54:33.087478 np0000162881 devstack@neutron-api.service[102142]: DEBUG neutron_lib.callbacks.manager [None req-f339584b-c5f1-4acf-9943-cd91060b035c None None] Subscribe: > floatingip after_create 55550000, False {{(pid=102142) subscribe /opt/stack/data/venv/lib/python3.12/site-packages/neutron_lib/callbacks/manager.py:52}}
Apr 02 10:54:33.087478 np0000162881 devstack@neutron-api.service[102142]: DEBUG neutron_lib.callbacks.manager [None req-f339584b-c5f1-4acf-9943-cd91060b035c None None] Subscribe: > floatingip precommit_create 55550000, False {{(pid=102142) subscribe /opt/stack/data/venv/lib/python3.12/site-packages/neutron_lib/callbacks/manager.py:52}}
Apr 02 10:54:33.087645 np0000162881 devstack@neutron-api.service[102143]: DEBUG neutron.api.extensions [None req-8be84fe5-13a2-4e62-b94b-5f8128987126 None None] Ext name="Distributed Virtual Router" alias="dvr" description="Enables configuration of Distributed Virtual Routers." updated="2014-06-1T10:00:00-00:00" {{(pid=102143) _check_extension /opt/stack/neutron/neutron/api/extensions.py:415}}
Apr 02 10:54:33.087742 np0000162881 devstack@neutron-api.service[102142]: DEBUG neutron_lib.callbacks.manager [None req-f339584b-c5f1-4acf-9943-cd91060b035c None None] Subscribe: > floatingip precommit_update 55550000, False {{(pid=102142) subscribe /opt/stack/data/venv/lib/python3.12/site-packages/neutron_lib/callbacks/manager.py:52}}
Apr 02 10:54:33.087742 np0000162881 devstack@neutron-api.service[102142]: DEBUG neutron_lib.callbacks.manager [None req-f339584b-c5f1-4acf-9943-cd91060b035c None None] Subscribe: > floatingip after_delete 55550000, False {{(pid=102142) subscribe /opt/stack/data/venv/lib/python3.12/site-packages/neutron_lib/callbacks/manager.py:52}}
Apr 02 10:54:33.087902 np0000162881 devstack@neutron-api.service[102143]: INFO neutron.api.extensions [None req-8be84fe5-13a2-4e62-b94b-5f8128987126 None None] Extension dvr not supported by any of loaded plugins
Apr 02 10:54:33.087983 np0000162881 devstack@neutron-api.service[102142]: DEBUG neutron_lib.callbacks.manager [None req-f339584b-c5f1-4acf-9943-cd91060b035c None None] Subscribe: > floatingip after_status_update 55550000, False {{(pid=102142) subscribe /opt/stack/data/venv/lib/python3.12/site-packages/neutron_lib/callbacks/manager.py:52}}
Apr 02 10:54:33.088076 np0000162881 devstack@neutron-api.service[102143]: DEBUG neutron.api.extensions [None req-8be84fe5-13a2-4e62-b94b-5f8128987126 None None] Loading extension file: ecmp_routes.py {{(pid=102143) _load_all_extensions_from_path /opt/stack/neutron/neutron/api/extensions.py:449}}
Apr 02 10:54:33.088135 np0000162881 devstack@neutron-api.service[102142]: DEBUG neutron_lib.callbacks.manager [None req-f339584b-c5f1-4acf-9943-cd91060b035c None None] Subscribe: > floatingip after_update 55550000, False {{(pid=102142) subscribe /opt/stack/data/venv/lib/python3.12/site-packages/neutron_lib/callbacks/manager.py:52}}
Apr 02 10:54:33.088135 np0000162881 devstack@neutron-api.service[102142]: DEBUG neutron_lib.callbacks.manager [None req-f339584b-c5f1-4acf-9943-cd91060b035c None None] Subscribe: > port_forwarding after_create 55550000, False {{(pid=102142) subscribe /opt/stack/data/venv/lib/python3.12/site-packages/neutron_lib/callbacks/manager.py:52}}
Apr 02 10:54:33.088231 np0000162881 devstack@neutron-api.service[102143]: DEBUG neutron.api.extensions [None req-8be84fe5-13a2-4e62-b94b-5f8128987126 None None] Ext name="Equal Cost Multipath Routing" alias="ecmp_routes" description="Allows traffic to reach thesame destination via multiple different links " updated="2020-11-26T18:00:00-00:00" {{(pid=102143) _check_extension /opt/stack/neutron/neutron/api/extensions.py:415}}
Apr 02 10:54:33.088316 np0000162881 devstack@neutron-api.service[102142]: DEBUG neutron_lib.callbacks.manager [None req-f339584b-c5f1-4acf-9943-cd91060b035c None None] Subscribe: > router_interface after_delete 55550000, False {{(pid=102142) subscribe /opt/stack/data/venv/lib/python3.12/site-packages/neutron_lib/callbacks/manager.py:52}}
Apr 02 10:54:33.088376 np0000162881 devstack@neutron-api.service[102143]: INFO neutron.api.extensions [None req-8be84fe5-13a2-4e62-b94b-5f8128987126 None None] Extension ecmp_routes not supported by any of loaded plugins
Apr 02 10:54:33.088432 np0000162881 devstack@neutron-api.service[102142]: DEBUG neutron_lib.callbacks.manager [None req-f339584b-c5f1-4acf-9943-cd91060b035c None None] Subscribe: > router after_create 55550000, False {{(pid=102142) subscribe /opt/stack/data/venv/lib/python3.12/site-packages/neutron_lib/callbacks/manager.py:52}}
Apr 02 10:54:33.088499 np0000162881 devstack@neutron-api.service[102143]: DEBUG neutron.api.extensions [None req-8be84fe5-13a2-4e62-b94b-5f8128987126 None None] Loading extension file: empty_string_filtering.py {{(pid=102143) _load_all_extensions_from_path /opt/stack/neutron/neutron/api/extensions.py:449}}
Apr 02 10:54:33.088557 np0000162881 devstack@neutron-api.service[102142]: DEBUG neutron_lib.callbacks.manager [None req-f339584b-c5f1-4acf-9943-cd91060b035c None None] Subscribe: > router precommit_create 55550000, False {{(pid=102142) subscribe /opt/stack/data/venv/lib/python3.12/site-packages/neutron_lib/callbacks/manager.py:52}}
Apr 02 10:54:33.088557 np0000162881 devstack@neutron-api.service[102142]: DEBUG neutron_lib.callbacks.manager [None req-f339584b-c5f1-4acf-9943-cd91060b035c None None] Subscribe: > router after_delete 55550000, False {{(pid=102142) subscribe /opt/stack/data/venv/lib/python3.12/site-packages/neutron_lib/callbacks/manager.py:52}}
Apr 02 10:54:33.088639 np0000162881 devstack@neutron-api.service[102143]: DEBUG neutron.api.extensions [None req-8be84fe5-13a2-4e62-b94b-5f8128987126 None None] Ext name="Empty String Filtering Extension" alias="empty-string-filtering" description="Allow filtering by attributes with empty string value" updated="2018-05-01T10:00:00-00:00" {{(pid=102143) _check_extension /opt/stack/neutron/neutron/api/extensions.py:415}}
Apr 02 10:54:33.088701 np0000162881 devstack@neutron-api.service[102142]: DEBUG neutron_lib.callbacks.manager [None req-f339584b-c5f1-4acf-9943-cd91060b035c None None] Subscribe: > router after_update 55550000, False {{(pid=102142) subscribe /opt/stack/data/venv/lib/python3.12/site-packages/neutron_lib/callbacks/manager.py:52}}
Apr 02 10:54:33.088760 np0000162881 devstack@neutron-api.service[102143]: INFO neutron.api.extensions [None req-8be84fe5-13a2-4e62-b94b-5f8128987126 None None] Loaded extension: empty-string-filtering
Apr 02 10:54:33.088852 np0000162881 devstack@neutron-api.service[102142]: DEBUG neutron.services.service_base [None req-f339584b-c5f1-4acf-9943-cd91060b035c None None] Loaded 'neutron.services.ovn_l3.service_providers.ovn.OvnDriver' provider for service L3_ROUTER_NAT {{(pid=102142) load_drivers /opt/stack/neutron/neutron/services/service_base.py:49}}
Apr 02 10:54:33.088904 np0000162881 devstack@neutron-api.service[102143]: DEBUG neutron.api.extensions [None req-8be84fe5-13a2-4e62-b94b-5f8128987126 None None] Loading extension file: expose_l3_conntrack_helper.py {{(pid=102143) _load_all_extensions_from_path /opt/stack/neutron/neutron/api/extensions.py:449}}
Apr 02 10:54:33.088992 np0000162881 devstack@neutron-api.service[102142]: DEBUG neutron_lib.callbacks.manager [None req-f339584b-c5f1-4acf-9943-cd91060b035c None None] Subscribe: > process after_init 55550001, True {{(pid=102142) subscribe /opt/stack/data/venv/lib/python3.12/site-packages/neutron_lib/callbacks/manager.py:52}}
Apr 02 10:54:33.088992 np0000162881 devstack@neutron-api.service[102142]: DEBUG neutron.manager [None req-f339584b-c5f1-4acf-9943-cd91060b035c None None] Successfully loaded L3_ROUTER_NAT plugin. Description: L3 Router Service Plugin for basic L3 forwarding using OVN {{(pid=102142) _create_and_add_service_plugin /opt/stack/neutron/neutron/manager.py:239}}
Apr 02 10:54:33.089079 np0000162881 devstack@neutron-api.service[102143]: DEBUG neutron.api.extensions [None req-8be84fe5-13a2-4e62-b94b-5f8128987126 None None] Ext name="Expose CT target rules for conntrack helper" alias="expose-l3-conntrack-helper" description="Expose allow adding CT target rules for conntrack helper" updated="2019-04-04T10:00:00-00:00" {{(pid=102143) _check_extension /opt/stack/neutron/neutron/api/extensions.py:415}}
Apr 02 10:54:33.089142 np0000162881 devstack@neutron-api.service[102142]: INFO neutron.manager [None req-f339584b-c5f1-4acf-9943-cd91060b035c None None] Loading Plugin: auto_allocate
Apr 02 10:54:33.089205 np0000162881 devstack@neutron-api.service[102143]: INFO neutron.api.extensions [None req-8be84fe5-13a2-4e62-b94b-5f8128987126 None None] Extension expose-l3-conntrack-helper not supported by any of loaded plugins
Apr 02 10:54:33.089205 np0000162881 devstack@neutron-api.service[102143]: DEBUG neutron.api.extensions [None req-8be84fe5-13a2-4e62-b94b-5f8128987126 None None] Loading extension file: expose_port_forwarding_in_fip.py {{(pid=102143) _load_all_extensions_from_path /opt/stack/neutron/neutron/api/extensions.py:449}}
Apr 02 10:54:33.089205 np0000162881 devstack@neutron-api.service[102143]: DEBUG neutron.api.extensions [None req-8be84fe5-13a2-4e62-b94b-5f8128987126 None None] Ext name="Expose Floating IP port forwardings" alias="expose-port-forwarding-in-fip" description="Expose port forwarding fields in floating IP response" updated="2018-06-28T16:00:00-00:00" {{(pid=102143) _check_extension /opt/stack/neutron/neutron/api/extensions.py:415}}
Apr 02 10:54:33.089205 np0000162881 devstack@neutron-api.service[102143]: INFO neutron.api.extensions [None req-8be84fe5-13a2-4e62-b94b-5f8128987126 None None] Extension expose-port-forwarding-in-fip not supported by any of loaded plugins
Apr 02 10:54:33.089205 np0000162881 devstack@neutron-api.service[102143]: DEBUG neutron.api.extensions [None req-8be84fe5-13a2-4e62-b94b-5f8128987126 None None] Loading extension file: external_net.py {{(pid=102143) _load_all_extensions_from_path /opt/stack/neutron/neutron/api/extensions.py:449}}
