2026-05-30 03:12:11.929 7 INFO neutron_taas.services.taas.tap_mirror_plugin [None req-e1ec7813-5b7b-44da-a3a0-d071b1331e55 9952b7a5c64644d5b83c02b8432f06e3 9716ce628d0d497a85d7a7bd2d9ea76f - - default default] Tap Mirror: Handle Delete Port: 86c1b8de-5644-4d53-9ed5-20f80c53f3fe
2026-05-30 03:12:11.991 8 INFO neutron_taas.services.taas.taas_plugin [None req-8083d2d0-9649-4cf5-ab7d-74870a732043 9952b7a5c64644d5b83c02b8432f06e3 9716ce628d0d497a85d7a7bd2d9ea76f - - default default] TaaS: Handle Delete Port: 8a7438bf-1716-4ae3-bf94-8b30f9b5d45d
2026-05-30 03:12:11.993 8 INFO neutron_taas.services.taas.tap_mirror_plugin [None req-8083d2d0-9649-4cf5-ab7d-74870a732043 9952b7a5c64644d5b83c02b8432f06e3 9716ce628d0d497a85d7a7bd2d9ea76f - - default default] Tap Mirror: Handle Delete Port: 8a7438bf-1716-4ae3-bf94-8b30f9b5d45d
2026-05-30 03:12:12.103 7 INFO neutron.services.segments.plugin [-] Segment b376af1c-3376-43f4-b734-5dfd0c0c19e2 resource provider aggregate not found
2026-05-30 03:12:12.110 7 INFO neutron.services.segments.plugin [-] Segment b376af1c-3376-43f4-b734-5dfd0c0c19e2 resource provider aggregate not found
2026-05-30 03:12:12.131 7 INFO neutron.services.segments.plugin [-] Segment b376af1c-3376-43f4-b734-5dfd0c0c19e2 resource provider not found; error: Placement Client Error (4xx): {"errors": [{"status": 404, "title": "Not Found", "detail": "The resource could not be found.\n\n No resource provider with uuid b376af1c-3376-43f4-b734-5dfd0c0c19e2 found for delete ", "request_id": "req-97fca222-67cd-4c97-9d5e-1ffe3da66aa1"}]}
2026-05-30 03:12:12.134 7 INFO neutron.services.segments.plugin [-] Segment b376af1c-3376-43f4-b734-5dfd0c0c19e2 resource provider not found; error: Placement Client Error (4xx): {"errors": [{"status": 404, "title": "Not Found", "detail": "The resource could not be found.\n\n No resource provider with uuid b376af1c-3376-43f4-b734-5dfd0c0c19e2 found for delete ", "request_id": "req-81292d03-567a-4b01-81f5-45c10629a40e"}]} [pid: 7|app: 0|req: 363/714] 10.0.0.153 () {32 vars in 725 bytes} [Sat May 30 03:12:11 2026] DELETE /v2.0/networks/7ff6dfa9-1d5f-4978-87d6-4f32c12f2706 => generated 0 bytes in 350 msecs (HTTP/1.1 204) 3 headers in 131 bytes (1 switches on core 0)
2026-05-30 03:12:12.189 8 INFO neutron.services.segments.plugin [-] Segment 047ad490-abb5-4ff3-92e9-f22d48c37e2a resource provider aggregate not found
2026-05-30 03:12:12.191 8 INFO neutron.services.segments.plugin [-] Segment 047ad490-abb5-4ff3-92e9-f22d48c37e2a resource provider aggregate not found [pid: 7|app: 0|req: 364/715] 10.0.0.132 () {34 vars in 989 bytes} [Sat May 30 03:12:12 2026] GET /v2.0/ports?device_id=ce6efb51-bd41-4daa-81e9-485457e944eb => generated 12 bytes in 38 msecs (HTTP/1.1 200) 4 headers in 156 bytes (1 switches on core 0)
2026-05-30 03:12:12.210 8 INFO neutron.services.segments.plugin [-] Segment 047ad490-abb5-4ff3-92e9-f22d48c37e2a resource provider not found; error: Placement Client Error (4xx): {"errors": [{"status": 404, "title": "Not Found", "detail": "The resource could not be found.\n\n No resource provider with uuid 047ad490-abb5-4ff3-92e9-f22d48c37e2a found for delete ", "request_id": "req-1580d1d4-da05-45b8-9f94-f5790fb6011f"}]}
2026-05-30 03:12:12.215 8 INFO neutron.services.segments.plugin [-] Segment 047ad490-abb5-4ff3-92e9-f22d48c37e2a resource provider not found; error: Placement Client Error (4xx): {"errors": [{"status": 404, "title": "Not Found", "detail": "The resource could not be found.\n\n No resource provider with uuid 047ad490-abb5-4ff3-92e9-f22d48c37e2a found for delete ", "request_id": "req-a3b1c45f-5286-457d-b1b7-4e5da182f58d"}]} [pid: 7|app: 0|req: 365/716] 10.0.0.153 () {32 vars in 646 bytes} [Sat May 30 03:12:12 2026] GET /v2.0/subnets => generated 649 bytes in 33 msecs (HTTP/1.1 200) 4 headers in 157 bytes (1 switches on core 0) [pid: 8|app: 0|req: 352/717] 10.0.0.153 () {32 vars in 725 bytes} [Sat May 30 03:12:11 2026] DELETE /v2.0/networks/619c021b-87ed-4f66-a1b5-49ef9a293e58 => generated 0 bytes in 338 msecs (HTTP/1.1 204) 3 headers in 131 bytes (1 switches on core 0) [pid: 8|app: 0|req: 353/718] 10.0.0.153 () {32 vars in 773 bytes} [Sat May 30 03:12:12 2026] GET /v2.0/security-groups?tenant_id=cd769d9b14cf4cdcaffb706d8f7f68f2&name=default => generated 2921 bytes in 31 msecs (HTTP/1.1 200) 4 headers in 158 bytes (1 switches on core 0)
2026-05-30 03:12:12.358 7 INFO neutron_taas.services.taas.taas_plugin [None req-3b53a0c4-dfbc-447e-acdf-e1d89f2d5ce9 ce52ea36e4da4920a9833b8337242295 c0778f4884c041dd9f798e7d721f1542 - - default default] TaaS: Handle Delete Port: cb105635-1b55-48b7-bad3-46d7f29a8fa6
2026-05-30 03:12:12.361 7 INFO neutron_taas.services.taas.tap_mirror_plugin [None req-3b53a0c4-dfbc-447e-acdf-e1d89f2d5ce9 ce52ea36e4da4920a9833b8337242295 c0778f4884c041dd9f798e7d721f1542 - - default default] Tap Mirror: Handle Delete Port: cb105635-1b55-48b7-bad3-46d7f29a8fa6 [pid: 8|app: 0|req: 354/719] 10.0.0.153 () {32 vars in 739 bytes} [Sat May 30 03:12:12 2026] DELETE /v2.0/security-groups/63c8569c-f337-4aad-b1bc-3373e9fcdd60 => generated 0 bytes in 249 msecs (HTTP/1.1 204) 2 headers in 112 bytes (1 switches on core 0) [pid: 7|app: 0|req: 366/720] 10.0.0.153 () {32 vars in 725 bytes} [Sat May 30 03:12:12 2026] DELETE /v2.0/networks/03657cc5-fc6a-4618-afa1-292568bf02dd => generated 0 bytes in 328 msecs (HTTP/1.1 204) 3 headers in 131 bytes (1 switches on core 0) [pid: 8|app: 0|req: 355/721] 10.0.0.153 () {32 vars in 773 bytes} [Sat May 30 03:12:12 2026] GET /v2.0/security-groups?tenant_id=900c9e6f25ef44c38aeb56af2403ce06&name=default => generated 2921 bytes in 30 msecs (HTTP/1.1 200) 4 headers in 158 bytes (1 switches on core 0)
2026-05-30 03:12:12.708 7 INFO neutron_taas.services.taas.taas_plugin [None req-b1ad52fe-8817-404b-bf78-a209ce4783d3 ce52ea36e4da4920a9833b8337242295 c0778f4884c041dd9f798e7d721f1542 - - default default] TaaS: Handle Delete Port: 9e7c311a-0ff6-41c1-ace4-303237c3c55e
2026-05-30 03:12:12.711 7 INFO neutron_taas.services.taas.tap_mirror_plugin [None req-b1ad52fe-8817-404b-bf78-a209ce4783d3 ce52ea36e4da4920a9833b8337242295 c0778f4884c041dd9f798e7d721f1542 - - default default] Tap Mirror: Handle Delete Port: 9e7c311a-0ff6-41c1-ace4-303237c3c55e [pid: 8|app: 0|req: 356/722] 10.0.0.153 () {32 vars in 739 bytes} [Sat May 30 03:12:12 2026] DELETE /v2.0/security-groups/d0ec70f6-64c4-4ab1-8a28-9c07c8221e7f => generated 0 bytes in 281 msecs (HTTP/1.1 204) 2 headers in 112 bytes (1 switches on core 0) [pid: 7|app: 0|req: 367/723] 10.0.0.153 () {32 vars in 725 bytes} [Sat May 30 03:12:12 2026] DELETE /v2.0/networks/e591ba47-7335-462f-8520-ff2f3f3bf5da => generated 0 bytes in 358 msecs (HTTP/1.1 204) 3 headers in 131 bytes (1 switches on core 0)
2026-05-30 03:12:13.068 8 WARNING neutron.plugins.ml2.drivers.ovn.mech_driver.ovsdb.ovn_client [None req-0dce9a69-223f-4c9d-b4b6-c35b80d0d5fc - - - - - -] No hosting information found for port 80bfadbe-c856-46b8-9c6f-b7719b9d22ab: RuntimeError: No hosting information found for port 80bfadbe-c856-46b8-9c6f-b7719b9d22ab
2026-05-30 03:12:13.176 8 INFO neutron_taas.services.taas.taas_plugin [None req-b2ff7561-d48d-4f07-87bc-7bccf2e5e7e3 ce52ea36e4da4920a9833b8337242295 c0778f4884c041dd9f798e7d721f1542 - - default default] TaaS: Handle Delete Port: 6fb3169e-c705-4baa-bfeb-41d06774e8f6
2026-05-30 03:12:13.180 8 INFO neutron_taas.services.taas.tap_mirror_plugin [None req-b2ff7561-d48d-4f07-87bc-7bccf2e5e7e3 ce52ea36e4da4920a9833b8337242295 c0778f4884c041dd9f798e7d721f1542 - - default default] Tap Mirror: Handle Delete Port: 6fb3169e-c705-4baa-bfeb-41d06774e8f6
2026-05-30 03:12:13.245 8 INFO neutron.db.ovn_revision_numbers_db [None req-0dce9a69-223f-4c9d-b4b6-c35b80d0d5fc - - - - - -] Successfully bumped revision number for resource 80bfadbe-c856-46b8-9c6f-b7719b9d22ab (type: router_ports) to 2
2026-05-30 03:12:13.245 8 INFO neutron.plugins.ml2.drivers.ovn.mech_driver.mech_driver [None req-0dce9a69-223f-4c9d-b4b6-c35b80d0d5fc - - - - - -] OVN reports status down for port: 294b071e-a0f0-4f1d-b161-28779c843315
2026-05-30 03:12:13.256 8 INFO neutron.plugins.ml2.drivers.ovn.mech_driver.mech_driver [None req-0dce9a69-223f-4c9d-b4b6-c35b80d0d5fc - - - - - -] OVN reports status up for port: 294b071e-a0f0-4f1d-b161-28779c843315
2026-05-30 03:12:13.273 8 INFO neutron.plugins.ml2.drivers.ovn.mech_driver.mech_driver [None req-0dce9a69-223f-4c9d-b4b6-c35b80d0d5fc - - - - - -] OVN reports status down for port: 860e36ce-bf29-4862-b3ec-e3ec13281cb0
2026-05-30 03:12:13.296 8 INFO neutron.plugins.ml2.drivers.ovn.mech_driver.mech_driver [None req-0dce9a69-223f-4c9d-b4b6-c35b80d0d5fc - - - - - -] OVN reports status down for port: 29e84a20-7444-4b88-aeae-fa9ab94e5230 [pid: 7|app: 0|req: 368/724] 10.0.0.132 () {34 vars in 989 bytes} [Sat May 30 03:12:13 2026] GET /v2.0/ports?device_id=ce6efb51-bd41-4daa-81e9-485457e944eb => generated 12 bytes in 27 msecs (HTTP/1.1 200) 4 headers in 156 bytes (1 switches on core 0)
2026-05-30 03:12:13.423 8 INFO neutron.plugins.ml2.drivers.ovn.mech_driver.mech_driver [None req-0dce9a69-223f-4c9d-b4b6-c35b80d0d5fc - - - - - -] OVN reports status up for port: 860e36ce-bf29-4862-b3ec-e3ec13281cb0
2026-05-30 03:12:13.449 8 INFO neutron.plugins.ml2.drivers.ovn.mech_driver.mech_driver [None req-0dce9a69-223f-4c9d-b4b6-c35b80d0d5fc - - - - - -] OVN reports status down for port: 6fb3169e-c705-4baa-bfeb-41d06774e8f6
2026-05-30 03:12:13.477 8 INFO neutron.plugins.ml2.drivers.ovn.mech_driver.mech_driver [None req-0dce9a69-223f-4c9d-b4b6-c35b80d0d5fc - - - - - -] OVN reports status down for port: 8bbbc1b0-3cde-47c5-8e12-5c06122408aa
2026-05-30 03:12:13.547 8 INFO neutron.plugins.ml2.drivers.ovn.mech_driver.mech_driver [None req-0dce9a69-223f-4c9d-b4b6-c35b80d0d5fc - - - - - -] OVN reports status down for port: 9e7c311a-0ff6-41c1-ace4-303237c3c55e [pid: 8|app: 0|req: 357/725] 10.0.0.153 () {32 vars in 725 bytes} [Sat May 30 03:12:12 2026] DELETE /v2.0/networks/b28213be-6c35-4f05-ad66-40871f32f5e9 => generated 0 bytes in 630 msecs (HTTP/1.1 204) 3 headers in 131 bytes (1 switches on core 0)
2026-05-30 03:12:13.717 7 INFO neutron_taas.services.taas.taas_plugin [None req-ff076580-3386-4007-bab9-1afb64a5711f ce52ea36e4da4920a9833b8337242295 c0778f4884c041dd9f798e7d721f1542 - - default default] TaaS: Handle Delete Port: 29e84a20-7444-4b88-aeae-fa9ab94e5230
2026-05-30 03:12:13.719 7 INFO neutron_taas.services.taas.tap_mirror_plugin [None req-ff076580-3386-4007-bab9-1afb64a5711f ce52ea36e4da4920a9833b8337242295 c0778f4884c041dd9f798e7d721f1542 - - default default] Tap Mirror: Handle Delete Port: 29e84a20-7444-4b88-aeae-fa9ab94e5230 [pid: 7|app: 0|req: 369/726] 10.0.0.153 () {32 vars in 725 bytes} [Sat May 30 03:12:13 2026] DELETE /v2.0/networks/57753fc0-4480-4a28-aa5d-204abf3b15c9 => generated 0 bytes in 396 msecs (HTTP/1.1 204) 3 headers in 131 bytes (1 switches on core 0)
2026-05-30 03:12:14.152 7 INFO neutron.services.segments.plugin [-] Segment f5400085-481d-4430-80a1-dc43a5cb577b resource provider aggregate not found
2026-05-30 03:12:14.158 7 INFO neutron.services.segments.plugin [-] Segment f5400085-481d-4430-80a1-dc43a5cb577b resource provider aggregate not found
2026-05-30 03:12:14.172 7 INFO neutron.services.segments.plugin [-] Segment f5400085-481d-4430-80a1-dc43a5cb577b resource provider not found; error: Placement Client Error (4xx): {"errors": [{"status": 404, "title": "Not Found", "detail": "The resource could not be found.\n\n No resource provider with uuid f5400085-481d-4430-80a1-dc43a5cb577b found for delete ", "request_id": "req-8c85a382-5593-489a-aadb-7568674a3940"}]}
2026-05-30 03:12:14.182 7 INFO neutron.services.segments.plugin [-] Segment f5400085-481d-4430-80a1-dc43a5cb577b resource provider not found; error: Placement Client Error (4xx): {"errors": [{"status": 404, "title": "Not Found", "detail": "The resource could not be found.\n\n No resource provider with uuid f5400085-481d-4430-80a1-dc43a5cb577b found for delete ", "request_id": "req-50cde872-6d65-43b7-88fe-7febd42e100e"}]}
2026-05-30 03:12:14.191 7 INFO neutron.services.segments.plugin [-] Segment 7a2e6c01-3450-4a16-99ec-a1e96ab8fca9 resource provider aggregate not found
2026-05-30 03:12:14.197 7 INFO neutron.services.segments.plugin [-] Segment 7a2e6c01-3450-4a16-99ec-a1e96ab8fca9 resource provider aggregate not found
2026-05-30 03:12:14.207 7 INFO neutron.services.segments.plugin [-] Segment 7a2e6c01-3450-4a16-99ec-a1e96ab8fca9 resource provider not found; error: Placement Client Error (4xx): {"errors": [{"status": 404, "title": "Not Found", "detail": "The resource could not be found.\n\n No resource provider with uuid 7a2e6c01-3450-4a16-99ec-a1e96ab8fca9 found for delete ", "request_id": "req-83fa1355-f375-43bf-a93d-9cce88572477"}]}
2026-05-30 03:12:14.216 7 INFO neutron.services.segments.plugin [-] Segment 7a2e6c01-3450-4a16-99ec-a1e96ab8fca9 resource provider not found; error: Placement Client Error (4xx): {"errors": [{"status": 404, "title": "Not Found", "detail": "The resource could not be found.\n\n No resource provider with uuid 7a2e6c01-3450-4a16-99ec-a1e96ab8fca9 found for delete ", "request_id": "req-6ed009df-b897-432a-8781-fb526902f81d"}]}
2026-05-30 03:12:14.223 7 INFO neutron.services.segments.plugin [-] Segment 86fa889b-03c2-48e0-b03e-c66d8a3012de resource provider aggregate not found
2026-05-30 03:12:14.231 8 INFO neutron.services.segments.plugin [-] Segment 9f3efea5-697d-4011-bfaf-b57d14193385 resource provider aggregate not found
2026-05-30 03:12:14.236 8 INFO neutron.services.segments.plugin [-] Segment 9f3efea5-697d-4011-bfaf-b57d14193385 resource provider aggregate not found
2026-05-30 03:12:14.238 7 INFO neutron.services.segments.plugin [-] Segment 86fa889b-03c2-48e0-b03e-c66d8a3012de resource provider not found; error: Placement Client Error (4xx): {"errors": [{"status": 404, "title": "Not Found", "detail": "The resource could not be found.\n\n No resource provider with uuid 86fa889b-03c2-48e0-b03e-c66d8a3012de found for delete ", "request_id": "req-b932fe8d-6c52-46d4-88b5-f160997b7bb9"}]}
2026-05-30 03:12:14.242 7 INFO neutron.services.segments.plugin [-] Segment 86fa889b-03c2-48e0-b03e-c66d8a3012de resource provider aggregate not found
2026-05-30 03:12:14.249 8 INFO neutron.services.segments.plugin [-] Segment 9f3efea5-697d-4011-bfaf-b57d14193385 resource provider not found; error: Placement Client Error (4xx): {"errors": [{"status": 404, "title": "Not Found", "detail": "The resource could not be found.\n\n No resource provider with uuid 9f3efea5-697d-4011-bfaf-b57d14193385 found for delete ", "request_id": "req-be73d5d1-56c8-4753-89a8-7ad78dbf60e5"}]}
2026-05-30 03:12:14.254 8 INFO neutron.services.segments.plugin [-] Segment 9f3efea5-697d-4011-bfaf-b57d14193385 resource provider not found; error: Placement Client Error (4xx): {"errors": [{"status": 404, "title": "Not Found", "detail": "The resource could not be found.\n\n No resource provider with uuid 9f3efea5-697d-4011-bfaf-b57d14193385 found for delete ", "request_id": "req-9c356b58-9310-4ba6-9a1e-296f8784bd5c"}]}
2026-05-30 03:12:14.255 7 INFO neutron.services.segments.plugin [-] Segment 86fa889b-03c2-48e0-b03e-c66d8a3012de resource provider not found; error: Placement Client Error (4xx): {"errors": [{"status": 404, "title": "Not Found", "detail": "The resource could not be found.\n\n No resource provider with uuid 86fa889b-03c2-48e0-b03e-c66d8a3012de found for delete ", "request_id": "req-2dfc7038-d18b-4933-8c3c-b751c0e97b80"}]} [pid: 7|app: 0|req: 370/727] 10.0.0.132 () {34 vars in 989 bytes} [Sat May 30 03:12:14 2026] GET /v2.0/ports?device_id=ce6efb51-bd41-4daa-81e9-485457e944eb => generated 12 bytes in 23 msecs (HTTP/1.1 200) 4 headers in 156 bytes (1 switches on core 0) [pid: 7|app: 0|req: 371/728] 10.0.0.153 () {32 vars in 773 bytes} [Sat May 30 03:12:14 2026] GET /v2.0/security-groups?tenant_id=c0778f4884c041dd9f798e7d721f1542&name=default => generated 2921 bytes in 278 msecs (HTTP/1.1 200) 4 headers in 158 bytes (1 switches on core 0) [pid: 7|app: 0|req: 372/729] 199.204.45.162 () {34 vars in 985 bytes} [Sat May 30 03:12:14 2026] GET /v2.0/networks?id=f85334a3-1227-4e1c-949e-7366c666a987 => generated 675 bytes in 71 msecs (HTTP/1.1 200) 4 headers in 157 bytes (1 switches on core 0)
2026-05-30 03:12:14.809 8 INFO neutron.db.ovn_revision_numbers_db [None req-aefff1a5-9812-4ffd-a5e5-7824aab80c4b 9952b7a5c64644d5b83c02b8432f06e3 9716ce628d0d497a85d7a7bd2d9ea76f - - default default] Successfully bumped revision number for resource be599564-dc69-47ee-8941-153edd503492 (type: security_groups) to 1
2026-05-30 03:12:14.821 8 INFO neutron.db.ovn_revision_numbers_db [None req-aefff1a5-9812-4ffd-a5e5-7824aab80c4b 9952b7a5c64644d5b83c02b8432f06e3 9716ce628d0d497a85d7a7bd2d9ea76f - - default default] Successfully bumped revision number for resource 15b309cd-ce53-42b4-b98d-e69e081e1421 (type: security_group_rules) to 0
2026-05-30 03:12:14.833 8 INFO neutron.db.ovn_revision_numbers_db [None req-aefff1a5-9812-4ffd-a5e5-7824aab80c4b 9952b7a5c64644d5b83c02b8432f06e3 9716ce628d0d497a85d7a7bd2d9ea76f - - default default] Successfully bumped revision number for resource 15df834d-4dff-478c-b3de-ac7e793c523c (type: security_group_rules) to 0
2026-05-30 03:12:14.843 8 INFO neutron.db.ovn_revision_numbers_db [None req-aefff1a5-9812-4ffd-a5e5-7824aab80c4b 9952b7a5c64644d5b83c02b8432f06e3 9716ce628d0d497a85d7a7bd2d9ea76f - - default default] Successfully bumped revision number for resource 7d35e9d0-e7d4-463b-acc5-a535ea15c72f (type: security_group_rules) to 0
2026-05-30 03:12:14.854 8 INFO neutron.db.ovn_revision_numbers_db [None req-aefff1a5-9812-4ffd-a5e5-7824aab80c4b 9952b7a5c64644d5b83c02b8432f06e3 9716ce628d0d497a85d7a7bd2d9ea76f - - default default] Successfully bumped revision number for resource fed08bc7-c654-4297-ae3b-8e36d8116742 (type: security_group_rules) to 0
2026-05-30 03:12:14.929 8 INFO neutron.db.segments_db [None req-aefff1a5-9812-4ffd-a5e5-7824aab80c4b 9952b7a5c64644d5b83c02b8432f06e3 9716ce628d0d497a85d7a7bd2d9ea76f - - default default] Added segment b67571e9-baaf-4e1c-8d95-927ddfc5e684 of type geneve for network e9e0f464-b878-430a-9fdc-dcfd30f6126c [pid: 7|app: 0|req: 373/730] 10.0.0.153 () {32 vars in 739 bytes} [Sat May 30 03:12:14 2026] DELETE /v2.0/security-groups/86a0dc88-1194-4293-8bf8-0320c2caff17 => generated 0 bytes in 248 msecs (HTTP/1.1 204) 2 headers in 112 bytes (1 switches on core 0)
2026-05-30 03:12:15.046 8 INFO neutron.db.ovn_revision_numbers_db [None req-aefff1a5-9812-4ffd-a5e5-7824aab80c4b 9952b7a5c64644d5b83c02b8432f06e3 9716ce628d0d497a85d7a7bd2d9ea76f - - default default] Successfully bumped revision number for resource e9e0f464-b878-430a-9fdc-dcfd30f6126c (type: networks) to 1
2026-05-30 03:12:15.201 7 INFO neutron.db.ovn_revision_numbers_db [None req-d8c2af44-a934-416a-8702-8de64c84ed8e 9952b7a5c64644d5b83c02b8432f06e3 9716ce628d0d497a85d7a7bd2d9ea76f - - default default] Successfully bumped revision number for resource 73565cfb-7da5-4440-9e65-43de04dcb66a (type: security_groups) to 1
2026-05-30 03:12:15.221 7 INFO neutron.db.ovn_revision_numbers_db [None req-d8c2af44-a934-416a-8702-8de64c84ed8e 9952b7a5c64644d5b83c02b8432f06e3 9716ce628d0d497a85d7a7bd2d9ea76f - - default default] Successfully bumped revision number for resource 345efb9e-c7c5-4dad-8d8a-517d19a3717c (type: security_group_rules) to 0
2026-05-30 03:12:15.223 8 WARNING neutron.scheduler.dhcp_agent_scheduler [None req-aefff1a5-9812-4ffd-a5e5-7824aab80c4b 9952b7a5c64644d5b83c02b8432f06e3 9716ce628d0d497a85d7a7bd2d9ea76f - - default default] No more DHCP agents
2026-05-30 03:12:15.225 8 WARNING neutron.api.rpc.agentnotifiers.dhcp_rpc_agent_api [None req-aefff1a5-9812-4ffd-a5e5-7824aab80c4b 9952b7a5c64644d5b83c02b8432f06e3 9716ce628d0d497a85d7a7bd2d9ea76f - - default default] Unable to schedule network e9e0f464-b878-430a-9fdc-dcfd30f6126c: no agents available; will retry on subsequent port and subnet creation events.
2026-05-30 03:12:15.239 7 INFO neutron.db.ovn_revision_numbers_db [None req-d8c2af44-a934-416a-8702-8de64c84ed8e 9952b7a5c64644d5b83c02b8432f06e3 9716ce628d0d497a85d7a7bd2d9ea76f - - default default] Successfully bumped revision number for resource a01ce49e-190a-480c-8fd6-a0d0a482bdb7 (type: security_group_rules) to 0
2026-05-30 03:12:15.253 7 INFO neutron.db.ovn_revision_numbers_db [None req-d8c2af44-a934-416a-8702-8de64c84ed8e 9952b7a5c64644d5b83c02b8432f06e3 9716ce628d0d497a85d7a7bd2d9ea76f - - default default] Successfully bumped revision number for resource bdac77c4-e45a-4c6e-825b-555f64518bbc (type: security_group_rules) to 0
2026-05-30 03:12:15.284 7 INFO neutron.plugins.ml2.drivers.ovn.mech_driver.mech_driver [None req-9d1fd586-4aeb-4021-98d4-2cc9a552acda - - - - - -] OVN reports status down for port: 3cd605f2-bb0b-4b08-b704-e895c13adbab
2026-05-30 03:12:15.285 7 INFO neutron.db.ovn_revision_numbers_db [None req-d8c2af44-a934-416a-8702-8de64c84ed8e 9952b7a5c64644d5b83c02b8432f06e3 9716ce628d0d497a85d7a7bd2d9ea76f - - default default] Successfully bumped revision number for resource d78a5d61-3114-49a7-9668-0dbf2e1a617e (type: security_group_rules) to 0
2026-05-30 03:12:15.313 8 INFO neutron.db.ovn_revision_numbers_db [None req-aefff1a5-9812-4ffd-a5e5-7824aab80c4b 9952b7a5c64644d5b83c02b8432f06e3 9716ce628d0d497a85d7a7bd2d9ea76f - - default default] Successfully bumped revision number for resource 3cd605f2-bb0b-4b08-b704-e895c13adbab (type: ports) to 1 [pid: 8|app: 0|req: 358/731] 10.0.0.153 () {34 vars in 670 bytes} [Sat May 30 03:12:14 2026] POST /v2.0/networks => generated 755 bytes in 986 msecs (HTTP/1.1 201) 4 headers in 162 bytes (1 switches on core 0) [pid: 8|app: 0|req: 359/732] 199.204.45.162 () {34 vars in 910 bytes} [Sat May 30 03:12:15 2026] GET /v2.0/extensions => generated 20118 bytes in 9 msecs (HTTP/1.1 200) 4 headers in 159 bytes (1 switches on core 0)
2026-05-30 03:12:15.384 7 INFO neutron.db.segments_db [None req-d8c2af44-a934-416a-8702-8de64c84ed8e 9952b7a5c64644d5b83c02b8432f06e3 9716ce628d0d497a85d7a7bd2d9ea76f - - default default] Added segment b35ec5e4-ec93-4ad7-a22c-e03740c470bb of type geneve for network 8bc0dbff-0005-4eed-9ed1-c12b7d35e551
2026-05-30 03:12:15.498 8 WARNING neutron.scheduler.dhcp_agent_scheduler [None req-bf7b2207-6c00-48c4-8c4b-7a373f6b4fc8 9952b7a5c64644d5b83c02b8432f06e3 9716ce628d0d497a85d7a7bd2d9ea76f - - default default] No more DHCP agents
2026-05-30 03:12:15.499 8 WARNING neutron.api.rpc.agentnotifiers.dhcp_rpc_agent_api [None req-bf7b2207-6c00-48c4-8c4b-7a373f6b4fc8 9952b7a5c64644d5b83c02b8432f06e3 9716ce628d0d497a85d7a7bd2d9ea76f - - default default] Unable to schedule network e9e0f464-b878-430a-9fdc-dcfd30f6126c: no agents available; will retry on subsequent port and subnet creation events.
2026-05-30 03:12:15.501 7 INFO neutron.db.ovn_revision_numbers_db [None req-d8c2af44-a934-416a-8702-8de64c84ed8e 9952b7a5c64644d5b83c02b8432f06e3 9716ce628d0d497a85d7a7bd2d9ea76f - - default default] Successfully bumped revision number for resource 8bc0dbff-0005-4eed-9ed1-c12b7d35e551 (type: networks) to 1
2026-05-30 03:12:15.639 7 WARNING neutron.scheduler.dhcp_agent_scheduler [None req-d8c2af44-a934-416a-8702-8de64c84ed8e 9952b7a5c64644d5b83c02b8432f06e3 9716ce628d0d497a85d7a7bd2d9ea76f - - default default] No more DHCP agents
2026-05-30 03:12:15.640 7 WARNING neutron.api.rpc.agentnotifiers.dhcp_rpc_agent_api [None req-d8c2af44-a934-416a-8702-8de64c84ed8e 9952b7a5c64644d5b83c02b8432f06e3 9716ce628d0d497a85d7a7bd2d9ea76f - - default default] Unable to schedule network 8bc0dbff-0005-4eed-9ed1-c12b7d35e551: no agents available; will retry on subsequent port and subnet creation events.
2026-05-30 03:12:15.695 8 INFO neutron.plugins.ml2.drivers.ovn.mech_driver.mech_driver [None req-0dce9a69-223f-4c9d-b4b6-c35b80d0d5fc - - - - - -] OVN reports status down for port: 1e9f4062-884e-48dc-86a5-bef229b4ef25
2026-05-30 03:12:15.723 7 INFO neutron.db.ovn_revision_numbers_db [None req-d8c2af44-a934-416a-8702-8de64c84ed8e 9952b7a5c64644d5b83c02b8432f06e3 9716ce628d0d497a85d7a7bd2d9ea76f - - default default] Successfully bumped revision number for resource 1e9f4062-884e-48dc-86a5-bef229b4ef25 (type: ports) to 1 [pid: 7|app: 0|req: 374/733] 10.0.0.153 () {34 vars in 670 bytes} [Sat May 30 03:12:14 2026] POST /v2.0/networks => generated 740 bytes in 748 msecs (HTTP/1.1 201) 4 headers in 162 bytes (1 switches on core 0) [pid: 7|app: 0|req: 375/734] 199.204.45.162 () {34 vars in 1049 bytes} [Sat May 30 03:12:15 2026] GET /v2.0/security-groups?fields=id&fields=name&tenant_id=c39e74a02e594fc1937b430c4d38236f => generated 181 bytes in 32 msecs (HTTP/1.1 200) 4 headers in 157 bytes (1 switches on core 0) [pid: 7|app: 0|req: 376/735] 10.0.0.132 () {34 vars in 989 bytes} [Sat May 30 03:12:15 2026] GET /v2.0/ports?device_id=ce6efb51-bd41-4daa-81e9-485457e944eb => generated 12 bytes in 20 msecs (HTTP/1.1 200) 4 headers in 156 bytes (1 switches on core 0)
2026-05-30 03:12:15.920 7 WARNING neutron.scheduler.dhcp_agent_scheduler [None req-c46c9e26-ea6c-44f7-a467-6d5c032fca41 9952b7a5c64644d5b83c02b8432f06e3 9716ce628d0d497a85d7a7bd2d9ea76f - - default default] No more DHCP agents
2026-05-30 03:12:15.921 7 WARNING neutron.api.rpc.agentnotifiers.dhcp_rpc_agent_api [None req-c46c9e26-ea6c-44f7-a467-6d5c032fca41 9952b7a5c64644d5b83c02b8432f06e3 9716ce628d0d497a85d7a7bd2d9ea76f - - default default] Unable to schedule network 8bc0dbff-0005-4eed-9ed1-c12b7d35e551: no agents available; will retry on subsequent port and subnet creation events.
2026-05-30 03:12:15.988 8 INFO neutron.db.ovn_revision_numbers_db [None req-9552ff34-2bb5-4980-b4d6-2789c9a56f55 - - - - - -] Successfully bumped revision number for resource 3cd605f2-bb0b-4b08-b704-e895c13adbab (type: ports) to 2
2026-05-30 03:12:16.022 8 INFO neutron.db.ovn_revision_numbers_db [None req-9552ff34-2bb5-4980-b4d6-2789c9a56f55 - - - - - -] Successfully bumped revision number for resource 457b4937-c989-4d9e-87c7-87cff4503734 (type: subnets) to 0 [pid: 8|app: 0|req: 360/736] 10.0.0.153 () {34 vars in 668 bytes} [Sat May 30 03:12:15 2026] POST /v2.0/subnets => generated 699 bytes in 675 msecs (HTTP/1.1 201) 4 headers in 162 bytes (1 switches on core 0)
2026-05-30 03:12:16.326 8 WARNING neutron.scheduler.dhcp_agent_scheduler [req-b1322c74-e925-4941-9743-56f765159955 req-29b4091e-ee01-483d-85ca-ee68fbb2d808 6a6d501d3de44bbe89c63d46935f24e0 c39e74a02e594fc1937b430c4d38236f - - default default] No more DHCP agents
2026-05-30 03:12:16.331 8 WARNING neutron.api.rpc.agentnotifiers.dhcp_rpc_agent_api [req-b1322c74-e925-4941-9743-56f765159955 req-29b4091e-ee01-483d-85ca-ee68fbb2d808 6a6d501d3de44bbe89c63d46935f24e0 c39e74a02e594fc1937b430c4d38236f - - default default] Unable to schedule network f85334a3-1227-4e1c-949e-7366c666a987: no agents available; will retry on subsequent port and subnet creation events.
2026-05-30 03:12:16.395 7 INFO neutron.db.ovn_revision_numbers_db [None req-284239e1-22cb-4691-a17e-7e6414b6d735 - - - - - -] Successfully bumped revision number for resource 1e9f4062-884e-48dc-86a5-bef229b4ef25 (type: ports) to 2
2026-05-30 03:12:16.433 7 INFO neutron.db.ovn_revision_numbers_db [None req-284239e1-22cb-4691-a17e-7e6414b6d735 - - - - - -] Successfully bumped revision number for resource c8886c94-f283-4573-8b70-b6c3250c0cb9 (type: subnets) to 0
2026-05-30 03:12:16.467 8 INFO neutron.plugins.ml2.drivers.ovn.mech_driver.mech_driver [None req-0dce9a69-223f-4c9d-b4b6-c35b80d0d5fc - - - - - -] OVN reports status down for port: 53032aa5-42ce-4ab7-b6ad-e2cb48abd557 [pid: 7|app: 0|req: 377/737] 10.0.0.153 () {34 vars in 668 bytes} [Sat May 30 03:12:15 2026] POST /v2.0/subnets => generated 684 bytes in 688 msecs (HTTP/1.1 201) 4 headers in 162 bytes (1 switches on core 0)
2026-05-30 03:12:16.517 8 INFO neutron.db.ovn_revision_numbers_db [req-b1322c74-e925-4941-9743-56f765159955 req-29b4091e-ee01-483d-85ca-ee68fbb2d808 6a6d501d3de44bbe89c63d46935f24e0 c39e74a02e594fc1937b430c4d38236f - - default default] Successfully bumped revision number for resource 53032aa5-42ce-4ab7-b6ad-e2cb48abd557 (type: ports) to 1 [pid: 8|app: 0|req: 361/738] 199.204.45.162 () {38 vars in 954 bytes} [Sat May 30 03:12:16 2026] POST /v2.0/ports => generated 954 bytes in 584 msecs (HTTP/1.1 201) 4 headers in 162 bytes (1 switches on core 0) /var/lib/openstack/lib/python3.12/site-packages/pycadf/identifier.py:70: UserWarning: Invalid uuid: neutron. To ensure interoperability, identifiers should be a valid uuid. warnings.warn(('Invalid uuid: %s. To ensure interoperability, '
2026-05-30 03:12:16.854 7 WARNING neutron.scheduler.dhcp_agent_scheduler [None req-960dab56-db87-4209-97d8-dbc0a7107399 9952b7a5c64644d5b83c02b8432f06e3 9716ce628d0d497a85d7a7bd2d9ea76f - - default default] No more DHCP agents
2026-05-30 03:12:16.856 7 WARNING neutron.api.rpc.agentnotifiers.dhcp_rpc_agent_api [None req-960dab56-db87-4209-97d8-dbc0a7107399 9952b7a5c64644d5b83c02b8432f06e3 9716ce628d0d497a85d7a7bd2d9ea76f - - default default] Unable to schedule network 2c561f4f-a9f5-4c54-8144-f4baba3330cd: no agents available; will retry on subsequent port and subnet creation events.
2026-05-30 03:12:16.989 8 INFO neutron.plugins.ml2.drivers.ovn.mech_driver.mech_driver [None req-0dce9a69-223f-4c9d-b4b6-c35b80d0d5fc - - - - - -] OVN reports status down for port: 9831695d-da6b-42b1-8c1f-68b6da11e098
2026-05-30 03:12:16.996 7 INFO neutron.db.ovn_revision_numbers_db [None req-960dab56-db87-4209-97d8-dbc0a7107399 9952b7a5c64644d5b83c02b8432f06e3 9716ce628d0d497a85d7a7bd2d9ea76f - - default default] Successfully bumped revision number for resource 9831695d-da6b-42b1-8c1f-68b6da11e098 (type: ports) to 1
2026-05-30 03:12:17.183 8 WARNING neutron.scheduler.dhcp_agent_scheduler [None req-679c0d7f-ba8f-4a57-a004-95b01c4e5387 9952b7a5c64644d5b83c02b8432f06e3 9716ce628d0d497a85d7a7bd2d9ea76f - - default default] No more DHCP agents
2026-05-30 03:12:17.185 8 WARNING neutron.api.rpc.agentnotifiers.dhcp_rpc_agent_api [None req-679c0d7f-ba8f-4a57-a004-95b01c4e5387 9952b7a5c64644d5b83c02b8432f06e3 9716ce628d0d497a85d7a7bd2d9ea76f - - default default] Unable to schedule network 2c561f4f-a9f5-4c54-8144-f4baba3330cd: no agents available; will retry on subsequent port and subnet creation events.
2026-05-30 03:12:17.309 8 INFO neutron.plugins.ml2.drivers.ovn.mech_driver.mech_driver [None req-0dce9a69-223f-4c9d-b4b6-c35b80d0d5fc - - - - - -] OVN reports status down for port: 2600fa4c-e67e-46ca-bbc1-c7e4f1c5203b
2026-05-30 03:12:17.370 8 INFO neutron.db.ovn_revision_numbers_db [None req-679c0d7f-ba8f-4a57-a004-95b01c4e5387 9952b7a5c64644d5b83c02b8432f06e3 9716ce628d0d497a85d7a7bd2d9ea76f - - default default] Successfully bumped revision number for resource 2600fa4c-e67e-46ca-bbc1-c7e4f1c5203b (type: ports) to 1
2026-05-30 03:12:17.621 7 INFO neutron.plugins.ml2.drivers.ovn.mech_driver.ovsdb.commands [None req-1b008c58-ce06-4632-ac39-c3536350482d - - - - - -] Schedule LRP lrp-9831695d-da6b-42b1-8c1f-68b6da11e098 on gateway f8551dfc-cbdf-4ef1-85a3-48c356b02a56 with priority 1
2026-05-30 03:12:17.697 8 INFO neutron.plugins.ml2.drivers.ovn.mech_driver.ovsdb.ovsdb_monitor [None req-4fd50bd4-a01f-4b18-808b-0d24f2c70d74 - - - - - -] Router b3c26fd6-3989-4221-bfd3-e22ea34e4e81 is bound to host instance
2026-05-30 03:12:17.719 7 INFO neutron.db.ovn_revision_numbers_db [None req-960dab56-db87-4209-97d8-dbc0a7107399 9952b7a5c64644d5b83c02b8432f06e3 9716ce628d0d497a85d7a7bd2d9ea76f - - default default] Successfully bumped revision number for resource 9831695d-da6b-42b1-8c1f-68b6da11e098 (type: router_ports) to 1
2026-05-30 03:12:17.724 8 INFO neutron.plugins.ml2.drivers.ovn.mech_driver.mech_driver [None req-0dce9a69-223f-4c9d-b4b6-c35b80d0d5fc - - - - - -] OVN reports status up for port: 9831695d-da6b-42b1-8c1f-68b6da11e098
2026-05-30 03:12:17.766 8 INFO neutron.plugins.ml2.plugin [None req-0dce9a69-223f-4c9d-b4b6-c35b80d0d5fc - - - - - -] Attempt 1 to provision port 9831695d-da6b-42b1-8c1f-68b6da11e098
2026-05-30 03:12:17.784 7 INFO neutron.db.ovn_revision_numbers_db [None req-960dab56-db87-4209-97d8-dbc0a7107399 9952b7a5c64644d5b83c02b8432f06e3 9716ce628d0d497a85d7a7bd2d9ea76f - - default default] Successfully bumped revision number for resource b3c26fd6-3989-4221-bfd3-e22ea34e4e81 (type: routers) to 2 [pid: 7|app: 0|req: 378/739] 10.0.0.153 () {34 vars in 668 bytes} [Sat May 30 03:12:16 2026] POST /v2.0/routers => generated 977 bytes in 1319 msecs (HTTP/1.1 201) 4 headers in 162 bytes (1 switches on core 0)
2026-05-30 03:12:18.030 7 INFO neutron.db.ovn_revision_numbers_db [None req-9cae2f3b-c912-4f4e-9b9f-f5c11365ec53 5df7fdf216ea4206a4e677ff60d7fef6 7cf72e0562384bb9a9724933b2e8a899 - - default default] Successfully bumped revision number for resource ef4e78d6-700a-472d-abd6-b150b6313a92 (type: security_groups) to 1
2026-05-30 03:12:18.044 7 INFO neutron.db.ovn_revision_numbers_db [None req-9cae2f3b-c912-4f4e-9b9f-f5c11365ec53 5df7fdf216ea4206a4e677ff60d7fef6 7cf72e0562384bb9a9724933b2e8a899 - - default default] Successfully bumped revision number for resource 3569a986-e04a-4e4a-b540-0e56357878d7 (type: security_group_rules) to 0
2026-05-30 03:12:18.081 7 INFO neutron.db.ovn_revision_numbers_db [None req-9cae2f3b-c912-4f4e-9b9f-f5c11365ec53 5df7fdf216ea4206a4e677ff60d7fef6 7cf72e0562384bb9a9724933b2e8a899 - - default default] Successfully bumped revision number for resource a5fa4a01-91f6-4fa5-ba24-b44e54522344 (type: security_group_rules) to 0
2026-05-30 03:12:18.108 7 INFO neutron.db.ovn_revision_numbers_db [None req-9cae2f3b-c912-4f4e-9b9f-f5c11365ec53 5df7fdf216ea4206a4e677ff60d7fef6 7cf72e0562384bb9a9724933b2e8a899 - - default default] Successfully bumped revision number for resource b9f817fb-3934-427a-a45a-ed6c978f64a1 (type: security_group_rules) to 0
2026-05-30 03:12:18.129 7 INFO neutron.db.ovn_revision_numbers_db [None req-9cae2f3b-c912-4f4e-9b9f-f5c11365ec53 5df7fdf216ea4206a4e677ff60d7fef6 7cf72e0562384bb9a9724933b2e8a899 - - default default] Successfully bumped revision number for resource f4de2122-b300-41bf-9dc9-675fb2b25a97 (type: security_group_rules) to 0
2026-05-30 03:12:18.206 7 INFO neutron.db.segments_db [None req-9cae2f3b-c912-4f4e-9b9f-f5c11365ec53 5df7fdf216ea4206a4e677ff60d7fef6 7cf72e0562384bb9a9724933b2e8a899 - - default default] Added segment 74a239e7-a65b-407e-9dff-43e23c4c0a7c of type geneve for network 7843357e-02d6-46c3-8565-c925a6d95336
2026-05-30 03:12:18.336 7 INFO neutron.db.ovn_revision_numbers_db [None req-9cae2f3b-c912-4f4e-9b9f-f5c11365ec53 5df7fdf216ea4206a4e677ff60d7fef6 7cf72e0562384bb9a9724933b2e8a899 - - default default] Successfully bumped revision number for resource 7843357e-02d6-46c3-8565-c925a6d95336 (type: networks) to 1
2026-05-30 03:12:18.488 8 INFO neutron.plugins.ml2.drivers.ovn.mech_driver.ovsdb.commands [None req-a30bbc52-7daa-4d26-9648-cba14faff84e - - - - - -] Schedule LRP lrp-2600fa4c-e67e-46ca-bbc1-c7e4f1c5203b on gateway f8551dfc-cbdf-4ef1-85a3-48c356b02a56 with priority 1
2026-05-30 03:12:18.557 7 INFO neutron.plugins.ml2.drivers.ovn.mech_driver.ovsdb.ovsdb_monitor [None req-b35e6327-f54d-4782-b625-66eb257439ab - - - - - -] Router 70a110ab-1c82-4ee5-8cee-d3b9eb13e784 is bound to host instance
2026-05-30 03:12:18.581 7 WARNING neutron.scheduler.dhcp_agent_scheduler [None req-9cae2f3b-c912-4f4e-9b9f-f5c11365ec53 5df7fdf216ea4206a4e677ff60d7fef6 7cf72e0562384bb9a9724933b2e8a899 - - default default] No more DHCP agents
2026-05-30 03:12:18.585 7 WARNING neutron.api.rpc.agentnotifiers.dhcp_rpc_agent_api [None req-9cae2f3b-c912-4f4e-9b9f-f5c11365ec53 5df7fdf216ea4206a4e677ff60d7fef6 7cf72e0562384bb9a9724933b2e8a899 - - default default] Unable to schedule network 7843357e-02d6-46c3-8565-c925a6d95336: no agents available; will retry on subsequent port and subnet creation events.
2026-05-30 03:12:18.614 8 INFO neutron.db.ovn_revision_numbers_db [None req-679c0d7f-ba8f-4a57-a004-95b01c4e5387 9952b7a5c64644d5b83c02b8432f06e3 9716ce628d0d497a85d7a7bd2d9ea76f - - default default] Successfully bumped revision number for resource 2600fa4c-e67e-46ca-bbc1-c7e4f1c5203b (type: router_ports) to 1
2026-05-30 03:12:18.712 7 INFO neutron.db.ovn_revision_numbers_db [None req-9cae2f3b-c912-4f4e-9b9f-f5c11365ec53 5df7fdf216ea4206a4e677ff60d7fef6 7cf72e0562384bb9a9724933b2e8a899 - - default default] Successfully bumped revision number for resource de689101-65ff-4f68-9333-153c717c60e1 (type: ports) to 1 [pid: 7|app: 0|req: 379/740] 10.0.0.153 () {34 vars in 669 bytes} [Sat May 30 03:12:17 2026] POST /v2.0/networks => generated 634 bytes in 959 msecs (HTTP/1.1 201) 4 headers in 162 bytes (1 switches on core 0)
2026-05-30 03:12:18.781 8 INFO neutron.db.ovn_revision_numbers_db [None req-679c0d7f-ba8f-4a57-a004-95b01c4e5387 9952b7a5c64644d5b83c02b8432f06e3 9716ce628d0d497a85d7a7bd2d9ea76f - - default default] Successfully bumped revision number for resource 70a110ab-1c82-4ee5-8cee-d3b9eb13e784 (type: routers) to 2 [pid: 8|app: 0|req: 362/741] 10.0.0.153 () {34 vars in 668 bytes} [Sat May 30 03:12:16 2026] POST /v2.0/routers => generated 962 bytes in 2187 msecs (HTTP/1.1 201) 4 headers in 162 bytes (1 switches on core 0) [pid: 7|app: 0|req: 380/742] 10.0.0.132 () {34 vars in 989 bytes} [Sat May 30 03:12:18 2026] GET /v2.0/ports?device_id=ce6efb51-bd41-4daa-81e9-485457e944eb => generated 957 bytes in 160 msecs (HTTP/1.1 200) 4 headers in 157 bytes (1 switches on core 0)
2026-05-30 03:12:19.402 8 INFO neutron.db.ovn_revision_numbers_db [None req-4dfa0f35-3cd1-4f6b-9043-4c3ee75e1303 - - - - - -] Successfully bumped revision number for resource 9831695d-da6b-42b1-8c1f-68b6da11e098 (type: ports) to 4
2026-05-30 03:12:19.512 8 INFO neutron.db.ovn_revision_numbers_db [req-b1322c74-e925-4941-9743-56f765159955 req-a2b0b12d-b9ce-4a23-8813-24160001fb27 5b0c4f7a4e39404f9c19e70922dcc1a5 5475ab20551b45b4bcacdba93cc5b0d4 - - fba6e3d954f3493c8e750a69c8e72271 fba6e3d954f3493c8e750a69c8e72271] Successfully bumped revision number for resource 53032aa5-42ce-4ab7-b6ad-e2cb48abd557 (type: ports) to 2
2026-05-30 03:12:19.698 7 WARNING neutron.scheduler.dhcp_agent_scheduler [None req-fda014c3-970c-4bf1-af44-d945bcb8ade3 9952b7a5c64644d5b83c02b8432f06e3 9716ce628d0d497a85d7a7bd2d9ea76f - - default default] No more DHCP agents
2026-05-30 03:12:19.701 7 WARNING neutron.api.rpc.agentnotifiers.dhcp_rpc_agent_api [None req-fda014c3-970c-4bf1-af44-d945bcb8ade3 9952b7a5c64644d5b83c02b8432f06e3 9716ce628d0d497a85d7a7bd2d9ea76f - - default default] Unable to schedule network e9e0f464-b878-430a-9fdc-dcfd30f6126c: no agents available; will retry on subsequent port and subnet creation events.
2026-05-30 03:12:19.940 7 INFO neutron.plugins.ml2.drivers.ovn.mech_driver.mech_driver [None req-9d1fd586-4aeb-4021-98d4-2cc9a552acda - - - - - -] OVN reports status down for port: 920e3eaa-7f0f-440e-8e69-def452f14962
2026-05-30 03:12:19.942 8 INFO neutron.db.ovn_revision_numbers_db [req-b1322c74-e925-4941-9743-56f765159955 req-a2b0b12d-b9ce-4a23-8813-24160001fb27 5b0c4f7a4e39404f9c19e70922dcc1a5 5475ab20551b45b4bcacdba93cc5b0d4 - - fba6e3d954f3493c8e750a69c8e72271 fba6e3d954f3493c8e750a69c8e72271] Successfully bumped revision number for resource 53032aa5-42ce-4ab7-b6ad-e2cb48abd557 (type: ports) to 4
2026-05-30 03:12:19.942 7 INFO neutron.db.ovn_revision_numbers_db [None req-ec1b92f3-2618-412f-b344-6664519a2750 - - - - - -] Successfully bumped revision number for resource 2600fa4c-e67e-46ca-bbc1-c7e4f1c5203b (type: ports) to 4 [pid: 8|app: 0|req: 363/745] 199.204.45.162 () {38 vars in 1027 bytes} [Sat May 30 03:12:18 2026] PUT /v2.0/ports/53032aa5-42ce-4ab7-b6ad-e2cb48abd557 => generated 1204 bytes in 1190 msecs (HTTP/1.1 200) 4 headers in 158 bytes (1 switches on core 0) /var/lib/openstack/lib/python3.12/site-packages/pycadf/identifier.py:70: UserWarning: Invalid uuid: neutron. To ensure interoperability, identifiers should be a valid uuid. warnings.warn(('Invalid uuid: %s. To ensure interoperability, '
2026-05-30 03:12:20.049 7 INFO neutron.db.ovn_revision_numbers_db [None req-fda014c3-970c-4bf1-af44-d945bcb8ade3 9952b7a5c64644d5b83c02b8432f06e3 9716ce628d0d497a85d7a7bd2d9ea76f - - default default] Successfully bumped revision number for resource 920e3eaa-7f0f-440e-8e69-def452f14962 (type: ports) to 1
2026-05-30 03:12:20.127 8 INFO neutron.db.ovn_revision_numbers_db [None req-4dfa0f35-3cd1-4f6b-9043-4c3ee75e1303 - - - - - -] Successfully bumped revision number for resource 9831695d-da6b-42b1-8c1f-68b6da11e098 (type: ports) to 5
2026-05-30 03:12:20.184 8 INFO neutron.db.segments_db [None req-d051705c-85dc-412a-8ee7-6e045eed5614 5df7fdf216ea4206a4e677ff60d7fef6 7cf72e0562384bb9a9724933b2e8a899 - - default default] Added segment 07a220c5-ce89-4f9e-9777-70a3fa8e901b of type geneve for network ad90a198-9141-4f1d-b89b-c12740d448fa
2026-05-30 03:12:20.340 8 INFO neutron.db.ovn_revision_numbers_db [None req-d051705c-85dc-412a-8ee7-6e045eed5614 5df7fdf216ea4206a4e677ff60d7fef6 7cf72e0562384bb9a9724933b2e8a899 - - default default] Successfully bumped revision number for resource ad90a198-9141-4f1d-b89b-c12740d448fa (type: networks) to 1
2026-05-30 03:12:20.522 8 WARNING neutron.scheduler.dhcp_agent_scheduler [None req-d051705c-85dc-412a-8ee7-6e045eed5614 5df7fdf216ea4206a4e677ff60d7fef6 7cf72e0562384bb9a9724933b2e8a899 - - default default] No more DHCP agents
2026-05-30 03:12:20.526 8 INFO neutron.notifiers.nova [-] Nova event matching ['req-36b865bc-38e6-4671-ae45-87814e6a27b5'] response: {'name': 'network-changed', 'server_uuid': 'ce6efb51-bd41-4daa-81e9-485457e944eb', 'tag': '53032aa5-42ce-4ab7-b6ad-e2cb48abd557', 'status': 'completed', 'code': 200}
2026-05-30 03:12:20.531 8 WARNING neutron.api.rpc.agentnotifiers.dhcp_rpc_agent_api [None req-d051705c-85dc-412a-8ee7-6e045eed5614 5df7fdf216ea4206a4e677ff60d7fef6 7cf72e0562384bb9a9724933b2e8a899 - - default default] Unable to schedule network ad90a198-9141-4f1d-b89b-c12740d448fa: no agents available; will retry on subsequent port and subnet creation events.
2026-05-30 03:12:20.610 7 INFO neutron.db.ovn_revision_numbers_db [None req-ec1b92f3-2618-412f-b344-6664519a2750 - - - - - -] Successfully bumped revision number for resource 2600fa4c-e67e-46ca-bbc1-c7e4f1c5203b (type: ports) to 5
2026-05-30 03:12:20.616 7 INFO neutron.plugins.ml2.drivers.ovn.mech_driver.mech_driver [None req-9d1fd586-4aeb-4021-98d4-2cc9a552acda - - - - - -] OVN reports status down for port: b3fa9ad2-b8ee-4a6f-ae6b-c77492edcb65
2026-05-30 03:12:20.632 8 INFO neutron.db.ovn_revision_numbers_db [None req-d051705c-85dc-412a-8ee7-6e045eed5614 5df7fdf216ea4206a4e677ff60d7fef6 7cf72e0562384bb9a9724933b2e8a899 - - default default] Successfully bumped revision number for resource b3fa9ad2-b8ee-4a6f-ae6b-c77492edcb65 (type: ports) to 1 [pid: 8|app: 0|req: 364/746] 10.0.0.153 () {34 vars in 669 bytes} [Sat May 30 03:12:20 2026] POST /v2.0/networks => generated 634 bytes in 656 msecs (HTTP/1.1 201) 4 headers in 162 bytes (1 switches on core 0)
2026-05-30 03:12:20.725 8 INFO neutron.plugins.ml2.drivers.ovn.mech_driver.mech_driver [None req-0dce9a69-223f-4c9d-b4b6-c35b80d0d5fc - - - - - -] OVN reports status up for port: 2600fa4c-e67e-46ca-bbc1-c7e4f1c5203b
2026-05-30 03:12:20.744 8 INFO neutron.plugins.ml2.plugin [None req-0dce9a69-223f-4c9d-b4b6-c35b80d0d5fc - - - - - -] Attempt 1 to provision port 2600fa4c-e67e-46ca-bbc1-c7e4f1c5203b
2026-05-30 03:12:20.895 8 INFO neutron.plugins.ml2.drivers.ovn.mech_driver.mech_driver [None req-0dce9a69-223f-4c9d-b4b6-c35b80d0d5fc - - - - - -] OVN reports status down for port: de689101-65ff-4f68-9333-153c717c60e1
2026-05-30 03:12:21.070 7 INFO neutron.plugins.ml2.drivers.ovn.mech_driver.mech_driver [None req-9d1fd586-4aeb-4021-98d4-2cc9a552acda - - - - - -] OVN reports status up for port: 920e3eaa-7f0f-440e-8e69-def452f14962
2026-05-30 03:12:21.093 7 INFO neutron.plugins.ml2.plugin [None req-9d1fd586-4aeb-4021-98d4-2cc9a552acda - - - - - -] Attempt 1 to provision port 920e3eaa-7f0f-440e-8e69-def452f14962
2026-05-30 03:12:21.190 7 WARNING neutron.scheduler.dhcp_agent_scheduler [None req-fda014c3-970c-4bf1-af44-d945bcb8ade3 9952b7a5c64644d5b83c02b8432f06e3 9716ce628d0d497a85d7a7bd2d9ea76f - - default default] No more DHCP agents
2026-05-30 03:12:21.193 7 WARNING neutron.api.rpc.agentnotifiers.dhcp_rpc_agent_api [None req-fda014c3-970c-4bf1-af44-d945bcb8ade3 9952b7a5c64644d5b83c02b8432f06e3 9716ce628d0d497a85d7a7bd2d9ea76f - - default default] Unable to schedule network e9e0f464-b878-430a-9fdc-dcfd30f6126c: no agents available; will retry on subsequent port and subnet creation events.
2026-05-30 03:12:21.247 8 WARNING neutron.scheduler.dhcp_agent_scheduler [None req-0a2d0067-d400-4422-9e65-14acfc9a10a0 9952b7a5c64644d5b83c02b8432f06e3 9716ce628d0d497a85d7a7bd2d9ea76f - - default default] No more DHCP agents
2026-05-30 03:12:21.249 8 WARNING neutron.api.rpc.agentnotifiers.dhcp_rpc_agent_api [None req-0a2d0067-d400-4422-9e65-14acfc9a10a0 9952b7a5c64644d5b83c02b8432f06e3 9716ce628d0d497a85d7a7bd2d9ea76f - - default default] Unable to schedule network 8bc0dbff-0005-4eed-9ed1-c12b7d35e551: no agents available; will retry on subsequent port and subnet creation events.
2026-05-30 03:12:21.358 8 INFO neutron.plugins.ml2.drivers.ovn.mech_driver.mech_driver [None req-0dce9a69-223f-4c9d-b4b6-c35b80d0d5fc - - - - - -] OVN reports status down for port: d7708e79-2eea-4758-97fc-6ebd7c2acaf9
2026-05-30 03:12:21.414 8 INFO neutron.db.ovn_revision_numbers_db [None req-0a2d0067-d400-4422-9e65-14acfc9a10a0 9952b7a5c64644d5b83c02b8432f06e3 9716ce628d0d497a85d7a7bd2d9ea76f - - default default] Successfully bumped revision number for resource d7708e79-2eea-4758-97fc-6ebd7c2acaf9 (type: ports) to 1
2026-05-30 03:12:21.740 7 INFO neutron.db.ovn_revision_numbers_db [None req-9d1fd586-4aeb-4021-98d4-2cc9a552acda - - - - - -] Successfully bumped revision number for resource 920e3eaa-7f0f-440e-8e69-def452f14962 (type: ports) to 2
2026-05-30 03:12:22.016 7 INFO neutron.db.ovn_revision_numbers_db [None req-fda014c3-970c-4bf1-af44-d945bcb8ade3 9952b7a5c64644d5b83c02b8432f06e3 9716ce628d0d497a85d7a7bd2d9ea76f - - default default] Successfully bumped revision number for resource 920e3eaa-7f0f-440e-8e69-def452f14962 (type: router_ports) to 1 [pid: 7|app: 0|req: 383/747] 10.0.0.153 () {34 vars in 782 bytes} [Sat May 30 03:12:18 2026] PUT /v2.0/routers/b3c26fd6-3989-4221-bfd3-e22ea34e4e81/add_router_interface => generated 309 bytes in 3092 msecs (HTTP/1.1 200) 4 headers in 157 bytes (1 switches on core 0) [pid: 7|app: 0|req: 384/748] 10.0.0.132 () {34 vars in 1039 bytes} [Sat May 30 03:12:22 2026] GET /v2.0/security-groups?id=35b4f616-5599-4858-be25-4aa976b821a5&fields=id&fields=name => generated 114 bytes in 43 msecs (HTTP/1.1 200) 4 headers in 157 bytes (1 switches on core 0)
2026-05-30 03:12:22.294 7 WARNING neutron.scheduler.dhcp_agent_scheduler [None req-a9431600-6f9a-4460-8bd1-0963812b9b2b 5df7fdf216ea4206a4e677ff60d7fef6 7cf72e0562384bb9a9724933b2e8a899 - - default default] No more DHCP agents
2026-05-30 03:12:22.296 7 WARNING neutron.api.rpc.agentnotifiers.dhcp_rpc_agent_api [None req-a9431600-6f9a-4460-8bd1-0963812b9b2b 5df7fdf216ea4206a4e677ff60d7fef6 7cf72e0562384bb9a9724933b2e8a899 - - default default] Unable to schedule network 7843357e-02d6-46c3-8565-c925a6d95336: no agents available; will retry on subsequent port and subnet creation events.
2026-05-30 03:12:22.325 7 INFO neutron.db.ovn_revision_numbers_db [None req-a9431600-6f9a-4460-8bd1-0963812b9b2b 5df7fdf216ea4206a4e677ff60d7fef6 7cf72e0562384bb9a9724933b2e8a899 - - default default] Successfully bumped revision number for resource ed32bca2-6bc0-4355-a04e-ad8871f05a22 (type: subnets) to 0 [pid: 7|app: 0|req: 385/749] 10.0.0.153 () {34 vars in 668 bytes} [Sat May 30 03:12:22 2026] POST /v2.0/subnets => generated 646 bytes in 273 msecs (HTTP/1.1 201) 4 headers in 162 bytes (1 switches on core 0) [pid: 7|app: 0|req: 386/750] 199.204.45.162 () {34 vars in 1079 bytes} [Sat May 30 03:12:22 2026] GET /v2.0/ports?tenant_id=c39e74a02e594fc1937b430c4d38236f&device_id=ce6efb51-bd41-4daa-81e9-485457e944eb => generated 1207 bytes in 56 msecs (HTTP/1.1 200) 4 headers in 158 bytes (1 switches on core 0)
2026-05-30 03:12:22.482 8 INFO neutron.plugins.ml2.drivers.ovn.mech_driver.mech_driver [None req-0dce9a69-223f-4c9d-b4b6-c35b80d0d5fc - - - - - -] OVN reports status up for port: d7708e79-2eea-4758-97fc-6ebd7c2acaf9
2026-05-30 03:12:22.505 8 INFO neutron.plugins.ml2.plugin [None req-0dce9a69-223f-4c9d-b4b6-c35b80d0d5fc - - - - - -] Attempt 1 to provision port d7708e79-2eea-4758-97fc-6ebd7c2acaf9
2026-05-30 03:12:22.586 7 WARNING neutron.scheduler.dhcp_agent_scheduler [None req-21b69235-0a66-40d2-9aed-568195d0c2aa 5df7fdf216ea4206a4e677ff60d7fef6 7cf72e0562384bb9a9724933b2e8a899 - - default default] No more DHCP agents
2026-05-30 03:12:22.588 7 WARNING neutron.api.rpc.agentnotifiers.dhcp_rpc_agent_api [None req-21b69235-0a66-40d2-9aed-568195d0c2aa 5df7fdf216ea4206a4e677ff60d7fef6 7cf72e0562384bb9a9724933b2e8a899 - - default default] Unable to schedule network ad90a198-9141-4f1d-b89b-c12740d448fa: no agents available; will retry on subsequent port and subnet creation events.
2026-05-30 03:12:22.614 7 INFO neutron.db.ovn_revision_numbers_db [None req-21b69235-0a66-40d2-9aed-568195d0c2aa 5df7fdf216ea4206a4e677ff60d7fef6 7cf72e0562384bb9a9724933b2e8a899 - - default default] Successfully bumped revision number for resource 469d32fb-2de7-48f5-aaef-fba633b2702b (type: subnets) to 0 [pid: 7|app: 0|req: 387/751] 10.0.0.153 () {34 vars in 668 bytes} [Sat May 30 03:12:22 2026] POST /v2.0/subnets => generated 655 bytes in 235 msecs (HTTP/1.1 201) 4 headers in 162 bytes (1 switches on core 0)
2026-05-30 03:12:22.643 8 WARNING neutron.scheduler.dhcp_agent_scheduler [None req-0a2d0067-d400-4422-9e65-14acfc9a10a0 9952b7a5c64644d5b83c02b8432f06e3 9716ce628d0d497a85d7a7bd2d9ea76f - - default default] No more DHCP agents
