2026-05-30 03:13:57.055 7 INFO neutron.db.ovn_revision_numbers_db [None req-803f63aa-0007-4d8b-a5f8-3e64b94f4f9b - - - - - -] Successfully bumped revision number for resource 5824245b-3e0e-45e9-8093-8f1334d7d575 (type: ports) to 2 [pid: 8|app: 0|req: 695/1498] 10.0.0.132 () {34 vars in 1001 bytes} [Sat May 30 03:13:56 2026] GET /v2.0/ports?tenant_id=0d0ccfdb633449f78436de1d7c42a0cf&fields=id => generated 287 bytes in 145 msecs (HTTP/1.1 200) 4 headers in 157 bytes (1 switches on core 0)
2026-05-30 03:13:57.087 7 INFO neutron.db.ovn_revision_numbers_db [None req-803f63aa-0007-4d8b-a5f8-3e64b94f4f9b - - - - - -] Successfully bumped revision number for resource b8304be0-e7b4-4c07-b03e-b3db55a856d0 (type: subnets) to 0 [pid: 8|app: 0|req: 696/1499] 10.0.0.153 () {32 vars in 773 bytes} [Sat May 30 03:13:57 2026] GET /v2.0/security-groups?tenant_id=f4f7a7ccde084551807f6b6329e513fa&name=default => generated 2925 bytes in 21 msecs (HTTP/1.1 200) 4 headers in 158 bytes (1 switches on core 0) [pid: 7|app: 0|req: 804/1500] 10.0.0.153 () {34 vars in 668 bytes} [Sat May 30 03:13:56 2026] POST /v2.0/subnets => generated 626 bytes in 773 msecs (HTTP/1.1 201) 4 headers in 162 bytes (1 switches on core 0) [pid: 7|app: 0|req: 805/1501] 10.0.0.132 () {34 vars in 1007 bytes} [Sat May 30 03:13:57 2026] GET /v2.0/networks/f95c79bf-a3e6-44ef-b2ea-bdb296cca89a?fields=segments => generated 14 bytes in 35 msecs (HTTP/1.1 200) 4 headers in 156 bytes (1 switches on core 0)
2026-05-30 03:13:57.189 8 INFO neutron_taas.services.taas.taas_plugin [None req-432c034a-056d-4d6e-b892-9dd40f596b5f a3168dfbe9f24803bf79d6367e4bacbc 0565c9ff3a044ca2bd92235e0f53e1e1 - - default default] TaaS: Handle Delete Port: ae4a5708-6cc3-436a-bf99-8708fb556d92
2026-05-30 03:13:57.194 8 INFO neutron_taas.services.taas.tap_mirror_plugin [None req-432c034a-056d-4d6e-b892-9dd40f596b5f a3168dfbe9f24803bf79d6367e4bacbc 0565c9ff3a044ca2bd92235e0f53e1e1 - - default default] Tap Mirror: Handle Delete Port: ae4a5708-6cc3-436a-bf99-8708fb556d92
2026-05-30 03:13:57.349 8 WARNING neutron.plugins.ml2.drivers.ovn.mech_driver.ovsdb.ovn_client [None req-0e83a556-3435-43c3-ab80-6172b42844ab - - - - - -] No hosting information found for port 09331b01-f48c-4eef-b27c-c584904e7d70: RuntimeError: No hosting information found for port 09331b01-f48c-4eef-b27c-c584904e7d70 [pid: 7|app: 0|req: 806/1502] 10.0.0.153 () {32 vars in 739 bytes} [Sat May 30 03:13:57 2026] DELETE /v2.0/security-groups/6ad14986-bd40-4010-bf62-d6fa3d945bc9 => generated 0 bytes in 220 msecs (HTTP/1.1 204) 2 headers in 112 bytes (1 switches on core 0)
2026-05-30 03:13:57.482 8 INFO neutron.db.ovn_revision_numbers_db [None req-0e83a556-3435-43c3-ab80-6172b42844ab - - - - - -] Successfully bumped revision number for resource 09331b01-f48c-4eef-b27c-c584904e7d70 (type: router_ports) to 2
2026-05-30 03:13:57.510 8 INFO neutron.plugins.ml2.drivers.ovn.mech_driver.mech_driver [None req-0e83a556-3435-43c3-ab80-6172b42844ab - - - - - -] OVN reports status down for port: cf4a8477-7341-44db-a76e-0a153d96486a [pid: 8|app: 0|req: 697/1503] 10.0.0.153 () {32 vars in 725 bytes} [Sat May 30 03:13:57 2026] DELETE /v2.0/networks/f3a266d5-63d4-4fda-8595-052681de4269 => generated 0 bytes in 440 msecs (HTTP/1.1 204) 3 headers in 131 bytes (1 switches on core 0) /var/lib/openstack/lib/python3.12/site-packages/pycadf/identifier.py:70: UserWarning: Invalid uuid: neutron. To ensure interoperability, identifiers should be a valid uuid. warnings.warn(('Invalid uuid: %s. To ensure interoperability, '
2026-05-30 03:13:57.544 7 WARNING neutron.scheduler.dhcp_agent_scheduler [None req-e5a95996-3826-4eb3-9e18-7278c6ea08e2 311ec067951847f9afdab57e73443b78 160daf97d7824b828163f82557ed2c56 - - default default] No more DHCP agents
2026-05-30 03:13:57.545 7 WARNING neutron.api.rpc.agentnotifiers.dhcp_rpc_agent_api [None req-e5a95996-3826-4eb3-9e18-7278c6ea08e2 311ec067951847f9afdab57e73443b78 160daf97d7824b828163f82557ed2c56 - - default default] Unable to schedule network c523467e-3192-45d7-b928-d71a9790c556: no agents available; will retry on subsequent port and subnet creation events. [pid: 8|app: 0|req: 698/1504] 10.0.0.132 () {34 vars in 1107 bytes} [Sat May 30 03:13:57 2026] GET /v2.0/networks/f95c79bf-a3e6-44ef-b2ea-bdb296cca89a?fields=provider%3Aphysical_network&fields=provider%3Anetwork_type => generated 79 bytes in 76 msecs (HTTP/1.1 200) 4 headers in 156 bytes (1 switches on core 0)
2026-05-30 03:13:57.639 8 WARNING neutron.plugins.ml2.drivers.ovn.mech_driver.ovsdb.ovn_client [None req-0e83a556-3435-43c3-ab80-6172b42844ab - - - - - -] Logical_Switch_Port cf4a8477-7341-44db-a76e-0a153d96486a host information not removed, the port state is up
2026-05-30 03:13:57.643 8 INFO neutron.plugins.ml2.drivers.ovn.mech_driver.mech_driver [None req-0e83a556-3435-43c3-ab80-6172b42844ab - - - - - -] OVN reports status down for port: e59af750-37bf-4b5f-a1f4-c738e76cf1f2
2026-05-30 03:13:57.737 8 INFO neutron.plugins.ml2.drivers.ovn.mech_driver.mech_driver [None req-0e83a556-3435-43c3-ab80-6172b42844ab - - - - - -] OVN reports status up for port: cf4a8477-7341-44db-a76e-0a153d96486a
2026-05-30 03:13:57.772 8 INFO neutron.plugins.ml2.plugin [None req-0e83a556-3435-43c3-ab80-6172b42844ab - - - - - -] Attempt 1 to provision port cf4a8477-7341-44db-a76e-0a153d96486a
2026-05-30 03:13:57.824 8 INFO neutron_taas.services.taas.taas_plugin [None req-e70b9979-c8ff-4eac-ab1b-aeffde93f996 a3168dfbe9f24803bf79d6367e4bacbc 0565c9ff3a044ca2bd92235e0f53e1e1 - - default default] TaaS: Handle Delete Port: aebb10e9-f452-4156-80a3-ca6b52248137
2026-05-30 03:13:57.834 8 INFO neutron_taas.services.taas.tap_mirror_plugin [None req-e70b9979-c8ff-4eac-ab1b-aeffde93f996 a3168dfbe9f24803bf79d6367e4bacbc 0565c9ff3a044ca2bd92235e0f53e1e1 - - default default] Tap Mirror: Handle Delete Port: aebb10e9-f452-4156-80a3-ca6b52248137
2026-05-30 03:13:58.002 7 INFO neutron.db.ovn_revision_numbers_db [None req-aece59db-9b2a-4924-9747-ed2c4035f470 - - - - - -] Successfully bumped revision number for resource a2544312-c358-41c3-adb9-4a5af165e4c8 (type: ports) to 2
2026-05-30 03:13:58.039 7 INFO neutron.db.ovn_revision_numbers_db [None req-aece59db-9b2a-4924-9747-ed2c4035f470 - - - - - -] Successfully bumped revision number for resource 107cd9ce-26b6-4283-939a-1b8ed8186960 (type: subnets) to 0 [pid: 7|app: 0|req: 807/1505] 10.0.0.153 () {34 vars in 668 bytes} [Sat May 30 03:13:57 2026] POST /v2.0/subnets => generated 626 bytes in 700 msecs (HTTP/1.1 201) 4 headers in 162 bytes (1 switches on core 0) [pid: 7|app: 0|req: 808/1506] 10.0.0.132 () {34 vars in 989 bytes} [Sat May 30 03:13:58 2026] GET /v2.0/ports?device_id=7daacd6d-c152-4936-891f-930ab70a9d48 => generated 12 bytes in 18 msecs (HTTP/1.1 200) 4 headers in 156 bytes (1 switches on core 0)
2026-05-30 03:13:58.195 7 INFO neutron.db.ovn_revision_numbers_db [None req-b61286ed-fda5-4726-9083-b09267cbeace 311ec067951847f9afdab57e73443b78 160daf97d7824b828163f82557ed2c56 - - default default] Successfully bumped revision number for resource 075cb62c-728a-400a-a942-d21459bbc67b (type: routers) to 1 [pid: 7|app: 0|req: 809/1507] 10.0.0.153 () {34 vars in 668 bytes} [Sat May 30 03:13:58 2026] POST /v2.0/routers => generated 602 bytes in 136 msecs (HTTP/1.1 201) 4 headers in 162 bytes (1 switches on core 0) [pid: 8|app: 0|req: 699/1508] 10.0.0.153 () {32 vars in 725 bytes} [Sat May 30 03:13:57 2026] DELETE /v2.0/networks/9d152c9f-6196-4373-a1d7-310d3274d0a6 => generated 0 bytes in 638 msecs (HTTP/1.1 204) 3 headers in 131 bytes (1 switches on core 0)
2026-05-30 03:13:58.398 8 INFO neutron.services.segments.plugin [-] Segment 03825f10-dfd5-4c1f-a78c-b25ef00b8a00 resource provider aggregate not found
2026-05-30 03:13:58.409 8 INFO neutron.services.segments.plugin [-] Segment 03825f10-dfd5-4c1f-a78c-b25ef00b8a00 resource provider aggregate not found
2026-05-30 03:13:58.420 8 INFO neutron.services.segments.plugin [-] Segment 03825f10-dfd5-4c1f-a78c-b25ef00b8a00 resource provider not found; error: Placement Client Error (4xx): {"errors": [{"status": 404, "title": "Not Found", "detail": "The resource could not be found.\n\n No resource provider with uuid 03825f10-dfd5-4c1f-a78c-b25ef00b8a00 found for delete ", "request_id": "req-0e389911-5a86-4783-a9b1-a550616ca7a8"}]}
2026-05-30 03:13:58.427 8 INFO neutron.services.segments.plugin [-] Segment 03825f10-dfd5-4c1f-a78c-b25ef00b8a00 resource provider not found; error: Placement Client Error (4xx): {"errors": [{"status": 404, "title": "Not Found", "detail": "The resource could not be found.\n\n No resource provider with uuid 03825f10-dfd5-4c1f-a78c-b25ef00b8a00 found for delete ", "request_id": "req-94c490bf-3d22-49f2-b2cb-d0443317e970"}]}
2026-05-30 03:13:58.441 8 INFO neutron.services.segments.plugin [-] Segment 518f24db-083e-48c1-8460-6f12bc31bbac resource provider aggregate not found
2026-05-30 03:13:58.448 8 INFO neutron.services.segments.plugin [-] Segment 518f24db-083e-48c1-8460-6f12bc31bbac resource provider aggregate not found
2026-05-30 03:13:58.468 8 INFO neutron.services.segments.plugin [-] Segment 518f24db-083e-48c1-8460-6f12bc31bbac resource provider not found; error: Placement Client Error (4xx): {"errors": [{"status": 404, "title": "Not Found", "detail": "The resource could not be found.\n\n No resource provider with uuid 518f24db-083e-48c1-8460-6f12bc31bbac found for delete ", "request_id": "req-07af4fae-a0ba-4612-8d3b-f48eb477ed98"}]}
2026-05-30 03:13:58.468 8 INFO neutron.services.segments.plugin [-] Segment 518f24db-083e-48c1-8460-6f12bc31bbac resource provider not found; error: Placement Client Error (4xx): {"errors": [{"status": 404, "title": "Not Found", "detail": "The resource could not be found.\n\n No resource provider with uuid 518f24db-083e-48c1-8460-6f12bc31bbac found for delete ", "request_id": "req-1500125a-2abe-4535-8aef-a59bc6bb925c"}]}
2026-05-30 03:13:58.501 8 INFO neutron.services.segments.plugin [-] Segment 4f4eef35-c66a-4f54-a8b9-34af98677427 resource provider aggregate not found
2026-05-30 03:13:58.505 8 INFO neutron.services.segments.plugin [-] Segment 4f4eef35-c66a-4f54-a8b9-34af98677427 resource provider aggregate not found
2026-05-30 03:13:58.524 8 INFO neutron.services.segments.plugin [-] Segment 4f4eef35-c66a-4f54-a8b9-34af98677427 resource provider not found; error: Placement Client Error (4xx): {"errors": [{"status": 404, "title": "Not Found", "detail": "The resource could not be found.\n\n No resource provider with uuid 4f4eef35-c66a-4f54-a8b9-34af98677427 found for delete ", "request_id": "req-3b6871c3-955d-42b6-aa66-43f0f3e52fd5"}]}
2026-05-30 03:13:58.529 8 INFO neutron.services.segments.plugin [-] Segment 4f4eef35-c66a-4f54-a8b9-34af98677427 resource provider not found; error: Placement Client Error (4xx): {"errors": [{"status": 404, "title": "Not Found", "detail": "The resource could not be found.\n\n No resource provider with uuid 4f4eef35-c66a-4f54-a8b9-34af98677427 found for delete ", "request_id": "req-fa0319bf-faf9-40be-9bd2-c045a57f27e8"}]}
2026-05-30 03:13:58.548 8 INFO neutron_taas.services.taas.taas_plugin [None req-81f2d144-c6ce-4dd0-9529-29cf3918187b a3168dfbe9f24803bf79d6367e4bacbc 0565c9ff3a044ca2bd92235e0f53e1e1 - - default default] TaaS: Handle Delete Port: e59af750-37bf-4b5f-a1f4-c738e76cf1f2
2026-05-30 03:13:58.548 8 INFO neutron.db.ovn_revision_numbers_db [None req-0e83a556-3435-43c3-ab80-6172b42844ab - - - - - -] Successfully bumped revision number for resource cf4a8477-7341-44db-a76e-0a153d96486a (type: ports) to 2
2026-05-30 03:13:58.553 8 INFO neutron_taas.services.taas.tap_mirror_plugin [None req-81f2d144-c6ce-4dd0-9529-29cf3918187b a3168dfbe9f24803bf79d6367e4bacbc 0565c9ff3a044ca2bd92235e0f53e1e1 - - default default] Tap Mirror: Handle Delete Port: e59af750-37bf-4b5f-a1f4-c738e76cf1f2
2026-05-30 03:13:58.598 7 WARNING neutron.scheduler.dhcp_agent_scheduler [None req-84f740e7-75f4-4c3b-867f-ed52ea7c9c3a 311ec067951847f9afdab57e73443b78 160daf97d7824b828163f82557ed2c56 - - default default] No more DHCP agents
2026-05-30 03:13:58.600 7 WARNING neutron.api.rpc.agentnotifiers.dhcp_rpc_agent_api [None req-84f740e7-75f4-4c3b-867f-ed52ea7c9c3a 311ec067951847f9afdab57e73443b78 160daf97d7824b828163f82557ed2c56 - - default default] Unable to schedule network 95564b1e-4adc-499e-bc80-9bac2ce09244: no agents available; will retry on subsequent port and subnet creation events.
2026-05-30 03:13:58.711 7 INFO neutron.plugins.ml2.drivers.ovn.mech_driver.mech_driver [None req-8e7bf5b6-c4bd-455b-9888-e5a5f83f5bfc - - - - - -] OVN reports status down for port: 6f50cde9-9e14-4590-ad73-48e5cf8ded39
2026-05-30 03:13:58.761 7 INFO neutron.db.ovn_revision_numbers_db [None req-84f740e7-75f4-4c3b-867f-ed52ea7c9c3a 311ec067951847f9afdab57e73443b78 160daf97d7824b828163f82557ed2c56 - - default default] Successfully bumped revision number for resource 6f50cde9-9e14-4590-ad73-48e5cf8ded39 (type: ports) to 1 [pid: 8|app: 0|req: 700/1509] 10.0.0.153 () {32 vars in 725 bytes} [Sat May 30 03:13:58 2026] DELETE /v2.0/networks/91b95144-d09d-4f6f-97a4-07cfea6cd9fa => generated 0 bytes in 586 msecs (HTTP/1.1 204) 3 headers in 131 bytes (1 switches on core 0)
2026-05-30 03:13:59.303 7 INFO neutron.plugins.ml2.drivers.ovn.mech_driver.mech_driver [None req-8e7bf5b6-c4bd-455b-9888-e5a5f83f5bfc - - - - - -] OVN reports status up for port: 6f50cde9-9e14-4590-ad73-48e5cf8ded39
2026-05-30 03:13:59.330 7 INFO neutron.plugins.ml2.plugin [None req-8e7bf5b6-c4bd-455b-9888-e5a5f83f5bfc - - - - - -] Attempt 1 to provision port 6f50cde9-9e14-4590-ad73-48e5cf8ded39
2026-05-30 03:13:59.352 8 INFO neutron.db.ovn_revision_numbers_db [None req-64bfdeed-6bbe-43ae-8524-397e49c93068 9952b7a5c64644d5b83c02b8432f06e3 9716ce628d0d497a85d7a7bd2d9ea76f - - default default] Successfully bumped revision number for resource 10c095d6-d90f-44a0-ac2e-62a9fca37787 (type: security_groups) to 1
2026-05-30 03:13:59.367 8 INFO neutron.db.ovn_revision_numbers_db [None req-64bfdeed-6bbe-43ae-8524-397e49c93068 9952b7a5c64644d5b83c02b8432f06e3 9716ce628d0d497a85d7a7bd2d9ea76f - - default default] Successfully bumped revision number for resource 27f69150-7e69-4143-b81f-68ca2ddc47df (type: security_group_rules) to 0
2026-05-30 03:13:59.379 8 INFO neutron.db.ovn_revision_numbers_db [None req-64bfdeed-6bbe-43ae-8524-397e49c93068 9952b7a5c64644d5b83c02b8432f06e3 9716ce628d0d497a85d7a7bd2d9ea76f - - default default] Successfully bumped revision number for resource 55f91c94-7ce6-4575-b43d-4891f9a03b64 (type: security_group_rules) to 0
2026-05-30 03:13:59.390 8 INFO neutron.db.ovn_revision_numbers_db [None req-64bfdeed-6bbe-43ae-8524-397e49c93068 9952b7a5c64644d5b83c02b8432f06e3 9716ce628d0d497a85d7a7bd2d9ea76f - - default default] Successfully bumped revision number for resource a0c6c7fc-8094-4ead-a00b-9c711e56992b (type: security_group_rules) to 0
2026-05-30 03:13:59.403 8 INFO neutron.db.ovn_revision_numbers_db [None req-64bfdeed-6bbe-43ae-8524-397e49c93068 9952b7a5c64644d5b83c02b8432f06e3 9716ce628d0d497a85d7a7bd2d9ea76f - - default default] Successfully bumped revision number for resource d010d9a0-1562-4b60-bbaf-458690414098 (type: security_group_rules) to 0
2026-05-30 03:13:59.472 7 WARNING neutron.scheduler.dhcp_agent_scheduler [None req-84f740e7-75f4-4c3b-867f-ed52ea7c9c3a 311ec067951847f9afdab57e73443b78 160daf97d7824b828163f82557ed2c56 - - default default] No more DHCP agents
2026-05-30 03:13:59.474 7 WARNING neutron.api.rpc.agentnotifiers.dhcp_rpc_agent_api [None req-84f740e7-75f4-4c3b-867f-ed52ea7c9c3a 311ec067951847f9afdab57e73443b78 160daf97d7824b828163f82557ed2c56 - - default default] Unable to schedule network 95564b1e-4adc-499e-bc80-9bac2ce09244: no agents available; will retry on subsequent port and subnet creation events.
2026-05-30 03:13:59.479 8 INFO neutron.db.segments_db [None req-64bfdeed-6bbe-43ae-8524-397e49c93068 9952b7a5c64644d5b83c02b8432f06e3 9716ce628d0d497a85d7a7bd2d9ea76f - - default default] Added segment b7fa0525-6189-46da-8f3e-065dfa845759 of type geneve for network 01e911c4-11fe-4b63-ba55-3cce255d7e45
2026-05-30 03:13:59.576 8 INFO neutron.db.ovn_revision_numbers_db [None req-64bfdeed-6bbe-43ae-8524-397e49c93068 9952b7a5c64644d5b83c02b8432f06e3 9716ce628d0d497a85d7a7bd2d9ea76f - - default default] Successfully bumped revision number for resource 01e911c4-11fe-4b63-ba55-3cce255d7e45 (type: networks) to 1
2026-05-30 03:13:59.714 8 WARNING neutron.scheduler.dhcp_agent_scheduler [None req-64bfdeed-6bbe-43ae-8524-397e49c93068 9952b7a5c64644d5b83c02b8432f06e3 9716ce628d0d497a85d7a7bd2d9ea76f - - default default] No more DHCP agents
2026-05-30 03:13:59.715 8 WARNING neutron.api.rpc.agentnotifiers.dhcp_rpc_agent_api [None req-64bfdeed-6bbe-43ae-8524-397e49c93068 9952b7a5c64644d5b83c02b8432f06e3 9716ce628d0d497a85d7a7bd2d9ea76f - - default default] Unable to schedule network 01e911c4-11fe-4b63-ba55-3cce255d7e45: no agents available; will retry on subsequent port and subnet creation events.
2026-05-30 03:13:59.792 8 INFO neutron.db.ovn_revision_numbers_db [None req-64bfdeed-6bbe-43ae-8524-397e49c93068 9952b7a5c64644d5b83c02b8432f06e3 9716ce628d0d497a85d7a7bd2d9ea76f - - default default] Successfully bumped revision number for resource 3e0da8bf-c091-48c4-889a-3e7c99a2d1b3 (type: ports) to 1 [pid: 8|app: 0|req: 701/1510] 10.0.0.153 () {34 vars in 670 bytes} [Sat May 30 03:13:58 2026] POST /v2.0/networks => generated 746 bytes in 834 msecs (HTTP/1.1 201) 4 headers in 162 bytes (1 switches on core 0)
2026-05-30 03:13:59.900 7 INFO neutron.db.ovn_revision_numbers_db [None req-84f740e7-75f4-4c3b-867f-ed52ea7c9c3a 311ec067951847f9afdab57e73443b78 160daf97d7824b828163f82557ed2c56 - - default default] Successfully bumped revision number for resource 6f50cde9-9e14-4590-ad73-48e5cf8ded39 (type: router_ports) to 1 [pid: 7|app: 0|req: 810/1511] 10.0.0.153 () {34 vars in 782 bytes} [Sat May 30 03:13:58 2026] PUT /v2.0/routers/075cb62c-728a-400a-a942-d21459bbc67b/add_router_interface => generated 309 bytes in 1698 msecs (HTTP/1.1 200) 4 headers in 157 bytes (1 switches on core 0) [pid: 8|app: 0|req: 702/1512] 10.0.0.153 () {32 vars in 773 bytes} [Sat May 30 03:13:59 2026] GET /v2.0/security-groups?tenant_id=0565c9ff3a044ca2bd92235e0f53e1e1&name=default => generated 2925 bytes in 125 msecs (HTTP/1.1 200) 4 headers in 158 bytes (1 switches on core 0) [pid: 8|app: 0|req: 703/1513] 10.0.0.153 () {32 vars in 716 bytes} [Sat May 30 03:13:59 2026] GET /v2.0/ports/6f50cde9-9e14-4590-ad73-48e5cf8ded39 => generated 943 bytes in 88 msecs (HTTP/1.1 200) 4 headers in 157 bytes (1 switches on core 0)
2026-05-30 03:14:00.061 7 INFO neutron.db.ovn_revision_numbers_db [None req-8e7bf5b6-c4bd-455b-9888-e5a5f83f5bfc - - - - - -] Successfully bumped revision number for resource 6f50cde9-9e14-4590-ad73-48e5cf8ded39 (type: ports) to 2
2026-05-30 03:14:00.182 7 WARNING neutron.scheduler.dhcp_agent_scheduler [None req-51edc93a-0671-4e0c-b5f0-f6258f81ffb7 9952b7a5c64644d5b83c02b8432f06e3 9716ce628d0d497a85d7a7bd2d9ea76f - - default default] No more DHCP agents
2026-05-30 03:14:00.186 7 WARNING neutron.api.rpc.agentnotifiers.dhcp_rpc_agent_api [None req-51edc93a-0671-4e0c-b5f0-f6258f81ffb7 9952b7a5c64644d5b83c02b8432f06e3 9716ce628d0d497a85d7a7bd2d9ea76f - - default default] Unable to schedule network 01e911c4-11fe-4b63-ba55-3cce255d7e45: no agents available; will retry on subsequent port and subnet creation events. [pid: 8|app: 0|req: 704/1514] 10.0.0.153 () {32 vars in 739 bytes} [Sat May 30 03:14:00 2026] DELETE /v2.0/security-groups/b3222189-278f-44fd-b00e-ec3374e68669 => generated 0 bytes in 227 msecs (HTTP/1.1 204) 2 headers in 112 bytes (1 switches on core 0)
2026-05-30 03:14:00.549 8 INFO neutron.services.segments.plugin [-] Segment 6607a2c8-6349-478d-8136-ff9f5dff6c8d resource provider aggregate not found
2026-05-30 03:14:00.555 8 INFO neutron.services.segments.plugin [-] Segment 6607a2c8-6349-478d-8136-ff9f5dff6c8d resource provider aggregate not found
2026-05-30 03:14:00.577 8 INFO neutron.services.segments.plugin [-] Segment 6607a2c8-6349-478d-8136-ff9f5dff6c8d resource provider not found; error: Placement Client Error (4xx): {"errors": [{"status": 404, "title": "Not Found", "detail": "The resource could not be found.\n\n No resource provider with uuid 6607a2c8-6349-478d-8136-ff9f5dff6c8d found for delete ", "request_id": "req-28d59dfb-a72c-4f06-ad5f-935b68ae867f"}]}
2026-05-30 03:14:00.579 8 INFO neutron.services.segments.plugin [-] Segment 6607a2c8-6349-478d-8136-ff9f5dff6c8d resource provider not found; error: Placement Client Error (4xx): {"errors": [{"status": 404, "title": "Not Found", "detail": "The resource could not be found.\n\n No resource provider with uuid 6607a2c8-6349-478d-8136-ff9f5dff6c8d found for delete ", "request_id": "req-25eff3b7-0df6-45c9-a7f4-c4ab59bc3262"}]}
2026-05-30 03:14:00.658 7 INFO neutron.db.ovn_revision_numbers_db [None req-9a7b61b8-bfd4-4e1c-885a-57d921bfe0b4 - - - - - -] Successfully bumped revision number for resource 3e0da8bf-c091-48c4-889a-3e7c99a2d1b3 (type: ports) to 2
2026-05-30 03:14:00.688 7 INFO neutron.db.ovn_revision_numbers_db [None req-9a7b61b8-bfd4-4e1c-885a-57d921bfe0b4 - - - - - -] Successfully bumped revision number for resource af6e6d30-6ee4-4445-9a00-2e7ec34991d9 (type: subnets) to 0 [pid: 7|app: 0|req: 811/1515] 10.0.0.153 () {34 vars in 668 bytes} [Sat May 30 03:13:59 2026] POST /v2.0/subnets => generated 690 bytes in 795 msecs (HTTP/1.1 201) 4 headers in 162 bytes (1 switches on core 0)
2026-05-30 03:14:00.744 8 WARNING neutron.scheduler.dhcp_agent_scheduler [None req-45af6d0f-9d9d-47db-86b4-1257517e4393 311ec067951847f9afdab57e73443b78 160daf97d7824b828163f82557ed2c56 - - default default] No more DHCP agents
2026-05-30 03:14:00.746 8 WARNING neutron.api.rpc.agentnotifiers.dhcp_rpc_agent_api [None req-45af6d0f-9d9d-47db-86b4-1257517e4393 311ec067951847f9afdab57e73443b78 160daf97d7824b828163f82557ed2c56 - - default default] Unable to schedule network c523467e-3192-45d7-b928-d71a9790c556: no agents available; will retry on subsequent port and subnet creation events.
2026-05-30 03:14:00.908 8 INFO neutron.db.ovn_revision_numbers_db [None req-45af6d0f-9d9d-47db-86b4-1257517e4393 311ec067951847f9afdab57e73443b78 160daf97d7824b828163f82557ed2c56 - - default default] Successfully bumped revision number for resource a278cd0e-9c76-4052-a563-f2aafd2cf897 (type: ports) to 1
2026-05-30 03:14:01.143 7 WARNING neutron.scheduler.dhcp_agent_scheduler [None req-f5e2867c-9203-4d8b-a446-6ff56d7293e4 9952b7a5c64644d5b83c02b8432f06e3 9716ce628d0d497a85d7a7bd2d9ea76f - - default default] No more DHCP agents
2026-05-30 03:14:01.145 7 WARNING neutron.api.rpc.agentnotifiers.dhcp_rpc_agent_api [None req-f5e2867c-9203-4d8b-a446-6ff56d7293e4 9952b7a5c64644d5b83c02b8432f06e3 9716ce628d0d497a85d7a7bd2d9ea76f - - default default] Unable to schedule network 2c561f4f-a9f5-4c54-8144-f4baba3330cd: no agents available; will retry on subsequent port and subnet creation events.
2026-05-30 03:14:01.295 7 INFO neutron.db.ovn_revision_numbers_db [None req-f5e2867c-9203-4d8b-a446-6ff56d7293e4 9952b7a5c64644d5b83c02b8432f06e3 9716ce628d0d497a85d7a7bd2d9ea76f - - default default] Successfully bumped revision number for resource a5c1d0a8-810a-4103-8ca1-1395a6f92c9f (type: ports) to 1
2026-05-30 03:14:01.554 8 WARNING neutron.scheduler.dhcp_agent_scheduler [None req-45af6d0f-9d9d-47db-86b4-1257517e4393 311ec067951847f9afdab57e73443b78 160daf97d7824b828163f82557ed2c56 - - default default] No more DHCP agents
2026-05-30 03:14:01.555 8 WARNING neutron.api.rpc.agentnotifiers.dhcp_rpc_agent_api [None req-45af6d0f-9d9d-47db-86b4-1257517e4393 311ec067951847f9afdab57e73443b78 160daf97d7824b828163f82557ed2c56 - - default default] Unable to schedule network c523467e-3192-45d7-b928-d71a9790c556: no agents available; will retry on subsequent port and subnet creation events.
2026-05-30 03:14:01.762 8 INFO neutron.db.ovn_revision_numbers_db [None req-45af6d0f-9d9d-47db-86b4-1257517e4393 311ec067951847f9afdab57e73443b78 160daf97d7824b828163f82557ed2c56 - - default default] Successfully bumped revision number for resource a278cd0e-9c76-4052-a563-f2aafd2cf897 (type: router_ports) to 1 [pid: 8|app: 0|req: 705/1516] 10.0.0.153 () {34 vars in 782 bytes} [Sat May 30 03:14:00 2026] PUT /v2.0/routers/075cb62c-728a-400a-a942-d21459bbc67b/add_router_interface => generated 309 bytes in 1516 msecs (HTTP/1.1 200) 4 headers in 157 bytes (1 switches on core 0) [pid: 8|app: 0|req: 706/1517] 10.0.0.153 () {32 vars in 716 bytes} [Sat May 30 03:14:01 2026] GET /v2.0/ports/a278cd0e-9c76-4052-a563-f2aafd2cf897 => generated 941 bytes in 67 msecs (HTTP/1.1 200) 4 headers in 157 bytes (1 switches on core 0)
2026-05-30 03:14:01.861 7 INFO neutron.plugins.ml2.drivers.ovn.mech_driver.ovsdb.commands [None req-1b008c58-ce06-4632-ac39-c3536350482d - - - - - -] Schedule LRP lrp-a5c1d0a8-810a-4103-8ca1-1395a6f92c9f on gateway f8551dfc-cbdf-4ef1-85a3-48c356b02a56 with priority 1 [pid: 8|app: 0|req: 707/1518] 10.0.0.153 () {32 vars in 716 bytes} [Sat May 30 03:14:01 2026] GET /v2.0/ports/a278cd0e-9c76-4052-a563-f2aafd2cf897 => generated 941 bytes in 65 msecs (HTTP/1.1 200) 4 headers in 157 bytes (1 switches on core 0)
2026-05-30 03:14:01.916 7 INFO neutron.db.ovn_revision_numbers_db [None req-f5e2867c-9203-4d8b-a446-6ff56d7293e4 9952b7a5c64644d5b83c02b8432f06e3 9716ce628d0d497a85d7a7bd2d9ea76f - - default default] Successfully bumped revision number for resource a5c1d0a8-810a-4103-8ca1-1395a6f92c9f (type: router_ports) to 1
2026-05-30 03:14:01.933 8 INFO neutron.plugins.ml2.drivers.ovn.mech_driver.ovsdb.ovsdb_monitor [None req-627e3c26-f865-4695-8c52-2e4f996c06bb - - - - - -] Router 608a1f0a-6475-4d2e-af96-2a6eb08331b6 is bound to host instance
2026-05-30 03:14:01.984 7 INFO neutron.db.ovn_revision_numbers_db [None req-f5e2867c-9203-4d8b-a446-6ff56d7293e4 9952b7a5c64644d5b83c02b8432f06e3 9716ce628d0d497a85d7a7bd2d9ea76f - - default default] Successfully bumped revision number for resource 608a1f0a-6475-4d2e-af96-2a6eb08331b6 (type: routers) to 2 [pid: 7|app: 0|req: 812/1519] 10.0.0.153 () {34 vars in 668 bytes} [Sat May 30 03:14:00 2026] POST /v2.0/routers => generated 968 bytes in 1285 msecs (HTTP/1.1 201) 4 headers in 162 bytes (1 switches on core 0) [pid: 7|app: 0|req: 813/1520] 199.204.45.162 () {34 vars in 985 bytes} [Sat May 30 03:14:02 2026] GET /v2.0/networks?id=f95c79bf-a3e6-44ef-b2ea-bdb296cca89a => generated 705 bytes in 42 msecs (HTTP/1.1 200) 4 headers in 157 bytes (1 switches on core 0)
2026-05-30 03:14:02.301 8 INFO neutron.db.ovn_revision_numbers_db [None req-5cf7c1a2-0cbe-4cf9-87d0-d19a598b3ed2 6056551f2cfb47b3b6f6798e223ce106 8e580495588540ae80aca854f5005d1a - - default default] Successfully bumped revision number for resource 44f751e6-f5f8-46e3-a906-be829df0b92d (type: security_groups) to 1
2026-05-30 03:14:02.323 8 INFO neutron.db.ovn_revision_numbers_db [None req-5cf7c1a2-0cbe-4cf9-87d0-d19a598b3ed2 6056551f2cfb47b3b6f6798e223ce106 8e580495588540ae80aca854f5005d1a - - default default] Successfully bumped revision number for resource 0dd1aedd-fede-416d-8791-0aa60cf656b2 (type: security_group_rules) to 0
2026-05-30 03:14:02.341 8 INFO neutron.db.ovn_revision_numbers_db [None req-5cf7c1a2-0cbe-4cf9-87d0-d19a598b3ed2 6056551f2cfb47b3b6f6798e223ce106 8e580495588540ae80aca854f5005d1a - - default default] Successfully bumped revision number for resource abedb9e7-79e6-41ba-ad71-2db98fdedb2e (type: security_group_rules) to 0
2026-05-30 03:14:02.365 8 INFO neutron.db.ovn_revision_numbers_db [None req-5cf7c1a2-0cbe-4cf9-87d0-d19a598b3ed2 6056551f2cfb47b3b6f6798e223ce106 8e580495588540ae80aca854f5005d1a - - default default] Successfully bumped revision number for resource c4424f50-ea67-447a-8b67-46ca8a877c7b (type: security_group_rules) to 0
2026-05-30 03:14:02.381 8 INFO neutron.db.ovn_revision_numbers_db [None req-5cf7c1a2-0cbe-4cf9-87d0-d19a598b3ed2 6056551f2cfb47b3b6f6798e223ce106 8e580495588540ae80aca854f5005d1a - - default default] Successfully bumped revision number for resource fcaf0d05-bbab-458f-96b0-3ae2aee789e1 (type: security_group_rules) to 0
2026-05-30 03:14:02.444 7 WARNING neutron.scheduler.dhcp_agent_scheduler [None req-329f1507-14d6-4dc1-89b3-8ee36830458b 9952b7a5c64644d5b83c02b8432f06e3 9716ce628d0d497a85d7a7bd2d9ea76f - - default default] No more DHCP agents
2026-05-30 03:14:02.445 7 WARNING neutron.api.rpc.agentnotifiers.dhcp_rpc_agent_api [None req-329f1507-14d6-4dc1-89b3-8ee36830458b 9952b7a5c64644d5b83c02b8432f06e3 9716ce628d0d497a85d7a7bd2d9ea76f - - default default] Unable to schedule network 01e911c4-11fe-4b63-ba55-3cce255d7e45: no agents available; will retry on subsequent port and subnet creation events.
2026-05-30 03:14:02.619 7 INFO neutron.db.ovn_revision_numbers_db [None req-329f1507-14d6-4dc1-89b3-8ee36830458b 9952b7a5c64644d5b83c02b8432f06e3 9716ce628d0d497a85d7a7bd2d9ea76f - - default default] Successfully bumped revision number for resource f7c8fbb0-4fad-4039-a06e-8a84c2aa4597 (type: ports) to 1
2026-05-30 03:14:02.621 8 INFO neutron.db.ovn_revision_numbers_db [None req-5cf7c1a2-0cbe-4cf9-87d0-d19a598b3ed2 6056551f2cfb47b3b6f6798e223ce106 8e580495588540ae80aca854f5005d1a - - default default] Successfully bumped revision number for resource 5ecc54f6-1789-4dab-83b0-f4b279385a0d (type: security_groups) to 1
2026-05-30 03:14:02.643 8 INFO neutron.db.ovn_revision_numbers_db [None req-5cf7c1a2-0cbe-4cf9-87d0-d19a598b3ed2 6056551f2cfb47b3b6f6798e223ce106 8e580495588540ae80aca854f5005d1a - - default default] Successfully bumped revision number for resource 12b02944-ed63-49e2-b9e7-3def0f1a7832 (type: security_group_rules) to 0
2026-05-30 03:14:02.672 8 INFO neutron.db.ovn_revision_numbers_db [None req-5cf7c1a2-0cbe-4cf9-87d0-d19a598b3ed2 6056551f2cfb47b3b6f6798e223ce106 8e580495588540ae80aca854f5005d1a - - default default] Successfully bumped revision number for resource e5bbadfa-c3f8-4515-ad98-d509606774cb (type: security_group_rules) to 0 [pid: 8|app: 0|req: 708/1521] 10.0.0.153 () {34 vars in 683 bytes} [Sat May 30 03:14:01 2026] POST /v2.0/security-groups => generated 1625 bytes in 833 msecs (HTTP/1.1 201) 4 headers in 163 bytes (1 switches on core 0) [pid: 8|app: 0|req: 709/1522] 199.204.45.162 () {34 vars in 1049 bytes} [Sat May 30 03:14:02 2026] GET /v2.0/security-groups?fields=id&fields=name&tenant_id=0d0ccfdb633449f78436de1d7c42a0cf => generated 179 bytes in 52 msecs (HTTP/1.1 200) 4 headers in 157 bytes (1 switches on core 0) [pid: 8|app: 0|req: 712/1525] 10.0.0.153 () {32 vars in 662 bytes} [Sat May 30 03:14:02 2026] GET /v2.0/security-groups => generated 4530 bytes in 78 msecs (HTTP/1.1 200) 4 headers in 158 bytes (1 switches on core 0)
2026-05-30 03:14:02.890 8 WARNING neutron.plugins.ml2.drivers.ovn.mech_driver.ovsdb.ovn_client [None req-064fa37c-bb9e-4cde-acb7-b20910d2cf29 - - - - - -] No hosting information found for port cf4a8477-7341-44db-a76e-0a153d96486a: RuntimeError: No hosting information found for port cf4a8477-7341-44db-a76e-0a153d96486a
2026-05-30 03:14:03.074 8 INFO neutron.db.ovn_revision_numbers_db [None req-064fa37c-bb9e-4cde-acb7-b20910d2cf29 - - - - - -] Successfully bumped revision number for resource cf4a8477-7341-44db-a76e-0a153d96486a (type: router_ports) to 2
2026-05-30 03:14:03.226 8 INFO neutron.plugins.ml2.drivers.ovn.mech_driver.mech_driver [None req-064fa37c-bb9e-4cde-acb7-b20910d2cf29 - - - - - -] OVN reports status down for port: ae4a5708-6cc3-436a-bf99-8708fb556d92
2026-05-30 03:14:03.259 8 INFO neutron.plugins.ml2.drivers.ovn.mech_driver.mech_driver [None req-064fa37c-bb9e-4cde-acb7-b20910d2cf29 - - - - - -] OVN reports status down for port: 9809b40d-20a7-4d87-83e8-ddfd511a814d
2026-05-30 03:14:03.294 8 INFO neutron.plugins.ml2.drivers.ovn.mech_driver.mech_driver [None req-064fa37c-bb9e-4cde-acb7-b20910d2cf29 - - - - - -] OVN reports status down for port: a2544312-c358-41c3-adb9-4a5af165e4c8
2026-05-30 03:14:03.407 7 WARNING neutron.scheduler.dhcp_agent_scheduler [None req-329f1507-14d6-4dc1-89b3-8ee36830458b 9952b7a5c64644d5b83c02b8432f06e3 9716ce628d0d497a85d7a7bd2d9ea76f - - default default] No more DHCP agents
2026-05-30 03:14:03.408 7 WARNING neutron.api.rpc.agentnotifiers.dhcp_rpc_agent_api [None req-329f1507-14d6-4dc1-89b3-8ee36830458b 9952b7a5c64644d5b83c02b8432f06e3 9716ce628d0d497a85d7a7bd2d9ea76f - - default default] Unable to schedule network 01e911c4-11fe-4b63-ba55-3cce255d7e45: no agents available; will retry on subsequent port and subnet creation events.
2026-05-30 03:14:03.420 8 INFO neutron.db.ovn_revision_numbers_db [None req-210b5523-a42d-4d22-952b-5f403d06ad5c - - - - - -] Successfully bumped revision number for resource a5c1d0a8-810a-4103-8ca1-1395a6f92c9f (type: ports) to 4
2026-05-30 03:14:03.624 8 INFO neutron.plugins.ml2.drivers.ovn.mech_driver.mech_driver [None req-064fa37c-bb9e-4cde-acb7-b20910d2cf29 - - - - - -] OVN reports status down for port: a278cd0e-9c76-4052-a563-f2aafd2cf897
2026-05-30 03:14:03.799 8 WARNING neutron.plugins.ml2.drivers.ovn.mech_driver.ovsdb.ovn_client [None req-064fa37c-bb9e-4cde-acb7-b20910d2cf29 - - - - - -] Logical_Switch_Port a278cd0e-9c76-4052-a563-f2aafd2cf897 host information not removed, the port state is up
2026-05-30 03:14:03.799 8 INFO neutron.plugins.ml2.drivers.ovn.mech_driver.mech_driver [None req-064fa37c-bb9e-4cde-acb7-b20910d2cf29 - - - - - -] OVN reports status up for port: a278cd0e-9c76-4052-a563-f2aafd2cf897
2026-05-30 03:14:03.827 8 WARNING neutron.scheduler.dhcp_agent_scheduler [req-55fd2558-7a2c-4879-b2d7-08bf067c2ee5 req-3c6ddcb1-f69e-47e0-a0c5-a6f0b415e770 40210fbbe4224768bcec9382372d3e55 0d0ccfdb633449f78436de1d7c42a0cf - - default default] No more DHCP agents
2026-05-30 03:14:03.833 8 WARNING neutron.api.rpc.agentnotifiers.dhcp_rpc_agent_api [req-55fd2558-7a2c-4879-b2d7-08bf067c2ee5 req-3c6ddcb1-f69e-47e0-a0c5-a6f0b415e770 40210fbbe4224768bcec9382372d3e55 0d0ccfdb633449f78436de1d7c42a0cf - - default default] Unable to schedule network f95c79bf-a3e6-44ef-b2ea-bdb296cca89a: no agents available; will retry on subsequent port and subnet creation events.
2026-05-30 03:14:03.853 8 INFO neutron.plugins.ml2.plugin [None req-064fa37c-bb9e-4cde-acb7-b20910d2cf29 - - - - - -] Attempt 1 to provision port a278cd0e-9c76-4052-a563-f2aafd2cf897
2026-05-30 03:14:03.941 7 INFO neutron.db.ovn_revision_numbers_db [None req-329f1507-14d6-4dc1-89b3-8ee36830458b 9952b7a5c64644d5b83c02b8432f06e3 9716ce628d0d497a85d7a7bd2d9ea76f - - default default] Successfully bumped revision number for resource f7c8fbb0-4fad-4039-a06e-8a84c2aa4597 (type: router_ports) to 1 [pid: 7|app: 0|req: 814/1526] 10.0.0.153 () {34 vars in 782 bytes} [Sat May 30 03:14:02 2026] PUT /v2.0/routers/608a1f0a-6475-4d2e-af96-2a6eb08331b6/add_router_interface => generated 309 bytes in 1907 msecs (HTTP/1.1 200) 4 headers in 157 bytes (1 switches on core 0)
2026-05-30 03:14:04.039 7 INFO neutron.db.ovn_revision_numbers_db [None req-af358f5e-9e41-4508-8b6d-47e070ce2832 6056551f2cfb47b3b6f6798e223ce106 8e580495588540ae80aca854f5005d1a - - default default] Successfully bumped revision number for resource 5ecc54f6-1789-4dab-83b0-f4b279385a0d (type: security_groups) to 2 [pid: 7|app: 0|req: 815/1527] 10.0.0.153 () {34 vars in 757 bytes} [Sat May 30 03:14:03 2026] PUT /v2.0/security-groups/5ecc54f6-1789-4dab-83b0-f4b279385a0d => generated 1663 bytes in 110 msecs (HTTP/1.1 200) 4 headers in 158 bytes (1 switches on core 0) [pid: 7|app: 0|req: 816/1528] 10.0.0.153 () {32 vars in 716 bytes} [Sat May 30 03:14:04 2026] GET /v2.0/ports/a278cd0e-9c76-4052-a563-f2aafd2cf897 => generated 941 bytes in 92 msecs (HTTP/1.1 200) 4 headers in 157 bytes (1 switches on core 0) [pid: 7|app: 0|req: 817/1529] 10.0.0.132 () {34 vars in 989 bytes} [Sat May 30 03:14:04 2026] GET /v2.0/ports?device_id=7daacd6d-c152-4936-891f-930ab70a9d48 => generated 1186 bytes in 104 msecs (HTTP/1.1 200) 4 headers in 158 bytes (1 switches on core 0) [pid: 7|app: 0|req: 818/1530] 10.0.0.153 () {32 vars in 736 bytes} [Sat May 30 03:14:04 2026] GET /v2.0/security-groups/5ecc54f6-1789-4dab-83b0-f4b279385a0d => generated 1663 bytes in 21 msecs (HTTP/1.1 200) 4 headers in 158 bytes (1 switches on core 0) [pid: 7|app: 0|req: 819/1531] 10.0.0.132 () {34 vars in 1039 bytes} [Sat May 30 03:14:04 2026] GET /v2.0/security-groups?id=845e0194-04f1-45b5-946b-ed60b69ecaf9&fields=id&fields=name => generated 112 bytes in 33 msecs (HTTP/1.1 200) 4 headers in 157 bytes (1 switches on core 0)
2026-05-30 03:14:04.431 8 INFO neutron.db.ovn_revision_numbers_db [req-55fd2558-7a2c-4879-b2d7-08bf067c2ee5 req-3c6ddcb1-f69e-47e0-a0c5-a6f0b415e770 40210fbbe4224768bcec9382372d3e55 0d0ccfdb633449f78436de1d7c42a0cf - - default default] Successfully bumped revision number for resource df0e4875-a908-4fde-b308-13410d88853a (type: ports) to 1
2026-05-30 03:14:04.456 8 INFO neutron.db.ovn_revision_numbers_db [None req-210b5523-a42d-4d22-952b-5f403d06ad5c - - - - - -] Successfully bumped revision number for resource a5c1d0a8-810a-4103-8ca1-1395a6f92c9f (type: ports) to 5 [pid: 7|app: 0|req: 820/1532] 10.0.0.153 () {32 vars in 739 bytes} [Sat May 30 03:14:04 2026] DELETE /v2.0/security-groups/5ecc54f6-1789-4dab-83b0-f4b279385a0d => generated 0 bytes in 149 msecs (HTTP/1.1 204) 2 headers in 112 bytes (1 switches on core 0) [pid: 7|app: 0|req: 821/1533] 10.0.0.153 () {32 vars in 662 bytes} [Sat May 30 03:14:04 2026] GET /v2.0/security-groups => generated 2925 bytes in 28 msecs (HTTP/1.1 200) 4 headers in 158 bytes (1 switches on core 0)
2026-05-30 03:14:04.512 7 INFO neutron.api.v2.resource [None req-94e5f7e7-1338-414c-84a9-45e9b8da20a7 6056551f2cfb47b3b6f6798e223ce106 8e580495588540ae80aca854f5005d1a - - default default] delete failed (client error): The resource could not be found. [pid: 7|app: 0|req: 822/1534] 10.0.0.153 () {32 vars in 739 bytes} [Sat May 30 03:14:04 2026] DELETE /v2.0/security-groups/5ecc54f6-1789-4dab-83b0-f4b279385a0d => generated 146 bytes in 17 msecs (HTTP/1.1 404) 4 headers in 164 bytes (1 switches on core 0) [pid: 8|app: 0|req: 713/1535] 199.204.45.162 () {38 vars in 954 bytes} [Sat May 30 03:14:02 2026] POST /v2.0/ports => generated 1183 bytes in 1754 msecs (HTTP/1.1 201) 4 headers in 163 bytes (1 switches on core 0)
2026-05-30 03:14:04.649 7 INFO neutron.db.ovn_revision_numbers_db [None req-e0a04888-716f-4e77-9df2-f8f0a4049541 fac88a6e42354d29b3653785c28e37bf f2eee76dd2f94f1a94bfd53b26381458 - - default default] Successfully bumped revision number for resource 9ab239b4-8a3f-4018-af9d-c7f0a27abb7a (type: security_groups) to 1 /var/lib/openstack/lib/python3.12/site-packages/pycadf/identifier.py:70: UserWarning: Invalid uuid: neutron. To ensure interoperability, identifiers should be a valid uuid. warnings.warn(('Invalid uuid: %s. To ensure interoperability, '
2026-05-30 03:14:04.661 7 INFO neutron.db.ovn_revision_numbers_db [None req-e0a04888-716f-4e77-9df2-f8f0a4049541 fac88a6e42354d29b3653785c28e37bf f2eee76dd2f94f1a94bfd53b26381458 - - default default] Successfully bumped revision number for resource 522c107d-03bc-4a03-9888-13607d15ba60 (type: security_group_rules) to 0
2026-05-30 03:14:04.686 7 INFO neutron.db.ovn_revision_numbers_db [None req-e0a04888-716f-4e77-9df2-f8f0a4049541 fac88a6e42354d29b3653785c28e37bf f2eee76dd2f94f1a94bfd53b26381458 - - default default] Successfully bumped revision number for resource 74acf550-8d2f-489e-a736-c4a83235435c (type: security_group_rules) to 0 [pid: 7|app: 0|req: 823/1536] 10.0.0.153 () {34 vars in 684 bytes} [Sat May 30 03:14:04 2026] POST /v2.0/security-groups => generated 1660 bytes in 206 msecs (HTTP/1.1 201) 4 headers in 163 bytes (1 switches on core 0)
2026-05-30 03:14:04.855 8 INFO neutron.db.ovn_revision_numbers_db [None req-064fa37c-bb9e-4cde-acb7-b20910d2cf29 - - - - - -] Successfully bumped revision number for resource a278cd0e-9c76-4052-a563-f2aafd2cf897 (type: ports) to 2
2026-05-30 03:14:04.887 8 INFO neutron.db.ovn_revision_numbers_db [None req-8d92256d-487a-4b81-9ff9-c7b227e5c8f6 6056551f2cfb47b3b6f6798e223ce106 8e580495588540ae80aca854f5005d1a - - default default] Successfully bumped revision number for resource 09929c62-572d-47ba-b7c0-303cca024ba9 (type: security_groups) to 1
2026-05-30 03:14:04.907 8 INFO neutron.db.ovn_revision_numbers_db [None req-8d92256d-487a-4b81-9ff9-c7b227e5c8f6 6056551f2cfb47b3b6f6798e223ce106 8e580495588540ae80aca854f5005d1a - - default default] Successfully bumped revision number for resource d1ad6340-cb7d-4ee2-97a3-c614102ca12d (type: security_group_rules) to 0
2026-05-30 03:14:04.925 8 INFO neutron.db.ovn_revision_numbers_db [None req-8d92256d-487a-4b81-9ff9-c7b227e5c8f6 6056551f2cfb47b3b6f6798e223ce106 8e580495588540ae80aca854f5005d1a - - default default] Successfully bumped revision number for resource ddd44540-ca9b-4269-8b7f-7b419f5f2d45 (type: security_group_rules) to 0 [pid: 8|app: 0|req: 714/1537] 10.0.0.153 () {34 vars in 683 bytes} [Sat May 30 03:14:04 2026] POST /v2.0/security-groups => generated 1624 bytes in 341 msecs (HTTP/1.1 201) 4 headers in 163 bytes (1 switches on core 0)
2026-05-30 03:14:05.086 7 INFO neutron.db.ovn_revision_numbers_db [req-55fd2558-7a2c-4879-b2d7-08bf067c2ee5 req-16255bbc-8ced-4709-ac91-a5067ccb923c 5b0c4f7a4e39404f9c19e70922dcc1a5 5475ab20551b45b4bcacdba93cc5b0d4 - - fba6e3d954f3493c8e750a69c8e72271 fba6e3d954f3493c8e750a69c8e72271] Successfully bumped revision number for resource df0e4875-a908-4fde-b308-13410d88853a (type: ports) to 2
2026-05-30 03:14:05.118 8 INFO neutron.db.ovn_revision_numbers_db [None req-8b156e99-57f2-4349-9d17-817fab6aae21 fac88a6e42354d29b3653785c28e37bf f2eee76dd2f94f1a94bfd53b26381458 - - default default] Successfully bumped revision number for resource ac9ec145-19c9-4576-a44d-4c83611e32a3 (type: security_group_rules) to 0 [pid: 8|app: 0|req: 715/1538] 10.0.0.153 () {34 vars in 694 bytes} [Sat May 30 03:14:04 2026] POST /v2.0/security-group-rules => generated 597 bytes in 166 msecs (HTTP/1.1 201) 4 headers in 162 bytes (1 switches on core 0)
2026-05-30 03:14:05.279 8 INFO neutron.db.ovn_revision_numbers_db [None req-590e498f-eae0-4840-a8f1-593b789b5b02 6056551f2cfb47b3b6f6798e223ce106 8e580495588540ae80aca854f5005d1a - - default default] Successfully bumped revision number for resource dc315793-a4cd-42c0-a1ca-152a7584fc3d (type: security_group_rules) to 0
2026-05-30 03:14:05.298 7 INFO neutron.db.ovn_revision_numbers_db [req-55fd2558-7a2c-4879-b2d7-08bf067c2ee5 req-16255bbc-8ced-4709-ac91-a5067ccb923c 5b0c4f7a4e39404f9c19e70922dcc1a5 5475ab20551b45b4bcacdba93cc5b0d4 - - fba6e3d954f3493c8e750a69c8e72271 fba6e3d954f3493c8e750a69c8e72271] Successfully bumped revision number for resource df0e4875-a908-4fde-b308-13410d88853a (type: ports) to 4 [pid: 8|app: 0|req: 716/1539] 10.0.0.153 () {34 vars in 694 bytes} [Sat May 30 03:14:05 2026] POST /v2.0/security-group-rules => generated 601 bytes in 157 msecs (HTTP/1.1 201) 4 headers in 162 bytes (1 switches on core 0) [pid: 7|app: 0|req: 824/1540] 199.204.45.162 () {38 vars in 1027 bytes} [Sat May 30 03:14:04 2026] PUT /v2.0/ports/df0e4875-a908-4fde-b308-13410d88853a => generated 1433 bytes in 596 msecs (HTTP/1.1 200) 4 headers in 158 bytes (1 switches on core 0) /var/lib/openstack/lib/python3.12/site-packages/pycadf/identifier.py:70: UserWarning: Invalid uuid: neutron. To ensure interoperability, identifiers should be a valid uuid. warnings.warn(('Invalid uuid: %s. To ensure interoperability, '
2026-05-30 03:14:05.358 7 INFO neutron.notifiers.nova [-] Nova event matching ['req-098a3987-5415-44c7-bad5-be43842c076b'] response: {'name': 'network-changed', 'server_uuid': '7daacd6d-c152-4936-891f-930ab70a9d48', 'tag': 'df0e4875-a908-4fde-b308-13410d88853a', 'status': 'completed', 'code': 200} [pid: 7|app: 0|req: 825/1541] 10.0.0.153 () {32 vars in 716 bytes} [Sat May 30 03:14:05 2026] GET /v2.0/ports/a278cd0e-9c76-4052-a563-f2aafd2cf897 => generated 943 bytes in 44 msecs (HTTP/1.1 200) 4 headers in 157 bytes (1 switches on core 0) [pid: 7|app: 0|req: 826/1542] 10.0.0.153 () {32 vars in 746 bytes} [Sat May 30 03:14:05 2026] GET /v2.0/security-group-rules/dc315793-a4cd-42c0-a1ca-152a7584fc3d => generated 601 bytes in 22 msecs (HTTP/1.1 200) 4 headers in 157 bytes (1 switches on core 0)
2026-05-30 03:14:05.425 8 INFO neutron.db.ovn_revision_numbers_db [None req-2fe943f0-b7f5-4959-a951-086047673e81 fac88a6e42354d29b3653785c28e37bf f2eee76dd2f94f1a94bfd53b26381458 - - default default] Successfully bumped revision number for resource 277bc24b-b6e3-418a-9ca4-6d074182bfba (type: security_group_rules) to 0 [pid: 8|app: 0|req: 717/1543] 10.0.0.153 () {34 vars in 694 bytes} [Sat May 30 03:14:05 2026] POST /v2.0/security-group-rules => generated 602 bytes in 145 msecs (HTTP/1.1 201) 4 headers in 162 bytes (1 switches on core 0)
2026-05-30 03:14:05.482 7 WARNING neutron.plugins.ml2.drivers.ovn.mech_driver.ovsdb.ovn_client [None req-ef8c5334-5f73-4be9-9c0b-fac3ac5b1c0d - - - - - -] No hosting information found for port 6f50cde9-9e14-4590-ad73-48e5cf8ded39: RuntimeError: No hosting information found for port 6f50cde9-9e14-4590-ad73-48e5cf8ded39 [pid: 8|app: 0|req: 718/1544] 10.0.0.153 () {32 vars in 672 bytes} [Sat May 30 03:14:05 2026] GET /v2.0/security-group-rules => generated 4138 bytes in 67 msecs (HTTP/1.1 200) 4 headers in 158 bytes (1 switches on core 0)
2026-05-30 03:14:05.612 7 INFO neutron.db.ovn_revision_numbers_db [None req-ef8c5334-5f73-4be9-9c0b-fac3ac5b1c0d - - - - - -] Successfully bumped revision number for resource 6f50cde9-9e14-4590-ad73-48e5cf8ded39 (type: router_ports) to 2
2026-05-30 03:14:05.613 7 INFO neutron.plugins.ml2.drivers.ovn.mech_driver.mech_driver [None req-ef8c5334-5f73-4be9-9c0b-fac3ac5b1c0d - - - - - -] OVN reports status down for port: 3e0da8bf-c091-48c4-889a-3e7c99a2d1b3
2026-05-30 03:14:05.728 8 WARNING neutron.scheduler.dhcp_agent_scheduler [None req-e285fbd5-afe7-4164-9f6a-f2453da1a181 fac88a6e42354d29b3653785c28e37bf f2eee76dd2f94f1a94bfd53b26381458 - - default default] No more DHCP agents
2026-05-30 03:14:05.729 8 WARNING neutron.api.rpc.agentnotifiers.dhcp_rpc_agent_api [None req-e285fbd5-afe7-4164-9f6a-f2453da1a181 fac88a6e42354d29b3653785c28e37bf f2eee76dd2f94f1a94bfd53b26381458 - - default default] Unable to schedule network 2c561f4f-a9f5-4c54-8144-f4baba3330cd: no agents available; will retry on subsequent port and subnet creation events.
2026-05-30 03:14:05.786 7 INFO neutron.plugins.ml2.drivers.ovn.mech_driver.mech_driver [None req-ef8c5334-5f73-4be9-9c0b-fac3ac5b1c0d - - - - - -] OVN reports status down for port: a5c1d0a8-810a-4103-8ca1-1395a6f92c9f
2026-05-30 03:14:05.833 7 INFO neutron_taas.services.taas.taas_plugin [None req-675d3d09-f377-4fbd-8ae6-51cab4f1156f 311ec067951847f9afdab57e73443b78 160daf97d7824b828163f82557ed2c56 - - default default] TaaS: Handle Delete Port: a278cd0e-9c76-4052-a563-f2aafd2cf897
2026-05-30 03:14:05.838 7 INFO neutron_taas.services.taas.tap_mirror_plugin [None req-675d3d09-f377-4fbd-8ae6-51cab4f1156f 311ec067951847f9afdab57e73443b78 160daf97d7824b828163f82557ed2c56 - - default default] Tap Mirror: Handle Delete Port: a278cd0e-9c76-4052-a563-f2aafd2cf897 [pid: 8|app: 0|req: 719/1545] 10.0.0.153 () {34 vars in 675 bytes} [Sat May 30 03:14:05 2026] POST /v2.0/floatingips => generated 552 bytes in 433 msecs (HTTP/1.1 201) 4 headers in 162 bytes (1 switches on core 0) [pid: 8|app: 0|req: 720/1546] 10.0.0.153 () {32 vars in 749 bytes} [Sat May 30 03:14:05 2026] DELETE /v2.0/security-group-rules/dc315793-a4cd-42c0-a1ca-152a7584fc3d => generated 0 bytes in 95 msecs (HTTP/1.1 204) 2 headers in 112 bytes (1 switches on core 0) [pid: 8|app: 0|req: 721/1547] 199.204.45.162 () {34 vars in 1079 bytes} [Sat May 30 03:14:06 2026] GET /v2.0/ports?tenant_id=0d0ccfdb633449f78436de1d7c42a0cf&device_id=7daacd6d-c152-4936-891f-930ab70a9d48 => generated 1436 bytes in 33 msecs (HTTP/1.1 200) 4 headers in 158 bytes (1 switches on core 0) [pid: 8|app: 0|req: 722/1548] 10.0.0.153 () {32 vars in 672 bytes} [Sat May 30 03:14:06 2026] GET /v2.0/security-group-rules => generated 3560 bytes in 57 msecs (HTTP/1.1 200) 4 headers in 158 bytes (1 switches on core 0) [pid: 8|app: 0|req: 723/1549] 199.204.45.162 () {34 vars in 1017 bytes} [Sat May 30 03:14:06 2026] GET /v2.0/networks?tenant_id=0d0ccfdb633449f78436de1d7c42a0cf&shared=False => generated 2384 bytes in 54 msecs (HTTP/1.1 200) 4 headers in 158 bytes (1 switches on core 0)
2026-05-30 03:14:06.318 8 INFO neutron.db.ovn_revision_numbers_db [None req-024b60bc-ad03-429f-8ee8-c7f223263a78 6056551f2cfb47b3b6f6798e223ce106 8e580495588540ae80aca854f5005d1a - - default default] Successfully bumped revision number for resource 8af68e63-11c2-4300-9a4b-0627b010ff40 (type: security_group_rules) to 0 [pid: 8|app: 0|req: 724/1550] 10.0.0.153 () {34 vars in 694 bytes} [Sat May 30 03:14:06 2026] POST /v2.0/security-group-rules => generated 601 bytes in 163 msecs (HTTP/1.1 201) 4 headers in 162 bytes (1 switches on core 0)
