Apr 03 03:00:41.990773 np0000163389 systemd[1]: Starting devstack@n-api-meta.service - Devstack devstack@n-api-meta.service...
Apr 03 03:00:42.007359 np0000163389 devstack@n-api-meta.service[107333]: [uWSGI] getting INI configuration from /etc/nova/nova-metadata-uwsgi.ini
Apr 03 03:00:42.007961 np0000163389 devstack@n-api-meta.service[107333]: open("./http_plugin.so"): No such file or directory [core/utils.c line 3709]
Apr 03 03:00:42.007961 np0000163389 devstack@n-api-meta.service[107333]: !!! UNABLE to load uWSGI plugin: ./http_plugin.so: cannot open shared object file: No such file or directory !!!
Apr 03 03:00:42.007961 np0000163389 devstack@n-api-meta.service[107333]: open("./python3_plugin.so"): No such file or directory [core/utils.c line 3709]
Apr 03 03:00:42.007961 np0000163389 devstack@n-api-meta.service[107333]: !!! UNABLE to load uWSGI plugin: ./python3_plugin.so: cannot open shared object file: No such file or directory !!!
Apr 03 03:00:42.007961 np0000163389 devstack@n-api-meta.service[107333]: *** Starting uWSGI 2.0.31 (64bit) on [Fri Apr 3 03:00:42 2026] ***
Apr 03 03:00:42.007961 np0000163389 devstack@n-api-meta.service[107333]: compiled with version: 13.3.0 on 03 April 2026 02:49:25
Apr 03 03:00:42.007961 np0000163389 devstack@n-api-meta.service[107333]: os: Linux-6.8.0-107-generic #107-Ubuntu SMP PREEMPT_DYNAMIC Fri Mar 13 19:51:50 UTC 2026
Apr 03 03:00:42.007961 np0000163389 devstack@n-api-meta.service[107333]: nodename: np0000163389
Apr 03 03:00:42.007961 np0000163389 devstack@n-api-meta.service[107333]: machine: x86_64
Apr 03 03:00:42.007961 np0000163389 devstack@n-api-meta.service[107333]: clock source: unix
Apr 03 03:00:42.007961 np0000163389 devstack@n-api-meta.service[107333]: pcre jit disabled
Apr 03 03:00:42.007961 np0000163389 devstack@n-api-meta.service[107333]: detected number of CPU cores: 16
Apr 03 03:00:42.007961 np0000163389 devstack@n-api-meta.service[107333]: current working directory: /
Apr 03 03:00:42.007961 np0000163389 devstack@n-api-meta.service[107333]: detected binary path: /opt/stack/data/venv/bin/uwsgi
Apr 03 03:00:42.007961 np0000163389 devstack@n-api-meta.service[107333]: your processes number limit is 256917
Apr 03 03:00:42.007961 np0000163389 devstack@n-api-meta.service[107333]: your memory page size is 4096 bytes
Apr 03 03:00:42.007961 np0000163389 devstack@n-api-meta.service[107333]: detected max file descriptor number: 2048
Apr 03 03:00:42.007961 np0000163389 devstack@n-api-meta.service[107333]: lock engine: pthread robust mutexes
Apr 03 03:00:42.007961 np0000163389 devstack@n-api-meta.service[107333]: thunder lock: enabled
Apr 03 03:00:42.007961 np0000163389 devstack@n-api-meta.service[107333]: uWSGI http bound on 0.0.0.0:8775 fd 5
Apr 03 03:00:42.009011 np0000163389 devstack@n-api-meta.service[107333]: uwsgi socket 0 bound to TCP address 127.0.0.1:36309 (port auto-assigned) fd 4
Apr 03 03:00:42.009011 np0000163389 devstack@n-api-meta.service[107333]: Python version: 3.12.3 (main, Mar 3 2026, 12:15:18) [GCC 13.3.0]
Apr 03 03:00:42.009011 np0000163389 devstack@n-api-meta.service[107333]: PEP 405 virtualenv detected: /opt/stack/data/venv
Apr 03 03:00:42.009011 np0000163389 devstack@n-api-meta.service[107333]: Set PythonHome to /opt/stack/data/venv
Apr 03 03:00:42.043708 np0000163389 devstack@n-api-meta.service[107333]: Python main interpreter initialized at 0x79a0292a3668
Apr 03 03:00:42.043708 np0000163389 devstack@n-api-meta.service[107333]: python threads support enabled
Apr 03 03:00:42.043708 np0000163389 devstack@n-api-meta.service[107333]: your server socket listen backlog is limited to 100 connections
Apr 03 03:00:42.043708 np0000163389 devstack@n-api-meta.service[107333]: your mercy for graceful operations on workers is 80 seconds
Apr 03 03:00:42.044212 np0000163389 devstack@n-api-meta.service[107333]: mapped 671795 bytes (656 KB) for 4 cores
Apr 03 03:00:42.044356 np0000163389 devstack@n-api-meta.service[107333]: *** Operational MODE: preforking ***
Apr 03 03:00:42.044589 np0000163389 devstack@n-api-meta.service[107333]: *** uWSGI is running in multiple interpreter mode ***
Apr 03 03:00:42.044589 np0000163389 devstack@n-api-meta.service[107333]: spawned uWSGI master process (pid: 107333)
Apr 03 03:00:42.044880 np0000163389 systemd[1]: Started devstack@n-api-meta.service - Devstack devstack@n-api-meta.service.
Apr 03 03:00:42.045320 np0000163389 devstack@n-api-meta.service[107333]: spawned uWSGI worker 1 (pid: 107335, cores: 1)
Apr 03 03:00:42.045821 np0000163389 devstack@n-api-meta.service[107333]: spawned uWSGI worker 2 (pid: 107336, cores: 1)
Apr 03 03:00:42.046230 np0000163389 devstack@n-api-meta.service[107333]: spawned uWSGI worker 3 (pid: 107337, cores: 1)
Apr 03 03:00:42.046677 np0000163389 devstack@n-api-meta.service[107333]: spawned uWSGI worker 4 (pid: 107338, cores: 1)
Apr 03 03:00:42.047345 np0000163389 devstack@n-api-meta.service[107333]: spawned uWSGI http 1 (pid: 107339)
Apr 03 03:00:42.047345 np0000163389 devstack@n-api-meta.service[107333]: running "unix_signal:15 gracefully_kill_them_all" (master-start)...
Apr 03 03:00:42.397780 np0000163389 devstack@n-api-meta.service[107337]: Service is starting with native threading. This is currently experimental. Do not use it in production without first testing it in pre-production.
Apr 03 03:00:42.416015 np0000163389 devstack@n-api-meta.service[107335]: Service is starting with native threading. This is currently experimental. Do not use it in production without first testing it in pre-production.
Apr 03 03:00:42.423474 np0000163389 devstack@n-api-meta.service[107338]: Service is starting with native threading. This is currently experimental. Do not use it in production without first testing it in pre-production.
Apr 03 03:00:42.433341 np0000163389 devstack@n-api-meta.service[107336]: Service is starting with native threading. This is currently experimental. Do not use it in production without first testing it in pre-production.
Apr 03 03:00:43.827887 np0000163389 devstack@n-api-meta.service[107337]: INFO dbcounter [None req-c02eefb4-7497-47e1-98df-dede63921183 None None] Registered counter for database nova_api
Apr 03 03:00:43.846445 np0000163389 devstack@n-api-meta.service[107337]: DEBUG oslo_db.sqlalchemy.engines [None req-c02eefb4-7497-47e1-98df-dede63921183 None None] MySQL server mode set to STRICT_TRANS_TABLES,STRICT_ALL_TABLES,NO_ZERO_IN_DATE,NO_ZERO_DATE,ERROR_FOR_DIVISION_BY_ZERO,TRADITIONAL,NO_ENGINE_SUBSTITUTION {{(pid=107337) _check_effective_sql_mode /opt/stack/data/venv/lib/python3.12/site-packages/oslo_db/sqlalchemy/engines.py:325}}
Apr 03 03:00:43.879159 np0000163389 devstack@n-api-meta.service[107335]: INFO dbcounter [None req-90080429-8aab-4728-b645-d5eb0de85643 None None] Registered counter for database nova_api
Apr 03 03:00:43.880315 np0000163389 devstack@n-api-meta.service[107337]: DEBUG dbcounter [-] [107337] Writer thread running {{(pid=107337) stat_writer /opt/stack/data/venv/lib/python3.12/site-packages/dbcounter.py:102}}
Apr 03 03:00:43.882926 np0000163389 devstack@n-api-meta.service[107337]: DEBUG nova.context [None req-c02eefb4-7497-47e1-98df-dede63921183 None None] Found 2 cells: 00000000-0000-0000-0000-000000000000(cell0),4b9b99ef-d98d-4e75-a666-ed20cbc8a23d(cell1) {{(pid=107337) load_cells /opt/stack/nova/nova/context.py:509}}
Apr 03 03:00:43.883152 np0000163389 devstack@n-api-meta.service[107337]: INFO nova.utils [None req-c02eefb4-7497-47e1-98df-dede63921183 None None] The cell worker thread pool MainProcess.cell_worker is initialized
Apr 03 03:00:43.884981 np0000163389 devstack@n-api-meta.service[107337]: DEBUG oslo_concurrency.lockutils [None req-c02eefb4-7497-47e1-98df-dede63921183 None None] Acquiring lock "00000000-0000-0000-0000-000000000000" by "nova.context.set_target_cell..get_or_set_cached_cell_and_set_connections" {{(pid=107337) inner /opt/stack/data/venv/lib/python3.12/site-packages/oslo_concurrency/lockutils.py:506}}
Apr 03 03:00:43.885156 np0000163389 devstack@n-api-meta.service[107337]: DEBUG oslo_concurrency.lockutils [None req-c02eefb4-7497-47e1-98df-dede63921183 None None] Lock "00000000-0000-0000-0000-000000000000" acquired by "nova.context.set_target_cell..get_or_set_cached_cell_and_set_connections" :: waited 0.000s {{(pid=107337) inner /opt/stack/data/venv/lib/python3.12/site-packages/oslo_concurrency/lockutils.py:519}}
Apr 03 03:00:43.885479 np0000163389 devstack@n-api-meta.service[107337]: DEBUG oslo_concurrency.lockutils [None req-c02eefb4-7497-47e1-98df-dede63921183 None None] Lock "00000000-0000-0000-0000-000000000000" "released" by "nova.context.set_target_cell..get_or_set_cached_cell_and_set_connections" :: held 0.000s {{(pid=107337) inner /opt/stack/data/venv/lib/python3.12/site-packages/oslo_concurrency/lockutils.py:538}}
Apr 03 03:00:43.886260 np0000163389 devstack@n-api-meta.service[107337]: DEBUG oslo_concurrency.lockutils [None req-c02eefb4-7497-47e1-98df-dede63921183 None None] Acquiring lock "4b9b99ef-d98d-4e75-a666-ed20cbc8a23d" by "nova.context.set_target_cell..get_or_set_cached_cell_and_set_connections" {{(pid=107337) inner /opt/stack/data/venv/lib/python3.12/site-packages/oslo_concurrency/lockutils.py:506}}
Apr 03 03:00:43.886369 np0000163389 devstack@n-api-meta.service[107337]: DEBUG oslo_concurrency.lockutils [None req-c02eefb4-7497-47e1-98df-dede63921183 None None] Lock "4b9b99ef-d98d-4e75-a666-ed20cbc8a23d" acquired by "nova.context.set_target_cell..get_or_set_cached_cell_and_set_connections" :: waited 0.000s {{(pid=107337) inner /opt/stack/data/venv/lib/python3.12/site-packages/oslo_concurrency/lockutils.py:519}}
Apr 03 03:00:43.887218 np0000163389 devstack@n-api-meta.service[107337]: DEBUG oslo_concurrency.lockutils [None req-c02eefb4-7497-47e1-98df-dede63921183 None None] Lock "4b9b99ef-d98d-4e75-a666-ed20cbc8a23d" "released" by "nova.context.set_target_cell..get_or_set_cached_cell_and_set_connections" :: held 0.001s {{(pid=107337) inner /opt/stack/data/venv/lib/python3.12/site-packages/oslo_concurrency/lockutils.py:538}}
Apr 03 03:00:43.890322 np0000163389 devstack@n-api-meta.service[107337]: INFO dbcounter [None req-c02eefb4-7497-47e1-98df-dede63921183 None None] Registered counter for database nova_cell0
Apr 03 03:00:43.891738 np0000163389 devstack@n-api-meta.service[107336]: INFO dbcounter [None req-5d8ce545-a952-4d75-b1ca-04d1dd87f340 None None] Registered counter for database nova_api
Apr 03 03:00:43.894931 np0000163389 devstack@n-api-meta.service[107337]: INFO dbcounter [None req-c02eefb4-7497-47e1-98df-dede63921183 None None] Registered counter for database nova_cell1
Apr 03 03:00:43.897124 np0000163389 devstack@n-api-meta.service[107335]: DEBUG oslo_db.sqlalchemy.engines [None req-90080429-8aab-4728-b645-d5eb0de85643 None None] MySQL server mode set to STRICT_TRANS_TABLES,STRICT_ALL_TABLES,NO_ZERO_IN_DATE,NO_ZERO_DATE,ERROR_FOR_DIVISION_BY_ZERO,TRADITIONAL,NO_ENGINE_SUBSTITUTION {{(pid=107335) _check_effective_sql_mode /opt/stack/data/venv/lib/python3.12/site-packages/oslo_db/sqlalchemy/engines.py:325}}
Apr 03 03:00:43.905173 np0000163389 devstack@n-api-meta.service[107337]: DEBUG oslo_db.sqlalchemy.engines [None req-c02eefb4-7497-47e1-98df-dede63921183 None None] MySQL server mode set to STRICT_TRANS_TABLES,STRICT_ALL_TABLES,NO_ZERO_IN_DATE,NO_ZERO_DATE,ERROR_FOR_DIVISION_BY_ZERO,TRADITIONAL,NO_ENGINE_SUBSTITUTION {{(pid=107337) _check_effective_sql_mode /opt/stack/data/venv/lib/python3.12/site-packages/oslo_db/sqlalchemy/engines.py:325}}
Apr 03 03:00:43.911785 np0000163389 devstack@n-api-meta.service[107337]: DEBUG oslo_db.sqlalchemy.engines [None req-c02eefb4-7497-47e1-98df-dede63921183 None None] MySQL server mode set to STRICT_TRANS_TABLES,STRICT_ALL_TABLES,NO_ZERO_IN_DATE,NO_ZERO_DATE,ERROR_FOR_DIVISION_BY_ZERO,TRADITIONAL,NO_ENGINE_SUBSTITUTION {{(pid=107337) _check_effective_sql_mode /opt/stack/data/venv/lib/python3.12/site-packages/oslo_db/sqlalchemy/engines.py:325}}
Apr 03 03:00:43.916318 np0000163389 devstack@n-api-meta.service[107336]: DEBUG oslo_db.sqlalchemy.engines [None req-5d8ce545-a952-4d75-b1ca-04d1dd87f340 None None] MySQL server mode set to STRICT_TRANS_TABLES,STRICT_ALL_TABLES,NO_ZERO_IN_DATE,NO_ZERO_DATE,ERROR_FOR_DIVISION_BY_ZERO,TRADITIONAL,NO_ENGINE_SUBSTITUTION {{(pid=107336) _check_effective_sql_mode /opt/stack/data/venv/lib/python3.12/site-packages/oslo_db/sqlalchemy/engines.py:325}}
Apr 03 03:00:43.923065 np0000163389 devstack@n-api-meta.service[107338]: INFO dbcounter [None req-697381e5-1133-48cb-b2b8-5be667c2f79e None None] Registered counter for database nova_api
Apr 03 03:00:43.930316 np0000163389 devstack@n-api-meta.service[107335]: DEBUG dbcounter [-] [107335] Writer thread running {{(pid=107335) stat_writer /opt/stack/data/venv/lib/python3.12/site-packages/dbcounter.py:102}}
Apr 03 03:00:43.979937 np0000163389 devstack@n-api-meta.service[107335]: DEBUG nova.context [None req-90080429-8aab-4728-b645-d5eb0de85643 None None] Found 2 cells: 00000000-0000-0000-0000-000000000000(cell0),4b9b99ef-d98d-4e75-a666-ed20cbc8a23d(cell1) {{(pid=107335) load_cells /opt/stack/nova/nova/context.py:509}}
Apr 03 03:00:43.980327 np0000163389 devstack@n-api-meta.service[107335]: INFO nova.utils [None req-90080429-8aab-4728-b645-d5eb0de85643 None None] The cell worker thread pool MainProcess.cell_worker is initialized
Apr 03 03:00:43.982254 np0000163389 devstack@n-api-meta.service[107336]: DEBUG dbcounter [-] [107336] Writer thread running {{(pid=107336) stat_writer /opt/stack/data/venv/lib/python3.12/site-packages/dbcounter.py:102}}
Apr 03 03:00:43.984424 np0000163389 devstack@n-api-meta.service[107335]: DEBUG oslo_concurrency.lockutils [None req-90080429-8aab-4728-b645-d5eb0de85643 None None] Acquiring lock "00000000-0000-0000-0000-000000000000" by "nova.context.set_target_cell..get_or_set_cached_cell_and_set_connections" {{(pid=107335) inner /opt/stack/data/venv/lib/python3.12/site-packages/oslo_concurrency/lockutils.py:506}}
Apr 03 03:00:43.984889 np0000163389 devstack@n-api-meta.service[107335]: DEBUG oslo_concurrency.lockutils [None req-90080429-8aab-4728-b645-d5eb0de85643 None None] Lock "00000000-0000-0000-0000-000000000000" acquired by "nova.context.set_target_cell..get_or_set_cached_cell_and_set_connections" :: waited 0.001s {{(pid=107335) inner /opt/stack/data/venv/lib/python3.12/site-packages/oslo_concurrency/lockutils.py:519}}
Apr 03 03:00:43.985083 np0000163389 devstack@n-api-meta.service[107336]: DEBUG nova.context [None req-5d8ce545-a952-4d75-b1ca-04d1dd87f340 None None] Found 2 cells: 00000000-0000-0000-0000-000000000000(cell0),4b9b99ef-d98d-4e75-a666-ed20cbc8a23d(cell1) {{(pid=107336) load_cells /opt/stack/nova/nova/context.py:509}}
Apr 03 03:00:43.985307 np0000163389 devstack@n-api-meta.service[107336]: INFO nova.utils [None req-5d8ce545-a952-4d75-b1ca-04d1dd87f340 None None] The cell worker thread pool MainProcess.cell_worker is initialized
Apr 03 03:00:43.985961 np0000163389 devstack@n-api-meta.service[107335]: DEBUG oslo_concurrency.lockutils [None req-90080429-8aab-4728-b645-d5eb0de85643 None None] Lock "00000000-0000-0000-0000-000000000000" "released" by "nova.context.set_target_cell..get_or_set_cached_cell_and_set_connections" :: held 0.001s {{(pid=107335) inner /opt/stack/data/venv/lib/python3.12/site-packages/oslo_concurrency/lockutils.py:538}}
Apr 03 03:00:43.986014 np0000163389 devstack@n-api-meta.service[107338]: DEBUG oslo_db.sqlalchemy.engines [None req-697381e5-1133-48cb-b2b8-5be667c2f79e None None] MySQL server mode set to STRICT_TRANS_TABLES,STRICT_ALL_TABLES,NO_ZERO_IN_DATE,NO_ZERO_DATE,ERROR_FOR_DIVISION_BY_ZERO,TRADITIONAL,NO_ENGINE_SUBSTITUTION {{(pid=107338) _check_effective_sql_mode /opt/stack/data/venv/lib/python3.12/site-packages/oslo_db/sqlalchemy/engines.py:325}}
Apr 03 03:00:43.987021 np0000163389 devstack@n-api-meta.service[107335]: DEBUG oslo_concurrency.lockutils [None req-90080429-8aab-4728-b645-d5eb0de85643 None None] Acquiring lock "4b9b99ef-d98d-4e75-a666-ed20cbc8a23d" by "nova.context.set_target_cell..get_or_set_cached_cell_and_set_connections" {{(pid=107335) inner /opt/stack/data/venv/lib/python3.12/site-packages/oslo_concurrency/lockutils.py:506}}
Apr 03 03:00:43.987084 np0000163389 devstack@n-api-meta.service[107335]: DEBUG oslo_concurrency.lockutils [None req-90080429-8aab-4728-b645-d5eb0de85643 None None] Lock "4b9b99ef-d98d-4e75-a666-ed20cbc8a23d" acquired by "nova.context.set_target_cell..get_or_set_cached_cell_and_set_connections" :: waited 0.000s {{(pid=107335) inner /opt/stack/data/venv/lib/python3.12/site-packages/oslo_concurrency/lockutils.py:519}}
Apr 03 03:00:43.987126 np0000163389 devstack@n-api-meta.service[107336]: DEBUG oslo_concurrency.lockutils [None req-5d8ce545-a952-4d75-b1ca-04d1dd87f340 None None] Acquiring lock "00000000-0000-0000-0000-000000000000" by "nova.context.set_target_cell..get_or_set_cached_cell_and_set_connections" {{(pid=107336) inner /opt/stack/data/venv/lib/python3.12/site-packages/oslo_concurrency/lockutils.py:506}}
Apr 03 03:00:43.987247 np0000163389 devstack@n-api-meta.service[107336]: DEBUG oslo_concurrency.lockutils [None req-5d8ce545-a952-4d75-b1ca-04d1dd87f340 None None] Lock "00000000-0000-0000-0000-000000000000" acquired by "nova.context.set_target_cell..get_or_set_cached_cell_and_set_connections" :: waited 0.000s {{(pid=107336) inner /opt/stack/data/venv/lib/python3.12/site-packages/oslo_concurrency/lockutils.py:519}}
Apr 03 03:00:43.987626 np0000163389 devstack@n-api-meta.service[107336]: DEBUG oslo_concurrency.lockutils [None req-5d8ce545-a952-4d75-b1ca-04d1dd87f340 None None] Lock "00000000-0000-0000-0000-000000000000" "released" by "nova.context.set_target_cell..get_or_set_cached_cell_and_set_connections" :: held 0.000s {{(pid=107336) inner /opt/stack/data/venv/lib/python3.12/site-packages/oslo_concurrency/lockutils.py:538}}
Apr 03 03:00:43.988104 np0000163389 devstack@n-api-meta.service[107335]: DEBUG oslo_concurrency.lockutils [None req-90080429-8aab-4728-b645-d5eb0de85643 None None] Lock "4b9b99ef-d98d-4e75-a666-ed20cbc8a23d" "released" by "nova.context.set_target_cell..get_or_set_cached_cell_and_set_connections" :: held 0.001s {{(pid=107335) inner /opt/stack/data/venv/lib/python3.12/site-packages/oslo_concurrency/lockutils.py:538}}
Apr 03 03:00:43.988349 np0000163389 devstack@n-api-meta.service[107336]: DEBUG oslo_concurrency.lockutils [None req-5d8ce545-a952-4d75-b1ca-04d1dd87f340 None None] Acquiring lock "4b9b99ef-d98d-4e75-a666-ed20cbc8a23d" by "nova.context.set_target_cell..get_or_set_cached_cell_and_set_connections" {{(pid=107336) inner /opt/stack/data/venv/lib/python3.12/site-packages/oslo_concurrency/lockutils.py:506}}
Apr 03 03:00:43.988526 np0000163389 devstack@n-api-meta.service[107336]: DEBUG oslo_concurrency.lockutils [None req-5d8ce545-a952-4d75-b1ca-04d1dd87f340 None None] Lock "4b9b99ef-d98d-4e75-a666-ed20cbc8a23d" acquired by "nova.context.set_target_cell..get_or_set_cached_cell_and_set_connections" :: waited 0.000s {{(pid=107336) inner /opt/stack/data/venv/lib/python3.12/site-packages/oslo_concurrency/lockutils.py:519}}
Apr 03 03:00:43.989411 np0000163389 devstack@n-api-meta.service[107336]: DEBUG oslo_concurrency.lockutils [None req-5d8ce545-a952-4d75-b1ca-04d1dd87f340 None None] Lock "4b9b99ef-d98d-4e75-a666-ed20cbc8a23d" "released" by "nova.context.set_target_cell..get_or_set_cached_cell_and_set_connections" :: held 0.001s {{(pid=107336) inner /opt/stack/data/venv/lib/python3.12/site-packages/oslo_concurrency/lockutils.py:538}}
Apr 03 03:00:43.990404 np0000163389 devstack@n-api-meta.service[107335]: INFO dbcounter [None req-90080429-8aab-4728-b645-d5eb0de85643 None None] Registered counter for database nova_cell0
Apr 03 03:00:43.991538 np0000163389 devstack@n-api-meta.service[107336]: INFO dbcounter [None req-5d8ce545-a952-4d75-b1ca-04d1dd87f340 None None] Registered counter for database nova_cell0
Apr 03 03:00:43.994286 np0000163389 devstack@n-api-meta.service[107335]: INFO dbcounter [None req-90080429-8aab-4728-b645-d5eb0de85643 None None] Registered counter for database nova_cell1
Apr 03 03:00:43.996037 np0000163389 devstack@n-api-meta.service[107336]: INFO dbcounter [None req-5d8ce545-a952-4d75-b1ca-04d1dd87f340 None None] Registered counter for database nova_cell1
Apr 03 03:00:44.001767 np0000163389 devstack@n-api-meta.service[107335]: DEBUG oslo_db.sqlalchemy.engines [None req-90080429-8aab-4728-b645-d5eb0de85643 None None] MySQL server mode set to STRICT_TRANS_TABLES,STRICT_ALL_TABLES,NO_ZERO_IN_DATE,NO_ZERO_DATE,ERROR_FOR_DIVISION_BY_ZERO,TRADITIONAL,NO_ENGINE_SUBSTITUTION {{(pid=107335) _check_effective_sql_mode /opt/stack/data/venv/lib/python3.12/site-packages/oslo_db/sqlalchemy/engines.py:325}}
Apr 03 03:00:44.007312 np0000163389 devstack@n-api-meta.service[107335]: DEBUG oslo_db.sqlalchemy.engines [None req-90080429-8aab-4728-b645-d5eb0de85643 None None] MySQL server mode set to STRICT_TRANS_TABLES,STRICT_ALL_TABLES,NO_ZERO_IN_DATE,NO_ZERO_DATE,ERROR_FOR_DIVISION_BY_ZERO,TRADITIONAL,NO_ENGINE_SUBSTITUTION {{(pid=107335) _check_effective_sql_mode /opt/stack/data/venv/lib/python3.12/site-packages/oslo_db/sqlalchemy/engines.py:325}}
Apr 03 03:00:44.012641 np0000163389 devstack@n-api-meta.service[107336]: DEBUG oslo_db.sqlalchemy.engines [None req-5d8ce545-a952-4d75-b1ca-04d1dd87f340 None None] MySQL server mode set to STRICT_TRANS_TABLES,STRICT_ALL_TABLES,NO_ZERO_IN_DATE,NO_ZERO_DATE,ERROR_FOR_DIVISION_BY_ZERO,TRADITIONAL,NO_ENGINE_SUBSTITUTION {{(pid=107336) _check_effective_sql_mode /opt/stack/data/venv/lib/python3.12/site-packages/oslo_db/sqlalchemy/engines.py:325}}
Apr 03 03:00:44.015647 np0000163389 devstack@n-api-meta.service[107336]: DEBUG oslo_db.sqlalchemy.engines [None req-5d8ce545-a952-4d75-b1ca-04d1dd87f340 None None] MySQL server mode set to STRICT_TRANS_TABLES,STRICT_ALL_TABLES,NO_ZERO_IN_DATE,NO_ZERO_DATE,ERROR_FOR_DIVISION_BY_ZERO,TRADITIONAL,NO_ENGINE_SUBSTITUTION {{(pid=107336) _check_effective_sql_mode /opt/stack/data/venv/lib/python3.12/site-packages/oslo_db/sqlalchemy/engines.py:325}}
Apr 03 03:00:44.023276 np0000163389 devstack@n-api-meta.service[107338]: DEBUG dbcounter [-] [107338] Writer thread running {{(pid=107338) stat_writer /opt/stack/data/venv/lib/python3.12/site-packages/dbcounter.py:102}}
Apr 03 03:00:44.025896 np0000163389 devstack@n-api-meta.service[107338]: DEBUG nova.context [None req-697381e5-1133-48cb-b2b8-5be667c2f79e None None] Found 2 cells: 00000000-0000-0000-0000-000000000000(cell0),4b9b99ef-d98d-4e75-a666-ed20cbc8a23d(cell1) {{(pid=107338) load_cells /opt/stack/nova/nova/context.py:509}}
Apr 03 03:00:44.026124 np0000163389 devstack@n-api-meta.service[107338]: INFO nova.utils [None req-697381e5-1133-48cb-b2b8-5be667c2f79e None None] The cell worker thread pool MainProcess.cell_worker is initialized
Apr 03 03:00:44.028464 np0000163389 devstack@n-api-meta.service[107338]: DEBUG oslo_concurrency.lockutils [None req-697381e5-1133-48cb-b2b8-5be667c2f79e None None] Acquiring lock "00000000-0000-0000-0000-000000000000" by "nova.context.set_target_cell..get_or_set_cached_cell_and_set_connections" {{(pid=107338) inner /opt/stack/data/venv/lib/python3.12/site-packages/oslo_concurrency/lockutils.py:506}}
Apr 03 03:00:44.028631 np0000163389 devstack@n-api-meta.service[107338]: DEBUG oslo_concurrency.lockutils [None req-697381e5-1133-48cb-b2b8-5be667c2f79e None None] Lock "00000000-0000-0000-0000-000000000000" acquired by "nova.context.set_target_cell..get_or_set_cached_cell_and_set_connections" :: waited 0.000s {{(pid=107338) inner /opt/stack/data/venv/lib/python3.12/site-packages/oslo_concurrency/lockutils.py:519}}
Apr 03 03:00:44.028977 np0000163389 devstack@n-api-meta.service[107338]: DEBUG oslo_concurrency.lockutils [None req-697381e5-1133-48cb-b2b8-5be667c2f79e None None] Lock "00000000-0000-0000-0000-000000000000" "released" by "nova.context.set_target_cell..get_or_set_cached_cell_and_set_connections" :: held 0.000s {{(pid=107338) inner /opt/stack/data/venv/lib/python3.12/site-packages/oslo_concurrency/lockutils.py:538}}
Apr 03 03:00:44.029640 np0000163389 devstack@n-api-meta.service[107338]: DEBUG oslo_concurrency.lockutils [None req-697381e5-1133-48cb-b2b8-5be667c2f79e None None] Acquiring lock "4b9b99ef-d98d-4e75-a666-ed20cbc8a23d" by "nova.context.set_target_cell..get_or_set_cached_cell_and_set_connections" {{(pid=107338) inner /opt/stack/data/venv/lib/python3.12/site-packages/oslo_concurrency/lockutils.py:506}}
Apr 03 03:00:44.029771 np0000163389 devstack@n-api-meta.service[107338]: DEBUG oslo_concurrency.lockutils [None req-697381e5-1133-48cb-b2b8-5be667c2f79e None None] Lock "4b9b99ef-d98d-4e75-a666-ed20cbc8a23d" acquired by "nova.context.set_target_cell..get_or_set_cached_cell_and_set_connections" :: waited 0.000s {{(pid=107338) inner /opt/stack/data/venv/lib/python3.12/site-packages/oslo_concurrency/lockutils.py:519}}
Apr 03 03:00:44.030584 np0000163389 devstack@n-api-meta.service[107338]: DEBUG oslo_concurrency.lockutils [None req-697381e5-1133-48cb-b2b8-5be667c2f79e None None] Lock "4b9b99ef-d98d-4e75-a666-ed20cbc8a23d" "released" by "nova.context.set_target_cell..get_or_set_cached_cell_and_set_connections" :: held 0.001s {{(pid=107338) inner /opt/stack/data/venv/lib/python3.12/site-packages/oslo_concurrency/lockutils.py:538}}
Apr 03 03:00:44.032498 np0000163389 devstack@n-api-meta.service[107338]: INFO dbcounter [None req-697381e5-1133-48cb-b2b8-5be667c2f79e None None] Registered counter for database nova_cell0
Apr 03 03:00:44.036467 np0000163389 devstack@n-api-meta.service[107338]: INFO dbcounter [None req-697381e5-1133-48cb-b2b8-5be667c2f79e None None] Registered counter for database nova_cell1
Apr 03 03:00:44.047460 np0000163389 devstack@n-api-meta.service[107338]: DEBUG oslo_db.sqlalchemy.engines [None req-697381e5-1133-48cb-b2b8-5be667c2f79e None None] MySQL server mode set to STRICT_TRANS_TABLES,STRICT_ALL_TABLES,NO_ZERO_IN_DATE,NO_ZERO_DATE,ERROR_FOR_DIVISION_BY_ZERO,TRADITIONAL,NO_ENGINE_SUBSTITUTION {{(pid=107338) _check_effective_sql_mode /opt/stack/data/venv/lib/python3.12/site-packages/oslo_db/sqlalchemy/engines.py:325}}
Apr 03 03:00:44.053850 np0000163389 devstack@n-api-meta.service[107338]: DEBUG oslo_db.sqlalchemy.engines [None req-697381e5-1133-48cb-b2b8-5be667c2f79e None None] MySQL server mode set to STRICT_TRANS_TABLES,STRICT_ALL_TABLES,NO_ZERO_IN_DATE,NO_ZERO_DATE,ERROR_FOR_DIVISION_BY_ZERO,TRADITIONAL,NO_ENGINE_SUBSTITUTION {{(pid=107338) _check_effective_sql_mode /opt/stack/data/venv/lib/python3.12/site-packages/oslo_db/sqlalchemy/engines.py:325}}
Apr 03 03:00:44.066606 np0000163389 devstack@n-api-meta.service[107337]: DEBUG dbcounter [-] [107337] Writer thread running {{(pid=107337) stat_writer /opt/stack/data/venv/lib/python3.12/site-packages/dbcounter.py:102}}
Apr 03 03:00:44.068641 np0000163389 devstack@n-api-meta.service[107337]: DEBUG dbcounter [-] [107337] Writer thread running {{(pid=107337) stat_writer /opt/stack/data/venv/lib/python3.12/site-packages/dbcounter.py:102}}
Apr 03 03:00:44.074159 np0000163389 devstack@n-api-meta.service[107337]: INFO dbcounter [None req-c02eefb4-7497-47e1-98df-dede63921183 None None] Registered counter for database nova_cell0
Apr 03 03:00:44.083947 np0000163389 devstack@n-api-meta.service[107337]: DEBUG oslo_db.sqlalchemy.engines [None req-c02eefb4-7497-47e1-98df-dede63921183 None None] MySQL server mode set to STRICT_TRANS_TABLES,STRICT_ALL_TABLES,NO_ZERO_IN_DATE,NO_ZERO_DATE,ERROR_FOR_DIVISION_BY_ZERO,TRADITIONAL,NO_ENGINE_SUBSTITUTION {{(pid=107337) _check_effective_sql_mode /opt/stack/data/venv/lib/python3.12/site-packages/oslo_db/sqlalchemy/engines.py:325}}
Apr 03 03:00:44.094368 np0000163389 devstack@n-api-meta.service[107337]: DEBUG dbcounter [-] [107337] Writer thread running {{(pid=107337) stat_writer /opt/stack/data/venv/lib/python3.12/site-packages/dbcounter.py:102}}
Apr 03 03:00:44.116896 np0000163389 devstack@n-api-meta.service[107335]: DEBUG dbcounter [-] [107335] Writer thread running {{(pid=107335) stat_writer /opt/stack/data/venv/lib/python3.12/site-packages/dbcounter.py:102}}
Apr 03 03:00:44.118928 np0000163389 devstack@n-api-meta.service[107335]: DEBUG dbcounter [-] [107335] Writer thread running {{(pid=107335) stat_writer /opt/stack/data/venv/lib/python3.12/site-packages/dbcounter.py:102}}
Apr 03 03:00:44.119192 np0000163389 devstack@n-api-meta.service[107336]: DEBUG dbcounter [-] [107336] Writer thread running {{(pid=107336) stat_writer /opt/stack/data/venv/lib/python3.12/site-packages/dbcounter.py:102}}
Apr 03 03:00:44.119656 np0000163389 devstack@n-api-meta.service[107336]: DEBUG dbcounter [-] [107336] Writer thread running {{(pid=107336) stat_writer /opt/stack/data/venv/lib/python3.12/site-packages/dbcounter.py:102}}
Apr 03 03:00:44.125395 np0000163389 devstack@n-api-meta.service[107336]: INFO dbcounter [None req-5d8ce545-a952-4d75-b1ca-04d1dd87f340 None None] Registered counter for database nova_cell0
Apr 03 03:00:44.127950 np0000163389 devstack@n-api-meta.service[107335]: INFO dbcounter [None req-90080429-8aab-4728-b645-d5eb0de85643 None None] Registered counter for database nova_cell0
Apr 03 03:00:44.135333 np0000163389 devstack@n-api-meta.service[107336]: DEBUG oslo_db.sqlalchemy.engines [None req-5d8ce545-a952-4d75-b1ca-04d1dd87f340 None None] MySQL server mode set to STRICT_TRANS_TABLES,STRICT_ALL_TABLES,NO_ZERO_IN_DATE,NO_ZERO_DATE,ERROR_FOR_DIVISION_BY_ZERO,TRADITIONAL,NO_ENGINE_SUBSTITUTION {{(pid=107336) _check_effective_sql_mode /opt/stack/data/venv/lib/python3.12/site-packages/oslo_db/sqlalchemy/engines.py:325}}
Apr 03 03:00:44.144649 np0000163389 devstack@n-api-meta.service[107335]: DEBUG oslo_db.sqlalchemy.engines [None req-90080429-8aab-4728-b645-d5eb0de85643 None None] MySQL server mode set to STRICT_TRANS_TABLES,STRICT_ALL_TABLES,NO_ZERO_IN_DATE,NO_ZERO_DATE,ERROR_FOR_DIVISION_BY_ZERO,TRADITIONAL,NO_ENGINE_SUBSTITUTION {{(pid=107335) _check_effective_sql_mode /opt/stack/data/venv/lib/python3.12/site-packages/oslo_db/sqlalchemy/engines.py:325}}
Apr 03 03:00:44.146351 np0000163389 devstack@n-api-meta.service[107336]: DEBUG dbcounter [-] [107336] Writer thread running {{(pid=107336) stat_writer /opt/stack/data/venv/lib/python3.12/site-packages/dbcounter.py:102}}
Apr 03 03:00:44.151194 np0000163389 devstack@n-api-meta.service[107337]: WARNING nova.api.metadata.handler [None req-c02eefb4-7497-47e1-98df-dede63921183 None None] metadata_proxy_shared_secret is not configured, the metadata information returned by the proxy cannot be trusted
Apr 03 03:00:44.153284 np0000163389 devstack@n-api-meta.service[107335]: DEBUG dbcounter [-] [107335] Writer thread running {{(pid=107335) stat_writer /opt/stack/data/venv/lib/python3.12/site-packages/dbcounter.py:102}}
Apr 03 03:00:44.154952 np0000163389 devstack@n-api-meta.service[107337]: DEBUG nova.api.openstack.wsgi_app [None req-c02eefb4-7497-47e1-98df-dede63921183 None None] ******************************************************************************** {{(pid=107337) log_opt_values /opt/stack/data/venv/lib/python3.12/site-packages/oslo_config/cfg.py:2979}}
Apr 03 03:00:44.155295 np0000163389 devstack@n-api-meta.service[107337]: DEBUG nova.api.openstack.wsgi_app [None req-c02eefb4-7497-47e1-98df-dede63921183 None None] Configuration options gathered from: {{(pid=107337) log_opt_values /opt/stack/data/venv/lib/python3.12/site-packages/oslo_config/cfg.py:2980}}
Apr 03 03:00:44.155585 np0000163389 devstack@n-api-meta.service[107337]: DEBUG nova.api.openstack.wsgi_app [None req-c02eefb4-7497-47e1-98df-dede63921183 None None] command line args: [] {{(pid=107337) log_opt_values /opt/stack/data/venv/lib/python3.12/site-packages/oslo_config/cfg.py:2981}}
Apr 03 03:00:44.156881 np0000163389 devstack@n-api-meta.service[107337]: DEBUG nova.api.openstack.wsgi_app [None req-c02eefb4-7497-47e1-98df-dede63921183 None None] config files: ['/etc/nova/api-paste.ini', '/etc/nova/nova.conf'] {{(pid=107337) log_opt_values /opt/stack/data/venv/lib/python3.12/site-packages/oslo_config/cfg.py:2982}}
Apr 03 03:00:44.157167 np0000163389 devstack@n-api-meta.service[107337]: DEBUG nova.api.openstack.wsgi_app [None req-c02eefb4-7497-47e1-98df-dede63921183 None None] ================================================================================ {{(pid=107337) log_opt_values /opt/stack/data/venv/lib/python3.12/site-packages/oslo_config/cfg.py:2987}}
Apr 03 03:00:44.157519 np0000163389 devstack@n-api-meta.service[107337]: DEBUG nova.api.openstack.wsgi_app [None req-c02eefb4-7497-47e1-98df-dede63921183 None None] allow_resize_to_same_host = True {{(pid=107337) log_opt_values /opt/stack/data/venv/lib/python3.12/site-packages/oslo_config/cfg.py:2995}}
Apr 03 03:00:44.157874 np0000163389 devstack@n-api-meta.service[107337]: DEBUG nova.api.openstack.wsgi_app [None req-c02eefb4-7497-47e1-98df-dede63921183 None None] arq_binding_timeout = 300 {{(pid=107337) log_opt_values /opt/stack/data/venv/lib/python3.12/site-packages/oslo_config/cfg.py:2995}}
Apr 03 03:00:44.158156 np0000163389 devstack@n-api-meta.service[107337]: DEBUG nova.api.openstack.wsgi_app [None req-c02eefb4-7497-47e1-98df-dede63921183 None None] block_device_allocate_retries = 60 {{(pid=107337) log_opt_values /opt/stack/data/venv/lib/python3.12/site-packages/oslo_config/cfg.py:2995}}
Apr 03 03:00:44.158448 np0000163389 devstack@n-api-meta.service[107337]: DEBUG nova.api.openstack.wsgi_app [None req-c02eefb4-7497-47e1-98df-dede63921183 None None] block_device_allocate_retries_interval = 3 {{(pid=107337) log_opt_values /opt/stack/data/venv/lib/python3.12/site-packages/oslo_config/cfg.py:2995}}
Apr 03 03:00:44.158806 np0000163389 devstack@n-api-meta.service[107337]: DEBUG nova.api.openstack.wsgi_app [None req-c02eefb4-7497-47e1-98df-dede63921183 None None] cell_worker_thread_pool_size = 5 {{(pid=107337) log_opt_values /opt/stack/data/venv/lib/python3.12/site-packages/oslo_config/cfg.py:2995}}
Apr 03 03:00:44.159117 np0000163389 devstack@n-api-meta.service[107337]: DEBUG nova.api.openstack.wsgi_app [None req-c02eefb4-7497-47e1-98df-dede63921183 None None] cert = self.pem {{(pid=107337) log_opt_values /opt/stack/data/venv/lib/python3.12/site-packages/oslo_config/cfg.py:2995}}
Apr 03 03:00:44.159441 np0000163389 devstack@n-api-meta.service[107337]: DEBUG nova.api.openstack.wsgi_app [None req-c02eefb4-7497-47e1-98df-dede63921183 None None] compute_driver = libvirt.LibvirtDriver {{(pid=107337) log_opt_values /opt/stack/data/venv/lib/python3.12/site-packages/oslo_config/cfg.py:2995}}
Apr 03 03:00:44.159811 np0000163389 devstack@n-api-meta.service[107337]: DEBUG nova.api.openstack.wsgi_app [None req-c02eefb4-7497-47e1-98df-dede63921183 None None] compute_monitors = [] {{(pid=107337) log_opt_values /opt/stack/data/venv/lib/python3.12/site-packages/oslo_config/cfg.py:2995}}
Apr 03 03:00:44.160121 np0000163389 devstack@n-api-meta.service[107337]: DEBUG nova.api.openstack.wsgi_app [None req-c02eefb4-7497-47e1-98df-dede63921183 None None] config_dir = [] {{(pid=107337) log_opt_values /opt/stack/data/venv/lib/python3.12/site-packages/oslo_config/cfg.py:2995}}
Apr 03 03:00:44.160448 np0000163389 devstack@n-api-meta.service[107337]: DEBUG nova.api.openstack.wsgi_app [None req-c02eefb4-7497-47e1-98df-dede63921183 None None] config_drive_format = iso9660 {{(pid=107337) log_opt_values /opt/stack/data/venv/lib/python3.12/site-packages/oslo_config/cfg.py:2995}}
Apr 03 03:00:44.160714 np0000163389 devstack@n-api-meta.service[107337]: DEBUG nova.api.openstack.wsgi_app [None req-c02eefb4-7497-47e1-98df-dede63921183 None None] config_file = ['/etc/nova/api-paste.ini', '/etc/nova/nova.conf'] {{(pid=107337) log_opt_values /opt/stack/data/venv/lib/python3.12/site-packages/oslo_config/cfg.py:2995}}
Apr 03 03:00:44.161014 np0000163389 devstack@n-api-meta.service[107337]: DEBUG nova.api.openstack.wsgi_app [None req-c02eefb4-7497-47e1-98df-dede63921183 None None] config_source = [] {{(pid=107337) log_opt_values /opt/stack/data/venv/lib/python3.12/site-packages/oslo_config/cfg.py:2995}}
Apr 03 03:00:44.161312 np0000163389 devstack@n-api-meta.service[107337]: DEBUG nova.api.openstack.wsgi_app [None req-c02eefb4-7497-47e1-98df-dede63921183 None None] console_host = np0000163389 {{(pid=107337) log_opt_values /opt/stack/data/venv/lib/python3.12/site-packages/oslo_config/cfg.py:2995}}
Apr 03 03:00:44.161647 np0000163389 devstack@n-api-meta.service[107337]: DEBUG nova.api.openstack.wsgi_app [None req-c02eefb4-7497-47e1-98df-dede63921183 None None] control_exchange = nova {{(pid=107337) log_opt_values /opt/stack/data/venv/lib/python3.12/site-packages/oslo_config/cfg.py:2995}}
Apr 03 03:00:44.162036 np0000163389 devstack@n-api-meta.service[107337]: DEBUG nova.api.openstack.wsgi_app [None req-c02eefb4-7497-47e1-98df-dede63921183 None None] cpu_allocation_ratio = None {{(pid=107337) log_opt_values /opt/stack/data/venv/lib/python3.12/site-packages/oslo_config/cfg.py:2995}}
Apr 03 03:00:44.162392 np0000163389 devstack@n-api-meta.service[107337]: DEBUG nova.api.openstack.wsgi_app [None req-c02eefb4-7497-47e1-98df-dede63921183 None None] daemon = False {{(pid=107337) log_opt_values /opt/stack/data/venv/lib/python3.12/site-packages/oslo_config/cfg.py:2995}}
Apr 03 03:00:44.162701 np0000163389 devstack@n-api-meta.service[107337]: DEBUG nova.api.openstack.wsgi_app [None req-c02eefb4-7497-47e1-98df-dede63921183 None None] debug = True {{(pid=107337) log_opt_values /opt/stack/data/venv/lib/python3.12/site-packages/oslo_config/cfg.py:2995}}
Apr 03 03:00:44.162976 np0000163389 devstack@n-api-meta.service[107337]: DEBUG nova.api.openstack.wsgi_app [None req-c02eefb4-7497-47e1-98df-dede63921183 None None] default_access_ip_network_name = None {{(pid=107337) log_opt_values /opt/stack/data/venv/lib/python3.12/site-packages/oslo_config/cfg.py:2995}}
Apr 03 03:00:44.163266 np0000163389 devstack@n-api-meta.service[107337]: DEBUG nova.api.openstack.wsgi_app [None req-c02eefb4-7497-47e1-98df-dede63921183 None None] default_availability_zone = nova {{(pid=107337) log_opt_values /opt/stack/data/venv/lib/python3.12/site-packages/oslo_config/cfg.py:2995}}
Apr 03 03:00:44.163569 np0000163389 devstack@n-api-meta.service[107337]: DEBUG nova.api.openstack.wsgi_app [None req-c02eefb4-7497-47e1-98df-dede63921183 None None] default_ephemeral_format = ext4 {{(pid=107337) log_opt_values /opt/stack/data/venv/lib/python3.12/site-packages/oslo_config/cfg.py:2995}}
Apr 03 03:00:44.163937 np0000163389 devstack@n-api-meta.service[107337]: DEBUG nova.api.openstack.wsgi_app [None req-c02eefb4-7497-47e1-98df-dede63921183 None None] default_green_pool_size = 1000 {{(pid=107337) log_opt_values /opt/stack/data/venv/lib/python3.12/site-packages/oslo_config/cfg.py:2995}}
Apr 03 03:00:44.164411 np0000163389 devstack@n-api-meta.service[107337]: DEBUG nova.api.openstack.wsgi_app [None req-c02eefb4-7497-47e1-98df-dede63921183 None None] default_log_levels = ['amqp=WARN', 'boto=WARN', 'sqlalchemy=WARN', 'suds=INFO', 'oslo.messaging=INFO', 'oslo_messaging=INFO', 'iso8601=WARN', 'requests.packages.urllib3.connectionpool=WARN', 'urllib3.connectionpool=WARN', 'websocket=WARN', 'requests.packages.urllib3.util.retry=WARN', 'urllib3.util.retry=WARN', 'keystonemiddleware=WARN', 'routes.middleware=WARN', 'stevedore=WARN', 'taskflow=WARN', 'keystoneauth=WARN', 'oslo.cache=INFO', 'oslo_policy=INFO', 'dogpile.core.dogpile=INFO', 'glanceclient=WARN', 'oslo.privsep.daemon=INFO'] {{(pid=107337) log_opt_values /opt/stack/data/venv/lib/python3.12/site-packages/oslo_config/cfg.py:2995}}
Apr 03 03:00:44.164789 np0000163389 devstack@n-api-meta.service[107337]: DEBUG nova.api.openstack.wsgi_app [None req-c02eefb4-7497-47e1-98df-dede63921183 None None] default_schedule_zone = None {{(pid=107337) log_opt_values /opt/stack/data/venv/lib/python3.12/site-packages/oslo_config/cfg.py:2995}}
Apr 03 03:00:44.165082 np0000163389 devstack@n-api-meta.service[107337]: DEBUG nova.api.openstack.wsgi_app [None req-c02eefb4-7497-47e1-98df-dede63921183 None None] default_thread_pool_size = 10 {{(pid=107337) log_opt_values /opt/stack/data/venv/lib/python3.12/site-packages/oslo_config/cfg.py:2995}}
Apr 03 03:00:44.165358 np0000163389 devstack@n-api-meta.service[107337]: DEBUG nova.api.openstack.wsgi_app [None req-c02eefb4-7497-47e1-98df-dede63921183 None None] disk_allocation_ratio = None {{(pid=107337) log_opt_values /opt/stack/data/venv/lib/python3.12/site-packages/oslo_config/cfg.py:2995}}
Apr 03 03:00:44.165659 np0000163389 devstack@n-api-meta.service[107337]: DEBUG nova.api.openstack.wsgi_app [None req-c02eefb4-7497-47e1-98df-dede63921183 None None] enable_new_services = True {{(pid=107337) log_opt_values /opt/stack/data/venv/lib/python3.12/site-packages/oslo_config/cfg.py:2995}}
Apr 03 03:00:44.166037 np0000163389 devstack@n-api-meta.service[107337]: DEBUG nova.api.openstack.wsgi_app [None req-c02eefb4-7497-47e1-98df-dede63921183 None None] flat_injected = False {{(pid=107337) log_opt_values /opt/stack/data/venv/lib/python3.12/site-packages/oslo_config/cfg.py:2995}}
Apr 03 03:00:44.166346 np0000163389 devstack@n-api-meta.service[107337]: DEBUG nova.api.openstack.wsgi_app [None req-c02eefb4-7497-47e1-98df-dede63921183 None None] force_config_drive = False {{(pid=107337) log_opt_values /opt/stack/data/venv/lib/python3.12/site-packages/oslo_config/cfg.py:2995}}
Apr 03 03:00:44.166662 np0000163389 devstack@n-api-meta.service[107337]: DEBUG nova.api.openstack.wsgi_app [None req-c02eefb4-7497-47e1-98df-dede63921183 None None] force_raw_images = True {{(pid=107337) log_opt_values /opt/stack/data/venv/lib/python3.12/site-packages/oslo_config/cfg.py:2995}}
Apr 03 03:00:44.167519 np0000163389 devstack@n-api-meta.service[107337]: DEBUG nova.api.openstack.wsgi_app [None req-c02eefb4-7497-47e1-98df-dede63921183 None None] graceful_shutdown_timeout = 5 {{(pid=107337) log_opt_values /opt/stack/data/venv/lib/python3.12/site-packages/oslo_config/cfg.py:2995}}
Apr 03 03:00:44.169638 np0000163389 devstack@n-api-meta.service[107337]: DEBUG nova.api.openstack.wsgi_app [None req-c02eefb4-7497-47e1-98df-dede63921183 None None] heal_instance_info_cache_interval = -1 {{(pid=107337) log_opt_values /opt/stack/data/venv/lib/python3.12/site-packages/oslo_config/cfg.py:2995}}
Apr 03 03:00:44.169638 np0000163389 devstack@n-api-meta.service[107337]: DEBUG nova.api.openstack.wsgi_app [None req-c02eefb4-7497-47e1-98df-dede63921183 None None] host = np0000163389 {{(pid=107337) log_opt_values /opt/stack/data/venv/lib/python3.12/site-packages/oslo_config/cfg.py:2995}}
Apr 03 03:00:44.169638 np0000163389 devstack@n-api-meta.service[107337]: DEBUG nova.api.openstack.wsgi_app [None req-c02eefb4-7497-47e1-98df-dede63921183 None None] initial_cpu_allocation_ratio = 4.0 {{(pid=107337) log_opt_values /opt/stack/data/venv/lib/python3.12/site-packages/oslo_config/cfg.py:2995}}
Apr 03 03:00:44.169638 np0000163389 devstack@n-api-meta.service[107337]: DEBUG nova.api.openstack.wsgi_app [None req-c02eefb4-7497-47e1-98df-dede63921183 None None] initial_disk_allocation_ratio = 1.0 {{(pid=107337) log_opt_values /opt/stack/data/venv/lib/python3.12/site-packages/oslo_config/cfg.py:2995}}
Apr 03 03:00:44.169638 np0000163389 devstack@n-api-meta.service[107337]: DEBUG nova.api.openstack.wsgi_app [None req-c02eefb4-7497-47e1-98df-dede63921183 None None] initial_ram_allocation_ratio = 1.0 {{(pid=107337) log_opt_values /opt/stack/data/venv/lib/python3.12/site-packages/oslo_config/cfg.py:2995}}
Apr 03 03:00:44.169638 np0000163389 devstack@n-api-meta.service[107337]: DEBUG nova.api.openstack.wsgi_app [None req-c02eefb4-7497-47e1-98df-dede63921183 None None] injected_network_template = /opt/stack/nova/nova/virt/interfaces.template {{(pid=107337) log_opt_values /opt/stack/data/venv/lib/python3.12/site-packages/oslo_config/cfg.py:2995}}
Apr 03 03:00:44.169638 np0000163389 devstack@n-api-meta.service[107337]: DEBUG nova.api.openstack.wsgi_app [None req-c02eefb4-7497-47e1-98df-dede63921183 None None] instance_build_timeout = 0 {{(pid=107337) log_opt_values /opt/stack/data/venv/lib/python3.12/site-packages/oslo_config/cfg.py:2995}}
Apr 03 03:00:44.169984 np0000163389 devstack@n-api-meta.service[107337]: DEBUG nova.api.openstack.wsgi_app [None req-c02eefb4-7497-47e1-98df-dede63921183 None None] instance_delete_interval = 300 {{(pid=107337) log_opt_values /opt/stack/data/venv/lib/python3.12/site-packages/oslo_config/cfg.py:2995}}
Apr 03 03:00:44.170229 np0000163389 devstack@n-api-meta.service[107337]: DEBUG nova.api.openstack.wsgi_app [None req-c02eefb4-7497-47e1-98df-dede63921183 None None] instance_format = [instance: %(uuid)s] {{(pid=107337) log_opt_values /opt/stack/data/venv/lib/python3.12/site-packages/oslo_config/cfg.py:2995}}
Apr 03 03:00:44.170530 np0000163389 devstack@n-api-meta.service[107337]: DEBUG nova.api.openstack.wsgi_app [None req-c02eefb4-7497-47e1-98df-dede63921183 None None] instance_name_template = instance-%08x {{(pid=107337) log_opt_values /opt/stack/data/venv/lib/python3.12/site-packages/oslo_config/cfg.py:2995}}
Apr 03 03:00:44.170832 np0000163389 devstack@n-api-meta.service[107337]: DEBUG nova.api.openstack.wsgi_app [None req-c02eefb4-7497-47e1-98df-dede63921183 None None] instance_usage_audit = False {{(pid=107337) log_opt_values /opt/stack/data/venv/lib/python3.12/site-packages/oslo_config/cfg.py:2995}}
Apr 03 03:00:44.171135 np0000163389 devstack@n-api-meta.service[107337]: DEBUG nova.api.openstack.wsgi_app [None req-c02eefb4-7497-47e1-98df-dede63921183 None None] instance_usage_audit_period = month {{(pid=107337) log_opt_values /opt/stack/data/venv/lib/python3.12/site-packages/oslo_config/cfg.py:2995}}
Apr 03 03:00:44.171431 np0000163389 devstack@n-api-meta.service[107337]: DEBUG nova.api.openstack.wsgi_app [None req-c02eefb4-7497-47e1-98df-dede63921183 None None] instance_uuid_format = [instance: %(uuid)s] {{(pid=107337) log_opt_values /opt/stack/data/venv/lib/python3.12/site-packages/oslo_config/cfg.py:2995}}
Apr 03 03:00:44.171757 np0000163389 devstack@n-api-meta.service[107337]: DEBUG nova.api.openstack.wsgi_app [None req-c02eefb4-7497-47e1-98df-dede63921183 None None] instances_path = /opt/stack/data/nova/instances {{(pid=107337) log_opt_values /opt/stack/data/venv/lib/python3.12/site-packages/oslo_config/cfg.py:2995}}
Apr 03 03:00:44.172080 np0000163389 devstack@n-api-meta.service[107337]: DEBUG nova.api.openstack.wsgi_app [None req-c02eefb4-7497-47e1-98df-dede63921183 None None] internal_service_availability_zone = internal {{(pid=107337) log_opt_values /opt/stack/data/venv/lib/python3.12/site-packages/oslo_config/cfg.py:2995}}
Apr 03 03:00:44.172416 np0000163389 devstack@n-api-meta.service[107338]: DEBUG dbcounter [-] [107338] Writer thread running {{(pid=107338) stat_writer /opt/stack/data/venv/lib/python3.12/site-packages/dbcounter.py:102}}
Apr 03 03:00:44.172516 np0000163389 devstack@n-api-meta.service[107337]: DEBUG nova.api.openstack.wsgi_app [None req-c02eefb4-7497-47e1-98df-dede63921183 None None] key = None {{(pid=107337) log_opt_values /opt/stack/data/venv/lib/python3.12/site-packages/oslo_config/cfg.py:2995}}
Apr 03 03:00:44.172823 np0000163389 devstack@n-api-meta.service[107337]: DEBUG nova.api.openstack.wsgi_app [None req-c02eefb4-7497-47e1-98df-dede63921183 None None] live_migration_retry_count = 30 {{(pid=107337) log_opt_values /opt/stack/data/venv/lib/python3.12/site-packages/oslo_config/cfg.py:2995}}
Apr 03 03:00:44.173150 np0000163389 devstack@n-api-meta.service[107337]: DEBUG nova.api.openstack.wsgi_app [None req-c02eefb4-7497-47e1-98df-dede63921183 None None] log_color = False {{(pid=107337) log_opt_values /opt/stack/data/venv/lib/python3.12/site-packages/oslo_config/cfg.py:2995}}
Apr 03 03:00:44.173281 np0000163389 devstack@n-api-meta.service[107338]: DEBUG dbcounter [-] [107338] Writer thread running {{(pid=107338) stat_writer /opt/stack/data/venv/lib/python3.12/site-packages/dbcounter.py:102}}
Apr 03 03:00:44.173560 np0000163389 devstack@n-api-meta.service[107337]: DEBUG nova.api.openstack.wsgi_app [None req-c02eefb4-7497-47e1-98df-dede63921183 None None] log_config_append = None {{(pid=107337) log_opt_values /opt/stack/data/venv/lib/python3.12/site-packages/oslo_config/cfg.py:2995}}
Apr 03 03:00:44.173906 np0000163389 devstack@n-api-meta.service[107337]: DEBUG nova.api.openstack.wsgi_app [None req-c02eefb4-7497-47e1-98df-dede63921183 None None] log_date_format = %Y-%m-%d %H:%M:%S {{(pid=107337) log_opt_values /opt/stack/data/venv/lib/python3.12/site-packages/oslo_config/cfg.py:2995}}
Apr 03 03:00:44.174176 np0000163389 devstack@n-api-meta.service[107337]: DEBUG nova.api.openstack.wsgi_app [None req-c02eefb4-7497-47e1-98df-dede63921183 None None] log_dir = None {{(pid=107337) log_opt_values /opt/stack/data/venv/lib/python3.12/site-packages/oslo_config/cfg.py:2995}}
Apr 03 03:00:44.174457 np0000163389 devstack@n-api-meta.service[107337]: DEBUG nova.api.openstack.wsgi_app [None req-c02eefb4-7497-47e1-98df-dede63921183 None None] log_file = None {{(pid=107337) log_opt_values /opt/stack/data/venv/lib/python3.12/site-packages/oslo_config/cfg.py:2995}}
Apr 03 03:00:44.174748 np0000163389 devstack@n-api-meta.service[107337]: DEBUG nova.api.openstack.wsgi_app [None req-c02eefb4-7497-47e1-98df-dede63921183 None None] log_options = True {{(pid=107337) log_opt_values /opt/stack/data/venv/lib/python3.12/site-packages/oslo_config/cfg.py:2995}}
Apr 03 03:00:44.175039 np0000163389 devstack@n-api-meta.service[107337]: DEBUG nova.api.openstack.wsgi_app [None req-c02eefb4-7497-47e1-98df-dede63921183 None None] log_rotate_interval = 1 {{(pid=107337) log_opt_values /opt/stack/data/venv/lib/python3.12/site-packages/oslo_config/cfg.py:2995}}
Apr 03 03:00:44.175339 np0000163389 devstack@n-api-meta.service[107337]: DEBUG nova.api.openstack.wsgi_app [None req-c02eefb4-7497-47e1-98df-dede63921183 None None] log_rotate_interval_type = days {{(pid=107337) log_opt_values /opt/stack/data/venv/lib/python3.12/site-packages/oslo_config/cfg.py:2995}}
