Apr 02 11:05:42.497565 np0000162877 nova-conductor[109731]: DEBUG cotyledon.oslo_config_glue [-] vnc.novncproxy_host = 0.0.0.0 {{(pid=109731) log_opt_values /opt/stack/data/venv/lib/python3.12/site-packages/oslo_config/cfg.py:3006}}
Apr 02 11:05:42.497565 np0000162877 nova-conductor[109731]: DEBUG cotyledon.oslo_config_glue [-] vnc.novncproxy_port = 6080 {{(pid=109731) log_opt_values /opt/stack/data/venv/lib/python3.12/site-packages/oslo_config/cfg.py:3006}}
Apr 02 11:05:42.497565 np0000162877 nova-conductor[109731]: DEBUG cotyledon.oslo_config_glue [-] vnc.server_listen = 127.0.0.1 {{(pid=109731) log_opt_values /opt/stack/data/venv/lib/python3.12/site-packages/oslo_config/cfg.py:3006}}
Apr 02 11:05:42.497565 np0000162877 nova-conductor[109731]: DEBUG cotyledon.oslo_config_glue [-] vnc.server_proxyclient_address = 127.0.0.1 {{(pid=109731) log_opt_values /opt/stack/data/venv/lib/python3.12/site-packages/oslo_config/cfg.py:3006}}
Apr 02 11:05:42.497565 np0000162877 nova-conductor[109731]: DEBUG cotyledon.oslo_config_glue [-] vnc.vencrypt_ca_certs = None {{(pid=109731) log_opt_values /opt/stack/data/venv/lib/python3.12/site-packages/oslo_config/cfg.py:3006}}
Apr 02 11:05:42.497777 np0000162877 nova-conductor[109731]: DEBUG cotyledon.oslo_config_glue [-] vnc.vencrypt_client_cert = None {{(pid=109731) log_opt_values /opt/stack/data/venv/lib/python3.12/site-packages/oslo_config/cfg.py:3006}}
Apr 02 11:05:42.497777 np0000162877 nova-conductor[109731]: DEBUG cotyledon.oslo_config_glue [-] vnc.vencrypt_client_key = None {{(pid=109731) log_opt_values /opt/stack/data/venv/lib/python3.12/site-packages/oslo_config/cfg.py:3006}}
Apr 02 11:05:42.497777 np0000162877 nova-conductor[109731]: DEBUG cotyledon.oslo_config_glue [-] workarounds.disable_compute_service_check_for_ffu = False {{(pid=109731) log_opt_values /opt/stack/data/venv/lib/python3.12/site-packages/oslo_config/cfg.py:3006}}
Apr 02 11:05:42.497777 np0000162877 nova-conductor[109731]: DEBUG cotyledon.oslo_config_glue [-] workarounds.disable_deep_image_inspection = False {{(pid=109731) log_opt_values /opt/stack/data/venv/lib/python3.12/site-packages/oslo_config/cfg.py:3006}}
Apr 02 11:05:42.497777 np0000162877 nova-conductor[109731]: DEBUG cotyledon.oslo_config_glue [-] workarounds.disable_fallback_pcpu_query = False {{(pid=109731) log_opt_values /opt/stack/data/venv/lib/python3.12/site-packages/oslo_config/cfg.py:3006}}
Apr 02 11:05:42.497777 np0000162877 nova-conductor[109731]: DEBUG cotyledon.oslo_config_glue [-] workarounds.disable_group_policy_check_upcall = False {{(pid=109731) log_opt_values /opt/stack/data/venv/lib/python3.12/site-packages/oslo_config/cfg.py:3006}}
Apr 02 11:05:42.497777 np0000162877 nova-conductor[109731]: DEBUG cotyledon.oslo_config_glue [-] workarounds.disable_libvirt_livesnapshot = False {{(pid=109731) log_opt_values /opt/stack/data/venv/lib/python3.12/site-packages/oslo_config/cfg.py:3006}}
Apr 02 11:05:42.497777 np0000162877 nova-conductor[109731]: DEBUG cotyledon.oslo_config_glue [-] workarounds.disable_rootwrap = False {{(pid=109731) log_opt_values /opt/stack/data/venv/lib/python3.12/site-packages/oslo_config/cfg.py:3006}}
Apr 02 11:05:42.497777 np0000162877 nova-conductor[109731]: DEBUG cotyledon.oslo_config_glue [-] workarounds.enable_numa_live_migration = False {{(pid=109731) log_opt_values /opt/stack/data/venv/lib/python3.12/site-packages/oslo_config/cfg.py:3006}}
Apr 02 11:05:42.498001 np0000162877 nova-conductor[109731]: DEBUG cotyledon.oslo_config_glue [-] workarounds.enable_qemu_monitor_announce_self = False {{(pid=109731) log_opt_values /opt/stack/data/venv/lib/python3.12/site-packages/oslo_config/cfg.py:3006}}
Apr 02 11:05:42.498001 np0000162877 nova-conductor[109731]: DEBUG cotyledon.oslo_config_glue [-] workarounds.ensure_libvirt_rbd_instance_dir_cleanup = False {{(pid=109731) log_opt_values /opt/stack/data/venv/lib/python3.12/site-packages/oslo_config/cfg.py:3006}}
Apr 02 11:05:42.498001 np0000162877 nova-conductor[109731]: DEBUG cotyledon.oslo_config_glue [-] workarounds.handle_virt_lifecycle_events = True {{(pid=109731) log_opt_values /opt/stack/data/venv/lib/python3.12/site-packages/oslo_config/cfg.py:3006}}
Apr 02 11:05:42.498001 np0000162877 nova-conductor[109731]: DEBUG cotyledon.oslo_config_glue [-] workarounds.libvirt_disable_apic = False {{(pid=109731) log_opt_values /opt/stack/data/venv/lib/python3.12/site-packages/oslo_config/cfg.py:3006}}
Apr 02 11:05:42.498001 np0000162877 nova-conductor[109731]: DEBUG cotyledon.oslo_config_glue [-] workarounds.never_download_image_if_on_rbd = False {{(pid=109731) log_opt_values /opt/stack/data/venv/lib/python3.12/site-packages/oslo_config/cfg.py:3006}}
Apr 02 11:05:42.498001 np0000162877 nova-conductor[109731]: DEBUG cotyledon.oslo_config_glue [-] workarounds.qemu_monitor_announce_self_count = 3 {{(pid=109731) log_opt_values /opt/stack/data/venv/lib/python3.12/site-packages/oslo_config/cfg.py:3006}}
Apr 02 11:05:42.498001 np0000162877 nova-conductor[109731]: DEBUG cotyledon.oslo_config_glue [-] workarounds.qemu_monitor_announce_self_interval = 1 {{(pid=109731) log_opt_values /opt/stack/data/venv/lib/python3.12/site-packages/oslo_config/cfg.py:3006}}
Apr 02 11:05:42.498001 np0000162877 nova-conductor[109731]: DEBUG cotyledon.oslo_config_glue [-] workarounds.reserve_disk_resource_for_image_cache = False {{(pid=109731) log_opt_values /opt/stack/data/venv/lib/python3.12/site-packages/oslo_config/cfg.py:3006}}
Apr 02 11:05:42.498001 np0000162877 nova-conductor[109731]: DEBUG cotyledon.oslo_config_glue [-] workarounds.skip_cpu_compare_at_startup = False {{(pid=109731) log_opt_values /opt/stack/data/venv/lib/python3.12/site-packages/oslo_config/cfg.py:3006}}
Apr 02 11:05:42.498227 np0000162877 nova-conductor[109731]: DEBUG cotyledon.oslo_config_glue [-] workarounds.skip_cpu_compare_on_dest = False {{(pid=109731) log_opt_values /opt/stack/data/venv/lib/python3.12/site-packages/oslo_config/cfg.py:3006}}
Apr 02 11:05:42.498227 np0000162877 nova-conductor[109731]: DEBUG cotyledon.oslo_config_glue [-] workarounds.skip_hypervisor_version_check_on_lm = False {{(pid=109731) log_opt_values /opt/stack/data/venv/lib/python3.12/site-packages/oslo_config/cfg.py:3006}}
Apr 02 11:05:42.498227 np0000162877 nova-conductor[109731]: DEBUG cotyledon.oslo_config_glue [-] workarounds.skip_reserve_in_use_ironic_nodes = False {{(pid=109731) log_opt_values /opt/stack/data/venv/lib/python3.12/site-packages/oslo_config/cfg.py:3006}}
Apr 02 11:05:42.498227 np0000162877 nova-conductor[109731]: DEBUG cotyledon.oslo_config_glue [-] workarounds.unified_limits_count_pcpu_as_vcpu = False {{(pid=109731) log_opt_values /opt/stack/data/venv/lib/python3.12/site-packages/oslo_config/cfg.py:3006}}
Apr 02 11:05:42.498227 np0000162877 nova-conductor[109731]: DEBUG cotyledon.oslo_config_glue [-] workarounds.wait_for_vif_plugged_event_during_hard_reboot = [] {{(pid=109731) log_opt_values /opt/stack/data/venv/lib/python3.12/site-packages/oslo_config/cfg.py:3006}}
Apr 02 11:05:42.498227 np0000162877 nova-conductor[109731]: DEBUG cotyledon.oslo_config_glue [-] wsgi.api_paste_config = /etc/nova/api-paste.ini {{(pid=109731) log_opt_values /opt/stack/data/venv/lib/python3.12/site-packages/oslo_config/cfg.py:3006}}
Apr 02 11:05:42.498227 np0000162877 nova-conductor[109731]: DEBUG cotyledon.oslo_config_glue [-] wsgi.secure_proxy_ssl_header = None {{(pid=109731) log_opt_values /opt/stack/data/venv/lib/python3.12/site-packages/oslo_config/cfg.py:3006}}
Apr 02 11:05:42.498227 np0000162877 nova-conductor[109731]: DEBUG cotyledon.oslo_config_glue [-] zvm.ca_file = None {{(pid=109731) log_opt_values /opt/stack/data/venv/lib/python3.12/site-packages/oslo_config/cfg.py:3006}}
Apr 02 11:05:42.498227 np0000162877 nova-conductor[109731]: DEBUG cotyledon.oslo_config_glue [-] zvm.cloud_connector_url = None {{(pid=109731) log_opt_values /opt/stack/data/venv/lib/python3.12/site-packages/oslo_config/cfg.py:3006}}
Apr 02 11:05:42.498527 np0000162877 nova-conductor[109731]: DEBUG cotyledon.oslo_config_glue [-] zvm.image_tmp_path = /opt/stack/data/nova/images {{(pid=109731) log_opt_values /opt/stack/data/venv/lib/python3.12/site-packages/oslo_config/cfg.py:3006}}
Apr 02 11:05:42.498527 np0000162877 nova-conductor[109731]: DEBUG cotyledon.oslo_config_glue [-] zvm.reachable_timeout = 300 {{(pid=109731) log_opt_values /opt/stack/data/venv/lib/python3.12/site-packages/oslo_config/cfg.py:3006}}
Apr 02 11:05:42.498527 np0000162877 nova-conductor[109731]: DEBUG cotyledon.oslo_config_glue [-] oslo_versionedobjects.fatal_exception_format_errors = False {{(pid=109731) log_opt_values /opt/stack/data/venv/lib/python3.12/site-packages/oslo_config/cfg.py:3006}}
Apr 02 11:05:42.498527 np0000162877 nova-conductor[109731]: DEBUG cotyledon.oslo_config_glue [-] oslo_middleware.http_basic_auth_user_file = /etc/htpasswd {{(pid=109731) log_opt_values /opt/stack/data/venv/lib/python3.12/site-packages/oslo_config/cfg.py:3006}}
Apr 02 11:05:42.498527 np0000162877 nova-conductor[109731]: DEBUG cotyledon.oslo_config_glue [-] profiler.connection_string = messaging:// {{(pid=109731) log_opt_values /opt/stack/data/venv/lib/python3.12/site-packages/oslo_config/cfg.py:3006}}
Apr 02 11:05:42.498527 np0000162877 nova-conductor[109731]: DEBUG cotyledon.oslo_config_glue [-] profiler.enabled = False {{(pid=109731) log_opt_values /opt/stack/data/venv/lib/python3.12/site-packages/oslo_config/cfg.py:3006}}
Apr 02 11:05:42.498527 np0000162877 nova-conductor[109731]: DEBUG cotyledon.oslo_config_glue [-] profiler.es_doc_type = notification {{(pid=109731) log_opt_values /opt/stack/data/venv/lib/python3.12/site-packages/oslo_config/cfg.py:3006}}
Apr 02 11:05:42.498527 np0000162877 nova-conductor[109731]: DEBUG cotyledon.oslo_config_glue [-] profiler.es_scroll_size = 10000 {{(pid=109731) log_opt_values /opt/stack/data/venv/lib/python3.12/site-packages/oslo_config/cfg.py:3006}}
Apr 02 11:05:42.498527 np0000162877 nova-conductor[109731]: DEBUG cotyledon.oslo_config_glue [-] profiler.es_scroll_time = 2m {{(pid=109731) log_opt_values /opt/stack/data/venv/lib/python3.12/site-packages/oslo_config/cfg.py:3006}}
Apr 02 11:05:42.498737 np0000162877 nova-conductor[109731]: DEBUG cotyledon.oslo_config_glue [-] profiler.filter_error_trace = False {{(pid=109731) log_opt_values /opt/stack/data/venv/lib/python3.12/site-packages/oslo_config/cfg.py:3006}}
Apr 02 11:05:42.498737 np0000162877 nova-conductor[109731]: DEBUG cotyledon.oslo_config_glue [-] profiler.hmac_keys = **** {{(pid=109731) log_opt_values /opt/stack/data/venv/lib/python3.12/site-packages/oslo_config/cfg.py:3006}}
Apr 02 11:05:42.498737 np0000162877 nova-conductor[109731]: DEBUG cotyledon.oslo_config_glue [-] profiler.sentinel_service_name = mymaster {{(pid=109731) log_opt_values /opt/stack/data/venv/lib/python3.12/site-packages/oslo_config/cfg.py:3006}}
Apr 02 11:05:42.498737 np0000162877 nova-conductor[109731]: DEBUG cotyledon.oslo_config_glue [-] profiler.socket_timeout = 0.1 {{(pid=109731) log_opt_values /opt/stack/data/venv/lib/python3.12/site-packages/oslo_config/cfg.py:3006}}
Apr 02 11:05:42.498737 np0000162877 nova-conductor[109731]: DEBUG cotyledon.oslo_config_glue [-] profiler.trace_requests = False {{(pid=109731) log_opt_values /opt/stack/data/venv/lib/python3.12/site-packages/oslo_config/cfg.py:3006}}
Apr 02 11:05:42.498737 np0000162877 nova-conductor[109731]: DEBUG cotyledon.oslo_config_glue [-] profiler.trace_sqlalchemy = False {{(pid=109731) log_opt_values /opt/stack/data/venv/lib/python3.12/site-packages/oslo_config/cfg.py:3006}}
Apr 02 11:05:42.498737 np0000162877 nova-conductor[109731]: DEBUG cotyledon.oslo_config_glue [-] profiler_jaeger.process_tags = {} {{(pid=109731) log_opt_values /opt/stack/data/venv/lib/python3.12/site-packages/oslo_config/cfg.py:3006}}
Apr 02 11:05:42.498737 np0000162877 nova-conductor[109731]: DEBUG cotyledon.oslo_config_glue [-] profiler_jaeger.service_name_prefix = None {{(pid=109731) log_opt_values /opt/stack/data/venv/lib/python3.12/site-packages/oslo_config/cfg.py:3006}}
Apr 02 11:05:42.498737 np0000162877 nova-conductor[109731]: DEBUG cotyledon.oslo_config_glue [-] profiler_otlp.service_name_prefix = None {{(pid=109731) log_opt_values /opt/stack/data/venv/lib/python3.12/site-packages/oslo_config/cfg.py:3006}}
Apr 02 11:05:42.498950 np0000162877 nova-conductor[109731]: DEBUG cotyledon.oslo_config_glue [-] oslo_messaging_rabbit.amqp_auto_delete = False {{(pid=109731) log_opt_values /opt/stack/data/venv/lib/python3.12/site-packages/oslo_config/cfg.py:3006}}
Apr 02 11:05:42.498950 np0000162877 nova-conductor[109731]: DEBUG cotyledon.oslo_config_glue [-] oslo_messaging_rabbit.amqp_durable_queues = False {{(pid=109731) log_opt_values /opt/stack/data/venv/lib/python3.12/site-packages/oslo_config/cfg.py:3006}}
Apr 02 11:05:42.498950 np0000162877 nova-conductor[109731]: DEBUG cotyledon.oslo_config_glue [-] oslo_messaging_rabbit.conn_pool_min_size = 2 {{(pid=109731) log_opt_values /opt/stack/data/venv/lib/python3.12/site-packages/oslo_config/cfg.py:3006}}
Apr 02 11:05:42.499026 np0000162877 nova-conductor[109724]: DEBUG oslo_db.sqlalchemy.engines [None req-fc3aebe9-2c5c-4970-9ec2-d4986eea629d None None] MySQL server mode set to STRICT_TRANS_TABLES,STRICT_ALL_TABLES,NO_ZERO_IN_DATE,NO_ZERO_DATE,ERROR_FOR_DIVISION_BY_ZERO,TRADITIONAL,NO_ENGINE_SUBSTITUTION {{(pid=109724) _check_effective_sql_mode /opt/stack/data/venv/lib/python3.12/site-packages/oslo_db/sqlalchemy/engines.py:325}}
Apr 02 11:05:42.499055 np0000162877 nova-conductor[109731]: DEBUG cotyledon.oslo_config_glue [-] oslo_messaging_rabbit.conn_pool_ttl = 1200 {{(pid=109731) log_opt_values /opt/stack/data/venv/lib/python3.12/site-packages/oslo_config/cfg.py:3006}}
Apr 02 11:05:42.499055 np0000162877 nova-conductor[109731]: DEBUG cotyledon.oslo_config_glue [-] oslo_messaging_rabbit.direct_mandatory_flag = True {{(pid=109731) log_opt_values /opt/stack/data/venv/lib/python3.12/site-packages/oslo_config/cfg.py:3006}}
Apr 02 11:05:42.499055 np0000162877 nova-conductor[109731]: DEBUG cotyledon.oslo_config_glue [-] oslo_messaging_rabbit.enable_cancel_on_failover = False {{(pid=109731) log_opt_values /opt/stack/data/venv/lib/python3.12/site-packages/oslo_config/cfg.py:3006}}
Apr 02 11:05:42.499055 np0000162877 nova-conductor[109731]: DEBUG cotyledon.oslo_config_glue [-] oslo_messaging_rabbit.heartbeat_in_pthread = False {{(pid=109731) log_opt_values /opt/stack/data/venv/lib/python3.12/site-packages/oslo_config/cfg.py:3006}}
Apr 02 11:05:42.499055 np0000162877 nova-conductor[109731]: DEBUG cotyledon.oslo_config_glue [-] oslo_messaging_rabbit.heartbeat_rate = 3 {{(pid=109731) log_opt_values /opt/stack/data/venv/lib/python3.12/site-packages/oslo_config/cfg.py:3006}}
Apr 02 11:05:42.499055 np0000162877 nova-conductor[109731]: DEBUG cotyledon.oslo_config_glue [-] oslo_messaging_rabbit.heartbeat_timeout_threshold = 60 {{(pid=109731) log_opt_values /opt/stack/data/venv/lib/python3.12/site-packages/oslo_config/cfg.py:3006}}
Apr 02 11:05:42.499055 np0000162877 nova-conductor[109731]: DEBUG cotyledon.oslo_config_glue [-] oslo_messaging_rabbit.hostname = np0000162877 {{(pid=109731) log_opt_values /opt/stack/data/venv/lib/python3.12/site-packages/oslo_config/cfg.py:3006}}
Apr 02 11:05:42.499055 np0000162877 nova-conductor[109731]: DEBUG cotyledon.oslo_config_glue [-] oslo_messaging_rabbit.kombu_compression = None {{(pid=109731) log_opt_values /opt/stack/data/venv/lib/python3.12/site-packages/oslo_config/cfg.py:3006}}
Apr 02 11:05:42.499055 np0000162877 nova-conductor[109731]: DEBUG cotyledon.oslo_config_glue [-] oslo_messaging_rabbit.kombu_failover_strategy = round-robin {{(pid=109731) log_opt_values /opt/stack/data/venv/lib/python3.12/site-packages/oslo_config/cfg.py:3006}}
Apr 02 11:05:42.499263 np0000162877 nova-conductor[109731]: DEBUG cotyledon.oslo_config_glue [-] oslo_messaging_rabbit.kombu_missing_consumer_retry_timeout = 60 {{(pid=109731) log_opt_values /opt/stack/data/venv/lib/python3.12/site-packages/oslo_config/cfg.py:3006}}
Apr 02 11:05:42.499263 np0000162877 nova-conductor[109731]: DEBUG cotyledon.oslo_config_glue [-] oslo_messaging_rabbit.kombu_reconnect_delay = 1.0 {{(pid=109731) log_opt_values /opt/stack/data/venv/lib/python3.12/site-packages/oslo_config/cfg.py:3006}}
Apr 02 11:05:42.499263 np0000162877 nova-conductor[109731]: DEBUG cotyledon.oslo_config_glue [-] oslo_messaging_rabbit.kombu_reconnect_splay = 0.0 {{(pid=109731) log_opt_values /opt/stack/data/venv/lib/python3.12/site-packages/oslo_config/cfg.py:3006}}
Apr 02 11:05:42.499263 np0000162877 nova-conductor[109731]: DEBUG cotyledon.oslo_config_glue [-] oslo_messaging_rabbit.processname = nova-conductor {{(pid=109731) log_opt_values /opt/stack/data/venv/lib/python3.12/site-packages/oslo_config/cfg.py:3006}}
Apr 02 11:05:42.499263 np0000162877 nova-conductor[109731]: DEBUG cotyledon.oslo_config_glue [-] oslo_messaging_rabbit.rabbit_ha_queues = False {{(pid=109731) log_opt_values /opt/stack/data/venv/lib/python3.12/site-packages/oslo_config/cfg.py:3006}}
Apr 02 11:05:42.499263 np0000162877 nova-conductor[109731]: DEBUG cotyledon.oslo_config_glue [-] oslo_messaging_rabbit.rabbit_interval_max = 30 {{(pid=109731) log_opt_values /opt/stack/data/venv/lib/python3.12/site-packages/oslo_config/cfg.py:3006}}
Apr 02 11:05:42.499263 np0000162877 nova-conductor[109731]: DEBUG cotyledon.oslo_config_glue [-] oslo_messaging_rabbit.rabbit_login_method = AMQPLAIN {{(pid=109731) log_opt_values /opt/stack/data/venv/lib/python3.12/site-packages/oslo_config/cfg.py:3006}}
Apr 02 11:05:42.499263 np0000162877 nova-conductor[109731]: DEBUG cotyledon.oslo_config_glue [-] oslo_messaging_rabbit.rabbit_qos_prefetch_count = 0 {{(pid=109731) log_opt_values /opt/stack/data/venv/lib/python3.12/site-packages/oslo_config/cfg.py:3006}}
Apr 02 11:05:42.499461 np0000162877 nova-conductor[109731]: DEBUG cotyledon.oslo_config_glue [-] oslo_messaging_rabbit.rabbit_quorum_delivery_limit = 0 {{(pid=109731) log_opt_values /opt/stack/data/venv/lib/python3.12/site-packages/oslo_config/cfg.py:3006}}
Apr 02 11:05:42.499461 np0000162877 nova-conductor[109731]: DEBUG cotyledon.oslo_config_glue [-] oslo_messaging_rabbit.rabbit_quorum_max_memory_bytes = 0 {{(pid=109731) log_opt_values /opt/stack/data/venv/lib/python3.12/site-packages/oslo_config/cfg.py:3006}}
Apr 02 11:05:42.499461 np0000162877 nova-conductor[109731]: DEBUG cotyledon.oslo_config_glue [-] oslo_messaging_rabbit.rabbit_quorum_max_memory_length = 0 {{(pid=109731) log_opt_values /opt/stack/data/venv/lib/python3.12/site-packages/oslo_config/cfg.py:3006}}
Apr 02 11:05:42.499461 np0000162877 nova-conductor[109731]: DEBUG cotyledon.oslo_config_glue [-] oslo_messaging_rabbit.rabbit_quorum_queue = False {{(pid=109731) log_opt_values /opt/stack/data/venv/lib/python3.12/site-packages/oslo_config/cfg.py:3006}}
Apr 02 11:05:42.499461 np0000162877 nova-conductor[109731]: DEBUG cotyledon.oslo_config_glue [-] oslo_messaging_rabbit.rabbit_retry_backoff = 2 {{(pid=109731) log_opt_values /opt/stack/data/venv/lib/python3.12/site-packages/oslo_config/cfg.py:3006}}
Apr 02 11:05:42.499461 np0000162877 nova-conductor[109731]: DEBUG cotyledon.oslo_config_glue [-] oslo_messaging_rabbit.rabbit_retry_interval = 1 {{(pid=109731) log_opt_values /opt/stack/data/venv/lib/python3.12/site-packages/oslo_config/cfg.py:3006}}
Apr 02 11:05:42.499461 np0000162877 nova-conductor[109731]: DEBUG cotyledon.oslo_config_glue [-] oslo_messaging_rabbit.rabbit_stream_fanout = False {{(pid=109731) log_opt_values /opt/stack/data/venv/lib/python3.12/site-packages/oslo_config/cfg.py:3006}}
Apr 02 11:05:42.499461 np0000162877 nova-conductor[109731]: DEBUG cotyledon.oslo_config_glue [-] oslo_messaging_rabbit.rabbit_transient_queues_ttl = 1800 {{(pid=109731) log_opt_values /opt/stack/data/venv/lib/python3.12/site-packages/oslo_config/cfg.py:3006}}
Apr 02 11:05:42.499652 np0000162877 nova-conductor[109731]: DEBUG cotyledon.oslo_config_glue [-] oslo_messaging_rabbit.rabbit_transient_quorum_queue = False {{(pid=109731) log_opt_values /opt/stack/data/venv/lib/python3.12/site-packages/oslo_config/cfg.py:3006}}
Apr 02 11:05:42.499652 np0000162877 nova-conductor[109731]: DEBUG cotyledon.oslo_config_glue [-] oslo_messaging_rabbit.rpc_conn_pool_size = 30 {{(pid=109731) log_opt_values /opt/stack/data/venv/lib/python3.12/site-packages/oslo_config/cfg.py:3006}}
Apr 02 11:05:42.499652 np0000162877 nova-conductor[109731]: DEBUG cotyledon.oslo_config_glue [-] oslo_messaging_rabbit.ssl = False {{(pid=109731) log_opt_values /opt/stack/data/venv/lib/python3.12/site-packages/oslo_config/cfg.py:3006}}
Apr 02 11:05:42.499652 np0000162877 nova-conductor[109731]: DEBUG cotyledon.oslo_config_glue [-] oslo_messaging_rabbit.ssl_ca_file = {{(pid=109731) log_opt_values /opt/stack/data/venv/lib/python3.12/site-packages/oslo_config/cfg.py:3006}}
Apr 02 11:05:42.499652 np0000162877 nova-conductor[109731]: DEBUG cotyledon.oslo_config_glue [-] oslo_messaging_rabbit.ssl_cert_file = {{(pid=109731) log_opt_values /opt/stack/data/venv/lib/python3.12/site-packages/oslo_config/cfg.py:3006}}
Apr 02 11:05:42.499652 np0000162877 nova-conductor[109731]: DEBUG cotyledon.oslo_config_glue [-] oslo_messaging_rabbit.ssl_enforce_fips_mode = False {{(pid=109731) log_opt_values /opt/stack/data/venv/lib/python3.12/site-packages/oslo_config/cfg.py:3006}}
Apr 02 11:05:42.499652 np0000162877 nova-conductor[109731]: DEBUG cotyledon.oslo_config_glue [-] oslo_messaging_rabbit.ssl_key_file = {{(pid=109731) log_opt_values /opt/stack/data/venv/lib/python3.12/site-packages/oslo_config/cfg.py:3006}}
Apr 02 11:05:42.499652 np0000162877 nova-conductor[109731]: DEBUG cotyledon.oslo_config_glue [-] oslo_messaging_rabbit.ssl_version = {{(pid=109731) log_opt_values /opt/stack/data/venv/lib/python3.12/site-packages/oslo_config/cfg.py:3006}}
Apr 02 11:05:42.499652 np0000162877 nova-conductor[109731]: DEBUG cotyledon.oslo_config_glue [-] oslo_messaging_rabbit.use_queue_manager = False {{(pid=109731) log_opt_values /opt/stack/data/venv/lib/python3.12/site-packages/oslo_config/cfg.py:3006}}
Apr 02 11:05:42.499862 np0000162877 nova-conductor[109731]: DEBUG cotyledon.oslo_config_glue [-] oslo_messaging_notifications.driver = ['messagingv2'] {{(pid=109731) log_opt_values /opt/stack/data/venv/lib/python3.12/site-packages/oslo_config/cfg.py:3006}}
Apr 02 11:05:42.499862 np0000162877 nova-conductor[109731]: DEBUG cotyledon.oslo_config_glue [-] oslo_messaging_notifications.retry = -1 {{(pid=109731) log_opt_values /opt/stack/data/venv/lib/python3.12/site-packages/oslo_config/cfg.py:3006}}
Apr 02 11:05:42.499862 np0000162877 nova-conductor[109731]: DEBUG cotyledon.oslo_config_glue [-] oslo_messaging_notifications.topics = ['notifications'] {{(pid=109731) log_opt_values /opt/stack/data/venv/lib/python3.12/site-packages/oslo_config/cfg.py:3006}}
Apr 02 11:05:42.499862 np0000162877 nova-conductor[109731]: DEBUG cotyledon.oslo_config_glue [-] oslo_messaging_notifications.transport_url = **** {{(pid=109731) log_opt_values /opt/stack/data/venv/lib/python3.12/site-packages/oslo_config/cfg.py:3006}}
Apr 02 11:05:42.499862 np0000162877 nova-conductor[109731]: DEBUG cotyledon.oslo_config_glue [-] oslo_limit.auth_section = None {{(pid=109731) log_opt_values /opt/stack/data/venv/lib/python3.12/site-packages/oslo_config/cfg.py:3006}}
Apr 02 11:05:42.499862 np0000162877 nova-conductor[109731]: DEBUG cotyledon.oslo_config_glue [-] oslo_limit.auth_type = None {{(pid=109731) log_opt_values /opt/stack/data/venv/lib/python3.12/site-packages/oslo_config/cfg.py:3006}}
Apr 02 11:05:42.499862 np0000162877 nova-conductor[109731]: DEBUG cotyledon.oslo_config_glue [-] oslo_limit.cafile = None {{(pid=109731) log_opt_values /opt/stack/data/venv/lib/python3.12/site-packages/oslo_config/cfg.py:3006}}
Apr 02 11:05:42.499862 np0000162877 nova-conductor[109731]: DEBUG cotyledon.oslo_config_glue [-] oslo_limit.certfile = None {{(pid=109731) log_opt_values /opt/stack/data/venv/lib/python3.12/site-packages/oslo_config/cfg.py:3006}}
Apr 02 11:05:42.499862 np0000162877 nova-conductor[109731]: DEBUG cotyledon.oslo_config_glue [-] oslo_limit.collect_timing = False {{(pid=109731) log_opt_values /opt/stack/data/venv/lib/python3.12/site-packages/oslo_config/cfg.py:3006}}
Apr 02 11:05:42.500058 np0000162877 nova-conductor[109731]: DEBUG cotyledon.oslo_config_glue [-] oslo_limit.connect_retries = None {{(pid=109731) log_opt_values /opt/stack/data/venv/lib/python3.12/site-packages/oslo_config/cfg.py:3006}}
Apr 02 11:05:42.500058 np0000162877 nova-conductor[109731]: DEBUG cotyledon.oslo_config_glue [-] oslo_limit.connect_retry_delay = None {{(pid=109731) log_opt_values /opt/stack/data/venv/lib/python3.12/site-packages/oslo_config/cfg.py:3006}}
Apr 02 11:05:42.500058 np0000162877 nova-conductor[109731]: DEBUG cotyledon.oslo_config_glue [-] oslo_limit.endpoint_id = None {{(pid=109731) log_opt_values /opt/stack/data/venv/lib/python3.12/site-packages/oslo_config/cfg.py:3006}}
Apr 02 11:05:42.500058 np0000162877 nova-conductor[109731]: DEBUG cotyledon.oslo_config_glue [-] oslo_limit.endpoint_interface = public {{(pid=109731) log_opt_values /opt/stack/data/venv/lib/python3.12/site-packages/oslo_config/cfg.py:3006}}
Apr 02 11:05:42.500058 np0000162877 nova-conductor[109731]: DEBUG cotyledon.oslo_config_glue [-] oslo_limit.endpoint_override = None {{(pid=109731) log_opt_values /opt/stack/data/venv/lib/python3.12/site-packages/oslo_config/cfg.py:3006}}
Apr 02 11:05:42.500058 np0000162877 nova-conductor[109731]: DEBUG cotyledon.oslo_config_glue [-] oslo_limit.endpoint_region_name = None {{(pid=109731) log_opt_values /opt/stack/data/venv/lib/python3.12/site-packages/oslo_config/cfg.py:3006}}
Apr 02 11:05:42.500058 np0000162877 nova-conductor[109731]: DEBUG cotyledon.oslo_config_glue [-] oslo_limit.endpoint_service_name = None {{(pid=109731) log_opt_values /opt/stack/data/venv/lib/python3.12/site-packages/oslo_config/cfg.py:3006}}
Apr 02 11:05:42.500058 np0000162877 nova-conductor[109731]: DEBUG cotyledon.oslo_config_glue [-] oslo_limit.endpoint_service_type = None {{(pid=109731) log_opt_values /opt/stack/data/venv/lib/python3.12/site-packages/oslo_config/cfg.py:3006}}
Apr 02 11:05:42.500058 np0000162877 nova-conductor[109731]: DEBUG cotyledon.oslo_config_glue [-] oslo_limit.insecure = False {{(pid=109731) log_opt_values /opt/stack/data/venv/lib/python3.12/site-packages/oslo_config/cfg.py:3006}}
Apr 02 11:05:42.500242 np0000162877 nova-conductor[109731]: DEBUG cotyledon.oslo_config_glue [-] oslo_limit.keyfile = None {{(pid=109731) log_opt_values /opt/stack/data/venv/lib/python3.12/site-packages/oslo_config/cfg.py:3006}}
Apr 02 11:05:42.500242 np0000162877 nova-conductor[109731]: DEBUG cotyledon.oslo_config_glue [-] oslo_limit.max_version = None {{(pid=109731) log_opt_values /opt/stack/data/venv/lib/python3.12/site-packages/oslo_config/cfg.py:3006}}
Apr 02 11:05:42.500242 np0000162877 nova-conductor[109731]: DEBUG cotyledon.oslo_config_glue [-] oslo_limit.min_version = None {{(pid=109731) log_opt_values /opt/stack/data/venv/lib/python3.12/site-packages/oslo_config/cfg.py:3006}}
Apr 02 11:05:42.500242 np0000162877 nova-conductor[109731]: DEBUG cotyledon.oslo_config_glue [-] oslo_limit.region_name = None {{(pid=109731) log_opt_values /opt/stack/data/venv/lib/python3.12/site-packages/oslo_config/cfg.py:3006}}
Apr 02 11:05:42.500242 np0000162877 nova-conductor[109731]: DEBUG cotyledon.oslo_config_glue [-] oslo_limit.retriable_status_codes = None {{(pid=109731) log_opt_values /opt/stack/data/venv/lib/python3.12/site-packages/oslo_config/cfg.py:3006}}
Apr 02 11:05:42.500242 np0000162877 nova-conductor[109731]: DEBUG cotyledon.oslo_config_glue [-] oslo_limit.service_name = None {{(pid=109731) log_opt_values /opt/stack/data/venv/lib/python3.12/site-packages/oslo_config/cfg.py:3006}}
Apr 02 11:05:42.500242 np0000162877 nova-conductor[109731]: DEBUG cotyledon.oslo_config_glue [-] oslo_limit.service_type = None {{(pid=109731) log_opt_values /opt/stack/data/venv/lib/python3.12/site-packages/oslo_config/cfg.py:3006}}
Apr 02 11:05:42.500242 np0000162877 nova-conductor[109731]: DEBUG cotyledon.oslo_config_glue [-] oslo_limit.split_loggers = False {{(pid=109731) log_opt_values /opt/stack/data/venv/lib/python3.12/site-packages/oslo_config/cfg.py:3006}}
Apr 02 11:05:42.500242 np0000162877 nova-conductor[109731]: DEBUG cotyledon.oslo_config_glue [-] oslo_limit.status_code_retries = None {{(pid=109731) log_opt_values /opt/stack/data/venv/lib/python3.12/site-packages/oslo_config/cfg.py:3006}}
Apr 02 11:05:42.500452 np0000162877 nova-conductor[109731]: DEBUG cotyledon.oslo_config_glue [-] oslo_limit.status_code_retry_delay = None {{(pid=109731) log_opt_values /opt/stack/data/venv/lib/python3.12/site-packages/oslo_config/cfg.py:3006}}
Apr 02 11:05:42.500452 np0000162877 nova-conductor[109731]: DEBUG cotyledon.oslo_config_glue [-] oslo_limit.timeout = None {{(pid=109731) log_opt_values /opt/stack/data/venv/lib/python3.12/site-packages/oslo_config/cfg.py:3006}}
Apr 02 11:05:42.500452 np0000162877 nova-conductor[109731]: DEBUG cotyledon.oslo_config_glue [-] oslo_limit.valid_interfaces = None {{(pid=109731) log_opt_values /opt/stack/data/venv/lib/python3.12/site-packages/oslo_config/cfg.py:3006}}
Apr 02 11:05:42.500452 np0000162877 nova-conductor[109731]: DEBUG cotyledon.oslo_config_glue [-] oslo_limit.version = None {{(pid=109731) log_opt_values /opt/stack/data/venv/lib/python3.12/site-packages/oslo_config/cfg.py:3006}}
Apr 02 11:05:42.500452 np0000162877 nova-conductor[109731]: DEBUG cotyledon.oslo_config_glue [-] oslo_reports.file_event_handler = None {{(pid=109731) log_opt_values /opt/stack/data/venv/lib/python3.12/site-packages/oslo_config/cfg.py:3006}}
Apr 02 11:05:42.500452 np0000162877 nova-conductor[109731]: DEBUG cotyledon.oslo_config_glue [-] oslo_reports.file_event_handler_interval = 1 {{(pid=109731) log_opt_values /opt/stack/data/venv/lib/python3.12/site-packages/oslo_config/cfg.py:3006}}
Apr 02 11:05:42.500452 np0000162877 nova-conductor[109731]: DEBUG cotyledon.oslo_config_glue [-] oslo_reports.log_dir = None {{(pid=109731) log_opt_values /opt/stack/data/venv/lib/python3.12/site-packages/oslo_config/cfg.py:3006}}
Apr 02 11:05:42.500452 np0000162877 nova-conductor[109731]: DEBUG cotyledon.oslo_config_glue [-] ******************************************************************************** {{(pid=109731) log_opt_values /opt/stack/data/venv/lib/python3.12/site-packages/oslo_config/cfg.py:3013}}
Apr 02 11:05:42.500452 np0000162877 nova-conductor[109731]: DEBUG cotyledon._service_worker [-] Run service ServiceWrapper(3) [109731] {{(pid=109731) wait_forever /opt/stack/data/venv/lib/python3.12/site-packages/cotyledon/_service_worker.py:218}}
Apr 02 11:05:42.500674 np0000162877 nova-conductor[109731]: INFO nova.service [-] Starting conductor node (version 33.1.0)
Apr 02 11:05:42.500697 np0000162877 nova-conductor[109724]: DEBUG dbcounter [-] [109724] Writer thread running {{(pid=109724) stat_writer /opt/stack/data/venv/lib/python3.12/site-packages/dbcounter.py:102}}
Apr 02 11:05:42.500728 np0000162877 nova-conductor[109713]: INFO dbcounter [None req-99056317-a932-4705-82a7-253a7cad2c41 None None] Registered counter for database nova_cell0
Apr 02 11:05:42.503866 np0000162877 nova-conductor[109713]: DEBUG oslo_db.sqlalchemy.engines [None req-99056317-a932-4705-82a7-253a7cad2c41 None None] MySQL server mode set to STRICT_TRANS_TABLES,STRICT_ALL_TABLES,NO_ZERO_IN_DATE,NO_ZERO_DATE,ERROR_FOR_DIVISION_BY_ZERO,TRADITIONAL,NO_ENGINE_SUBSTITUTION {{(pid=109713) _check_effective_sql_mode /opt/stack/data/venv/lib/python3.12/site-packages/oslo_db/sqlalchemy/engines.py:325}}
Apr 02 11:05:42.527420 np0000162877 nova-conductor[109731]: INFO dbcounter [None req-fefaf0eb-85bc-4e66-9e49-1ea4d05b13e2 None None] Registered counter for database nova_cell0
Apr 02 11:05:42.534823 np0000162877 nova-conductor[109713]: DEBUG dbcounter [-] [109713] Writer thread running {{(pid=109713) stat_writer /opt/stack/data/venv/lib/python3.12/site-packages/dbcounter.py:102}}
Apr 02 11:05:42.545240 np0000162877 nova-conductor[109731]: DEBUG oslo_db.sqlalchemy.engines [None req-fefaf0eb-85bc-4e66-9e49-1ea4d05b13e2 None None] MySQL server mode set to STRICT_TRANS_TABLES,STRICT_ALL_TABLES,NO_ZERO_IN_DATE,NO_ZERO_DATE,ERROR_FOR_DIVISION_BY_ZERO,TRADITIONAL,NO_ENGINE_SUBSTITUTION {{(pid=109731) _check_effective_sql_mode /opt/stack/data/venv/lib/python3.12/site-packages/oslo_db/sqlalchemy/engines.py:325}}
Apr 02 11:05:42.556604 np0000162877 nova-conductor[109731]: DEBUG dbcounter [-] [109731] Writer thread running {{(pid=109731) stat_writer /opt/stack/data/venv/lib/python3.12/site-packages/dbcounter.py:102}}
Apr 02 11:05:42.633479 np0000162877 nova-conductor[109707]: DEBUG nova.service [None req-100d8da7-3680-49f2-86a4-11a362ef7a30 None None] Creating RPC server for service: nova-conductor on topic: conductor {{(pid=109707) start /opt/stack/nova/nova/service.py:195}}
Apr 02 11:05:42.665621 np0000162877 nova-conductor[109707]: DEBUG nova.service [None req-100d8da7-3680-49f2-86a4-11a362ef7a30 None None] Join ServiceGroup membership for this service conductor {{(pid=109707) start /opt/stack/nova/nova/service.py:221}}
Apr 02 11:05:42.666106 np0000162877 nova-conductor[109707]: DEBUG nova.servicegroup.drivers.db [None req-100d8da7-3680-49f2-86a4-11a362ef7a30 None None] DB_Driver: join new ServiceGroup member np0000162877 to the conductor group, service = {{(pid=109707) join /opt/stack/nova/nova/servicegroup/drivers/db.py:44}}
Apr 02 11:05:42.767014 np0000162877 nova-conductor[109731]: DEBUG nova.service [None req-fefaf0eb-85bc-4e66-9e49-1ea4d05b13e2 None None] Creating RPC server for service: nova-conductor on topic: conductor {{(pid=109731) start /opt/stack/nova/nova/service.py:195}}
Apr 02 11:05:42.768780 np0000162877 nova-conductor[109724]: DEBUG nova.service [None req-fc3aebe9-2c5c-4970-9ec2-d4986eea629d None None] Creating RPC server for service: nova-conductor on topic: conductor {{(pid=109724) start /opt/stack/nova/nova/service.py:195}}
Apr 02 11:05:42.771720 np0000162877 nova-conductor[109713]: DEBUG nova.service [None req-99056317-a932-4705-82a7-253a7cad2c41 None None] Creating RPC server for service: nova-conductor on topic: conductor {{(pid=109713) start /opt/stack/nova/nova/service.py:195}}
Apr 02 11:05:42.791128 np0000162877 nova-conductor[109731]: DEBUG nova.service [None req-fefaf0eb-85bc-4e66-9e49-1ea4d05b13e2 None None] Join ServiceGroup membership for this service conductor {{(pid=109731) start /opt/stack/nova/nova/service.py:221}}
Apr 02 11:05:42.791653 np0000162877 nova-conductor[109731]: DEBUG nova.servicegroup.drivers.db [None req-fefaf0eb-85bc-4e66-9e49-1ea4d05b13e2 None None] DB_Driver: join new ServiceGroup member np0000162877 to the conductor group, service = {{(pid=109731) join /opt/stack/nova/nova/servicegroup/drivers/db.py:44}}
Apr 02 11:05:42.796410 np0000162877 nova-conductor[109724]: DEBUG nova.service [None req-fc3aebe9-2c5c-4970-9ec2-d4986eea629d None None] Join ServiceGroup membership for this service conductor {{(pid=109724) start /opt/stack/nova/nova/service.py:221}}
Apr 02 11:05:42.796895 np0000162877 nova-conductor[109724]: DEBUG nova.servicegroup.drivers.db [None req-fc3aebe9-2c5c-4970-9ec2-d4986eea629d None None] DB_Driver: join new ServiceGroup member np0000162877 to the conductor group, service = {{(pid=109724) join /opt/stack/nova/nova/servicegroup/drivers/db.py:44}}
Apr 02 11:05:42.797140 np0000162877 nova-conductor[109713]: DEBUG nova.service [None req-99056317-a932-4705-82a7-253a7cad2c41 None None] Join ServiceGroup membership for this service conductor {{(pid=109713) start /opt/stack/nova/nova/service.py:221}}
Apr 02 11:05:42.797442 np0000162877 nova-conductor[109713]: DEBUG nova.servicegroup.drivers.db [None req-99056317-a932-4705-82a7-253a7cad2c41 None None] DB_Driver: join new ServiceGroup member np0000162877 to the conductor group, service = {{(pid=109713) join /opt/stack/nova/nova/servicegroup/drivers/db.py:44}}
Apr 02 11:05:47.685589 np0000162877 nova-conductor[109707]: DEBUG oslo.service.backend._threading.loopingcall [-] Fixed interval looping call 'nova.servicegroup.drivers.db.DbDriver._report_state' sleeping for 119.98 seconds {{(pid=109707) _run_loop /opt/stack/data/venv/lib/python3.12/site-packages/oslo_service/backend/_threading/loopingcall.py:125}}
Apr 02 11:05:47.804767 np0000162877 nova-conductor[109731]: DEBUG oslo.service.backend._threading.loopingcall [-] Fixed interval looping call 'nova.servicegroup.drivers.db.DbDriver._report_state' sleeping for 119.99 seconds {{(pid=109731) _run_loop /opt/stack/data/venv/lib/python3.12/site-packages/oslo_service/backend/_threading/loopingcall.py:125}}
Apr 02 11:05:47.811183 np0000162877 nova-conductor[109713]: DEBUG oslo.service.backend._threading.loopingcall [-] Fixed interval looping call 'nova.servicegroup.drivers.db.DbDriver._report_state' sleeping for 119.99 seconds {{(pid=109713) _run_loop /opt/stack/data/venv/lib/python3.12/site-packages/oslo_service/backend/_threading/loopingcall.py:125}}
Apr 02 11:05:47.813304 np0000162877 nova-conductor[109724]: DEBUG oslo.service.backend._threading.loopingcall [-] Fixed interval looping call 'nova.servicegroup.drivers.db.DbDriver._report_state' sleeping for 119.99 seconds {{(pid=109724) _run_loop /opt/stack/data/venv/lib/python3.12/site-packages/oslo_service/backend/_threading/loopingcall.py:125}}
Apr 02 11:05:51.126951 np0000162877 nova-conductor[108936]: DEBUG dbcounter [-] [108936] Writing DB stats nova_api:SELECT=1 {{(pid=108936) stat_writer /opt/stack/data/venv/lib/python3.12/site-packages/dbcounter.py:115}}
Apr 02 11:05:51.231992 np0000162877 nova-conductor[108936]: DEBUG dbcounter [-] [108936] Writing DB stats nova_cell0:SELECT=1 {{(pid=108936) stat_writer /opt/stack/data/venv/lib/python3.12/site-packages/dbcounter.py:115}}
Apr 02 11:05:51.238636 np0000162877 nova-conductor[108936]: DEBUG dbcounter [-] [108936] Writing DB stats nova_cell1:SELECT=1 {{(pid=108936) stat_writer /opt/stack/data/venv/lib/python3.12/site-packages/dbcounter.py:115}}
Apr 02 11:05:57.679970 np0000162877 nova-conductor[109707]: DEBUG dbcounter [-] [109707] Writing DB stats nova_cell0:SELECT=4,nova_cell0:INSERT=1,nova_cell0:UPDATE=1 {{(pid=109707) stat_writer /opt/stack/data/venv/lib/python3.12/site-packages/dbcounter.py:115}}
Apr 02 11:05:57.802670 np0000162877 nova-conductor[109731]: DEBUG dbcounter [-] [109731] Writing DB stats nova_cell0:SELECT=5,nova_cell0:INSERT=1 {{(pid=109731) stat_writer /opt/stack/data/venv/lib/python3.12/site-packages/dbcounter.py:115}}
Apr 02 11:05:57.808773 np0000162877 nova-conductor[109713]: DEBUG dbcounter [-] [109713] Writing DB stats nova_cell0:SELECT=5,nova_cell0:INSERT=1 {{(pid=109713) stat_writer /opt/stack/data/venv/lib/python3.12/site-packages/dbcounter.py:115}}
Apr 02 11:05:57.809296 np0000162877 nova-conductor[109724]: DEBUG dbcounter [-] [109724] Writing DB stats nova_cell0:SELECT=5,nova_cell0:INSERT=1 {{(pid=109724) stat_writer /opt/stack/data/venv/lib/python3.12/site-packages/dbcounter.py:115}}
Apr 02 11:06:10.799693 np0000162877 nova-conductor[109724]: DEBUG oslo.service.backend._threading.loopingcall [None req-e9f57051-4ce8-41a5-9531-ee730c3c40dd None None] Dynamic interval looping call 'nova.service.Service.periodic_tasks' sleeping for 60.00 seconds {{(pid=109724) _run_loop /opt/stack/data/venv/lib/python3.12/site-packages/oslo_service/backend/_threading/loopingcall.py:125}}
Apr 02 11:06:23.794428 np0000162877 nova-conductor[109731]: DEBUG oslo.service.backend._threading.loopingcall [None req-35f7a545-f246-4cb1-9764-0340fbb3e007 None None] Dynamic interval looping call 'nova.service.Service.periodic_tasks' sleeping for 60.00 seconds {{(pid=109731) _run_loop /opt/stack/data/venv/lib/python3.12/site-packages/oslo_service/backend/_threading/loopingcall.py:125}}
Apr 02 11:06:37.799984 np0000162877 nova-conductor[109713]: DEBUG oslo.service.backend._threading.loopingcall [None req-3f3122b4-b8de-416f-913d-bf57bd62652f None None] Dynamic interval looping call 'nova.service.Service.periodic_tasks' sleeping for 60.00 seconds {{(pid=109713) _run_loop /opt/stack/data/venv/lib/python3.12/site-packages/oslo_service/backend/_threading/loopingcall.py:125}}
Apr 02 11:06:41.676295 np0000162877 nova-conductor[109707]: DEBUG oslo.service.backend._threading.loopingcall [None req-b92d2083-12cb-445c-8ee9-c7c198301d98 None None] Dynamic interval looping call 'nova.service.Service.periodic_tasks' sleeping for 60.00 seconds {{(pid=109707) _run_loop /opt/stack/data/venv/lib/python3.12/site-packages/oslo_service/backend/_threading/loopingcall.py:125}}
Apr 02 11:07:10.800606 np0000162877 nova-conductor[109724]: DEBUG oslo.service.backend._threading.loopingcall [None req-e9f57051-4ce8-41a5-9531-ee730c3c40dd None None] Dynamic interval looping call 'nova.service.Service.periodic_tasks' sleeping for 60.00 seconds {{(pid=109724) _run_loop /opt/stack/data/venv/lib/python3.12/site-packages/oslo_service/backend/_threading/loopingcall.py:125}}
Apr 02 11:07:23.795345 np0000162877 nova-conductor[109731]: DEBUG oslo.service.backend._threading.loopingcall [None req-35f7a545-f246-4cb1-9764-0340fbb3e007 None None] Dynamic interval looping call 'nova.service.Service.periodic_tasks' sleeping for 60.00 seconds {{(pid=109731) _run_loop /opt/stack/data/venv/lib/python3.12/site-packages/oslo_service/backend/_threading/loopingcall.py:125}}
Apr 02 11:07:37.800737 np0000162877 nova-conductor[109713]: DEBUG oslo.service.backend._threading.loopingcall [None req-3f3122b4-b8de-416f-913d-bf57bd62652f None None] Dynamic interval looping call 'nova.service.Service.periodic_tasks' sleeping for 60.00 seconds {{(pid=109713) _run_loop /opt/stack/data/venv/lib/python3.12/site-packages/oslo_service/backend/_threading/loopingcall.py:125}}
Apr 02 11:07:41.677130 np0000162877 nova-conductor[109707]: DEBUG oslo.service.backend._threading.loopingcall [None req-b92d2083-12cb-445c-8ee9-c7c198301d98 None None] Dynamic interval looping call 'nova.service.Service.periodic_tasks' sleeping for 60.00 seconds {{(pid=109707) _run_loop /opt/stack/data/venv/lib/python3.12/site-packages/oslo_service/backend/_threading/loopingcall.py:125}}
Apr 02 11:07:47.678239 np0000162877 nova-conductor[109707]: DEBUG oslo.service.backend._threading.loopingcall [-] Fixed interval looping call 'nova.servicegroup.drivers.db.DbDriver._report_state' sleeping for 119.99 seconds {{(pid=109707) _run_loop /opt/stack/data/venv/lib/python3.12/site-packages/oslo_service/backend/_threading/loopingcall.py:125}}
Apr 02 11:07:47.799135 np0000162877 nova-conductor[109731]: DEBUG oslo.service.backend._threading.loopingcall [-] Fixed interval looping call 'nova.servicegroup.drivers.db.DbDriver._report_state' sleeping for 120.00 seconds {{(pid=109731) _run_loop /opt/stack/data/venv/lib/python3.12/site-packages/oslo_service/backend/_threading/loopingcall.py:125}}
Apr 02 11:07:47.806372 np0000162877 nova-conductor[109713]: DEBUG oslo.service.backend._threading.loopingcall [-] Fixed interval looping call 'nova.servicegroup.drivers.db.DbDriver._report_state' sleeping for 120.00 seconds {{(pid=109713) _run_loop /opt/stack/data/venv/lib/python3.12/site-packages/oslo_service/backend/_threading/loopingcall.py:125}}
Apr 02 11:07:47.808288 np0000162877 nova-conductor[109724]: DEBUG oslo.service.backend._threading.loopingcall [-] Fixed interval looping call 'nova.servicegroup.drivers.db.DbDriver._report_state' sleeping for 120.00 seconds {{(pid=109724) _run_loop /opt/stack/data/venv/lib/python3.12/site-packages/oslo_service/backend/_threading/loopingcall.py:125}}
Apr 02 11:07:57.671109 np0000162877 nova-conductor[109707]: DEBUG dbcounter [-] [109707] Writing DB stats nova_cell0:SELECT=1,nova_cell0:UPDATE=1 {{(pid=109707) stat_writer /opt/stack/data/venv/lib/python3.12/site-packages/dbcounter.py:115}}
Apr 02 11:07:57.797208 np0000162877 nova-conductor[109731]: DEBUG dbcounter [-] [109731] Writing DB stats nova_cell0:SELECT=1 {{(pid=109731) stat_writer /opt/stack/data/venv/lib/python3.12/site-packages/dbcounter.py:115}}
Apr 02 11:07:57.803770 np0000162877 nova-conductor[109713]: DEBUG dbcounter [-] [109713] Writing DB stats nova_cell0:SELECT=1 {{(pid=109713) stat_writer /opt/stack/data/venv/lib/python3.12/site-packages/dbcounter.py:115}}
Apr 02 11:07:57.805886 np0000162877 nova-conductor[109724]: DEBUG dbcounter [-] [109724] Writing DB stats nova_cell0:SELECT=1 {{(pid=109724) stat_writer /opt/stack/data/venv/lib/python3.12/site-packages/dbcounter.py:115}}
Apr 02 11:08:10.800990 np0000162877 nova-conductor[109724]: DEBUG oslo.service.backend._threading.loopingcall [None req-e9f57051-4ce8-41a5-9531-ee730c3c40dd None None] Dynamic interval looping call 'nova.service.Service.periodic_tasks' sleeping for 60.00 seconds {{(pid=109724) _run_loop /opt/stack/data/venv/lib/python3.12/site-packages/oslo_service/backend/_threading/loopingcall.py:125}}
Apr 02 11:08:23.796066 np0000162877 nova-conductor[109731]: DEBUG oslo.service.backend._threading.loopingcall [None req-35f7a545-f246-4cb1-9764-0340fbb3e007 None None] Dynamic interval looping call 'nova.service.Service.periodic_tasks' sleeping for 60.00 seconds {{(pid=109731) _run_loop /opt/stack/data/venv/lib/python3.12/site-packages/oslo_service/backend/_threading/loopingcall.py:125}}
Apr 02 11:08:37.801529 np0000162877 nova-conductor[109713]: DEBUG oslo.service.backend._threading.loopingcall [None req-3f3122b4-b8de-416f-913d-bf57bd62652f None None] Dynamic interval looping call 'nova.service.Service.periodic_tasks' sleeping for 60.00 seconds {{(pid=109713) _run_loop /opt/stack/data/venv/lib/python3.12/site-packages/oslo_service/backend/_threading/loopingcall.py:125}}
Apr 02 11:08:41.677921 np0000162877 nova-conductor[109707]: DEBUG oslo.service.backend._threading.loopingcall [None req-b92d2083-12cb-445c-8ee9-c7c198301d98 None None] Dynamic interval looping call 'nova.service.Service.periodic_tasks' sleeping for 60.00 seconds {{(pid=109707) _run_loop /opt/stack/data/venv/lib/python3.12/site-packages/oslo_service/backend/_threading/loopingcall.py:125}}
Apr 02 11:09:10.802138 np0000162877 nova-conductor[109724]: DEBUG oslo.service.backend._threading.loopingcall [None req-e9f57051-4ce8-41a5-9531-ee730c3c40dd None None] Dynamic interval looping call 'nova.service.Service.periodic_tasks' sleeping for 60.00 seconds {{(pid=109724) _run_loop /opt/stack/data/venv/lib/python3.12/site-packages/oslo_service/backend/_threading/loopingcall.py:125}}
Apr 02 11:09:23.796839 np0000162877 nova-conductor[109731]: DEBUG oslo.service.backend._threading.loopingcall [None req-35f7a545-f246-4cb1-9764-0340fbb3e007 None None] Dynamic interval looping call 'nova.service.Service.periodic_tasks' sleeping for 60.00 seconds {{(pid=109731) _run_loop /opt/stack/data/venv/lib/python3.12/site-packages/oslo_service/backend/_threading/loopingcall.py:125}}
Apr 02 11:09:37.802371 np0000162877 nova-conductor[109713]: DEBUG oslo.service.backend._threading.loopingcall [None req-3f3122b4-b8de-416f-913d-bf57bd62652f None None] Dynamic interval looping call 'nova.service.Service.periodic_tasks' sleeping for 60.00 seconds {{(pid=109713) _run_loop /opt/stack/data/venv/lib/python3.12/site-packages/oslo_service/backend/_threading/loopingcall.py:125}}
Apr 02 11:09:41.678950 np0000162877 nova-conductor[109707]: DEBUG oslo.service.backend._threading.loopingcall [None req-b92d2083-12cb-445c-8ee9-c7c198301d98 None None] Dynamic interval looping call 'nova.service.Service.periodic_tasks' sleeping for 60.00 seconds {{(pid=109707) _run_loop /opt/stack/data/venv/lib/python3.12/site-packages/oslo_service/backend/_threading/loopingcall.py:125}}
Apr 02 11:09:47.679842 np0000162877 nova-conductor[109707]: DEBUG oslo.service.backend._threading.loopingcall [-] Fixed interval looping call 'nova.servicegroup.drivers.db.DbDriver._report_state' sleeping for 119.99 seconds {{(pid=109707) _run_loop /opt/stack/data/venv/lib/python3.12/site-packages/oslo_service/backend/_threading/loopingcall.py:125}}
Apr 02 11:09:47.803779 np0000162877 nova-conductor[109731]: DEBUG oslo.service.backend._threading.loopingcall [-] Fixed interval looping call 'nova.servicegroup.drivers.db.DbDriver._report_state' sleeping for 120.00 seconds {{(pid=109731) _run_loop /opt/stack/data/venv/lib/python3.12/site-packages/oslo_service/backend/_threading/loopingcall.py:125}}
Apr 02 11:09:47.811733 np0000162877 nova-conductor[109713]: DEBUG oslo.service.backend._threading.loopingcall [-] Fixed interval looping call 'nova.servicegroup.drivers.db.DbDriver._report_state' sleeping for 120.00 seconds {{(pid=109713) _run_loop /opt/stack/data/venv/lib/python3.12/site-packages/oslo_service/backend/_threading/loopingcall.py:125}}
Apr 02 11:09:47.813319 np0000162877 nova-conductor[109724]: DEBUG oslo.service.backend._threading.loopingcall [-] Fixed interval looping call 'nova.servicegroup.drivers.db.DbDriver._report_state' sleeping for 120.00 seconds {{(pid=109724) _run_loop /opt/stack/data/venv/lib/python3.12/site-packages/oslo_service/backend/_threading/loopingcall.py:125}}
Apr 02 11:09:57.672874 np0000162877 nova-conductor[109707]: DEBUG dbcounter [-] [109707] Writing DB stats nova_cell0:SELECT=1,nova_cell0:UPDATE=1 {{(pid=109707) stat_writer /opt/stack/data/venv/lib/python3.12/site-packages/dbcounter.py:115}}
Apr 02 11:09:57.801850 np0000162877 nova-conductor[109731]: DEBUG dbcounter [-] [109731] Writing DB stats nova_cell0:SELECT=1 {{(pid=109731) stat_writer /opt/stack/data/venv/lib/python3.12/site-packages/dbcounter.py:115}}
Apr 02 11:09:57.809236 np0000162877 nova-conductor[109713]: DEBUG dbcounter [-] [109713] Writing DB stats nova_cell0:SELECT=1 {{(pid=109713) stat_writer /opt/stack/data/venv/lib/python3.12/site-packages/dbcounter.py:115}}
Apr 02 11:09:57.810669 np0000162877 nova-conductor[109724]: DEBUG dbcounter [-] [109724] Writing DB stats nova_cell0:SELECT=1 {{(pid=109724) stat_writer /opt/stack/data/venv/lib/python3.12/site-packages/dbcounter.py:115}}
