Jun 22 12:08:04.383339 np0000182463 devstack@neutron-api.service[103854]: DEBUG neutron.api.extensions [None req-5485f9f8-c65a-46e2-ac96-ead348ceb6a7 None None] Ext name="Address scope" alias="address-scope" description="Address scopes extension." updated="2015-07-26T10:00:00-00:00" {{(pid=103854) _check_extension /opt/stack/neutron/neutron/api/extensions.py:415}}
Jun 22 12:08:04.383519 np0000182463 devstack@neutron-api.service[103855]: DEBUG neutron_lib.callbacks.manager [None req-85d8df5b-a0fd-4c23-8b68-c2cd79b2b26f None None] Subscribe: > qos_plugin after_init 55550000, False {{(pid=103855) subscribe /opt/stack/data/venv/lib/python3.12/site-packages/neutron_lib/callbacks/manager.py:52}}
Jun 22 12:08:04.383548 np0000182463 devstack@neutron-api.service[103854]: INFO neutron.api.extensions [None req-5485f9f8-c65a-46e2-ac96-ead348ceb6a7 None None] Loaded extension: address-scope
Jun 22 12:08:04.383631 np0000182463 devstack@neutron-api.service[103854]: DEBUG neutron.api.extensions [None req-5485f9f8-c65a-46e2-ac96-ead348ceb6a7 None None] Loading extension file: admin_state_down_before_update.py {{(pid=103854) _load_all_extensions_from_path /opt/stack/neutron/neutron/api/extensions.py:449}}
Jun 22 12:08:04.383735 np0000182463 devstack@neutron-api.service[103855]: DEBUG neutron_lib.callbacks.manager [None req-85d8df5b-a0fd-4c23-8b68-c2cd79b2b26f None None] Subscribe: > trunk_plugin after_init 55550000, False {{(pid=103855) subscribe /opt/stack/data/venv/lib/python3.12/site-packages/neutron_lib/callbacks/manager.py:52}}
Jun 22 12:08:04.383765 np0000182463 devstack@neutron-api.service[103857]: DEBUG neutron.manager [None req-d287ad0c-5f30-442b-8772-8d7f2ab708b3 None None] Successfully loaded revision_plugin plugin. Description: Adds revision numbers to resources. {{(pid=103857) _create_and_add_service_plugin /opt/stack/neutron/neutron/manager.py:236}}
Jun 22 12:08:04.383850 np0000182463 devstack@neutron-api.service[103857]: DEBUG oslo_concurrency.lockutils [None req-d287ad0c-5f30-442b-8772-8d7f2ab708b3 None None] Lock "manager" "released" by "neutron.manager.NeutronManager._create_instance" :: held 4.713s {{(pid=103857) inner /opt/stack/data/venv/lib/python3.12/site-packages/oslo_concurrency/lockutils.py:543}}
Jun 22 12:08:04.383876 np0000182463 devstack@neutron-api.service[103854]: DEBUG neutron.api.extensions [None req-5485f9f8-c65a-46e2-ac96-ead348ceb6a7 None None] Ext name="Enforce Router's Admin State Down Before Update Extension" alias="router-admin-state-down-before-update" description="Ensure that the admin state of a router is DOWN (admin_state_up=False) before updating the distributed attribute" updated="2019-07-02T15:56:00" {{(pid=103854) _check_extension /opt/stack/neutron/neutron/api/extensions.py:415}}
Jun 22 12:08:04.383907 np0000182463 devstack@neutron-api.service[103855]: DEBUG neutron_lib.callbacks.manager [None req-85d8df5b-a0fd-4c23-8b68-c2cd79b2b26f None None] Subscribe: > logging-plugin after_init 55550000, False {{(pid=103855) subscribe /opt/stack/data/venv/lib/python3.12/site-packages/neutron_lib/callbacks/manager.py:52}}
Jun 22 12:08:04.384041 np0000182463 devstack@neutron-api.service[103857]: DEBUG neutron.api.extensions [None req-d287ad0c-5f30-442b-8772-8d7f2ab708b3 None None] get_extension_paths = OrderedDict({'/opt/stack/neutron/neutron/extensions': 1}) {{(pid=103857) get_extensions_path /opt/stack/neutron/neutron/api/extensions.py:640}}
Jun 22 12:08:04.384073 np0000182463 devstack@neutron-api.service[103854]: INFO neutron.api.extensions [None req-5485f9f8-c65a-46e2-ac96-ead348ceb6a7 None None] Extension router-admin-state-down-before-update not supported by any of loaded plugins
Jun 22 12:08:04.384120 np0000182463 devstack@neutron-api.service[103857]: INFO neutron.api.extensions [None req-d287ad0c-5f30-442b-8772-8d7f2ab708b3 None None] Initializing extension manager.
Jun 22 12:08:04.384150 np0000182463 devstack@neutron-api.service[103854]: DEBUG neutron.api.extensions [None req-5485f9f8-c65a-46e2-ac96-ead348ceb6a7 None None] Loading extension file: agent.py {{(pid=103854) _load_all_extensions_from_path /opt/stack/neutron/neutron/api/extensions.py:449}}
Jun 22 12:08:04.384376 np0000182463 devstack@neutron-api.service[103855]: INFO neutron.services.logapi.drivers.ovn.driver [None req-85d8df5b-a0fd-4c23-8b68-c2cd79b2b26f None None] OVN logging driver registered
Jun 22 12:08:04.384409 np0000182463 devstack@neutron-api.service[103857]: DEBUG neutron.api.extensions [None req-d287ad0c-5f30-442b-8772-8d7f2ab708b3 None None] Loading extension file: __init__.py {{(pid=103857) _load_all_extensions_from_path /opt/stack/neutron/neutron/api/extensions.py:449}}
Jun 22 12:08:04.384469 np0000182463 devstack@neutron-api.service[103854]: DEBUG neutron.api.extensions [None req-5485f9f8-c65a-46e2-ac96-ead348ceb6a7 None None] Ext name="agent" alias="agent" description="The agent management extension." updated="2013-02-03T10:00:00-00:00" {{(pid=103854) _check_extension /opt/stack/neutron/neutron/api/extensions.py:415}}
Jun 22 12:08:04.384495 np0000182463 devstack@neutron-api.service[103857]: DEBUG neutron.api.extensions [None req-d287ad0c-5f30-442b-8772-8d7f2ab708b3 None None] Loading extension file: __pycache__ {{(pid=103857) _load_all_extensions_from_path /opt/stack/neutron/neutron/api/extensions.py:449}}
Jun 22 12:08:04.384527 np0000182463 devstack@neutron-api.service[103855]: DEBUG neutron_lib.callbacks.manager [None req-85d8df5b-a0fd-4c23-8b68-c2cd79b2b26f None None] Subscribe: ._register_pvlan_driver at 0x7d2aa3eddd00> pvlan_plugin before_spawn 55550000, False {{(pid=103855) subscribe /opt/stack/data/venv/lib/python3.12/site-packages/neutron_lib/callbacks/manager.py:52}}
Jun 22 12:08:04.384611 np0000182463 devstack@neutron-api.service[103857]: DEBUG neutron.api.extensions [None req-d287ad0c-5f30-442b-8772-8d7f2ab708b3 None None] Loading extension file: aap_reject_multicast.py {{(pid=103857) _load_all_extensions_from_path /opt/stack/neutron/neutron/api/extensions.py:449}}
Jun 22 12:08:04.384671 np0000182463 devstack@neutron-api.service[103855]: DEBUG neutron_lib.callbacks.manager [None req-85d8df5b-a0fd-4c23-8b68-c2cd79b2b26f None None] Subscribe: process after_init 55550000, False {{(pid=103855) subscribe /opt/stack/data/venv/lib/python3.12/site-packages/neutron_lib/callbacks/manager.py:52}}
Jun 22 12:08:04.384697 np0000182463 devstack@neutron-api.service[103854]: INFO neutron.api.extensions [None req-5485f9f8-c65a-46e2-ac96-ead348ceb6a7 None None] Loaded extension: agent
Jun 22 12:08:04.384697 np0000182463 devstack@neutron-api.service[103854]: DEBUG neutron.api.extensions [None req-5485f9f8-c65a-46e2-ac96-ead348ceb6a7 None None] Loading extension file: agent_resources_synced.py {{(pid=103854) _load_all_extensions_from_path /opt/stack/neutron/neutron/api/extensions.py:449}}
Jun 22 12:08:04.384831 np0000182463 devstack@neutron-api.service[103857]: DEBUG neutron.api.extensions [None req-d287ad0c-5f30-442b-8772-8d7f2ab708b3 None None] Ext name="Allowed address pairs reject multicast extension" alias="aap-reject-multicast" description="Reject multicast addresses in Allowed Address Pairs" updated="2026-04-01T00:00:00-00:00" {{(pid=103857) _check_extension /opt/stack/neutron/neutron/api/extensions.py:415}}
Jun 22 12:08:04.384963 np0000182463 devstack@neutron-api.service[103854]: DEBUG neutron.api.extensions [None req-5485f9f8-c65a-46e2-ac96-ead348ceb6a7 None None] Ext name="Agent's Resource View Synced to Placement" alias="agent-resources-synced" description="Stores success/failure of last sync to Placement" updated="2018-12-19T00:00:00-00:00" {{(pid=103854) _check_extension /opt/stack/neutron/neutron/api/extensions.py:415}}
Jun 22 12:08:04.385050 np0000182463 devstack@neutron-api.service[103857]: INFO neutron.api.extensions [None req-d287ad0c-5f30-442b-8772-8d7f2ab708b3 None None] Extension aap-reject-multicast not supported by any of loaded plugins
Jun 22 12:08:04.385168 np0000182463 devstack@neutron-api.service[103857]: DEBUG neutron.api.extensions [None req-d287ad0c-5f30-442b-8772-8d7f2ab708b3 None None] Loading extension file: address_group.py {{(pid=103857) _load_all_extensions_from_path /opt/stack/neutron/neutron/api/extensions.py:449}}
Jun 22 12:08:04.385254 np0000182463 devstack@neutron-api.service[103854]: INFO neutron.api.extensions [None req-5485f9f8-c65a-46e2-ac96-ead348ceb6a7 None None] Extension agent-resources-synced not supported by any of loaded plugins
Jun 22 12:08:04.385254 np0000182463 devstack@neutron-api.service[103854]: DEBUG neutron.api.extensions [None req-5485f9f8-c65a-46e2-ac96-ead348ceb6a7 None None] Loading extension file: agent_sort_key.py {{(pid=103854) _load_all_extensions_from_path /opt/stack/neutron/neutron/api/extensions.py:449}}
Jun 22 12:08:04.385442 np0000182463 devstack@neutron-api.service[103857]: DEBUG neutron.api.extensions [None req-d287ad0c-5f30-442b-8772-8d7f2ab708b3 None None] Ext name="Address group" alias="address-group" description="Support address group" updated="2020-07-15T10:00:00-00:00" {{(pid=103857) _check_extension /opt/stack/neutron/neutron/api/extensions.py:415}}
Jun 22 12:08:04.385477 np0000182463 devstack@neutron-api.service[103854]: DEBUG neutron.api.extensions [None req-5485f9f8-c65a-46e2-ac96-ead348ceb6a7 None None] Ext name="Agents Sort Key" alias="agent_sort_key" description="Enabling the keyword sort_key for sorting in agents." updated="2013-02-03T10:00:00-00:00" {{(pid=103854) _check_extension /opt/stack/neutron/neutron/api/extensions.py:415}}
Jun 22 12:08:04.385711 np0000182463 devstack@neutron-api.service[103857]: INFO neutron.api.extensions [None req-d287ad0c-5f30-442b-8772-8d7f2ab708b3 None None] Loaded extension: address-group
Jun 22 12:08:04.385740 np0000182463 devstack@neutron-api.service[103854]: INFO neutron.api.extensions [None req-5485f9f8-c65a-46e2-ac96-ead348ceb6a7 None None] Extension agent_sort_key not supported by any of loaded plugins
Jun 22 12:08:04.385767 np0000182463 devstack@neutron-api.service[103857]: DEBUG neutron.api.extensions [None req-d287ad0c-5f30-442b-8772-8d7f2ab708b3 None None] Loading extension file: address_scope.py {{(pid=103857) _load_all_extensions_from_path /opt/stack/neutron/neutron/api/extensions.py:449}}
Jun 22 12:08:04.385793 np0000182463 devstack@neutron-api.service[103854]: DEBUG neutron.api.extensions [None req-5485f9f8-c65a-46e2-ac96-ead348ceb6a7 None None] Loading extension file: allowedaddresspairs.py {{(pid=103854) _load_all_extensions_from_path /opt/stack/neutron/neutron/api/extensions.py:449}}
Jun 22 12:08:04.386058 np0000182463 devstack@neutron-api.service[103857]: DEBUG neutron.api.extensions [None req-d287ad0c-5f30-442b-8772-8d7f2ab708b3 None None] Ext name="Address scope" alias="address-scope" description="Address scopes extension." updated="2015-07-26T10:00:00-00:00" {{(pid=103857) _check_extension /opt/stack/neutron/neutron/api/extensions.py:415}}
Jun 22 12:08:04.386133 np0000182463 devstack@neutron-api.service[103855]: DEBUG neutron.plugins.ml2.plugin [None req-85d8df5b-a0fd-4c23-8b68-c2cd79b2b26f None None] neutron.plugins.ml2.plugin.Ml2Plugin method _start_rpc_notifiers called with arguments () {} {{(pid=103855) wrapper /opt/stack/data/venv/lib/python3.12/site-packages/oslo_log/helpers.py:77}}
Jun 22 12:08:04.386228 np0000182463 devstack@neutron-api.service[103857]: INFO neutron.api.extensions [None req-d287ad0c-5f30-442b-8772-8d7f2ab708b3 None None] Loaded extension: address-scope
Jun 22 12:08:04.386333 np0000182463 devstack@neutron-api.service[103857]: DEBUG neutron.api.extensions [None req-d287ad0c-5f30-442b-8772-8d7f2ab708b3 None None] Loading extension file: admin_state_down_before_update.py {{(pid=103857) _load_all_extensions_from_path /opt/stack/neutron/neutron/api/extensions.py:449}}
Jun 22 12:08:04.386407 np0000182463 devstack@neutron-api.service[103855]: DEBUG neutron_lib.callbacks.manager [None req-85d8df5b-a0fd-4c23-8b68-c2cd79b2b26f None None] Subscribe: > port after_create 55550000, False {{(pid=103855) subscribe /opt/stack/data/venv/lib/python3.12/site-packages/neutron_lib/callbacks/manager.py:52}}
Jun 22 12:08:04.386443 np0000182463 devstack@neutron-api.service[103854]: DEBUG neutron.api.extensions [None req-5485f9f8-c65a-46e2-ac96-ead348ceb6a7 None None] Ext name="Allowed Address Pairs" alias="allowed-address-pairs" description="Provides allowed address pairs" updated="2013-07-23T10:00:00-00:00" {{(pid=103854) _check_extension /opt/stack/neutron/neutron/api/extensions.py:415}}
Jun 22 12:08:04.386549 np0000182463 devstack@neutron-api.service[103855]: DEBUG neutron_lib.callbacks.manager [None req-85d8df5b-a0fd-4c23-8b68-c2cd79b2b26f None None] Subscribe: > port after_update 55550000, False {{(pid=103855) subscribe /opt/stack/data/venv/lib/python3.12/site-packages/neutron_lib/callbacks/manager.py:52}}
Jun 22 12:08:04.386600 np0000182463 devstack@neutron-api.service[103857]: DEBUG neutron.api.extensions [None req-d287ad0c-5f30-442b-8772-8d7f2ab708b3 None None] Ext name="Enforce Router's Admin State Down Before Update Extension" alias="router-admin-state-down-before-update" description="Ensure that the admin state of a router is DOWN (admin_state_up=False) before updating the distributed attribute" updated="2019-07-02T15:56:00" {{(pid=103857) _check_extension /opt/stack/neutron/neutron/api/extensions.py:415}}
Jun 22 12:08:04.386649 np0000182463 devstack@neutron-api.service[103855]: DEBUG neutron_lib.callbacks.manager [None req-85d8df5b-a0fd-4c23-8b68-c2cd79b2b26f None None] Subscribe: > port after_delete 55550000, False {{(pid=103855) subscribe /opt/stack/data/venv/lib/python3.12/site-packages/neutron_lib/callbacks/manager.py:52}}
Jun 22 12:08:04.386679 np0000182463 devstack@neutron-api.service[103854]: INFO neutron.api.extensions [None req-5485f9f8-c65a-46e2-ac96-ead348ceb6a7 None None] Loaded extension: allowed-address-pairs
Jun 22 12:08:04.386762 np0000182463 devstack@neutron-api.service[103857]: INFO neutron.api.extensions [None req-d287ad0c-5f30-442b-8772-8d7f2ab708b3 None None] Extension router-admin-state-down-before-update not supported by any of loaded plugins
Jun 22 12:08:04.386791 np0000182463 devstack@neutron-api.service[103855]: DEBUG neutron_lib.callbacks.manager [None req-85d8df5b-a0fd-4c23-8b68-c2cd79b2b26f None None] Subscribe: > subnet after_create 55550000, False {{(pid=103855) subscribe /opt/stack/data/venv/lib/python3.12/site-packages/neutron_lib/callbacks/manager.py:52}}
Jun 22 12:08:04.386817 np0000182463 devstack@neutron-api.service[103854]: DEBUG neutron.api.extensions [None req-5485f9f8-c65a-46e2-ac96-ead348ceb6a7 None None] Loading extension file: auto_allocated_topology.py {{(pid=103854) _load_all_extensions_from_path /opt/stack/neutron/neutron/api/extensions.py:449}}
Jun 22 12:08:04.386845 np0000182463 devstack@neutron-api.service[103857]: DEBUG neutron.api.extensions [None req-d287ad0c-5f30-442b-8772-8d7f2ab708b3 None None] Loading extension file: agent.py {{(pid=103857) _load_all_extensions_from_path /opt/stack/neutron/neutron/api/extensions.py:449}}
Jun 22 12:08:04.386876 np0000182463 devstack@neutron-api.service[103855]: DEBUG neutron_lib.callbacks.manager [None req-85d8df5b-a0fd-4c23-8b68-c2cd79b2b26f None None] Subscribe: > subnet after_update 55550000, False {{(pid=103855) subscribe /opt/stack/data/venv/lib/python3.12/site-packages/neutron_lib/callbacks/manager.py:52}}
Jun 22 12:08:04.386960 np0000182463 devstack@neutron-api.service[103855]: DEBUG neutron_lib.callbacks.manager [None req-85d8df5b-a0fd-4c23-8b68-c2cd79b2b26f None None] Subscribe: > subnet after_delete 55550000, False {{(pid=103855) subscribe /opt/stack/data/venv/lib/python3.12/site-packages/neutron_lib/callbacks/manager.py:52}}
Jun 22 12:08:04.387042 np0000182463 devstack@neutron-api.service[103854]: DEBUG neutron.api.extensions [None req-5485f9f8-c65a-46e2-ac96-ead348ceb6a7 None None] Ext name="Auto Allocated Topology Services" alias="auto-allocated-topology" description="Auto Allocated Topology Services." updated="2016-01-01T00:00:00-00:00" {{(pid=103854) _check_extension /opt/stack/neutron/neutron/api/extensions.py:415}}
Jun 22 12:08:04.387076 np0000182463 devstack@neutron-api.service[103855]: DEBUG neutron_lib.callbacks.manager [None req-85d8df5b-a0fd-4c23-8b68-c2cd79b2b26f None None] Subscribe: > network after_create 55550000, False {{(pid=103855) subscribe /opt/stack/data/venv/lib/python3.12/site-packages/neutron_lib/callbacks/manager.py:52}}
Jun 22 12:08:04.387108 np0000182463 devstack@neutron-api.service[103857]: DEBUG neutron.api.extensions [None req-d287ad0c-5f30-442b-8772-8d7f2ab708b3 None None] Ext name="agent" alias="agent" description="The agent management extension." updated="2013-02-03T10:00:00-00:00" {{(pid=103857) _check_extension /opt/stack/neutron/neutron/api/extensions.py:415}}
Jun 22 12:08:04.387164 np0000182463 devstack@neutron-api.service[103855]: DEBUG neutron_lib.callbacks.manager [None req-85d8df5b-a0fd-4c23-8b68-c2cd79b2b26f None None] Subscribe: > network after_update 55550000, False {{(pid=103855) subscribe /opt/stack/data/venv/lib/python3.12/site-packages/neutron_lib/callbacks/manager.py:52}}
Jun 22 12:08:04.387219 np0000182463 devstack@neutron-api.service[103854]: INFO neutron.api.extensions [None req-5485f9f8-c65a-46e2-ac96-ead348ceb6a7 None None] Loaded extension: auto-allocated-topology
Jun 22 12:08:04.387253 np0000182463 devstack@neutron-api.service[103855]: DEBUG neutron_lib.callbacks.manager [None req-85d8df5b-a0fd-4c23-8b68-c2cd79b2b26f None None] Subscribe: > network after_delete 55550000, False {{(pid=103855) subscribe /opt/stack/data/venv/lib/python3.12/site-packages/neutron_lib/callbacks/manager.py:52}}
Jun 22 12:08:04.387308 np0000182463 devstack@neutron-api.service[103857]: INFO neutron.api.extensions [None req-d287ad0c-5f30-442b-8772-8d7f2ab708b3 None None] Loaded extension: agent
Jun 22 12:08:04.387365 np0000182463 devstack@neutron-api.service[103854]: DEBUG neutron.api.extensions [None req-5485f9f8-c65a-46e2-ac96-ead348ceb6a7 None None] Loading extension file: availability_zone.py {{(pid=103854) _load_all_extensions_from_path /opt/stack/neutron/neutron/api/extensions.py:449}}
Jun 22 12:08:04.387400 np0000182463 devstack@neutron-api.service[103855]: DEBUG neutron_lib.callbacks.manager [None req-85d8df5b-a0fd-4c23-8b68-c2cd79b2b26f None None] Subscribe: > security_group after_create 55550000, False {{(pid=103855) subscribe /opt/stack/data/venv/lib/python3.12/site-packages/neutron_lib/callbacks/manager.py:52}}
Jun 22 12:08:04.387429 np0000182463 devstack@neutron-api.service[103857]: DEBUG neutron.api.extensions [None req-d287ad0c-5f30-442b-8772-8d7f2ab708b3 None None] Loading extension file: agent_resources_synced.py {{(pid=103857) _load_all_extensions_from_path /opt/stack/neutron/neutron/api/extensions.py:449}}
Jun 22 12:08:04.387456 np0000182463 devstack@neutron-api.service[103855]: DEBUG neutron_lib.callbacks.manager [None req-85d8df5b-a0fd-4c23-8b68-c2cd79b2b26f None None] Subscribe: > security_group after_update 55550000, False {{(pid=103855) subscribe /opt/stack/data/venv/lib/python3.12/site-packages/neutron_lib/callbacks/manager.py:52}}
Jun 22 12:08:04.387544 np0000182463 devstack@neutron-api.service[103855]: DEBUG neutron_lib.callbacks.manager [None req-85d8df5b-a0fd-4c23-8b68-c2cd79b2b26f None None] Subscribe: > security_group after_delete 55550000, False {{(pid=103855) subscribe /opt/stack/data/venv/lib/python3.12/site-packages/neutron_lib/callbacks/manager.py:52}}
Jun 22 12:08:04.387588 np0000182463 devstack@neutron-api.service[103857]: DEBUG neutron.api.extensions [None req-d287ad0c-5f30-442b-8772-8d7f2ab708b3 None None] Ext name="Agent's Resource View Synced to Placement" alias="agent-resources-synced" description="Stores success/failure of last sync to Placement" updated="2018-12-19T00:00:00-00:00" {{(pid=103857) _check_extension /opt/stack/neutron/neutron/api/extensions.py:415}}
Jun 22 12:08:04.387629 np0000182463 devstack@neutron-api.service[103855]: DEBUG neutron_lib.callbacks.manager [None req-85d8df5b-a0fd-4c23-8b68-c2cd79b2b26f None None] Subscribe: > security_group_rule after_create 55550000, False {{(pid=103855) subscribe /opt/stack/data/venv/lib/python3.12/site-packages/neutron_lib/callbacks/manager.py:52}}
Jun 22 12:08:04.387673 np0000182463 devstack@neutron-api.service[103854]: DEBUG neutron.api.extensions [None req-5485f9f8-c65a-46e2-ac96-ead348ceb6a7 None None] Ext name="Availability Zone" alias="availability_zone" description="The availability zone extension." updated="2015-01-01T10:00:00-00:00" {{(pid=103854) _check_extension /opt/stack/neutron/neutron/api/extensions.py:415}}
Jun 22 12:08:04.387728 np0000182463 devstack@neutron-api.service[103855]: DEBUG neutron_lib.callbacks.manager [None req-85d8df5b-a0fd-4c23-8b68-c2cd79b2b26f None None] Subscribe: > security_group_rule after_update 55550000, False {{(pid=103855) subscribe /opt/stack/data/venv/lib/python3.12/site-packages/neutron_lib/callbacks/manager.py:52}}
Jun 22 12:08:04.387764 np0000182463 devstack@neutron-api.service[103857]: INFO neutron.api.extensions [None req-d287ad0c-5f30-442b-8772-8d7f2ab708b3 None None] Extension agent-resources-synced not supported by any of loaded plugins
Jun 22 12:08:04.387823 np0000182463 devstack@neutron-api.service[103855]: DEBUG neutron_lib.callbacks.manager [None req-85d8df5b-a0fd-4c23-8b68-c2cd79b2b26f None None] Subscribe: > security_group_rule after_delete 55550000, False {{(pid=103855) subscribe /opt/stack/data/venv/lib/python3.12/site-packages/neutron_lib/callbacks/manager.py:52}}
Jun 22 12:08:04.387852 np0000182463 devstack@neutron-api.service[103854]: INFO neutron.api.extensions [None req-5485f9f8-c65a-46e2-ac96-ead348ceb6a7 None None] Loaded extension: availability_zone
Jun 22 12:08:04.387883 np0000182463 devstack@neutron-api.service[103857]: DEBUG neutron.api.extensions [None req-d287ad0c-5f30-442b-8772-8d7f2ab708b3 None None] Loading extension file: agent_sort_key.py {{(pid=103857) _load_all_extensions_from_path /opt/stack/neutron/neutron/api/extensions.py:449}}
Jun 22 12:08:04.387910 np0000182463 devstack@neutron-api.service[103855]: DEBUG neutron_lib.callbacks.manager [None req-85d8df5b-a0fd-4c23-8b68-c2cd79b2b26f None None] Subscribe: > address_group after_create 55550000, False {{(pid=103855) subscribe /opt/stack/data/venv/lib/python3.12/site-packages/neutron_lib/callbacks/manager.py:52}}
Jun 22 12:08:04.387938 np0000182463 devstack@neutron-api.service[103854]: DEBUG neutron.api.extensions [None req-5485f9f8-c65a-46e2-ac96-ead348ceb6a7 None None] Loading extension file: availability_zone_filter.py {{(pid=103854) _load_all_extensions_from_path /opt/stack/neutron/neutron/api/extensions.py:449}}
Jun 22 12:08:04.388012 np0000182463 devstack@neutron-api.service[103855]: DEBUG neutron_lib.callbacks.manager [None req-85d8df5b-a0fd-4c23-8b68-c2cd79b2b26f None None] Subscribe: > address_group after_update 55550000, False {{(pid=103855) subscribe /opt/stack/data/venv/lib/python3.12/site-packages/neutron_lib/callbacks/manager.py:52}}
Jun 22 12:08:04.388073 np0000182463 devstack@neutron-api.service[103857]: DEBUG neutron.api.extensions [None req-d287ad0c-5f30-442b-8772-8d7f2ab708b3 None None] Ext name="Agents Sort Key" alias="agent_sort_key" description="Enabling the keyword sort_key for sorting in agents." updated="2013-02-03T10:00:00-00:00" {{(pid=103857) _check_extension /opt/stack/neutron/neutron/api/extensions.py:415}}
Jun 22 12:08:04.388130 np0000182463 devstack@neutron-api.service[103855]: DEBUG neutron_lib.callbacks.manager [None req-85d8df5b-a0fd-4c23-8b68-c2cd79b2b26f None None] Subscribe: > address_group after_delete 55550000, False {{(pid=103855) subscribe /opt/stack/data/venv/lib/python3.12/site-packages/neutron_lib/callbacks/manager.py:52}}
Jun 22 12:08:04.388157 np0000182463 devstack@neutron-api.service[103854]: DEBUG neutron.api.extensions [None req-5485f9f8-c65a-46e2-ac96-ead348ceb6a7 None None] Ext name="Availability Zone Filter Extension" alias="availability_zone_filter" description="Add filter parameters to AvailabilityZone resource" updated="2018-06-22T10:00:00-00:00" {{(pid=103854) _check_extension /opt/stack/neutron/neutron/api/extensions.py:415}}
Jun 22 12:08:04.388220 np0000182463 devstack@neutron-api.service[103855]: DEBUG neutron.plugins.ml2.ovo_rpc [None req-85d8df5b-a0fd-4c23-8b68-c2cd79b2b26f None None] ML2 OVO RPC backend initialized. {{(pid=103855) __init__ /opt/stack/neutron/neutron/plugins/ml2/ovo_rpc.py:117}}
Jun 22 12:08:04.388248 np0000182463 devstack@neutron-api.service[103857]: INFO neutron.api.extensions [None req-d287ad0c-5f30-442b-8772-8d7f2ab708b3 None None] Extension agent_sort_key not supported by any of loaded plugins
Jun 22 12:08:04.388331 np0000182463 devstack@neutron-api.service[103854]: INFO neutron.api.extensions [None req-5485f9f8-c65a-46e2-ac96-ead348ceb6a7 None None] Extension availability_zone_filter not supported by any of loaded plugins
Jun 22 12:08:04.388394 np0000182463 devstack@neutron-api.service[103857]: DEBUG neutron.api.extensions [None req-d287ad0c-5f30-442b-8772-8d7f2ab708b3 None None] Loading extension file: allowedaddresspairs.py {{(pid=103857) _load_all_extensions_from_path /opt/stack/neutron/neutron/api/extensions.py:449}}
Jun 22 12:08:04.388420 np0000182463 devstack@neutron-api.service[103854]: DEBUG neutron.api.extensions [None req-5485f9f8-c65a-46e2-ac96-ead348ceb6a7 None None] Loading extension file: data_plane_status.py {{(pid=103854) _load_all_extensions_from_path /opt/stack/neutron/neutron/api/extensions.py:449}}
Jun 22 12:08:04.388688 np0000182463 devstack@neutron-api.service[103854]: DEBUG neutron.api.extensions [None req-5485f9f8-c65a-46e2-ac96-ead348ceb6a7 None None] Ext name="Port data plane status extension" alias="data-plane-status" description="Expose status of underlying data plane" updated="2017-01-24T10:00:00-00:00" {{(pid=103854) _check_extension /opt/stack/neutron/neutron/api/extensions.py:415}}
Jun 22 12:08:04.388860 np0000182463 devstack@neutron-api.service[103854]: INFO neutron.api.extensions [None req-5485f9f8-c65a-46e2-ac96-ead348ceb6a7 None None] Extension data-plane-status not supported by any of loaded plugins
Jun 22 12:08:04.388954 np0000182463 devstack@neutron-api.service[103854]: DEBUG neutron.api.extensions [None req-5485f9f8-c65a-46e2-ac96-ead348ceb6a7 None None] Loading extension file: default_subnetpools.py {{(pid=103854) _load_all_extensions_from_path /opt/stack/neutron/neutron/api/extensions.py:449}}
Jun 22 12:08:04.389017 np0000182463 devstack@neutron-api.service[103857]: DEBUG neutron.api.extensions [None req-d287ad0c-5f30-442b-8772-8d7f2ab708b3 None None] Ext name="Allowed Address Pairs" alias="allowed-address-pairs" description="Provides allowed address pairs" updated="2013-07-23T10:00:00-00:00" {{(pid=103857) _check_extension /opt/stack/neutron/neutron/api/extensions.py:415}}
Jun 22 12:08:04.389046 np0000182463 devstack@neutron-api.service[103855]: INFO neutron.quota [None req-85d8df5b-a0fd-4c23-8b68-c2cd79b2b26f None None] Loaded quota_driver: .
Jun 22 12:08:04.389113 np0000182463 devstack@neutron-api.service[103855]: INFO neutron.plugins.ml2.plugin [None req-85d8df5b-a0fd-4c23-8b68-c2cd79b2b26f None None] Modular L2 Plugin initialization complete
Jun 22 12:08:04.389164 np0000182463 devstack@neutron-api.service[103857]: INFO neutron.api.extensions [None req-d287ad0c-5f30-442b-8772-8d7f2ab708b3 None None] Loaded extension: allowed-address-pairs
Jun 22 12:08:04.389197 np0000182463 devstack@neutron-api.service[103854]: DEBUG neutron.api.extensions [None req-5485f9f8-c65a-46e2-ac96-ead348ceb6a7 None None] Ext name="Default Subnetpools" alias="default-subnetpools" description="Provides ability to mark and use a subnetpool as the default." updated="2016-02-18T18:00:00-00:00" {{(pid=103854) _check_extension /opt/stack/neutron/neutron/api/extensions.py:415}}
Jun 22 12:08:04.389254 np0000182463 devstack@neutron-api.service[103855]: DEBUG neutron.manager [None req-85d8df5b-a0fd-4c23-8b68-c2cd79b2b26f None None] Loading services supported by the core plugin {{(pid=103855) _load_services_from_core_plugin /opt/stack/neutron/neutron/manager.py:167}}
Jun 22 12:08:04.389282 np0000182463 devstack@neutron-api.service[103857]: DEBUG neutron.api.extensions [None req-d287ad0c-5f30-442b-8772-8d7f2ab708b3 None None] Loading extension file: auto_allocated_topology.py {{(pid=103857) _load_all_extensions_from_path /opt/stack/neutron/neutron/api/extensions.py:449}}
Jun 22 12:08:04.389355 np0000182463 devstack@neutron-api.service[103854]: INFO neutron.api.extensions [None req-5485f9f8-c65a-46e2-ac96-ead348ceb6a7 None None] Loaded extension: default-subnetpools
Jun 22 12:08:04.389385 np0000182463 devstack@neutron-api.service[103855]: INFO neutron.plugins.ml2.managers [None req-85d8df5b-a0fd-4c23-8b68-c2cd79b2b26f None None] Got port-security extension from driver 'port_security'
Jun 22 12:08:04.389450 np0000182463 devstack@neutron-api.service[103854]: DEBUG neutron.api.extensions [None req-5485f9f8-c65a-46e2-ac96-ead348ceb6a7 None None] Loading extension file: dhcpagentscheduler.py {{(pid=103854) _load_all_extensions_from_path /opt/stack/neutron/neutron/api/extensions.py:449}}
Jun 22 12:08:04.389504 np0000182463 devstack@neutron-api.service[103857]: DEBUG neutron.api.extensions [None req-d287ad0c-5f30-442b-8772-8d7f2ab708b3 None None] Ext name="Auto Allocated Topology Services" alias="auto-allocated-topology" description="Auto Allocated Topology Services." updated="2016-01-01T00:00:00-00:00" {{(pid=103857) _check_extension /opt/stack/neutron/neutron/api/extensions.py:415}}
Jun 22 12:08:04.389745 np0000182463 devstack@neutron-api.service[103855]: DEBUG neutron.manager [None req-85d8df5b-a0fd-4c23-8b68-c2cd79b2b26f None None] Loading service plugins: ['ovn-router', 'auto_allocate', 'tag', 'timestamp', 'network_ip_availability', 'flavors', 'revisions'] {{(pid=103855) _load_service_plugins /opt/stack/neutron/neutron/manager.py:192}}
Jun 22 12:08:04.389810 np0000182463 devstack@neutron-api.service[103857]: INFO neutron.api.extensions [None req-d287ad0c-5f30-442b-8772-8d7f2ab708b3 None None] Loaded extension: auto-allocated-topology
Jun 22 12:08:04.389836 np0000182463 devstack@neutron-api.service[103855]: INFO neutron.manager [None req-85d8df5b-a0fd-4c23-8b68-c2cd79b2b26f None None] Loading Plugin: ovn-router
Jun 22 12:08:04.389866 np0000182463 devstack@neutron-api.service[103857]: DEBUG neutron.api.extensions [None req-d287ad0c-5f30-442b-8772-8d7f2ab708b3 None None] Loading extension file: availability_zone.py {{(pid=103857) _load_all_extensions_from_path /opt/stack/neutron/neutron/api/extensions.py:449}}
Jun 22 12:08:04.390166 np0000182463 devstack@neutron-api.service[103857]: DEBUG neutron.api.extensions [None req-d287ad0c-5f30-442b-8772-8d7f2ab708b3 None None] Ext name="Availability Zone" alias="availability_zone" description="The availability zone extension." updated="2015-01-01T10:00:00-00:00" {{(pid=103857) _check_extension /opt/stack/neutron/neutron/api/extensions.py:415}}
Jun 22 12:08:04.390345 np0000182463 devstack@neutron-api.service[103857]: INFO neutron.api.extensions [None req-d287ad0c-5f30-442b-8772-8d7f2ab708b3 None None] Loaded extension: availability_zone
Jun 22 12:08:04.390438 np0000182463 devstack@neutron-api.service[103857]: DEBUG neutron.api.extensions [None req-d287ad0c-5f30-442b-8772-8d7f2ab708b3 None None] Loading extension file: availability_zone_filter.py {{(pid=103857) _load_all_extensions_from_path /opt/stack/neutron/neutron/api/extensions.py:449}}
Jun 22 12:08:04.390691 np0000182463 devstack@neutron-api.service[103857]: DEBUG neutron.api.extensions [None req-d287ad0c-5f30-442b-8772-8d7f2ab708b3 None None] Ext name="Availability Zone Filter Extension" alias="availability_zone_filter" description="Add filter parameters to AvailabilityZone resource" updated="2018-06-22T10:00:00-00:00" {{(pid=103857) _check_extension /opt/stack/neutron/neutron/api/extensions.py:415}}
Jun 22 12:08:04.390859 np0000182463 devstack@neutron-api.service[103857]: INFO neutron.api.extensions [None req-d287ad0c-5f30-442b-8772-8d7f2ab708b3 None None] Extension availability_zone_filter not supported by any of loaded plugins
Jun 22 12:08:04.390959 np0000182463 devstack@neutron-api.service[103857]: DEBUG neutron.api.extensions [None req-d287ad0c-5f30-442b-8772-8d7f2ab708b3 None None] Loading extension file: data_plane_status.py {{(pid=103857) _load_all_extensions_from_path /opt/stack/neutron/neutron/api/extensions.py:449}}
Jun 22 12:08:04.391176 np0000182463 devstack@neutron-api.service[103857]: DEBUG neutron.api.extensions [None req-d287ad0c-5f30-442b-8772-8d7f2ab708b3 None None] Ext name="Port data plane status extension" alias="data-plane-status" description="Expose status of underlying data plane" updated="2017-01-24T10:00:00-00:00" {{(pid=103857) _check_extension /opt/stack/neutron/neutron/api/extensions.py:415}}
Jun 22 12:08:04.391350 np0000182463 devstack@neutron-api.service[103857]: INFO neutron.api.extensions [None req-d287ad0c-5f30-442b-8772-8d7f2ab708b3 None None] Extension data-plane-status not supported by any of loaded plugins
Jun 22 12:08:04.391416 np0000182463 devstack@neutron-api.service[103857]: DEBUG neutron.api.extensions [None req-d287ad0c-5f30-442b-8772-8d7f2ab708b3 None None] Loading extension file: default_subnetpools.py {{(pid=103857) _load_all_extensions_from_path /opt/stack/neutron/neutron/api/extensions.py:449}}
Jun 22 12:08:04.391673 np0000182463 devstack@neutron-api.service[103857]: DEBUG neutron.api.extensions [None req-d287ad0c-5f30-442b-8772-8d7f2ab708b3 None None] Ext name="Default Subnetpools" alias="default-subnetpools" description="Provides ability to mark and use a subnetpool as the default." updated="2016-02-18T18:00:00-00:00" {{(pid=103857) _check_extension /opt/stack/neutron/neutron/api/extensions.py:415}}
Jun 22 12:08:04.391846 np0000182463 devstack@neutron-api.service[103857]: INFO neutron.api.extensions [None req-d287ad0c-5f30-442b-8772-8d7f2ab708b3 None None] Loaded extension: default-subnetpools
Jun 22 12:08:04.391961 np0000182463 devstack@neutron-api.service[103857]: DEBUG neutron.api.extensions [None req-d287ad0c-5f30-442b-8772-8d7f2ab708b3 None None] Loading extension file: dhcpagentscheduler.py {{(pid=103857) _load_all_extensions_from_path /opt/stack/neutron/neutron/api/extensions.py:449}}
Jun 22 12:08:04.392305 np0000182463 devstack@neutron-api.service[103857]: DEBUG neutron.api.extensions [None req-d287ad0c-5f30-442b-8772-8d7f2ab708b3 None None] Ext name="DHCP Agent Scheduler" alias="dhcp_agent_scheduler" description="Schedule networks among dhcp agents" updated="2013-02-07T10:00:00-00:00" {{(pid=103857) _check_extension /opt/stack/neutron/neutron/api/extensions.py:415}}
Jun 22 12:08:04.392457 np0000182463 devstack@neutron-api.service[103857]: INFO neutron.api.extensions [None req-d287ad0c-5f30-442b-8772-8d7f2ab708b3 None None] Loaded extension: dhcp_agent_scheduler
Jun 22 12:08:04.392550 np0000182463 devstack@neutron-api.service[103857]: DEBUG neutron.api.extensions [None req-d287ad0c-5f30-442b-8772-8d7f2ab708b3 None None] Loading extension file: dns.py {{(pid=103857) _load_all_extensions_from_path /opt/stack/neutron/neutron/api/extensions.py:449}}
Jun 22 12:08:04.392810 np0000182463 devstack@neutron-api.service[103857]: DEBUG neutron.api.extensions [None req-d287ad0c-5f30-442b-8772-8d7f2ab708b3 None None] Ext name="DNS Integration" alias="dns-integration" description="Provides integration with DNS." updated="2015-08-15T18:00:00-00:00" {{(pid=103857) _check_extension /opt/stack/neutron/neutron/api/extensions.py:415}}
Jun 22 12:08:04.392968 np0000182463 devstack@neutron-api.service[103857]: INFO neutron.api.extensions [None req-d287ad0c-5f30-442b-8772-8d7f2ab708b3 None None] Loaded extension: dns-integration
Jun 22 12:08:04.393058 np0000182463 devstack@neutron-api.service[103857]: DEBUG neutron.api.extensions [None req-d287ad0c-5f30-442b-8772-8d7f2ab708b3 None None] Loading extension file: dns_domain_ports.py {{(pid=103857) _load_all_extensions_from_path /opt/stack/neutron/neutron/api/extensions.py:449}}
Jun 22 12:08:04.393414 np0000182463 devstack@neutron-api.service[103857]: DEBUG neutron.api.extensions [None req-d287ad0c-5f30-442b-8772-8d7f2ab708b3 None None] Ext name="dns_domain for ports" alias="dns-domain-ports" description="Allows the DNS domain to be specified for a network port." updated="2017-04-24T10:00:00-00:00" {{(pid=103857) _check_extension /opt/stack/neutron/neutron/api/extensions.py:415}}
Jun 22 12:08:04.393603 np0000182463 devstack@neutron-api.service[103857]: INFO neutron.api.extensions [None req-d287ad0c-5f30-442b-8772-8d7f2ab708b3 None None] Loaded extension: dns-domain-ports
Jun 22 12:08:04.393746 np0000182463 devstack@neutron-api.service[103857]: DEBUG neutron.api.extensions [None req-d287ad0c-5f30-442b-8772-8d7f2ab708b3 None None] Loading extension file: dns_integration_domain_keywords.py {{(pid=103857) _load_all_extensions_from_path /opt/stack/neutron/neutron/api/extensions.py:449}}
Jun 22 12:08:04.393958 np0000182463 devstack@neutron-api.service[103857]: DEBUG neutron.api.extensions [None req-d287ad0c-5f30-442b-8772-8d7f2ab708b3 None None] Ext name="DNS domain names with keywords allowed" alias="dns-integration-domain-keywords" description="Allows to use keywords like , , and as DNS domain name" updated="2020-06-15T18:00:00-00:00" {{(pid=103857) _check_extension /opt/stack/neutron/neutron/api/extensions.py:415}}
Jun 22 12:08:04.394127 np0000182463 devstack@neutron-api.service[103857]: INFO neutron.api.extensions [None req-d287ad0c-5f30-442b-8772-8d7f2ab708b3 None None] Loaded extension: dns-integration-domain-keywords
Jun 22 12:08:04.394207 np0000182463 devstack@neutron-api.service[103857]: DEBUG neutron.api.extensions [None req-d287ad0c-5f30-442b-8772-8d7f2ab708b3 None None] Loading extension file: dvr.py {{(pid=103857) _load_all_extensions_from_path /opt/stack/neutron/neutron/api/extensions.py:449}}
Jun 22 12:08:04.394472 np0000182463 devstack@neutron-api.service[103857]: DEBUG neutron.api.extensions [None req-d287ad0c-5f30-442b-8772-8d7f2ab708b3 None None] Ext name="Distributed Virtual Router" alias="dvr" description="Enables configuration of Distributed Virtual Routers." updated="2014-06-1T10:00:00-00:00" {{(pid=103857) _check_extension /opt/stack/neutron/neutron/api/extensions.py:415}}
Jun 22 12:08:04.394659 np0000182463 devstack@neutron-api.service[103857]: INFO neutron.api.extensions [None req-d287ad0c-5f30-442b-8772-8d7f2ab708b3 None None] Extension dvr not supported by any of loaded plugins
Jun 22 12:08:04.394751 np0000182463 devstack@neutron-api.service[103857]: DEBUG neutron.api.extensions [None req-d287ad0c-5f30-442b-8772-8d7f2ab708b3 None None] Loading extension file: ecmp_routes.py {{(pid=103857) _load_all_extensions_from_path /opt/stack/neutron/neutron/api/extensions.py:449}}
Jun 22 12:08:04.394981 np0000182463 devstack@neutron-api.service[103857]: DEBUG neutron.api.extensions [None req-d287ad0c-5f30-442b-8772-8d7f2ab708b3 None None] Ext name="Equal Cost Multipath Routing" alias="ecmp_routes" description="Allows traffic to reach thesame destination via multiple different links " updated="2020-11-26T18:00:00-00:00" {{(pid=103857) _check_extension /opt/stack/neutron/neutron/api/extensions.py:415}}
Jun 22 12:08:04.395177 np0000182463 devstack@neutron-api.service[103857]: INFO neutron.api.extensions [None req-d287ad0c-5f30-442b-8772-8d7f2ab708b3 None None] Extension ecmp_routes not supported by any of loaded plugins
Jun 22 12:08:04.395300 np0000182463 devstack@neutron-api.service[103857]: DEBUG neutron.api.extensions [None req-d287ad0c-5f30-442b-8772-8d7f2ab708b3 None None] Loading extension file: empty_string_filtering.py {{(pid=103857) _load_all_extensions_from_path /opt/stack/neutron/neutron/api/extensions.py:449}}
Jun 22 12:08:04.395532 np0000182463 devstack@neutron-api.service[103857]: DEBUG neutron.api.extensions [None req-d287ad0c-5f30-442b-8772-8d7f2ab708b3 None None] Ext name="Empty String Filtering Extension" alias="empty-string-filtering" description="Allow filtering by attributes with empty string value" updated="2018-05-01T10:00:00-00:00" {{(pid=103857) _check_extension /opt/stack/neutron/neutron/api/extensions.py:415}}
Jun 22 12:08:04.395684 np0000182463 devstack@neutron-api.service[103857]: INFO neutron.api.extensions [None req-d287ad0c-5f30-442b-8772-8d7f2ab708b3 None None] Loaded extension: empty-string-filtering
Jun 22 12:08:04.395871 np0000182463 devstack@neutron-api.service[103857]: DEBUG neutron.api.extensions [None req-d287ad0c-5f30-442b-8772-8d7f2ab708b3 None None] Loading extension file: evpn.py {{(pid=103857) _load_all_extensions_from_path /opt/stack/neutron/neutron/api/extensions.py:449}}
Jun 22 12:08:04.395963 np0000182463 devstack@neutron-api.service[103857]: DEBUG neutron.api.extensions [None req-d287ad0c-5f30-442b-8772-8d7f2ab708b3 None None] Ext name="EVPN" alias="evpn" description="Router extension to support EVPN Type-5 route advertisement" updated="2026-04-28T00:00:00-00:00" {{(pid=103857) _check_extension /opt/stack/neutron/neutron/api/extensions.py:415}}
Jun 22 12:08:04.396164 np0000182463 devstack@neutron-api.service[103857]: INFO neutron.api.extensions [None req-d287ad0c-5f30-442b-8772-8d7f2ab708b3 None None] Extension evpn not supported by any of loaded plugins
Jun 22 12:08:04.396209 np0000182463 devstack@neutron-api.service[103857]: DEBUG neutron.api.extensions [None req-d287ad0c-5f30-442b-8772-8d7f2ab708b3 None None] Loading extension file: expose_l3_conntrack_helper.py {{(pid=103857) _load_all_extensions_from_path /opt/stack/neutron/neutron/api/extensions.py:449}}
Jun 22 12:08:04.396421 np0000182463 devstack@neutron-api.service[103857]: DEBUG neutron.api.extensions [None req-d287ad0c-5f30-442b-8772-8d7f2ab708b3 None None] Ext name="Expose CT target rules for conntrack helper" alias="expose-l3-conntrack-helper" description="Expose allow adding CT target rules for conntrack helper" updated="2019-04-04T10:00:00-00:00" {{(pid=103857) _check_extension /opt/stack/neutron/neutron/api/extensions.py:415}}
Jun 22 12:08:04.396595 np0000182463 devstack@neutron-api.service[103857]: INFO neutron.api.extensions [None req-d287ad0c-5f30-442b-8772-8d7f2ab708b3 None None] Extension expose-l3-conntrack-helper not supported by any of loaded plugins
Jun 22 12:08:04.396720 np0000182463 devstack@neutron-api.service[103857]: DEBUG neutron.api.extensions [None req-d287ad0c-5f30-442b-8772-8d7f2ab708b3 None None] Loading extension file: expose_port_forwarding_in_fip.py {{(pid=103857) _load_all_extensions_from_path /opt/stack/neutron/neutron/api/extensions.py:449}}
Jun 22 12:08:04.396911 np0000182463 devstack@neutron-api.service[103857]: DEBUG neutron.api.extensions [None req-d287ad0c-5f30-442b-8772-8d7f2ab708b3 None None] Ext name="Expose Floating IP port forwardings" alias="expose-port-forwarding-in-fip" description="Expose port forwarding fields in floating IP response" updated="2018-06-28T16:00:00-00:00" {{(pid=103857) _check_extension /opt/stack/neutron/neutron/api/extensions.py:415}}
Jun 22 12:08:04.397063 np0000182463 devstack@neutron-api.service[103857]: INFO neutron.api.extensions [None req-d287ad0c-5f30-442b-8772-8d7f2ab708b3 None None] Extension expose-port-forwarding-in-fip not supported by any of loaded plugins
Jun 22 12:08:04.397238 np0000182463 devstack@neutron-api.service[103857]: DEBUG neutron.api.extensions [None req-d287ad0c-5f30-442b-8772-8d7f2ab708b3 None None] Loading extension file: external_net.py {{(pid=103857) _load_all_extensions_from_path /opt/stack/neutron/neutron/api/extensions.py:449}}
Jun 22 12:08:04.397365 np0000182463 devstack@neutron-api.service[103857]: DEBUG neutron.api.extensions [None req-d287ad0c-5f30-442b-8772-8d7f2ab708b3 None None] Ext name="Neutron external network" alias="external-net" description="Adds external network attribute to network resource." updated="2013-01-14T10:00:00-00:00" {{(pid=103857) _check_extension /opt/stack/neutron/neutron/api/extensions.py:415}}
Jun 22 12:08:04.397542 np0000182463 devstack@neutron-api.service[103857]: INFO neutron.api.extensions [None req-d287ad0c-5f30-442b-8772-8d7f2ab708b3 None None] Loaded extension: external-net
Jun 22 12:08:04.397655 np0000182463 devstack@neutron-api.service[103857]: DEBUG neutron.api.extensions [None req-d287ad0c-5f30-442b-8772-8d7f2ab708b3 None None] Loading extension file: extra_dhcp_opt.py {{(pid=103857) _load_all_extensions_from_path /opt/stack/neutron/neutron/api/extensions.py:449}}
Jun 22 12:08:04.397913 np0000182463 devstack@neutron-api.service[103857]: DEBUG neutron.api.extensions [None req-d287ad0c-5f30-442b-8772-8d7f2ab708b3 None None] Ext name="Neutron Extra DHCP options" alias="extra_dhcp_opt" description="Extra options configuration for DHCP. For example PXE boot options to DHCP clients can be specified (e.g. tftp-server, server-ip-address, bootfile-name)" updated="2013-03-17T12:00:00-00:00" {{(pid=103857) _check_extension /opt/stack/neutron/neutron/api/extensions.py:415}}
Jun 22 12:08:04.398074 np0000182463 devstack@neutron-api.service[103857]: INFO neutron.api.extensions [None req-d287ad0c-5f30-442b-8772-8d7f2ab708b3 None None] Loaded extension: extra_dhcp_opt
Jun 22 12:08:04.398124 np0000182463 devstack@neutron-api.service[103857]: DEBUG neutron.api.extensions [None req-d287ad0c-5f30-442b-8772-8d7f2ab708b3 None None] Loading extension file: extraroute.py {{(pid=103857) _load_all_extensions_from_path /opt/stack/neutron/neutron/api/extensions.py:449}}
Jun 22 12:08:04.398388 np0000182463 devstack@neutron-api.service[103857]: DEBUG neutron.api.extensions [None req-d287ad0c-5f30-442b-8772-8d7f2ab708b3 None None] Ext name="Neutron Extra Route" alias="extraroute" description="Extra routes configuration for L3 router" updated="2013-02-01T10:00:00-00:00" {{(pid=103857) _check_extension /opt/stack/neutron/neutron/api/extensions.py:415}}
Jun 22 12:08:04.398519 np0000182463 devstack@neutron-api.service[103857]: INFO neutron.api.extensions [None req-d287ad0c-5f30-442b-8772-8d7f2ab708b3 None None] Loaded extension: extraroute
Jun 22 12:08:04.398617 np0000182463 devstack@neutron-api.service[103857]: DEBUG neutron.api.extensions [None req-d287ad0c-5f30-442b-8772-8d7f2ab708b3 None None] Loading extension file: extraroute_atomic.py {{(pid=103857) _load_all_extensions_from_path /opt/stack/neutron/neutron/api/extensions.py:449}}
Jun 22 12:08:04.398855 np0000182463 devstack@neutron-api.service[103857]: DEBUG neutron.api.extensions [None req-d287ad0c-5f30-442b-8772-8d7f2ab708b3 None None] Ext name="Atomically add/remove extra routes" alias="extraroute-atomic" description="Edit extra routes of a router on server side by atomically adding/removing extra routes" updated="2019-07-10T00:00:00+00:00" {{(pid=103857) _check_extension /opt/stack/neutron/neutron/api/extensions.py:415}}
Jun 22 12:08:04.399032 np0000182463 devstack@neutron-api.service[103857]: INFO neutron.api.extensions [None req-d287ad0c-5f30-442b-8772-8d7f2ab708b3 None None] Loaded extension: extraroute-atomic
Jun 22 12:08:04.399116 np0000182463 devstack@neutron-api.service[103857]: DEBUG neutron.api.extensions [None req-d287ad0c-5f30-442b-8772-8d7f2ab708b3 None None] Loading extension file: filter_validation.py {{(pid=103857) _load_all_extensions_from_path /opt/stack/neutron/neutron/api/extensions.py:449}}
Jun 22 12:08:04.399355 np0000182463 devstack@neutron-api.service[103857]: DEBUG neutron.api.extensions [None req-d287ad0c-5f30-442b-8772-8d7f2ab708b3 None None] Ext name="Filter parameters validation" alias="filter-validation" description="Provides validation on filter parameters." updated="2018-07-04T10:00:00-00:00" {{(pid=103857) _check_extension /opt/stack/neutron/neutron/api/extensions.py:415}}
Jun 22 12:08:04.399531 np0000182463 devstack@neutron-api.service[103857]: INFO neutron.api.extensions [None req-d287ad0c-5f30-442b-8772-8d7f2ab708b3 None None] Loaded extension: filter-validation
Jun 22 12:08:04.399590 np0000182463 devstack@neutron-api.service[103857]: DEBUG neutron.api.extensions [None req-d287ad0c-5f30-442b-8772-8d7f2ab708b3 None None] Loading extension file: fip_pf_description.py {{(pid=103857) _load_all_extensions_from_path /opt/stack/neutron/neutron/api/extensions.py:449}}
Jun 22 12:08:04.399708 np0000182463 devstack@neutron-api.service[103855]: DEBUG neutron_lib.callbacks.manager [None req-85d8df5b-a0fd-4c23-8b68-c2cd79b2b26f None None] Subscribe: > router before_delete 55550000, False {{(pid=103855) subscribe /opt/stack/data/venv/lib/python3.12/site-packages/neutron_lib/callbacks/manager.py:52}}
Jun 22 12:08:04.399822 np0000182463 devstack@neutron-api.service[103857]: DEBUG neutron.api.extensions [None req-d287ad0c-5f30-442b-8772-8d7f2ab708b3 None None] Ext name="Floating IP Port Forwarding new attribute description" alias="floating-ip-port-forwarding-description" description="Add a description field to Port Forwarding rules" updated="2019-11-01T10:00:00-00:00" {{(pid=103857) _check_extension /opt/stack/neutron/neutron/api/extensions.py:415}}
Jun 22 12:08:04.399915 np0000182463 devstack@neutron-api.service[103855]: DEBUG neutron_lib.callbacks.manager [None req-85d8df5b-a0fd-4c23-8b68-c2cd79b2b26f None None] Subscribe: port before_update 55550000, False {{(pid=103855) subscribe /opt/stack/data/venv/lib/python3.12/site-packages/neutron_lib/callbacks/manager.py:52}}
Jun 22 12:08:04.400025 np0000182463 devstack@neutron-api.service[103855]: DEBUG neutron_lib.callbacks.manager [None req-85d8df5b-a0fd-4c23-8b68-c2cd79b2b26f None None] Subscribe: port after_update 55550000, False {{(pid=103855) subscribe /opt/stack/data/venv/lib/python3.12/site-packages/neutron_lib/callbacks/manager.py:52}}
Jun 22 12:08:04.400065 np0000182463 devstack@neutron-api.service[103857]: INFO neutron.api.extensions [None req-d287ad0c-5f30-442b-8772-8d7f2ab708b3 None None] Extension floating-ip-port-forwarding-description not supported by any of loaded plugins
