2026-06-24 02:07:42.012 9 INFO neutron.db.ovn_revision_numbers_db [None req-8fc70100-16c6-430d-9d1c-2e5073dff9a1 bf9276a4f02f43a386b0a3761fa69b70 35dd2e44278b4a2cbda917f8d2bf9541 - - default default] Successfully bumped revision number for resource b5c01612-e23f-4e3d-b104-eb180ad5d8c7 (type: floatingips) to 2
2026-06-24 02:07:42.049 9 INFO neutron.wsgi [None req-8fc70100-16c6-430d-9d1c-2e5073dff9a1 bf9276a4f02f43a386b0a3761fa69b70 35dd2e44278b4a2cbda917f8d2bf9541 - - default default] 10.0.0.146 "PUT /v2.0/floatingips/b5c01612-e23f-4e3d-b104-eb180ad5d8c7 HTTP/1.1" status: 200 len: 1049 time: 1.2539330
2026-06-24 02:07:42.061 10 INFO neutron.db.ovn_revision_numbers_db [None req-5b7cee37-726b-4044-9e4c-9253af932778 a24861d46242441ab46d0ebd120db796 4145243cb21a40398cc51ef29dfbdc09 - - default default] Successfully bumped revision number for resource aa7747c6-d523-4a19-a63a-a547fd950187 (type: ports) to 1
2026-06-24 02:07:42.085 9 INFO neutron.notifiers.nova [-] Nova event matching ['req-b5b61428-7324-462e-a96c-ee96a8916797'] response: {'name': 'network-changed', 'server_uuid': '86bcfb1d-7445-481a-8a43-c8f053da54a6', 'tag': '546f41bc-5a14-47b0-9ce0-a6bcbbcf23e3', 'status': 'completed', 'code': 200}
2026-06-24 02:07:42.198 10 INFO neutron.notifiers.nova [-] Nova event matching ['req-da9e02ab-b254-4703-9b1c-2190a7fc7ccb'] response: {'server_uuid': '86bcfb1d-7445-481a-8a43-c8f053da54a6', 'name': 'network-vif-plugged', 'status': 'completed', 'tag': '546f41bc-5a14-47b0-9ce0-a6bcbbcf23e3', 'code': 200}
2026-06-24 02:07:42.201 9 INFO neutron.wsgi [req-cf054efa-105c-4622-bb61-2b5b42858095 req-3a58d849-7852-4d4c-a026-42ef859c83db 97fc5452f77d43fb9673c5f30d93091f de4366fd81b74c29b0add481c92be91c - - b3e860232bd54d29b059f60035ec0e3d b3e860232bd54d29b059f60035ec0e3d] 199.204.45.162 "GET /v2.0/ports?tenant_id=35dd2e44278b4a2cbda917f8d2bf9541&device_id=86bcfb1d-7445-481a-8a43-c8f053da54a6 HTTP/1.1" status: 200 len: 1409 time: 0.0893066
2026-06-24 02:07:42.205 9 WARNING neutron.plugins.ml2.drivers.ovn.mech_driver.ovsdb.ovn_client [None req-18ad88ff-cc8b-4b9f-84ee-3b60ad7a252f - - - - - -] No hosting information found for port 5b75f831-1891-4911-9833-c90309fbcc18: RuntimeError: No hosting information found for port 5b75f831-1891-4911-9833-c90309fbcc18
2026-06-24 02:07:42.205 9 INFO neutron.plugins.ml2.drivers.ovn.mech_driver.mech_driver [None req-18ad88ff-cc8b-4b9f-84ee-3b60ad7a252f - - - - - -] OVN reports status up for port: 9fb7c3a6-5396-49f5-84ad-b340d7125608
2026-06-24 02:07:42.213 9 INFO neutron.wsgi [req-56076efe-6e1c-4cfa-bbaf-757a22921aa3 req-15df13fa-2652-4a4c-8276-812a46d8da67 bf9276a4f02f43a386b0a3761fa69b70 35dd2e44278b4a2cbda917f8d2bf9541 - - default default] 10.0.0.190 "GET /v2.0/ports?device_id=86bcfb1d-7445-481a-8a43-c8f053da54a6 HTTP/1.1" status: 200 len: 1170 time: 0.1028991
2026-06-24 02:07:42.266 9 INFO neutron.plugins.ml2.plugin [None req-18ad88ff-cc8b-4b9f-84ee-3b60ad7a252f - - - - - -] Attempt 1 to provision port 9fb7c3a6-5396-49f5-84ad-b340d7125608
2026-06-24 02:07:42.333 9 INFO neutron.wsgi [req-cf054efa-105c-4622-bb61-2b5b42858095 req-5c874d1b-9af0-4b08-abb6-4b3f70b95779 97fc5452f77d43fb9673c5f30d93091f de4366fd81b74c29b0add481c92be91c - - b3e860232bd54d29b059f60035ec0e3d b3e860232bd54d29b059f60035ec0e3d] 199.204.45.162 "GET /v2.0/networks?id=12536651-413e-478e-b7d3-74918109c72f HTTP/1.1" status: 200 len: 982 time: 0.1183136
2026-06-24 02:07:42.338 9 INFO neutron.wsgi [req-56076efe-6e1c-4cfa-bbaf-757a22921aa3 req-0ed4f7c2-72c3-4174-9033-5b599a3a6be6 bf9276a4f02f43a386b0a3761fa69b70 35dd2e44278b4a2cbda917f8d2bf9541 - - default default] 10.0.0.190 "GET /v2.0/security-groups?id=ff02a6e3-ec44-415c-aac4-f95f2428de9b&fields=id&fields=name HTTP/1.1" status: 200 len: 313 time: 0.1087401
2026-06-24 02:07:42.424 9 INFO neutron.wsgi [req-cf054efa-105c-4622-bb61-2b5b42858095 req-114b6607-192f-4f06-946d-0fb6b9b268aa 97fc5452f77d43fb9673c5f30d93091f de4366fd81b74c29b0add481c92be91c - - b3e860232bd54d29b059f60035ec0e3d b3e860232bd54d29b059f60035ec0e3d] 199.204.45.162 "GET /v2.0/floatingips?fixed_ip_address=10.100.0.8&port_id=546f41bc-5a14-47b0-9ce0-a6bcbbcf23e3 HTTP/1.1" status: 200 len: 1059 time: 0.0758109
2026-06-24 02:07:42.486 10 INFO neutron.db.ovn_revision_numbers_db [None req-5b7cee37-726b-4044-9e4c-9253af932778 a24861d46242441ab46d0ebd120db796 4145243cb21a40398cc51ef29dfbdc09 - - default default] Successfully bumped revision number for resource aa7747c6-d523-4a19-a63a-a547fd950187 (type: router_ports) to 1
2026-06-24 02:07:42.504 9 INFO neutron.wsgi [req-cf054efa-105c-4622-bb61-2b5b42858095 req-2bb3be9b-575f-44ae-99ad-1993e4210f50 97fc5452f77d43fb9673c5f30d93091f de4366fd81b74c29b0add481c92be91c - - b3e860232bd54d29b059f60035ec0e3d b3e860232bd54d29b059f60035ec0e3d] 199.204.45.162 "GET /v2.0/subnets?id=37dae2ce-156d-4128-aff6-f8866dd97803 HTTP/1.1" status: 200 len: 877 time: 0.0706987
2026-06-24 02:07:42.541 9 INFO neutron.wsgi [req-cf054efa-105c-4622-bb61-2b5b42858095 req-9fe62026-e8f6-415a-a278-a0f967baa7c8 97fc5452f77d43fb9673c5f30d93091f de4366fd81b74c29b0add481c92be91c - - b3e860232bd54d29b059f60035ec0e3d b3e860232bd54d29b059f60035ec0e3d] 199.204.45.162 "GET /v2.0/ports?network_id=12536651-413e-478e-b7d3-74918109c72f&device_owner=network%3Adhcp HTTP/1.1" status: 200 len: 210 time: 0.0283849
2026-06-24 02:07:42.589 9 INFO neutron.db.ovn_revision_numbers_db [None req-df04184a-646e-4bae-b1c1-a754bcdf5ac5 - - - - - -] Successfully bumped revision number for resource ae6e4047-ceda-4b7f-9344-93eba05e2abe (type: ports) to 1
2026-06-24 02:07:42.635 9 INFO neutron.wsgi [req-cf054efa-105c-4622-bb61-2b5b42858095 req-4cd8b78e-8e02-421f-956c-3cafa2ea8bad 97fc5452f77d43fb9673c5f30d93091f de4366fd81b74c29b0add481c92be91c - - b3e860232bd54d29b059f60035ec0e3d b3e860232bd54d29b059f60035ec0e3d] 199.204.45.162 "GET /v2.0/networks/12536651-413e-478e-b7d3-74918109c72f?fields=segments HTTP/1.1" status: 200 len: 212 time: 0.0852084
2026-06-24 02:07:42.643 10 INFO neutron.db.ovn_revision_numbers_db [None req-5b7cee37-726b-4044-9e4c-9253af932778 a24861d46242441ab46d0ebd120db796 4145243cb21a40398cc51ef29dfbdc09 - - default default] Successfully bumped revision number for resource aa7747c6-d523-4a19-a63a-a547fd950187 (type: ports) to 1
2026-06-24 02:07:42.675 10 INFO neutron.wsgi [None req-959805dc-998c-43b1-bada-9e71559cd5f2 9d0b139e05fe4f71941c5969df5cbe55 3d9e7d3d28074813a6743ac073a2b87f - - default default] 10.0.0.146 "GET /v2.0/extensions HTTP/1.1" status: 200 len: 16520 time: 0.1704745
2026-06-24 02:07:42.695 9 INFO neutron.wsgi [None req-64469f8d-34b7-4f7c-870d-daca7a582844 9d0b139e05fe4f71941c5969df5cbe55 3d9e7d3d28074813a6743ac073a2b87f - - default default] 10.0.0.146 "GET /v2.0/extensions/address-group HTTP/1.1" status: 200 len: 353 time: 0.0102479
2026-06-24 02:07:42.712 10 INFO neutron.wsgi [None req-aaf1c56c-6cf2-4625-b35b-138a2d636d14 9d0b139e05fe4f71941c5969df5cbe55 3d9e7d3d28074813a6743ac073a2b87f - - default default] 10.0.0.146 "GET /v2.0/extensions/address-scope HTTP/1.1" status: 200 len: 357 time: 0.0083218
2026-06-24 02:07:42.723 10 INFO neutron.wsgi [None req-62408542-1ffd-4bcb-a01e-8420feef214f 9d0b139e05fe4f71941c5969df5cbe55 3d9e7d3d28074813a6743ac073a2b87f - - default default] 10.0.0.146 "GET /v2.0/extensions/agent HTTP/1.1" status: 200 len: 347 time: 0.0049288
2026-06-24 02:07:42.731 10 INFO neutron.wsgi [None req-cdeaae46-7e89-4bdb-9182-35cee8e5cd9c 9d0b139e05fe4f71941c5969df5cbe55 3d9e7d3d28074813a6743ac073a2b87f - - default default] 10.0.0.146 "GET /v2.0/extensions/allowed-address-pairs HTTP/1.1" status: 200 len: 378 time: 0.0044086
2026-06-24 02:07:42.743 10 INFO neutron.wsgi [None req-ddf8c15c-1cb4-49e4-b1e2-1f0e353e366d 9d0b139e05fe4f71941c5969df5cbe55 3d9e7d3d28074813a6743ac073a2b87f - - default default] 10.0.0.146 "GET /v2.0/extensions/auto-allocated-topology HTTP/1.1" status: 200 len: 394 time: 0.0073941
2026-06-24 02:07:42.755 10 INFO neutron.wsgi [None req-edb1fbc7-dfe2-4a2a-8281-0d67efbc8069 9d0b139e05fe4f71941c5969df5cbe55 3d9e7d3d28074813a6743ac073a2b87f - - default default] 10.0.0.146 "GET /v2.0/extensions/availability_zone HTTP/1.1" status: 200 len: 372 time: 0.0086670
2026-06-24 02:07:42.762 10 WARNING neutron.scheduler.dhcp_agent_scheduler [None req-5b7cee37-726b-4044-9e4c-9253af932778 a24861d46242441ab46d0ebd120db796 4145243cb21a40398cc51ef29dfbdc09 - - default default] No more DHCP agents
2026-06-24 02:07:42.767 10 INFO neutron.wsgi [None req-8e7927ec-cf64-4ac9-85fb-94a945676172 9d0b139e05fe4f71941c5969df5cbe55 3d9e7d3d28074813a6743ac073a2b87f - - default default] 10.0.0.146 "GET /v2.0/extensions/default-subnetpools HTTP/1.1" status: 200 len: 405 time: 0.0045416
2026-06-24 02:07:42.768 10 WARNING neutron.api.rpc.agentnotifiers.dhcp_rpc_agent_api [None req-5b7cee37-726b-4044-9e4c-9253af932778 a24861d46242441ab46d0ebd120db796 4145243cb21a40398cc51ef29dfbdc09 - - default default] Unable to schedule network 48f8749d-0224-483c-bd5e-200e542dcd37: no agents available; will retry on subsequent port and subnet creation events.
2026-06-24 02:07:42.780 9 INFO neutron.wsgi [req-cf054efa-105c-4622-bb61-2b5b42858095 req-42d916cd-c2df-4d67-b8ae-5c66d9e782c3 97fc5452f77d43fb9673c5f30d93091f de4366fd81b74c29b0add481c92be91c - - b3e860232bd54d29b059f60035ec0e3d b3e860232bd54d29b059f60035ec0e3d] 199.204.45.162 "GET /v2.0/networks/12536651-413e-478e-b7d3-74918109c72f?fields=provider%3Aphysical_network&fields=provider%3Anetwork_type HTTP/1.1" status: 200 len: 277 time: 0.1289899
2026-06-24 02:07:42.784 10 INFO neutron.wsgi [None req-9dff2c35-b755-4d24-9f3b-2c330068d64b 9d0b139e05fe4f71941c5969df5cbe55 3d9e7d3d28074813a6743ac073a2b87f - - default default] 10.0.0.146 "GET /v2.0/extensions/dhcp_agent_scheduler HTTP/1.1" status: 200 len: 381 time: 0.0064077
2026-06-24 02:07:42.796 10 INFO neutron.wsgi [None req-e576d988-a8ca-4aaa-bdfc-a25eea289264 9d0b139e05fe4f71941c5969df5cbe55 3d9e7d3d28074813a6743ac073a2b87f - - default default] 10.0.0.146 "GET /v2.0/extensions/dns-integration HTTP/1.1" status: 200 len: 366 time: 0.0043106
2026-06-24 02:07:42.807 10 INFO neutron.wsgi [None req-27c0b57f-2057-42c6-9dac-ededd2ac3bfb 9d0b139e05fe4f71941c5969df5cbe55 3d9e7d3d28074813a6743ac073a2b87f - - default default] 10.0.0.146 "GET /v2.0/extensions/dns-domain-ports HTTP/1.1" status: 200 len: 399 time: 0.0061159
2026-06-24 02:07:42.816 10 INFO neutron.wsgi [None req-cdd275bb-c559-4590-a6ba-5fcd0f065534 9d0b139e05fe4f71941c5969df5cbe55 3d9e7d3d28074813a6743ac073a2b87f - - default default] 10.0.0.146 "GET /v2.0/extensions/dns-integration-domain-keywords HTTP/1.1" status: 200 len: 477 time: 0.0041163
2026-06-24 02:07:42.834 10 INFO neutron.wsgi [None req-d8fe0b20-2dbe-4233-9b48-f8d006152326 9d0b139e05fe4f71941c5969df5cbe55 3d9e7d3d28074813a6743ac073a2b87f - - default default] 10.0.0.146 "GET /v2.0/extensions/external-net HTTP/1.1" status: 200 len: 394 time: 0.0043242
2026-06-24 02:07:42.840 9 INFO neutron.db.ovn_revision_numbers_db [None req-18ad88ff-cc8b-4b9f-84ee-3b60ad7a252f - - - - - -] Successfully bumped revision number for resource 9fb7c3a6-5396-49f5-84ad-b340d7125608 (type: ports) to 4
2026-06-24 02:07:42.842 10 INFO neutron.wsgi [None req-521522d3-a79f-4aac-ab95-865fec063c7b 9d0b139e05fe4f71941c5969df5cbe55 3d9e7d3d28074813a6743ac073a2b87f - - default default] 10.0.0.146 "GET /v2.0/extensions/extra_dhcp_opt HTTP/1.1" status: 200 len: 498 time: 0.0036399
2026-06-24 02:07:43.051 9 INFO neutron.wsgi [None req-c457a72f-483e-4ff7-b09f-4f16141e7671 9d0b139e05fe4f71941c5969df5cbe55 3d9e7d3d28074813a6743ac073a2b87f - - default default] 10.0.0.146 "GET /v2.0/extensions/extraroute HTTP/1.1" status: 200 len: 375 time: 0.2031553
2026-06-24 02:07:43.066 10 INFO neutron.wsgi [None req-b138c2ec-d23c-4c38-b60e-7e29c9ecc6fc 9d0b139e05fe4f71941c5969df5cbe55 3d9e7d3d28074813a6743ac073a2b87f - - default default] 10.0.0.146 "GET /v2.0/extensions/filter-validation HTTP/1.1" status: 200 len: 392 time: 0.0073256
2026-06-24 02:07:43.078 10 INFO neutron.wsgi [None req-884cb090-4ee3-4cf4-8b7e-38be946e0895 9d0b139e05fe4f71941c5969df5cbe55 3d9e7d3d28074813a6743ac073a2b87f - - default default] 10.0.0.146 "GET /v2.0/extensions/floating-ip-port-forwarding-detail HTTP/1.1" status: 200 len: 465 time: 0.0063565
2026-06-24 02:07:43.092 9 INFO neutron.wsgi [None req-6d527f59-b05d-41dc-8e84-affcbcc3076b 9d0b139e05fe4f71941c5969df5cbe55 3d9e7d3d28074813a6743ac073a2b87f - - default default] 10.0.0.146 "GET /v2.0/extensions/fip-port-details HTTP/1.1" status: 200 len: 406 time: 0.0062935
2026-06-24 02:07:43.103 10 INFO neutron.wsgi [None req-4fd713a8-e5cc-4f3c-803f-6f50904ee2d2 9d0b139e05fe4f71941c5969df5cbe55 3d9e7d3d28074813a6743ac073a2b87f - - default default] 10.0.0.146 "GET /v2.0/extensions/flavors HTTP/1.1" status: 200 len: 387 time: 0.0052884
2026-06-24 02:07:43.116 9 INFO neutron.wsgi [req-abcca249-e559-4fa8-a7e4-486303171494 req-2f1c9a12-aead-4b27-ac58-ee87af684d46 a1035f3e5e584e2c8276c199646cf17c dec37d4d35e5487b8074b1429a1fac98 - - default default] 10.0.0.190 "GET /v2.0/ports?device_id=eee3f270-6734-49ab-8a6d-568f8b35c7e8 HTTP/1.1" status: 200 len: 1170 time: 0.0647807
2026-06-24 02:07:43.119 9 INFO neutron.wsgi [None req-ae308240-2256-4117-b488-451d655d1ec0 9d0b139e05fe4f71941c5969df5cbe55 3d9e7d3d28074813a6743ac073a2b87f - - default default] 10.0.0.146 "GET /v2.0/extensions/floatingip-pools HTTP/1.1" status: 200 len: 382 time: 0.0079598
2026-06-24 02:07:43.130 10 INFO neutron.wsgi [None req-bf36d700-7027-41fc-9bb4-ea64c9978320 9d0b139e05fe4f71941c5969df5cbe55 3d9e7d3d28074813a6743ac073a2b87f - - default default] 10.0.0.146 "GET /v2.0/extensions/ip_allocation HTTP/1.1" status: 200 len: 356 time: 0.0052907
2026-06-24 02:07:43.139 10 INFO neutron.wsgi [None req-2bcea1a3-b03d-4f21-90b4-c6b153ab5e29 9d0b139e05fe4f71941c5969df5cbe55 3d9e7d3d28074813a6743ac073a2b87f - - default default] 10.0.0.146 "GET /v2.0/extensions/l2_adjacency HTTP/1.1" status: 200 len: 372 time: 0.0052698
2026-06-24 02:07:43.147 10 INFO neutron.wsgi [None req-105d8b0a-4ca2-4f4e-8c55-a94faa7814ca 9d0b139e05fe4f71941c5969df5cbe55 3d9e7d3d28074813a6743ac073a2b87f - - default default] 10.0.0.146 "GET /v2.0/extensions/router HTTP/1.1" status: 200 len: 450 time: 0.0043430
2026-06-24 02:07:43.155 10 INFO neutron.wsgi [None req-65f6bfdb-713a-4c2b-a25b-457c167fc216 9d0b139e05fe4f71941c5969df5cbe55 3d9e7d3d28074813a6743ac073a2b87f - - default default] 10.0.0.146 "GET /v2.0/extensions/ext-gw-mode HTTP/1.1" status: 200 len: 462 time: 0.0030403
2026-06-24 02:07:43.164 10 INFO neutron.wsgi [None req-61494d0e-8ed1-4523-8e43-3081eeaa9ca4 9d0b139e05fe4f71941c5969df5cbe55 3d9e7d3d28074813a6743ac073a2b87f - - default default] 10.0.0.146 "GET /v2.0/extensions/logging HTTP/1.1" status: 200 len: 407 time: 0.0055602
2026-06-24 02:07:43.171 10 INFO neutron.wsgi [None req-30537dc3-4542-4f82-bc98-3a17a1026c68 9d0b139e05fe4f71941c5969df5cbe55 3d9e7d3d28074813a6743ac073a2b87f - - default default] 10.0.0.146 "GET /v2.0/extensions/multi-provider HTTP/1.1" status: 200 len: 406 time: 0.0030732
2026-06-24 02:07:43.188 10 INFO neutron.wsgi [None req-9d1c4798-26b6-4f9d-a970-db0aae4c9ddb 9d0b139e05fe4f71941c5969df5cbe55 3d9e7d3d28074813a6743ac073a2b87f - - default default] 10.0.0.146 "GET /v2.0/extensions/net-mtu HTTP/1.1" status: 200 len: 370 time: 0.0090272
2026-06-24 02:07:43.190 9 INFO neutron.plugins.ml2.drivers.ovn.mech_driver.mech_driver [None req-18ad88ff-cc8b-4b9f-84ee-3b60ad7a252f - - - - - -] OVN reports status up for port: aa7747c6-d523-4a19-a63a-a547fd950187
2026-06-24 02:07:43.200 10 INFO neutron.wsgi [None req-62424a09-2156-4007-8690-c8d770b0fd77 9d0b139e05fe4f71941c5969df5cbe55 3d9e7d3d28074813a6743ac073a2b87f - - default default] 10.0.0.146 "GET /v2.0/extensions/net-mtu-writable HTTP/1.1" status: 200 len: 401 time: 0.0069957 /var/lib/openstack/lib/python3.10/site-packages/pycadf/identifier.py:71: UserWarning: Invalid uuid: neutron. To ensure interoperability, identifiers should be a valid uuid. warnings.warn(('Invalid uuid: %s. To ensure interoperability, '
2026-06-24 02:07:43.219 9 INFO neutron.wsgi [None req-2d969519-e619-4bfd-821e-eb02e9b2c9f1 9d0b139e05fe4f71941c5969df5cbe55 3d9e7d3d28074813a6743ac073a2b87f - - default default] 10.0.0.146 "GET /v2.0/extensions/network_availability_zone HTTP/1.1" status: 200 len: 394 time: 0.0085349
2026-06-24 02:07:43.223 9 INFO neutron.plugins.ml2.plugin [None req-18ad88ff-cc8b-4b9f-84ee-3b60ad7a252f - - - - - -] Attempt 1 to provision port aa7747c6-d523-4a19-a63a-a547fd950187
2026-06-24 02:07:43.227 10 INFO neutron.wsgi [None req-48382e35-77b6-45ec-9afb-794ab3108b1d 9d0b139e05fe4f71941c5969df5cbe55 3d9e7d3d28074813a6743ac073a2b87f - - default default] 10.0.0.146 "GET /v2.0/extensions/network-ip-availability HTTP/1.1" status: 200 len: 410 time: 0.0044622
2026-06-24 02:07:43.239 10 INFO neutron.wsgi [None req-1676a564-7bbf-4a44-85e0-47d9e39de6b2 9d0b139e05fe4f71941c5969df5cbe55 3d9e7d3d28074813a6743ac073a2b87f - - default default] 10.0.0.146 "GET /v2.0/extensions/pagination HTTP/1.1" status: 200 len: 386 time: 0.0042396
2026-06-24 02:07:43.240 9 INFO neutron.wsgi [req-abcca249-e559-4fa8-a7e4-486303171494 req-5f7ac628-29a6-4d21-8af5-4d711322e37d a1035f3e5e584e2c8276c199646cf17c dec37d4d35e5487b8074b1429a1fac98 - - default default] 10.0.0.190 "GET /v2.0/security-groups?id=6411b896-fba1-4caf-9580-887bf510d434&fields=id&fields=name HTTP/1.1" status: 200 len: 313 time: 0.1169403
2026-06-24 02:07:43.248 10 INFO neutron.wsgi [None req-b4dbd78c-6087-4cb9-81d4-597b1da2244f 9d0b139e05fe4f71941c5969df5cbe55 3d9e7d3d28074813a6743ac073a2b87f - - default default] 10.0.0.146 "GET /v2.0/extensions/port-device-profile HTTP/1.1" status: 200 len: 383 time: 0.0043757
2026-06-24 02:07:43.266 9 INFO neutron.wsgi [None req-fcf02b0c-5b21-4f0d-a189-3b0c16ac3daf 9d0b139e05fe4f71941c5969df5cbe55 3d9e7d3d28074813a6743ac073a2b87f - - default default] 10.0.0.146 "GET /v2.0/extensions/port-mac-address-regenerate HTTP/1.1" status: 200 len: 403 time: 0.0068903
2026-06-24 02:07:43.275 9 INFO neutron.wsgi [None req-5471552b-dffa-422e-b746-88cd80aa2935 9d0b139e05fe4f71941c5969df5cbe55 3d9e7d3d28074813a6743ac073a2b87f - - default default] 10.0.0.146 "GET /v2.0/extensions/port-numa-affinity-policy HTTP/1.1" status: 200 len: 392 time: 0.0042071
2026-06-24 02:07:43.287 9 INFO neutron.wsgi [None req-427eec65-cff6-4319-b915-35656071736d 9d0b139e05fe4f71941c5969df5cbe55 3d9e7d3d28074813a6743ac073a2b87f - - default default] 10.0.0.146 "GET /v2.0/extensions/port-resource-request HTTP/1.1" status: 200 len: 379 time: 0.0069540
2026-06-24 02:07:43.298 10 INFO neutron.wsgi [None req-09ef96f8-1efd-4428-84a5-0c755016ba24 9d0b139e05fe4f71941c5969df5cbe55 3d9e7d3d28074813a6743ac073a2b87f - - default default] 10.0.0.146 "GET /v2.0/extensions/port-resource-request-groups HTTP/1.1" status: 200 len: 465 time: 0.0058770
2026-06-24 02:07:43.317 9 INFO neutron.wsgi [None req-a193c9de-de8f-4b8c-bbd4-fa87922d5300 9d0b139e05fe4f71941c5969df5cbe55 3d9e7d3d28074813a6743ac073a2b87f - - default default] 10.0.0.146 "GET /v2.0/extensions/binding HTTP/1.1" status: 200 len: 387 time: 0.0128694
2026-06-24 02:07:43.328 9 INFO neutron.wsgi [None req-4bf3838a-52e4-41d3-8adb-bdf310df7bbe 9d0b139e05fe4f71941c5969df5cbe55 3d9e7d3d28074813a6743ac073a2b87f - - default default] 10.0.0.146 "GET /v2.0/extensions/binding-extended HTTP/1.1" status: 200 len: 406 time: 0.0060062
2026-06-24 02:07:43.340 9 INFO neutron.wsgi [None req-f0afaa74-a431-4bb7-8d2d-aa55044dbabd 9d0b139e05fe4f71941c5969df5cbe55 3d9e7d3d28074813a6743ac073a2b87f - - default default] 10.0.0.146 "GET /v2.0/extensions/port-security HTTP/1.1" status: 200 len: 354 time: 0.0046408
2026-06-24 02:07:43.398 9 INFO neutron.db.ovn_revision_numbers_db [None req-df04184a-646e-4bae-b1c1-a754bcdf5ac5 - - - - - -] Successfully bumped revision number for resource ae6e4047-ceda-4b7f-9344-93eba05e2abe (type: router_ports) to 3
2026-06-24 02:07:43.500 10 INFO neutron.wsgi [None req-1016db8a-ca0e-47cc-b7c6-3b02d6fe6730 9d0b139e05fe4f71941c5969df5cbe55 3d9e7d3d28074813a6743ac073a2b87f - - default default] 10.0.0.146 "GET /v2.0/extensions/project-id HTTP/1.1" status: 200 len: 398 time: 0.1545863
2026-06-24 02:07:43.512 10 INFO neutron.wsgi [None req-daf86b28-df16-409f-bec5-f97dd62974d2 9d0b139e05fe4f71941c5969df5cbe55 3d9e7d3d28074813a6743ac073a2b87f - - default default] 10.0.0.146 "GET /v2.0/extensions/provider HTTP/1.1" status: 200 len: 385 time: 0.0052235
2026-06-24 02:07:43.521 10 INFO neutron.wsgi [None req-e4c8ad67-bdaf-4bc5-b27c-bce7c30d07fe 9d0b139e05fe4f71941c5969df5cbe55 3d9e7d3d28074813a6743ac073a2b87f - - default default] 10.0.0.146 "GET /v2.0/extensions/qos HTTP/1.1" status: 200 len: 360 time: 0.0042293
2026-06-24 02:07:43.528 10 INFO neutron.wsgi [None req-c049d2f4-62ff-456d-98b6-5a3a83957563 9d0b139e05fe4f71941c5969df5cbe55 3d9e7d3d28074813a6743ac073a2b87f - - default default] 10.0.0.146 "GET /v2.0/extensions/qos-bw-limit-direction HTTP/1.1" status: 200 len: 452 time: 0.0029531
2026-06-24 02:07:43.539 9 INFO neutron.wsgi [None req-2654cbd5-66be-47ea-b18a-2860ba7ded66 9d0b139e05fe4f71941c5969df5cbe55 3d9e7d3d28074813a6743ac073a2b87f - - default default] 10.0.0.146 "GET /v2.0/extensions/qos-bw-minimum-ingress HTTP/1.1" status: 200 len: 445 time: 0.0058846
2026-06-24 02:07:43.548 10 INFO neutron.wsgi [None req-8c2b62e0-2d17-4aae-8c4d-e97ae332f0cb 9d0b139e05fe4f71941c5969df5cbe55 3d9e7d3d28074813a6743ac073a2b87f - - default default] 10.0.0.146 "GET /v2.0/extensions/qos-default HTTP/1.1" status: 200 len: 377 time: 0.0042002
2026-06-24 02:07:43.561 9 INFO neutron.wsgi [None req-d1b999a8-62b9-4507-a783-60efa4e84d19 9d0b139e05fe4f71941c5969df5cbe55 3d9e7d3d28074813a6743ac073a2b87f - - default default] 10.0.0.146 "GET /v2.0/extensions/qos-fip HTTP/1.1" status: 200 len: 372 time: 0.0068090
2026-06-24 02:07:43.568 10 INFO neutron.wsgi [None req-5a2600a6-1a1b-4512-abe6-a6cf67a6bc82 9d0b139e05fe4f71941c5969df5cbe55 3d9e7d3d28074813a6743ac073a2b87f - - default default] 10.0.0.146 "GET /v2.0/extensions/qos-gateway-ip HTTP/1.1" status: 200 len: 391 time: 0.0045910
2026-06-24 02:07:43.575 9 INFO neutron.wsgi [None req-94d9dd40-f05d-465c-b52d-b240605934e2 9d0b139e05fe4f71941c5969df5cbe55 3d9e7d3d28074813a6743ac073a2b87f - - default default] 10.0.0.146 "GET /v2.0/extensions/qos-port-network-policy HTTP/1.1" status: 200 len: 403 time: 0.0045049
2026-06-24 02:07:43.582 10 INFO neutron.wsgi [None req-17d57e6c-5523-483e-8e2c-17b237d8289c 9d0b139e05fe4f71941c5969df5cbe55 3d9e7d3d28074813a6743ac073a2b87f - - default default] 10.0.0.146 "GET /v2.0/extensions/qos-pps-minimum HTTP/1.1" status: 200 len: 397 time: 0.0046332
2026-06-24 02:07:43.593 10 INFO neutron.wsgi [None req-70f1bb25-9511-432f-abf0-237de7a7b201 9d0b139e05fe4f71941c5969df5cbe55 3d9e7d3d28074813a6743ac073a2b87f - - default default] 10.0.0.146 "GET /v2.0/extensions/qos-pps-minimum-rule-alias HTTP/1.1" status: 200 len: 471 time: 0.0039721
2026-06-24 02:07:43.596 9 INFO neutron.db.ovn_revision_numbers_db [None req-df04184a-646e-4bae-b1c1-a754bcdf5ac5 - - - - - -] Successfully bumped revision number for resource ae6e4047-ceda-4b7f-9344-93eba05e2abe (type: ports) to 2
2026-06-24 02:07:43.599 10 INFO neutron.wsgi [None req-9731e408-6894-4089-a2ec-b0d41df75874 9d0b139e05fe4f71941c5969df5cbe55 3d9e7d3d28074813a6743ac073a2b87f - - default default] 10.0.0.146 "GET /v2.0/extensions/qos-pps HTTP/1.1" status: 200 len: 389 time: 0.0037334
2026-06-24 02:07:43.605 10 INFO neutron.wsgi [None req-a3fba8a6-64bf-4a39-8bca-ac3d34e62ff0 9d0b139e05fe4f71941c5969df5cbe55 3d9e7d3d28074813a6743ac073a2b87f - - default default] 10.0.0.146 "GET /v2.0/extensions/qos-rule-type-details HTTP/1.1" status: 200 len: 423 time: 0.0032213
2026-06-24 02:07:43.613 9 INFO neutron.wsgi [None req-e1cb12f9-9d04-4d96-b486-85e657ea2555 9d0b139e05fe4f71941c5969df5cbe55 3d9e7d3d28074813a6743ac073a2b87f - - default default] 10.0.0.146 "GET /v2.0/extensions/qos-rule-type-filter HTTP/1.1" status: 200 len: 567 time: 0.0047081
2026-06-24 02:07:43.615 9 INFO neutron.db.ovn_revision_numbers_db [None req-18ad88ff-cc8b-4b9f-84ee-3b60ad7a252f - - - - - -] Successfully bumped revision number for resource aa7747c6-d523-4a19-a63a-a547fd950187 (type: ports) to 2
2026-06-24 02:07:43.628 10 INFO neutron.wsgi [None req-aab973c3-9df0-49d3-b148-e51316489f4f 9d0b139e05fe4f71941c5969df5cbe55 3d9e7d3d28074813a6743ac073a2b87f - - default default] 10.0.0.146 "GET /v2.0/extensions/qos-rules-alias HTTP/1.1" status: 200 len: 448 time: 0.0113535
2026-06-24 02:07:43.638 10 INFO neutron.wsgi [None req-09d19b42-cb52-4b02-85a1-668dd1ac4563 9d0b139e05fe4f71941c5969df5cbe55 3d9e7d3d28074813a6743ac073a2b87f - - default default] 10.0.0.146 "GET /v2.0/extensions/quota-check-limit HTTP/1.1" status: 200 len: 420 time: 0.0043807
2026-06-24 02:07:43.645 10 INFO neutron.wsgi [None req-5bd35212-cf85-4d66-a3a3-6644b4b15006 9d0b139e05fe4f71941c5969df5cbe55 3d9e7d3d28074813a6743ac073a2b87f - - default default] 10.0.0.146 "GET /v2.0/extensions/quotas HTTP/1.1" status: 200 len: 386 time: 0.0031195
2026-06-24 02:07:43.654 10 INFO neutron.wsgi [None req-a0c3fa25-f944-436b-865f-cd5d9e40ba3e 9d0b139e05fe4f71941c5969df5cbe55 3d9e7d3d28074813a6743ac073a2b87f - - default default] 10.0.0.146 "GET /v2.0/extensions/quota_details HTTP/1.1" status: 200 len: 407 time: 0.0046334
2026-06-24 02:07:43.670 9 INFO neutron.wsgi [None req-12b46f28-f8cb-4bd4-8afa-7752b2b4bfdd 9d0b139e05fe4f71941c5969df5cbe55 3d9e7d3d28074813a6743ac073a2b87f - - default default] 10.0.0.146 "GET /v2.0/extensions/rbac-policies HTTP/1.1" status: 200 len: 417 time: 0.0085962
2026-06-24 02:07:43.679 9 INFO neutron.wsgi [None req-268e7d06-cbde-4c2d-ad4b-d77696565df9 9d0b139e05fe4f71941c5969df5cbe55 3d9e7d3d28074813a6743ac073a2b87f - - default default] 10.0.0.146 "GET /v2.0/extensions/rbac-address-scope HTTP/1.1" status: 200 len: 384 time: 0.0039513
2026-06-24 02:07:43.697 10 INFO neutron.wsgi [None req-a9e0d8ef-1269-484f-92a3-c725162571f2 9d0b139e05fe4f71941c5969df5cbe55 3d9e7d3d28074813a6743ac073a2b87f - - default default] 10.0.0.146 "GET /v2.0/extensions/rbac-security-groups HTTP/1.1" status: 200 len: 404 time: 0.0060897
2026-06-24 02:07:43.723 9 INFO neutron.wsgi [None req-adfec3d8-bdf3-4127-a6c0-d4c5a998e34a 9d0b139e05fe4f71941c5969df5cbe55 3d9e7d3d28074813a6743ac073a2b87f - - default default] 10.0.0.146 "GET /v2.0/extensions/revision-if-match HTTP/1.1" status: 200 len: 441 time: 0.0142393
2026-06-24 02:07:43.755 9 INFO neutron.wsgi [None req-b95d8126-1ded-46ba-8a9a-bceec312e69c 9d0b139e05fe4f71941c5969df5cbe55 3d9e7d3d28074813a6743ac073a2b87f - - default default] 10.0.0.146 "GET /v2.0/extensions/standard-attr-revisions HTTP/1.1" status: 200 len: 423 time: 0.0130336
2026-06-24 02:07:43.766 10 INFO neutron.wsgi [None req-6cdb9da8-0780-418d-9480-1175902ccae9 9d0b139e05fe4f71941c5969df5cbe55 3d9e7d3d28074813a6743ac073a2b87f - - default default] 10.0.0.146 "GET /v2.0/extensions/router_availability_zone HTTP/1.1" status: 200 len: 391 time: 0.0064647
2026-06-24 02:07:43.775 9 INFO neutron.wsgi [None req-d9ef1f87-1ffd-416f-82a7-2f828fcc47fb 9d0b139e05fe4f71941c5969df5cbe55 3d9e7d3d28074813a6743ac073a2b87f - - default default] 10.0.0.146 "GET /v2.0/extensions/security-groups-normalized-cidr HTTP/1.1" status: 200 len: 445 time: 0.0057993
2026-06-24 02:07:43.783 10 INFO neutron.db.ovn_revision_numbers_db [None req-5b7cee37-726b-4044-9e4c-9253af932778 a24861d46242441ab46d0ebd120db796 4145243cb21a40398cc51ef29dfbdc09 - - default default] Successfully bumped revision number for resource aa7747c6-d523-4a19-a63a-a547fd950187 (type: router_ports) to 1
2026-06-24 02:07:43.786 10 INFO neutron.wsgi [None req-5b7cee37-726b-4044-9e4c-9253af932778 a24861d46242441ab46d0ebd120db796 4145243cb21a40398cc51ef29dfbdc09 - - default default] 10.0.0.146 "PUT /v2.0/routers/8aef1086-d827-4aaf-803a-2ac2dfb6b351/add_router_interface HTTP/1.1" status: 200 len: 503 time: 2.3520024
2026-06-24 02:07:43.791 9 INFO neutron.wsgi [None req-78255a42-b700-4cbb-9eac-f8071006ba0f 9d0b139e05fe4f71941c5969df5cbe55 3d9e7d3d28074813a6743ac073a2b87f - - default default] 10.0.0.146 "GET /v2.0/extensions/security-groups-remote-address-group HTTP/1.1" status: 200 len: 448 time: 0.0088685
2026-06-24 02:07:43.803 10 INFO neutron.wsgi [None req-9afef76c-3c89-4985-b52c-e5a1c87a0eea 9d0b139e05fe4f71941c5969df5cbe55 3d9e7d3d28074813a6743ac073a2b87f - - default default] 10.0.0.146 "GET /v2.0/extensions/security-groups-shared-filtering HTTP/1.1" status: 200 len: 435 time: 0.0075402
2026-06-24 02:07:43.809 10 INFO neutron.wsgi [None req-b741a60a-2e86-4e76-a0fa-824a9973fa84 9d0b139e05fe4f71941c5969df5cbe55 3d9e7d3d28074813a6743ac073a2b87f - - default default] 10.0.0.146 "GET /v2.0/extensions/security-group HTTP/1.1" status: 200 len: 364 time: 0.0031979
2026-06-24 02:07:43.815 10 INFO neutron.wsgi [None req-c4d58f59-604a-48c0-8ef8-f4fd47136aaf 9d0b139e05fe4f71941c5969df5cbe55 3d9e7d3d28074813a6743ac073a2b87f - - default default] 10.0.0.146 "GET /v2.0/extensions/segment HTTP/1.1" status: 200 len: 339 time: 0.0032182
2026-06-24 02:07:43.824 10 INFO neutron.wsgi [None req-015e7f7f-d214-4961-a130-4f39757f1b1b 9d0b139e05fe4f71941c5969df5cbe55 3d9e7d3d28074813a6743ac073a2b87f - - default default] 10.0.0.146 "GET /v2.0/extensions/segments-peer-subnet-host-routes HTTP/1.1" status: 200 len: 427 time: 0.0051663
2026-06-24 02:07:43.837 10 INFO neutron.wsgi [None req-50726730-5171-461b-a229-907323201004 9d0b139e05fe4f71941c5969df5cbe55 3d9e7d3d28074813a6743ac073a2b87f - - default default] 10.0.0.146 "GET /v2.0/extensions/service-type HTTP/1.1" status: 200 len: 415 time: 0.0070119
2026-06-24 02:07:43.846 10 INFO neutron.wsgi [None req-ba27aa90-bf71-4e8d-8ffa-5641528d472a 9d0b139e05fe4f71941c5969df5cbe55 3d9e7d3d28074813a6743ac073a2b87f - - default default] 10.0.0.146 "GET /v2.0/extensions/sorting HTTP/1.1" status: 200 len: 377 time: 0.0050128
2026-06-24 02:07:43.856 10 INFO neutron.wsgi [None req-1efd1e12-7093-400c-a76a-0dd1ac07c38e 9d0b139e05fe4f71941c5969df5cbe55 3d9e7d3d28074813a6743ac073a2b87f - - default default] 10.0.0.146 "GET /v2.0/extensions/standard-attr-segment HTTP/1.1" status: 200 len: 406 time: 0.0056069
2026-06-24 02:07:43.865 10 INFO neutron.wsgi [None req-4afedd38-182d-4e69-b34b-bde05fd89f36 9d0b139e05fe4f71941c5969df5cbe55 3d9e7d3d28074813a6743ac073a2b87f - - default default] 10.0.0.146 "GET /v2.0/extensions/standard-attr-description HTTP/1.1" status: 200 len: 408 time: 0.0061984
2026-06-24 02:07:43.872 10 INFO neutron.wsgi [None req-e6dc07ab-4b8c-4549-9e4f-2bdac7ea7b63 9d0b139e05fe4f71941c5969df5cbe55 3d9e7d3d28074813a6743ac073a2b87f - - default default] 10.0.0.146 "GET /v2.0/extensions/stateful-security-group HTTP/1.1" status: 200 len: 402 time: 0.0034130
2026-06-24 02:07:43.879 10 INFO neutron.wsgi [None req-9563bdc3-c863-491c-ab66-69f8a8a1a0fc 9d0b139e05fe4f71941c5969df5cbe55 3d9e7d3d28074813a6743ac073a2b87f - - default default] 10.0.0.146 "GET /v2.0/extensions/subnet-dns-publish-fixed-ip HTTP/1.1" status: 200 len: 421 time: 0.0032368
2026-06-24 02:07:43.885 10 INFO neutron.wsgi [None req-76d8cef4-473a-4a2f-8ba3-89e16e00bb24 9d0b139e05fe4f71941c5969df5cbe55 3d9e7d3d28074813a6743ac073a2b87f - - default default] 10.0.0.146 "GET /v2.0/extensions/subnet-segmentid-writable HTTP/1.1" status: 200 len: 421 time: 0.0042565
2026-06-24 02:07:43.895 10 INFO neutron.wsgi [None req-dcfd2b5d-bd82-423c-8917-9a6a7d7b8c70 9d0b139e05fe4f71941c5969df5cbe55 3d9e7d3d28074813a6743ac073a2b87f - - default default] 10.0.0.146 "GET /v2.0/extensions/subnet-service-types HTTP/1.1" status: 200 len: 400 time: 0.0053432
2026-06-24 02:07:43.897 9 INFO neutron.db.ovn_revision_numbers_db [None req-18ad88ff-cc8b-4b9f-84ee-3b60ad7a252f - - - - - -] Successfully bumped revision number for resource aa7747c6-d523-4a19-a63a-a547fd950187 (type: router_ports) to 2
2026-06-24 02:07:43.905 10 INFO neutron.wsgi [None req-ee2cad4a-0935-4bc6-af03-9b7b7fc90ee3 9d0b139e05fe4f71941c5969df5cbe55 3d9e7d3d28074813a6743ac073a2b87f - - default default] 10.0.0.146 "GET /v2.0/extensions/subnet_allocation HTTP/1.1" status: 200 len: 388 time: 0.0052760
2026-06-24 02:07:43.914 10 INFO neutron.wsgi [None req-40e35fcf-92fe-4811-bcf5-618c13446876 9d0b139e05fe4f71941c5969df5cbe55 3d9e7d3d28074813a6743ac073a2b87f - - default default] 10.0.0.146 "GET /v2.0/extensions/subnetpool-prefix-ops HTTP/1.1" status: 200 len: 418 time: 0.0049272
2026-06-24 02:07:43.922 10 INFO neutron.wsgi [None req-ac4bbcb1-25bf-424b-b537-723f1e289d4d 9d0b139e05fe4f71941c5969df5cbe55 3d9e7d3d28074813a6743ac073a2b87f - - default default] 10.0.0.146 "GET /v2.0/extensions/standard-attr-tag HTTP/1.1" status: 200 len: 537 time: 0.0051103
2026-06-24 02:07:43.930 10 INFO neutron.wsgi [None req-a96b157c-6deb-4bbc-abd7-cd2b61bc12a0 9d0b139e05fe4f71941c5969df5cbe55 3d9e7d3d28074813a6743ac073a2b87f - - default default] 10.0.0.146 "GET /v2.0/extensions/standard-attr-timestamp HTTP/1.1" status: 200 len: 449 time: 0.0042171
2026-06-24 02:07:43.936 10 INFO neutron.wsgi [None req-2b410727-c25c-4644-886c-96440fa1755e 9d0b139e05fe4f71941c5969df5cbe55 3d9e7d3d28074813a6743ac073a2b87f - - default default] 10.0.0.146 "GET /v2.0/extensions/trunk HTTP/1.1" status: 200 len: 358 time: 0.0033870
2026-06-24 02:07:43.943 10 INFO neutron.wsgi [None req-caeabb40-b394-42e5-aaad-bf58a2d44be9 9d0b139e05fe4f71941c5969df5cbe55 3d9e7d3d28074813a6743ac073a2b87f - - default default] 10.0.0.146 "GET /v2.0/extensions/trunk-details HTTP/1.1" status: 200 len: 362 time: 0.0033669
2026-06-24 02:07:44.035 9 INFO neutron.db.ovn_revision_numbers_db [None req-df04184a-646e-4bae-b1c1-a754bcdf5ac5 - - - - - -] Successfully bumped revision number for resource ae6e4047-ceda-4b7f-9344-93eba05e2abe (type: ports) to 4
2026-06-24 02:07:44.125 9 INFO neutron.notifiers.nova [-] Nova event matching ['req-7e860875-6d94-4854-97bb-57d253a749d3'] response: {'server_uuid': 'eee3f270-6734-49ab-8a6d-568f8b35c7e8', 'name': 'network-vif-plugged', 'status': 'completed', 'tag': '9fb7c3a6-5396-49f5-84ad-b340d7125608', 'code': 200}
2026-06-24 02:07:44.126 9 INFO neutron.notifiers.nova [-] Nova event matching ['req-7e860875-6d94-4854-97bb-57d253a749d3'] response: {'server_uuid': 'eee3f270-6734-49ab-8a6d-568f8b35c7e8', 'name': 'network-vif-plugged', 'status': 'completed', 'tag': '9fb7c3a6-5396-49f5-84ad-b340d7125608', 'code': 200}
2026-06-24 02:07:44.319 9 INFO neutron.db.ovn_revision_numbers_db [None req-df04184a-646e-4bae-b1c1-a754bcdf5ac5 - - - - - -] Successfully bumped revision number for resource ae6e4047-ceda-4b7f-9344-93eba05e2abe (type: router_ports) to 4
2026-06-24 02:07:44.366 9 INFO neutron.wsgi [req-de8c91b9-0aca-4ead-9772-c65834985d67 req-bc73d7d4-774a-4e45-bcb4-7fc1540ecaf0 a1035f3e5e584e2c8276c199646cf17c dec37d4d35e5487b8074b1429a1fac98 - - default default] 10.0.0.190 "GET /v2.0/ports?device_id=eee3f270-6734-49ab-8a6d-568f8b35c7e8 HTTP/1.1" status: 200 len: 1170 time: 0.0604706
2026-06-24 02:07:44.403 9 INFO neutron.wsgi [req-de8c91b9-0aca-4ead-9772-c65834985d67 req-82de6de5-831e-4c71-bc1b-ab51997d81c9 a1035f3e5e584e2c8276c199646cf17c dec37d4d35e5487b8074b1429a1fac98 - - default default] 10.0.0.190 "GET /v2.0/security-groups?id=6411b896-fba1-4caf-9580-887bf510d434&fields=id&fields=name HTTP/1.1" status: 200 len: 313 time: 0.0308092
2026-06-24 02:07:44.504 9 INFO neutron.db.ovn_revision_numbers_db [req-86362597-10f4-4ff3-ab4e-33cb8c204075 req-a31d3d4e-b5cf-433b-91f5-5291cb8d3a91 6c83ba8ebb424090a29e7c32683a5156 6fd839dcd17043d2bd1ec768b24ad4cc - - default default] Successfully bumped revision number for resource 067ecf79-f779-4d67-9fe6-ce944913befc (type: security_groups) to 1
2026-06-24 02:07:44.521 9 INFO neutron.db.ovn_revision_numbers_db [req-86362597-10f4-4ff3-ab4e-33cb8c204075 req-a31d3d4e-b5cf-433b-91f5-5291cb8d3a91 6c83ba8ebb424090a29e7c32683a5156 6fd839dcd17043d2bd1ec768b24ad4cc - - default default] Successfully bumped revision number for resource 724a02d7-34d9-48ea-a695-ecf6354ca8f5 (type: security_group_rules) to 0
2026-06-24 02:07:44.533 9 INFO neutron.db.ovn_revision_numbers_db [req-86362597-10f4-4ff3-ab4e-33cb8c204075 req-a31d3d4e-b5cf-433b-91f5-5291cb8d3a91 6c83ba8ebb424090a29e7c32683a5156 6fd839dcd17043d2bd1ec768b24ad4cc - - default default] Successfully bumped revision number for resource da70075e-7699-4e5c-ba71-6dddb1b2fc18 (type: security_group_rules) to 0
2026-06-24 02:07:44.551 9 INFO neutron.wsgi [req-86362597-10f4-4ff3-ab4e-33cb8c204075 req-a31d3d4e-b5cf-433b-91f5-5291cb8d3a91 6c83ba8ebb424090a29e7c32683a5156 6fd839dcd17043d2bd1ec768b24ad4cc - - default default] 10.0.0.190 "POST /v2.0/security-groups HTTP/1.1" status: 201 len: 1822 time: 0.1418233
2026-06-24 02:07:44.646 10 INFO neutron.db.ovn_revision_numbers_db [None req-f551acfd-c393-489c-9423-23a59c03b4bf a24861d46242441ab46d0ebd120db796 4145243cb21a40398cc51ef29dfbdc09 - - default default] Successfully bumped revision number for resource a6eff9ae-5d48-4ca9-9a9d-1a9c0393d912 (type: security_groups) to 1
2026-06-24 02:07:44.661 10 INFO neutron.db.ovn_revision_numbers_db [None req-f551acfd-c393-489c-9423-23a59c03b4bf a24861d46242441ab46d0ebd120db796 4145243cb21a40398cc51ef29dfbdc09 - - default default] Successfully bumped revision number for resource 6ea422b2-b721-41b7-8b81-e876bdac6396 (type: security_group_rules) to 0
2026-06-24 02:07:44.679 10 INFO neutron.db.ovn_revision_numbers_db [None req-f551acfd-c393-489c-9423-23a59c03b4bf a24861d46242441ab46d0ebd120db796 4145243cb21a40398cc51ef29dfbdc09 - - default default] Successfully bumped revision number for resource 71bbe8c9-396b-4940-b202-8710779a2093 (type: security_group_rules) to 0
2026-06-24 02:07:44.696 10 INFO neutron.db.ovn_revision_numbers_db [None req-f551acfd-c393-489c-9423-23a59c03b4bf a24861d46242441ab46d0ebd120db796 4145243cb21a40398cc51ef29dfbdc09 - - default default] Successfully bumped revision number for resource 8912c78d-b643-49fb-ac43-9150300c4cc3 (type: security_group_rules) to 0
2026-06-24 02:07:44.707 9 INFO neutron.db.ovn_revision_numbers_db [req-b7885cbf-cf64-4015-b624-848b0d06989d req-da894995-80ff-4f39-ab9d-e70f21178b25 6c83ba8ebb424090a29e7c32683a5156 6fd839dcd17043d2bd1ec768b24ad4cc - - default default] Successfully bumped revision number for resource 1e04c759-af61-4c4c-b9b6-0192e7056356 (type: security_groups) to 1
2026-06-24 02:07:44.721 10 INFO neutron.db.ovn_revision_numbers_db [None req-f551acfd-c393-489c-9423-23a59c03b4bf a24861d46242441ab46d0ebd120db796 4145243cb21a40398cc51ef29dfbdc09 - - default default] Successfully bumped revision number for resource ef8d265e-8808-4f0b-afc9-8b1afc601b7d (type: security_group_rules) to 0
2026-06-24 02:07:44.730 9 INFO neutron.db.ovn_revision_numbers_db [req-b7885cbf-cf64-4015-b624-848b0d06989d req-da894995-80ff-4f39-ab9d-e70f21178b25 6c83ba8ebb424090a29e7c32683a5156 6fd839dcd17043d2bd1ec768b24ad4cc - - default default] Successfully bumped revision number for resource a942d2cf-5cee-403c-8e28-18c259690159 (type: security_group_rules) to 0
2026-06-24 02:07:44.751 9 INFO neutron.db.ovn_revision_numbers_db [req-b7885cbf-cf64-4015-b624-848b0d06989d req-da894995-80ff-4f39-ab9d-e70f21178b25 6c83ba8ebb424090a29e7c32683a5156 6fd839dcd17043d2bd1ec768b24ad4cc - - default default] Successfully bumped revision number for resource e8c53bf4-0a26-4643-af33-d08cf5eb9784 (type: security_group_rules) to 0
2026-06-24 02:07:44.761 10 INFO neutron.wsgi [None req-f551acfd-c393-489c-9423-23a59c03b4bf a24861d46242441ab46d0ebd120db796 4145243cb21a40398cc51ef29dfbdc09 - - default default] 10.0.0.146 "GET /v2.0/security-groups?tenant_id=3d9e7d3d28074813a6743ac073a2b87f&name=default HTTP/1.1" status: 200 len: 2996 time: 0.3331842
2026-06-24 02:07:44.782 9 INFO neutron.wsgi [req-b7885cbf-cf64-4015-b624-848b0d06989d req-da894995-80ff-4f39-ab9d-e70f21178b25 6c83ba8ebb424090a29e7c32683a5156 6fd839dcd17043d2bd1ec768b24ad4cc - - default default] 10.0.0.190 "POST /v2.0/security-groups HTTP/1.1" status: 201 len: 1822 time: 0.2044013
2026-06-24 02:07:44.947 9 INFO neutron.db.ovn_revision_numbers_db [req-48588461-ccb2-4a00-8269-9b571e4ca6a1 req-dabade95-8ff6-4293-9c35-4a75563f79a3 6c83ba8ebb424090a29e7c32683a5156 6fd839dcd17043d2bd1ec768b24ad4cc - - default default] Successfully bumped revision number for resource e313d646-1f28-4050-8160-0d444fd80bf2 (type: security_groups) to 1
2026-06-24 02:07:44.963 9 INFO neutron.db.ovn_revision_numbers_db [req-48588461-ccb2-4a00-8269-9b571e4ca6a1 req-dabade95-8ff6-4293-9c35-4a75563f79a3 6c83ba8ebb424090a29e7c32683a5156 6fd839dcd17043d2bd1ec768b24ad4cc - - default default] Successfully bumped revision number for resource 0bf84aca-06fe-4a5e-ad41-1b361bb60262 (type: security_group_rules) to 0
2026-06-24 02:07:44.979 9 INFO neutron.db.ovn_revision_numbers_db [req-48588461-ccb2-4a00-8269-9b571e4ca6a1 req-dabade95-8ff6-4293-9c35-4a75563f79a3 6c83ba8ebb424090a29e7c32683a5156 6fd839dcd17043d2bd1ec768b24ad4cc - - default default] Successfully bumped revision number for resource a4439dd5-d245-4ed2-be2a-ff4e0e3885da (type: security_group_rules) to 0
2026-06-24 02:07:45.013 9 INFO neutron.wsgi [req-48588461-ccb2-4a00-8269-9b571e4ca6a1 req-dabade95-8ff6-4293-9c35-4a75563f79a3 6c83ba8ebb424090a29e7c32683a5156 6fd839dcd17043d2bd1ec768b24ad4cc - - default default] 10.0.0.190 "POST /v2.0/security-groups HTTP/1.1" status: 201 len: 1821 time: 0.2023845
2026-06-24 02:07:45.014 10 INFO neutron.wsgi [None req-77424d7b-4b35-465e-91fd-2016aafa163b a24861d46242441ab46d0ebd120db796 4145243cb21a40398cc51ef29dfbdc09 - - default default] 10.0.0.146 "DELETE /v2.0/security-groups/a6eff9ae-5d48-4ca9-9a9d-1a9c0393d912 HTTP/1.1" status: 204 len: 168 time: 0.2454536
2026-06-24 02:07:45.102 9 INFO neutron.wsgi [req-22dfba8d-7d7e-4099-96b5-7610a306868d req-00d4b802-9297-4d16-9ecd-f2ef682d7018 6c83ba8ebb424090a29e7c32683a5156 6fd839dcd17043d2bd1ec768b24ad4cc - - default default] 10.0.0.190 "GET /v2.0/security-groups?tenant_id=6fd839dcd17043d2bd1ec768b24ad4cc HTTP/1.1" status: 200 len: 7797 time: 0.0627849
2026-06-24 02:07:45.152 9 INFO neutron.wsgi [req-22dfba8d-7d7e-4099-96b5-7610a306868d req-2cc50ea7-0046-4161-a62f-c837ced9993e 6c83ba8ebb424090a29e7c32683a5156 6fd839dcd17043d2bd1ec768b24ad4cc - - default default] 10.0.0.190 "GET /v2.0/security-groups/7e725134-8b1b-4cb2-8832-576fe37f6ea2 HTTP/1.1" status: 200 len: 2998 time: 0.0422454
2026-06-24 02:07:45.193 9 INFO neutron.wsgi [req-22dfba8d-7d7e-4099-96b5-7610a306868d req-f57dca6d-72a9-4765-8d31-dadccf556617 6c83ba8ebb424090a29e7c32683a5156 6fd839dcd17043d2bd1ec768b24ad4cc - - default default] 10.0.0.190 "GET /v2.0/security-groups/7e725134-8b1b-4cb2-8832-576fe37f6ea2 HTTP/1.1" status: 200 len: 2998 time: 0.0339386
2026-06-24 02:07:45.268 9 INFO neutron.wsgi [req-06cb6d0f-c274-49be-81e8-42bb8c7b4a5f req-d6f5799b-160c-4149-84fc-92215f18e4e9 6c83ba8ebb424090a29e7c32683a5156 6fd839dcd17043d2bd1ec768b24ad4cc - - default default] 10.0.0.190 "GET /v2.0/security-groups/067ecf79-f779-4d67-9fe6-ce944913befc HTTP/1.1" status: 200 len: 1817 time: 0.0419340
2026-06-24 02:07:45.386 9 INFO neutron.wsgi [req-06cb6d0f-c274-49be-81e8-42bb8c7b4a5f req-e30f962c-7148-4d86-bb54-83f9d43884ac 6c83ba8ebb424090a29e7c32683a5156 6fd839dcd17043d2bd1ec768b24ad4cc - - default default] 10.0.0.190 "DELETE /v2.0/security-groups/067ecf79-f779-4d67-9fe6-ce944913befc HTTP/1.1" status: 204 len: 173 time: 0.1086466
2026-06-24 02:07:45.420 9 INFO neutron.api.v2.resource [req-fa2c749b-e369-43d9-bc73-4774adc6bd62 req-20ded5e9-5df3-4bb5-98ea-748aeee47b4f 6c83ba8ebb424090a29e7c32683a5156 6fd839dcd17043d2bd1ec768b24ad4cc - - default default] show failed (client error): The resource could not be found.
2026-06-24 02:07:45.422 9 INFO neutron.wsgi [req-fa2c749b-e369-43d9-bc73-4774adc6bd62 req-20ded5e9-5df3-4bb5-98ea-748aeee47b4f 6c83ba8ebb424090a29e7c32683a5156 6fd839dcd17043d2bd1ec768b24ad4cc - - default default] 10.0.0.190 "GET /v2.0/security-groups/067ecf79-f779-4d67-9fe6-ce944913befc HTTP/1.1" status: 404 len: 352 time: 0.0144138
2026-06-24 02:07:45.503 9 INFO neutron.wsgi [req-607433f2-ef52-4b3f-9b14-ad3d919f6b51 req-32aa442a-577c-46bd-a2b5-cb8854b3bfe8 6c83ba8ebb424090a29e7c32683a5156 6fd839dcd17043d2bd1ec768b24ad4cc - - default default] 10.0.0.190 "GET /v2.0/security-groups/1e04c759-af61-4c4c-b9b6-0192e7056356 HTTP/1.1" status: 200 len: 1817 time: 0.0559428
2026-06-24 02:07:45.562 9 INFO neutron.wsgi [req-589ce6bd-4d76-4d92-9cda-6cc7298d8c26 req-b40d704d-06c6-4498-81b0-6f1a87c9ddcc a1035f3e5e584e2c8276c199646cf17c dec37d4d35e5487b8074b1429a1fac98 - - default default] 10.0.0.190 "GET /v2.0/ports?device_id=eee3f270-6734-49ab-8a6d-568f8b35c7e8 HTTP/1.1" status: 200 len: 1170 time: 0.0830872
2026-06-24 02:07:45.611 9 INFO neutron.wsgi [req-589ce6bd-4d76-4d92-9cda-6cc7298d8c26 req-c7bccf4f-9cb0-44b8-932f-fcbad6fb59ed a1035f3e5e584e2c8276c199646cf17c dec37d4d35e5487b8074b1429a1fac98 - - default default] 10.0.0.190 "GET /v2.0/security-groups?id=6411b896-fba1-4caf-9580-887bf510d434&fields=id&fields=name HTTP/1.1" status: 200 len: 313 time: 0.0419500
2026-06-24 02:07:45.674 9 INFO neutron.wsgi [req-607433f2-ef52-4b3f-9b14-ad3d919f6b51 req-7a6fbe0e-35be-4dae-b71d-30c030d1dd09 6c83ba8ebb424090a29e7c32683a5156 6fd839dcd17043d2bd1ec768b24ad4cc - - default default] 10.0.0.190 "DELETE /v2.0/security-groups/1e04c759-af61-4c4c-b9b6-0192e7056356 HTTP/1.1" status: 204 len: 173 time: 0.1588435
2026-06-24 02:07:45.734 9 INFO neutron.wsgi [req-bc5b0a07-c555-4d1b-8d4d-95b407c56b85 req-d42a3e40-447a-4113-b4b0-525a61661833 a1035f3e5e584e2c8276c199646cf17c dec37d4d35e5487b8074b1429a1fac98 - - default default] 10.0.0.190 "GET /v2.0/ports?device_id=eee3f270-6734-49ab-8a6d-568f8b35c7e8 HTTP/1.1" status: 200 len: 1170 time: 0.0556421
2026-06-24 02:07:45.740 9 INFO neutron.api.v2.resource [req-64557d39-ebae-4da5-a8a1-a143bcffbf61 req-d50e53cd-ea70-4404-bec6-ea7cd916b667 6c83ba8ebb424090a29e7c32683a5156 6fd839dcd17043d2bd1ec768b24ad4cc - - default default] show failed (client error): The resource could not be found.
2026-06-24 02:07:45.741 9 INFO neutron.wsgi [req-64557d39-ebae-4da5-a8a1-a143bcffbf61 req-d50e53cd-ea70-4404-bec6-ea7cd916b667 6c83ba8ebb424090a29e7c32683a5156 6fd839dcd17043d2bd1ec768b24ad4cc - - default default] 10.0.0.190 "GET /v2.0/security-groups/1e04c759-af61-4c4c-b9b6-0192e7056356 HTTP/1.1" status: 404 len: 352 time: 0.0345728
2026-06-24 02:07:45.818 9 INFO neutron.wsgi [req-8a7d9c65-25b4-43e6-817f-77e23fac69f9 req-437965ef-8426-4803-8d5d-9adfc9bde941 6c83ba8ebb424090a29e7c32683a5156 6fd839dcd17043d2bd1ec768b24ad4cc - - default default] 10.0.0.190 "GET /v2.0/security-groups/e313d646-1f28-4050-8160-0d444fd80bf2 HTTP/1.1" status: 200 len: 1816 time: 0.0534234
2026-06-24 02:07:46.002 9 INFO neutron.wsgi [req-8a7d9c65-25b4-43e6-817f-77e23fac69f9 req-4eccbda8-356a-4698-b430-03189978a0c2 6c83ba8ebb424090a29e7c32683a5156 6fd839dcd17043d2bd1ec768b24ad4cc - - default default] 10.0.0.190 "DELETE /v2.0/security-groups/e313d646-1f28-4050-8160-0d444fd80bf2 HTTP/1.1" status: 204 len: 173 time: 0.1792889
2026-06-24 02:07:46.039 9 INFO neutron.api.v2.resource [req-74ea228f-2552-4aa2-b851-e6a2935156be req-f594b5fc-fe50-4daf-812d-005a89122b6a 6c83ba8ebb424090a29e7c32683a5156 6fd839dcd17043d2bd1ec768b24ad4cc - - default default] show failed (client error): The resource could not be found.
2026-06-24 02:07:46.041 9 INFO neutron.wsgi [req-74ea228f-2552-4aa2-b851-e6a2935156be req-f594b5fc-fe50-4daf-812d-005a89122b6a 6c83ba8ebb424090a29e7c32683a5156 6fd839dcd17043d2bd1ec768b24ad4cc - - default default] 10.0.0.190 "GET /v2.0/security-groups/e313d646-1f28-4050-8160-0d444fd80bf2 HTTP/1.1" status: 404 len: 352 time: 0.0153055
2026-06-24 02:07:46.125 9 INFO neutron.wsgi [req-42d5cb7a-e843-4603-8c4c-d88d03984d59 req-0dfdc84c-848b-4a8e-b620-7668752aa1b9 6c83ba8ebb424090a29e7c32683a5156 6fd839dcd17043d2bd1ec768b24ad4cc - - default default] 10.0.0.190 "GET /v2.0/security-groups?tenant_id=6fd839dcd17043d2bd1ec768b24ad4cc HTTP/1.1" status: 200 len: 3001 time: 0.0557604
2026-06-24 02:07:46.151 10 INFO neutron.db.l3_db [None req-a9ae26a9-24f9-4fa5-b34f-5e919d08f0ab a1035f3e5e584e2c8276c199646cf17c dec37d4d35e5487b8074b1429a1fac98 - - default default] Floating IP c7bf72e2-a83f-463c-a6dc-4ee5b08e31b8 associated. External IP: 10.96.250.204, port: 9fb7c3a6-5396-49f5-84ad-b340d7125608.
2026-06-24 02:07:46.175 9 INFO neutron.wsgi [req-42d5cb7a-e843-4603-8c4c-d88d03984d59 req-522ca1cf-0e1e-4708-8c89-aa3e170460ea 6c83ba8ebb424090a29e7c32683a5156 6fd839dcd17043d2bd1ec768b24ad4cc - - default default] 10.0.0.190 "GET /v2.0/security-groups/7e725134-8b1b-4cb2-8832-576fe37f6ea2 HTTP/1.1" status: 200 len: 2998 time: 0.0414310
2026-06-24 02:07:46.230 9 INFO neutron.wsgi [req-42d5cb7a-e843-4603-8c4c-d88d03984d59 req-ae3deebb-9c94-42a3-a97d-6eef0e8cb931 6c83ba8ebb424090a29e7c32683a5156 6fd839dcd17043d2bd1ec768b24ad4cc - - default default] 10.0.0.190 "GET /v2.0/security-groups/7e725134-8b1b-4cb2-8832-576fe37f6ea2 HTTP/1.1" status: 200 len: 2998 time: 0.0461748
2026-06-24 02:07:46.269 9 INFO neutron.api.v2.resource [req-933d83d0-29b7-42d7-ae9d-79c9718fe008 req-82f122b0-d422-4746-b31f-f86aa82ed8f4 6c83ba8ebb424090a29e7c32683a5156 6fd839dcd17043d2bd1ec768b24ad4cc - - default default] show failed (client error): The resource could not be found.
2026-06-24 02:07:46.271 9 INFO neutron.wsgi [req-933d83d0-29b7-42d7-ae9d-79c9718fe008 req-82f122b0-d422-4746-b31f-f86aa82ed8f4 6c83ba8ebb424090a29e7c32683a5156 6fd839dcd17043d2bd1ec768b24ad4cc - - default default] 10.0.0.190 "GET /v2.0/security-groups/e313d646-1f28-4050-8160-0d444fd80bf2 HTTP/1.1" status: 404 len: 352 time: 0.0159974
2026-06-24 02:07:46.301 9 INFO neutron.api.v2.resource [req-a699a3da-6fb9-4b2d-b116-6b3b51592604 req-a1441da3-2fa1-44d4-a5fd-62ad1e55eff7 6c83ba8ebb424090a29e7c32683a5156 6fd839dcd17043d2bd1ec768b24ad4cc - - default default] show failed (client error): The resource could not be found.
2026-06-24 02:07:46.303 9 INFO neutron.wsgi [req-a699a3da-6fb9-4b2d-b116-6b3b51592604 req-a1441da3-2fa1-44d4-a5fd-62ad1e55eff7 6c83ba8ebb424090a29e7c32683a5156 6fd839dcd17043d2bd1ec768b24ad4cc - - default default] 10.0.0.190 "GET /v2.0/security-groups/1e04c759-af61-4c4c-b9b6-0192e7056356 HTTP/1.1" status: 404 len: 352 time: 0.0127106
