2026-06-24 02:07:33.449 9 INFO neutron.wsgi [req-72f76532-c4f5-45e3-bb25-0e700bbc0d6b req-37e6f177-cf37-47d9-973b-da9078a59509 bf9276a4f02f43a386b0a3761fa69b70 35dd2e44278b4a2cbda917f8d2bf9541 - - default default] 10.0.0.190 "GET /v2.0/quotas/35dd2e44278b4a2cbda917f8d2bf9541 HTTP/1.1" status: 200 len: 386 time: 0.0110130
2026-06-24 02:07:33.520 9 WARNING neutron.scheduler.dhcp_agent_scheduler [req-aaa940f5-c344-4748-94c7-50185e9c9305 req-7d546284-d5a2-4319-ae6b-db535bfb5a6e a1035f3e5e584e2c8276c199646cf17c dec37d4d35e5487b8074b1429a1fac98 - - default default] No more DHCP agents
2026-06-24 02:07:33.529 9 WARNING neutron.api.rpc.agentnotifiers.dhcp_rpc_agent_api [req-aaa940f5-c344-4748-94c7-50185e9c9305 req-7d546284-d5a2-4319-ae6b-db535bfb5a6e a1035f3e5e584e2c8276c199646cf17c dec37d4d35e5487b8074b1429a1fac98 - - default default] Unable to schedule network 46dbb1a2-1148-4f21-ad29-53f50aff71e4: no agents available; will retry on subsequent port and subnet creation events. /var/lib/openstack/lib/python3.10/site-packages/pycadf/identifier.py:71: UserWarning: Invalid uuid: neutron. To ensure interoperability, identifiers should be a valid uuid. warnings.warn(('Invalid uuid: %s. To ensure interoperability, '
2026-06-24 02:07:33.554 9 INFO neutron.wsgi [None req-95a1a3e1-05db-4b59-af84-8ce26443d87b a24861d46242441ab46d0ebd120db796 4145243cb21a40398cc51ef29dfbdc09 - - default default] 10.0.0.146 "DELETE /v2.0/security-groups/4b1428a2-f7a3-4c99-b497-12f03e3361e2 HTTP/1.1" status: 204 len: 168 time: 0.6962249
2026-06-24 02:07:33.650 9 INFO neutron.wsgi [req-72f76532-c4f5-45e3-bb25-0e700bbc0d6b req-a0e7d69c-5e95-4668-9341-f3f9c53cea52 bf9276a4f02f43a386b0a3761fa69b70 35dd2e44278b4a2cbda917f8d2bf9541 - - default default] 10.0.0.190 "GET /v2.0/ports?tenant_id=35dd2e44278b4a2cbda917f8d2bf9541&fields=id HTTP/1.1" status: 200 len: 302 time: 0.1958916
2026-06-24 02:07:33.662 9 INFO neutron.wsgi [req-b2b22401-6aae-476d-94b6-76350d765c27 req-5e0abd2b-026c-4d97-a338-091fd5f70494 a1035f3e5e584e2c8276c199646cf17c dec37d4d35e5487b8074b1429a1fac98 - - default default] 10.0.0.190 "GET /v2.0/ports?device_id=eee3f270-6734-49ab-8a6d-568f8b35c7e8 HTTP/1.1" status: 200 len: 1156 time: 0.1373522
2026-06-24 02:07:33.746 10 INFO neutron.wsgi [None req-12ddefd8-96f2-4915-8d71-3186d13bf02b a24861d46242441ab46d0ebd120db796 4145243cb21a40398cc51ef29dfbdc09 - - default default] 10.0.0.146 "DELETE /v2.0/routers/6434bc03-3212-4f19-bd32-9f7697a500d3 HTTP/1.1" status: 204 len: 168 time: 0.7395639
2026-06-24 02:07:33.754 9 INFO neutron.wsgi [req-b2b22401-6aae-476d-94b6-76350d765c27 req-8913ac3c-cac1-4225-8e11-61b84bcf3f48 a1035f3e5e584e2c8276c199646cf17c dec37d4d35e5487b8074b1429a1fac98 - - default default] 10.0.0.190 "GET /v2.0/security-groups?id=6411b896-fba1-4caf-9580-887bf510d434&fields=id&fields=name HTTP/1.1" status: 200 len: 313 time: 0.0809739
2026-06-24 02:07:33.824 9 INFO neutron.db.ovn_revision_numbers_db [req-aaa940f5-c344-4748-94c7-50185e9c9305 req-7d546284-d5a2-4319-ae6b-db535bfb5a6e a1035f3e5e584e2c8276c199646cf17c dec37d4d35e5487b8074b1429a1fac98 - - default default] Successfully bumped revision number for resource 9fb7c3a6-5396-49f5-84ad-b340d7125608 (type: ports) to 1
2026-06-24 02:07:33.845 9 INFO neutron.wsgi [req-aaa940f5-c344-4748-94c7-50185e9c9305 req-7d546284-d5a2-4319-ae6b-db535bfb5a6e a1035f3e5e584e2c8276c199646cf17c dec37d4d35e5487b8074b1429a1fac98 - - default default] 199.204.45.162 "POST /v2.0/ports HTTP/1.1" status: 201 len: 1158 time: 1.0775783
2026-06-24 02:07:33.858 9 INFO neutron.wsgi [req-aaa940f5-c344-4748-94c7-50185e9c9305 req-cd9fa5fd-793b-46a7-ac80-1ad413d373e3 a1035f3e5e584e2c8276c199646cf17c dec37d4d35e5487b8074b1429a1fac98 - - default default] 199.204.45.162 "GET /v2.0/extensions HTTP/1.1" status: 200 len: 16525 time: 0.0050278
2026-06-24 02:07:33.866 10 INFO neutron.db.ovn_revision_numbers_db [None req-37c2c25d-e9b9-41be-bd51-c848a6fdfb1b a24861d46242441ab46d0ebd120db796 4145243cb21a40398cc51ef29dfbdc09 - - default default] Successfully bumped revision number for resource ac2af1d9-fa78-4b13-aa17-1e826eaf4e5e (type: security_groups) to 1
2026-06-24 02:07:33.890 10 INFO neutron.db.ovn_revision_numbers_db [None req-37c2c25d-e9b9-41be-bd51-c848a6fdfb1b a24861d46242441ab46d0ebd120db796 4145243cb21a40398cc51ef29dfbdc09 - - default default] Successfully bumped revision number for resource 1d59170b-b536-4b5a-a3bc-898be3e1e302 (type: security_group_rules) to 0
2026-06-24 02:07:33.911 10 INFO neutron.db.ovn_revision_numbers_db [None req-37c2c25d-e9b9-41be-bd51-c848a6fdfb1b a24861d46242441ab46d0ebd120db796 4145243cb21a40398cc51ef29dfbdc09 - - default default] Successfully bumped revision number for resource 5174c24b-bf13-491c-992c-16b3b433240a (type: security_group_rules) to 0
2026-06-24 02:07:33.928 10 INFO neutron.db.ovn_revision_numbers_db [None req-37c2c25d-e9b9-41be-bd51-c848a6fdfb1b a24861d46242441ab46d0ebd120db796 4145243cb21a40398cc51ef29dfbdc09 - - default default] Successfully bumped revision number for resource 66e0671f-9c77-4726-9c71-9c9fd5b65252 (type: security_group_rules) to 0
2026-06-24 02:07:33.951 10 INFO neutron.db.ovn_revision_numbers_db [None req-37c2c25d-e9b9-41be-bd51-c848a6fdfb1b a24861d46242441ab46d0ebd120db796 4145243cb21a40398cc51ef29dfbdc09 - - default default] Successfully bumped revision number for resource b82e9da3-b17e-46eb-963a-509ad0ea857b (type: security_group_rules) to 0
2026-06-24 02:07:33.978 10 INFO neutron.wsgi [None req-bbe6c729-9386-4674-8055-64717dcd6313 a24861d46242441ab46d0ebd120db796 4145243cb21a40398cc51ef29dfbdc09 - - default default] 10.0.0.146 "DELETE /v2.0/subnets/16777cbc-75b8-4324-9075-9f8a9aaa4d10 HTTP/1.1" status: 204 len: 168 time: 0.2196834
2026-06-24 02:07:33.988 10 INFO neutron.wsgi [None req-37c2c25d-e9b9-41be-bd51-c848a6fdfb1b a24861d46242441ab46d0ebd120db796 4145243cb21a40398cc51ef29dfbdc09 - - default default] 10.0.0.146 "GET /v2.0/security-groups?tenant_id=19d94f3f0eb244a890bd7a6eb5a875b6&name=default HTTP/1.1" status: 200 len: 2996 time: 0.3454809
2026-06-24 02:07:34.094 9 INFO neutron.wsgi [req-72f76532-c4f5-45e3-bb25-0e700bbc0d6b req-b5ae37f3-56ea-4999-97be-40f3590dfc07 97fc5452f77d43fb9673c5f30d93091f de4366fd81b74c29b0add481c92be91c - - b3e860232bd54d29b059f60035ec0e3d b3e860232bd54d29b059f60035ec0e3d] 10.0.0.190 "GET /v2.0/extensions HTTP/1.1" status: 200 len: 16525 time: 0.0501523
2026-06-24 02:07:34.193 9 INFO neutron.wsgi [req-72f76532-c4f5-45e3-bb25-0e700bbc0d6b req-0966957e-5304-45f3-87a6-7a081e5439d6 97fc5452f77d43fb9673c5f30d93091f de4366fd81b74c29b0add481c92be91c - - b3e860232bd54d29b059f60035ec0e3d b3e860232bd54d29b059f60035ec0e3d] 10.0.0.190 "GET /v2.0/networks/12536651-413e-478e-b7d3-74918109c72f?fields=segments HTTP/1.1" status: 200 len: 212 time: 0.0898554
2026-06-24 02:07:34.279 9 INFO neutron.wsgi [req-72f76532-c4f5-45e3-bb25-0e700bbc0d6b req-aecaecdb-b6f0-4fdf-b7d1-dda5bea8f41f 97fc5452f77d43fb9673c5f30d93091f de4366fd81b74c29b0add481c92be91c - - b3e860232bd54d29b059f60035ec0e3d b3e860232bd54d29b059f60035ec0e3d] 10.0.0.190 "GET /v2.0/networks/12536651-413e-478e-b7d3-74918109c72f?fields=provider%3Aphysical_network&fields=provider%3Anetwork_type HTTP/1.1" status: 200 len: 277 time: 0.0796237
2026-06-24 02:07:34.301 9 INFO neutron.wsgi [None req-ce3e7f3c-fb6f-4d70-b2ae-576c0fcb6eee a24861d46242441ab46d0ebd120db796 4145243cb21a40398cc51ef29dfbdc09 - - default default] 10.0.0.146 "DELETE /v2.0/security-groups/ac2af1d9-fa78-4b13-aa17-1e826eaf4e5e HTTP/1.1" status: 204 len: 168 time: 0.3067555
2026-06-24 02:07:34.530 9 INFO neutron.wsgi [req-e32df4d6-47e6-4914-8748-514a2e50c763 req-b15aa8ae-98fb-44a5-8805-ba5212627155 bf9276a4f02f43a386b0a3761fa69b70 35dd2e44278b4a2cbda917f8d2bf9541 - - default default] 10.0.0.190 "GET /v2.0/ports?device_id=86bcfb1d-7445-481a-8a43-c8f053da54a6 HTTP/1.1" status: 200 len: 210 time: 0.0378211
2026-06-24 02:07:34.690 10 INFO neutron.wsgi [None req-8c1c48b2-6954-453c-aaa5-8811241f9795 a24861d46242441ab46d0ebd120db796 4145243cb21a40398cc51ef29dfbdc09 - - default default] 10.0.0.146 "DELETE /v2.0/networks/67491550-42f5-4012-ba0d-dbc50e735050 HTTP/1.1" status: 204 len: 168 time: 0.7051916
2026-06-24 02:07:34.728 9 INFO neutron.db.ovn_revision_numbers_db [req-aaa940f5-c344-4748-94c7-50185e9c9305 req-daae7032-d44b-4100-a824-dd47af8647ba 97fc5452f77d43fb9673c5f30d93091f de4366fd81b74c29b0add481c92be91c - - b3e860232bd54d29b059f60035ec0e3d b3e860232bd54d29b059f60035ec0e3d] Successfully bumped revision number for resource 9fb7c3a6-5396-49f5-84ad-b340d7125608 (type: ports) to 2
2026-06-24 02:07:34.977 10 INFO neutron.wsgi [None req-2439534a-c04e-4cca-9d9f-aa863d560ffa a24861d46242441ab46d0ebd120db796 4145243cb21a40398cc51ef29dfbdc09 - - default default] 10.0.0.146 "GET /v2.0/security-groups?tenant_id=4c8fd93f9dd845f0b760725584893a3c&name=default HTTP/1.1" status: 200 len: 2992 time: 0.0752275
2026-06-24 02:07:35.010 9 INFO neutron.db.ovn_revision_numbers_db [req-aaa940f5-c344-4748-94c7-50185e9c9305 req-daae7032-d44b-4100-a824-dd47af8647ba 97fc5452f77d43fb9673c5f30d93091f de4366fd81b74c29b0add481c92be91c - - b3e860232bd54d29b059f60035ec0e3d b3e860232bd54d29b059f60035ec0e3d] Successfully bumped revision number for resource 9fb7c3a6-5396-49f5-84ad-b340d7125608 (type: ports) to 2
2026-06-24 02:07:35.044 9 INFO neutron.wsgi [req-aaa940f5-c344-4748-94c7-50185e9c9305 req-daae7032-d44b-4100-a824-dd47af8647ba 97fc5452f77d43fb9673c5f30d93091f de4366fd81b74c29b0add481c92be91c - - b3e860232bd54d29b059f60035ec0e3d b3e860232bd54d29b059f60035ec0e3d] 199.204.45.162 "PUT /v2.0/ports/9fb7c3a6-5396-49f5-84ad-b340d7125608 HTTP/1.1" status: 200 len: 1376 time: 0.8822310 /var/lib/openstack/lib/python3.10/site-packages/pycadf/identifier.py:71: UserWarning: Invalid uuid: neutron. To ensure interoperability, identifiers should be a valid uuid. warnings.warn(('Invalid uuid: %s. To ensure interoperability, '
2026-06-24 02:07:35.166 10 INFO neutron.services.segments.plugin [-] Segment 56ccf431-e474-4296-988c-86f129111a88 resource provider aggregate not found
2026-06-24 02:07:35.172 9 INFO neutron.wsgi [req-aaa940f5-c344-4748-94c7-50185e9c9305 req-508f9efe-4e65-44a2-a976-01336d182898 97fc5452f77d43fb9673c5f30d93091f de4366fd81b74c29b0add481c92be91c - - b3e860232bd54d29b059f60035ec0e3d b3e860232bd54d29b059f60035ec0e3d] 199.204.45.162 "GET /v2.0/ports?tenant_id=dec37d4d35e5487b8074b1429a1fac98&device_id=eee3f270-6734-49ab-8a6d-568f8b35c7e8 HTTP/1.1" status: 200 len: 1407 time: 0.0843289
2026-06-24 02:07:35.176 10 INFO neutron.services.segments.plugin [-] Segment 56ccf431-e474-4296-988c-86f129111a88 resource provider aggregate not found
2026-06-24 02:07:35.193 10 INFO neutron.services.segments.plugin [-] Segment 56ccf431-e474-4296-988c-86f129111a88 resource provider not found; error: Placement Client Error (4xx): {"errors": [{"status": 404, "title": "Not Found", "detail": "The resource could not be found.\n\n No resource provider with uuid 56ccf431-e474-4296-988c-86f129111a88 found for delete ", "request_id": "req-213c060f-7e43-41dd-a626-5228a43b4146"}]}
2026-06-24 02:07:35.203 10 INFO neutron.services.segments.plugin [-] Segment 56ccf431-e474-4296-988c-86f129111a88 resource provider not found; error: Placement Client Error (4xx): {"errors": [{"status": 404, "title": "Not Found", "detail": "The resource could not be found.\n\n No resource provider with uuid 56ccf431-e474-4296-988c-86f129111a88 found for delete ", "request_id": "req-7062fb99-8526-4304-ab0f-9d6ecda445b6"}]}
2026-06-24 02:07:35.223 9 INFO neutron.wsgi [req-aaa940f5-c344-4748-94c7-50185e9c9305 req-b4c4f744-6ef1-4da5-b6ef-972ed8b4fa2c 97fc5452f77d43fb9673c5f30d93091f de4366fd81b74c29b0add481c92be91c - - b3e860232bd54d29b059f60035ec0e3d b3e860232bd54d29b059f60035ec0e3d] 199.204.45.162 "GET /v2.0/floatingips?fixed_ip_address=10.100.0.9&port_id=9fb7c3a6-5396-49f5-84ad-b340d7125608 HTTP/1.1" status: 200 len: 217 time: 0.0398927
2026-06-24 02:07:35.278 10 INFO neutron.wsgi [None req-30f962c7-3384-4bdb-a0ca-9753432664d3 a24861d46242441ab46d0ebd120db796 4145243cb21a40398cc51ef29dfbdc09 - - default default] 10.0.0.146 "DELETE /v2.0/security-groups/d382c88c-41fa-4e90-b7fa-2d8c5b47e96b HTTP/1.1" status: 204 len: 168 time: 0.2936847
2026-06-24 02:07:35.291 9 INFO neutron.wsgi [req-aaa940f5-c344-4748-94c7-50185e9c9305 req-fe54fbcf-c730-46bf-bf08-3dabd9f7c4f6 97fc5452f77d43fb9673c5f30d93091f de4366fd81b74c29b0add481c92be91c - - b3e860232bd54d29b059f60035ec0e3d b3e860232bd54d29b059f60035ec0e3d] 199.204.45.162 "GET /v2.0/subnets?id=08bd12c6-63cf-4146-bd2f-ecc8f83dc051 HTTP/1.1" status: 200 len: 862 time: 0.0588329
2026-06-24 02:07:35.295 9 INFO neutron.wsgi [req-c594a63f-7092-41c0-a2e6-1c49793ef682 req-8dc3fcda-fbbd-421b-bc09-3c6e71f54069 a1035f3e5e584e2c8276c199646cf17c dec37d4d35e5487b8074b1429a1fac98 - - default default] 10.0.0.190 "GET /v2.0/ports?device_id=eee3f270-6734-49ab-8a6d-568f8b35c7e8 HTTP/1.1" status: 200 len: 1168 time: 0.1948922
2026-06-24 02:07:35.345 9 INFO neutron.wsgi [req-aaa940f5-c344-4748-94c7-50185e9c9305 req-4ee9a582-3115-44b0-9dad-3d8da69f787b 97fc5452f77d43fb9673c5f30d93091f de4366fd81b74c29b0add481c92be91c - - b3e860232bd54d29b059f60035ec0e3d b3e860232bd54d29b059f60035ec0e3d] 199.204.45.162 "GET /v2.0/ports?network_id=46dbb1a2-1148-4f21-ad29-53f50aff71e4&device_owner=network%3Adhcp HTTP/1.1" status: 200 len: 210 time: 0.0458565
2026-06-24 02:07:35.380 9 INFO neutron.wsgi [req-c594a63f-7092-41c0-a2e6-1c49793ef682 req-3e31b1bb-3f35-4301-b8ba-dbac07cb33c9 a1035f3e5e584e2c8276c199646cf17c dec37d4d35e5487b8074b1429a1fac98 - - default default] 10.0.0.190 "GET /v2.0/security-groups?id=6411b896-fba1-4caf-9580-887bf510d434&fields=id&fields=name HTTP/1.1" status: 200 len: 313 time: 0.0774906
2026-06-24 02:07:35.454 9 INFO neutron.wsgi [req-aaa940f5-c344-4748-94c7-50185e9c9305 req-e194ca38-1386-41ff-ab4e-28d64964d95d 97fc5452f77d43fb9673c5f30d93091f de4366fd81b74c29b0add481c92be91c - - b3e860232bd54d29b059f60035ec0e3d b3e860232bd54d29b059f60035ec0e3d] 199.204.45.162 "GET /v2.0/networks/46dbb1a2-1148-4f21-ad29-53f50aff71e4?fields=segments HTTP/1.1" status: 200 len: 212 time: 0.0906327
2026-06-24 02:07:35.520 9 INFO neutron.wsgi [req-aaa940f5-c344-4748-94c7-50185e9c9305 req-2477bcb1-a193-4f0a-919e-6e4195ddf59b 97fc5452f77d43fb9673c5f30d93091f de4366fd81b74c29b0add481c92be91c - - b3e860232bd54d29b059f60035ec0e3d b3e860232bd54d29b059f60035ec0e3d] 199.204.45.162 "GET /v2.0/networks/46dbb1a2-1148-4f21-ad29-53f50aff71e4?fields=provider%3Aphysical_network&fields=provider%3Anetwork_type HTTP/1.1" status: 200 len: 277 time: 0.0611281
2026-06-24 02:07:35.625 9 INFO neutron.notifiers.nova [-] Nova event matching ['req-96e9138a-d2b3-44db-8657-d20a623d93cd'] response: {'name': 'network-changed', 'server_uuid': 'eee3f270-6734-49ab-8a6d-568f8b35c7e8', 'tag': '9fb7c3a6-5396-49f5-84ad-b340d7125608', 'status': 'completed', 'code': 200}
2026-06-24 02:07:35.664 9 INFO neutron.wsgi [req-49a4213e-894f-4d65-991e-16db5ae49985 req-a54eb96a-4a7a-455c-9245-e16d2f20f57f bf9276a4f02f43a386b0a3761fa69b70 35dd2e44278b4a2cbda917f8d2bf9541 - - default default] 10.0.0.190 "GET /v2.0/ports?device_id=86bcfb1d-7445-481a-8a43-c8f053da54a6 HTTP/1.1" status: 200 len: 210 time: 0.0448489
2026-06-24 02:07:35.700 9 INFO neutron.wsgi [req-1b5c88aa-f1b4-4e00-8ec0-f8c25b3d2a28 req-4d8f7868-9912-471d-a7db-ee8dd8082811 97fc5452f77d43fb9673c5f30d93091f de4366fd81b74c29b0add481c92be91c - - b3e860232bd54d29b059f60035ec0e3d b3e860232bd54d29b059f60035ec0e3d] 199.204.45.162 "GET /v2.0/ports?tenant_id=dec37d4d35e5487b8074b1429a1fac98&device_id=eee3f270-6734-49ab-8a6d-568f8b35c7e8 HTTP/1.1" status: 200 len: 1407 time: 0.0547571
2026-06-24 02:07:35.705 9 INFO neutron.wsgi [req-72f76532-c4f5-45e3-bb25-0e700bbc0d6b req-0e8af903-b6bd-4828-86b7-ac54ac5ede87 bf9276a4f02f43a386b0a3761fa69b70 35dd2e44278b4a2cbda917f8d2bf9541 - - default default] 199.204.45.162 "GET /v2.0/networks?id=12536651-413e-478e-b7d3-74918109c72f HTTP/1.1" status: 200 len: 883 time: 0.1174350
2026-06-24 02:07:35.795 9 INFO neutron.wsgi [req-72f76532-c4f5-45e3-bb25-0e700bbc0d6b req-b8ac4579-b789-4210-9932-430cf37ddf84 bf9276a4f02f43a386b0a3761fa69b70 35dd2e44278b4a2cbda917f8d2bf9541 - - default default] 199.204.45.162 "GET /v2.0/security-groups?fields=id&fields=name&tenant_id=35dd2e44278b4a2cbda917f8d2bf9541 HTTP/1.1" status: 200 len: 380 time: 0.0829568
2026-06-24 02:07:35.807 9 INFO neutron.wsgi [req-1b5c88aa-f1b4-4e00-8ec0-f8c25b3d2a28 req-e8184c57-b0cc-40bd-922b-0ddac7b919fa 97fc5452f77d43fb9673c5f30d93091f de4366fd81b74c29b0add481c92be91c - - b3e860232bd54d29b059f60035ec0e3d b3e860232bd54d29b059f60035ec0e3d] 199.204.45.162 "GET /v2.0/networks?id=46dbb1a2-1148-4f21-ad29-53f50aff71e4 HTTP/1.1" status: 200 len: 967 time: 0.1020517
2026-06-24 02:07:35.896 9 INFO neutron.wsgi [req-1b5c88aa-f1b4-4e00-8ec0-f8c25b3d2a28 req-01334eb9-c119-4dae-b0db-ba4add990b06 97fc5452f77d43fb9673c5f30d93091f de4366fd81b74c29b0add481c92be91c - - b3e860232bd54d29b059f60035ec0e3d b3e860232bd54d29b059f60035ec0e3d] 199.204.45.162 "GET /v2.0/floatingips?fixed_ip_address=10.100.0.9&port_id=9fb7c3a6-5396-49f5-84ad-b340d7125608 HTTP/1.1" status: 200 len: 217 time: 0.0526052
2026-06-24 02:07:35.951 9 INFO neutron.wsgi [req-1b5c88aa-f1b4-4e00-8ec0-f8c25b3d2a28 req-83641087-41e5-4acc-af2b-f7c1164f8ddc 97fc5452f77d43fb9673c5f30d93091f de4366fd81b74c29b0add481c92be91c - - b3e860232bd54d29b059f60035ec0e3d b3e860232bd54d29b059f60035ec0e3d] 199.204.45.162 "GET /v2.0/subnets?id=08bd12c6-63cf-4146-bd2f-ecc8f83dc051 HTTP/1.1" status: 200 len: 862 time: 0.0475192
2026-06-24 02:07:36.245 9 INFO neutron.wsgi [req-1b5c88aa-f1b4-4e00-8ec0-f8c25b3d2a28 req-135b235a-3fd2-46f8-8c0c-651c8d7e5c59 97fc5452f77d43fb9673c5f30d93091f de4366fd81b74c29b0add481c92be91c - - b3e860232bd54d29b059f60035ec0e3d b3e860232bd54d29b059f60035ec0e3d] 199.204.45.162 "GET /v2.0/ports?network_id=46dbb1a2-1148-4f21-ad29-53f50aff71e4&device_owner=network%3Adhcp HTTP/1.1" status: 200 len: 210 time: 0.2396049
2026-06-24 02:07:36.308 9 WARNING neutron.plugins.ml2.drivers.ovn.mech_driver.ovsdb.ovn_client [None req-18ad88ff-cc8b-4b9f-84ee-3b60ad7a252f - - - - - -] No hosting information found for port feb47ad5-fa60-4539-be91-0f5e45a98d84: RuntimeError: No hosting information found for port feb47ad5-fa60-4539-be91-0f5e45a98d84
2026-06-24 02:07:36.309 9 INFO neutron.plugins.ml2.drivers.ovn.mech_driver.mech_driver [None req-18ad88ff-cc8b-4b9f-84ee-3b60ad7a252f - - - - - -] OVN reports status up for port: 5b75f831-1891-4911-9833-c90309fbcc18
2026-06-24 02:07:36.330 9 INFO neutron.plugins.ml2.plugin [None req-18ad88ff-cc8b-4b9f-84ee-3b60ad7a252f - - - - - -] Attempt 1 to provision port 5b75f831-1891-4911-9833-c90309fbcc18
2026-06-24 02:07:36.375 9 INFO neutron.wsgi [req-1b5c88aa-f1b4-4e00-8ec0-f8c25b3d2a28 req-ebddfb68-0268-4d78-b614-c0243ffed9cb 97fc5452f77d43fb9673c5f30d93091f de4366fd81b74c29b0add481c92be91c - - b3e860232bd54d29b059f60035ec0e3d b3e860232bd54d29b059f60035ec0e3d] 199.204.45.162 "GET /v2.0/networks/46dbb1a2-1148-4f21-ad29-53f50aff71e4?fields=segments HTTP/1.1" status: 200 len: 212 time: 0.0970855
2026-06-24 02:07:36.517 9 INFO neutron.wsgi [req-1b5c88aa-f1b4-4e00-8ec0-f8c25b3d2a28 req-4c139c48-21b7-4de1-a66b-ec0b2200abda 97fc5452f77d43fb9673c5f30d93091f de4366fd81b74c29b0add481c92be91c - - b3e860232bd54d29b059f60035ec0e3d b3e860232bd54d29b059f60035ec0e3d] 199.204.45.162 "GET /v2.0/networks/46dbb1a2-1148-4f21-ad29-53f50aff71e4?fields=provider%3Aphysical_network&fields=provider%3Anetwork_type HTTP/1.1" status: 200 len: 277 time: 0.1326413
2026-06-24 02:07:36.528 9 INFO neutron.wsgi [req-2e12b8b5-1e70-4f24-96e5-ab77dac999a6 req-b669be00-fb33-44f1-85a7-39005610002a a1035f3e5e584e2c8276c199646cf17c dec37d4d35e5487b8074b1429a1fac98 - - default default] 10.0.0.190 "GET /v2.0/ports?device_id=eee3f270-6734-49ab-8a6d-568f8b35c7e8 HTTP/1.1" status: 200 len: 1168 time: 0.0585706 /var/lib/openstack/lib/python3.10/site-packages/pycadf/identifier.py:71: UserWarning: Invalid uuid: neutron. To ensure interoperability, identifiers should be a valid uuid. warnings.warn(('Invalid uuid: %s. To ensure interoperability, '
2026-06-24 02:07:36.583 9 WARNING neutron.scheduler.dhcp_agent_scheduler [req-72f76532-c4f5-45e3-bb25-0e700bbc0d6b req-12eb4ada-872a-444c-8fd7-6efc37de89fd bf9276a4f02f43a386b0a3761fa69b70 35dd2e44278b4a2cbda917f8d2bf9541 - - default default] No more DHCP agents
2026-06-24 02:07:36.590 9 WARNING neutron.api.rpc.agentnotifiers.dhcp_rpc_agent_api [req-72f76532-c4f5-45e3-bb25-0e700bbc0d6b req-12eb4ada-872a-444c-8fd7-6efc37de89fd bf9276a4f02f43a386b0a3761fa69b70 35dd2e44278b4a2cbda917f8d2bf9541 - - default default] Unable to schedule network 12536651-413e-478e-b7d3-74918109c72f: no agents available; will retry on subsequent port and subnet creation events.
2026-06-24 02:07:36.631 9 INFO neutron.wsgi [req-2e12b8b5-1e70-4f24-96e5-ab77dac999a6 req-2a98dfcd-59d1-4ed4-87c7-3d9c0a3701fb a1035f3e5e584e2c8276c199646cf17c dec37d4d35e5487b8074b1429a1fac98 - - default default] 10.0.0.190 "GET /v2.0/security-groups?id=6411b896-fba1-4caf-9580-887bf510d434&fields=id&fields=name HTTP/1.1" status: 200 len: 313 time: 0.0821893 /var/lib/openstack/lib/python3.10/site-packages/pycadf/identifier.py:71: UserWarning: Invalid uuid: neutron. To ensure interoperability, identifiers should be a valid uuid. warnings.warn(('Invalid uuid: %s. To ensure interoperability, '
2026-06-24 02:07:36.804 9 INFO neutron.wsgi [req-c533d3ff-e597-4b49-9dae-0a2ef7961609 req-130cc669-ea79-435f-a51c-5490ae71fdd7 bf9276a4f02f43a386b0a3761fa69b70 35dd2e44278b4a2cbda917f8d2bf9541 - - default default] 10.0.0.190 "GET /v2.0/ports?device_id=86bcfb1d-7445-481a-8a43-c8f053da54a6 HTTP/1.1" status: 200 len: 1156 time: 0.0481789
2026-06-24 02:07:36.806 9 INFO neutron.db.ovn_revision_numbers_db [req-72f76532-c4f5-45e3-bb25-0e700bbc0d6b req-12eb4ada-872a-444c-8fd7-6efc37de89fd bf9276a4f02f43a386b0a3761fa69b70 35dd2e44278b4a2cbda917f8d2bf9541 - - default default] Successfully bumped revision number for resource 546f41bc-5a14-47b0-9ce0-a6bcbbcf23e3 (type: ports) to 1
2026-06-24 02:07:36.844 9 INFO neutron.wsgi [req-72f76532-c4f5-45e3-bb25-0e700bbc0d6b req-12eb4ada-872a-444c-8fd7-6efc37de89fd bf9276a4f02f43a386b0a3761fa69b70 35dd2e44278b4a2cbda917f8d2bf9541 - - default default] 199.204.45.162 "POST /v2.0/ports HTTP/1.1" status: 201 len: 1158 time: 1.0034318
2026-06-24 02:07:36.845 9 INFO neutron.db.ovn_revision_numbers_db [None req-18ad88ff-cc8b-4b9f-84ee-3b60ad7a252f - - - - - -] Successfully bumped revision number for resource 5b75f831-1891-4911-9833-c90309fbcc18 (type: ports) to 2
2026-06-24 02:07:36.862 9 INFO neutron.wsgi [req-c533d3ff-e597-4b49-9dae-0a2ef7961609 req-cb06b105-ef1c-4586-869f-f2358093d189 bf9276a4f02f43a386b0a3761fa69b70 35dd2e44278b4a2cbda917f8d2bf9541 - - default default] 10.0.0.190 "GET /v2.0/security-groups?id=ff02a6e3-ec44-415c-aac4-f95f2428de9b&fields=id&fields=name HTTP/1.1" status: 200 len: 313 time: 0.0503519
2026-06-24 02:07:37.025 9 INFO neutron.db.ovn_revision_numbers_db [None req-18ad88ff-cc8b-4b9f-84ee-3b60ad7a252f - - - - - -] Successfully bumped revision number for resource 5b75f831-1891-4911-9833-c90309fbcc18 (type: router_ports) to 2
2026-06-24 02:07:37.263 9 INFO neutron.db.ovn_revision_numbers_db [req-72f76532-c4f5-45e3-bb25-0e700bbc0d6b req-8a59e37c-a2c5-4c62-b4d1-5c98b08da06a 97fc5452f77d43fb9673c5f30d93091f de4366fd81b74c29b0add481c92be91c - - b3e860232bd54d29b059f60035ec0e3d b3e860232bd54d29b059f60035ec0e3d] Successfully bumped revision number for resource 546f41bc-5a14-47b0-9ce0-a6bcbbcf23e3 (type: ports) to 2
2026-06-24 02:07:37.492 9 INFO neutron.db.ovn_revision_numbers_db [req-72f76532-c4f5-45e3-bb25-0e700bbc0d6b req-8a59e37c-a2c5-4c62-b4d1-5c98b08da06a 97fc5452f77d43fb9673c5f30d93091f de4366fd81b74c29b0add481c92be91c - - b3e860232bd54d29b059f60035ec0e3d b3e860232bd54d29b059f60035ec0e3d] Successfully bumped revision number for resource 546f41bc-5a14-47b0-9ce0-a6bcbbcf23e3 (type: ports) to 2
2026-06-24 02:07:37.509 9 INFO neutron.wsgi [req-72f76532-c4f5-45e3-bb25-0e700bbc0d6b req-8a59e37c-a2c5-4c62-b4d1-5c98b08da06a 97fc5452f77d43fb9673c5f30d93091f de4366fd81b74c29b0add481c92be91c - - b3e860232bd54d29b059f60035ec0e3d b3e860232bd54d29b059f60035ec0e3d] 199.204.45.162 "PUT /v2.0/ports/546f41bc-5a14-47b0-9ce0-a6bcbbcf23e3 HTTP/1.1" status: 200 len: 1376 time: 0.6577055 /var/lib/openstack/lib/python3.10/site-packages/pycadf/identifier.py:71: UserWarning: Invalid uuid: neutron. To ensure interoperability, identifiers should be a valid uuid. warnings.warn(('Invalid uuid: %s. To ensure interoperability, '
2026-06-24 02:07:37.559 10 INFO neutron.db.ovn_revision_numbers_db [None req-2f6958c5-94e6-4ef9-9bc2-6d15dc9ed761 a24861d46242441ab46d0ebd120db796 4145243cb21a40398cc51ef29dfbdc09 - - default default] Successfully bumped revision number for resource 7e725134-8b1b-4cb2-8832-576fe37f6ea2 (type: security_groups) to 1
2026-06-24 02:07:37.574 10 INFO neutron.db.ovn_revision_numbers_db [None req-2f6958c5-94e6-4ef9-9bc2-6d15dc9ed761 a24861d46242441ab46d0ebd120db796 4145243cb21a40398cc51ef29dfbdc09 - - default default] Successfully bumped revision number for resource 0e4a5367-725a-4656-be25-ed5876b33182 (type: security_group_rules) to 0
2026-06-24 02:07:37.588 9 INFO neutron.wsgi [req-72f76532-c4f5-45e3-bb25-0e700bbc0d6b req-042f57fc-0ee5-4c02-bcb0-ce3200e1e8b2 97fc5452f77d43fb9673c5f30d93091f de4366fd81b74c29b0add481c92be91c - - b3e860232bd54d29b059f60035ec0e3d b3e860232bd54d29b059f60035ec0e3d] 199.204.45.162 "GET /v2.0/ports?tenant_id=35dd2e44278b4a2cbda917f8d2bf9541&device_id=86bcfb1d-7445-481a-8a43-c8f053da54a6 HTTP/1.1" status: 200 len: 1407 time: 0.0344856
2026-06-24 02:07:37.589 10 INFO neutron.db.ovn_revision_numbers_db [None req-2f6958c5-94e6-4ef9-9bc2-6d15dc9ed761 a24861d46242441ab46d0ebd120db796 4145243cb21a40398cc51ef29dfbdc09 - - default default] Successfully bumped revision number for resource 1905e418-9a3c-4ddf-852d-cfd737f32e9a (type: security_group_rules) to 0
2026-06-24 02:07:37.605 10 INFO neutron.db.ovn_revision_numbers_db [None req-2f6958c5-94e6-4ef9-9bc2-6d15dc9ed761 a24861d46242441ab46d0ebd120db796 4145243cb21a40398cc51ef29dfbdc09 - - default default] Successfully bumped revision number for resource a2612e1f-983e-4fe2-952b-0547918971a3 (type: security_group_rules) to 0
2026-06-24 02:07:37.621 9 INFO neutron.wsgi [req-72f76532-c4f5-45e3-bb25-0e700bbc0d6b req-9330e801-dcf1-4c3e-92e1-8a4f01573851 97fc5452f77d43fb9673c5f30d93091f de4366fd81b74c29b0add481c92be91c - - b3e860232bd54d29b059f60035ec0e3d b3e860232bd54d29b059f60035ec0e3d] 199.204.45.162 "GET /v2.0/floatingips?fixed_ip_address=10.100.0.8&port_id=546f41bc-5a14-47b0-9ce0-a6bcbbcf23e3 HTTP/1.1" status: 200 len: 217 time: 0.0249052
2026-06-24 02:07:37.627 10 INFO neutron.db.ovn_revision_numbers_db [None req-2f6958c5-94e6-4ef9-9bc2-6d15dc9ed761 a24861d46242441ab46d0ebd120db796 4145243cb21a40398cc51ef29dfbdc09 - - default default] Successfully bumped revision number for resource cea55054-9e6e-40c8-9ed5-977748fe8a2c (type: security_group_rules) to 0
2026-06-24 02:07:37.681 10 INFO neutron.db.segments_db [None req-2f6958c5-94e6-4ef9-9bc2-6d15dc9ed761 a24861d46242441ab46d0ebd120db796 4145243cb21a40398cc51ef29dfbdc09 - - default default] Added segment 65c535bd-9ff0-4305-b304-603fae0cf40e of type geneve for network 48f8749d-0224-483c-bd5e-200e542dcd37
2026-06-24 02:07:37.685 9 INFO neutron.notifiers.nova [-] Nova event matching ['req-9140106b-b963-40fd-a247-9f948f202436'] response: {'name': 'network-changed', 'server_uuid': '86bcfb1d-7445-481a-8a43-c8f053da54a6', 'tag': '546f41bc-5a14-47b0-9ce0-a6bcbbcf23e3', 'status': 'completed', 'code': 200}
2026-06-24 02:07:37.714 9 INFO neutron.wsgi [req-72f76532-c4f5-45e3-bb25-0e700bbc0d6b req-32d81a58-c11c-43a9-acf3-5a9d7f102392 97fc5452f77d43fb9673c5f30d93091f de4366fd81b74c29b0add481c92be91c - - b3e860232bd54d29b059f60035ec0e3d b3e860232bd54d29b059f60035ec0e3d] 199.204.45.162 "GET /v2.0/subnets?id=37dae2ce-156d-4128-aff6-f8866dd97803 HTTP/1.1" status: 200 len: 877 time: 0.0775862
2026-06-24 02:07:37.754 9 INFO neutron.wsgi [req-72f76532-c4f5-45e3-bb25-0e700bbc0d6b req-e0ed8aff-db42-4d79-ade3-fcb0dba6d305 97fc5452f77d43fb9673c5f30d93091f de4366fd81b74c29b0add481c92be91c - - b3e860232bd54d29b059f60035ec0e3d b3e860232bd54d29b059f60035ec0e3d] 199.204.45.162 "GET /v2.0/ports?network_id=12536651-413e-478e-b7d3-74918109c72f&device_owner=network%3Adhcp HTTP/1.1" status: 200 len: 210 time: 0.0345163
2026-06-24 02:07:37.790 9 INFO neutron.wsgi [req-a3b8df91-3901-49d1-9a5b-ec25243cd4be req-3314e511-c964-4819-ba87-624fe87d4c0f a1035f3e5e584e2c8276c199646cf17c dec37d4d35e5487b8074b1429a1fac98 - - default default] 10.0.0.190 "GET /v2.0/ports?device_id=eee3f270-6734-49ab-8a6d-568f8b35c7e8 HTTP/1.1" status: 200 len: 1168 time: 0.0592155
2026-06-24 02:07:37.842 9 INFO neutron.wsgi [req-72f76532-c4f5-45e3-bb25-0e700bbc0d6b req-ab05eb59-bac1-454f-b766-182089177bc8 97fc5452f77d43fb9673c5f30d93091f de4366fd81b74c29b0add481c92be91c - - b3e860232bd54d29b059f60035ec0e3d b3e860232bd54d29b059f60035ec0e3d] 199.204.45.162 "GET /v2.0/networks/12536651-413e-478e-b7d3-74918109c72f?fields=segments HTTP/1.1" status: 200 len: 212 time: 0.0820282
2026-06-24 02:07:37.845 9 INFO neutron.wsgi [req-a3b8df91-3901-49d1-9a5b-ec25243cd4be req-ae3c2071-a131-47ed-a0f6-72aad8e4c0f3 a1035f3e5e584e2c8276c199646cf17c dec37d4d35e5487b8074b1429a1fac98 - - default default] 10.0.0.190 "GET /v2.0/security-groups?id=6411b896-fba1-4caf-9580-887bf510d434&fields=id&fields=name HTTP/1.1" status: 200 len: 313 time: 0.0447745
2026-06-24 02:07:37.860 10 INFO neutron.db.ovn_revision_numbers_db [None req-2f6958c5-94e6-4ef9-9bc2-6d15dc9ed761 a24861d46242441ab46d0ebd120db796 4145243cb21a40398cc51ef29dfbdc09 - - default default] Successfully bumped revision number for resource 48f8749d-0224-483c-bd5e-200e542dcd37 (type: networks) to 1
2026-06-24 02:07:37.925 9 INFO neutron.wsgi [req-72f76532-c4f5-45e3-bb25-0e700bbc0d6b req-24c17917-c5e4-45c3-bbbd-a00437eeb35b 97fc5452f77d43fb9673c5f30d93091f de4366fd81b74c29b0add481c92be91c - - b3e860232bd54d29b059f60035ec0e3d b3e860232bd54d29b059f60035ec0e3d] 199.204.45.162 "GET /v2.0/networks/12536651-413e-478e-b7d3-74918109c72f?fields=provider%3Aphysical_network&fields=provider%3Anetwork_type HTTP/1.1" status: 200 len: 277 time: 0.0771244
2026-06-24 02:07:38.007 9 INFO neutron.wsgi [req-0160eb1e-1d7d-4f5d-b387-57a5e14cdc1b req-a1579f64-a707-4a0e-8ad2-b133e5e310e7 bf9276a4f02f43a386b0a3761fa69b70 35dd2e44278b4a2cbda917f8d2bf9541 - - default default] 10.0.0.190 "GET /v2.0/ports?device_id=86bcfb1d-7445-481a-8a43-c8f053da54a6 HTTP/1.1" status: 200 len: 1168 time: 0.0647924
2026-06-24 02:07:38.026 9 INFO neutron.wsgi [req-c64db0e4-9969-496d-9ff7-801c503ee2f0 req-2bc86351-f6db-41b7-94d9-fe87c4c52c93 97fc5452f77d43fb9673c5f30d93091f de4366fd81b74c29b0add481c92be91c - - b3e860232bd54d29b059f60035ec0e3d b3e860232bd54d29b059f60035ec0e3d] 199.204.45.162 "GET /v2.0/ports?tenant_id=35dd2e44278b4a2cbda917f8d2bf9541&device_id=86bcfb1d-7445-481a-8a43-c8f053da54a6 HTTP/1.1" status: 200 len: 1407 time: 0.0480680
2026-06-24 02:07:38.073 10 WARNING neutron.scheduler.dhcp_agent_scheduler [None req-2f6958c5-94e6-4ef9-9bc2-6d15dc9ed761 a24861d46242441ab46d0ebd120db796 4145243cb21a40398cc51ef29dfbdc09 - - default default] No more DHCP agents
2026-06-24 02:07:38.075 10 WARNING neutron.api.rpc.agentnotifiers.dhcp_rpc_agent_api [None req-2f6958c5-94e6-4ef9-9bc2-6d15dc9ed761 a24861d46242441ab46d0ebd120db796 4145243cb21a40398cc51ef29dfbdc09 - - default default] Unable to schedule network 48f8749d-0224-483c-bd5e-200e542dcd37: no agents available; will retry on subsequent port and subnet creation events.
2026-06-24 02:07:38.096 9 INFO neutron.wsgi [req-0160eb1e-1d7d-4f5d-b387-57a5e14cdc1b req-6ac14069-b7dc-4437-ab2f-0d084d134fd9 bf9276a4f02f43a386b0a3761fa69b70 35dd2e44278b4a2cbda917f8d2bf9541 - - default default] 10.0.0.190 "GET /v2.0/security-groups?id=ff02a6e3-ec44-415c-aac4-f95f2428de9b&fields=id&fields=name HTTP/1.1" status: 200 len: 313 time: 0.0827177
2026-06-24 02:07:38.113 9 INFO neutron.wsgi [req-c64db0e4-9969-496d-9ff7-801c503ee2f0 req-c056042b-675c-4032-a3b4-a69a604080a3 97fc5452f77d43fb9673c5f30d93091f de4366fd81b74c29b0add481c92be91c - - b3e860232bd54d29b059f60035ec0e3d b3e860232bd54d29b059f60035ec0e3d] 199.204.45.162 "GET /v2.0/networks?id=12536651-413e-478e-b7d3-74918109c72f HTTP/1.1" status: 200 len: 982 time: 0.0796878
2026-06-24 02:07:38.146 9 INFO neutron.wsgi [req-c64db0e4-9969-496d-9ff7-801c503ee2f0 req-114dbe16-d775-4ed5-8357-95ff00e8a22c 97fc5452f77d43fb9673c5f30d93091f de4366fd81b74c29b0add481c92be91c - - b3e860232bd54d29b059f60035ec0e3d b3e860232bd54d29b059f60035ec0e3d] 199.204.45.162 "GET /v2.0/floatingips?fixed_ip_address=10.100.0.8&port_id=546f41bc-5a14-47b0-9ce0-a6bcbbcf23e3 HTTP/1.1" status: 200 len: 217 time: 0.0260561
2026-06-24 02:07:38.167 10 INFO neutron.db.ovn_revision_numbers_db [None req-2f6958c5-94e6-4ef9-9bc2-6d15dc9ed761 a24861d46242441ab46d0ebd120db796 4145243cb21a40398cc51ef29dfbdc09 - - default default] Successfully bumped revision number for resource f6d15a61-8471-450c-907c-cbfbee1f4563 (type: ports) to 1
2026-06-24 02:07:38.180 9 INFO neutron.wsgi [req-c64db0e4-9969-496d-9ff7-801c503ee2f0 req-ee743449-2d13-422c-8236-12d12fe5f88f 97fc5452f77d43fb9673c5f30d93091f de4366fd81b74c29b0add481c92be91c - - b3e860232bd54d29b059f60035ec0e3d b3e860232bd54d29b059f60035ec0e3d] 199.204.45.162 "GET /v2.0/subnets?id=37dae2ce-156d-4128-aff6-f8866dd97803 HTTP/1.1" status: 200 len: 877 time: 0.0302272
2026-06-24 02:07:38.190 10 INFO neutron.wsgi [None req-2f6958c5-94e6-4ef9-9bc2-6d15dc9ed761 a24861d46242441ab46d0ebd120db796 4145243cb21a40398cc51ef29dfbdc09 - - default default] 10.0.0.146 "POST /v2.0/networks HTTP/1.1" status: 201 len: 945 time: 1.0121799
2026-06-24 02:07:38.214 9 INFO neutron.wsgi [req-c64db0e4-9969-496d-9ff7-801c503ee2f0 req-606a93c2-0207-4a8e-99bd-28cfd4fcfe86 97fc5452f77d43fb9673c5f30d93091f de4366fd81b74c29b0add481c92be91c - - b3e860232bd54d29b059f60035ec0e3d b3e860232bd54d29b059f60035ec0e3d] 199.204.45.162 "GET /v2.0/ports?network_id=12536651-413e-478e-b7d3-74918109c72f&device_owner=network%3Adhcp HTTP/1.1" status: 200 len: 210 time: 0.0274181
2026-06-24 02:07:38.293 9 INFO neutron.wsgi [req-c64db0e4-9969-496d-9ff7-801c503ee2f0 req-5808bc3d-9247-4257-9e96-7c8358b6e9c3 97fc5452f77d43fb9673c5f30d93091f de4366fd81b74c29b0add481c92be91c - - b3e860232bd54d29b059f60035ec0e3d b3e860232bd54d29b059f60035ec0e3d] 199.204.45.162 "GET /v2.0/networks/12536651-413e-478e-b7d3-74918109c72f?fields=segments HTTP/1.1" status: 200 len: 212 time: 0.0740092
2026-06-24 02:07:38.373 9 INFO neutron.wsgi [req-c64db0e4-9969-496d-9ff7-801c503ee2f0 req-7f888ff6-8a84-4cb5-9d05-ff38a9cc7fbe 97fc5452f77d43fb9673c5f30d93091f de4366fd81b74c29b0add481c92be91c - - b3e860232bd54d29b059f60035ec0e3d b3e860232bd54d29b059f60035ec0e3d] 199.204.45.162 "GET /v2.0/networks/12536651-413e-478e-b7d3-74918109c72f?fields=provider%3Aphysical_network&fields=provider%3Anetwork_type HTTP/1.1" status: 200 len: 277 time: 0.0715923
2026-06-24 02:07:38.395 9 WARNING neutron.scheduler.dhcp_agent_scheduler [None req-65ff2ecb-deda-4a82-9a93-8a83927ff437 a24861d46242441ab46d0ebd120db796 4145243cb21a40398cc51ef29dfbdc09 - - default default] No more DHCP agents
2026-06-24 02:07:38.398 9 WARNING neutron.api.rpc.agentnotifiers.dhcp_rpc_agent_api [None req-65ff2ecb-deda-4a82-9a93-8a83927ff437 a24861d46242441ab46d0ebd120db796 4145243cb21a40398cc51ef29dfbdc09 - - default default] Unable to schedule network 48f8749d-0224-483c-bd5e-200e542dcd37: no agents available; will retry on subsequent port and subnet creation events.
2026-06-24 02:07:39.013 9 INFO neutron.wsgi [req-9950bc7b-b248-4f3a-8275-25ca442865ed req-09e16713-6427-45cc-8174-6926ddde9d9e a1035f3e5e584e2c8276c199646cf17c dec37d4d35e5487b8074b1429a1fac98 - - default default] 10.0.0.190 "GET /v2.0/ports?device_id=eee3f270-6734-49ab-8a6d-568f8b35c7e8 HTTP/1.1" status: 200 len: 1168 time: 0.0751078
2026-06-24 02:07:39.120 9 INFO neutron.wsgi [req-9950bc7b-b248-4f3a-8275-25ca442865ed req-d74ef3d3-577b-4ed6-b66f-35f4644fa433 a1035f3e5e584e2c8276c199646cf17c dec37d4d35e5487b8074b1429a1fac98 - - default default] 10.0.0.190 "GET /v2.0/security-groups?id=6411b896-fba1-4caf-9580-887bf510d434&fields=id&fields=name HTTP/1.1" status: 200 len: 313 time: 0.1011302
2026-06-24 02:07:39.132 10 INFO neutron.db.ovn_revision_numbers_db [None req-236cbead-94dd-4922-8e25-7f447f69df86 a24861d46242441ab46d0ebd120db796 4145243cb21a40398cc51ef29dfbdc09 - - default default] Successfully bumped revision number for resource fd1ecb41-615e-4981-8fec-816f63650d87 (type: security_groups) to 1
2026-06-24 02:07:39.160 10 INFO neutron.plugins.ml2.drivers.ovn.mech_driver.mech_driver [None req-38c54c48-a1d9-4967-9a05-098a3ef478de - - - - - -] OVN reports status up for port: 546f41bc-5a14-47b0-9ce0-a6bcbbcf23e3
2026-06-24 02:07:39.168 10 INFO neutron.db.ovn_revision_numbers_db [None req-236cbead-94dd-4922-8e25-7f447f69df86 a24861d46242441ab46d0ebd120db796 4145243cb21a40398cc51ef29dfbdc09 - - default default] Successfully bumped revision number for resource 01538b27-949a-4459-96eb-059709ebac6a (type: security_group_rules) to 0
2026-06-24 02:07:39.191 10 INFO neutron.db.ovn_revision_numbers_db [None req-236cbead-94dd-4922-8e25-7f447f69df86 a24861d46242441ab46d0ebd120db796 4145243cb21a40398cc51ef29dfbdc09 - - default default] Successfully bumped revision number for resource 103b0ab6-f765-4e8c-82d7-e4e6feba5352 (type: security_group_rules) to 0
2026-06-24 02:07:39.231 10 INFO neutron.plugins.ml2.plugin [None req-38c54c48-a1d9-4967-9a05-098a3ef478de - - - - - -] Attempt 1 to provision port 546f41bc-5a14-47b0-9ce0-a6bcbbcf23e3
2026-06-24 02:07:39.267 10 INFO neutron.db.ovn_revision_numbers_db [None req-236cbead-94dd-4922-8e25-7f447f69df86 a24861d46242441ab46d0ebd120db796 4145243cb21a40398cc51ef29dfbdc09 - - default default] Successfully bumped revision number for resource 71819ad1-2332-4ddf-91ff-9ee216442830 (type: security_group_rules) to 0
2026-06-24 02:07:39.286 10 INFO neutron.db.ovn_revision_numbers_db [None req-236cbead-94dd-4922-8e25-7f447f69df86 a24861d46242441ab46d0ebd120db796 4145243cb21a40398cc51ef29dfbdc09 - - default default] Successfully bumped revision number for resource 7e8420ca-b98f-45e3-bc31-fd6e16f3b4bf (type: security_group_rules) to 0
2026-06-24 02:07:39.330 10 INFO neutron.wsgi [None req-236cbead-94dd-4922-8e25-7f447f69df86 a24861d46242441ab46d0ebd120db796 4145243cb21a40398cc51ef29dfbdc09 - - default default] 10.0.0.146 "GET /v2.0/security-groups?tenant_id=43d7bdb9c69941f0ac034d6253db6b5e&name=default HTTP/1.1" status: 200 len: 2996 time: 0.5623031
2026-06-24 02:07:39.340 9 INFO neutron.wsgi [req-72e549ee-52c9-49e3-9559-fc4f1f827e81 req-6f901f2d-baec-4c1c-b67b-24a91e6c7a61 bf9276a4f02f43a386b0a3761fa69b70 35dd2e44278b4a2cbda917f8d2bf9541 - - default default] 10.0.0.190 "GET /v2.0/ports?device_id=86bcfb1d-7445-481a-8a43-c8f053da54a6 HTTP/1.1" status: 200 len: 1168 time: 0.1432283
2026-06-24 02:07:39.432 9 INFO neutron.wsgi [req-72e549ee-52c9-49e3-9559-fc4f1f827e81 req-793a7a29-8969-4bdf-963b-d494b08fbada bf9276a4f02f43a386b0a3761fa69b70 35dd2e44278b4a2cbda917f8d2bf9541 - - default default] 10.0.0.190 "GET /v2.0/security-groups?id=ff02a6e3-ec44-415c-aac4-f95f2428de9b&fields=id&fields=name HTTP/1.1" status: 200 len: 313 time: 0.0823488
2026-06-24 02:07:39.452 9 INFO neutron.db.ovn_revision_numbers_db [None req-65ff2ecb-deda-4a82-9a93-8a83927ff437 a24861d46242441ab46d0ebd120db796 4145243cb21a40398cc51ef29dfbdc09 - - default default] Successfully bumped revision number for resource f6d15a61-8471-450c-907c-cbfbee1f4563 (type: ports) to 2
2026-06-24 02:07:39.510 9 INFO neutron.db.ovn_revision_numbers_db [None req-65ff2ecb-deda-4a82-9a93-8a83927ff437 a24861d46242441ab46d0ebd120db796 4145243cb21a40398cc51ef29dfbdc09 - - default default] Successfully bumped revision number for resource 37333cd1-a97a-423d-9fc1-c582d75545c6 (type: subnets) to 0
2026-06-24 02:07:39.537 9 INFO neutron.wsgi [None req-65ff2ecb-deda-4a82-9a93-8a83927ff437 a24861d46242441ab46d0ebd120db796 4145243cb21a40398cc51ef29dfbdc09 - - default default] 10.0.0.146 "POST /v2.0/subnets HTTP/1.1" status: 201 len: 866 time: 1.3381627
2026-06-24 02:07:39.637 9 INFO neutron.wsgi [None req-db36c39f-58d5-40a2-967e-c68b2f7907b4 a24861d46242441ab46d0ebd120db796 4145243cb21a40398cc51ef29dfbdc09 - - default default] 10.0.0.146 "DELETE /v2.0/security-groups/fd1ecb41-615e-4981-8fec-816f63650d87 HTTP/1.1" status: 204 len: 168 time: 0.2957973
2026-06-24 02:07:39.726 10 INFO neutron.db.ovn_revision_numbers_db [None req-38c54c48-a1d9-4967-9a05-098a3ef478de - - - - - -] Successfully bumped revision number for resource 546f41bc-5a14-47b0-9ce0-a6bcbbcf23e3 (type: ports) to 4
2026-06-24 02:07:39.831 10 INFO neutron.wsgi [-] 10.0.0.79 "GET / HTTP/1.1" status: 200 len: 247 time: 0.0016844
2026-06-24 02:07:39.832 9 INFO neutron.wsgi [-] 10.0.0.79 "GET / HTTP/1.1" status: 200 len: 247 time: 0.0028300
2026-06-24 02:07:40.004 9 INFO neutron.db.ovn_revision_numbers_db [None req-170d11b3-35a8-4bfd-a0dc-fbeeb6d1b7c9 a24861d46242441ab46d0ebd120db796 4145243cb21a40398cc51ef29dfbdc09 - - default default] Successfully bumped revision number for resource 492137ff-6d09-42b1-bb91-bbe9011a7617 (type: security_groups) to 1
2026-06-24 02:07:40.045 9 INFO neutron.db.ovn_revision_numbers_db [None req-170d11b3-35a8-4bfd-a0dc-fbeeb6d1b7c9 a24861d46242441ab46d0ebd120db796 4145243cb21a40398cc51ef29dfbdc09 - - default default] Successfully bumped revision number for resource 38e0d909-a1a5-47e4-873b-65a36f8c0fcf (type: security_group_rules) to 0
2026-06-24 02:07:40.074 9 INFO neutron.db.ovn_revision_numbers_db [None req-170d11b3-35a8-4bfd-a0dc-fbeeb6d1b7c9 a24861d46242441ab46d0ebd120db796 4145243cb21a40398cc51ef29dfbdc09 - - default default] Successfully bumped revision number for resource 95065b16-31ca-49cc-ad71-9ea2a421f6c4 (type: security_group_rules) to 0
2026-06-24 02:07:40.114 9 INFO neutron.db.ovn_revision_numbers_db [None req-170d11b3-35a8-4bfd-a0dc-fbeeb6d1b7c9 a24861d46242441ab46d0ebd120db796 4145243cb21a40398cc51ef29dfbdc09 - - default default] Successfully bumped revision number for resource b7d4e30f-f2c2-40be-b5a4-abce467022a5 (type: security_group_rules) to 0
2026-06-24 02:07:40.142 10 INFO neutron.notifiers.nova [-] Nova event matching ['req-dd9b163a-a0a4-4058-8a1c-8af0a03a3cb1'] response: {'server_uuid': '86bcfb1d-7445-481a-8a43-c8f053da54a6', 'name': 'network-vif-plugged', 'status': 'completed', 'tag': '546f41bc-5a14-47b0-9ce0-a6bcbbcf23e3', 'code': 200}
2026-06-24 02:07:40.149 9 INFO neutron.db.ovn_revision_numbers_db [None req-170d11b3-35a8-4bfd-a0dc-fbeeb6d1b7c9 a24861d46242441ab46d0ebd120db796 4145243cb21a40398cc51ef29dfbdc09 - - default default] Successfully bumped revision number for resource dd7942b6-dc95-4b26-b60e-b9fe6b672791 (type: security_group_rules) to 0
2026-06-24 02:07:40.186 9 INFO neutron.wsgi [None req-170d11b3-35a8-4bfd-a0dc-fbeeb6d1b7c9 a24861d46242441ab46d0ebd120db796 4145243cb21a40398cc51ef29dfbdc09 - - default default] 10.0.0.146 "GET /v2.0/security-groups?tenant_id=629c64432f2f4885ac57566f13d47e46&name=default HTTP/1.1" status: 200 len: 2996 time: 0.3724780
2026-06-24 02:07:40.271 9 INFO neutron.wsgi [req-4071a54e-f906-4dc0-90d9-bd8504f4efa1 req-0f6ef20d-1ddc-434e-9169-b2c35ce5f20f a1035f3e5e584e2c8276c199646cf17c dec37d4d35e5487b8074b1429a1fac98 - - default default] 10.0.0.190 "GET /v2.0/ports?device_id=eee3f270-6734-49ab-8a6d-568f8b35c7e8 HTTP/1.1" status: 200 len: 1168 time: 0.0427666
2026-06-24 02:07:40.280 10 WARNING neutron.scheduler.dhcp_agent_scheduler [None req-fa51a882-b056-4f01-b19c-bb8853755ca1 a24861d46242441ab46d0ebd120db796 4145243cb21a40398cc51ef29dfbdc09 - - default default] No more DHCP agents
2026-06-24 02:07:40.282 10 WARNING neutron.api.rpc.agentnotifiers.dhcp_rpc_agent_api [None req-fa51a882-b056-4f01-b19c-bb8853755ca1 a24861d46242441ab46d0ebd120db796 4145243cb21a40398cc51ef29dfbdc09 - - default default] Unable to schedule network 4a5198b0-ac5d-4ff9-b6fe-eca736990d63: no agents available; will retry on subsequent port and subnet creation events.
2026-06-24 02:07:40.333 9 INFO neutron.wsgi [req-4071a54e-f906-4dc0-90d9-bd8504f4efa1 req-f0c0f892-8a1b-4a31-8806-f9bc97e65c98 a1035f3e5e584e2c8276c199646cf17c dec37d4d35e5487b8074b1429a1fac98 - - default default] 10.0.0.190 "GET /v2.0/security-groups?id=6411b896-fba1-4caf-9580-887bf510d434&fields=id&fields=name HTTP/1.1" status: 200 len: 313 time: 0.0526760
2026-06-24 02:07:40.457 9 INFO neutron.wsgi [None req-f6ac37f3-64cc-44fc-89f4-05a3ac60eaac a24861d46242441ab46d0ebd120db796 4145243cb21a40398cc51ef29dfbdc09 - - default default] 10.0.0.146 "DELETE /v2.0/security-groups/492137ff-6d09-42b1-bb91-bbe9011a7617 HTTP/1.1" status: 204 len: 168 time: 0.2650006
2026-06-24 02:07:40.491 10 INFO neutron.db.ovn_revision_numbers_db [None req-fa51a882-b056-4f01-b19c-bb8853755ca1 a24861d46242441ab46d0ebd120db796 4145243cb21a40398cc51ef29dfbdc09 - - default default] Successfully bumped revision number for resource ae6e4047-ceda-4b7f-9344-93eba05e2abe (type: ports) to 1
2026-06-24 02:07:40.583 9 INFO neutron.wsgi [req-920feb21-13e1-4cde-a7a1-678642809625 req-33604ad3-2346-4859-bd8e-0d575da3f46b bf9276a4f02f43a386b0a3761fa69b70 35dd2e44278b4a2cbda917f8d2bf9541 - - default default] 10.0.0.190 "GET /v2.0/ports?device_id=86bcfb1d-7445-481a-8a43-c8f053da54a6 HTTP/1.1" status: 200 len: 1170 time: 0.0541370
2026-06-24 02:07:40.637 9 INFO neutron.wsgi [req-920feb21-13e1-4cde-a7a1-678642809625 req-3af3fb19-0aac-4d65-87a1-d9a430e87670 bf9276a4f02f43a386b0a3761fa69b70 35dd2e44278b4a2cbda917f8d2bf9541 - - default default] 10.0.0.190 "GET /v2.0/security-groups?id=ff02a6e3-ec44-415c-aac4-f95f2428de9b&fields=id&fields=name HTTP/1.1" status: 200 len: 313 time: 0.0478623
2026-06-24 02:07:40.783 9 INFO neutron.wsgi [req-0afd9d77-bafc-4a23-aeda-08cf81d0cc7a req-ce2efc92-b1b0-4f39-9a50-f71c444fdf03 bf9276a4f02f43a386b0a3761fa69b70 35dd2e44278b4a2cbda917f8d2bf9541 - - default default] 10.0.0.190 "GET /v2.0/ports?device_id=86bcfb1d-7445-481a-8a43-c8f053da54a6 HTTP/1.1" status: 200 len: 1170 time: 0.0528080
2026-06-24 02:07:41.182 9 INFO neutron.db.l3_db [None req-8fc70100-16c6-430d-9d1c-2e5073dff9a1 bf9276a4f02f43a386b0a3761fa69b70 35dd2e44278b4a2cbda917f8d2bf9541 - - default default] Floating IP b5c01612-e23f-4e3d-b104-eb180ad5d8c7 associated. External IP: 10.96.250.215, port: 546f41bc-5a14-47b0-9ce0-a6bcbbcf23e3.
2026-06-24 02:07:41.311 10 INFO neutron.plugins.ml2.drivers.ovn.mech_driver.mech_driver [None req-38c54c48-a1d9-4967-9a05-098a3ef478de - - - - - -] OVN reports status up for port: ae6e4047-ceda-4b7f-9344-93eba05e2abe
2026-06-24 02:07:41.323 9 INFO neutron.plugins.ml2.drivers.ovn.mech_driver.ovsdb.ovsdb_monitor [None req-df04184a-646e-4bae-b1c1-a754bcdf5ac5 - - - - - -] Router 8aef1086-d827-4aaf-803a-2ac2dfb6b351 is bound to host instance
2026-06-24 02:07:41.329 10 INFO neutron.plugins.ml2.plugin [None req-38c54c48-a1d9-4967-9a05-098a3ef478de - - - - - -] Attempt 1 to provision port ae6e4047-ceda-4b7f-9344-93eba05e2abe
2026-06-24 02:07:41.343 10 INFO neutron.db.ovn_revision_numbers_db [None req-fa51a882-b056-4f01-b19c-bb8853755ca1 a24861d46242441ab46d0ebd120db796 4145243cb21a40398cc51ef29dfbdc09 - - default default] Successfully bumped revision number for resource ae6e4047-ceda-4b7f-9344-93eba05e2abe (type: router_ports) to 1
2026-06-24 02:07:41.415 10 INFO neutron.db.ovn_revision_numbers_db [None req-fa51a882-b056-4f01-b19c-bb8853755ca1 a24861d46242441ab46d0ebd120db796 4145243cb21a40398cc51ef29dfbdc09 - - default default] Successfully bumped revision number for resource 8aef1086-d827-4aaf-803a-2ac2dfb6b351 (type: routers) to 2
2026-06-24 02:07:41.427 10 INFO neutron.wsgi [None req-fa51a882-b056-4f01-b19c-bb8853755ca1 a24861d46242441ab46d0ebd120db796 4145243cb21a40398cc51ef29dfbdc09 - - default default] 10.0.0.146 "POST /v2.0/routers HTTP/1.1" status: 201 len: 877 time: 1.8688619 /var/lib/openstack/lib/python3.10/site-packages/pycadf/identifier.py:71: UserWarning: Invalid uuid: neutron. To ensure interoperability, identifiers should be a valid uuid. warnings.warn(('Invalid uuid: %s. To ensure interoperability, '
2026-06-24 02:07:41.815 9 INFO neutron.db.ovn_revision_numbers_db [None req-8fc70100-16c6-430d-9d1c-2e5073dff9a1 bf9276a4f02f43a386b0a3761fa69b70 35dd2e44278b4a2cbda917f8d2bf9541 - - default default] Successfully bumped revision number for resource b5c01612-e23f-4e3d-b104-eb180ad5d8c7 (type: floatingips) to 1
2026-06-24 02:07:41.824 9 INFO neutron.wsgi [req-33739d34-a93a-4532-af4c-7ed48967cc43 req-35e4dc15-b01f-4324-b2d0-51f4279dd5f1 a1035f3e5e584e2c8276c199646cf17c dec37d4d35e5487b8074b1429a1fac98 - - default default] 10.0.0.190 "GET /v2.0/ports?device_id=eee3f270-6734-49ab-8a6d-568f8b35c7e8 HTTP/1.1" status: 200 len: 1168 time: 0.4120655
2026-06-24 02:07:41.900 10 WARNING neutron.scheduler.dhcp_agent_scheduler [None req-5b7cee37-726b-4044-9e4c-9253af932778 a24861d46242441ab46d0ebd120db796 4145243cb21a40398cc51ef29dfbdc09 - - default default] No more DHCP agents
2026-06-24 02:07:41.903 10 WARNING neutron.api.rpc.agentnotifiers.dhcp_rpc_agent_api [None req-5b7cee37-726b-4044-9e4c-9253af932778 a24861d46242441ab46d0ebd120db796 4145243cb21a40398cc51ef29dfbdc09 - - default default] Unable to schedule network 48f8749d-0224-483c-bd5e-200e542dcd37: no agents available; will retry on subsequent port and subnet creation events.
2026-06-24 02:07:41.907 9 INFO neutron.wsgi [req-33739d34-a93a-4532-af4c-7ed48967cc43 req-497d8f23-59e7-4586-b87a-725501ea97cf a1035f3e5e584e2c8276c199646cf17c dec37d4d35e5487b8074b1429a1fac98 - - default default] 10.0.0.190 "GET /v2.0/security-groups?id=6411b896-fba1-4caf-9580-887bf510d434&fields=id&fields=name HTTP/1.1" status: 200 len: 313 time: 0.0713055
