2026-06-24 02:16:16.643 10 INFO neutron.wsgi [None req-7e64d38f-c159-48c2-aeba-827719fa51cf a24861d46242441ab46d0ebd120db796 4145243cb21a40398cc51ef29dfbdc09 - - default default] 199.204.45.162 "GET /v2.0/ports?device_id=b0debf27-7f3c-4df7-af7d-43b9e8242b39 HTTP/1.1" status: 200 len: 2727 time: 0.0433481
2026-06-24 02:16:16.680 10 INFO neutron.pecan_wsgi.hooks.translation [None req-1401ebce-040a-402d-83b2-72f73ef1cf29 a24861d46242441ab46d0ebd120db796 4145243cb21a40398cc51ef29dfbdc09 - - default default] DELETE failed (client error): The resource could not be found.
2026-06-24 02:16:16.684 10 INFO neutron.wsgi [None req-1401ebce-040a-402d-83b2-72f73ef1cf29 a24861d46242441ab46d0ebd120db796 4145243cb21a40398cc51ef29dfbdc09 - - default default] 199.204.45.162 "DELETE /v2.0/ports/01f1ea80-a54c-4525-b4f9-7f9526470601 HTTP/1.1" status: 404 len: 338 time: 0.0329180
2026-06-24 02:16:16.729 9 INFO neutron.wsgi [req-61b4924a-2543-4238-8e79-55f2916e76bb req-61f6239d-e55f-4db7-9f33-263736c93968 97fc5452f77d43fb9673c5f30d93091f de4366fd81b74c29b0add481c92be91c - - b3e860232bd54d29b059f60035ec0e3d b3e860232bd54d29b059f60035ec0e3d] 199.204.45.162 "GET /v2.0/networks/e7784d1a-dd94-4595-bf33-9e300a6e1a36?fields=provider%3Aphysical_network&fields=provider%3Anetwork_type HTTP/1.1" status: 200 len: 277 time: 0.0832055
2026-06-24 02:16:16.768 9 INFO neutron.wsgi [req-61b4924a-2543-4238-8e79-55f2916e76bb req-2daaec9f-33cd-42a2-9b65-98a8fab2832e 97fc5452f77d43fb9673c5f30d93091f de4366fd81b74c29b0add481c92be91c - - b3e860232bd54d29b059f60035ec0e3d b3e860232bd54d29b059f60035ec0e3d] 199.204.45.162 "GET /v2.0/floatingips?fixed_ip_address=10.1.1.209&port_id=77a10441-a62b-4b81-8419-7bc839b03564 HTTP/1.1" status: 200 len: 217 time: 0.0337598
2026-06-24 02:16:16.772 10 INFO neutron.wsgi [None req-ea3be245-23a8-421c-9a31-7f8225127ac0 a24861d46242441ab46d0ebd120db796 4145243cb21a40398cc51ef29dfbdc09 - - default default] 199.204.45.162 "GET /v2.0/extensions/security-group HTTP/1.1" status: 200 len: 369 time: 0.0060620
2026-06-24 02:16:16.782 10 INFO neutron.wsgi [None req-7f7b9312-86d7-4405-9c65-cbda90f35f57 a24861d46242441ab46d0ebd120db796 4145243cb21a40398cc51ef29dfbdc09 - - default default] 199.204.45.162 "GET /v2.0/extensions/dns-integration HTTP/1.1" status: 200 len: 371 time: 0.0060575
2026-06-24 02:16:16.790 10 INFO neutron.wsgi [None req-15aa20d5-0667-4724-88d1-d019705dd5ed a24861d46242441ab46d0ebd120db796 4145243cb21a40398cc51ef29dfbdc09 - - default default] 199.204.45.162 "GET /v2.0/extensions/qos HTTP/1.1" status: 200 len: 365 time: 0.0035498
2026-06-24 02:16:16.802 10 INFO neutron.wsgi [None req-dd448198-75cc-4ae3-b877-f77a5f992262 a24861d46242441ab46d0ebd120db796 4145243cb21a40398cc51ef29dfbdc09 - - default default] 199.204.45.162 "GET /v2.0/extensions/allowed-address-pairs HTTP/1.1" status: 200 len: 383 time: 0.0050199
2026-06-24 02:16:16.809 9 INFO neutron.wsgi [req-61b4924a-2543-4238-8e79-55f2916e76bb req-aaee04fb-6551-418a-8dc3-75b80bba110e 97fc5452f77d43fb9673c5f30d93091f de4366fd81b74c29b0add481c92be91c - - b3e860232bd54d29b059f60035ec0e3d b3e860232bd54d29b059f60035ec0e3d] 199.204.45.162 "GET /v2.0/subnets?id=16c920ac-2269-42ff-bd9c-816209ddbab5 HTTP/1.1" status: 200 len: 854 time: 0.0326893
2026-06-24 02:16:16.841 9 INFO neutron.wsgi [req-61b4924a-2543-4238-8e79-55f2916e76bb req-dd5d034e-8f66-4a8b-bef3-db150b847e29 97fc5452f77d43fb9673c5f30d93091f de4366fd81b74c29b0add481c92be91c - - b3e860232bd54d29b059f60035ec0e3d b3e860232bd54d29b059f60035ec0e3d] 199.204.45.162 "GET /v2.0/ports?network_id=3971dbf7-724a-49e0-9e44-6e301fb97b25&device_owner=network%3Adhcp HTTP/1.1" status: 200 len: 210 time: 0.0229621
2026-06-24 02:16:16.844 10 INFO neutron.wsgi [None req-1eb42ba8-b4b2-4687-9375-4b9ab7396caa a24861d46242441ab46d0ebd120db796 4145243cb21a40398cc51ef29dfbdc09 - - default default] 199.204.45.162 "GET /v2.0/subnets/16c920ac-2269-42ff-bd9c-816209ddbab5 HTTP/1.1" status: 200 len: 851 time: 0.0361302
2026-06-24 02:16:16.890 10 INFO neutron.wsgi [None req-ecf87eba-abc3-42d1-b793-232c0f9c52c6 a24861d46242441ab46d0ebd120db796 4145243cb21a40398cc51ef29dfbdc09 - - default default] 199.204.45.162 "GET /v2.0/ports/6b67bbed-d55c-4880-8454-b0ce7e88f263 HTTP/1.1" status: 200 len: 1336 time: 0.0395920
2026-06-24 02:16:16.906 9 INFO neutron.wsgi [req-61b4924a-2543-4238-8e79-55f2916e76bb req-13a200b0-cda3-494f-9902-33793df8aff7 97fc5452f77d43fb9673c5f30d93091f de4366fd81b74c29b0add481c92be91c - - b3e860232bd54d29b059f60035ec0e3d b3e860232bd54d29b059f60035ec0e3d] 199.204.45.162 "GET /v2.0/networks/3971dbf7-724a-49e0-9e44-6e301fb97b25?fields=segments HTTP/1.1" status: 200 len: 212 time: 0.0588412
2026-06-24 02:16:16.927 10 INFO neutron.wsgi [None req-6259dbbb-e8b6-4878-a11f-561e5237e3d2 a24861d46242441ab46d0ebd120db796 4145243cb21a40398cc51ef29dfbdc09 - - default default] 199.204.45.162 "GET /v2.0/ports/77a10441-a62b-4b81-8419-7bc839b03564 HTTP/1.1" status: 200 len: 1518 time: 0.0289767
2026-06-24 02:16:16.964 10 INFO neutron.wsgi [None req-25b3461c-8b49-428d-8fb0-a482e63091c8 a24861d46242441ab46d0ebd120db796 4145243cb21a40398cc51ef29dfbdc09 - - default default] 199.204.45.162 "GET /v2.0/subnets/16c920ac-2269-42ff-bd9c-816209ddbab5 HTTP/1.1" status: 200 len: 851 time: 0.0322320
2026-06-24 02:16:16.977 9 INFO neutron.wsgi [req-61b4924a-2543-4238-8e79-55f2916e76bb req-2754cab9-7fc8-4177-945a-52567e779924 97fc5452f77d43fb9673c5f30d93091f de4366fd81b74c29b0add481c92be91c - - b3e860232bd54d29b059f60035ec0e3d b3e860232bd54d29b059f60035ec0e3d] 199.204.45.162 "GET /v2.0/networks/3971dbf7-724a-49e0-9e44-6e301fb97b25?fields=provider%3Aphysical_network&fields=provider%3Anetwork_type HTTP/1.1" status: 200 len: 277 time: 0.0632644
2026-06-24 02:16:17.036 10 INFO neutron.wsgi [None req-4812fc09-0e7e-4abb-89c4-37c709838e01 a24861d46242441ab46d0ebd120db796 4145243cb21a40398cc51ef29dfbdc09 - - default default] 199.204.45.162 "GET /v2.0/networks/3971dbf7-724a-49e0-9e44-6e301fb97b25 HTTP/1.1" status: 200 len: 1001 time: 0.0666502
2026-06-24 02:16:17.072 10 INFO neutron.wsgi [None req-21aad174-cd6f-466e-a47d-3cc30d7d027d a24861d46242441ab46d0ebd120db796 4145243cb21a40398cc51ef29dfbdc09 - - default default] 199.204.45.162 "GET /v2.0/ports/6b67bbed-d55c-4880-8454-b0ce7e88f263 HTTP/1.1" status: 200 len: 1336 time: 0.0321314
2026-06-24 02:16:17.112 10 INFO neutron.wsgi [None req-86b69e16-502e-4bbc-8c71-ee37a0877847 a24861d46242441ab46d0ebd120db796 4145243cb21a40398cc51ef29dfbdc09 - - default default] 199.204.45.162 "GET /v2.0/subnets/16c920ac-2269-42ff-bd9c-816209ddbab5 HTTP/1.1" status: 200 len: 851 time: 0.0336957
2026-06-24 02:16:17.403 10 INFO neutron.notifiers.nova [-] Nova event matching ['req-abca6085-0108-41ef-a612-af32347e7d71'] response: {'server_uuid': 'b0debf27-7f3c-4df7-af7d-43b9e8242b39', 'name': 'network-vif-unplugged', 'status': 'completed', 'tag': '01f1ea80-a54c-4525-b4f9-7f9526470601', 'code': 200}
2026-06-24 02:16:17.403 10 INFO neutron.notifiers.nova [-] Nova event matching ['req-abca6085-0108-41ef-a612-af32347e7d71'] response: {'server_uuid': 'b0debf27-7f3c-4df7-af7d-43b9e8242b39', 'name': 'network-vif-plugged', 'status': 'completed', 'tag': '01f1ea80-a54c-4525-b4f9-7f9526470601', 'code': 200}
2026-06-24 02:16:20.457 9 INFO neutron.wsgi [req-a76aceb1-e1e3-4158-9ec1-b21fe6d80caf req-352714db-f3de-4e0e-8b23-ba5f3cf21a05 97fc5452f77d43fb9673c5f30d93091f de4366fd81b74c29b0add481c92be91c - - b3e860232bd54d29b059f60035ec0e3d b3e860232bd54d29b059f60035ec0e3d] 199.204.45.162 "GET /v2.0/ports?device_id=419e563b-60f1-46e3-a1fc-aa85d17abd73&fields=binding%3Ahost_id&fields=binding%3Avif_type HTTP/1.1" status: 200 len: 265 time: 0.0367150
2026-06-24 02:16:20.548 9 INFO neutron.wsgi [req-a76aceb1-e1e3-4158-9ec1-b21fe6d80caf req-6ddb35d1-7249-4429-b2c0-c9cd6dd18474 97fc5452f77d43fb9673c5f30d93091f de4366fd81b74c29b0add481c92be91c - - b3e860232bd54d29b059f60035ec0e3d b3e860232bd54d29b059f60035ec0e3d] 199.204.45.162 "GET /v2.0/ports?tenant_id=8383fcd007c24e90bb1e2c28e4bda776&device_id=419e563b-60f1-46e3-a1fc-aa85d17abd73 HTTP/1.1" status: 200 len: 1638 time: 0.0474300
2026-06-24 02:16:20.675 9 INFO neutron.wsgi [req-a76aceb1-e1e3-4158-9ec1-b21fe6d80caf req-c46cce22-b67c-4b0e-b0a1-5eda13474c44 97fc5452f77d43fb9673c5f30d93091f de4366fd81b74c29b0add481c92be91c - - b3e860232bd54d29b059f60035ec0e3d b3e860232bd54d29b059f60035ec0e3d] 199.204.45.162 "GET /v2.0/networks?id=4b457068-a4e7-4072-98a4-6b586cb3c04e HTTP/1.1" status: 200 len: 1002 time: 0.1006837
2026-06-24 02:16:20.751 9 INFO neutron.wsgi [req-a76aceb1-e1e3-4158-9ec1-b21fe6d80caf req-019b00c1-7faa-4be6-9cbe-846418467524 97fc5452f77d43fb9673c5f30d93091f de4366fd81b74c29b0add481c92be91c - - b3e860232bd54d29b059f60035ec0e3d b3e860232bd54d29b059f60035ec0e3d] 199.204.45.162 "GET /v2.0/floatingips?fixed_ip_address=10.2.1.209&port_id=4b3ba8e4-f271-494a-8b4b-17694b58ea75 HTTP/1.1" status: 200 len: 1059 time: 0.0640533
2026-06-24 02:16:20.792 9 INFO neutron.wsgi [req-a76aceb1-e1e3-4158-9ec1-b21fe6d80caf req-bbf748d3-80d2-4a30-b3cb-7e9a8a434bd3 97fc5452f77d43fb9673c5f30d93091f de4366fd81b74c29b0add481c92be91c - - b3e860232bd54d29b059f60035ec0e3d b3e860232bd54d29b059f60035ec0e3d] 199.204.45.162 "GET /v2.0/floatingips?fixed_ip_address=fd7b%3Af9f7%3Afff%3A4eca%3A%3A396&port_id=4b3ba8e4-f271-494a-8b4b-17694b58ea75 HTTP/1.1" status: 200 len: 217 time: 0.0308504
2026-06-24 02:16:20.836 9 INFO neutron.wsgi [req-a76aceb1-e1e3-4158-9ec1-b21fe6d80caf req-0045f2f0-3eef-4e82-9ed1-3507fdcf482f 97fc5452f77d43fb9673c5f30d93091f de4366fd81b74c29b0add481c92be91c - - b3e860232bd54d29b059f60035ec0e3d b3e860232bd54d29b059f60035ec0e3d] 199.204.45.162 "GET /v2.0/subnets?id=467b71a1-3993-4ab3-85dc-fa67bae2d403&id=6a304d79-181b-4ed4-8929-3d84be8e83bf HTTP/1.1" status: 200 len: 1563 time: 0.0354433
2026-06-24 02:16:20.866 9 INFO neutron.wsgi [req-a76aceb1-e1e3-4158-9ec1-b21fe6d80caf req-cf10d0b6-c238-44d3-ba24-b5eada8c1d3f 97fc5452f77d43fb9673c5f30d93091f de4366fd81b74c29b0add481c92be91c - - b3e860232bd54d29b059f60035ec0e3d b3e860232bd54d29b059f60035ec0e3d] 199.204.45.162 "GET /v2.0/ports?network_id=4b457068-a4e7-4072-98a4-6b586cb3c04e&device_owner=network%3Adhcp HTTP/1.1" status: 200 len: 210 time: 0.0238295
2026-06-24 02:16:20.899 9 INFO neutron.wsgi [req-a76aceb1-e1e3-4158-9ec1-b21fe6d80caf req-ba424016-123c-429a-8154-8f883a08d8eb 97fc5452f77d43fb9673c5f30d93091f de4366fd81b74c29b0add481c92be91c - - b3e860232bd54d29b059f60035ec0e3d b3e860232bd54d29b059f60035ec0e3d] 199.204.45.162 "GET /v2.0/ports?network_id=4b457068-a4e7-4072-98a4-6b586cb3c04e&device_owner=network%3Adhcp HTTP/1.1" status: 200 len: 210 time: 0.0245550
2026-06-24 02:16:20.987 9 INFO neutron.wsgi [req-a76aceb1-e1e3-4158-9ec1-b21fe6d80caf req-3f8a4c50-9f62-4bc6-a209-bba1b41e25d2 97fc5452f77d43fb9673c5f30d93091f de4366fd81b74c29b0add481c92be91c - - b3e860232bd54d29b059f60035ec0e3d b3e860232bd54d29b059f60035ec0e3d] 199.204.45.162 "GET /v2.0/networks/4b457068-a4e7-4072-98a4-6b586cb3c04e?fields=segments HTTP/1.1" status: 200 len: 212 time: 0.0773816
2026-06-24 02:16:21.064 9 INFO neutron.wsgi [req-a76aceb1-e1e3-4158-9ec1-b21fe6d80caf req-08f9930f-6fd7-434e-935a-ec6ceb6579a2 97fc5452f77d43fb9673c5f30d93091f de4366fd81b74c29b0add481c92be91c - - b3e860232bd54d29b059f60035ec0e3d b3e860232bd54d29b059f60035ec0e3d] 199.204.45.162 "GET /v2.0/networks/4b457068-a4e7-4072-98a4-6b586cb3c04e?fields=provider%3Aphysical_network&fields=provider%3Anetwork_type HTTP/1.1" status: 200 len: 277 time: 0.0698652
2026-06-24 02:16:24.831 9 INFO neutron.wsgi [-] 10.0.0.79 "GET / HTTP/1.1" status: 200 len: 247 time: 0.0022643
2026-06-24 02:16:24.831 10 INFO neutron.wsgi [-] 10.0.0.79 "GET / HTTP/1.1" status: 200 len: 247 time: 0.0023897
2026-06-24 02:16:25.875 10 INFO neutron.wsgi [None req-b2899984-886d-4a62-8412-1de5a32065e5 a24861d46242441ab46d0ebd120db796 4145243cb21a40398cc51ef29dfbdc09 - - default default] 199.204.45.162 "GET /v2.0/extensions/security-group HTTP/1.1" status: 200 len: 369 time: 0.0083134
2026-06-24 02:16:25.886 10 INFO neutron.wsgi [None req-fd1d811a-25db-4b1e-a2ed-5757330ddd67 a24861d46242441ab46d0ebd120db796 4145243cb21a40398cc51ef29dfbdc09 - - default default] 199.204.45.162 "GET /v2.0/extensions/dns-integration HTTP/1.1" status: 200 len: 371 time: 0.0050075
2026-06-24 02:16:25.898 10 INFO neutron.wsgi [None req-21821e77-4176-47a5-bc3a-73de3ca8211e a24861d46242441ab46d0ebd120db796 4145243cb21a40398cc51ef29dfbdc09 - - default default] 199.204.45.162 "GET /v2.0/extensions/qos HTTP/1.1" status: 200 len: 365 time: 0.0066719
2026-06-24 02:16:25.910 10 INFO neutron.wsgi [None req-56084a05-d3ea-4287-b31c-3ddf66c20eb4 a24861d46242441ab46d0ebd120db796 4145243cb21a40398cc51ef29dfbdc09 - - default default] 199.204.45.162 "GET /v2.0/extensions/allowed-address-pairs HTTP/1.1" status: 200 len: 383 time: 0.0056922
2026-06-24 02:16:25.970 10 INFO neutron.wsgi [None req-930e4280-e9c6-4f49-a11b-7b91232d33a2 a24861d46242441ab46d0ebd120db796 4145243cb21a40398cc51ef29dfbdc09 - - default default] 199.204.45.162 "GET /v2.0/security-groups?name=lb-0e3b6827-c5d3-49ee-8c92-b18a75d5c796 HTTP/1.1" status: 200 len: 2941 time: 0.0517411
2026-06-24 02:16:26.004 10 INFO neutron.wsgi [None req-ac5df061-0cf7-44b5-ba82-7ff64c199538 a24861d46242441ab46d0ebd120db796 4145243cb21a40398cc51ef29dfbdc09 - - default default] 199.204.45.162 "GET /v2.0/security-group-rules?security_group_id=12260685-b04d-4735-8aa8-dfe13fe6c078 HTTP/1.1" status: 200 len: 2406 time: 0.0280159
2026-06-24 02:16:26.178 10 INFO neutron.wsgi [None req-1f51a62a-a2d3-40c9-bd2b-45fb20cd512f a24861d46242441ab46d0ebd120db796 4145243cb21a40398cc51ef29dfbdc09 - - default default] 199.204.45.162 "DELETE /v2.0/security-group-rules/080184c0-001e-4b20-80c3-216b3770453a HTTP/1.1" status: 204 len: 173 time: 0.1671638
2026-06-24 02:16:26.323 10 INFO neutron.wsgi [None req-0c24259d-3f74-4726-98c8-20f32263287d a24861d46242441ab46d0ebd120db796 4145243cb21a40398cc51ef29dfbdc09 - - default default] 199.204.45.162 "DELETE /v2.0/security-group-rules/9e1c7347-2e32-4526-a3d9-c41f30ea9a08 HTTP/1.1" status: 204 len: 173 time: 0.1368513
2026-06-24 02:16:30.683 9 INFO neutron.db.l3_db [None req-e4ab34da-27a2-47a1-96f8-f876e4168524 b05beff2f55b4721a3ac49e387e69369 8383fcd007c24e90bb1e2c28e4bda776 - - default default] Floating IP 88a116cc-9bae-4044-8b06-dbf0dfe0cb33 disassociated (deleted). External IP: 10.96.250.216, port: 6b67bbed-d55c-4880-8454-b0ce7e88f263.
2026-06-24 02:16:30.783 9 INFO neutron.wsgi [None req-e4ab34da-27a2-47a1-96f8-f876e4168524 b05beff2f55b4721a3ac49e387e69369 8383fcd007c24e90bb1e2c28e4bda776 - - default default] 10.0.0.146 "DELETE /v2.0/floatingips/88a116cc-9bae-4044-8b06-dbf0dfe0cb33 HTTP/1.1" status: 204 len: 168 time: 0.5517826 /var/lib/openstack/lib/python3.10/site-packages/pycadf/identifier.py:71: UserWarning: Invalid uuid: neutron. To ensure interoperability, identifiers should be a valid uuid. warnings.warn(('Invalid uuid: %s. To ensure interoperability, '
2026-06-24 02:16:30.822 9 INFO neutron.api.v2.resource [None req-76c02bfa-33a4-4bde-98ad-b1e29d79532f b05beff2f55b4721a3ac49e387e69369 8383fcd007c24e90bb1e2c28e4bda776 - - default default] show failed (client error): The resource could not be found.
2026-06-24 02:16:30.823 9 INFO neutron.wsgi [None req-76c02bfa-33a4-4bde-98ad-b1e29d79532f b05beff2f55b4721a3ac49e387e69369 8383fcd007c24e90bb1e2c28e4bda776 - - default default] 10.0.0.146 "GET /v2.0/floatingips/88a116cc-9bae-4044-8b06-dbf0dfe0cb33 HTTP/1.1" status: 404 len: 345 time: 0.0305254
2026-06-24 02:16:31.103 9 INFO neutron.wsgi [None req-7e2f9792-2a80-466f-8a63-af4e2e9883bd a24861d46242441ab46d0ebd120db796 4145243cb21a40398cc51ef29dfbdc09 - - default default] 199.204.45.162 "GET /v2.0/extensions/security-group HTTP/1.1" status: 200 len: 369 time: 0.0054731
2026-06-24 02:16:31.117 9 INFO neutron.wsgi [None req-eb511226-6844-4dfa-8d53-5b139198222e a24861d46242441ab46d0ebd120db796 4145243cb21a40398cc51ef29dfbdc09 - - default default] 199.204.45.162 "GET /v2.0/extensions/dns-integration HTTP/1.1" status: 200 len: 371 time: 0.0085371
2026-06-24 02:16:31.126 9 INFO neutron.wsgi [None req-c1cb6546-dd40-4f21-8b8f-9fc226caa738 a24861d46242441ab46d0ebd120db796 4145243cb21a40398cc51ef29dfbdc09 - - default default] 199.204.45.162 "GET /v2.0/extensions/qos HTTP/1.1" status: 200 len: 365 time: 0.0042663
2026-06-24 02:16:31.142 9 INFO neutron.wsgi [None req-f6a0e68b-5778-4e9d-9deb-716476907173 a24861d46242441ab46d0ebd120db796 4145243cb21a40398cc51ef29dfbdc09 - - default default] 199.204.45.162 "GET /v2.0/extensions/allowed-address-pairs HTTP/1.1" status: 200 len: 383 time: 0.0074718
2026-06-24 02:16:31.189 9 INFO neutron.wsgi [None req-1da1bde3-0c2e-4f01-a536-94efb563978c a24861d46242441ab46d0ebd120db796 4145243cb21a40398cc51ef29dfbdc09 - - default default] 199.204.45.162 "GET /v2.0/subnets/16c920ac-2269-42ff-bd9c-816209ddbab5 HTTP/1.1" status: 200 len: 851 time: 0.0388911
2026-06-24 02:16:31.242 9 INFO neutron.wsgi [None req-b9f06d9f-4dc3-4e4d-b2a4-404d52c4a4f2 a24861d46242441ab46d0ebd120db796 4145243cb21a40398cc51ef29dfbdc09 - - default default] 199.204.45.162 "GET /v2.0/ports?device_id=b0debf27-7f3c-4df7-af7d-43b9e8242b39 HTTP/1.1" status: 200 len: 2727 time: 0.0472503
2026-06-24 02:16:31.294 9 INFO neutron.wsgi [None req-3c31ef69-3134-428f-be5f-fbd9368cc0df a24861d46242441ab46d0ebd120db796 4145243cb21a40398cc51ef29dfbdc09 - - default default] 199.204.45.162 "GET /v2.0/ports?device_id=b0debf27-7f3c-4df7-af7d-43b9e8242b39 HTTP/1.1" status: 200 len: 2727 time: 0.0443757
2026-06-24 02:16:31.410 9 INFO neutron.wsgi [None req-cd23c7a9-7170-4a50-a4de-9a6a34aa7c2a a24861d46242441ab46d0ebd120db796 4145243cb21a40398cc51ef29dfbdc09 - - default default] 199.204.45.162 "GET /v2.0/ports?device_id=b0debf27-7f3c-4df7-af7d-43b9e8242b39 HTTP/1.1" status: 200 len: 2727 time: 0.0483582
2026-06-24 02:16:31.667 9 INFO neutron.plugins.ml2.drivers.ovn.mech_driver.mech_driver [None req-18ad88ff-cc8b-4b9f-84ee-3b60ad7a252f - - - - - -] OVN reports status down for port: 6b67bbed-d55c-4880-8454-b0ce7e88f263
2026-06-24 02:16:31.753 9 INFO neutron.wsgi [req-e1fc8d91-d894-4cec-bb3a-2ffbc0ad4b51 req-d8b8f521-832a-44de-886d-ee5427c735b2 97fc5452f77d43fb9673c5f30d93091f de4366fd81b74c29b0add481c92be91c - - b3e860232bd54d29b059f60035ec0e3d b3e860232bd54d29b059f60035ec0e3d] 199.204.45.162 "GET /v2.0/ports/77a10441-a62b-4b81-8419-7bc839b03564 HTTP/1.1" status: 200 len: 1518 time: 0.0339179
2026-06-24 02:16:31.816 9 INFO neutron.plugins.ml2.drivers.ovn.mech_driver.mech_driver [None req-18ad88ff-cc8b-4b9f-84ee-3b60ad7a252f - - - - - -] OVN reports status down for port: 77a10441-a62b-4b81-8419-7bc839b03564
2026-06-24 02:16:31.819 9 INFO neutron.wsgi [req-e1fc8d91-d894-4cec-bb3a-2ffbc0ad4b51 req-64bc1d35-a22e-4c65-9330-0aa1774d05a2 a24861d46242441ab46d0ebd120db796 4145243cb21a40398cc51ef29dfbdc09 - - default default] 199.204.45.162 "GET /v2.0/ports/77a10441-a62b-4b81-8419-7bc839b03564?fields=binding%3Aprofile&fields=network_id HTTP/1.1" status: 200 len: 281 time: 0.0550709
2026-06-24 02:16:31.838 10 INFO neutron.db.ovn_revision_numbers_db [None req-9267de6f-cf39-4219-a245-d1e6df64793f - - - - - -] Successfully bumped revision number for resource 6b67bbed-d55c-4880-8454-b0ce7e88f263 (type: ports) to 6
2026-06-24 02:16:31.900 9 INFO neutron.wsgi [req-e1fc8d91-d894-4cec-bb3a-2ffbc0ad4b51 req-75ea5ca6-4168-4f44-b0d4-48a48b7a404b a24861d46242441ab46d0ebd120db796 4145243cb21a40398cc51ef29dfbdc09 - - default default] 199.204.45.162 "GET /v2.0/networks/3971dbf7-724a-49e0-9e44-6e301fb97b25?fields=dns_domain HTTP/1.1" status: 200 len: 227 time: 0.0661972
2026-06-24 02:16:31.999 9 INFO neutron.notifiers.nova [-] Nova event matching ['req-9090d8bd-e3ea-4c24-8303-9cd9a2acf5d9'] response: {'server_uuid': 'b0debf27-7f3c-4df7-af7d-43b9e8242b39', 'name': 'network-vif-unplugged', 'status': 'completed', 'tag': '77a10441-a62b-4b81-8419-7bc839b03564', 'code': 200}
2026-06-24 02:16:32.175 9 INFO neutron.db.ovn_revision_numbers_db [None req-18ad88ff-cc8b-4b9f-84ee-3b60ad7a252f - - - - - -] Successfully bumped revision number for resource 77a10441-a62b-4b81-8419-7bc839b03564 (type: ports) to 7
2026-06-24 02:16:32.399 9 INFO neutron.db.ovn_revision_numbers_db [req-e1fc8d91-d894-4cec-bb3a-2ffbc0ad4b51 req-91eb9038-fdbb-4534-84d4-8ff678cc38f5 97fc5452f77d43fb9673c5f30d93091f de4366fd81b74c29b0add481c92be91c - - b3e860232bd54d29b059f60035ec0e3d b3e860232bd54d29b059f60035ec0e3d] Successfully bumped revision number for resource 77a10441-a62b-4b81-8419-7bc839b03564 (type: ports) to 8
2026-06-24 02:16:32.414 9 INFO neutron.wsgi [req-e1fc8d91-d894-4cec-bb3a-2ffbc0ad4b51 req-91eb9038-fdbb-4534-84d4-8ff678cc38f5 97fc5452f77d43fb9673c5f30d93091f de4366fd81b74c29b0add481c92be91c - - b3e860232bd54d29b059f60035ec0e3d b3e860232bd54d29b059f60035ec0e3d] 199.204.45.162 "PUT /v2.0/ports/77a10441-a62b-4b81-8419-7bc839b03564 HTTP/1.1" status: 200 len: 1350 time: 0.5043044 /var/lib/openstack/lib/python3.10/site-packages/pycadf/identifier.py:71: UserWarning: Invalid uuid: neutron. To ensure interoperability, identifiers should be a valid uuid. warnings.warn(('Invalid uuid: %s. To ensure interoperability, '
2026-06-24 02:16:32.456 9 INFO neutron.wsgi [None req-bfa46be7-5710-4797-98ce-cb0bcc71ea60 a24861d46242441ab46d0ebd120db796 4145243cb21a40398cc51ef29dfbdc09 - - default default] 199.204.45.162 "GET /v2.0/ports?device_id=b0debf27-7f3c-4df7-af7d-43b9e8242b39 HTTP/1.1" status: 200 len: 1417 time: 0.0294893
2026-06-24 02:16:32.518 9 INFO neutron.wsgi [req-e1fc8d91-d894-4cec-bb3a-2ffbc0ad4b51 req-e9209f01-d98d-46fe-9693-17f5b11282b7 97fc5452f77d43fb9673c5f30d93091f de4366fd81b74c29b0add481c92be91c - - b3e860232bd54d29b059f60035ec0e3d b3e860232bd54d29b059f60035ec0e3d] 199.204.45.162 "GET /v2.0/ports?tenant_id=4145243cb21a40398cc51ef29dfbdc09&device_id=b0debf27-7f3c-4df7-af7d-43b9e8242b39 HTTP/1.1" status: 200 len: 1417 time: 0.0371022
2026-06-24 02:16:32.597 9 INFO neutron.wsgi [req-e1fc8d91-d894-4cec-bb3a-2ffbc0ad4b51 req-fc3aad67-1179-4a13-8f2d-cf607aa64584 97fc5452f77d43fb9673c5f30d93091f de4366fd81b74c29b0add481c92be91c - - b3e860232bd54d29b059f60035ec0e3d b3e860232bd54d29b059f60035ec0e3d] 199.204.45.162 "GET /v2.0/networks?id=e7784d1a-dd94-4595-bf33-9e300a6e1a36&id=3971dbf7-724a-49e0-9e44-6e301fb97b25 HTTP/1.1" status: 200 len: 1729 time: 0.0714214
2026-06-24 02:16:33.070 9 INFO neutron.wsgi [req-e1fc8d91-d894-4cec-bb3a-2ffbc0ad4b51 req-766cfdb5-583d-432b-8fd0-2b7ac749b57b 97fc5452f77d43fb9673c5f30d93091f de4366fd81b74c29b0add481c92be91c - - b3e860232bd54d29b059f60035ec0e3d b3e860232bd54d29b059f60035ec0e3d] 199.204.45.162 "GET /v2.0/floatingips?fixed_ip_address=172.24.2.168&port_id=984daffe-7e95-4cf3-8fce-aec4602624ad HTTP/1.1" status: 200 len: 217 time: 0.4610093
2026-06-24 02:16:33.121 9 INFO neutron.wsgi [req-e1fc8d91-d894-4cec-bb3a-2ffbc0ad4b51 req-5851d338-c9fc-414b-aadb-81252cff5c06 97fc5452f77d43fb9673c5f30d93091f de4366fd81b74c29b0add481c92be91c - - b3e860232bd54d29b059f60035ec0e3d b3e860232bd54d29b059f60035ec0e3d] 199.204.45.162 "GET /v2.0/subnets?id=ccd99098-67ff-4cee-ab6b-5420f3c34246 HTTP/1.1" status: 200 len: 829 time: 0.0426643
2026-06-24 02:16:33.161 9 INFO neutron.wsgi [req-e1fc8d91-d894-4cec-bb3a-2ffbc0ad4b51 req-b732eedb-a297-45e7-81a4-18df3bd0f2d7 97fc5452f77d43fb9673c5f30d93091f de4366fd81b74c29b0add481c92be91c - - b3e860232bd54d29b059f60035ec0e3d b3e860232bd54d29b059f60035ec0e3d] 199.204.45.162 "GET /v2.0/ports?network_id=e7784d1a-dd94-4595-bf33-9e300a6e1a36&device_owner=network%3Adhcp HTTP/1.1" status: 200 len: 210 time: 0.0326707 /var/lib/openstack/lib/python3.10/site-packages/pycadf/identifier.py:71: UserWarning: Invalid uuid: neutron. To ensure interoperability, identifiers should be a valid uuid. warnings.warn(('Invalid uuid: %s. To ensure interoperability, '
2026-06-24 02:16:33.254 9 INFO neutron.wsgi [req-e1fc8d91-d894-4cec-bb3a-2ffbc0ad4b51 req-824002d9-7977-47c4-80c8-725102303f6a 97fc5452f77d43fb9673c5f30d93091f de4366fd81b74c29b0add481c92be91c - - b3e860232bd54d29b059f60035ec0e3d b3e860232bd54d29b059f60035ec0e3d] 199.204.45.162 "GET /v2.0/networks/e7784d1a-dd94-4595-bf33-9e300a6e1a36?fields=segments HTTP/1.1" status: 200 len: 212 time: 0.0831370
2026-06-24 02:16:33.393 9 INFO neutron.wsgi [req-e1fc8d91-d894-4cec-bb3a-2ffbc0ad4b51 req-6f92cfa9-2314-4864-aac1-f8fc2ec22702 97fc5452f77d43fb9673c5f30d93091f de4366fd81b74c29b0add481c92be91c - - b3e860232bd54d29b059f60035ec0e3d b3e860232bd54d29b059f60035ec0e3d] 199.204.45.162 "GET /v2.0/networks/e7784d1a-dd94-4595-bf33-9e300a6e1a36?fields=provider%3Aphysical_network&fields=provider%3Anetwork_type HTTP/1.1" status: 200 len: 277 time: 0.1277485
2026-06-24 02:16:33.439 9 INFO neutron.db.ovn_revision_numbers_db [None req-ea19073f-e60c-4c1e-9e1a-db367033fc99 a24861d46242441ab46d0ebd120db796 4145243cb21a40398cc51ef29dfbdc09 - - default default] Successfully bumped revision number for resource 77a10441-a62b-4b81-8419-7bc839b03564 (type: ports) to 9
2026-06-24 02:16:33.462 9 INFO neutron.wsgi [None req-ea19073f-e60c-4c1e-9e1a-db367033fc99 a24861d46242441ab46d0ebd120db796 4145243cb21a40398cc51ef29dfbdc09 - - default default] 199.204.45.162 "PUT /v2.0/ports/77a10441-a62b-4b81-8419-7bc839b03564 HTTP/1.1" status: 200 len: 1290 time: 0.9999509
2026-06-24 02:16:33.509 9 INFO neutron.wsgi [None req-1b6b4610-d159-4ff6-b7c8-d377dd5c9b6b a24861d46242441ab46d0ebd120db796 4145243cb21a40398cc51ef29dfbdc09 - - default default] 199.204.45.162 "GET /v2.0/ports/77a10441-a62b-4b81-8419-7bc839b03564 HTTP/1.1" status: 200 len: 1290 time: 0.0369642
2026-06-24 02:16:33.546 10 INFO neutron.db.ovn_revision_numbers_db [None req-9267de6f-cf39-4219-a245-d1e6df64793f - - - - - -] Successfully bumped revision number for resource 6b67bbed-d55c-4880-8454-b0ce7e88f263 (type: ports) to 8
2026-06-24 02:16:33.905 9 INFO neutron.wsgi [None req-285914df-38ff-48b3-965f-7de405bf191b a24861d46242441ab46d0ebd120db796 4145243cb21a40398cc51ef29dfbdc09 - - default default] 199.204.45.162 "DELETE /v2.0/ports/77a10441-a62b-4b81-8419-7bc839b03564 HTTP/1.1" status: 204 len: 173 time: 0.3899388
2026-06-24 02:16:33.947 9 INFO neutron.wsgi [None req-0d7e79dd-b2ef-4fca-9757-76833a5c735c a24861d46242441ab46d0ebd120db796 4145243cb21a40398cc51ef29dfbdc09 - - default default] 199.204.45.162 "GET /v2.0/extensions/security-group HTTP/1.1" status: 200 len: 369 time: 0.0083456
2026-06-24 02:16:33.957 9 INFO neutron.wsgi [None req-727fc8c9-c9b1-42f2-89d2-d7cc515d26f3 a24861d46242441ab46d0ebd120db796 4145243cb21a40398cc51ef29dfbdc09 - - default default] 199.204.45.162 "GET /v2.0/extensions/dns-integration HTTP/1.1" status: 200 len: 371 time: 0.0031276
2026-06-24 02:16:33.964 9 INFO neutron.wsgi [None req-61ed0a3e-a587-44b2-8426-825733a25b44 a24861d46242441ab46d0ebd120db796 4145243cb21a40398cc51ef29dfbdc09 - - default default] 199.204.45.162 "GET /v2.0/extensions/qos HTTP/1.1" status: 200 len: 365 time: 0.0040185
2026-06-24 02:16:33.974 9 INFO neutron.wsgi [None req-bb4a827e-40bd-411a-8b19-9fe6f7a56aaa a24861d46242441ab46d0ebd120db796 4145243cb21a40398cc51ef29dfbdc09 - - default default] 199.204.45.162 "GET /v2.0/extensions/allowed-address-pairs HTTP/1.1" status: 200 len: 383 time: 0.0048530
2026-06-24 02:16:33.998 9 INFO neutron.pecan_wsgi.hooks.translation [None req-034488b8-bc61-4c45-b412-ebae1d8c96f6 a24861d46242441ab46d0ebd120db796 4145243cb21a40398cc51ef29dfbdc09 - - default default] DELETE failed (client error): The resource could not be found.
2026-06-24 02:16:34.001 9 INFO neutron.wsgi [None req-034488b8-bc61-4c45-b412-ebae1d8c96f6 a24861d46242441ab46d0ebd120db796 4145243cb21a40398cc51ef29dfbdc09 - - default default] 199.204.45.162 "DELETE /v2.0/ports/77a10441-a62b-4b81-8419-7bc839b03564 HTTP/1.1" status: 404 len: 338 time: 0.0219016
2026-06-24 02:16:34.041 9 INFO neutron.wsgi [None req-665547e7-29e9-4982-8353-02018628a22c a24861d46242441ab46d0ebd120db796 4145243cb21a40398cc51ef29dfbdc09 - - default default] 199.204.45.162 "GET /v2.0/ports/6b67bbed-d55c-4880-8454-b0ce7e88f263 HTTP/1.1" status: 200 len: 1328 time: 0.0308580
2026-06-24 02:16:34.042 9 INFO neutron.notifiers.nova [-] Nova event matching ['req-18f96811-7340-4ade-8189-7e6b43ac5303'] response: {'server_uuid': 'b0debf27-7f3c-4df7-af7d-43b9e8242b39', 'name': 'network-vif-plugged', 'status': 'completed', 'tag': '77a10441-a62b-4b81-8419-7bc839b03564', 'code': 200}
2026-06-24 02:16:34.085 9 INFO neutron.wsgi [None req-db1ae704-fb2a-469b-b6fe-4fbcb9931f18 a24861d46242441ab46d0ebd120db796 4145243cb21a40398cc51ef29dfbdc09 - - default default] 199.204.45.162 "GET /v2.0/security-groups?name=lb-0e3b6827-c5d3-49ee-8c92-b18a75d5c796 HTTP/1.1" status: 200 len: 1777 time: 0.0377860
2026-06-24 02:16:34.121 9 INFO neutron.wsgi [None req-4e596334-6c6f-4f14-be9e-d48729e1f07e a24861d46242441ab46d0ebd120db796 4145243cb21a40398cc51ef29dfbdc09 - - default default] 199.204.45.162 "GET /v2.0/ports/6b67bbed-d55c-4880-8454-b0ce7e88f263 HTTP/1.1" status: 200 len: 1328 time: 0.0284560
2026-06-24 02:16:34.559 9 INFO neutron.db.ovn_revision_numbers_db [None req-2e887fa2-6396-4692-b4f9-94d036ca13a7 a24861d46242441ab46d0ebd120db796 4145243cb21a40398cc51ef29dfbdc09 - - default default] Successfully bumped revision number for resource 6b67bbed-d55c-4880-8454-b0ce7e88f263 (type: ports) to 9
2026-06-24 02:16:34.577 9 INFO neutron.wsgi [None req-2e887fa2-6396-4692-b4f9-94d036ca13a7 a24861d46242441ab46d0ebd120db796 4145243cb21a40398cc51ef29dfbdc09 - - default default] 199.204.45.162 "PUT /v2.0/ports/6b67bbed-d55c-4880-8454-b0ce7e88f263 HTTP/1.1" status: 200 len: 1290 time: 0.4496911
2026-06-24 02:16:34.707 9 INFO neutron.wsgi [None req-6d8cf157-9c65-40c8-95f2-af95fef2e468 a24861d46242441ab46d0ebd120db796 4145243cb21a40398cc51ef29dfbdc09 - - default default] 199.204.45.162 "DELETE /v2.0/security-groups/12260685-b04d-4735-8aa8-dfe13fe6c078 HTTP/1.1" status: 204 len: 173 time: 0.1252966
2026-06-24 02:16:35.063 9 INFO neutron.wsgi [None req-250fab0c-a087-49c8-a491-47c61f099cf7 a24861d46242441ab46d0ebd120db796 4145243cb21a40398cc51ef29dfbdc09 - - default default] 199.204.45.162 "DELETE /v2.0/ports/6b67bbed-d55c-4880-8454-b0ce7e88f263 HTTP/1.1" status: 204 len: 173 time: 0.3493152
2026-06-24 02:16:35.353 10 INFO neutron.plugins.ml2.drivers.ovn.mech_driver.mech_driver [None req-38c54c48-a1d9-4967-9a05-098a3ef478de - - - - - -] OVN reports status down for port: 984daffe-7e95-4cf3-8fce-aec4602624ad
2026-06-24 02:16:35.519 10 INFO neutron.notifiers.nova [-] Nova event matching ['req-69e8989e-52f6-4a0a-ba46-5ed411b3935f'] response: {'server_uuid': 'b0debf27-7f3c-4df7-af7d-43b9e8242b39', 'name': 'network-vif-unplugged', 'status': 'completed', 'tag': '984daffe-7e95-4cf3-8fce-aec4602624ad', 'code': 200}
2026-06-24 02:16:35.663 9 INFO neutron.wsgi [req-afb88fdd-8306-4897-bddf-e30b22bf6a0f req-f4c47147-d9b9-4268-bc56-a5134bc74d92 a24861d46242441ab46d0ebd120db796 4145243cb21a40398cc51ef29dfbdc09 - - default default] 199.204.45.162 "GET /v2.0/ports?device_id=b0debf27-7f3c-4df7-af7d-43b9e8242b39 HTTP/1.1" status: 200 len: 1415 time: 0.0431724
2026-06-24 02:16:35.743 10 INFO neutron.db.ovn_revision_numbers_db [None req-38c54c48-a1d9-4967-9a05-098a3ef478de - - - - - -] Successfully bumped revision number for resource 984daffe-7e95-4cf3-8fce-aec4602624ad (type: ports) to 5
2026-06-24 02:16:36.051 9 INFO neutron.wsgi [req-afb88fdd-8306-4897-bddf-e30b22bf6a0f req-fc3b401c-3421-412e-8b15-8a83e5557a0a a24861d46242441ab46d0ebd120db796 4145243cb21a40398cc51ef29dfbdc09 - - default default] 199.204.45.162 "DELETE /v2.0/ports/984daffe-7e95-4cf3-8fce-aec4602624ad HTTP/1.1" status: 204 len: 173 time: 0.3841822
2026-06-24 02:16:36.093 9 INFO neutron.notifiers.nova [-] Nova event matching ['req-74b6fc43-eee5-4279-b64c-267e752b566b'] response: {'server_uuid': 'b0debf27-7f3c-4df7-af7d-43b9e8242b39', 'name': 'network-vif-deleted', 'tag': '984daffe-7e95-4cf3-8fce-aec4602624ad', 'status': 'completed', 'code': 200}
2026-06-24 02:16:36.608 9 INFO neutron.db.l3_db [None req-90a5fe58-1dd1-4a47-afaa-eaaa25f7b9bc b05beff2f55b4721a3ac49e387e69369 8383fcd007c24e90bb1e2c28e4bda776 - - default default] Floating IP 9ab480f3-0084-4c02-aef8-3ea6661c1560 disassociated (deleted). External IP: 10.96.250.213, port: d0930ecf-5ed4-40aa-8402-bc2884793f60.
2026-06-24 02:16:36.667 9 INFO neutron.wsgi [None req-90a5fe58-1dd1-4a47-afaa-eaaa25f7b9bc b05beff2f55b4721a3ac49e387e69369 8383fcd007c24e90bb1e2c28e4bda776 - - default default] 10.0.0.146 "DELETE /v2.0/floatingips/9ab480f3-0084-4c02-aef8-3ea6661c1560 HTTP/1.1" status: 204 len: 168 time: 0.4893806
2026-06-24 02:16:36.703 9 INFO neutron.api.v2.resource [None req-de254b4a-2546-43e6-8217-5d0c01f73141 b05beff2f55b4721a3ac49e387e69369 8383fcd007c24e90bb1e2c28e4bda776 - - default default] show failed (client error): The resource could not be found.
2026-06-24 02:16:36.705 9 INFO neutron.wsgi [None req-de254b4a-2546-43e6-8217-5d0c01f73141 b05beff2f55b4721a3ac49e387e69369 8383fcd007c24e90bb1e2c28e4bda776 - - default default] 10.0.0.146 "GET /v2.0/floatingips/9ab480f3-0084-4c02-aef8-3ea6661c1560 HTTP/1.1" status: 404 len: 345 time: 0.0320635
2026-06-24 02:16:36.938 10 INFO neutron.plugins.ml2.drivers.ovn.mech_driver.mech_driver [None req-38c54c48-a1d9-4967-9a05-098a3ef478de - - - - - -] OVN reports status down for port: d0930ecf-5ed4-40aa-8402-bc2884793f60
2026-06-24 02:16:36.997 9 INFO neutron.wsgi [req-768e8119-2dff-4ec5-8601-7810c1ef062b req-62af2469-75c7-47ea-ad06-4d6b362e01f0 b05beff2f55b4721a3ac49e387e69369 8383fcd007c24e90bb1e2c28e4bda776 - - default default] 10.0.0.190 "GET /v2.0/ports?device_id=270b3870-481c-4787-8d14-349ae244f781 HTTP/1.1" status: 200 len: 1396 time: 0.1131313
2026-06-24 02:16:37.052 9 INFO neutron.wsgi [req-768e8119-2dff-4ec5-8601-7810c1ef062b req-bdd7f2eb-03fd-4e98-9637-ebd2796035e2 b05beff2f55b4721a3ac49e387e69369 8383fcd007c24e90bb1e2c28e4bda776 - - default default] 10.0.0.190 "GET /v2.0/security-groups?id=eca9c141-5f2f-47a2-80f5-5e2356d0a86e&fields=id&fields=name HTTP/1.1" status: 200 len: 311 time: 0.0455432
2026-06-24 02:16:37.247 9 INFO neutron.wsgi [req-aa2a2726-cb39-4340-acc7-615b5de8c475 req-310aecdc-414d-443a-9dd4-723691d45b97 b05beff2f55b4721a3ac49e387e69369 8383fcd007c24e90bb1e2c28e4bda776 - - default default] 199.204.45.162 "GET /v2.0/ports?device_id=270b3870-481c-4787-8d14-349ae244f781 HTTP/1.1" status: 200 len: 1394 time: 0.0487158
2026-06-24 02:16:37.253 10 INFO neutron.db.ovn_revision_numbers_db [None req-38c54c48-a1d9-4967-9a05-098a3ef478de - - - - - -] Successfully bumped revision number for resource d0930ecf-5ed4-40aa-8402-bc2884793f60 (type: ports) to 5
2026-06-24 02:16:37.564 10 INFO neutron.notifiers.nova [-] Nova event matching ['req-b358ffb7-76a7-489b-996f-d7c99854c938'] response: {'server_uuid': 'b0debf27-7f3c-4df7-af7d-43b9e8242b39', 'name': 'network-vif-plugged', 'status': 'completed', 'tag': '984daffe-7e95-4cf3-8fce-aec4602624ad', 'code': 200}
2026-06-24 02:16:37.565 10 INFO neutron.notifiers.nova [-] Nova event matching ['req-b358ffb7-76a7-489b-996f-d7c99854c938'] response: {'server_uuid': '270b3870-481c-4787-8d14-349ae244f781', 'name': 'network-vif-unplugged', 'status': 'completed', 'tag': 'd0930ecf-5ed4-40aa-8402-bc2884793f60', 'code': 200}
2026-06-24 02:16:37.565 10 INFO neutron.notifiers.nova [-] Nova event matching ['req-b358ffb7-76a7-489b-996f-d7c99854c938'] response: {'server_uuid': '270b3870-481c-4787-8d14-349ae244f781', 'name': 'network-vif-plugged', 'status': 'completed', 'tag': 'd0930ecf-5ed4-40aa-8402-bc2884793f60', 'code': 200}
2026-06-24 02:16:37.609 9 INFO neutron.wsgi [req-aa2a2726-cb39-4340-acc7-615b5de8c475 req-abbd6357-8483-4724-aec8-922e721092ee b05beff2f55b4721a3ac49e387e69369 8383fcd007c24e90bb1e2c28e4bda776 - - default default] 199.204.45.162 "DELETE /v2.0/ports/d0930ecf-5ed4-40aa-8402-bc2884793f60 HTTP/1.1" status: 204 len: 173 time: 0.3569291
2026-06-24 02:16:38.139 9 INFO neutron.notifiers.nova [-] Nova event matching ['req-b4fd37e8-ae8d-4224-b03c-1966585178bf'] response: {'name': 'network-changed', 'server_uuid': '270b3870-481c-4787-8d14-349ae244f781', 'tag': 'd0930ecf-5ed4-40aa-8402-bc2884793f60', 'status': 'completed', 'code': 200}
2026-06-24 02:16:38.140 9 INFO neutron.notifiers.nova [-] Nova event matching ['req-b4fd37e8-ae8d-4224-b03c-1966585178bf'] response: {'server_uuid': '270b3870-481c-4787-8d14-349ae244f781', 'name': 'network-vif-deleted', 'tag': 'd0930ecf-5ed4-40aa-8402-bc2884793f60', 'status': 'completed', 'code': 200}
2026-06-24 02:16:38.178 9 INFO neutron.wsgi [req-505534b3-75d2-4d26-8a21-6596d87c4d64 req-8510a679-0eb6-418a-975b-34c2b6d7a5ed 97fc5452f77d43fb9673c5f30d93091f de4366fd81b74c29b0add481c92be91c - - b3e860232bd54d29b059f60035ec0e3d b3e860232bd54d29b059f60035ec0e3d] 199.204.45.162 "GET /v2.0/ports?tenant_id=8383fcd007c24e90bb1e2c28e4bda776&device_id=270b3870-481c-4787-8d14-349ae244f781 HTTP/1.1" status: 200 len: 210 time: 0.0272920
2026-06-24 02:16:38.297 9 INFO neutron.wsgi [req-505534b3-75d2-4d26-8a21-6596d87c4d64 req-32e1409e-2ad9-4cd8-978e-c39b2b0ae1bc 97fc5452f77d43fb9673c5f30d93091f de4366fd81b74c29b0add481c92be91c - - b3e860232bd54d29b059f60035ec0e3d b3e860232bd54d29b059f60035ec0e3d] 199.204.45.162 "GET /v2.0/networks?tenant_id=8383fcd007c24e90bb1e2c28e4bda776&shared=False HTTP/1.1" status: 200 len: 2584 time: 0.1100762
2026-06-24 02:16:38.387 9 INFO neutron.wsgi [req-505534b3-75d2-4d26-8a21-6596d87c4d64 req-e73358eb-f669-4289-9d4b-b12a17c80d4f 97fc5452f77d43fb9673c5f30d93091f de4366fd81b74c29b0add481c92be91c - - b3e860232bd54d29b059f60035ec0e3d b3e860232bd54d29b059f60035ec0e3d] 199.204.45.162 "GET /v2.0/networks?shared=True HTTP/1.1" status: 200 len: 952 time: 0.0836940
2026-06-24 02:16:39.831 10 INFO neutron.wsgi [-] 10.0.0.79 "GET / HTTP/1.1" status: 200 len: 247 time: 0.0019565
2026-06-24 02:16:39.832 9 INFO neutron.wsgi [-] 10.0.0.79 "GET / HTTP/1.1" status: 200 len: 247 time: 0.0028334 /var/lib/openstack/lib/python3.10/site-packages/pycadf/identifier.py:71: UserWarning: Invalid uuid: neutron. To ensure interoperability, identifiers should be a valid uuid. warnings.warn(('Invalid uuid: %s. To ensure interoperability, '
2026-06-24 02:16:42.558 10 INFO neutron.db.l3_db [None req-a0b447f0-7296-4a33-9ab0-0a7fb2b4a058 b05beff2f55b4721a3ac49e387e69369 8383fcd007c24e90bb1e2c28e4bda776 - - default default] Floating IP 14530a2c-c9a9-4147-ba7c-052660bcd193 disassociated (deleted). External IP: 10.96.250.212, port: 4b3ba8e4-f271-494a-8b4b-17694b58ea75.
2026-06-24 02:16:42.621 10 INFO neutron.wsgi [None req-a0b447f0-7296-4a33-9ab0-0a7fb2b4a058 b05beff2f55b4721a3ac49e387e69369 8383fcd007c24e90bb1e2c28e4bda776 - - default default] 10.0.0.146 "DELETE /v2.0/floatingips/14530a2c-c9a9-4147-ba7c-052660bcd193 HTTP/1.1" status: 204 len: 168 time: 0.4905522 /var/lib/openstack/lib/python3.10/site-packages/pycadf/identifier.py:71: UserWarning: Invalid uuid: neutron. To ensure interoperability, identifiers should be a valid uuid. warnings.warn(('Invalid uuid: %s. To ensure interoperability, '
2026-06-24 02:16:42.657 9 INFO neutron.api.v2.resource [None req-ec376c1b-24ea-4a6d-a586-92142f298e51 b05beff2f55b4721a3ac49e387e69369 8383fcd007c24e90bb1e2c28e4bda776 - - default default] show failed (client error): The resource could not be found.
2026-06-24 02:16:42.659 9 INFO neutron.wsgi [None req-ec376c1b-24ea-4a6d-a586-92142f298e51 b05beff2f55b4721a3ac49e387e69369 8383fcd007c24e90bb1e2c28e4bda776 - - default default] 10.0.0.146 "GET /v2.0/floatingips/14530a2c-c9a9-4147-ba7c-052660bcd193 HTTP/1.1" status: 404 len: 345 time: 0.0305197
2026-06-24 02:16:42.672 10 INFO neutron.notifiers.nova [-] Nova event matching ['req-de90a12a-cdc9-4901-b457-68bf7e60135d'] response: {'name': 'network-changed', 'server_uuid': '419e563b-60f1-46e3-a1fc-aa85d17abd73', 'tag': '4b3ba8e4-f271-494a-8b4b-17694b58ea75', 'status': 'completed', 'code': 200}
2026-06-24 02:16:42.765 9 INFO neutron.wsgi [req-005e419c-0d9f-40dd-9851-cfea082a4265 req-afc913a8-9d7d-4437-be95-8192d75e1af9 97fc5452f77d43fb9673c5f30d93091f de4366fd81b74c29b0add481c92be91c - - b3e860232bd54d29b059f60035ec0e3d b3e860232bd54d29b059f60035ec0e3d] 199.204.45.162 "GET /v2.0/ports?tenant_id=8383fcd007c24e90bb1e2c28e4bda776&device_id=419e563b-60f1-46e3-a1fc-aa85d17abd73 HTTP/1.1" status: 200 len: 1638 time: 0.0619063
2026-06-24 02:16:42.878 9 INFO neutron.wsgi [req-005e419c-0d9f-40dd-9851-cfea082a4265 req-fe43d88e-63f3-4030-b481-1bdb365841fb 97fc5452f77d43fb9673c5f30d93091f de4366fd81b74c29b0add481c92be91c - - b3e860232bd54d29b059f60035ec0e3d b3e860232bd54d29b059f60035ec0e3d] 199.204.45.162 "GET /v2.0/networks?id=4b457068-a4e7-4072-98a4-6b586cb3c04e HTTP/1.1" status: 200 len: 1002 time: 0.1039245
2026-06-24 02:16:42.887 10 INFO neutron.plugins.ml2.drivers.ovn.mech_driver.mech_driver [None req-38c54c48-a1d9-4967-9a05-098a3ef478de - - - - - -] OVN reports status down for port: 4b3ba8e4-f271-494a-8b4b-17694b58ea75
2026-06-24 02:16:42.922 9 INFO neutron.wsgi [req-005e419c-0d9f-40dd-9851-cfea082a4265 req-1d5e2832-6b45-4d5f-a750-f404f4658008 97fc5452f77d43fb9673c5f30d93091f de4366fd81b74c29b0add481c92be91c - - b3e860232bd54d29b059f60035ec0e3d b3e860232bd54d29b059f60035ec0e3d] 199.204.45.162 "GET /v2.0/floatingips?fixed_ip_address=10.2.1.209&port_id=4b3ba8e4-f271-494a-8b4b-17694b58ea75 HTTP/1.1" status: 200 len: 217 time: 0.0330713
2026-06-24 02:16:42.958 9 INFO neutron.wsgi [req-005e419c-0d9f-40dd-9851-cfea082a4265 req-a67e32f8-5fcd-4694-885c-b68ea3562898 97fc5452f77d43fb9673c5f30d93091f de4366fd81b74c29b0add481c92be91c - - b3e860232bd54d29b059f60035ec0e3d b3e860232bd54d29b059f60035ec0e3d] 199.204.45.162 "GET /v2.0/floatingips?fixed_ip_address=fd7b%3Af9f7%3Afff%3A4eca%3A%3A396&port_id=4b3ba8e4-f271-494a-8b4b-17694b58ea75 HTTP/1.1" status: 200 len: 217 time: 0.0295653
2026-06-24 02:16:43.026 9 INFO neutron.wsgi [req-b1f4a1ed-cf66-47fe-af24-21c28d977bf8 req-a0bbc9cb-ab72-4cb7-a827-1501f608a087 b05beff2f55b4721a3ac49e387e69369 8383fcd007c24e90bb1e2c28e4bda776 - - default default] 10.0.0.190 "GET /v2.0/ports?device_id=419e563b-60f1-46e3-a1fc-aa85d17abd73 HTTP/1.1" status: 200 len: 1400 time: 0.1988754
2026-06-24 02:16:43.065 9 INFO neutron.wsgi [req-005e419c-0d9f-40dd-9851-cfea082a4265 req-13ddf141-4671-4fa9-91c4-2f571bc1fb04 97fc5452f77d43fb9673c5f30d93091f de4366fd81b74c29b0add481c92be91c - - b3e860232bd54d29b059f60035ec0e3d b3e860232bd54d29b059f60035ec0e3d] 199.204.45.162 "GET /v2.0/subnets?id=467b71a1-3993-4ab3-85dc-fa67bae2d403&id=6a304d79-181b-4ed4-8929-3d84be8e83bf HTTP/1.1" status: 200 len: 1563 time: 0.0926785
2026-06-24 02:16:43.097 9 INFO neutron.wsgi [req-b1f4a1ed-cf66-47fe-af24-21c28d977bf8 req-9b44e0fd-a51b-4c2b-9a9b-cf3d028fc1a7 b05beff2f55b4721a3ac49e387e69369 8383fcd007c24e90bb1e2c28e4bda776 - - default default] 10.0.0.190 "GET /v2.0/security-groups?id=eca9c141-5f2f-47a2-80f5-5e2356d0a86e&fields=id&fields=name HTTP/1.1" status: 200 len: 311 time: 0.0626876
2026-06-24 02:16:43.106 9 INFO neutron.wsgi [req-005e419c-0d9f-40dd-9851-cfea082a4265 req-aed6a88b-9a09-4cfd-b49e-a4e9b6c41b31 97fc5452f77d43fb9673c5f30d93091f de4366fd81b74c29b0add481c92be91c - - b3e860232bd54d29b059f60035ec0e3d b3e860232bd54d29b059f60035ec0e3d] 199.204.45.162 "GET /v2.0/ports?network_id=4b457068-a4e7-4072-98a4-6b586cb3c04e&device_owner=network%3Adhcp HTTP/1.1" status: 200 len: 210 time: 0.0322940
2026-06-24 02:16:43.133 9 INFO neutron.wsgi [req-005e419c-0d9f-40dd-9851-cfea082a4265 req-a5ae876f-bc90-4618-8b2f-4f66883f9a67 97fc5452f77d43fb9673c5f30d93091f de4366fd81b74c29b0add481c92be91c - - b3e860232bd54d29b059f60035ec0e3d b3e860232bd54d29b059f60035ec0e3d] 199.204.45.162 "GET /v2.0/ports?network_id=4b457068-a4e7-4072-98a4-6b586cb3c04e&device_owner=network%3Adhcp HTTP/1.1" status: 200 len: 210 time: 0.0230196
2026-06-24 02:16:43.220 9 INFO neutron.wsgi [req-6501181c-bb8d-4918-8e59-89e6169c1095 req-419e5129-0dc8-40e8-ad53-219a54e2ab11 b05beff2f55b4721a3ac49e387e69369 8383fcd007c24e90bb1e2c28e4bda776 - - default default] 199.204.45.162 "GET /v2.0/ports?device_id=419e563b-60f1-46e3-a1fc-aa85d17abd73 HTTP/1.1" status: 200 len: 1398 time: 0.0418639
2026-06-24 02:16:43.231 9 INFO neutron.wsgi [req-005e419c-0d9f-40dd-9851-cfea082a4265 req-5ad22738-3e40-4082-9050-acedd62b951b 97fc5452f77d43fb9673c5f30d93091f de4366fd81b74c29b0add481c92be91c - - b3e860232bd54d29b059f60035ec0e3d b3e860232bd54d29b059f60035ec0e3d] 199.204.45.162 "GET /v2.0/networks/4b457068-a4e7-4072-98a4-6b586cb3c04e?fields=segments HTTP/1.1" status: 200 len: 212 time: 0.0932810
2026-06-24 02:16:43.269 10 INFO neutron.db.ovn_revision_numbers_db [None req-38c54c48-a1d9-4967-9a05-098a3ef478de - - - - - -] Successfully bumped revision number for resource 4b3ba8e4-f271-494a-8b4b-17694b58ea75 (type: ports) to 5
2026-06-24 02:16:43.343 9 INFO neutron.wsgi [req-005e419c-0d9f-40dd-9851-cfea082a4265 req-59fb5042-bfe1-4d5f-bb2a-8d8c8c0f77f0 97fc5452f77d43fb9673c5f30d93091f de4366fd81b74c29b0add481c92be91c - - b3e860232bd54d29b059f60035ec0e3d b3e860232bd54d29b059f60035ec0e3d] 199.204.45.162 "GET /v2.0/networks/4b457068-a4e7-4072-98a4-6b586cb3c04e?fields=provider%3Aphysical_network&fields=provider%3Anetwork_type HTTP/1.1" status: 200 len: 277 time: 0.0996659
2026-06-24 02:16:43.703 9 INFO neutron.wsgi [req-6501181c-bb8d-4918-8e59-89e6169c1095 req-a36472f6-0d72-48e6-a321-24904766fe7c b05beff2f55b4721a3ac49e387e69369 8383fcd007c24e90bb1e2c28e4bda776 - - default default] 199.204.45.162 "DELETE /v2.0/ports/4b3ba8e4-f271-494a-8b4b-17694b58ea75 HTTP/1.1" status: 204 len: 173 time: 0.4762840
2026-06-24 02:16:43.754 9 INFO neutron.notifiers.nova [-] Nova event matching ['req-c27ebef2-233c-4044-8e31-d4ff92929cec'] response: {'server_uuid': '419e563b-60f1-46e3-a1fc-aa85d17abd73', 'name': 'network-vif-deleted', 'tag': '4b3ba8e4-f271-494a-8b4b-17694b58ea75', 'status': 'completed', 'code': 200}
2026-06-24 02:16:44.719 10 INFO neutron.notifiers.nova [-] Nova event matching ['req-b66408f9-bb73-474a-bdc3-6961c1c660f2'] response: {'server_uuid': '419e563b-60f1-46e3-a1fc-aa85d17abd73', 'name': 'network-vif-unplugged', 'status': 'completed', 'tag': '4b3ba8e4-f271-494a-8b4b-17694b58ea75', 'code': 200}
2026-06-24 02:16:44.719 10 INFO neutron.notifiers.nova [-] Nova event matching ['req-b66408f9-bb73-474a-bdc3-6961c1c660f2'] response: {'server_uuid': '419e563b-60f1-46e3-a1fc-aa85d17abd73', 'name': 'network-vif-plugged', 'status': 'completed', 'tag': '4b3ba8e4-f271-494a-8b4b-17694b58ea75', 'code': 200} /var/lib/openstack/lib/python3.10/site-packages/pycadf/identifier.py:71: UserWarning: Invalid uuid: neutron. To ensure interoperability, identifiers should be a valid uuid. warnings.warn(('Invalid uuid: %s. To ensure interoperability, '
2026-06-24 02:16:48.306 10 INFO neutron.wsgi [None req-2a99f370-59f0-4a4c-a8b9-12b5c71a5a27 b05beff2f55b4721a3ac49e387e69369 8383fcd007c24e90bb1e2c28e4bda776 - - default default] 10.0.0.146 "DELETE /v2.0/security-group-rules/39977ef7-eeed-4fe8-bd24-d3d5f6971504 HTTP/1.1" status: 204 len: 168 time: 0.1360869
2026-06-24 02:16:48.321 9 INFO neutron.api.v2.resource [None req-77d11600-ab7a-4e79-8421-0c08e745566f b05beff2f55b4721a3ac49e387e69369 8383fcd007c24e90bb1e2c28e4bda776 - - default default] show failed (client error): The resource could not be found.
2026-06-24 02:16:48.322 9 INFO neutron.wsgi [None req-77d11600-ab7a-4e79-8421-0c08e745566f b05beff2f55b4721a3ac49e387e69369 8383fcd007c24e90bb1e2c28e4bda776 - - default default] 10.0.0.146 "GET /v2.0/security-group-rules/39977ef7-eeed-4fe8-bd24-d3d5f6971504 HTTP/1.1" status: 404 len: 356 time: 0.0092499
2026-06-24 02:16:48.452 9 INFO neutron.wsgi [None req-a2d75c81-5586-4b46-82d6-976bc884127f b05beff2f55b4721a3ac49e387e69369 8383fcd007c24e90bb1e2c28e4bda776 - - default default] 10.0.0.146 "DELETE /v2.0/security-group-rules/3d6d92ac-e64d-4267-a3ef-7ccac973f210 HTTP/1.1" status: 204 len: 168 time: 0.1252003
2026-06-24 02:16:48.470 10 INFO neutron.api.v2.resource [None req-b9de81f7-8530-44a4-9f92-34d0675449d3 b05beff2f55b4721a3ac49e387e69369 8383fcd007c24e90bb1e2c28e4bda776 - - default default] show failed (client error): The resource could not be found.
2026-06-24 02:16:48.473 10 INFO neutron.wsgi [None req-b9de81f7-8530-44a4-9f92-34d0675449d3 b05beff2f55b4721a3ac49e387e69369 8383fcd007c24e90bb1e2c28e4bda776 - - default default] 10.0.0.146 "GET /v2.0/security-group-rules/3d6d92ac-e64d-4267-a3ef-7ccac973f210 HTTP/1.1" status: 404 len: 356 time: 0.0161700
2026-06-24 02:16:48.604 10 INFO neutron.wsgi [None req-42bcbc98-cfdd-4d42-aeaa-5e0c63415ca7 b05beff2f55b4721a3ac49e387e69369 8383fcd007c24e90bb1e2c28e4bda776 - - default default] 10.0.0.146 "DELETE /v2.0/security-group-rules/9c8583fc-fffd-4899-a689-a96749613a6d HTTP/1.1" status: 204 len: 168 time: 0.1248353
2026-06-24 02:16:48.619 10 INFO neutron.api.v2.resource [None req-99c98a54-6bc6-4cac-b4b9-a05769b588fa b05beff2f55b4721a3ac49e387e69369 8383fcd007c24e90bb1e2c28e4bda776 - - default default] show failed (client error): The resource could not be found.
2026-06-24 02:16:48.624 10 INFO neutron.wsgi [None req-99c98a54-6bc6-4cac-b4b9-a05769b588fa b05beff2f55b4721a3ac49e387e69369 8383fcd007c24e90bb1e2c28e4bda776 - - default default] 10.0.0.146 "GET /v2.0/security-group-rules/9c8583fc-fffd-4899-a689-a96749613a6d HTTP/1.1" status: 404 len: 356 time: 0.0142152
2026-06-24 02:16:48.782 10 INFO neutron.wsgi [None req-5518d8d6-022f-47e0-8a8b-dff6170659eb b05beff2f55b4721a3ac49e387e69369 8383fcd007c24e90bb1e2c28e4bda776 - - default default] 10.0.0.146 "DELETE /v2.0/security-group-rules/ed84e321-d38e-410a-a793-8b3b43704117 HTTP/1.1" status: 204 len: 168 time: 0.1538947
2026-06-24 02:16:48.799 9 INFO neutron.api.v2.resource [None req-d1db0ab1-0d2a-4828-93c8-4ba7e722a4c6 b05beff2f55b4721a3ac49e387e69369 8383fcd007c24e90bb1e2c28e4bda776 - - default default] show failed (client error): The resource could not be found.
2026-06-24 02:16:48.801 9 INFO neutron.wsgi [None req-d1db0ab1-0d2a-4828-93c8-4ba7e722a4c6 b05beff2f55b4721a3ac49e387e69369 8383fcd007c24e90bb1e2c28e4bda776 - - default default] 10.0.0.146 "GET /v2.0/security-group-rules/ed84e321-d38e-410a-a793-8b3b43704117 HTTP/1.1" status: 404 len: 356 time: 0.0111873
