2026-06-24 02:10:25.536 9 WARNING neutron.scheduler.dhcp_agent_scheduler [None req-aa618945-2a74-458c-bd05-5e81edcd7aa8 c1169940471740308cc925fa3eafd68d bf3087cd74b44bd09b08a8c33953cb47 - - default default] No more DHCP agents
2026-06-24 02:10:25.539 9 WARNING neutron.api.rpc.agentnotifiers.dhcp_rpc_agent_api [None req-aa618945-2a74-458c-bd05-5e81edcd7aa8 c1169940471740308cc925fa3eafd68d bf3087cd74b44bd09b08a8c33953cb47 - - default default] Unable to schedule network 045bb8fe-700d-4c6c-a30e-de180e88af6a: no agents available; will retry on subsequent port and subnet creation events.
2026-06-24 02:10:25.630 9 INFO neutron.db.ovn_revision_numbers_db [None req-aa618945-2a74-458c-bd05-5e81edcd7aa8 c1169940471740308cc925fa3eafd68d bf3087cd74b44bd09b08a8c33953cb47 - - default default] Successfully bumped revision number for resource e637f23b-80bf-4045-b55c-2807d98bc788 (type: ports) to 1
2026-06-24 02:10:25.659 9 INFO neutron.wsgi [None req-aa618945-2a74-458c-bd05-5e81edcd7aa8 c1169940471740308cc925fa3eafd68d bf3087cd74b44bd09b08a8c33953cb47 - - default default] 10.0.0.146 "POST /v2.0/networks HTTP/1.1" status: 201 len: 849 time: 0.6975923
2026-06-24 02:10:25.768 9 INFO neutron.db.segments_db [None req-c942dbd0-ac4f-44d3-83d9-40e15509a172 c1169940471740308cc925fa3eafd68d bf3087cd74b44bd09b08a8c33953cb47 - - default default] Added segment 29e9835a-172d-41df-b5bb-108a46adc2da of type geneve for network 4689e54b-ef44-4d2f-b259-b99f4d903e5a
2026-06-24 02:10:25.958 9 INFO neutron.db.ovn_revision_numbers_db [None req-c942dbd0-ac4f-44d3-83d9-40e15509a172 c1169940471740308cc925fa3eafd68d bf3087cd74b44bd09b08a8c33953cb47 - - default default] Successfully bumped revision number for resource 4689e54b-ef44-4d2f-b259-b99f4d903e5a (type: networks) to 1
2026-06-24 02:10:25.989 10 WARNING neutron.scheduler.dhcp_agent_scheduler [None req-412e9ddd-e304-4322-a13b-f11a8cd15053 a4328c6cc7f84c408ea938d63b1b621c a89e3aa8eb4d4991894c729a4e380ddf - - default default] No more DHCP agents
2026-06-24 02:10:25.992 10 WARNING neutron.api.rpc.agentnotifiers.dhcp_rpc_agent_api [None req-412e9ddd-e304-4322-a13b-f11a8cd15053 a4328c6cc7f84c408ea938d63b1b621c a89e3aa8eb4d4991894c729a4e380ddf - - default default] Unable to schedule network e051207f-5e0b-44fc-8871-f0ea1c82557e: no agents available; will retry on subsequent port and subnet creation events.
2026-06-24 02:10:26.156 10 INFO neutron.db.ovn_revision_numbers_db [None req-412e9ddd-e304-4322-a13b-f11a8cd15053 a4328c6cc7f84c408ea938d63b1b621c a89e3aa8eb4d4991894c729a4e380ddf - - default default] Successfully bumped revision number for resource 7789c92a-c6f2-4496-8760-b288e1d59d95 (type: ports) to 1
2026-06-24 02:10:26.173 9 WARNING neutron.scheduler.dhcp_agent_scheduler [None req-c942dbd0-ac4f-44d3-83d9-40e15509a172 c1169940471740308cc925fa3eafd68d bf3087cd74b44bd09b08a8c33953cb47 - - default default] No more DHCP agents
2026-06-24 02:10:26.178 9 WARNING neutron.api.rpc.agentnotifiers.dhcp_rpc_agent_api [None req-c942dbd0-ac4f-44d3-83d9-40e15509a172 c1169940471740308cc925fa3eafd68d bf3087cd74b44bd09b08a8c33953cb47 - - default default] Unable to schedule network 4689e54b-ef44-4d2f-b259-b99f4d903e5a: no agents available; will retry on subsequent port and subnet creation events.
2026-06-24 02:10:26.271 9 INFO neutron.db.ovn_revision_numbers_db [None req-c942dbd0-ac4f-44d3-83d9-40e15509a172 c1169940471740308cc925fa3eafd68d bf3087cd74b44bd09b08a8c33953cb47 - - default default] Successfully bumped revision number for resource 3d4cf7cd-3ea2-452a-9c42-08057ac42238 (type: ports) to 1
2026-06-24 02:10:26.299 9 INFO neutron.wsgi [None req-c942dbd0-ac4f-44d3-83d9-40e15509a172 c1169940471740308cc925fa3eafd68d bf3087cd74b44bd09b08a8c33953cb47 - - default default] 10.0.0.146 "POST /v2.0/networks HTTP/1.1" status: 201 len: 849 time: 0.6331723
2026-06-24 02:10:26.770 10 INFO neutron.db.ovn_revision_numbers_db [None req-412e9ddd-e304-4322-a13b-f11a8cd15053 a4328c6cc7f84c408ea938d63b1b621c a89e3aa8eb4d4991894c729a4e380ddf - - default default] Successfully bumped revision number for resource 7789c92a-c6f2-4496-8760-b288e1d59d95 (type: router_ports) to 1
2026-06-24 02:10:26.895 9 WARNING neutron.scheduler.dhcp_agent_scheduler [None req-4d5d8655-ebd0-4b9c-8b4e-d8c044db0287 c1169940471740308cc925fa3eafd68d bf3087cd74b44bd09b08a8c33953cb47 - - default default] No more DHCP agents
2026-06-24 02:10:26.899 9 WARNING neutron.api.rpc.agentnotifiers.dhcp_rpc_agent_api [None req-4d5d8655-ebd0-4b9c-8b4e-d8c044db0287 c1169940471740308cc925fa3eafd68d bf3087cd74b44bd09b08a8c33953cb47 - - default default] Unable to schedule network 045bb8fe-700d-4c6c-a30e-de180e88af6a: no agents available; will retry on subsequent port and subnet creation events.
2026-06-24 02:10:26.920 10 INFO neutron.db.ovn_revision_numbers_db [None req-412e9ddd-e304-4322-a13b-f11a8cd15053 a4328c6cc7f84c408ea938d63b1b621c a89e3aa8eb4d4991894c729a4e380ddf - - default default] Successfully bumped revision number for resource 7789c92a-c6f2-4496-8760-b288e1d59d95 (type: ports) to 1
2026-06-24 02:10:26.989 10 WARNING neutron.scheduler.dhcp_agent_scheduler [None req-412e9ddd-e304-4322-a13b-f11a8cd15053 a4328c6cc7f84c408ea938d63b1b621c a89e3aa8eb4d4991894c729a4e380ddf - - default default] No more DHCP agents
2026-06-24 02:10:26.990 10 WARNING neutron.api.rpc.agentnotifiers.dhcp_rpc_agent_api [None req-412e9ddd-e304-4322-a13b-f11a8cd15053 a4328c6cc7f84c408ea938d63b1b621c a89e3aa8eb4d4991894c729a4e380ddf - - default default] Unable to schedule network e051207f-5e0b-44fc-8871-f0ea1c82557e: no agents available; will retry on subsequent port and subnet creation events.
2026-06-24 02:10:26.999 9 INFO neutron.db.ovn_revision_numbers_db [None req-4d5d8655-ebd0-4b9c-8b4e-d8c044db0287 c1169940471740308cc925fa3eafd68d bf3087cd74b44bd09b08a8c33953cb47 - - default default] Successfully bumped revision number for resource 9116468e-1312-41e2-ba31-b64555a32110 (type: ports) to 1
2026-06-24 02:10:27.029 9 WARNING neutron.scheduler.dhcp_agent_scheduler [None req-4d5d8655-ebd0-4b9c-8b4e-d8c044db0287 c1169940471740308cc925fa3eafd68d bf3087cd74b44bd09b08a8c33953cb47 - - default default] No more DHCP agents
2026-06-24 02:10:27.031 9 WARNING neutron.api.rpc.agentnotifiers.dhcp_rpc_agent_api [None req-4d5d8655-ebd0-4b9c-8b4e-d8c044db0287 c1169940471740308cc925fa3eafd68d bf3087cd74b44bd09b08a8c33953cb47 - - default default] Unable to schedule network 4689e54b-ef44-4d2f-b259-b99f4d903e5a: no agents available; will retry on subsequent port and subnet creation events.
2026-06-24 02:10:27.125 9 INFO neutron.db.ovn_revision_numbers_db [None req-4d5d8655-ebd0-4b9c-8b4e-d8c044db0287 c1169940471740308cc925fa3eafd68d bf3087cd74b44bd09b08a8c33953cb47 - - default default] Successfully bumped revision number for resource 74dbd97b-dc24-4974-bded-653ff1abc971 (type: ports) to 1
2026-06-24 02:10:27.166 9 INFO neutron.wsgi [None req-4d5d8655-ebd0-4b9c-8b4e-d8c044db0287 c1169940471740308cc925fa3eafd68d bf3087cd74b44bd09b08a8c33953cb47 - - default default] 10.0.0.146 "POST /v2.0/ports HTTP/1.1" status: 201 len: 1705 time: 0.8584259 /var/lib/openstack/lib/python3.10/site-packages/pycadf/identifier.py:71: UserWarning: Invalid uuid: neutron. To ensure interoperability, identifiers should be a valid uuid. warnings.warn(('Invalid uuid: %s. To ensure interoperability, '
2026-06-24 02:10:27.214 10 INFO neutron.db.ovn_revision_numbers_db [None req-412e9ddd-e304-4322-a13b-f11a8cd15053 a4328c6cc7f84c408ea938d63b1b621c a89e3aa8eb4d4991894c729a4e380ddf - - default default] Successfully bumped revision number for resource 7789c92a-c6f2-4496-8760-b288e1d59d95 (type: router_ports) to 1
2026-06-24 02:10:27.217 10 INFO neutron.wsgi [None req-412e9ddd-e304-4322-a13b-f11a8cd15053 a4328c6cc7f84c408ea938d63b1b621c a89e3aa8eb4d4991894c729a4e380ddf - - default default] 10.0.0.146 "PUT /v2.0/routers/1098361d-a4e6-46ea-bb30-7e9156825470/add_router_interface HTTP/1.1" status: 200 len: 503 time: 1.7590775
2026-06-24 02:10:27.272 10 INFO neutron.wsgi [None req-de4a51a7-0ee6-4cd5-b642-209c05b82392 a4328c6cc7f84c408ea938d63b1b621c a89e3aa8eb4d4991894c729a4e380ddf - - default default] 10.0.0.146 "GET /v2.0/ports/7789c92a-c6f2-4496-8760-b288e1d59d95 HTTP/1.1" status: 200 len: 1135 time: 0.0487759
2026-06-24 02:10:27.302 9 INFO neutron.wsgi [None req-bc52ed76-24ee-4bb8-9b36-6fdc44379e94 c1169940471740308cc925fa3eafd68d bf3087cd74b44bd09b08a8c33953cb47 - - default default] 10.0.0.146 "GET /v2.0/ports HTTP/1.1" status: 200 len: 3212 time: 0.1290681
2026-06-24 02:10:27.309 10 INFO neutron.wsgi [None req-a50be5f0-e063-4195-861c-657196bdfb08 a4328c6cc7f84c408ea938d63b1b621c a89e3aa8eb4d4991894c729a4e380ddf - - default default] 10.0.0.146 "GET /v2.0/ports/7789c92a-c6f2-4496-8760-b288e1d59d95 HTTP/1.1" status: 200 len: 1135 time: 0.0323758
2026-06-24 02:10:27.546 9 INFO neutron.wsgi [None req-ae109acf-44b4-4678-b1b9-00f8e4b79d77 c1169940471740308cc925fa3eafd68d bf3087cd74b44bd09b08a8c33953cb47 - - default default] 10.0.0.146 "DELETE /v2.0/ports/9116468e-1312-41e2-ba31-b64555a32110 HTTP/1.1" status: 204 len: 168 time: 0.2387633
2026-06-24 02:10:27.832 9 INFO neutron.wsgi [None req-2476ef81-3a21-4b5e-b57a-061761c692ab c1169940471740308cc925fa3eafd68d bf3087cd74b44bd09b08a8c33953cb47 - - default default] 10.0.0.146 "DELETE /v2.0/ports/74dbd97b-dc24-4974-bded-653ff1abc971 HTTP/1.1" status: 204 len: 168 time: 0.2806330
2026-06-24 02:10:27.887 10 INFO neutron.db.ovn_revision_numbers_db [None req-51f93ddd-a4f3-45fa-833c-5ee66bc67970 a24861d46242441ab46d0ebd120db796 4145243cb21a40398cc51ef29dfbdc09 - - default default] Successfully bumped revision number for resource aa0ee8c1-316c-4da2-86a1-476cc8a1191f (type: security_groups) to 1
2026-06-24 02:10:27.911 10 INFO neutron.db.ovn_revision_numbers_db [None req-51f93ddd-a4f3-45fa-833c-5ee66bc67970 a24861d46242441ab46d0ebd120db796 4145243cb21a40398cc51ef29dfbdc09 - - default default] Successfully bumped revision number for resource 329e100b-30ce-4619-826b-75a117ebdc84 (type: security_group_rules) to 0
2026-06-24 02:10:27.930 10 INFO neutron.db.ovn_revision_numbers_db [None req-51f93ddd-a4f3-45fa-833c-5ee66bc67970 a24861d46242441ab46d0ebd120db796 4145243cb21a40398cc51ef29dfbdc09 - - default default] Successfully bumped revision number for resource ab1f13f5-a7ec-4815-a808-2dff1a81f0f5 (type: security_group_rules) to 0
2026-06-24 02:10:27.952 10 INFO neutron.db.ovn_revision_numbers_db [None req-51f93ddd-a4f3-45fa-833c-5ee66bc67970 a24861d46242441ab46d0ebd120db796 4145243cb21a40398cc51ef29dfbdc09 - - default default] Successfully bumped revision number for resource dbdea9de-3736-4896-9a1c-d0d43f3cc06d (type: security_group_rules) to 0
2026-06-24 02:10:27.968 10 INFO neutron.wsgi [None req-56f446dc-82ce-4edf-a78c-24cc604dd9e2 c1169940471740308cc925fa3eafd68d bf3087cd74b44bd09b08a8c33953cb47 - - default default] 10.0.0.146 "GET /v2.0/ports HTTP/1.1" status: 200 len: 1718 time: 0.1252134
2026-06-24 02:10:27.973 10 INFO neutron.db.ovn_revision_numbers_db [None req-51f93ddd-a4f3-45fa-833c-5ee66bc67970 a24861d46242441ab46d0ebd120db796 4145243cb21a40398cc51ef29dfbdc09 - - default default] Successfully bumped revision number for resource dd12ae7c-f874-45ad-adbb-45117dcf80de (type: security_group_rules) to 0
2026-06-24 02:10:27.995 10 INFO neutron.wsgi [None req-51f93ddd-a4f3-45fa-833c-5ee66bc67970 a24861d46242441ab46d0ebd120db796 4145243cb21a40398cc51ef29dfbdc09 - - default default] 10.0.0.146 "GET /v2.0/security-groups?tenant_id=773166ca5f29483b84df38ce831d7b28&name=default HTTP/1.1" status: 200 len: 2996 time: 0.4705451
2026-06-24 02:10:28.080 9 INFO neutron.db.segments_db [None req-033e3592-c857-4b83-a50a-7fd0247bec15 c1169940471740308cc925fa3eafd68d bf3087cd74b44bd09b08a8c33953cb47 - - default default] Added segment 572b1cfa-23a5-4547-b20e-9d20abb5fc88 of type geneve for network 21974a39-66ae-4815-af5d-a4aa80093b39
2026-06-24 02:10:28.192 10 INFO neutron.wsgi [None req-9a0ef596-99fc-4329-860f-441a554c5af9 a24861d46242441ab46d0ebd120db796 4145243cb21a40398cc51ef29dfbdc09 - - default default] 10.0.0.146 "DELETE /v2.0/security-groups/aa0ee8c1-316c-4da2-86a1-476cc8a1191f HTTP/1.1" status: 204 len: 168 time: 0.1920450
2026-06-24 02:10:28.262 9 INFO neutron.db.ovn_revision_numbers_db [None req-033e3592-c857-4b83-a50a-7fd0247bec15 c1169940471740308cc925fa3eafd68d bf3087cd74b44bd09b08a8c33953cb47 - - default default] Successfully bumped revision number for resource 21974a39-66ae-4815-af5d-a4aa80093b39 (type: networks) to 1
2026-06-24 02:10:28.406 10 INFO neutron.wsgi [None req-b0b54b2a-b61e-4acd-8601-c8c9250c6c90 a4328c6cc7f84c408ea938d63b1b621c a89e3aa8eb4d4991894c729a4e380ddf - - default default] 10.0.0.146 "GET /v2.0/ports/7789c92a-c6f2-4496-8760-b288e1d59d95 HTTP/1.1" status: 200 len: 1135 time: 0.0909998
2026-06-24 02:10:28.451 9 WARNING neutron.scheduler.dhcp_agent_scheduler [None req-033e3592-c857-4b83-a50a-7fd0247bec15 c1169940471740308cc925fa3eafd68d bf3087cd74b44bd09b08a8c33953cb47 - - default default] No more DHCP agents
2026-06-24 02:10:28.453 9 WARNING neutron.api.rpc.agentnotifiers.dhcp_rpc_agent_api [None req-033e3592-c857-4b83-a50a-7fd0247bec15 c1169940471740308cc925fa3eafd68d bf3087cd74b44bd09b08a8c33953cb47 - - default default] Unable to schedule network 21974a39-66ae-4815-af5d-a4aa80093b39: no agents available; will retry on subsequent port and subnet creation events.
2026-06-24 02:10:28.455 9 INFO neutron.db.ovn_revision_numbers_db [None req-c961f090-4f2d-48bd-85c7-4b1af19123ab a24861d46242441ab46d0ebd120db796 4145243cb21a40398cc51ef29dfbdc09 - - default default] Successfully bumped revision number for resource 7ac98ad7-e2ec-4c56-a065-9eaf1e242257 (type: security_groups) to 1
2026-06-24 02:10:28.880 9 INFO neutron.db.ovn_revision_numbers_db [None req-c961f090-4f2d-48bd-85c7-4b1af19123ab a24861d46242441ab46d0ebd120db796 4145243cb21a40398cc51ef29dfbdc09 - - default default] Successfully bumped revision number for resource 3bd746a6-108e-41a2-901e-fd49e7697458 (type: security_group_rules) to 0
2026-06-24 02:10:28.916 9 INFO neutron.db.ovn_revision_numbers_db [None req-c961f090-4f2d-48bd-85c7-4b1af19123ab a24861d46242441ab46d0ebd120db796 4145243cb21a40398cc51ef29dfbdc09 - - default default] Successfully bumped revision number for resource 7aef79fc-b05c-4060-b6ba-89e6ebb1d166 (type: security_group_rules) to 0
2026-06-24 02:10:28.942 9 INFO neutron.db.ovn_revision_numbers_db [None req-c961f090-4f2d-48bd-85c7-4b1af19123ab a24861d46242441ab46d0ebd120db796 4145243cb21a40398cc51ef29dfbdc09 - - default default] Successfully bumped revision number for resource d552a73e-e21f-430d-ab46-e29ef755f572 (type: security_group_rules) to 0
2026-06-24 02:10:28.948 9 INFO neutron.db.ovn_revision_numbers_db [None req-033e3592-c857-4b83-a50a-7fd0247bec15 c1169940471740308cc925fa3eafd68d bf3087cd74b44bd09b08a8c33953cb47 - - default default] Successfully bumped revision number for resource 69b2d7bd-aec2-48bd-a671-36b4c58132cf (type: ports) to 1
2026-06-24 02:10:28.959 9 INFO neutron.db.ovn_revision_numbers_db [None req-c961f090-4f2d-48bd-85c7-4b1af19123ab a24861d46242441ab46d0ebd120db796 4145243cb21a40398cc51ef29dfbdc09 - - default default] Successfully bumped revision number for resource e2c4d82d-deee-4973-96b6-3e87470758a8 (type: security_group_rules) to 0
2026-06-24 02:10:28.980 9 INFO neutron.wsgi [None req-033e3592-c857-4b83-a50a-7fd0247bec15 c1169940471740308cc925fa3eafd68d bf3087cd74b44bd09b08a8c33953cb47 - - default default] 10.0.0.146 "POST /v2.0/networks HTTP/1.1" status: 201 len: 849 time: 1.0051682
2026-06-24 02:10:28.984 9 INFO neutron.wsgi [None req-c961f090-4f2d-48bd-85c7-4b1af19123ab a24861d46242441ab46d0ebd120db796 4145243cb21a40398cc51ef29dfbdc09 - - default default] 10.0.0.146 "GET /v2.0/security-groups?tenant_id=df5693a05e8b43179ca600eabd49e34c&name=default HTTP/1.1" status: 200 len: 2996 time: 0.6890230
2026-06-24 02:10:29.075 9 INFO neutron.db.segments_db [None req-723dd26a-45d5-48a8-abd7-a592f6a3d05c c1169940471740308cc925fa3eafd68d bf3087cd74b44bd09b08a8c33953cb47 - - default default] Added segment 47a3efe5-9db8-47b1-901b-44ec907b0f61 of type geneve for network 7b77e4ed-24a5-414e-86da-ec1cd9f77990
2026-06-24 02:10:29.215 9 INFO neutron.db.ovn_revision_numbers_db [None req-723dd26a-45d5-48a8-abd7-a592f6a3d05c c1169940471740308cc925fa3eafd68d bf3087cd74b44bd09b08a8c33953cb47 - - default default] Successfully bumped revision number for resource 7b77e4ed-24a5-414e-86da-ec1cd9f77990 (type: networks) to 1
2026-06-24 02:10:29.240 10 INFO neutron.wsgi [None req-f8a7c994-3aa1-4c50-ba93-b04ec621d29d a24861d46242441ab46d0ebd120db796 4145243cb21a40398cc51ef29dfbdc09 - - default default] 10.0.0.146 "DELETE /v2.0/security-groups/7ac98ad7-e2ec-4c56-a065-9eaf1e242257 HTTP/1.1" status: 204 len: 168 time: 0.2494791
2026-06-24 02:10:29.387 9 INFO neutron.wsgi [None req-2c130175-51be-4717-85b5-f5a8090886cd 91c8814727ec460a84bbed09bad81549 c1f1f4e40bdb48d8ada9d3551b1dce66 - - default default] 10.0.0.146 "POST /v2.0/qos/policies HTTP/1.1" status: 201 len: 558 time: 0.2482371
2026-06-24 02:10:29.406 9 WARNING neutron.scheduler.dhcp_agent_scheduler [None req-723dd26a-45d5-48a8-abd7-a592f6a3d05c c1169940471740308cc925fa3eafd68d bf3087cd74b44bd09b08a8c33953cb47 - - default default] No more DHCP agents
2026-06-24 02:10:29.408 9 WARNING neutron.api.rpc.agentnotifiers.dhcp_rpc_agent_api [None req-723dd26a-45d5-48a8-abd7-a592f6a3d05c c1169940471740308cc925fa3eafd68d bf3087cd74b44bd09b08a8c33953cb47 - - default default] Unable to schedule network 7b77e4ed-24a5-414e-86da-ec1cd9f77990: no agents available; will retry on subsequent port and subnet creation events.
2026-06-24 02:10:29.481 10 INFO neutron.wsgi [None req-97b6567b-35de-4ab0-a6f5-539a38696b1d 91c8814727ec460a84bbed09bad81549 c1f1f4e40bdb48d8ada9d3551b1dce66 - - default default] 10.0.0.146 "POST /v2.0/qos/policies HTTP/1.1" status: 201 len: 558 time: 0.0881476
2026-06-24 02:10:29.530 9 INFO neutron.db.ovn_revision_numbers_db [None req-723dd26a-45d5-48a8-abd7-a592f6a3d05c c1169940471740308cc925fa3eafd68d bf3087cd74b44bd09b08a8c33953cb47 - - default default] Successfully bumped revision number for resource 60eeaeb9-dbbf-4203-b281-6082393295a5 (type: ports) to 1
2026-06-24 02:10:29.538 9 INFO neutron.wsgi [None req-a2a5eeb3-23b6-43f3-a9c6-44deb401febb a4328c6cc7f84c408ea938d63b1b621c a89e3aa8eb4d4991894c729a4e380ddf - - default default] 10.0.0.146 "GET /v2.0/ports/7789c92a-c6f2-4496-8760-b288e1d59d95 HTTP/1.1" status: 200 len: 1135 time: 0.1184053
2026-06-24 02:10:29.541 10 INFO neutron.wsgi [None req-9b08b34f-b34d-43fd-9b8d-b53ca6129ab1 91c8814727ec460a84bbed09bad81549 c1f1f4e40bdb48d8ada9d3551b1dce66 - - default default] 10.0.0.146 "POST /v2.0/qos/policies HTTP/1.1" status: 201 len: 558 time: 0.0523853
2026-06-24 02:10:29.560 9 INFO neutron.wsgi [None req-723dd26a-45d5-48a8-abd7-a592f6a3d05c c1169940471740308cc925fa3eafd68d bf3087cd74b44bd09b08a8c33953cb47 - - default default] 10.0.0.146 "POST /v2.0/networks HTTP/1.1" status: 201 len: 849 time: 0.5706465
2026-06-24 02:10:29.605 10 INFO neutron.wsgi [None req-de3676cb-2f8f-44cf-a3f5-e03538d65f34 91c8814727ec460a84bbed09bad81549 c1f1f4e40bdb48d8ada9d3551b1dce66 - - default default] 10.0.0.146 "POST /v2.0/qos/policies HTTP/1.1" status: 201 len: 558 time: 0.0573440
2026-06-24 02:10:29.674 9 INFO neutron.wsgi [None req-4e72508a-8884-4087-aca4-374e71fa41a9 91c8814727ec460a84bbed09bad81549 c1f1f4e40bdb48d8ada9d3551b1dce66 - - default default] 10.0.0.146 "POST /v2.0/qos/policies HTTP/1.1" status: 201 len: 558 time: 0.0640717
2026-06-24 02:10:29.723 10 INFO neutron.wsgi [None req-96baa385-8c57-41c8-b168-c5d48fe81d16 91c8814727ec460a84bbed09bad81549 c1f1f4e40bdb48d8ada9d3551b1dce66 - - default default] 10.0.0.146 "PUT /v2.0/policies/0b40389f-7f3d-4b51-a4d0-a77d3051f4eb/tags HTTP/1.1" status: 200 len: 210 time: 0.0436327
2026-06-24 02:10:29.770 10 INFO neutron.wsgi [None req-00474e21-a2a9-4040-bd0f-1933d9c45137 91c8814727ec460a84bbed09bad81549 c1f1f4e40bdb48d8ada9d3551b1dce66 - - default default] 10.0.0.146 "PUT /v2.0/policies/cb3a5c89-32a8-45bd-8a8a-fefeb9d9f5c4/tags HTTP/1.1" status: 200 len: 218 time: 0.0419025
2026-06-24 02:10:29.810 10 INFO neutron.wsgi [None req-aa30e370-9e3a-4d0e-90d3-c7ead16878c7 91c8814727ec460a84bbed09bad81549 c1f1f4e40bdb48d8ada9d3551b1dce66 - - default default] 10.0.0.146 "PUT /v2.0/policies/fdb9ef55-b2e9-4fde-8d73-06ee6a3050c2/tags HTTP/1.1" status: 200 len: 227 time: 0.0349619
2026-06-24 02:10:29.837 10 INFO neutron.wsgi [None req-ea257a4e-de8a-496f-b775-09d90adf4393 91c8814727ec460a84bbed09bad81549 c1f1f4e40bdb48d8ada9d3551b1dce66 - - default default] 10.0.0.146 "PUT /v2.0/policies/afc8637a-28ed-4af2-bd90-c8fbe7a69776/tags HTTP/1.1" status: 200 len: 212 time: 0.0222969
2026-06-24 02:10:30.083 9 WARNING neutron.scheduler.dhcp_agent_scheduler [None req-89e0ec78-beac-4606-b138-8faab9789d57 c1169940471740308cc925fa3eafd68d bf3087cd74b44bd09b08a8c33953cb47 - - default default] No more DHCP agents
2026-06-24 02:10:30.091 9 WARNING neutron.api.rpc.agentnotifiers.dhcp_rpc_agent_api [None req-89e0ec78-beac-4606-b138-8faab9789d57 c1169940471740308cc925fa3eafd68d bf3087cd74b44bd09b08a8c33953cb47 - - default default] Unable to schedule network 21974a39-66ae-4815-af5d-a4aa80093b39: no agents available; will retry on subsequent port and subnet creation events.
2026-06-24 02:10:30.583 10 INFO neutron.wsgi [None req-e266ec84-a254-416c-b685-6f51953020b4 a4328c6cc7f84c408ea938d63b1b621c a89e3aa8eb4d4991894c729a4e380ddf - - default default] 10.0.0.146 "GET /v2.0/ports/7789c92a-c6f2-4496-8760-b288e1d59d95 HTTP/1.1" status: 200 len: 1135 time: 0.0371957
2026-06-24 02:10:30.585 9 INFO neutron.wsgi [None req-fb8204f2-7fe6-4978-bbd4-d939915517c9 f3c58ec5becf40188ca2be8e619b59e0 58104557a6ab42f6af41f3e8f6e8a385 - - default default] 10.0.0.146 "GET /v2.0/qos/policies?tags=red HTTP/1.1" status: 200 len: 1296 time: 0.3861291
2026-06-24 02:10:30.666 10 INFO neutron.wsgi [None req-585963a1-52cb-4d1b-9809-7baa77ab3160 f3c58ec5becf40188ca2be8e619b59e0 58104557a6ab42f6af41f3e8f6e8a385 - - default default] 10.0.0.146 "GET /v2.0/qos/policies?tags=red%2Cblue HTTP/1.1" status: 200 len: 941 time: 0.0743876
2026-06-24 02:10:30.719 9 INFO neutron.db.ovn_revision_numbers_db [None req-89e0ec78-beac-4606-b138-8faab9789d57 c1169940471740308cc925fa3eafd68d bf3087cd74b44bd09b08a8c33953cb47 - - default default] Successfully bumped revision number for resource 69b2d7bd-aec2-48bd-a671-36b4c58132cf (type: ports) to 2
2026-06-24 02:10:30.758 10 INFO neutron.wsgi [None req-9427fcf2-1964-420c-bfa3-c751df08b457 f3c58ec5becf40188ca2be8e619b59e0 58104557a6ab42f6af41f3e8f6e8a385 - - default default] 10.0.0.146 "GET /v2.0/qos/policies?tags-any=blue HTTP/1.1" status: 200 len: 941 time: 0.0878141
2026-06-24 02:10:30.760 9 INFO neutron.db.ovn_revision_numbers_db [None req-89e0ec78-beac-4606-b138-8faab9789d57 c1169940471740308cc925fa3eafd68d bf3087cd74b44bd09b08a8c33953cb47 - - default default] Successfully bumped revision number for resource bed1745b-b7f4-4678-b1a0-f2a7623130f0 (type: subnets) to 0
2026-06-24 02:10:30.808 9 WARNING neutron.scheduler.dhcp_agent_scheduler [None req-89e0ec78-beac-4606-b138-8faab9789d57 c1169940471740308cc925fa3eafd68d bf3087cd74b44bd09b08a8c33953cb47 - - default default] No more DHCP agents
2026-06-24 02:10:30.812 9 WARNING neutron.api.rpc.agentnotifiers.dhcp_rpc_agent_api [None req-89e0ec78-beac-4606-b138-8faab9789d57 c1169940471740308cc925fa3eafd68d bf3087cd74b44bd09b08a8c33953cb47 - - default default] Unable to schedule network 7b77e4ed-24a5-414e-86da-ec1cd9f77990: no agents available; will retry on subsequent port and subnet creation events.
2026-06-24 02:10:30.823 9 WARNING neutron.plugins.ml2.drivers.ovn.mech_driver.ovsdb.ovn_client [None req-18ad88ff-cc8b-4b9f-84ee-3b60ad7a252f - - - - - -] No hosting information found for port e50c27bb-a51c-44a6-83e2-7843963cc4f9: RuntimeError: No hosting information found for port e50c27bb-a51c-44a6-83e2-7843963cc4f9
2026-06-24 02:10:30.824 9 INFO neutron.plugins.ml2.drivers.ovn.mech_driver.mech_driver [None req-18ad88ff-cc8b-4b9f-84ee-3b60ad7a252f - - - - - -] OVN reports status up for port: 7789c92a-c6f2-4496-8760-b288e1d59d95
2026-06-24 02:10:30.830 10 INFO neutron.wsgi [None req-0cefe1e1-0333-4cb6-a9c4-c2f214562859 f3c58ec5becf40188ca2be8e619b59e0 58104557a6ab42f6af41f3e8f6e8a385 - - default default] 10.0.0.146 "GET /v2.0/qos/policies?tags-any=red%2Cblue HTTP/1.1" status: 200 len: 1296 time: 0.0641818
2026-06-24 02:10:30.847 9 INFO neutron.plugins.ml2.plugin [None req-18ad88ff-cc8b-4b9f-84ee-3b60ad7a252f - - - - - -] Attempt 1 to provision port 7789c92a-c6f2-4496-8760-b288e1d59d95
2026-06-24 02:10:30.891 10 INFO neutron.wsgi [None req-51ec0395-7340-4625-9811-6996b2afdd88 f3c58ec5becf40188ca2be8e619b59e0 58104557a6ab42f6af41f3e8f6e8a385 - - default default] 10.0.0.146 "GET /v2.0/qos/policies?not-tags=red HTTP/1.1" status: 200 len: 913 time: 0.0546443
2026-06-24 02:10:30.972 10 INFO neutron.wsgi [None req-7dc1e370-f6cf-44aa-a41c-90b700ccc20a f3c58ec5becf40188ca2be8e619b59e0 58104557a6ab42f6af41f3e8f6e8a385 - - default default] 10.0.0.146 "GET /v2.0/qos/policies?not-tags=red%2Cblue HTTP/1.1" status: 200 len: 1268 time: 0.0755646
2026-06-24 02:10:31.038 10 INFO neutron.wsgi [None req-80f9cbf0-3ef7-4044-a501-efe50d05cf42 f3c58ec5becf40188ca2be8e619b59e0 58104557a6ab42f6af41f3e8f6e8a385 - - default default] 10.0.0.146 "GET /v2.0/qos/policies?not-tags-any=blue HTTP/1.1" status: 200 len: 1268 time: 0.0605500
2026-06-24 02:10:31.090 10 INFO neutron.wsgi [None req-fc097828-cace-478b-88ae-9f674094aba6 f3c58ec5becf40188ca2be8e619b59e0 58104557a6ab42f6af41f3e8f6e8a385 - - default default] 10.0.0.146 "GET /v2.0/qos/policies?not-tags-any=red%2Cblue HTTP/1.1" status: 200 len: 913 time: 0.0457788
2026-06-24 02:10:31.288 9 INFO neutron.db.ovn_revision_numbers_db [None req-18ad88ff-cc8b-4b9f-84ee-3b60ad7a252f - - - - - -] Successfully bumped revision number for resource 7789c92a-c6f2-4496-8760-b288e1d59d95 (type: ports) to 2
2026-06-24 02:10:31.437 10 INFO neutron.wsgi [None req-848ccce3-f354-499c-bd74-4045cc9058be 91c8814727ec460a84bbed09bad81549 c1f1f4e40bdb48d8ada9d3551b1dce66 - - default default] 10.0.0.146 "DELETE /v2.0/qos/policies/0b40389f-7f3d-4b51-a4d0-a77d3051f4eb HTTP/1.1" status: 204 len: 168 time: 0.3395364
2026-06-24 02:10:31.478 9 INFO neutron.db.ovn_revision_numbers_db [None req-18ad88ff-cc8b-4b9f-84ee-3b60ad7a252f - - - - - -] Successfully bumped revision number for resource 7789c92a-c6f2-4496-8760-b288e1d59d95 (type: router_ports) to 2
2026-06-24 02:10:31.492 9 INFO neutron.db.ovn_revision_numbers_db [None req-89e0ec78-beac-4606-b138-8faab9789d57 c1169940471740308cc925fa3eafd68d bf3087cd74b44bd09b08a8c33953cb47 - - default default] Successfully bumped revision number for resource 60eeaeb9-dbbf-4203-b281-6082393295a5 (type: ports) to 2
2026-06-24 02:10:31.509 10 INFO neutron.wsgi [None req-1abc3a36-748f-40df-9395-9ee4dd78bcb8 91c8814727ec460a84bbed09bad81549 c1f1f4e40bdb48d8ada9d3551b1dce66 - - default default] 10.0.0.146 "DELETE /v2.0/qos/policies/cb3a5c89-32a8-45bd-8a8a-fefeb9d9f5c4 HTTP/1.1" status: 204 len: 168 time: 0.0659597
2026-06-24 02:10:31.541 9 INFO neutron.db.ovn_revision_numbers_db [None req-89e0ec78-beac-4606-b138-8faab9789d57 c1169940471740308cc925fa3eafd68d bf3087cd74b44bd09b08a8c33953cb47 - - default default] Successfully bumped revision number for resource 18b1b84d-2fa7-4c19-8a26-a24a186d31c8 (type: subnets) to 0
2026-06-24 02:10:31.558 9 INFO neutron.wsgi [None req-89e0ec78-beac-4606-b138-8faab9789d57 c1169940471740308cc925fa3eafd68d bf3087cd74b44bd09b08a8c33953cb47 - - default default] 10.0.0.146 "POST /v2.0/subnets HTTP/1.1" status: 201 len: 1426 time: 1.9701259
2026-06-24 02:10:31.579 10 INFO neutron.wsgi [None req-9834fb4a-0cfe-4401-b349-4de53ec50abc 91c8814727ec460a84bbed09bad81549 c1f1f4e40bdb48d8ada9d3551b1dce66 - - default default] 10.0.0.146 "DELETE /v2.0/qos/policies/fdb9ef55-b2e9-4fde-8d73-06ee6a3050c2 HTTP/1.1" status: 204 len: 168 time: 0.0632110
2026-06-24 02:10:31.623 10 INFO neutron.wsgi [None req-9f24f5fb-5940-4459-8bfb-a0dbfa20cab5 a4328c6cc7f84c408ea938d63b1b621c a89e3aa8eb4d4991894c729a4e380ddf - - default default] 10.0.0.146 "GET /v2.0/ports/7789c92a-c6f2-4496-8760-b288e1d59d95 HTTP/1.1" status: 200 len: 1137 time: 0.0327516
2026-06-24 02:10:31.630 9 INFO neutron.wsgi [None req-822c1e96-a5ce-4353-bab0-3fc5145dd93b c1169940471740308cc925fa3eafd68d bf3087cd74b44bd09b08a8c33953cb47 - - default default] 10.0.0.146 "GET /v2.0/subnets HTTP/1.1" status: 200 len: 2034 time: 0.0642653
2026-06-24 02:10:31.687 10 INFO neutron.wsgi [None req-e4b1ca3d-6ce2-43b8-ad81-9013988789e0 91c8814727ec460a84bbed09bad81549 c1f1f4e40bdb48d8ada9d3551b1dce66 - - default default] 10.0.0.146 "DELETE /v2.0/qos/policies/afc8637a-28ed-4af2-bd90-c8fbe7a69776 HTTP/1.1" status: 204 len: 168 time: 0.1032529
2026-06-24 02:10:31.786 10 INFO neutron.wsgi [None req-ef27226e-71c0-4bcf-a0c5-93a5d930abaf 91c8814727ec460a84bbed09bad81549 c1f1f4e40bdb48d8ada9d3551b1dce66 - - default default] 10.0.0.146 "DELETE /v2.0/qos/policies/d8e564d7-c89f-4bb2-aa42-0a2862e5bc62 HTTP/1.1" status: 204 len: 168 time: 0.0910015
2026-06-24 02:10:31.873 9 INFO neutron.wsgi [None req-9f8a055c-6c77-4568-b198-6d9c543cb0e7 c1169940471740308cc925fa3eafd68d bf3087cd74b44bd09b08a8c33953cb47 - - default default] 10.0.0.146 "DELETE /v2.0/subnets/bed1745b-b7f4-4678-b1a0-f2a7623130f0 HTTP/1.1" status: 204 len: 168 time: 0.2378762
2026-06-24 02:10:32.123 9 INFO neutron.wsgi [None req-1b7a9e53-8884-4378-bb7d-f8fdd9d88aed c1169940471740308cc925fa3eafd68d bf3087cd74b44bd09b08a8c33953cb47 - - default default] 10.0.0.146 "DELETE /v2.0/subnets/18b1b84d-2fa7-4c19-8a26-a24a186d31c8 HTTP/1.1" status: 204 len: 168 time: 0.2447469
2026-06-24 02:10:32.176 9 INFO neutron.wsgi [None req-3cd6ad3a-2632-4586-a9cb-093fac42549d c1169940471740308cc925fa3eafd68d bf3087cd74b44bd09b08a8c33953cb47 - - default default] 10.0.0.146 "GET /v2.0/subnets HTTP/1.1" status: 200 len: 820 time: 0.0442882
2026-06-24 02:10:32.396 10 INFO neutron.wsgi [None req-1e8beece-c2e5-4428-bbd4-314fce6091c0 a4328c6cc7f84c408ea938d63b1b621c a89e3aa8eb4d4991894c729a4e380ddf - - default default] 10.0.0.146 "PUT /v2.0/routers/1098361d-a4e6-46ea-bb30-7e9156825470/remove_router_interface HTTP/1.1" status: 200 len: 503 time: 0.7671499 /var/lib/openstack/lib/python3.10/site-packages/pycadf/identifier.py:71: UserWarning: Invalid uuid: neutron. To ensure interoperability, identifiers should be a valid uuid. warnings.warn(('Invalid uuid: %s. To ensure interoperability, '
2026-06-24 02:10:32.493 10 INFO neutron.wsgi [None req-33d0e760-779a-456c-a798-84638e7f9efb a4328c6cc7f84c408ea938d63b1b621c a89e3aa8eb4d4991894c729a4e380ddf - - default default] 10.0.0.146 "GET /v2.0/ports/e50c27bb-a51c-44a6-83e2-7843963cc4f9 HTTP/1.1" status: 200 len: 1137 time: 0.0902290
2026-06-24 02:10:32.834 9 INFO neutron.services.segments.plugin [-] Segment 47a3efe5-9db8-47b1-901b-44ec907b0f61 resource provider aggregate not found
2026-06-24 02:10:32.839 9 INFO neutron.services.segments.plugin [-] Segment 47a3efe5-9db8-47b1-901b-44ec907b0f61 resource provider aggregate not found
2026-06-24 02:10:32.863 9 INFO neutron.services.segments.plugin [-] Segment 47a3efe5-9db8-47b1-901b-44ec907b0f61 resource provider not found; error: Placement Client Error (4xx): {"errors": [{"status": 404, "title": "Not Found", "detail": "The resource could not be found.\n\n No resource provider with uuid 47a3efe5-9db8-47b1-901b-44ec907b0f61 found for delete ", "request_id": "req-cc542d0c-74b8-4388-9750-063fe1ce6b9d"}]}
2026-06-24 02:10:32.864 9 INFO neutron.services.segments.plugin [-] Segment 47a3efe5-9db8-47b1-901b-44ec907b0f61 resource provider not found; error: Placement Client Error (4xx): {"errors": [{"status": 404, "title": "Not Found", "detail": "The resource could not be found.\n\n No resource provider with uuid 47a3efe5-9db8-47b1-901b-44ec907b0f61 found for delete ", "request_id": "req-4cf711d5-74c1-4507-8fc0-0bbc7eab0f0a"}]}
2026-06-24 02:10:32.897 9 INFO neutron.wsgi [None req-e722b7ad-f6b9-4338-bd9c-0fe6ccca135c c1169940471740308cc925fa3eafd68d bf3087cd74b44bd09b08a8c33953cb47 - - default default] 10.0.0.146 "DELETE /v2.0/networks/7b77e4ed-24a5-414e-86da-ec1cd9f77990 HTTP/1.1" status: 204 len: 168 time: 0.7128947
2026-06-24 02:10:32.940 9 INFO neutron.wsgi [None req-20d9dd81-9cde-4ea7-a84f-4770f10009ef 5eb3fcd31208458699740aa8156d6173 0bec0c65132342ed922ed73140358ad3 - - default default] 10.0.0.143 "GET /v2.0/extensions HTTP/1.1" status: 200 len: 16525 time: 0.3259773
2026-06-24 02:10:33.168 9 INFO neutron.db.ovn_revision_numbers_db [None req-d3aa3418-bcaf-4473-8493-00b04f5e239d a24861d46242441ab46d0ebd120db796 4145243cb21a40398cc51ef29dfbdc09 - - default default] Successfully bumped revision number for resource 9bfff471-aa25-4035-a575-2b6abd952e9a (type: security_groups) to 1
2026-06-24 02:10:33.199 9 INFO neutron.db.ovn_revision_numbers_db [None req-d3aa3418-bcaf-4473-8493-00b04f5e239d a24861d46242441ab46d0ebd120db796 4145243cb21a40398cc51ef29dfbdc09 - - default default] Successfully bumped revision number for resource 48650ef5-5ee6-4c29-94c2-0a131dff2570 (type: security_group_rules) to 0
2026-06-24 02:10:33.202 9 INFO neutron.wsgi [None req-8a47b849-7fc6-4f6c-be77-cfaecd6861f0 5eb3fcd31208458699740aa8156d6173 0bec0c65132342ed922ed73140358ad3 - - default default] 10.0.0.143 "GET /v2.0/quotas/0bec0c65132342ed922ed73140358ad3/details HTTP/1.1" status: 200 len: 756 time: 0.2429595
2026-06-24 02:10:33.216 9 INFO neutron.db.ovn_revision_numbers_db [None req-d3aa3418-bcaf-4473-8493-00b04f5e239d a24861d46242441ab46d0ebd120db796 4145243cb21a40398cc51ef29dfbdc09 - - default default] Successfully bumped revision number for resource 9f1738d8-8572-43d5-9569-ad52427b01c8 (type: security_group_rules) to 0
2026-06-24 02:10:33.236 9 INFO neutron.db.ovn_revision_numbers_db [None req-d3aa3418-bcaf-4473-8493-00b04f5e239d a24861d46242441ab46d0ebd120db796 4145243cb21a40398cc51ef29dfbdc09 - - default default] Successfully bumped revision number for resource ca6b2603-ae86-47cc-81eb-4f7041fec4a1 (type: security_group_rules) to 0
2026-06-24 02:10:33.258 9 INFO neutron.db.ovn_revision_numbers_db [None req-d3aa3418-bcaf-4473-8493-00b04f5e239d a24861d46242441ab46d0ebd120db796 4145243cb21a40398cc51ef29dfbdc09 - - default default] Successfully bumped revision number for resource f977667f-0453-41ee-80df-12a2c95b14de (type: security_group_rules) to 0
2026-06-24 02:10:33.285 9 INFO neutron.wsgi [None req-d3aa3418-bcaf-4473-8493-00b04f5e239d a24861d46242441ab46d0ebd120db796 4145243cb21a40398cc51ef29dfbdc09 - - default default] 10.0.0.146 "GET /v2.0/security-groups?tenant_id=c1f1f4e40bdb48d8ada9d3551b1dce66&name=default HTTP/1.1" status: 200 len: 2996 time: 0.4952438
2026-06-24 02:10:33.321 10 INFO neutron.wsgi [None req-1735a89d-3e6c-47ff-a234-2484037e81ec a4328c6cc7f84c408ea938d63b1b621c a89e3aa8eb4d4991894c729a4e380ddf - - default default] 10.0.0.146 "PUT /v2.0/routers/1098361d-a4e6-46ea-bb30-7e9156825470/remove_router_interface HTTP/1.1" status: 200 len: 503 time: 0.8232570 /var/lib/openstack/lib/python3.10/site-packages/pycadf/identifier.py:71: UserWarning: Invalid uuid: neutron. To ensure interoperability, identifiers should be a valid uuid. warnings.warn(('Invalid uuid: %s. To ensure interoperability, '
2026-06-24 02:10:33.353 10 INFO neutron.wsgi [None req-42ffb225-6a80-4dcd-9f69-db0a82c94d97 a4328c6cc7f84c408ea938d63b1b621c a89e3aa8eb4d4991894c729a4e380ddf - - default default] 10.0.0.146 "GET /v2.0/ports?device_id=1098361d-a4e6-46ea-bb30-7e9156825470 HTTP/1.1" status: 200 len: 205 time: 0.0265248
2026-06-24 02:10:33.428 9 INFO neutron.wsgi [None req-e0fc2840-caff-4920-93f2-0533e2cdb0f0 c1169940471740308cc925fa3eafd68d bf3087cd74b44bd09b08a8c33953cb47 - - default default] 10.0.0.146 "DELETE /v2.0/networks/21974a39-66ae-4815-af5d-a4aa80093b39 HTTP/1.1" status: 204 len: 168 time: 0.5229263
2026-06-24 02:10:33.565 10 INFO neutron.wsgi [None req-2d1c73e7-1e39-45f9-9c36-e7d4a62d6683 a4328c6cc7f84c408ea938d63b1b621c a89e3aa8eb4d4991894c729a4e380ddf - - default default] 10.0.0.146 "DELETE /v2.0/routers/1098361d-a4e6-46ea-bb30-7e9156825470 HTTP/1.1" status: 204 len: 168 time: 0.2064724
2026-06-24 02:10:33.589 9 INFO neutron.wsgi [None req-3d107630-b5f6-4131-9e26-604292d060a8 a24861d46242441ab46d0ebd120db796 4145243cb21a40398cc51ef29dfbdc09 - - default default] 10.0.0.146 "DELETE /v2.0/security-groups/9bfff471-aa25-4035-a575-2b6abd952e9a HTTP/1.1" status: 204 len: 168 time: 0.2937119
2026-06-24 02:10:33.863 10 INFO neutron.wsgi [None req-7f5c287b-b7fb-489d-bf1d-05849575c5c8 a4328c6cc7f84c408ea938d63b1b621c a89e3aa8eb4d4991894c729a4e380ddf - - default default] 10.0.0.146 "DELETE /v2.0/subnets/40579624-7b58-4ddc-9d27-dde6f80fc32a HTTP/1.1" status: 204 len: 168 time: 0.2921259
2026-06-24 02:10:33.908 9 INFO neutron.wsgi [None req-82041d82-15aa-44a5-b210-9e84f8fba5d1 c1169940471740308cc925fa3eafd68d bf3087cd74b44bd09b08a8c33953cb47 - - default default] 10.0.0.146 "DELETE /v2.0/networks/4689e54b-ef44-4d2f-b259-b99f4d903e5a HTTP/1.1" status: 204 len: 168 time: 0.4717786
2026-06-24 02:10:33.919 10 INFO neutron.db.ovn_revision_numbers_db [None req-cf501ace-1e2d-44af-bc4a-e07bb6c491a8 a24861d46242441ab46d0ebd120db796 4145243cb21a40398cc51ef29dfbdc09 - - default default] Successfully bumped revision number for resource 0fba21e0-b95d-4bdd-8cdf-ba58c187bd01 (type: security_groups) to 1
2026-06-24 02:10:33.941 10 INFO neutron.db.ovn_revision_numbers_db [None req-cf501ace-1e2d-44af-bc4a-e07bb6c491a8 a24861d46242441ab46d0ebd120db796 4145243cb21a40398cc51ef29dfbdc09 - - default default] Successfully bumped revision number for resource 40cc9705-a0d1-4f16-b927-a69ecd69a6fe (type: security_group_rules) to 0
2026-06-24 02:10:33.962 10 INFO neutron.db.ovn_revision_numbers_db [None req-cf501ace-1e2d-44af-bc4a-e07bb6c491a8 a24861d46242441ab46d0ebd120db796 4145243cb21a40398cc51ef29dfbdc09 - - default default] Successfully bumped revision number for resource 57692ea1-6095-4f1c-bb3b-366e0099d407 (type: security_group_rules) to 0
2026-06-24 02:10:33.985 10 INFO neutron.db.ovn_revision_numbers_db [None req-cf501ace-1e2d-44af-bc4a-e07bb6c491a8 a24861d46242441ab46d0ebd120db796 4145243cb21a40398cc51ef29dfbdc09 - - default default] Successfully bumped revision number for resource 5f58a071-1cf5-4631-86fe-d765c36f55a8 (type: security_group_rules) to 0
2026-06-24 02:10:34.012 10 INFO neutron.db.ovn_revision_numbers_db [None req-cf501ace-1e2d-44af-bc4a-e07bb6c491a8 a24861d46242441ab46d0ebd120db796 4145243cb21a40398cc51ef29dfbdc09 - - default default] Successfully bumped revision number for resource e257fbac-9cb3-4e36-ad32-8acae52e1d3b (type: security_group_rules) to 0
2026-06-24 02:10:34.046 10 INFO neutron.wsgi [None req-cf501ace-1e2d-44af-bc4a-e07bb6c491a8 a24861d46242441ab46d0ebd120db796 4145243cb21a40398cc51ef29dfbdc09 - - default default] 10.0.0.146 "GET /v2.0/security-groups?tenant_id=58104557a6ab42f6af41f3e8f6e8a385&name=default HTTP/1.1" status: 200 len: 2996 time: 0.3513348
2026-06-24 02:10:34.097 10 INFO neutron.wsgi [None req-dd5a2c77-186d-444d-b034-b75e88855e3f a4328c6cc7f84c408ea938d63b1b621c a89e3aa8eb4d4991894c729a4e380ddf - - default default] 10.0.0.146 "DELETE /v2.0/subnets/473481be-a4bf-40f3-904c-10947c9e7415 HTTP/1.1" status: 204 len: 168 time: 0.2287283
2026-06-24 02:10:34.383 9 INFO neutron.wsgi [None req-0d712e44-de6d-492f-b2f6-4ded329a4eb9 c1169940471740308cc925fa3eafd68d bf3087cd74b44bd09b08a8c33953cb47 - - default default] 10.0.0.146 "DELETE /v2.0/networks/045bb8fe-700d-4c6c-a30e-de180e88af6a HTTP/1.1" status: 204 len: 168 time: 0.4687393
2026-06-24 02:10:34.395 9 INFO neutron.wsgi [None req-9861630f-b20f-4937-a950-ec8a22b49ef0 a24861d46242441ab46d0ebd120db796 4145243cb21a40398cc51ef29dfbdc09 - - default default] 10.0.0.146 "DELETE /v2.0/security-groups/0fba21e0-b95d-4bdd-8cdf-ba58c187bd01 HTTP/1.1" status: 204 len: 168 time: 0.3416359
2026-06-24 02:10:34.512 10 INFO neutron.services.segments.plugin [-] Segment b805b6b0-3109-413a-b5a9-cca28498c05c resource provider aggregate not found
2026-06-24 02:10:34.518 10 INFO neutron.services.segments.plugin [-] Segment b805b6b0-3109-413a-b5a9-cca28498c05c resource provider aggregate not found
2026-06-24 02:10:34.544 10 INFO neutron.services.segments.plugin [-] Segment b805b6b0-3109-413a-b5a9-cca28498c05c resource provider not found; error: Placement Client Error (4xx): {"errors": [{"status": 404, "title": "Not Found", "detail": "The resource could not be found.\n\n No resource provider with uuid b805b6b0-3109-413a-b5a9-cca28498c05c found for delete ", "request_id": "req-1121478c-983a-4ae5-b8fb-c0b518a6b0be"}]}
2026-06-24 02:10:34.560 10 INFO neutron.services.segments.plugin [-] Segment b805b6b0-3109-413a-b5a9-cca28498c05c resource provider not found; error: Placement Client Error (4xx): {"errors": [{"status": 404, "title": "Not Found", "detail": "The resource could not be found.\n\n No resource provider with uuid b805b6b0-3109-413a-b5a9-cca28498c05c found for delete ", "request_id": "req-07686b60-6899-402e-9f2c-2665ca491110"}]}
2026-06-24 02:10:34.587 10 INFO neutron.wsgi [None req-d73ec936-363b-4a99-addf-7375739ab6c0 a4328c6cc7f84c408ea938d63b1b621c a89e3aa8eb4d4991894c729a4e380ddf - - default default] 10.0.0.146 "DELETE /v2.0/networks/e051207f-5e0b-44fc-8871-f0ea1c82557e HTTP/1.1" status: 204 len: 168 time: 0.4787080
2026-06-24 02:10:34.778 9 INFO neutron.db.ovn_revision_numbers_db [None req-3a604b8a-8cff-41b1-b2a0-a8d014c6aa64 a24861d46242441ab46d0ebd120db796 4145243cb21a40398cc51ef29dfbdc09 - - default default] Successfully bumped revision number for resource 649acd5b-1de5-4732-a691-dfe3df89a006 (type: security_groups) to 1
2026-06-24 02:10:34.809 9 INFO neutron.db.ovn_revision_numbers_db [None req-3a604b8a-8cff-41b1-b2a0-a8d014c6aa64 a24861d46242441ab46d0ebd120db796 4145243cb21a40398cc51ef29dfbdc09 - - default default] Successfully bumped revision number for resource 0222f071-4b45-407e-a31d-29952319b047 (type: security_group_rules) to 0
2026-06-24 02:10:34.836 9 INFO neutron.db.ovn_revision_numbers_db [None req-3a604b8a-8cff-41b1-b2a0-a8d014c6aa64 a24861d46242441ab46d0ebd120db796 4145243cb21a40398cc51ef29dfbdc09 - - default default] Successfully bumped revision number for resource 09489b39-0b43-4d44-afec-e082bd0d9657 (type: security_group_rules) to 0
2026-06-24 02:10:34.853 9 INFO neutron.db.ovn_revision_numbers_db [None req-3a604b8a-8cff-41b1-b2a0-a8d014c6aa64 a24861d46242441ab46d0ebd120db796 4145243cb21a40398cc51ef29dfbdc09 - - default default] Successfully bumped revision number for resource 354edadb-6c7b-46f1-8ef6-b7ef82c62ab2 (type: security_group_rules) to 0
2026-06-24 02:10:34.885 9 INFO neutron.db.ovn_revision_numbers_db [None req-3a604b8a-8cff-41b1-b2a0-a8d014c6aa64 a24861d46242441ab46d0ebd120db796 4145243cb21a40398cc51ef29dfbdc09 - - default default] Successfully bumped revision number for resource 4742e45c-046f-44ee-8013-357ddf1f986d (type: security_group_rules) to 0
2026-06-24 02:10:34.893 9 INFO neutron.services.segments.plugin [-] Segment 572b1cfa-23a5-4547-b20e-9d20abb5fc88 resource provider aggregate not found
2026-06-24 02:10:34.899 9 INFO neutron.services.segments.plugin [-] Segment 572b1cfa-23a5-4547-b20e-9d20abb5fc88 resource provider aggregate not found
2026-06-24 02:10:34.911 9 INFO neutron.services.segments.plugin [-] Segment 572b1cfa-23a5-4547-b20e-9d20abb5fc88 resource provider not found; error: Placement Client Error (4xx): {"errors": [{"status": 404, "title": "Not Found", "detail": "The resource could not be found.\n\n No resource provider with uuid 572b1cfa-23a5-4547-b20e-9d20abb5fc88 found for delete ", "request_id": "req-8c1315fc-a409-4d79-b2a2-97b733d9e7dd"}]}
2026-06-24 02:10:34.923 9 INFO neutron.services.segments.plugin [-] Segment 572b1cfa-23a5-4547-b20e-9d20abb5fc88 resource provider not found; error: Placement Client Error (4xx): {"errors": [{"status": 404, "title": "Not Found", "detail": "The resource could not be found.\n\n No resource provider with uuid 572b1cfa-23a5-4547-b20e-9d20abb5fc88 found for delete ", "request_id": "req-3b6e64db-fc9c-4ba5-af3a-b55924d24c29"}]}
2026-06-24 02:10:34.933 9 INFO neutron.services.segments.plugin [-] Segment 29e9835a-172d-41df-b5bb-108a46adc2da resource provider aggregate not found
2026-06-24 02:10:34.943 9 INFO neutron.wsgi [None req-3a604b8a-8cff-41b1-b2a0-a8d014c6aa64 a24861d46242441ab46d0ebd120db796 4145243cb21a40398cc51ef29dfbdc09 - - default default] 10.0.0.146 "GET /v2.0/security-groups?tenant_id=010caec3b6a9498c911eb34afb182a9a&name=default HTTP/1.1" status: 200 len: 2996 time: 0.3789623
2026-06-24 02:10:34.944 9 INFO neutron.services.segments.plugin [-] Segment 29e9835a-172d-41df-b5bb-108a46adc2da resource provider aggregate not found
2026-06-24 02:10:34.953 9 INFO neutron.services.segments.plugin [-] Segment 29e9835a-172d-41df-b5bb-108a46adc2da resource provider not found; error: Placement Client Error (4xx): {"errors": [{"status": 404, "title": "Not Found", "detail": "The resource could not be found.\n\n No resource provider with uuid 29e9835a-172d-41df-b5bb-108a46adc2da found for delete ", "request_id": "req-151c8bc9-606d-4eec-8b76-9ead86936b52"}]}
2026-06-24 02:10:34.962 9 INFO neutron.services.segments.plugin [-] Segment 29e9835a-172d-41df-b5bb-108a46adc2da resource provider not found; error: Placement Client Error (4xx): {"errors": [{"status": 404, "title": "Not Found", "detail": "The resource could not be found.\n\n No resource provider with uuid 29e9835a-172d-41df-b5bb-108a46adc2da found for delete ", "request_id": "req-df99d691-f503-4601-8619-2a46565a1ad5"}]}
2026-06-24 02:10:34.973 9 INFO neutron.services.segments.plugin [-] Segment 2eab9c57-ca06-4c21-8e90-85d40da3ffed resource provider aggregate not found
2026-06-24 02:10:34.981 9 INFO neutron.services.segments.plugin [-] Segment 2eab9c57-ca06-4c21-8e90-85d40da3ffed resource provider aggregate not found
2026-06-24 02:10:34.999 9 INFO neutron.services.segments.plugin [-] Segment 2eab9c57-ca06-4c21-8e90-85d40da3ffed resource provider not found; error: Placement Client Error (4xx): {"errors": [{"status": 404, "title": "Not Found", "detail": "The resource could not be found.\n\n No resource provider with uuid 2eab9c57-ca06-4c21-8e90-85d40da3ffed found for delete ", "request_id": "req-5210f5d0-f671-4ed1-9ea6-45793b1cd020"}]}
2026-06-24 02:10:35.000 9 INFO neutron.services.segments.plugin [-] Segment 2eab9c57-ca06-4c21-8e90-85d40da3ffed resource provider not found; error: Placement Client Error (4xx): {"errors": [{"status": 404, "title": "Not Found", "detail": "The resource could not be found.\n\n No resource provider with uuid 2eab9c57-ca06-4c21-8e90-85d40da3ffed found for delete ", "request_id": "req-d4eeef6f-fa26-4e04-9909-fd01d547ba39"}]}
2026-06-24 02:10:35.160 9 INFO neutron.wsgi [None req-479de782-d770-43ee-8197-1468b1c1bc8f a4328c6cc7f84c408ea938d63b1b621c a89e3aa8eb4d4991894c729a4e380ddf - - default default] 10.0.0.146 "DELETE /v2.0/networks/5df35f75-e054-470b-a1a5-1ed6423f6dec HTTP/1.1" status: 204 len: 168 time: 0.5665562
2026-06-24 02:10:35.206 9 INFO neutron.wsgi [None req-d6b0b7a4-bd38-4e8a-8b76-2e552f8a16f4 a24861d46242441ab46d0ebd120db796 4145243cb21a40398cc51ef29dfbdc09 - - default default] 10.0.0.146 "GET /v2.0/security-groups?tenant_id=bf3087cd74b44bd09b08a8c33953cb47&name=default HTTP/1.1" status: 200 len: 2996 time: 0.2164204
2026-06-24 02:10:35.261 10 INFO neutron.db.segments_db [None req-32d390b0-01b6-4301-ab86-da9549e1c026 a4328c6cc7f84c408ea938d63b1b621c a89e3aa8eb4d4991894c729a4e380ddf - - default default] Added segment d4fccedd-cacd-48f1-8e5f-0c00ea997cbc of type geneve for network 3f3c931e-7c40-48de-9a42-abf7f9bd2e91
2026-06-24 02:10:35.277 9 INFO neutron.wsgi [None req-d24a1362-c312-4033-871b-1e9978fb582f a24861d46242441ab46d0ebd120db796 4145243cb21a40398cc51ef29dfbdc09 - - default default] 10.0.0.146 "DELETE /v2.0/security-groups/649acd5b-1de5-4732-a691-dfe3df89a006 HTTP/1.1" status: 204 len: 168 time: 0.3274248
2026-06-24 02:10:35.423 10 INFO neutron.db.ovn_revision_numbers_db [None req-32d390b0-01b6-4301-ab86-da9549e1c026 a4328c6cc7f84c408ea938d63b1b621c a89e3aa8eb4d4991894c729a4e380ddf - - default default] Successfully bumped revision number for resource 3f3c931e-7c40-48de-9a42-abf7f9bd2e91 (type: networks) to 1
2026-06-24 02:10:35.506 10 INFO neutron.wsgi [None req-87c8a755-9927-4069-8066-8d1b32f684a8 a24861d46242441ab46d0ebd120db796 4145243cb21a40398cc51ef29dfbdc09 - - default default] 10.0.0.146 "DELETE /v2.0/security-groups/18f173e7-dca9-48b9-96e3-21f75464870d HTTP/1.1" status: 204 len: 168 time: 0.2938755
2026-06-24 02:10:35.596 10 WARNING neutron.scheduler.dhcp_agent_scheduler [None req-32d390b0-01b6-4301-ab86-da9549e1c026 a4328c6cc7f84c408ea938d63b1b621c a89e3aa8eb4d4991894c729a4e380ddf - - default default] No more DHCP agents
2026-06-24 02:10:35.600 10 WARNING neutron.api.rpc.agentnotifiers.dhcp_rpc_agent_api [None req-32d390b0-01b6-4301-ab86-da9549e1c026 a4328c6cc7f84c408ea938d63b1b621c a89e3aa8eb4d4991894c729a4e380ddf - - default default] Unable to schedule network 3f3c931e-7c40-48de-9a42-abf7f9bd2e91: no agents available; will retry on subsequent port and subnet creation events.
2026-06-24 02:10:35.682 10 INFO neutron.db.ovn_revision_numbers_db [None req-32d390b0-01b6-4301-ab86-da9549e1c026 a4328c6cc7f84c408ea938d63b1b621c a89e3aa8eb4d4991894c729a4e380ddf - - default default] Successfully bumped revision number for resource 11322728-c365-4994-b47a-f8b6918ce26f (type: ports) to 1
2026-06-24 02:10:35.714 10 INFO neutron.wsgi [None req-32d390b0-01b6-4301-ab86-da9549e1c026 a4328c6cc7f84c408ea938d63b1b621c a89e3aa8eb4d4991894c729a4e380ddf - - default default] 10.0.0.146 "POST /v2.0/networks HTTP/1.1" status: 201 len: 829 time: 0.5455372
2026-06-24 02:10:35.926 9 INFO neutron.wsgi [None req-03fa7e00-bd85-4e6e-a41e-5496f05ccf3f 5eb3fcd31208458699740aa8156d6173 0bec0c65132342ed922ed73140358ad3 - - default default] 10.0.0.143 "GET /v2.0/extensions HTTP/1.1" status: 200 len: 16525 time: 0.0079670
