2026-06-24 02:11:34.000 9 INFO neutron.plugins.ml2.drivers.ovn.mech_driver.mech_driver [None req-18ad88ff-cc8b-4b9f-84ee-3b60ad7a252f - - - - - -] OVN reports status up for port: 05ba736c-6d8e-4200-bc75-7fda11a8e0fb
2026-06-24 02:11:34.022 9 INFO neutron.plugins.ml2.plugin [None req-18ad88ff-cc8b-4b9f-84ee-3b60ad7a252f - - - - - -] Attempt 1 to provision port 05ba736c-6d8e-4200-bc75-7fda11a8e0fb
2026-06-24 02:11:34.076 9 INFO neutron.wsgi [req-f3d0d1d9-1501-4a3b-8e81-dabcd979b464 req-3eb39af1-c3db-409c-ad88-255c43e5a346 97fc5452f77d43fb9673c5f30d93091f de4366fd81b74c29b0add481c92be91c - - b3e860232bd54d29b059f60035ec0e3d b3e860232bd54d29b059f60035ec0e3d] 199.204.45.162 "GET /v2.0/ports?tenant_id=d1dbff934eca4c23b234976be9c300ee&device_id=f02e71ac-aa42-4bbd-8b5d-830723ae286b HTTP/1.1" status: 200 len: 1450 time: 0.0561535
2026-06-24 02:11:34.163 9 INFO neutron.wsgi [req-f3d0d1d9-1501-4a3b-8e81-dabcd979b464 req-a0240a63-9338-4d12-9176-bb847cba0c69 97fc5452f77d43fb9673c5f30d93091f de4366fd81b74c29b0add481c92be91c - - b3e860232bd54d29b059f60035ec0e3d b3e860232bd54d29b059f60035ec0e3d] 199.204.45.162 "GET /v2.0/networks?id=614c66c3-d0c6-4821-8b64-9071589d71eb HTTP/1.1" status: 200 len: 970 time: 0.0806885
2026-06-24 02:11:34.198 9 INFO neutron.wsgi [req-f3d0d1d9-1501-4a3b-8e81-dabcd979b464 req-9bad7a8a-374b-46d7-bebe-7736ebe68315 97fc5452f77d43fb9673c5f30d93091f de4366fd81b74c29b0add481c92be91c - - b3e860232bd54d29b059f60035ec0e3d b3e860232bd54d29b059f60035ec0e3d] 199.204.45.162 "GET /v2.0/floatingips?fixed_ip_address=10.100.0.13&port_id=05ba736c-6d8e-4200-bc75-7fda11a8e0fb HTTP/1.1" status: 200 len: 217 time: 0.0299635
2026-06-24 02:11:34.269 9 INFO neutron.wsgi [req-f3d0d1d9-1501-4a3b-8e81-dabcd979b464 req-337340d1-472a-4235-b164-c24bb0cdb34d 97fc5452f77d43fb9673c5f30d93091f de4366fd81b74c29b0add481c92be91c - - b3e860232bd54d29b059f60035ec0e3d b3e860232bd54d29b059f60035ec0e3d] 199.204.45.162 "GET /v2.0/subnets?id=85e6b874-66c8-41cd-aedb-65f4415ba9d2 HTTP/1.1" status: 200 len: 866 time: 0.0652606
2026-06-24 02:11:34.301 9 INFO neutron.wsgi [req-f3d0d1d9-1501-4a3b-8e81-dabcd979b464 req-46eed1f3-b026-428e-85d0-48dc4d1a9800 97fc5452f77d43fb9673c5f30d93091f de4366fd81b74c29b0add481c92be91c - - b3e860232bd54d29b059f60035ec0e3d b3e860232bd54d29b059f60035ec0e3d] 199.204.45.162 "GET /v2.0/ports?network_id=614c66c3-d0c6-4821-8b64-9071589d71eb&device_owner=network%3Adhcp HTTP/1.1" status: 200 len: 210 time: 0.0244436
2026-06-24 02:11:34.412 9 INFO neutron.wsgi [req-f3d0d1d9-1501-4a3b-8e81-dabcd979b464 req-c235f3a5-52b0-4408-87e7-36076d8ffaa3 97fc5452f77d43fb9673c5f30d93091f de4366fd81b74c29b0add481c92be91c - - b3e860232bd54d29b059f60035ec0e3d b3e860232bd54d29b059f60035ec0e3d] 199.204.45.162 "GET /v2.0/networks/614c66c3-d0c6-4821-8b64-9071589d71eb?fields=segments HTTP/1.1" status: 200 len: 212 time: 0.1051567
2026-06-24 02:11:34.516 9 INFO neutron.wsgi [req-f3d0d1d9-1501-4a3b-8e81-dabcd979b464 req-8810e3d5-7746-4360-b60e-33cb6aa25a34 97fc5452f77d43fb9673c5f30d93091f de4366fd81b74c29b0add481c92be91c - - b3e860232bd54d29b059f60035ec0e3d b3e860232bd54d29b059f60035ec0e3d] 199.204.45.162 "GET /v2.0/networks/614c66c3-d0c6-4821-8b64-9071589d71eb?fields=provider%3Aphysical_network&fields=provider%3Anetwork_type HTTP/1.1" status: 200 len: 277 time: 0.0910962
2026-06-24 02:11:34.531 9 INFO neutron.db.ovn_revision_numbers_db [None req-18ad88ff-cc8b-4b9f-84ee-3b60ad7a252f - - - - - -] Successfully bumped revision number for resource 05ba736c-6d8e-4200-bc75-7fda11a8e0fb (type: ports) to 4 /var/lib/openstack/lib/python3.10/site-packages/pycadf/identifier.py:71: UserWarning: Invalid uuid: neutron. To ensure interoperability, identifiers should be a valid uuid. warnings.warn(('Invalid uuid: %s. To ensure interoperability, '
2026-06-24 02:11:34.746 10 INFO neutron.db.ovn_revision_numbers_db [None req-fedac8c9-5d1d-40ac-aa05-a5b884cae4e3 ffe19965171d453fb58ed0cfc7ff344c 855c93ca8471412c91ab59dde2e93d8f - - default default] Successfully bumped revision number for resource 2e89a0d6-0bcd-4c15-b763-b0cd02ee3728 (type: security_groups) to 1
2026-06-24 02:11:34.764 10 INFO neutron.db.ovn_revision_numbers_db [None req-fedac8c9-5d1d-40ac-aa05-a5b884cae4e3 ffe19965171d453fb58ed0cfc7ff344c 855c93ca8471412c91ab59dde2e93d8f - - default default] Successfully bumped revision number for resource 2a517357-c0d7-4082-82da-17c598ffdb69 (type: security_group_rules) to 0
2026-06-24 02:11:34.783 10 INFO neutron.db.ovn_revision_numbers_db [None req-fedac8c9-5d1d-40ac-aa05-a5b884cae4e3 ffe19965171d453fb58ed0cfc7ff344c 855c93ca8471412c91ab59dde2e93d8f - - default default] Successfully bumped revision number for resource 4d4947ff-3f5a-4549-9b9a-c69ca5a69128 (type: security_group_rules) to 0
2026-06-24 02:11:34.806 10 INFO neutron.db.ovn_revision_numbers_db [None req-fedac8c9-5d1d-40ac-aa05-a5b884cae4e3 ffe19965171d453fb58ed0cfc7ff344c 855c93ca8471412c91ab59dde2e93d8f - - default default] Successfully bumped revision number for resource 5d958d00-ea94-49ce-86e3-e0010cd3229e (type: security_group_rules) to 0
2026-06-24 02:11:34.820 10 INFO neutron.db.ovn_revision_numbers_db [None req-fedac8c9-5d1d-40ac-aa05-a5b884cae4e3 ffe19965171d453fb58ed0cfc7ff344c 855c93ca8471412c91ab59dde2e93d8f - - default default] Successfully bumped revision number for resource c45c9988-98cd-47a2-b88b-ed691ee6e6a4 (type: security_group_rules) to 0
2026-06-24 02:11:34.881 10 INFO neutron.db.segments_db [None req-fedac8c9-5d1d-40ac-aa05-a5b884cae4e3 ffe19965171d453fb58ed0cfc7ff344c 855c93ca8471412c91ab59dde2e93d8f - - default default] Added segment fe993a14-4247-4448-8ac7-cd4df81d023d of type geneve for network 756f059c-bbf7-4ca4-8471-0a0779348ebe /var/lib/openstack/lib/python3.10/site-packages/pycadf/identifier.py:71: UserWarning: Invalid uuid: neutron. To ensure interoperability, identifiers should be a valid uuid. warnings.warn(('Invalid uuid: %s. To ensure interoperability, '
2026-06-24 02:11:35.047 10 INFO neutron.db.ovn_revision_numbers_db [None req-fedac8c9-5d1d-40ac-aa05-a5b884cae4e3 ffe19965171d453fb58ed0cfc7ff344c 855c93ca8471412c91ab59dde2e93d8f - - default default] Successfully bumped revision number for resource 756f059c-bbf7-4ca4-8471-0a0779348ebe (type: networks) to 1
2026-06-24 02:11:35.188 9 INFO neutron.wsgi [req-296818ee-7b4f-4533-af27-6b0d801d8892 req-3c1e1abb-bd84-45ce-8d77-e2d4a7a71b78 38e6000639ae43279921a0b09d7648f0 d1dbff934eca4c23b234976be9c300ee - - default default] 10.0.0.190 "GET /v2.0/ports?device_id=f02e71ac-aa42-4bbd-8b5d-830723ae286b HTTP/1.1" status: 200 len: 1214 time: 0.1439908
2026-06-24 02:11:35.250 10 WARNING neutron.scheduler.dhcp_agent_scheduler [None req-fedac8c9-5d1d-40ac-aa05-a5b884cae4e3 ffe19965171d453fb58ed0cfc7ff344c 855c93ca8471412c91ab59dde2e93d8f - - default default] No more DHCP agents
2026-06-24 02:11:35.252 9 INFO neutron.wsgi [req-296818ee-7b4f-4533-af27-6b0d801d8892 req-4a483e92-d07d-4c77-9489-dcf84392bdc8 38e6000639ae43279921a0b09d7648f0 d1dbff934eca4c23b234976be9c300ee - - default default] 10.0.0.190 "GET /v2.0/security-groups?id=3c5ee441-4758-437e-9bac-dee893c2b643&id=bb31d8e1-3fe6-40b9-b51e-adf288726cfd&fields=id&fields=name HTTP/1.1" status: 200 len: 405 time: 0.0566204
2026-06-24 02:11:35.254 10 WARNING neutron.api.rpc.agentnotifiers.dhcp_rpc_agent_api [None req-fedac8c9-5d1d-40ac-aa05-a5b884cae4e3 ffe19965171d453fb58ed0cfc7ff344c 855c93ca8471412c91ab59dde2e93d8f - - default default] Unable to schedule network 756f059c-bbf7-4ca4-8471-0a0779348ebe: no agents available; will retry on subsequent port and subnet creation events.
2026-06-24 02:11:35.360 10 INFO neutron.db.ovn_revision_numbers_db [None req-fedac8c9-5d1d-40ac-aa05-a5b884cae4e3 ffe19965171d453fb58ed0cfc7ff344c 855c93ca8471412c91ab59dde2e93d8f - - default default] Successfully bumped revision number for resource 5264f54b-2270-4abf-a3ee-5a771a975824 (type: ports) to 1
2026-06-24 02:11:35.384 10 INFO neutron.wsgi [None req-fedac8c9-5d1d-40ac-aa05-a5b884cae4e3 ffe19965171d453fb58ed0cfc7ff344c 855c93ca8471412c91ab59dde2e93d8f - - default default] 10.0.0.146 "POST /v2.0/networks HTTP/1.1" status: 201 len: 831 time: 1.0212817
2026-06-24 02:11:35.455 10 INFO neutron.wsgi [None req-ac312446-7211-4bda-8992-4839059f4b80 ffe19965171d453fb58ed0cfc7ff344c 855c93ca8471412c91ab59dde2e93d8f - - default default] 10.0.0.146 "PUT /v2.0/networks/756f059c-bbf7-4ca4-8471-0a0779348ebe/tags HTTP/1.1" status: 200 len: 218 time: 0.0643997
2026-06-24 02:11:35.507 10 INFO neutron.wsgi [None req-3dec250a-394d-4892-ad15-a126dd64f151 ffe19965171d453fb58ed0cfc7ff344c 855c93ca8471412c91ab59dde2e93d8f - - default default] 10.0.0.146 "GET /v2.0/networks/756f059c-bbf7-4ca4-8471-0a0779348ebe/tags HTTP/1.1" status: 200 len: 218 time: 0.0464482
2026-06-24 02:11:35.567 10 INFO neutron.wsgi [None req-bed8bf89-7a05-491a-bfbd-f5fba130cafc ffe19965171d453fb58ed0cfc7ff344c 855c93ca8471412c91ab59dde2e93d8f - - default default] 10.0.0.146 "PUT /v2.0/networks/756f059c-bbf7-4ca4-8471-0a0779348ebe/tags/green HTTP/1.1" status: 201 len: 201 time: 0.0529599
2026-06-24 02:11:35.616 10 INFO neutron.wsgi [None req-a6b4584a-8c37-4bf0-8f7e-a870593602ef ffe19965171d453fb58ed0cfc7ff344c 855c93ca8471412c91ab59dde2e93d8f - - default default] 10.0.0.146 "GET /v2.0/networks/756f059c-bbf7-4ca4-8471-0a0779348ebe/tags HTTP/1.1" status: 200 len: 227 time: 0.0432854
2026-06-24 02:11:35.687 10 INFO neutron.wsgi [None req-e6b4c39f-10d3-4958-87f2-938a42622fae ffe19965171d453fb58ed0cfc7ff344c 855c93ca8471412c91ab59dde2e93d8f - - default default] 10.0.0.146 "PUT /v2.0/networks/756f059c-bbf7-4ca4-8471-0a0779348ebe/tags/red HTTP/1.1" status: 201 len: 201 time: 0.0661142
2026-06-24 02:11:35.746 10 INFO neutron.wsgi [None req-1956bcd1-79af-4afc-9301-325d8f289197 ffe19965171d453fb58ed0cfc7ff344c 855c93ca8471412c91ab59dde2e93d8f - - default default] 10.0.0.146 "GET /v2.0/networks/756f059c-bbf7-4ca4-8471-0a0779348ebe/tags HTTP/1.1" status: 200 len: 227 time: 0.0512991
2026-06-24 02:11:35.811 10 INFO neutron.wsgi [None req-5ebc04d5-d3dc-4a6a-bbf4-da0acd65b460 ffe19965171d453fb58ed0cfc7ff344c 855c93ca8471412c91ab59dde2e93d8f - - default default] 10.0.0.146 "PUT /v2.0/networks/756f059c-bbf7-4ca4-8471-0a0779348ebe/tags/black.or.white HTTP/1.1" status: 201 len: 201 time: 0.0594199
2026-06-24 02:11:35.872 10 INFO neutron.wsgi [None req-94463f67-b081-4d6f-a072-b2ce54a296ac ffe19965171d453fb58ed0cfc7ff344c 855c93ca8471412c91ab59dde2e93d8f - - default default] 10.0.0.146 "GET /v2.0/networks/756f059c-bbf7-4ca4-8471-0a0779348ebe/tags HTTP/1.1" status: 200 len: 245 time: 0.0558262
2026-06-24 02:11:35.960 10 INFO neutron.wsgi [None req-401ddaea-24d1-4373-9ba7-73519147d208 ffe19965171d453fb58ed0cfc7ff344c 855c93ca8471412c91ab59dde2e93d8f - - default default] 10.0.0.146 "PUT /v2.0/networks/756f059c-bbf7-4ca4-8471-0a0779348ebe/tags HTTP/1.1" status: 200 len: 230 time: 0.0815814
2026-06-24 02:11:36.004 10 INFO neutron.wsgi [None req-9016151e-f6de-4c25-97a9-1b88c7f3037e ffe19965171d453fb58ed0cfc7ff344c 855c93ca8471412c91ab59dde2e93d8f - - default default] 10.0.0.146 "GET /v2.0/networks/756f059c-bbf7-4ca4-8471-0a0779348ebe/tags HTTP/1.1" status: 200 len: 230 time: 0.0395961
2026-06-24 02:11:36.036 9 INFO neutron.notifiers.nova [-] Nova event matching ['req-e8954c89-f015-418a-8212-275cf0fedb88'] response: {'server_uuid': 'f02e71ac-aa42-4bbd-8b5d-830723ae286b', 'name': 'network-vif-plugged', 'status': 'completed', 'tag': '05ba736c-6d8e-4200-bc75-7fda11a8e0fb', 'code': 200}
2026-06-24 02:11:36.037 9 INFO neutron.notifiers.nova [-] Nova event matching ['req-e8954c89-f015-418a-8212-275cf0fedb88'] response: {'server_uuid': 'f02e71ac-aa42-4bbd-8b5d-830723ae286b', 'name': 'network-vif-plugged', 'status': 'completed', 'tag': '05ba736c-6d8e-4200-bc75-7fda11a8e0fb', 'code': 200}
2026-06-24 02:11:36.049 10 INFO neutron.wsgi [None req-61503bd0-8423-4cf6-a2f0-60b840f53860 ffe19965171d453fb58ed0cfc7ff344c 855c93ca8471412c91ab59dde2e93d8f - - default default] 10.0.0.146 "GET /v2.0/networks/756f059c-bbf7-4ca4-8471-0a0779348ebe/tags/red HTTP/1.1" status: 204 len: 168 time: 0.0398898
2026-06-24 02:11:36.107 9 INFO neutron.api.v2.resource [None req-244867fe-aa33-40b8-bf20-43e6097b6e8d ffe19965171d453fb58ed0cfc7ff344c 855c93ca8471412c91ab59dde2e93d8f - - default default] show failed (client error): The resource could not be found.
2026-06-24 02:11:36.108 9 INFO neutron.wsgi [None req-244867fe-aa33-40b8-bf20-43e6097b6e8d ffe19965171d453fb58ed0cfc7ff344c 855c93ca8471412c91ab59dde2e93d8f - - default default] 10.0.0.146 "GET /v2.0/networks/756f059c-bbf7-4ca4-8471-0a0779348ebe/tags/green HTTP/1.1" status: 404 len: 299 time: 0.0484955
2026-06-24 02:11:36.183 10 INFO neutron.wsgi [None req-4522405c-791f-462e-9b8b-4cf6d63b93b2 ffe19965171d453fb58ed0cfc7ff344c 855c93ca8471412c91ab59dde2e93d8f - - default default] 10.0.0.146 "DELETE /v2.0/networks/756f059c-bbf7-4ca4-8471-0a0779348ebe/tags/red HTTP/1.1" status: 204 len: 168 time: 0.0673518
2026-06-24 02:11:36.226 10 INFO neutron.wsgi [None req-d88c937a-7130-497c-aabc-ebcf2e622dd0 ffe19965171d453fb58ed0cfc7ff344c 855c93ca8471412c91ab59dde2e93d8f - - default default] 10.0.0.146 "GET /v2.0/networks/756f059c-bbf7-4ca4-8471-0a0779348ebe/tags HTTP/1.1" status: 200 len: 223 time: 0.0376029
2026-06-24 02:11:36.290 10 INFO neutron.api.v2.resource [None req-297b7d53-427b-4641-b456-85712399cbd0 ffe19965171d453fb58ed0cfc7ff344c 855c93ca8471412c91ab59dde2e93d8f - - default default] delete failed (client error): The resource could not be found.
2026-06-24 02:11:36.292 10 INFO neutron.wsgi [None req-297b7d53-427b-4641-b456-85712399cbd0 ffe19965171d453fb58ed0cfc7ff344c 855c93ca8471412c91ab59dde2e93d8f - - default default] 10.0.0.146 "DELETE /v2.0/networks/756f059c-bbf7-4ca4-8471-0a0779348ebe/tags/green HTTP/1.1" status: 404 len: 299 time: 0.0589583 /var/lib/openstack/lib/python3.10/site-packages/pycadf/identifier.py:71: UserWarning: Invalid uuid: neutron. To ensure interoperability, identifiers should be a valid uuid. warnings.warn(('Invalid uuid: %s. To ensure interoperability, '
2026-06-24 02:11:36.347 9 INFO neutron.wsgi [None req-86436050-fa74-4a87-ac49-fb0f38456b1b a24861d46242441ab46d0ebd120db796 4145243cb21a40398cc51ef29dfbdc09 - - default default] 10.0.0.146 "PUT /v2.0/routers/00b39f86-bf1d-4ec4-8992-ab51085ff214/remove_router_interface HTTP/1.1" status: 200 len: 503 time: 1.4034772
2026-06-24 02:11:36.371 9 INFO neutron.wsgi [req-2e479223-fb4b-4c44-b0ea-05140ed70f7e req-9efbcf69-3ecb-4449-a96e-f2b2cd2296f9 38e6000639ae43279921a0b09d7648f0 d1dbff934eca4c23b234976be9c300ee - - default default] 10.0.0.190 "GET /v2.0/ports?device_id=f02e71ac-aa42-4bbd-8b5d-830723ae286b HTTP/1.1" status: 200 len: 1214 time: 0.0526192
2026-06-24 02:11:36.395 10 INFO neutron.wsgi [None req-68abccec-3ea4-4e16-9323-a00246211273 ffe19965171d453fb58ed0cfc7ff344c 855c93ca8471412c91ab59dde2e93d8f - - default default] 10.0.0.146 "DELETE /v2.0/networks/756f059c-bbf7-4ca4-8471-0a0779348ebe/tags HTTP/1.1" status: 204 len: 168 time: 0.0966654
2026-06-24 02:11:36.426 9 INFO neutron.wsgi [req-2e479223-fb4b-4c44-b0ea-05140ed70f7e req-0b46bab6-239a-4623-96f5-5c321c931a91 38e6000639ae43279921a0b09d7648f0 d1dbff934eca4c23b234976be9c300ee - - default default] 10.0.0.190 "GET /v2.0/security-groups?id=3c5ee441-4758-437e-9bac-dee893c2b643&id=bb31d8e1-3fe6-40b9-b51e-adf288726cfd&fields=id&fields=name HTTP/1.1" status: 200 len: 405 time: 0.0462120
2026-06-24 02:11:36.476 10 INFO neutron.wsgi [None req-7e4f6d9b-323e-40cc-bcd5-0b2289cfc8ec ffe19965171d453fb58ed0cfc7ff344c 855c93ca8471412c91ab59dde2e93d8f - - default default] 10.0.0.146 "GET /v2.0/networks/756f059c-bbf7-4ca4-8471-0a0779348ebe/tags HTTP/1.1" status: 200 len: 205 time: 0.0752420
2026-06-24 02:11:36.553 9 INFO neutron.wsgi [req-eb3ca4bd-b350-4ef2-b53c-371ec2f3f20a req-cca42355-10e6-4cc4-9020-ebcd614fe675 38e6000639ae43279921a0b09d7648f0 d1dbff934eca4c23b234976be9c300ee - - default default] 10.0.0.190 "GET /v2.0/ports?device_id=f02e71ac-aa42-4bbd-8b5d-830723ae286b HTTP/1.1" status: 200 len: 1214 time: 0.0590219
2026-06-24 02:11:36.922 9 INFO neutron.db.l3_db [None req-7294e60f-9e24-434a-8751-43d3387b690f 38e6000639ae43279921a0b09d7648f0 d1dbff934eca4c23b234976be9c300ee - - default default] Floating IP e3b05310-f985-4771-93ff-19d0aa68b758 associated. External IP: 10.96.250.209, port: 05ba736c-6d8e-4200-bc75-7fda11a8e0fb.
2026-06-24 02:11:37.173 9 INFO neutron.services.segments.plugin [-] Segment fe993a14-4247-4448-8ac7-cd4df81d023d resource provider aggregate not found
2026-06-24 02:11:37.183 9 INFO neutron.services.segments.plugin [-] Segment fe993a14-4247-4448-8ac7-cd4df81d023d resource provider aggregate not found
2026-06-24 02:11:37.201 9 INFO neutron.services.segments.plugin [-] Segment fe993a14-4247-4448-8ac7-cd4df81d023d resource provider not found; error: Placement Client Error (4xx): {"errors": [{"status": 404, "title": "Not Found", "detail": "The resource could not be found.\n\n No resource provider with uuid fe993a14-4247-4448-8ac7-cd4df81d023d found for delete ", "request_id": "req-e0f154bf-7525-4601-9407-f966a396304c"}]}
2026-06-24 02:11:37.242 9 INFO neutron.db.ovn_revision_numbers_db [None req-7294e60f-9e24-434a-8751-43d3387b690f 38e6000639ae43279921a0b09d7648f0 d1dbff934eca4c23b234976be9c300ee - - default default] Successfully bumped revision number for resource e3b05310-f985-4771-93ff-19d0aa68b758 (type: floatingips) to 1
2026-06-24 02:11:37.246 9 INFO neutron.services.segments.plugin [-] Segment fe993a14-4247-4448-8ac7-cd4df81d023d resource provider not found; error: Placement Client Error (4xx): {"errors": [{"status": 404, "title": "Not Found", "detail": "The resource could not be found.\n\n No resource provider with uuid fe993a14-4247-4448-8ac7-cd4df81d023d found for delete ", "request_id": "req-44eacb4b-d34d-4e0d-8c2e-6cf9b83343c7"}]}
2026-06-24 02:11:37.280 10 INFO neutron.wsgi [None req-27bf9e10-3286-4966-a023-51f6829b5d33 a24861d46242441ab46d0ebd120db796 4145243cb21a40398cc51ef29dfbdc09 - - default default] 10.0.0.146 "DELETE /v2.0/routers/00b39f86-bf1d-4ec4-8992-ab51085ff214 HTTP/1.1" status: 204 len: 168 time: 0.9268980
2026-06-24 02:11:37.513 10 INFO neutron.wsgi [None req-35a92396-c773-464e-9fef-3c001b6ef634 a24861d46242441ab46d0ebd120db796 4145243cb21a40398cc51ef29dfbdc09 - - default default] 10.0.0.146 "DELETE /v2.0/subnets/d417863f-514f-4248-a586-499cd4fc0095 HTTP/1.1" status: 204 len: 168 time: 0.2271831
2026-06-24 02:11:37.710 9 INFO neutron.wsgi [None req-1c852dc7-58c0-416f-bb8d-c3a863a99a88 ffe19965171d453fb58ed0cfc7ff344c 855c93ca8471412c91ab59dde2e93d8f - - default default] 10.0.0.146 "DELETE /v2.0/networks/756f059c-bbf7-4ca4-8471-0a0779348ebe HTTP/1.1" status: 204 len: 168 time: 1.2265267
2026-06-24 02:11:37.803 9 INFO neutron.db.ovn_revision_numbers_db [None req-7294e60f-9e24-434a-8751-43d3387b690f 38e6000639ae43279921a0b09d7648f0 d1dbff934eca4c23b234976be9c300ee - - default default] Successfully bumped revision number for resource e3b05310-f985-4771-93ff-19d0aa68b758 (type: floatingips) to 2
2026-06-24 02:11:37.825 9 INFO neutron.wsgi [None req-7294e60f-9e24-434a-8751-43d3387b690f 38e6000639ae43279921a0b09d7648f0 d1dbff934eca4c23b234976be9c300ee - - default default] 10.0.0.146 "PUT /v2.0/floatingips/e3b05310-f985-4771-93ff-19d0aa68b758 HTTP/1.1" status: 200 len: 1050 time: 1.2586298
2026-06-24 02:11:37.881 10 INFO neutron.services.segments.plugin [-] Segment 3999a670-c8e2-44cf-8ccf-924cd4afb3dc resource provider aggregate not found
2026-06-24 02:11:37.886 10 INFO neutron.services.segments.plugin [-] Segment 3999a670-c8e2-44cf-8ccf-924cd4afb3dc resource provider aggregate not found
2026-06-24 02:11:37.900 10 INFO neutron.services.segments.plugin [-] Segment 3999a670-c8e2-44cf-8ccf-924cd4afb3dc resource provider not found; error: Placement Client Error (4xx): {"errors": [{"status": 404, "title": "Not Found", "detail": "The resource could not be found.\n\n No resource provider with uuid 3999a670-c8e2-44cf-8ccf-924cd4afb3dc found for delete ", "request_id": "req-1ff77cd8-f9db-4822-b799-4c4539c4a637"}]}
2026-06-24 02:11:37.904 10 INFO neutron.services.segments.plugin [-] Segment 3999a670-c8e2-44cf-8ccf-924cd4afb3dc resource provider not found; error: Placement Client Error (4xx): {"errors": [{"status": 404, "title": "Not Found", "detail": "The resource could not be found.\n\n No resource provider with uuid 3999a670-c8e2-44cf-8ccf-924cd4afb3dc found for delete ", "request_id": "req-9331ef67-4707-45ea-abc1-d7d8d8a6fdcc"}]}
2026-06-24 02:11:37.932 10 INFO neutron.wsgi [None req-4ae81ff5-bfd2-4f21-b9d5-6a2bc62eb5d7 a24861d46242441ab46d0ebd120db796 4145243cb21a40398cc51ef29dfbdc09 - - default default] 10.0.0.146 "DELETE /v2.0/networks/6939bf4b-61c5-4a70-b72e-5f18817879a0 HTTP/1.1" status: 204 len: 168 time: 0.4144304
2026-06-24 02:11:38.080 9 INFO neutron.notifiers.nova [-] Nova event matching ['req-92a620fe-f270-459b-820d-9a4e87ca2305'] response: {'name': 'network-changed', 'server_uuid': 'f02e71ac-aa42-4bbd-8b5d-830723ae286b', 'tag': '05ba736c-6d8e-4200-bc75-7fda11a8e0fb', 'status': 'completed', 'code': 200} /var/lib/openstack/lib/python3.10/site-packages/pycadf/identifier.py:71: UserWarning: Invalid uuid: neutron. To ensure interoperability, identifiers should be a valid uuid. warnings.warn(('Invalid uuid: %s. To ensure interoperability, '
2026-06-24 02:11:38.139 9 INFO neutron.wsgi [req-f68d76d1-7052-4328-9a04-ef63d6263eda req-56312659-f39e-4c89-9003-81eaad5a7d8e 97fc5452f77d43fb9673c5f30d93091f de4366fd81b74c29b0add481c92be91c - - b3e860232bd54d29b059f60035ec0e3d b3e860232bd54d29b059f60035ec0e3d] 199.204.45.162 "GET /v2.0/ports?tenant_id=d1dbff934eca4c23b234976be9c300ee&device_id=f02e71ac-aa42-4bbd-8b5d-830723ae286b HTTP/1.1" status: 200 len: 1452 time: 0.0400150
2026-06-24 02:11:38.150 10 INFO neutron.wsgi [None req-78dc8e54-d751-4e6b-996d-cddfd49d4c3d a24861d46242441ab46d0ebd120db796 4145243cb21a40398cc51ef29dfbdc09 - - default default] 10.0.0.146 "GET /v2.0/security-groups?tenant_id=f5f4f05b5ad543f48c4ded697f8463c5&name=default HTTP/1.1" status: 200 len: 2996 time: 0.0443840
2026-06-24 02:11:38.224 9 INFO neutron.wsgi [req-f68d76d1-7052-4328-9a04-ef63d6263eda req-53a7b11c-1e6f-41a2-ab56-4fc136fa9fac 97fc5452f77d43fb9673c5f30d93091f de4366fd81b74c29b0add481c92be91c - - b3e860232bd54d29b059f60035ec0e3d b3e860232bd54d29b059f60035ec0e3d] 199.204.45.162 "GET /v2.0/networks?id=614c66c3-d0c6-4821-8b64-9071589d71eb HTTP/1.1" status: 200 len: 970 time: 0.0788603
2026-06-24 02:11:38.297 9 INFO neutron.wsgi [req-f68d76d1-7052-4328-9a04-ef63d6263eda req-6ff22e54-37cc-468c-8ad5-2bc1199a0ea4 97fc5452f77d43fb9673c5f30d93091f de4366fd81b74c29b0add481c92be91c - - b3e860232bd54d29b059f60035ec0e3d b3e860232bd54d29b059f60035ec0e3d] 199.204.45.162 "GET /v2.0/floatingips?fixed_ip_address=10.100.0.13&port_id=05ba736c-6d8e-4200-bc75-7fda11a8e0fb HTTP/1.1" status: 200 len: 1060 time: 0.0617399
2026-06-24 02:11:38.337 9 INFO neutron.wsgi [req-f68d76d1-7052-4328-9a04-ef63d6263eda req-23bde9ce-f27d-4262-a0a1-3633d7637b76 97fc5452f77d43fb9673c5f30d93091f de4366fd81b74c29b0add481c92be91c - - b3e860232bd54d29b059f60035ec0e3d b3e860232bd54d29b059f60035ec0e3d] 199.204.45.162 "GET /v2.0/subnets?id=85e6b874-66c8-41cd-aedb-65f4415ba9d2 HTTP/1.1" status: 200 len: 866 time: 0.0321987
2026-06-24 02:11:38.371 9 INFO neutron.wsgi [req-f68d76d1-7052-4328-9a04-ef63d6263eda req-c5337eb7-5697-4e39-91c5-8582387abc8f 97fc5452f77d43fb9673c5f30d93091f de4366fd81b74c29b0add481c92be91c - - b3e860232bd54d29b059f60035ec0e3d b3e860232bd54d29b059f60035ec0e3d] 199.204.45.162 "GET /v2.0/ports?network_id=614c66c3-d0c6-4821-8b64-9071589d71eb&device_owner=network%3Adhcp HTTP/1.1" status: 200 len: 210 time: 0.0238640
2026-06-24 02:11:38.380 10 INFO neutron.wsgi [None req-b2f831cb-8e1f-4aab-8911-c60007be7a8f a24861d46242441ab46d0ebd120db796 4145243cb21a40398cc51ef29dfbdc09 - - default default] 10.0.0.146 "DELETE /v2.0/security-groups/dcda3bf4-78a1-4e57-90f4-664d37643cc4 HTTP/1.1" status: 204 len: 168 time: 0.1990960
2026-06-24 02:11:38.428 9 INFO neutron.wsgi [req-f68d76d1-7052-4328-9a04-ef63d6263eda req-2f3070b2-460a-4134-a095-523a848b1185 97fc5452f77d43fb9673c5f30d93091f de4366fd81b74c29b0add481c92be91c - - b3e860232bd54d29b059f60035ec0e3d b3e860232bd54d29b059f60035ec0e3d] 199.204.45.162 "GET /v2.0/networks/614c66c3-d0c6-4821-8b64-9071589d71eb?fields=segments HTTP/1.1" status: 200 len: 212 time: 0.0507376
2026-06-24 02:11:38.493 9 INFO neutron.wsgi [req-f68d76d1-7052-4328-9a04-ef63d6263eda req-1d3f61fe-cbcd-40d2-8051-d5015fd2823b 97fc5452f77d43fb9673c5f30d93091f de4366fd81b74c29b0add481c92be91c - - b3e860232bd54d29b059f60035ec0e3d b3e860232bd54d29b059f60035ec0e3d] 199.204.45.162 "GET /v2.0/networks/614c66c3-d0c6-4821-8b64-9071589d71eb?fields=provider%3Aphysical_network&fields=provider%3Anetwork_type HTTP/1.1" status: 200 len: 277 time: 0.0592794
2026-06-24 02:11:38.769 10 INFO neutron.wsgi [None req-57c096dd-bb03-4490-9fc4-c555f89d30c0 a24861d46242441ab46d0ebd120db796 4145243cb21a40398cc51ef29dfbdc09 - - default default] 10.0.0.146 "GET /v2.0/security-groups?tenant_id=855c93ca8471412c91ab59dde2e93d8f&name=default HTTP/1.1" status: 200 len: 2996 time: 0.3126621
2026-06-24 02:11:39.000 10 INFO neutron.wsgi [None req-65b54926-4a7a-4a3e-8b9d-1ffc43d4ed89 a24861d46242441ab46d0ebd120db796 4145243cb21a40398cc51ef29dfbdc09 - - default default] 10.0.0.146 "DELETE /v2.0/security-groups/2e89a0d6-0bcd-4c15-b763-b0cd02ee3728 HTTP/1.1" status: 204 len: 168 time: 0.2259696
2026-06-24 02:11:39.204 9 INFO neutron.db.ovn_revision_numbers_db [None req-efdd9ac9-a3ad-452b-bff6-e712be18e200 a24861d46242441ab46d0ebd120db796 4145243cb21a40398cc51ef29dfbdc09 - - default default] Successfully bumped revision number for resource 61c6544c-33f3-4c88-85a4-6d03480d7586 (type: security_groups) to 1
2026-06-24 02:11:39.223 9 INFO neutron.db.ovn_revision_numbers_db [None req-efdd9ac9-a3ad-452b-bff6-e712be18e200 a24861d46242441ab46d0ebd120db796 4145243cb21a40398cc51ef29dfbdc09 - - default default] Successfully bumped revision number for resource 0dad4aee-89d7-4d92-baa7-ed64459590f0 (type: security_group_rules) to 0
2026-06-24 02:11:39.239 9 INFO neutron.db.ovn_revision_numbers_db [None req-efdd9ac9-a3ad-452b-bff6-e712be18e200 a24861d46242441ab46d0ebd120db796 4145243cb21a40398cc51ef29dfbdc09 - - default default] Successfully bumped revision number for resource 647c8114-2a9f-43fe-91d0-6bdfd26111c3 (type: security_group_rules) to 0
2026-06-24 02:11:39.259 9 INFO neutron.db.ovn_revision_numbers_db [None req-efdd9ac9-a3ad-452b-bff6-e712be18e200 a24861d46242441ab46d0ebd120db796 4145243cb21a40398cc51ef29dfbdc09 - - default default] Successfully bumped revision number for resource c1103529-502f-41f2-97b6-f6253d95a648 (type: security_group_rules) to 0
2026-06-24 02:11:39.275 9 INFO neutron.db.ovn_revision_numbers_db [None req-efdd9ac9-a3ad-452b-bff6-e712be18e200 a24861d46242441ab46d0ebd120db796 4145243cb21a40398cc51ef29dfbdc09 - - default default] Successfully bumped revision number for resource c8a2fa47-1112-4b34-bfb6-f6f30556e021 (type: security_group_rules) to 0
2026-06-24 02:11:39.300 9 INFO neutron.wsgi [None req-efdd9ac9-a3ad-452b-bff6-e712be18e200 a24861d46242441ab46d0ebd120db796 4145243cb21a40398cc51ef29dfbdc09 - - default default] 10.0.0.146 "GET /v2.0/security-groups?tenant_id=6d58667412f047f2894ea1ac74fe7f4e&name=default HTTP/1.1" status: 200 len: 2996 time: 0.2026486
2026-06-24 02:11:39.512 9 INFO neutron.wsgi [None req-ba9ff9f6-c0fa-4198-9f64-fd0a634fb5c7 a24861d46242441ab46d0ebd120db796 4145243cb21a40398cc51ef29dfbdc09 - - default default] 10.0.0.146 "DELETE /v2.0/security-groups/61c6544c-33f3-4c88-85a4-6d03480d7586 HTTP/1.1" status: 204 len: 168 time: 0.2066777
2026-06-24 02:11:39.831 9 INFO neutron.wsgi [-] 10.0.0.79 "GET / HTTP/1.1" status: 200 len: 247 time: 0.0018935
2026-06-24 02:11:39.833 9 INFO neutron.wsgi [-] 10.0.0.79 "GET / HTTP/1.1" status: 200 len: 247 time: 0.0012515
2026-06-24 02:11:41.682 10 INFO neutron.db.ovn_revision_numbers_db [None req-be051845-326b-4389-ba62-c6cfb38cd278 8c8d4a7d2dba4706a53f97c33505a165 468bd192add94a38a802f600ae2ed963 - - default default] Successfully bumped revision number for resource 7a5369cf-b414-4692-8727-fab17be090ba (type: security_groups) to 1
2026-06-24 02:11:41.702 10 INFO neutron.db.ovn_revision_numbers_db [None req-be051845-326b-4389-ba62-c6cfb38cd278 8c8d4a7d2dba4706a53f97c33505a165 468bd192add94a38a802f600ae2ed963 - - default default] Successfully bumped revision number for resource 27ab2f00-819f-4c99-848c-a77fa89b7043 (type: security_group_rules) to 0
2026-06-24 02:11:41.731 10 INFO neutron.db.ovn_revision_numbers_db [None req-be051845-326b-4389-ba62-c6cfb38cd278 8c8d4a7d2dba4706a53f97c33505a165 468bd192add94a38a802f600ae2ed963 - - default default] Successfully bumped revision number for resource 53435b0d-4593-423c-8a93-e5dc6d963447 (type: security_group_rules) to 0
2026-06-24 02:11:41.758 10 INFO neutron.db.ovn_revision_numbers_db [None req-be051845-326b-4389-ba62-c6cfb38cd278 8c8d4a7d2dba4706a53f97c33505a165 468bd192add94a38a802f600ae2ed963 - - default default] Successfully bumped revision number for resource ba645e07-ad28-472b-81c0-fec7ee176a0d (type: security_group_rules) to 0
2026-06-24 02:11:41.779 10 INFO neutron.db.ovn_revision_numbers_db [None req-be051845-326b-4389-ba62-c6cfb38cd278 8c8d4a7d2dba4706a53f97c33505a165 468bd192add94a38a802f600ae2ed963 - - default default] Successfully bumped revision number for resource e017532f-c95d-4d9f-ad64-aaa7dffc92d0 (type: security_group_rules) to 0
2026-06-24 02:11:41.838 10 INFO neutron.db.segments_db [None req-be051845-326b-4389-ba62-c6cfb38cd278 8c8d4a7d2dba4706a53f97c33505a165 468bd192add94a38a802f600ae2ed963 - - default default] Added segment 77edf28b-7807-44f4-9ab2-aad968a19ef1 of type geneve for network a2e56009-7606-487e-be0b-e552301cfd9e
2026-06-24 02:11:42.289 10 INFO neutron.db.ovn_revision_numbers_db [None req-be051845-326b-4389-ba62-c6cfb38cd278 8c8d4a7d2dba4706a53f97c33505a165 468bd192add94a38a802f600ae2ed963 - - default default] Successfully bumped revision number for resource a2e56009-7606-487e-be0b-e552301cfd9e (type: networks) to 1
2026-06-24 02:11:42.484 10 WARNING neutron.scheduler.dhcp_agent_scheduler [None req-be051845-326b-4389-ba62-c6cfb38cd278 8c8d4a7d2dba4706a53f97c33505a165 468bd192add94a38a802f600ae2ed963 - - default default] No more DHCP agents
2026-06-24 02:11:42.486 10 WARNING neutron.api.rpc.agentnotifiers.dhcp_rpc_agent_api [None req-be051845-326b-4389-ba62-c6cfb38cd278 8c8d4a7d2dba4706a53f97c33505a165 468bd192add94a38a802f600ae2ed963 - - default default] Unable to schedule network a2e56009-7606-487e-be0b-e552301cfd9e: no agents available; will retry on subsequent port and subnet creation events.
2026-06-24 02:11:42.568 10 INFO neutron.db.ovn_revision_numbers_db [None req-be051845-326b-4389-ba62-c6cfb38cd278 8c8d4a7d2dba4706a53f97c33505a165 468bd192add94a38a802f600ae2ed963 - - default default] Successfully bumped revision number for resource 892c2bb9-a28f-48d3-8a9c-c830ce296893 (type: ports) to 1
2026-06-24 02:11:42.588 10 INFO neutron.wsgi [None req-be051845-326b-4389-ba62-c6cfb38cd278 8c8d4a7d2dba4706a53f97c33505a165 468bd192add94a38a802f600ae2ed963 - - default default] 10.0.0.146 "POST /v2.0/networks HTTP/1.1" status: 201 len: 831 time: 1.2485390
2026-06-24 02:11:43.149 10 WARNING neutron.scheduler.dhcp_agent_scheduler [None req-fb6c0256-bf16-44d2-b242-dcc306e79a0a 8c8d4a7d2dba4706a53f97c33505a165 468bd192add94a38a802f600ae2ed963 - - default default] No more DHCP agents
2026-06-24 02:11:43.151 10 WARNING neutron.api.rpc.agentnotifiers.dhcp_rpc_agent_api [None req-fb6c0256-bf16-44d2-b242-dcc306e79a0a 8c8d4a7d2dba4706a53f97c33505a165 468bd192add94a38a802f600ae2ed963 - - default default] Unable to schedule network 4a5198b0-ac5d-4ff9-b6fe-eca736990d63: no agents available; will retry on subsequent port and subnet creation events.
2026-06-24 02:11:43.317 10 INFO neutron.db.ovn_revision_numbers_db [None req-fb6c0256-bf16-44d2-b242-dcc306e79a0a 8c8d4a7d2dba4706a53f97c33505a165 468bd192add94a38a802f600ae2ed963 - - default default] Successfully bumped revision number for resource 12692776-9928-4724-a49e-8563633e4927 (type: ports) to 1
2026-06-24 02:11:43.480 9 INFO neutron.db.ovn_revision_numbers_db [None req-96197190-d5bc-457a-bbc9-679ef2e7e91e 5440c7e082af4426820e68948a36742d b74790834fb2458bb4c126a57cd80e3e - - default default] Successfully bumped revision number for resource b9b1da2f-90ec-4626-b287-c81c37d7ec0d (type: security_groups) to 1
2026-06-24 02:11:43.494 9 INFO neutron.db.ovn_revision_numbers_db [None req-96197190-d5bc-457a-bbc9-679ef2e7e91e 5440c7e082af4426820e68948a36742d b74790834fb2458bb4c126a57cd80e3e - - default default] Successfully bumped revision number for resource 3f1e8190-f262-45f7-a930-91be735eb187 (type: security_group_rules) to 0
2026-06-24 02:11:43.508 9 INFO neutron.db.ovn_revision_numbers_db [None req-96197190-d5bc-457a-bbc9-679ef2e7e91e 5440c7e082af4426820e68948a36742d b74790834fb2458bb4c126a57cd80e3e - - default default] Successfully bumped revision number for resource 40c2cd9a-71d6-4762-9b3f-8d8d9dd782ed (type: security_group_rules) to 0
2026-06-24 02:11:43.526 9 INFO neutron.db.ovn_revision_numbers_db [None req-96197190-d5bc-457a-bbc9-679ef2e7e91e 5440c7e082af4426820e68948a36742d b74790834fb2458bb4c126a57cd80e3e - - default default] Successfully bumped revision number for resource d932256a-3710-4ac1-9413-227f49b6384b (type: security_group_rules) to 0
2026-06-24 02:11:43.541 9 INFO neutron.db.ovn_revision_numbers_db [None req-96197190-d5bc-457a-bbc9-679ef2e7e91e 5440c7e082af4426820e68948a36742d b74790834fb2458bb4c126a57cd80e3e - - default default] Successfully bumped revision number for resource f2376131-b599-49dd-a636-72a124179a6f (type: security_group_rules) to 0
2026-06-24 02:11:43.589 9 INFO neutron.db.segments_db [None req-96197190-d5bc-457a-bbc9-679ef2e7e91e 5440c7e082af4426820e68948a36742d b74790834fb2458bb4c126a57cd80e3e - - default default] Added segment a990ce1c-6412-44df-8b62-a8f97a9c789e of type geneve for network 8393644d-2889-4888-a801-764ba61863ce
2026-06-24 02:11:43.826 9 INFO neutron.db.ovn_revision_numbers_db [None req-96197190-d5bc-457a-bbc9-679ef2e7e91e 5440c7e082af4426820e68948a36742d b74790834fb2458bb4c126a57cd80e3e - - default default] Successfully bumped revision number for resource 8393644d-2889-4888-a801-764ba61863ce (type: networks) to 1
2026-06-24 02:11:44.049 9 INFO neutron.plugins.ml2.drivers.ovn.mech_driver.mech_driver [None req-18ad88ff-cc8b-4b9f-84ee-3b60ad7a252f - - - - - -] OVN reports status up for port: 12692776-9928-4724-a49e-8563633e4927
2026-06-24 02:11:44.058 9 INFO neutron.plugins.ml2.drivers.ovn.mech_driver.ovsdb.ovsdb_monitor [None req-df04184a-646e-4bae-b1c1-a754bcdf5ac5 - - - - - -] Router 035931f7-fdbd-49ae-a04b-d406371e06a5 is bound to host instance
2026-06-24 02:11:44.066 9 WARNING neutron.scheduler.dhcp_agent_scheduler [None req-96197190-d5bc-457a-bbc9-679ef2e7e91e 5440c7e082af4426820e68948a36742d b74790834fb2458bb4c126a57cd80e3e - - default default] No more DHCP agents
2026-06-24 02:11:44.072 10 INFO neutron.db.ovn_revision_numbers_db [None req-fb6c0256-bf16-44d2-b242-dcc306e79a0a 8c8d4a7d2dba4706a53f97c33505a165 468bd192add94a38a802f600ae2ed963 - - default default] Successfully bumped revision number for resource 12692776-9928-4724-a49e-8563633e4927 (type: router_ports) to 1
2026-06-24 02:11:44.084 9 WARNING neutron.api.rpc.agentnotifiers.dhcp_rpc_agent_api [None req-96197190-d5bc-457a-bbc9-679ef2e7e91e 5440c7e082af4426820e68948a36742d b74790834fb2458bb4c126a57cd80e3e - - default default] Unable to schedule network 8393644d-2889-4888-a801-764ba61863ce: no agents available; will retry on subsequent port and subnet creation events.
2026-06-24 02:11:44.089 9 INFO neutron.plugins.ml2.plugin [None req-18ad88ff-cc8b-4b9f-84ee-3b60ad7a252f - - - - - -] Attempt 1 to provision port 12692776-9928-4724-a49e-8563633e4927
2026-06-24 02:11:44.129 10 INFO neutron.db.ovn_revision_numbers_db [None req-fb6c0256-bf16-44d2-b242-dcc306e79a0a 8c8d4a7d2dba4706a53f97c33505a165 468bd192add94a38a802f600ae2ed963 - - default default] Successfully bumped revision number for resource 035931f7-fdbd-49ae-a04b-d406371e06a5 (type: routers) to 2
2026-06-24 02:11:44.143 10 INFO neutron.wsgi [None req-fb6c0256-bf16-44d2-b242-dcc306e79a0a 8c8d4a7d2dba4706a53f97c33505a165 468bd192add94a38a802f600ae2ed963 - - default default] 10.0.0.146 "POST /v2.0/routers HTTP/1.1" status: 201 len: 875 time: 1.5484796
2026-06-24 02:11:44.240 9 INFO neutron.db.ovn_revision_numbers_db [None req-96197190-d5bc-457a-bbc9-679ef2e7e91e 5440c7e082af4426820e68948a36742d b74790834fb2458bb4c126a57cd80e3e - - default default] Successfully bumped revision number for resource 2e228879-9065-4a7d-b028-14b755580dd8 (type: ports) to 1
2026-06-24 02:11:44.287 9 INFO neutron.wsgi [None req-96197190-d5bc-457a-bbc9-679ef2e7e91e 5440c7e082af4426820e68948a36742d b74790834fb2458bb4c126a57cd80e3e - - default default] 10.0.0.146 "POST /v2.0/networks HTTP/1.1" status: 201 len: 830 time: 1.1930578
2026-06-24 02:11:44.299 10 INFO neutron.wsgi [None req-d17e2178-3296-485b-9050-f79a97bceafc 824646c4cb964c16ba0ba3410ccc1432 5219a279759c46d3891c28c7c1e1f538 - - default default] 10.0.0.146 "GET /v2.0/subnets?project_id=468bd192add94a38a802f600ae2ed963&cidr=10.100.0.0%2F28 HTTP/1.1" status: 200 len: 207 time: 0.1487098
2026-06-24 02:11:44.412 10 INFO neutron.wsgi [None req-00d800e4-b541-41e9-a2d1-8609e07fdc93 824646c4cb964c16ba0ba3410ccc1432 5219a279759c46d3891c28c7c1e1f538 - - default default] 10.0.0.146 "GET /v2.0/networks?router%3Aexternal=True HTTP/1.1" status: 200 len: 947 time: 0.1087120
2026-06-24 02:11:44.454 10 INFO neutron.wsgi [None req-cd771ed0-6018-4740-a476-2308e6e1f340 824646c4cb964c16ba0ba3410ccc1432 5219a279759c46d3891c28c7c1e1f538 - - default default] 10.0.0.146 "GET /v2.0/subnets?network_id=4a5198b0-ac5d-4ff9-b6fe-eca736990d63&cidr=10.100.0.0%2F28 HTTP/1.1" status: 200 len: 207 time: 0.0230899
2026-06-24 02:11:44.664 9 WARNING neutron.scheduler.dhcp_agent_scheduler [None req-9a3eaa3b-7a2e-4c70-ab04-0980c322c88f 5440c7e082af4426820e68948a36742d b74790834fb2458bb4c126a57cd80e3e - - default default] No more DHCP agents
2026-06-24 02:11:44.668 9 WARNING neutron.api.rpc.agentnotifiers.dhcp_rpc_agent_api [None req-9a3eaa3b-7a2e-4c70-ab04-0980c322c88f 5440c7e082af4426820e68948a36742d b74790834fb2458bb4c126a57cd80e3e - - default default] Unable to schedule network 8393644d-2889-4888-a801-764ba61863ce: no agents available; will retry on subsequent port and subnet creation events.
2026-06-24 02:11:44.698 10 WARNING neutron.scheduler.dhcp_agent_scheduler [None req-b81f2a61-b631-434b-a8c4-6255ab441bd2 8c8d4a7d2dba4706a53f97c33505a165 468bd192add94a38a802f600ae2ed963 - - default default] No more DHCP agents
2026-06-24 02:11:44.699 10 WARNING neutron.api.rpc.agentnotifiers.dhcp_rpc_agent_api [None req-b81f2a61-b631-434b-a8c4-6255ab441bd2 8c8d4a7d2dba4706a53f97c33505a165 468bd192add94a38a802f600ae2ed963 - - default default] Unable to schedule network a2e56009-7606-487e-be0b-e552301cfd9e: no agents available; will retry on subsequent port and subnet creation events.
2026-06-24 02:11:44.811 9 INFO neutron.db.ovn_revision_numbers_db [None req-9a3eaa3b-7a2e-4c70-ab04-0980c322c88f 5440c7e082af4426820e68948a36742d b74790834fb2458bb4c126a57cd80e3e - - default default] Successfully bumped revision number for resource 4273bc52-8825-442a-80cf-8cca78439dd9 (type: ports) to 1
2026-06-24 02:11:44.845 9 INFO neutron.wsgi [None req-9a3eaa3b-7a2e-4c70-ab04-0980c322c88f 5440c7e082af4426820e68948a36742d b74790834fb2458bb4c126a57cd80e3e - - default default] 10.0.0.146 "POST /v2.0/ports HTTP/1.1" status: 201 len: 942 time: 0.5490806 /var/lib/openstack/lib/python3.10/site-packages/pycadf/identifier.py:71: UserWarning: Invalid uuid: neutron. To ensure interoperability, identifiers should be a valid uuid. warnings.warn(('Invalid uuid: %s. To ensure interoperability, '
2026-06-24 02:11:44.889 9 INFO neutron.db.ovn_revision_numbers_db [None req-df04184a-646e-4bae-b1c1-a754bcdf5ac5 - - - - - -] Successfully bumped revision number for resource 12692776-9928-4724-a49e-8563633e4927 (type: ports) to 1
2026-06-24 02:11:44.901 9 INFO neutron.wsgi [None req-a4667dc4-abba-4450-a9c5-17c1a9c035ff 5440c7e082af4426820e68948a36742d b74790834fb2458bb4c126a57cd80e3e - - default default] 10.0.0.146 "PUT /v2.0/ports/4273bc52-8825-442a-80cf-8cca78439dd9/tags HTTP/1.1" status: 200 len: 218 time: 0.0494559
2026-06-24 02:11:44.958 10 INFO neutron.wsgi [None req-1d830b74-ab98-48d2-ac41-3c9064f86089 5440c7e082af4426820e68948a36742d b74790834fb2458bb4c126a57cd80e3e - - default default] 10.0.0.146 "GET /v2.0/ports/4273bc52-8825-442a-80cf-8cca78439dd9/tags HTTP/1.1" status: 200 len: 218 time: 0.0502870
2026-06-24 02:11:45.013 10 INFO neutron.wsgi [None req-d19115c3-6eca-4aaa-af9b-f50d2a89ff1e 5440c7e082af4426820e68948a36742d b74790834fb2458bb4c126a57cd80e3e - - default default] 10.0.0.146 "PUT /v2.0/ports/4273bc52-8825-442a-80cf-8cca78439dd9/tags/green HTTP/1.1" status: 201 len: 201 time: 0.0492768
2026-06-24 02:11:45.071 10 INFO neutron.wsgi [None req-6eb2001b-fa78-4407-a629-86b5f7ad9f42 5440c7e082af4426820e68948a36742d b74790834fb2458bb4c126a57cd80e3e - - default default] 10.0.0.146 "GET /v2.0/ports/4273bc52-8825-442a-80cf-8cca78439dd9/tags HTTP/1.1" status: 200 len: 227 time: 0.0515685
2026-06-24 02:11:45.116 10 INFO neutron.wsgi [None req-6e97310c-1c0e-4786-b363-ae97249e295a 5440c7e082af4426820e68948a36742d b74790834fb2458bb4c126a57cd80e3e - - default default] 10.0.0.146 "PUT /v2.0/ports/4273bc52-8825-442a-80cf-8cca78439dd9/tags/red HTTP/1.1" status: 201 len: 201 time: 0.0385175
2026-06-24 02:11:45.158 10 INFO neutron.wsgi [None req-49749b27-55a6-4c8e-9c74-042aded6e4c1 5440c7e082af4426820e68948a36742d b74790834fb2458bb4c126a57cd80e3e - - default default] 10.0.0.146 "GET /v2.0/ports/4273bc52-8825-442a-80cf-8cca78439dd9/tags HTTP/1.1" status: 200 len: 227 time: 0.0369153
2026-06-24 02:11:45.171 9 INFO neutron.db.ovn_revision_numbers_db [None req-df04184a-646e-4bae-b1c1-a754bcdf5ac5 - - - - - -] Successfully bumped revision number for resource 12692776-9928-4724-a49e-8563633e4927 (type: router_ports) to 3
2026-06-24 02:11:45.217 10 INFO neutron.wsgi [None req-5fcce771-3780-43ca-8e8c-94d9dda1a5de 5440c7e082af4426820e68948a36742d b74790834fb2458bb4c126a57cd80e3e - - default default] 10.0.0.146 "PUT /v2.0/ports/4273bc52-8825-442a-80cf-8cca78439dd9/tags/black.or.white HTTP/1.1" status: 201 len: 201 time: 0.0525761
2026-06-24 02:11:45.254 10 INFO neutron.wsgi [None req-b59feac3-f1b8-47fb-8f53-5e9ac844cf47 5440c7e082af4426820e68948a36742d b74790834fb2458bb4c126a57cd80e3e - - default default] 10.0.0.146 "GET /v2.0/ports/4273bc52-8825-442a-80cf-8cca78439dd9/tags HTTP/1.1" status: 200 len: 245 time: 0.0304320
2026-06-24 02:11:45.320 10 INFO neutron.wsgi [None req-d0ae8045-cbe6-4463-9e0d-33ca3f962aff 5440c7e082af4426820e68948a36742d b74790834fb2458bb4c126a57cd80e3e - - default default] 10.0.0.146 "PUT /v2.0/ports/4273bc52-8825-442a-80cf-8cca78439dd9/tags HTTP/1.1" status: 200 len: 230 time: 0.0592670
2026-06-24 02:11:45.347 10 INFO neutron.db.ovn_revision_numbers_db [None req-b81f2a61-b631-434b-a8c4-6255ab441bd2 8c8d4a7d2dba4706a53f97c33505a165 468bd192add94a38a802f600ae2ed963 - - default default] Successfully bumped revision number for resource 892c2bb9-a28f-48d3-8a9c-c830ce296893 (type: ports) to 2
2026-06-24 02:11:45.355 10 INFO neutron.wsgi [None req-33e46175-328f-404a-a2b8-0085fa68e00d 5440c7e082af4426820e68948a36742d b74790834fb2458bb4c126a57cd80e3e - - default default] 10.0.0.146 "GET /v2.0/ports/4273bc52-8825-442a-80cf-8cca78439dd9/tags HTTP/1.1" status: 200 len: 230 time: 0.0289276
2026-06-24 02:11:45.360 9 INFO neutron.db.ovn_revision_numbers_db [None req-df04184a-646e-4bae-b1c1-a754bcdf5ac5 - - - - - -] Successfully bumped revision number for resource 12692776-9928-4724-a49e-8563633e4927 (type: ports) to 2
2026-06-24 02:11:45.389 10 INFO neutron.db.ovn_revision_numbers_db [None req-b81f2a61-b631-434b-a8c4-6255ab441bd2 8c8d4a7d2dba4706a53f97c33505a165 468bd192add94a38a802f600ae2ed963 - - default default] Successfully bumped revision number for resource 61f3b533-abd1-446c-a0d6-f22ce5782a90 (type: subnets) to 0
2026-06-24 02:11:45.400 9 INFO neutron.wsgi [None req-40c97705-44b3-4072-a162-c848b19755a1 5440c7e082af4426820e68948a36742d b74790834fb2458bb4c126a57cd80e3e - - default default] 10.0.0.146 "GET /v2.0/ports/4273bc52-8825-442a-80cf-8cca78439dd9/tags/red HTTP/1.1" status: 204 len: 168 time: 0.0374351
2026-06-24 02:11:45.416 10 INFO neutron.wsgi [None req-b81f2a61-b631-434b-a8c4-6255ab441bd2 8c8d4a7d2dba4706a53f97c33505a165 468bd192add94a38a802f600ae2ed963 - - default default] 10.0.0.146 "POST /v2.0/subnets HTTP/1.1" status: 201 len: 832 time: 0.9573791
2026-06-24 02:11:45.442 10 INFO neutron.api.v2.resource [None req-c7943031-f19e-414b-a543-9384e9bd5861 5440c7e082af4426820e68948a36742d b74790834fb2458bb4c126a57cd80e3e - - default default] show failed (client error): The resource could not be found.
2026-06-24 02:11:45.444 10 INFO neutron.wsgi [None req-c7943031-f19e-414b-a543-9384e9bd5861 5440c7e082af4426820e68948a36742d b74790834fb2458bb4c126a57cd80e3e - - default default] 10.0.0.146 "GET /v2.0/ports/4273bc52-8825-442a-80cf-8cca78439dd9/tags/green HTTP/1.1" status: 404 len: 299 time: 0.0380423
2026-06-24 02:11:45.501 10 INFO neutron.wsgi [None req-b268ddb3-3c93-471c-b723-55ee95188273 5440c7e082af4426820e68948a36742d b74790834fb2458bb4c126a57cd80e3e - - default default] 10.0.0.146 "DELETE /v2.0/ports/4273bc52-8825-442a-80cf-8cca78439dd9/tags/red HTTP/1.1" status: 204 len: 168 time: 0.0489180
2026-06-24 02:11:45.539 10 INFO neutron.wsgi [None req-72a409da-1167-4a3a-a2ff-88c8d289b502 5440c7e082af4426820e68948a36742d b74790834fb2458bb4c126a57cd80e3e - - default default] 10.0.0.146 "GET /v2.0/ports/4273bc52-8825-442a-80cf-8cca78439dd9/tags HTTP/1.1" status: 200 len: 223 time: 0.0328553
2026-06-24 02:11:45.581 10 INFO neutron.api.v2.resource [None req-ed15f49b-7f38-4833-8319-828322f73ddb 5440c7e082af4426820e68948a36742d b74790834fb2458bb4c126a57cd80e3e - - default default] delete failed (client error): The resource could not be found.
2026-06-24 02:11:45.583 10 INFO neutron.wsgi [None req-ed15f49b-7f38-4833-8319-828322f73ddb 5440c7e082af4426820e68948a36742d b74790834fb2458bb4c126a57cd80e3e - - default default] 10.0.0.146 "DELETE /v2.0/ports/4273bc52-8825-442a-80cf-8cca78439dd9/tags/green HTTP/1.1" status: 404 len: 299 time: 0.0375311
2026-06-24 02:11:45.655 10 INFO neutron.wsgi [None req-06742274-557f-49e2-85ed-f746a71d4bda 5440c7e082af4426820e68948a36742d b74790834fb2458bb4c126a57cd80e3e - - default default] 10.0.0.146 "DELETE /v2.0/ports/4273bc52-8825-442a-80cf-8cca78439dd9/tags HTTP/1.1" status: 204 len: 168 time: 0.0647676
2026-06-24 02:11:45.702 10 INFO neutron.wsgi [None req-f6693162-f006-4cd3-884e-d6f87a1dde59 5440c7e082af4426820e68948a36742d b74790834fb2458bb4c126a57cd80e3e - - default default] 10.0.0.146 "GET /v2.0/ports/4273bc52-8825-442a-80cf-8cca78439dd9/tags HTTP/1.1" status: 200 len: 205 time: 0.0411837
2026-06-24 02:11:45.809 9 INFO neutron.db.ovn_revision_numbers_db [None req-df04184a-646e-4bae-b1c1-a754bcdf5ac5 - - - - - -] Successfully bumped revision number for resource 12692776-9928-4724-a49e-8563633e4927 (type: ports) to 4
2026-06-24 02:11:45.978 10 INFO neutron.wsgi [None req-f5f28b45-ff15-49fb-a85d-07e806af3239 5440c7e082af4426820e68948a36742d b74790834fb2458bb4c126a57cd80e3e - - default default] 10.0.0.146 "DELETE /v2.0/ports/4273bc52-8825-442a-80cf-8cca78439dd9 HTTP/1.1" status: 204 len: 168 time: 0.2693200
2026-06-24 02:11:46.106 9 INFO neutron.db.ovn_revision_numbers_db [None req-df04184a-646e-4bae-b1c1-a754bcdf5ac5 - - - - - -] Successfully bumped revision number for resource 12692776-9928-4724-a49e-8563633e4927 (type: router_ports) to 4
2026-06-24 02:11:46.416 10 INFO neutron.services.segments.plugin [-] Segment a990ce1c-6412-44df-8b62-a8f97a9c789e resource provider aggregate not found
2026-06-24 02:11:46.424 10 INFO neutron.services.segments.plugin [-] Segment a990ce1c-6412-44df-8b62-a8f97a9c789e resource provider aggregate not found
2026-06-24 02:11:46.441 10 INFO neutron.services.segments.plugin [-] Segment a990ce1c-6412-44df-8b62-a8f97a9c789e resource provider not found; error: Placement Client Error (4xx): {"errors": [{"status": 404, "title": "Not Found", "detail": "The resource could not be found.\n\n No resource provider with uuid a990ce1c-6412-44df-8b62-a8f97a9c789e found for delete ", "request_id": "req-0799e462-635a-4a66-97c6-9ecf8dfbeeb1"}]}
2026-06-24 02:11:46.452 10 INFO neutron.services.segments.plugin [-] Segment a990ce1c-6412-44df-8b62-a8f97a9c789e resource provider not found; error: Placement Client Error (4xx): {"errors": [{"status": 404, "title": "Not Found", "detail": "The resource could not be found.\n\n No resource provider with uuid a990ce1c-6412-44df-8b62-a8f97a9c789e found for delete ", "request_id": "req-9d6c8704-4322-4f29-a208-7b80fa6f38b7"}]}
2026-06-24 02:11:46.489 10 INFO neutron.wsgi [None req-a9179007-2be3-4476-816a-6f393e03db4d 5440c7e082af4426820e68948a36742d b74790834fb2458bb4c126a57cd80e3e - - default default] 10.0.0.146 "DELETE /v2.0/networks/8393644d-2889-4888-a801-764ba61863ce HTTP/1.1" status: 204 len: 168 time: 0.5046294
2026-06-24 02:11:46.496 9 WARNING neutron.scheduler.dhcp_agent_scheduler [None req-e0e190c4-7485-466f-972d-fb9279844747 8c8d4a7d2dba4706a53f97c33505a165 468bd192add94a38a802f600ae2ed963 - - default default] No more DHCP agents
2026-06-24 02:11:46.497 9 WARNING neutron.api.rpc.agentnotifiers.dhcp_rpc_agent_api [None req-e0e190c4-7485-466f-972d-fb9279844747 8c8d4a7d2dba4706a53f97c33505a165 468bd192add94a38a802f600ae2ed963 - - default default] Unable to schedule network a2e56009-7606-487e-be0b-e552301cfd9e: no agents available; will retry on subsequent port and subnet creation events.
