2026-06-24 02:12:14.602 9 INFO neutron.wsgi [req-816e1b90-6268-420a-8e48-51e48547475d req-2018e7c4-87d9-4816-8179-faba072a4f14 97fc5452f77d43fb9673c5f30d93091f de4366fd81b74c29b0add481c92be91c - - b3e860232bd54d29b059f60035ec0e3d b3e860232bd54d29b059f60035ec0e3d] 199.204.45.162 "GET /v2.0/ports?network_id=a2e56009-7606-487e-be0b-e552301cfd9e&device_owner=network%3Adhcp HTTP/1.1" status: 200 len: 210 time: 0.0228860
2026-06-24 02:12:14.615 9 INFO neutron.db.ovn_revision_numbers_db [None req-6a40ee84-e01f-414b-9ecf-f11a7bed186a a24861d46242441ab46d0ebd120db796 4145243cb21a40398cc51ef29dfbdc09 - - default default] Successfully bumped revision number for resource 0ad7926c-a459-46a1-a03e-e51100b2f8f1 (type: security_groups) to 1
2026-06-24 02:12:14.648 9 INFO neutron.db.ovn_revision_numbers_db [None req-6a40ee84-e01f-414b-9ecf-f11a7bed186a a24861d46242441ab46d0ebd120db796 4145243cb21a40398cc51ef29dfbdc09 - - default default] Successfully bumped revision number for resource 1b4d6a26-cf71-4124-abba-4dcfa2e59e5a (type: security_group_rules) to 0
2026-06-24 02:12:14.668 9 INFO neutron.db.ovn_revision_numbers_db [None req-6a40ee84-e01f-414b-9ecf-f11a7bed186a a24861d46242441ab46d0ebd120db796 4145243cb21a40398cc51ef29dfbdc09 - - default default] Successfully bumped revision number for resource 1d5fa5d4-97a8-414f-bc75-1fe00606d1ed (type: security_group_rules) to 0
2026-06-24 02:12:14.674 9 INFO neutron.wsgi [req-816e1b90-6268-420a-8e48-51e48547475d req-0cf5feac-b34a-4218-bd43-c86b1be6cc56 97fc5452f77d43fb9673c5f30d93091f de4366fd81b74c29b0add481c92be91c - - b3e860232bd54d29b059f60035ec0e3d b3e860232bd54d29b059f60035ec0e3d] 199.204.45.162 "GET /v2.0/networks/a2e56009-7606-487e-be0b-e552301cfd9e?fields=segments HTTP/1.1" status: 200 len: 212 time: 0.0656865
2026-06-24 02:12:14.704 9 INFO neutron.db.ovn_revision_numbers_db [None req-6a40ee84-e01f-414b-9ecf-f11a7bed186a a24861d46242441ab46d0ebd120db796 4145243cb21a40398cc51ef29dfbdc09 - - default default] Successfully bumped revision number for resource 60cb47ed-3a02-4ba5-a72d-c3e26cdeeea6 (type: security_group_rules) to 0
2026-06-24 02:12:14.740 9 INFO neutron.db.ovn_revision_numbers_db [None req-6a40ee84-e01f-414b-9ecf-f11a7bed186a a24861d46242441ab46d0ebd120db796 4145243cb21a40398cc51ef29dfbdc09 - - default default] Successfully bumped revision number for resource cb70cd7a-434d-4ad7-856d-489030dd3149 (type: security_group_rules) to 0
2026-06-24 02:12:14.773 9 INFO neutron.wsgi [req-816e1b90-6268-420a-8e48-51e48547475d req-1704743b-cdfc-4a36-b5d9-9d14369d7ab6 97fc5452f77d43fb9673c5f30d93091f de4366fd81b74c29b0add481c92be91c - - b3e860232bd54d29b059f60035ec0e3d b3e860232bd54d29b059f60035ec0e3d] 199.204.45.162 "GET /v2.0/networks/a2e56009-7606-487e-be0b-e552301cfd9e?fields=provider%3Aphysical_network&fields=provider%3Anetwork_type HTTP/1.1" status: 200 len: 277 time: 0.0909469
2026-06-24 02:12:14.775 9 INFO neutron.wsgi [None req-6a40ee84-e01f-414b-9ecf-f11a7bed186a a24861d46242441ab46d0ebd120db796 4145243cb21a40398cc51ef29dfbdc09 - - default default] 10.0.0.146 "GET /v2.0/security-groups?tenant_id=f9d4aa6fa0fe4e44a192401fea78e516&name=default HTTP/1.1" status: 200 len: 2999 time: 0.3224549
2026-06-24 02:12:14.869 9 INFO neutron.wsgi [req-205fe449-7071-4f6b-b501-dce39e1752fd req-52d3b8ee-d1ec-4e6c-9c3f-4c587f42ce1f 97fc5452f77d43fb9673c5f30d93091f de4366fd81b74c29b0add481c92be91c - - b3e860232bd54d29b059f60035ec0e3d b3e860232bd54d29b059f60035ec0e3d] 199.204.45.162 "GET /v2.0/ports?tenant_id=468bd192add94a38a802f600ae2ed963&device_id=280aee57-5925-4243-86ea-659fe651f3f1 HTTP/1.1" status: 200 len: 1409 time: 0.0414281
2026-06-24 02:12:14.935 9 INFO neutron.wsgi [req-205fe449-7071-4f6b-b501-dce39e1752fd req-53aa5ddd-6857-49d6-bdb9-23af0a8968a8 97fc5452f77d43fb9673c5f30d93091f de4366fd81b74c29b0add481c92be91c - - b3e860232bd54d29b059f60035ec0e3d b3e860232bd54d29b059f60035ec0e3d] 199.204.45.162 "GET /v2.0/networks?id=a2e56009-7606-487e-be0b-e552301cfd9e HTTP/1.1" status: 200 len: 958 time: 0.0606687
2026-06-24 02:12:14.967 9 INFO neutron.wsgi [req-205fe449-7071-4f6b-b501-dce39e1752fd req-ad4b6c8c-cd41-4f97-a71e-27efdb3c7da8 97fc5452f77d43fb9673c5f30d93091f de4366fd81b74c29b0add481c92be91c - - b3e860232bd54d29b059f60035ec0e3d b3e860232bd54d29b059f60035ec0e3d] 199.204.45.162 "GET /v2.0/floatingips?fixed_ip_address=10.100.0.6&port_id=6e573107-c558-4009-afb6-7f0354e820a2 HTTP/1.1" status: 200 len: 217 time: 0.0256095
2026-06-24 02:12:15.007 10 INFO neutron.wsgi [None req-5eb774f8-ba76-4ad6-a6fd-a2b33bec9b8f a24861d46242441ab46d0ebd120db796 4145243cb21a40398cc51ef29dfbdc09 - - default default] 10.0.0.146 "DELETE /v2.0/security-groups/0ad7926c-a459-46a1-a03e-e51100b2f8f1 HTTP/1.1" status: 204 len: 168 time: 0.2220016
2026-06-24 02:12:15.008 9 INFO neutron.wsgi [req-205fe449-7071-4f6b-b501-dce39e1752fd req-08834806-745c-4e75-8304-140e3c5e7a8a 97fc5452f77d43fb9673c5f30d93091f de4366fd81b74c29b0add481c92be91c - - b3e860232bd54d29b059f60035ec0e3d b3e860232bd54d29b059f60035ec0e3d] 199.204.45.162 "GET /v2.0/subnets?id=61f3b533-abd1-446c-a0d6-f22ce5782a90 HTTP/1.1" status: 200 len: 853 time: 0.0332658
2026-06-24 02:12:15.034 9 INFO neutron.wsgi [req-205fe449-7071-4f6b-b501-dce39e1752fd req-3f84f60c-4ee3-4c6f-914a-f7f6e8132571 97fc5452f77d43fb9673c5f30d93091f de4366fd81b74c29b0add481c92be91c - - b3e860232bd54d29b059f60035ec0e3d b3e860232bd54d29b059f60035ec0e3d] 199.204.45.162 "GET /v2.0/ports?network_id=a2e56009-7606-487e-be0b-e552301cfd9e&device_owner=network%3Adhcp HTTP/1.1" status: 200 len: 210 time: 0.0207686
2026-06-24 02:12:15.096 9 INFO neutron.wsgi [req-205fe449-7071-4f6b-b501-dce39e1752fd req-440934be-014b-4e78-b9e7-1754f163904a 97fc5452f77d43fb9673c5f30d93091f de4366fd81b74c29b0add481c92be91c - - b3e860232bd54d29b059f60035ec0e3d b3e860232bd54d29b059f60035ec0e3d] 199.204.45.162 "GET /v2.0/networks/a2e56009-7606-487e-be0b-e552301cfd9e?fields=segments HTTP/1.1" status: 200 len: 212 time: 0.0557511
2026-06-24 02:12:15.171 9 INFO neutron.wsgi [req-205fe449-7071-4f6b-b501-dce39e1752fd req-85833379-dbff-41e3-8594-60b1f1061bf9 97fc5452f77d43fb9673c5f30d93091f de4366fd81b74c29b0add481c92be91c - - b3e860232bd54d29b059f60035ec0e3d b3e860232bd54d29b059f60035ec0e3d] 199.204.45.162 "GET /v2.0/networks/a2e56009-7606-487e-be0b-e552301cfd9e?fields=provider%3Aphysical_network&fields=provider%3Anetwork_type HTTP/1.1" status: 200 len: 277 time: 0.0679858
2026-06-24 02:12:15.546 9 INFO neutron.db.ovn_revision_numbers_db [None req-6dceb76d-7280-41ff-954d-c148b9e963f4 8c8d4a7d2dba4706a53f97c33505a165 468bd192add94a38a802f600ae2ed963 - - default default] Successfully bumped revision number for resource c968a378-067a-4a35-85d5-8f8d58f4802b (type: security_groups) to 1
2026-06-24 02:12:15.564 9 INFO neutron.db.ovn_revision_numbers_db [None req-6dceb76d-7280-41ff-954d-c148b9e963f4 8c8d4a7d2dba4706a53f97c33505a165 468bd192add94a38a802f600ae2ed963 - - default default] Successfully bumped revision number for resource 437bab59-b32d-41fc-ace8-32ddfa567c2d (type: security_group_rules) to 0
2026-06-24 02:12:15.578 9 INFO neutron.db.ovn_revision_numbers_db [None req-6dceb76d-7280-41ff-954d-c148b9e963f4 8c8d4a7d2dba4706a53f97c33505a165 468bd192add94a38a802f600ae2ed963 - - default default] Successfully bumped revision number for resource 985f3778-5482-4675-a94d-6041f5003a55 (type: security_group_rules) to 0
2026-06-24 02:12:15.595 9 INFO neutron.wsgi [None req-6dceb76d-7280-41ff-954d-c148b9e963f4 8c8d4a7d2dba4706a53f97c33505a165 468bd192add94a38a802f600ae2ed963 - - default default] 10.0.0.146 "POST /v2.0/security-groups HTTP/1.1" status: 201 len: 1813 time: 0.1823158
2026-06-24 02:12:15.752 10 INFO neutron.db.ovn_revision_numbers_db [None req-8cbcf91e-a770-4ed1-abeb-db50d795d6a3 8c8d4a7d2dba4706a53f97c33505a165 468bd192add94a38a802f600ae2ed963 - - default default] Successfully bumped revision number for resource 31245826-6768-4963-8214-ff92da2b436a (type: security_group_rules) to 0
2026-06-24 02:12:15.788 10 INFO neutron.wsgi [None req-8cbcf91e-a770-4ed1-abeb-db50d795d6a3 8c8d4a7d2dba4706a53f97c33505a165 468bd192add94a38a802f600ae2ed963 - - default default] 10.0.0.146 "POST /v2.0/security-group-rules HTTP/1.1" status: 201 len: 764 time: 0.1869950
2026-06-24 02:12:15.896 10 INFO neutron.wsgi [None req-40fdc304-c071-44e0-ba88-403ded5cff22 a24861d46242441ab46d0ebd120db796 4145243cb21a40398cc51ef29dfbdc09 - - default default] 10.0.0.105 "GET /v2.0/subnets HTTP/1.1" status: 200 len: 2078 time: 0.1909719
2026-06-24 02:12:15.931 10 INFO neutron.wsgi [None req-0cce6ff5-1519-4905-998a-fa9e8de1081b a24861d46242441ab46d0ebd120db796 4145243cb21a40398cc51ef29dfbdc09 - - default default] 10.0.0.105 "GET /v2.0/agents HTTP/1.1" status: 200 len: 997 time: 0.0325832
2026-06-24 02:12:15.977 10 INFO neutron.wsgi [None req-998f37c0-9b22-410e-a09b-4ca297d06306 a24861d46242441ab46d0ebd120db796 4145243cb21a40398cc51ef29dfbdc09 - - default default] 10.0.0.105 "GET /v2.0/floatingips HTTP/1.1" status: 200 len: 730 time: 0.0396404
2026-06-24 02:12:16.060 10 INFO neutron.wsgi [None req-9568b46b-5c2c-4c03-b287-515bea85fdb4 a24861d46242441ab46d0ebd120db796 4145243cb21a40398cc51ef29dfbdc09 - - default default] 10.0.0.105 "GET /v2.0/routers HTTP/1.1" status: 200 len: 860 time: 0.0819204
2026-06-24 02:12:16.061 10 INFO neutron.db.ovn_revision_numbers_db [None req-a5511898-2a2b-417e-9a6b-251fc20ec4a1 8c8d4a7d2dba4706a53f97c33505a165 468bd192add94a38a802f600ae2ed963 - - default default] Successfully bumped revision number for resource 1acf5676-8d6d-4056-9c7d-691e61f7cde4 (type: security_group_rules) to 0
2026-06-24 02:12:16.080 10 INFO neutron.wsgi [None req-a546bf5b-3662-4794-81ae-cdeaed1e8dc2 a24861d46242441ab46d0ebd120db796 4145243cb21a40398cc51ef29dfbdc09 - - default default] 10.0.0.105 "GET /v2.0/agents?binary=ovn-controller HTTP/1.1" status: 200 len: 591 time: 0.0171893
2026-06-24 02:12:16.119 10 INFO neutron.wsgi [None req-a5511898-2a2b-417e-9a6b-251fc20ec4a1 8c8d4a7d2dba4706a53f97c33505a165 468bd192add94a38a802f600ae2ed963 - - default default] 10.0.0.146 "POST /v2.0/security-group-rules HTTP/1.1" status: 201 len: 763 time: 0.3253546
2026-06-24 02:12:16.130 10 INFO neutron.wsgi [None req-c841cfb7-2b27-4d21-83f9-242cd1de8c01 a24861d46242441ab46d0ebd120db796 4145243cb21a40398cc51ef29dfbdc09 - - default default] 10.0.0.105 "GET /v2.0/subnets HTTP/1.1" status: 200 len: 2078 time: 0.0478010
2026-06-24 02:12:16.143 10 INFO neutron.wsgi [None req-bc3d51fd-1b4e-4f18-bd73-e52c3767f4ba a24861d46242441ab46d0ebd120db796 4145243cb21a40398cc51ef29dfbdc09 - - default default] 10.0.0.105 "GET /v2.0/subnetpools HTTP/1.1" status: 200 len: 193 time: 0.0113010
2026-06-24 02:12:16.229 10 INFO neutron.wsgi [None req-06f1229d-2c29-4aa4-bc0e-271c4d43fde7 a24861d46242441ab46d0ebd120db796 4145243cb21a40398cc51ef29dfbdc09 - - default default] 10.0.0.105 "GET /v2.0/security-groups HTTP/1.1" status: 200 len: 27431 time: 0.0846853
2026-06-24 02:12:16.281 10 INFO neutron.wsgi [None req-5544d7a4-ec8d-4da0-accc-cfbab27f3770 a24861d46242441ab46d0ebd120db796 4145243cb21a40398cc51ef29dfbdc09 - - default default] 10.0.0.105 "GET /v2.0/ports HTTP/1.1" status: 200 len: 10769 time: 0.0413933
2026-06-24 02:12:16.288 9 INFO neutron.db.ovn_revision_numbers_db [None req-fffc5ffe-e41d-4865-9158-be5b176f53de 8c8d4a7d2dba4706a53f97c33505a165 468bd192add94a38a802f600ae2ed963 - - default default] Successfully bumped revision number for resource ade0af55-1363-4bac-ba10-dca1874c63f4 (type: security_group_rules) to 0
2026-06-24 02:12:16.299 10 INFO neutron.wsgi [None req-9ce82bf6-f422-49b5-99b1-2ca055954236 a24861d46242441ab46d0ebd120db796 4145243cb21a40398cc51ef29dfbdc09 - - default default] 10.0.0.105 "GET /v2.0/network-ip-availabilities HTTP/1.1" status: 200 len: 1726 time: 0.0111151
2026-06-24 02:12:16.316 9 INFO neutron.wsgi [None req-fffc5ffe-e41d-4865-9158-be5b176f53de 8c8d4a7d2dba4706a53f97c33505a165 468bd192add94a38a802f600ae2ed963 - - default default] 10.0.0.146 "POST /v2.0/security-group-rules HTTP/1.1" status: 201 len: 769 time: 0.1906564
2026-06-24 02:12:16.356 10 INFO neutron.wsgi [None req-298941d9-a122-479b-ae4f-e32ca91cf58e a24861d46242441ab46d0ebd120db796 4145243cb21a40398cc51ef29dfbdc09 - - default default] 10.0.0.105 "GET /v2.0/networks HTTP/1.1" status: 200 len: 3095 time: 0.0553038
2026-06-24 02:12:16.435 9 INFO neutron.db.ovn_revision_numbers_db [None req-4cffe260-ea52-45e8-9511-f00c7ba65e62 8c8d4a7d2dba4706a53f97c33505a165 468bd192add94a38a802f600ae2ed963 - - default default] Successfully bumped revision number for resource 7c240e97-3303-4f4a-b50d-acec72b20597 (type: security_group_rules) to 0
2026-06-24 02:12:16.458 9 INFO neutron.wsgi [None req-4cffe260-ea52-45e8-9511-f00c7ba65e62 8c8d4a7d2dba4706a53f97c33505a165 468bd192add94a38a802f600ae2ed963 - - default default] 10.0.0.146 "POST /v2.0/security-group-rules HTTP/1.1" status: 201 len: 768 time: 0.1374488
2026-06-24 02:12:16.484 9 INFO neutron.db.securitygroups_db [None req-106ac6fc-45c7-4929-9272-e494764ba207 8c8d4a7d2dba4706a53f97c33505a165 468bd192add94a38a802f600ae2ed963 - - default default] Project 468bd192add94a38a802f600ae2ed963 added a security group rule with legacy IPv6 ICMP protocol name icmp, ipv6-icmp should be used instead. It was automatically converted.
2026-06-24 02:12:16.580 9 INFO neutron.db.ovn_revision_numbers_db [None req-106ac6fc-45c7-4929-9272-e494764ba207 8c8d4a7d2dba4706a53f97c33505a165 468bd192add94a38a802f600ae2ed963 - - default default] Successfully bumped revision number for resource 0eca69a2-b292-4a0a-8651-e262ee4c3e0b (type: security_group_rules) to 0
2026-06-24 02:12:16.603 9 INFO neutron.wsgi [None req-106ac6fc-45c7-4929-9272-e494764ba207 8c8d4a7d2dba4706a53f97c33505a165 468bd192add94a38a802f600ae2ed963 - - default default] 10.0.0.146 "POST /v2.0/security-group-rules HTTP/1.1" status: 201 len: 774 time: 0.1377418
2026-06-24 02:12:16.646 9 INFO neutron.db.securitygroups_db [None req-987516ff-f05a-437c-b5f3-afaebd3f65f4 8c8d4a7d2dba4706a53f97c33505a165 468bd192add94a38a802f600ae2ed963 - - default default] Project 468bd192add94a38a802f600ae2ed963 added a security group rule with legacy IPv6 ICMP protocol name icmp, ipv6-icmp should be used instead. It was automatically converted.
2026-06-24 02:12:16.785 9 INFO neutron.db.ovn_revision_numbers_db [None req-987516ff-f05a-437c-b5f3-afaebd3f65f4 8c8d4a7d2dba4706a53f97c33505a165 468bd192add94a38a802f600ae2ed963 - - default default] Successfully bumped revision number for resource 783ca2c1-7a2c-4d3d-b32c-61440b0dab17 (type: security_group_rules) to 0
2026-06-24 02:12:16.815 9 INFO neutron.wsgi [None req-987516ff-f05a-437c-b5f3-afaebd3f65f4 8c8d4a7d2dba4706a53f97c33505a165 468bd192add94a38a802f600ae2ed963 - - default default] 10.0.0.146 "POST /v2.0/security-group-rules HTTP/1.1" status: 201 len: 773 time: 0.2016089
2026-06-24 02:12:17.441 10 INFO neutron.wsgi [None req-ab2c6fe4-c922-4c13-9380-313d3305e8de 8c8d4a7d2dba4706a53f97c33505a165 468bd192add94a38a802f600ae2ed963 - - default default] 10.0.0.146 "GET /v2.0/networks HTTP/1.1" status: 200 len: 1492 time: 0.2601051
2026-06-24 02:12:17.561 9 INFO neutron.wsgi [req-7f314fb3-6657-405a-b5fb-f4d1de925ba6 req-a24a2d2a-1bd1-4ae1-8cdb-66f5a5a8d9ab 8c8d4a7d2dba4706a53f97c33505a165 468bd192add94a38a802f600ae2ed963 - - default default] 10.0.0.190 "GET /v2.0/security-groups?name=tempest-secgroup-smoke-1218744687&fields=id&tenant_id=468bd192add94a38a802f600ae2ed963 HTTP/1.1" status: 200 len: 267 time: 0.0393186
2026-06-24 02:12:17.648 9 INFO neutron.wsgi [req-7f314fb3-6657-405a-b5fb-f4d1de925ba6 req-396f650c-cda3-4a25-894c-f9b24414d5c2 8c8d4a7d2dba4706a53f97c33505a165 468bd192add94a38a802f600ae2ed963 - - default default] 10.0.0.190 "GET /v2.0/networks?id=a2e56009-7606-487e-be0b-e552301cfd9e HTTP/1.1" status: 200 len: 859 time: 0.0806179
2026-06-24 02:12:17.672 9 INFO neutron.wsgi [req-7f314fb3-6657-405a-b5fb-f4d1de925ba6 req-3ddfb860-4d8e-4eea-9d30-bed50f763e09 8c8d4a7d2dba4706a53f97c33505a165 468bd192add94a38a802f600ae2ed963 - - default default] 10.0.0.190 "GET /v2.0/quotas/468bd192add94a38a802f600ae2ed963 HTTP/1.1" status: 200 len: 386 time: 0.0141389
2026-06-24 02:12:17.770 9 INFO neutron.wsgi [req-7f314fb3-6657-405a-b5fb-f4d1de925ba6 req-e276887b-7d66-4db3-9197-2ae2b06afbeb 8c8d4a7d2dba4706a53f97c33505a165 468bd192add94a38a802f600ae2ed963 - - default default] 10.0.0.190 "GET /v2.0/ports?tenant_id=468bd192add94a38a802f600ae2ed963&fields=id HTTP/1.1" status: 200 len: 348 time: 0.0931265
2026-06-24 02:12:17.842 9 INFO neutron.wsgi [req-7f314fb3-6657-405a-b5fb-f4d1de925ba6 req-8d60a311-e9ce-43d1-95a2-7bf7b1596e2e 97fc5452f77d43fb9673c5f30d93091f de4366fd81b74c29b0add481c92be91c - - b3e860232bd54d29b059f60035ec0e3d b3e860232bd54d29b059f60035ec0e3d] 10.0.0.190 "GET /v2.0/networks/a2e56009-7606-487e-be0b-e552301cfd9e?fields=segments HTTP/1.1" status: 200 len: 212 time: 0.0559866
2026-06-24 02:12:17.896 9 INFO neutron.wsgi [req-7f314fb3-6657-405a-b5fb-f4d1de925ba6 req-2e3ea2bb-14cb-4188-81a6-3400081b19c1 97fc5452f77d43fb9673c5f30d93091f de4366fd81b74c29b0add481c92be91c - - b3e860232bd54d29b059f60035ec0e3d b3e860232bd54d29b059f60035ec0e3d] 10.0.0.190 "GET /v2.0/networks/a2e56009-7606-487e-be0b-e552301cfd9e?fields=provider%3Aphysical_network&fields=provider%3Anetwork_type HTTP/1.1" status: 200 len: 277 time: 0.0471320
2026-06-24 02:12:18.045 9 INFO neutron.wsgi [req-062d6568-5544-4b07-a108-cd85b40e4356 req-16411460-669d-4986-b815-13f4aed57859 8c8d4a7d2dba4706a53f97c33505a165 468bd192add94a38a802f600ae2ed963 - - default default] 10.0.0.190 "GET /v2.0/ports?device_id=9174416e-1137-4500-8714-4062b56e611a HTTP/1.1" status: 200 len: 210 time: 0.0281556
2026-06-24 02:12:18.535 10 INFO neutron.wsgi [None req-8583d88a-713d-413d-a6e0-71009f6b1606 48754ff386f64f9793a953552388fb2f d90ed7c2ae914f9fb264e40e7dc83809 - - default default] 10.0.0.146 "POST /v2.0/subnetpools HTTP/1.1" status: 201 len: 715 time: 0.2654960
2026-06-24 02:12:18.580 10 INFO neutron.wsgi [None req-5c2cd598-f1af-4e44-b3eb-34e64e457250 48754ff386f64f9793a953552388fb2f d90ed7c2ae914f9fb264e40e7dc83809 - - default default] 10.0.0.146 "PUT /v2.0/subnetpools/f60eddcb-57a2-434e-be8d-412bcf86a09f/tags HTTP/1.1" status: 200 len: 218 time: 0.0381875
2026-06-24 02:12:18.606 10 INFO neutron.wsgi [None req-85b116aa-44d6-4371-8c8e-10060fd7d852 48754ff386f64f9793a953552388fb2f d90ed7c2ae914f9fb264e40e7dc83809 - - default default] 10.0.0.146 "GET /v2.0/subnetpools/f60eddcb-57a2-434e-be8d-412bcf86a09f/tags HTTP/1.1" status: 200 len: 218 time: 0.0207918
2026-06-24 02:12:18.661 10 INFO neutron.wsgi [None req-35767289-9f8a-4210-97ae-30201cf0870b 48754ff386f64f9793a953552388fb2f d90ed7c2ae914f9fb264e40e7dc83809 - - default default] 10.0.0.146 "PUT /v2.0/subnetpools/f60eddcb-57a2-434e-be8d-412bcf86a09f/tags/green HTTP/1.1" status: 201 len: 201 time: 0.0505035
2026-06-24 02:12:18.700 10 INFO neutron.wsgi [None req-f5f949db-2212-4321-bdae-0bf7c7387b97 48754ff386f64f9793a953552388fb2f d90ed7c2ae914f9fb264e40e7dc83809 - - default default] 10.0.0.146 "GET /v2.0/subnetpools/f60eddcb-57a2-434e-be8d-412bcf86a09f/tags HTTP/1.1" status: 200 len: 227 time: 0.0317235
2026-06-24 02:12:18.740 10 INFO neutron.wsgi [None req-ea3f24b2-e6b6-46d2-9dd8-97966fff783d 48754ff386f64f9793a953552388fb2f d90ed7c2ae914f9fb264e40e7dc83809 - - default default] 10.0.0.146 "PUT /v2.0/subnetpools/f60eddcb-57a2-434e-be8d-412bcf86a09f/tags/red HTTP/1.1" status: 201 len: 201 time: 0.0348885
2026-06-24 02:12:18.767 10 INFO neutron.wsgi [None req-39d29202-cbda-4525-8a32-05220c7a288c 48754ff386f64f9793a953552388fb2f d90ed7c2ae914f9fb264e40e7dc83809 - - default default] 10.0.0.146 "GET /v2.0/subnetpools/f60eddcb-57a2-434e-be8d-412bcf86a09f/tags HTTP/1.1" status: 200 len: 227 time: 0.0191445
2026-06-24 02:12:18.820 10 INFO neutron.wsgi [None req-81782508-6148-4ec3-90dd-a066e868119e 48754ff386f64f9793a953552388fb2f d90ed7c2ae914f9fb264e40e7dc83809 - - default default] 10.0.0.146 "PUT /v2.0/subnetpools/f60eddcb-57a2-434e-be8d-412bcf86a09f/tags/black.or.white HTTP/1.1" status: 201 len: 201 time: 0.0469925
2026-06-24 02:12:18.850 9 INFO neutron.wsgi [req-7f314fb3-6657-405a-b5fb-f4d1de925ba6 req-d149b6f2-4ee4-46fe-b4d4-3c99ecc43c2e 8c8d4a7d2dba4706a53f97c33505a165 468bd192add94a38a802f600ae2ed963 - - default default] 199.204.45.162 "GET /v2.0/networks?id=a2e56009-7606-487e-be0b-e552301cfd9e HTTP/1.1" status: 200 len: 859 time: 0.1066005
2026-06-24 02:12:18.856 10 INFO neutron.wsgi [None req-8cca7d28-b533-432d-9c1f-ad2d45b78afc 48754ff386f64f9793a953552388fb2f d90ed7c2ae914f9fb264e40e7dc83809 - - default default] 10.0.0.146 "GET /v2.0/subnetpools/f60eddcb-57a2-434e-be8d-412bcf86a09f/tags HTTP/1.1" status: 200 len: 245 time: 0.0304844
2026-06-24 02:12:18.898 10 INFO neutron.wsgi [None req-40b58013-ffd8-4cc2-a163-02e8755fc90f 48754ff386f64f9793a953552388fb2f d90ed7c2ae914f9fb264e40e7dc83809 - - default default] 10.0.0.146 "PUT /v2.0/subnetpools/f60eddcb-57a2-434e-be8d-412bcf86a09f/tags HTTP/1.1" status: 200 len: 230 time: 0.0345619
2026-06-24 02:12:18.921 9 INFO neutron.wsgi [req-7f314fb3-6657-405a-b5fb-f4d1de925ba6 req-e7dc8872-9b1b-4124-b844-99cb2d823cae 8c8d4a7d2dba4706a53f97c33505a165 468bd192add94a38a802f600ae2ed963 - - default default] 199.204.45.162 "GET /v2.0/security-groups?fields=id&fields=name&tenant_id=468bd192add94a38a802f600ae2ed963 HTTP/1.1" status: 200 len: 473 time: 0.0509758
2026-06-24 02:12:18.928 10 INFO neutron.wsgi [None req-2ceec454-4ddc-4afb-ac03-1ab6c7fc1dda 48754ff386f64f9793a953552388fb2f d90ed7c2ae914f9fb264e40e7dc83809 - - default default] 10.0.0.146 "GET /v2.0/subnetpools/f60eddcb-57a2-434e-be8d-412bcf86a09f/tags HTTP/1.1" status: 200 len: 230 time: 0.0251961
2026-06-24 02:12:18.953 10 INFO neutron.wsgi [None req-25004ab0-57ce-4731-bac6-02d928814ecd 48754ff386f64f9793a953552388fb2f d90ed7c2ae914f9fb264e40e7dc83809 - - default default] 10.0.0.146 "GET /v2.0/subnetpools/f60eddcb-57a2-434e-be8d-412bcf86a09f/tags/red HTTP/1.1" status: 204 len: 168 time: 0.0191009
2026-06-24 02:12:19.020 9 INFO neutron.api.v2.resource [None req-97643ed7-7430-4aa4-af34-34a9b7665086 48754ff386f64f9793a953552388fb2f d90ed7c2ae914f9fb264e40e7dc83809 - - default default] show failed (client error): The resource could not be found.
2026-06-24 02:12:19.022 9 INFO neutron.wsgi [None req-97643ed7-7430-4aa4-af34-34a9b7665086 48754ff386f64f9793a953552388fb2f d90ed7c2ae914f9fb264e40e7dc83809 - - default default] 10.0.0.146 "GET /v2.0/subnetpools/f60eddcb-57a2-434e-be8d-412bcf86a09f/tags/green HTTP/1.1" status: 404 len: 299 time: 0.0639791
2026-06-24 02:12:19.098 10 INFO neutron.wsgi [None req-957aa1b5-82c5-4b40-953a-8a882496289f 48754ff386f64f9793a953552388fb2f d90ed7c2ae914f9fb264e40e7dc83809 - - default default] 10.0.0.146 "DELETE /v2.0/subnetpools/f60eddcb-57a2-434e-be8d-412bcf86a09f/tags/red HTTP/1.1" status: 204 len: 168 time: 0.0686815
2026-06-24 02:12:19.122 10 INFO neutron.wsgi [None req-1655d532-6f13-41f3-820e-15f547dcc78f 48754ff386f64f9793a953552388fb2f d90ed7c2ae914f9fb264e40e7dc83809 - - default default] 10.0.0.146 "GET /v2.0/subnetpools/f60eddcb-57a2-434e-be8d-412bcf86a09f/tags HTTP/1.1" status: 200 len: 223 time: 0.0196939
2026-06-24 02:12:19.149 10 INFO neutron.api.v2.resource [None req-43a082ce-c6aa-45bb-b77e-73eca69d4e6e 48754ff386f64f9793a953552388fb2f d90ed7c2ae914f9fb264e40e7dc83809 - - default default] delete failed (client error): The resource could not be found.
2026-06-24 02:12:19.151 10 INFO neutron.wsgi [None req-43a082ce-c6aa-45bb-b77e-73eca69d4e6e 48754ff386f64f9793a953552388fb2f d90ed7c2ae914f9fb264e40e7dc83809 - - default default] 10.0.0.146 "DELETE /v2.0/subnetpools/f60eddcb-57a2-434e-be8d-412bcf86a09f/tags/green HTTP/1.1" status: 404 len: 299 time: 0.0258379
2026-06-24 02:12:19.169 9 INFO neutron.wsgi [req-b3463b6f-c144-43e0-8974-47c66847b51f req-60116a5d-4434-43e5-a00a-81fa55617014 8c8d4a7d2dba4706a53f97c33505a165 468bd192add94a38a802f600ae2ed963 - - default default] 10.0.0.190 "GET /v2.0/ports?device_id=9174416e-1137-4500-8714-4062b56e611a HTTP/1.1" status: 200 len: 210 time: 0.0322080
2026-06-24 02:12:19.198 10 INFO neutron.wsgi [None req-fce3853a-b1e1-4a70-a4f0-fd15716d2002 48754ff386f64f9793a953552388fb2f d90ed7c2ae914f9fb264e40e7dc83809 - - default default] 10.0.0.146 "DELETE /v2.0/subnetpools/f60eddcb-57a2-434e-be8d-412bcf86a09f/tags HTTP/1.1" status: 204 len: 168 time: 0.0409102
2026-06-24 02:12:19.230 10 INFO neutron.wsgi [None req-15d5648c-6268-4c6f-a592-a46cdd23ac2e 48754ff386f64f9793a953552388fb2f d90ed7c2ae914f9fb264e40e7dc83809 - - default default] 10.0.0.146 "GET /v2.0/subnetpools/f60eddcb-57a2-434e-be8d-412bcf86a09f/tags HTTP/1.1" status: 200 len: 205 time: 0.0233643
2026-06-24 02:12:19.304 10 INFO neutron.wsgi [None req-44ac9a16-8f14-4fee-b5d4-e1ea33420754 48754ff386f64f9793a953552388fb2f d90ed7c2ae914f9fb264e40e7dc83809 - - default default] 10.0.0.146 "DELETE /v2.0/subnetpools/f60eddcb-57a2-434e-be8d-412bcf86a09f HTTP/1.1" status: 204 len: 168 time: 0.0663729
2026-06-24 02:12:19.363 9 WARNING neutron.scheduler.dhcp_agent_scheduler [req-7f314fb3-6657-405a-b5fb-f4d1de925ba6 req-638d7fec-5107-4583-a5eb-ed249803f1ad 8c8d4a7d2dba4706a53f97c33505a165 468bd192add94a38a802f600ae2ed963 - - default default] No more DHCP agents
2026-06-24 02:12:19.367 9 WARNING neutron.api.rpc.agentnotifiers.dhcp_rpc_agent_api [req-7f314fb3-6657-405a-b5fb-f4d1de925ba6 req-638d7fec-5107-4583-a5eb-ed249803f1ad 8c8d4a7d2dba4706a53f97c33505a165 468bd192add94a38a802f600ae2ed963 - - default default] Unable to schedule network a2e56009-7606-487e-be0b-e552301cfd9e: no agents available; will retry on subsequent port and subnet creation events.
2026-06-24 02:12:19.566 9 INFO neutron.db.ovn_revision_numbers_db [req-7f314fb3-6657-405a-b5fb-f4d1de925ba6 req-638d7fec-5107-4583-a5eb-ed249803f1ad 8c8d4a7d2dba4706a53f97c33505a165 468bd192add94a38a802f600ae2ed963 - - default default] Successfully bumped revision number for resource 74ad6904-2d18-4c0d-a986-3e759224e704 (type: ports) to 1
2026-06-24 02:12:19.591 9 INFO neutron.wsgi [req-7f314fb3-6657-405a-b5fb-f4d1de925ba6 req-638d7fec-5107-4583-a5eb-ed249803f1ad 8c8d4a7d2dba4706a53f97c33505a165 468bd192add94a38a802f600ae2ed963 - - default default] 199.204.45.162 "POST /v2.0/ports HTTP/1.1" status: 201 len: 1162 time: 0.6462178 /var/lib/openstack/lib/python3.10/site-packages/pycadf/identifier.py:71: UserWarning: Invalid uuid: neutron. To ensure interoperability, identifiers should be a valid uuid. warnings.warn(('Invalid uuid: %s. To ensure interoperability, '
2026-06-24 02:12:20.055 9 INFO neutron.db.ovn_revision_numbers_db [req-7f314fb3-6657-405a-b5fb-f4d1de925ba6 req-56f1bf2c-d86b-40da-a456-82b7ed2fe826 97fc5452f77d43fb9673c5f30d93091f de4366fd81b74c29b0add481c92be91c - - b3e860232bd54d29b059f60035ec0e3d b3e860232bd54d29b059f60035ec0e3d] Successfully bumped revision number for resource 74ad6904-2d18-4c0d-a986-3e759224e704 (type: ports) to 2 /var/lib/openstack/lib/python3.10/site-packages/pycadf/identifier.py:71: UserWarning: Invalid uuid: neutron. To ensure interoperability, identifiers should be a valid uuid. warnings.warn(('Invalid uuid: %s. To ensure interoperability, '
2026-06-24 02:12:20.270 10 INFO neutron.db.ovn_revision_numbers_db [None req-edcfcef8-1938-4c5b-8e0c-236d98590abe a24861d46242441ab46d0ebd120db796 4145243cb21a40398cc51ef29dfbdc09 - - default default] Successfully bumped revision number for resource acb49d4b-419d-44ce-893d-eab8fcf19191 (type: security_groups) to 1
2026-06-24 02:12:20.288 10 INFO neutron.db.ovn_revision_numbers_db [None req-edcfcef8-1938-4c5b-8e0c-236d98590abe a24861d46242441ab46d0ebd120db796 4145243cb21a40398cc51ef29dfbdc09 - - default default] Successfully bumped revision number for resource 420250aa-33ac-44f0-a291-3597c5c693a1 (type: security_group_rules) to 0
2026-06-24 02:12:20.290 9 INFO neutron.wsgi [req-ed70612e-713b-441e-b8b0-c4fcf2acf134 req-4ad647ff-ef37-46fc-9a42-81ca6e007dff 8c8d4a7d2dba4706a53f97c33505a165 468bd192add94a38a802f600ae2ed963 - - default default] 10.0.0.190 "GET /v2.0/ports?device_id=9174416e-1137-4500-8714-4062b56e611a HTTP/1.1" status: 200 len: 1172 time: 0.0425773
2026-06-24 02:12:20.308 10 INFO neutron.db.ovn_revision_numbers_db [None req-edcfcef8-1938-4c5b-8e0c-236d98590abe a24861d46242441ab46d0ebd120db796 4145243cb21a40398cc51ef29dfbdc09 - - default default] Successfully bumped revision number for resource 804e7a60-c790-440d-941e-5859158c1692 (type: security_group_rules) to 0
2026-06-24 02:12:20.330 10 INFO neutron.db.ovn_revision_numbers_db [None req-edcfcef8-1938-4c5b-8e0c-236d98590abe a24861d46242441ab46d0ebd120db796 4145243cb21a40398cc51ef29dfbdc09 - - default default] Successfully bumped revision number for resource 9ee8521a-8bf9-4bab-8124-9f9be07512a5 (type: security_group_rules) to 0
2026-06-24 02:12:20.346 10 INFO neutron.db.ovn_revision_numbers_db [None req-edcfcef8-1938-4c5b-8e0c-236d98590abe a24861d46242441ab46d0ebd120db796 4145243cb21a40398cc51ef29dfbdc09 - - default default] Successfully bumped revision number for resource bba5d94b-c445-423a-8a45-7d15837eae94 (type: security_group_rules) to 0
2026-06-24 02:12:20.348 9 INFO neutron.db.ovn_revision_numbers_db [req-7f314fb3-6657-405a-b5fb-f4d1de925ba6 req-56f1bf2c-d86b-40da-a456-82b7ed2fe826 97fc5452f77d43fb9673c5f30d93091f de4366fd81b74c29b0add481c92be91c - - b3e860232bd54d29b059f60035ec0e3d b3e860232bd54d29b059f60035ec0e3d] Successfully bumped revision number for resource 74ad6904-2d18-4c0d-a986-3e759224e704 (type: ports) to 2
2026-06-24 02:12:20.356 9 INFO neutron.wsgi [req-ed70612e-713b-441e-b8b0-c4fcf2acf134 req-4728ee9a-9862-488e-abbd-502f8f2cd84d 8c8d4a7d2dba4706a53f97c33505a165 468bd192add94a38a802f600ae2ed963 - - default default] 10.0.0.190 "GET /v2.0/security-groups?id=c968a378-067a-4a35-85d5-8f8d58f4802b&fields=id&fields=name HTTP/1.1" status: 200 len: 313 time: 0.0600855
2026-06-24 02:12:20.381 10 INFO neutron.wsgi [None req-edcfcef8-1938-4c5b-8e0c-236d98590abe a24861d46242441ab46d0ebd120db796 4145243cb21a40398cc51ef29dfbdc09 - - default default] 10.0.0.146 "GET /v2.0/security-groups?tenant_id=d90ed7c2ae914f9fb264e40e7dc83809&name=default HTTP/1.1" status: 200 len: 3000 time: 0.3640234
2026-06-24 02:12:20.383 9 INFO neutron.wsgi [req-7f314fb3-6657-405a-b5fb-f4d1de925ba6 req-56f1bf2c-d86b-40da-a456-82b7ed2fe826 97fc5452f77d43fb9673c5f30d93091f de4366fd81b74c29b0add481c92be91c - - b3e860232bd54d29b059f60035ec0e3d b3e860232bd54d29b059f60035ec0e3d] 199.204.45.162 "PUT /v2.0/ports/74ad6904-2d18-4c0d-a986-3e759224e704 HTTP/1.1" status: 200 len: 1380 time: 0.7849116
2026-06-24 02:12:20.428 9 INFO neutron.notifiers.nova [-] Nova event matching ['req-13062635-88bc-44e3-b979-b8cba94cdf9c'] response: {'name': 'network-changed', 'server_uuid': '9174416e-1137-4500-8714-4062b56e611a', 'tag': '74ad6904-2d18-4c0d-a986-3e759224e704', 'status': 'completed', 'code': 200}
2026-06-24 02:12:20.466 9 INFO neutron.wsgi [req-7f314fb3-6657-405a-b5fb-f4d1de925ba6 req-ff07f555-3c4c-4b15-8095-d41669ebb9af 97fc5452f77d43fb9673c5f30d93091f de4366fd81b74c29b0add481c92be91c - - b3e860232bd54d29b059f60035ec0e3d b3e860232bd54d29b059f60035ec0e3d] 199.204.45.162 "GET /v2.0/ports?tenant_id=468bd192add94a38a802f600ae2ed963&device_id=9174416e-1137-4500-8714-4062b56e611a HTTP/1.1" status: 200 len: 1411 time: 0.0429738
2026-06-24 02:12:20.498 9 INFO neutron.wsgi [req-7f314fb3-6657-405a-b5fb-f4d1de925ba6 req-63c2eca2-afdf-4a61-b1c7-8944ceb2aaee 97fc5452f77d43fb9673c5f30d93091f de4366fd81b74c29b0add481c92be91c - - b3e860232bd54d29b059f60035ec0e3d b3e860232bd54d29b059f60035ec0e3d] 199.204.45.162 "GET /v2.0/floatingips?fixed_ip_address=10.100.0.11&port_id=74ad6904-2d18-4c0d-a986-3e759224e704 HTTP/1.1" status: 200 len: 217 time: 0.0249367
2026-06-24 02:12:20.538 9 INFO neutron.wsgi [req-7f314fb3-6657-405a-b5fb-f4d1de925ba6 req-8365a17b-69fd-432d-a2aa-5b3090393272 97fc5452f77d43fb9673c5f30d93091f de4366fd81b74c29b0add481c92be91c - - b3e860232bd54d29b059f60035ec0e3d b3e860232bd54d29b059f60035ec0e3d] 199.204.45.162 "GET /v2.0/subnets?id=61f3b533-abd1-446c-a0d6-f22ce5782a90 HTTP/1.1" status: 200 len: 853 time: 0.0339012
2026-06-24 02:12:20.568 9 INFO neutron.wsgi [req-7f314fb3-6657-405a-b5fb-f4d1de925ba6 req-9f44da2a-9393-4df0-a9aa-07f7d04f0831 97fc5452f77d43fb9673c5f30d93091f de4366fd81b74c29b0add481c92be91c - - b3e860232bd54d29b059f60035ec0e3d b3e860232bd54d29b059f60035ec0e3d] 199.204.45.162 "GET /v2.0/ports?network_id=a2e56009-7606-487e-be0b-e552301cfd9e&device_owner=network%3Adhcp HTTP/1.1" status: 200 len: 210 time: 0.0222878
2026-06-24 02:12:20.615 10 INFO neutron.wsgi [None req-b446f376-fee6-4c2f-8f38-4094de52aea4 a24861d46242441ab46d0ebd120db796 4145243cb21a40398cc51ef29dfbdc09 - - default default] 10.0.0.146 "DELETE /v2.0/security-groups/acb49d4b-419d-44ce-893d-eab8fcf19191 HTTP/1.1" status: 204 len: 168 time: 0.2269223
2026-06-24 02:12:20.655 9 INFO neutron.wsgi [req-7f314fb3-6657-405a-b5fb-f4d1de925ba6 req-ec368097-3f8f-4687-8040-ca34b3ad078c 97fc5452f77d43fb9673c5f30d93091f de4366fd81b74c29b0add481c92be91c - - b3e860232bd54d29b059f60035ec0e3d b3e860232bd54d29b059f60035ec0e3d] 199.204.45.162 "GET /v2.0/networks/a2e56009-7606-487e-be0b-e552301cfd9e?fields=segments HTTP/1.1" status: 200 len: 212 time: 0.0788476
2026-06-24 02:12:20.754 9 INFO neutron.wsgi [req-7f314fb3-6657-405a-b5fb-f4d1de925ba6 req-46104a6b-510e-4cea-a585-0dbeb43629cb 97fc5452f77d43fb9673c5f30d93091f de4366fd81b74c29b0add481c92be91c - - b3e860232bd54d29b059f60035ec0e3d b3e860232bd54d29b059f60035ec0e3d] 199.204.45.162 "GET /v2.0/networks/a2e56009-7606-487e-be0b-e552301cfd9e?fields=provider%3Aphysical_network&fields=provider%3Anetwork_type HTTP/1.1" status: 200 len: 277 time: 0.0897474
2026-06-24 02:12:20.852 9 INFO neutron.wsgi [req-fef52e27-8b53-4d84-91fe-12e6d1bf674f req-61a83b86-6752-462c-8ff4-8cdf8d89c2c4 97fc5452f77d43fb9673c5f30d93091f de4366fd81b74c29b0add481c92be91c - - b3e860232bd54d29b059f60035ec0e3d b3e860232bd54d29b059f60035ec0e3d] 199.204.45.162 "GET /v2.0/ports?tenant_id=468bd192add94a38a802f600ae2ed963&device_id=9174416e-1137-4500-8714-4062b56e611a HTTP/1.1" status: 200 len: 1411 time: 0.0539935
2026-06-24 02:12:20.914 10 INFO neutron.db.ovn_revision_numbers_db [None req-e8373562-a200-46ea-92cc-9c07e5a7881c a24861d46242441ab46d0ebd120db796 4145243cb21a40398cc51ef29dfbdc09 - - default default] Successfully bumped revision number for resource 0df48473-d0de-4ed2-bdc0-55334a3a8c56 (type: security_groups) to 1
2026-06-24 02:12:20.943 10 INFO neutron.db.ovn_revision_numbers_db [None req-e8373562-a200-46ea-92cc-9c07e5a7881c a24861d46242441ab46d0ebd120db796 4145243cb21a40398cc51ef29dfbdc09 - - default default] Successfully bumped revision number for resource 3345c466-7c01-4737-af0e-50fca1f44561 (type: security_group_rules) to 0
2026-06-24 02:12:20.955 9 INFO neutron.plugins.ml2.drivers.ovn.mech_driver.mech_driver [None req-18ad88ff-cc8b-4b9f-84ee-3b60ad7a252f - - - - - -] OVN reports status up for port: 74ad6904-2d18-4c0d-a986-3e759224e704
2026-06-24 02:12:20.963 9 INFO neutron.wsgi [req-fef52e27-8b53-4d84-91fe-12e6d1bf674f req-3ec5a82d-141b-4c19-b7f0-0351feccf7af 97fc5452f77d43fb9673c5f30d93091f de4366fd81b74c29b0add481c92be91c - - b3e860232bd54d29b059f60035ec0e3d b3e860232bd54d29b059f60035ec0e3d] 199.204.45.162 "GET /v2.0/networks?id=a2e56009-7606-487e-be0b-e552301cfd9e HTTP/1.1" status: 200 len: 958 time: 0.1059277
2026-06-24 02:12:20.973 10 INFO neutron.db.ovn_revision_numbers_db [None req-e8373562-a200-46ea-92cc-9c07e5a7881c a24861d46242441ab46d0ebd120db796 4145243cb21a40398cc51ef29dfbdc09 - - default default] Successfully bumped revision number for resource 645920b0-48d0-4e55-a94e-f20d9eb6209e (type: security_group_rules) to 0
2026-06-24 02:12:20.975 9 INFO neutron.plugins.ml2.plugin [None req-18ad88ff-cc8b-4b9f-84ee-3b60ad7a252f - - - - - -] Attempt 1 to provision port 74ad6904-2d18-4c0d-a986-3e759224e704
2026-06-24 02:12:20.992 9 INFO neutron.wsgi [req-fef52e27-8b53-4d84-91fe-12e6d1bf674f req-ce169a55-2a04-4a99-b2b0-76245516fdc9 97fc5452f77d43fb9673c5f30d93091f de4366fd81b74c29b0add481c92be91c - - b3e860232bd54d29b059f60035ec0e3d b3e860232bd54d29b059f60035ec0e3d] 199.204.45.162 "GET /v2.0/floatingips?fixed_ip_address=10.100.0.11&port_id=74ad6904-2d18-4c0d-a986-3e759224e704 HTTP/1.1" status: 200 len: 217 time: 0.0244944
2026-06-24 02:12:21.030 10 INFO neutron.db.ovn_revision_numbers_db [None req-e8373562-a200-46ea-92cc-9c07e5a7881c a24861d46242441ab46d0ebd120db796 4145243cb21a40398cc51ef29dfbdc09 - - default default] Successfully bumped revision number for resource 692fc650-6828-497c-8610-429a73bfc583 (type: security_group_rules) to 0
2026-06-24 02:12:21.034 9 INFO neutron.wsgi [req-fef52e27-8b53-4d84-91fe-12e6d1bf674f req-553e09a0-37ba-4c14-9809-946759c72151 97fc5452f77d43fb9673c5f30d93091f de4366fd81b74c29b0add481c92be91c - - b3e860232bd54d29b059f60035ec0e3d b3e860232bd54d29b059f60035ec0e3d] 199.204.45.162 "GET /v2.0/subnets?id=61f3b533-abd1-446c-a0d6-f22ce5782a90 HTTP/1.1" status: 200 len: 853 time: 0.0380323
2026-06-24 02:12:21.050 10 INFO neutron.db.ovn_revision_numbers_db [None req-e8373562-a200-46ea-92cc-9c07e5a7881c a24861d46242441ab46d0ebd120db796 4145243cb21a40398cc51ef29dfbdc09 - - default default] Successfully bumped revision number for resource 7a95b665-50f9-40f8-9907-0adbca398f96 (type: security_group_rules) to 0
2026-06-24 02:12:21.066 9 INFO neutron.wsgi [req-fef52e27-8b53-4d84-91fe-12e6d1bf674f req-d948464a-98ea-4fb1-b01e-98635ad03755 97fc5452f77d43fb9673c5f30d93091f de4366fd81b74c29b0add481c92be91c - - b3e860232bd54d29b059f60035ec0e3d b3e860232bd54d29b059f60035ec0e3d] 199.204.45.162 "GET /v2.0/ports?network_id=a2e56009-7606-487e-be0b-e552301cfd9e&device_owner=network%3Adhcp HTTP/1.1" status: 200 len: 210 time: 0.0232952
2026-06-24 02:12:21.079 10 INFO neutron.wsgi [None req-e8373562-a200-46ea-92cc-9c07e5a7881c a24861d46242441ab46d0ebd120db796 4145243cb21a40398cc51ef29dfbdc09 - - default default] 10.0.0.146 "GET /v2.0/security-groups?tenant_id=24f899c7bcff41129fe9c5c85ed352c6&name=default HTTP/1.1" status: 200 len: 3000 time: 0.3268552
2026-06-24 02:12:21.146 9 INFO neutron.wsgi [req-fef52e27-8b53-4d84-91fe-12e6d1bf674f req-31c4d89f-b675-4f6d-a9dd-9a885b952d8d 97fc5452f77d43fb9673c5f30d93091f de4366fd81b74c29b0add481c92be91c - - b3e860232bd54d29b059f60035ec0e3d b3e860232bd54d29b059f60035ec0e3d] 199.204.45.162 "GET /v2.0/networks/a2e56009-7606-487e-be0b-e552301cfd9e?fields=segments HTTP/1.1" status: 200 len: 212 time: 0.0692492
2026-06-24 02:12:21.241 9 INFO neutron.wsgi [req-fef52e27-8b53-4d84-91fe-12e6d1bf674f req-02e3d9c2-ccdf-4d29-8440-76d4002528ed 97fc5452f77d43fb9673c5f30d93091f de4366fd81b74c29b0add481c92be91c - - b3e860232bd54d29b059f60035ec0e3d b3e860232bd54d29b059f60035ec0e3d] 199.204.45.162 "GET /v2.0/networks/a2e56009-7606-487e-be0b-e552301cfd9e?fields=provider%3Aphysical_network&fields=provider%3Anetwork_type HTTP/1.1" status: 200 len: 277 time: 0.0871620
2026-06-24 02:12:21.334 10 INFO neutron.wsgi [None req-d004043a-d84c-4ba3-be0d-10f95fb8d270 a24861d46242441ab46d0ebd120db796 4145243cb21a40398cc51ef29dfbdc09 - - default default] 10.0.0.146 "DELETE /v2.0/security-groups/0df48473-d0de-4ed2-bdc0-55334a3a8c56 HTTP/1.1" status: 204 len: 168 time: 0.2484083
2026-06-24 02:12:21.354 9 INFO neutron.db.ovn_revision_numbers_db [None req-18ad88ff-cc8b-4b9f-84ee-3b60ad7a252f - - - - - -] Successfully bumped revision number for resource 74ad6904-2d18-4c0d-a986-3e759224e704 (type: ports) to 4 /var/lib/openstack/lib/python3.10/site-packages/pycadf/identifier.py:71: UserWarning: Invalid uuid: neutron. To ensure interoperability, identifiers should be a valid uuid. warnings.warn(('Invalid uuid: %s. To ensure interoperability, '
2026-06-24 02:12:21.450 9 INFO neutron.wsgi [req-8654f71a-83b6-4710-90a9-231962fb672c req-30687996-3aba-486d-b035-df6ed3ba2b50 8c8d4a7d2dba4706a53f97c33505a165 468bd192add94a38a802f600ae2ed963 - - default default] 10.0.0.190 "GET /v2.0/ports?device_id=9174416e-1137-4500-8714-4062b56e611a HTTP/1.1" status: 200 len: 1174 time: 0.0400009
2026-06-24 02:12:21.499 9 INFO neutron.wsgi [req-8654f71a-83b6-4710-90a9-231962fb672c req-d7be0315-6ff5-4d23-822b-f52f142d0ccb 8c8d4a7d2dba4706a53f97c33505a165 468bd192add94a38a802f600ae2ed963 - - default default] 10.0.0.190 "GET /v2.0/security-groups?id=c968a378-067a-4a35-85d5-8f8d58f4802b&fields=id&fields=name HTTP/1.1" status: 200 len: 313 time: 0.0417182
2026-06-24 02:12:22.468 9 INFO neutron.notifiers.nova [-] Nova event matching ['req-9e07d886-9323-4fbd-81e0-8639e697c451'] response: {'server_uuid': '9174416e-1137-4500-8714-4062b56e611a', 'name': 'network-vif-plugged', 'status': 'completed', 'tag': '74ad6904-2d18-4c0d-a986-3e759224e704', 'code': 200}
2026-06-24 02:12:22.469 9 INFO neutron.notifiers.nova [-] Nova event matching ['req-9e07d886-9323-4fbd-81e0-8639e697c451'] response: {'server_uuid': '9174416e-1137-4500-8714-4062b56e611a', 'name': 'network-vif-plugged', 'status': 'completed', 'tag': '74ad6904-2d18-4c0d-a986-3e759224e704', 'code': 200}
2026-06-24 02:12:22.599 9 INFO neutron.wsgi [req-3ce6f6ae-f11e-41b5-a429-368415488080 req-b9bc3be1-8bbf-4335-9dde-b02442135844 8c8d4a7d2dba4706a53f97c33505a165 468bd192add94a38a802f600ae2ed963 - - default default] 10.0.0.190 "GET /v2.0/ports?device_id=9174416e-1137-4500-8714-4062b56e611a HTTP/1.1" status: 200 len: 1174 time: 0.0387588
2026-06-24 02:12:22.648 9 INFO neutron.wsgi [req-3ce6f6ae-f11e-41b5-a429-368415488080 req-5bd9d3b4-1bc0-4a93-92f1-fa653065eaf5 8c8d4a7d2dba4706a53f97c33505a165 468bd192add94a38a802f600ae2ed963 - - default default] 10.0.0.190 "GET /v2.0/security-groups?id=c968a378-067a-4a35-85d5-8f8d58f4802b&fields=id&fields=name HTTP/1.1" status: 200 len: 313 time: 0.0437324
2026-06-24 02:12:23.837 9 INFO neutron.wsgi [req-08a010ea-751c-4678-b54b-4a43c9d74268 req-138ddcc4-aeb7-4cf6-a943-a67e00cf4492 8c8d4a7d2dba4706a53f97c33505a165 468bd192add94a38a802f600ae2ed963 - - default default] 10.0.0.190 "GET /v2.0/ports?device_id=9174416e-1137-4500-8714-4062b56e611a HTTP/1.1" status: 200 len: 1174 time: 0.1080575
2026-06-24 02:12:23.887 9 INFO neutron.wsgi [req-08a010ea-751c-4678-b54b-4a43c9d74268 req-090eb946-6bcb-4fa2-baf4-d38c2f5d4477 8c8d4a7d2dba4706a53f97c33505a165 468bd192add94a38a802f600ae2ed963 - - default default] 10.0.0.190 "GET /v2.0/security-groups?id=c968a378-067a-4a35-85d5-8f8d58f4802b&fields=id&fields=name HTTP/1.1" status: 200 len: 313 time: 0.0407939
2026-06-24 02:12:24.003 9 INFO neutron.wsgi [req-994d3b14-646a-4bf4-939a-bdb19e3f9a90 req-56e9704a-2d2e-49bb-b3f0-ca1c131c294b 8c8d4a7d2dba4706a53f97c33505a165 468bd192add94a38a802f600ae2ed963 - - default default] 10.0.0.190 "GET /v2.0/ports?device_id=9174416e-1137-4500-8714-4062b56e611a HTTP/1.1" status: 200 len: 1174 time: 0.0456383
2026-06-24 02:12:24.051 9 INFO neutron.wsgi [req-994d3b14-646a-4bf4-939a-bdb19e3f9a90 req-ff896a83-a02d-42cd-bbd3-1400cfe03b01 8c8d4a7d2dba4706a53f97c33505a165 468bd192add94a38a802f600ae2ed963 - - default default] 10.0.0.190 "GET /v2.0/security-groups?id=c968a378-067a-4a35-85d5-8f8d58f4802b&fields=id&fields=name HTTP/1.1" status: 200 len: 313 time: 0.0412815
2026-06-24 02:12:24.112 9 INFO neutron.wsgi [None req-15e843dc-8492-451c-a5c9-b02c508a7ab2 824646c4cb964c16ba0ba3410ccc1432 5219a279759c46d3891c28c7c1e1f538 - - default default] 10.0.0.146 "GET /v2.0/ports?device_id=9174416e-1137-4500-8714-4062b56e611a HTTP/1.1" status: 200 len: 1408 time: 0.0319076
2026-06-24 02:12:24.352 9 INFO neutron.db.l3_db [None req-f2d8a289-19cd-4dd5-9bc3-6e211b22f6a5 8c8d4a7d2dba4706a53f97c33505a165 468bd192add94a38a802f600ae2ed963 - - default default] Floating IP 638ef1d1-0481-4835-9278-d47ded662dd7 associated. External IP: 10.96.250.211, port: 74ad6904-2d18-4c0d-a986-3e759224e704.
2026-06-24 02:12:24.535 9 INFO neutron.db.ovn_revision_numbers_db [None req-f2d8a289-19cd-4dd5-9bc3-6e211b22f6a5 8c8d4a7d2dba4706a53f97c33505a165 468bd192add94a38a802f600ae2ed963 - - default default] Successfully bumped revision number for resource 638ef1d1-0481-4835-9278-d47ded662dd7 (type: floatingips) to 4
2026-06-24 02:12:24.671 9 INFO neutron.db.ovn_revision_numbers_db [None req-f2d8a289-19cd-4dd5-9bc3-6e211b22f6a5 8c8d4a7d2dba4706a53f97c33505a165 468bd192add94a38a802f600ae2ed963 - - default default] Successfully bumped revision number for resource 638ef1d1-0481-4835-9278-d47ded662dd7 (type: floatingips) to 5
2026-06-24 02:12:24.697 9 INFO neutron.wsgi [None req-f2d8a289-19cd-4dd5-9bc3-6e211b22f6a5 8c8d4a7d2dba4706a53f97c33505a165 468bd192add94a38a802f600ae2ed963 - - default default] 10.0.0.146 "PUT /v2.0/floatingips/638ef1d1-0481-4835-9278-d47ded662dd7 HTTP/1.1" status: 200 len: 1050 time: 0.5790067
2026-06-24 02:12:24.745 9 INFO neutron.notifiers.nova [-] Nova event matching ['req-e9f3f156-e1d7-401b-8947-652736c4802f'] response: {'name': 'network-changed', 'server_uuid': '9174416e-1137-4500-8714-4062b56e611a', 'tag': '74ad6904-2d18-4c0d-a986-3e759224e704', 'status': 'completed', 'code': 200}
2026-06-24 02:12:24.755 9 INFO neutron.wsgi [None req-15e06e24-6107-49c1-9625-9ab01ea5dffb 8c8d4a7d2dba4706a53f97c33505a165 468bd192add94a38a802f600ae2ed963 - - default default] 10.0.0.146 "GET /v2.0/floatingips/638ef1d1-0481-4835-9278-d47ded662dd7 HTTP/1.1" status: 200 len: 1052 time: 0.0509343
2026-06-24 02:12:24.813 9 INFO neutron.wsgi [req-8748acc9-e7b9-4929-887e-97cc8ade85ba req-e324efe4-ff36-4a0b-aa44-bbfa393b3c28 97fc5452f77d43fb9673c5f30d93091f de4366fd81b74c29b0add481c92be91c - - b3e860232bd54d29b059f60035ec0e3d b3e860232bd54d29b059f60035ec0e3d] 199.204.45.162 "GET /v2.0/ports?tenant_id=468bd192add94a38a802f600ae2ed963&device_id=9174416e-1137-4500-8714-4062b56e611a HTTP/1.1" status: 200 len: 1413 time: 0.0515349
2026-06-24 02:12:24.833 10 INFO neutron.wsgi [-] 10.0.0.79 "GET / HTTP/1.1" status: 200 len: 247 time: 0.0023904
2026-06-24 02:12:24.837 10 INFO neutron.wsgi [-] 10.0.0.79 "GET / HTTP/1.1" status: 200 len: 247 time: 0.0023015 /var/lib/openstack/lib/python3.10/site-packages/pycadf/identifier.py:71: UserWarning: Invalid uuid: neutron. To ensure interoperability, identifiers should be a valid uuid. warnings.warn(('Invalid uuid: %s. To ensure interoperability, '
2026-06-24 02:12:25.172 10 INFO neutron.db.ovn_revision_numbers_db [None req-65d36260-c96a-4468-a9ce-0bac6682bee1 c08f928478e94f2b998ad402a8c5a903 2db6ac6d382d4b4bb055a1622243cbac - - default default] Successfully bumped revision number for resource 6c89818a-8100-43b6-be45-f97a899db13f (type: security_groups) to 1
2026-06-24 02:12:25.195 10 INFO neutron.db.ovn_revision_numbers_db [None req-65d36260-c96a-4468-a9ce-0bac6682bee1 c08f928478e94f2b998ad402a8c5a903 2db6ac6d382d4b4bb055a1622243cbac - - default default] Successfully bumped revision number for resource 51739240-f15f-4194-9060-2f7aaac5220d (type: security_group_rules) to 0
2026-06-24 02:12:25.203 9 INFO neutron.wsgi [req-8748acc9-e7b9-4929-887e-97cc8ade85ba req-8b780c89-394f-4d1e-b903-9d3b41ff1db6 97fc5452f77d43fb9673c5f30d93091f de4366fd81b74c29b0add481c92be91c - - b3e860232bd54d29b059f60035ec0e3d b3e860232bd54d29b059f60035ec0e3d] 199.204.45.162 "GET /v2.0/networks?id=a2e56009-7606-487e-be0b-e552301cfd9e HTTP/1.1" status: 200 len: 958 time: 0.3827617
2026-06-24 02:12:25.244 10 INFO neutron.db.ovn_revision_numbers_db [None req-65d36260-c96a-4468-a9ce-0bac6682bee1 c08f928478e94f2b998ad402a8c5a903 2db6ac6d382d4b4bb055a1622243cbac - - default default] Successfully bumped revision number for resource 7ece5816-be59-46e0-8054-85f008109d74 (type: security_group_rules) to 0
2026-06-24 02:12:25.261 9 INFO neutron.wsgi [req-8748acc9-e7b9-4929-887e-97cc8ade85ba req-5c456fe4-7b4e-408e-8dc3-34380857c082 97fc5452f77d43fb9673c5f30d93091f de4366fd81b74c29b0add481c92be91c - - b3e860232bd54d29b059f60035ec0e3d b3e860232bd54d29b059f60035ec0e3d] 199.204.45.162 "GET /v2.0/floatingips?fixed_ip_address=10.100.0.11&port_id=74ad6904-2d18-4c0d-a986-3e759224e704 HTTP/1.1" status: 200 len: 1060 time: 0.0540414
2026-06-24 02:12:25.268 10 INFO neutron.db.ovn_revision_numbers_db [None req-65d36260-c96a-4468-a9ce-0bac6682bee1 c08f928478e94f2b998ad402a8c5a903 2db6ac6d382d4b4bb055a1622243cbac - - default default] Successfully bumped revision number for resource ad4af042-9272-41af-b19b-a109512c92fa (type: security_group_rules) to 0
2026-06-24 02:12:25.296 10 INFO neutron.db.ovn_revision_numbers_db [None req-65d36260-c96a-4468-a9ce-0bac6682bee1 c08f928478e94f2b998ad402a8c5a903 2db6ac6d382d4b4bb055a1622243cbac - - default default] Successfully bumped revision number for resource c394bec4-49a5-49e9-85d0-99d0d54cf585 (type: security_group_rules) to 0
2026-06-24 02:12:25.312 9 INFO neutron.wsgi [req-8748acc9-e7b9-4929-887e-97cc8ade85ba req-bb97ffdb-4001-410a-8403-b76dc361510b 97fc5452f77d43fb9673c5f30d93091f de4366fd81b74c29b0add481c92be91c - - b3e860232bd54d29b059f60035ec0e3d b3e860232bd54d29b059f60035ec0e3d] 199.204.45.162 "GET /v2.0/subnets?id=61f3b533-abd1-446c-a0d6-f22ce5782a90 HTTP/1.1" status: 200 len: 853 time: 0.0403497
2026-06-24 02:12:25.346 9 INFO neutron.wsgi [req-8748acc9-e7b9-4929-887e-97cc8ade85ba req-0775ed7c-d2e9-403b-b56f-cd32cb5ddb54 97fc5452f77d43fb9673c5f30d93091f de4366fd81b74c29b0add481c92be91c - - b3e860232bd54d29b059f60035ec0e3d b3e860232bd54d29b059f60035ec0e3d] 199.204.45.162 "GET /v2.0/ports?network_id=a2e56009-7606-487e-be0b-e552301cfd9e&device_owner=network%3Adhcp HTTP/1.1" status: 200 len: 210 time: 0.0230789
2026-06-24 02:12:25.361 10 INFO neutron.db.segments_db [None req-65d36260-c96a-4468-a9ce-0bac6682bee1 c08f928478e94f2b998ad402a8c5a903 2db6ac6d382d4b4bb055a1622243cbac - - default default] Added segment c7c95c4f-e0fb-4214-8e2f-4f86acc48b9b of type geneve for network 10a90db8-7e27-418b-85d8-415810a19c05
2026-06-24 02:12:25.421 9 INFO neutron.wsgi [req-8748acc9-e7b9-4929-887e-97cc8ade85ba req-815d53d0-5012-45c6-ad8b-08957df569a4 97fc5452f77d43fb9673c5f30d93091f de4366fd81b74c29b0add481c92be91c - - b3e860232bd54d29b059f60035ec0e3d b3e860232bd54d29b059f60035ec0e3d] 199.204.45.162 "GET /v2.0/networks/a2e56009-7606-487e-be0b-e552301cfd9e?fields=segments HTTP/1.1" status: 200 len: 212 time: 0.0681202
