2026-06-24 02:09:57.314 9 INFO neutron.db.ovn_revision_numbers_db [None req-0436b716-c4d8-487b-8868-9b6d381aa0c0 abe2330db67a46df862983bb8a5bac54 bf91c71cefa742fa89254750baf9f822 - - default default] Successfully bumped revision number for resource 91ea07b2-dbff-4511-9be5-0266f6c70ebf (type: networks) to 1
2026-06-24 02:09:58.413 9 WARNING neutron.scheduler.dhcp_agent_scheduler [None req-0436b716-c4d8-487b-8868-9b6d381aa0c0 abe2330db67a46df862983bb8a5bac54 bf91c71cefa742fa89254750baf9f822 - - default default] No more DHCP agents
2026-06-24 02:09:58.418 9 WARNING neutron.api.rpc.agentnotifiers.dhcp_rpc_agent_api [None req-0436b716-c4d8-487b-8868-9b6d381aa0c0 abe2330db67a46df862983bb8a5bac54 bf91c71cefa742fa89254750baf9f822 - - default default] Unable to schedule network 91ea07b2-dbff-4511-9be5-0266f6c70ebf: no agents available; will retry on subsequent port and subnet creation events.
2026-06-24 02:09:58.522 10 INFO neutron.services.segments.plugin [-] Segment ba117e6c-5d1c-433c-a190-81b76e086e71 resource provider aggregate not found
2026-06-24 02:09:58.528 10 INFO neutron.services.segments.plugin [-] Segment ba117e6c-5d1c-433c-a190-81b76e086e71 resource provider aggregate not found
2026-06-24 02:09:58.537 9 INFO neutron.wsgi [None req-08309ae2-64e5-4f92-a2fa-28d509eeb7d9 52e79e057cbc410db0d08dd170701dc8 faa9abaa641348538287a5c3c9c929a3 - - default default] 10.0.0.146 "DELETE /v2.0/networks/7b569364-2ac9-452d-9576-dfe5344789f0 HTTP/1.1" status: 204 len: 168 time: 4.8415020
2026-06-24 02:09:58.543 10 INFO neutron.services.segments.plugin [-] Segment ba117e6c-5d1c-433c-a190-81b76e086e71 resource provider not found; error: Placement Client Error (4xx): {"errors": [{"status": 404, "title": "Not Found", "detail": "The resource could not be found.\n\n No resource provider with uuid ba117e6c-5d1c-433c-a190-81b76e086e71 found for delete ", "request_id": "req-24c13d35-74ec-4309-81fb-e75615ebb157"}]}
2026-06-24 02:09:58.551 10 INFO neutron.services.segments.plugin [-] Segment ba117e6c-5d1c-433c-a190-81b76e086e71 resource provider not found; error: Placement Client Error (4xx): {"errors": [{"status": 404, "title": "Not Found", "detail": "The resource could not be found.\n\n No resource provider with uuid ba117e6c-5d1c-433c-a190-81b76e086e71 found for delete ", "request_id": "req-76d5a1a2-5440-4369-83a9-adb09fcbcfbc"}]}
2026-06-24 02:09:58.752 9 INFO neutron.db.ovn_revision_numbers_db [None req-0436b716-c4d8-487b-8868-9b6d381aa0c0 abe2330db67a46df862983bb8a5bac54 bf91c71cefa742fa89254750baf9f822 - - default default] Successfully bumped revision number for resource a2e6d76b-7771-4dda-af82-06d59ac3a36a (type: ports) to 1
2026-06-24 02:09:58.758 9 INFO neutron.wsgi [None req-a6983c8e-ab55-421e-b059-0b0064abd171 a24861d46242441ab46d0ebd120db796 4145243cb21a40398cc51ef29dfbdc09 - - default default] 10.0.0.146 "DELETE /v2.0/routers/17a9f58c-3ef9-41d5-8a74-24872db6f5d1 HTTP/1.1" status: 204 len: 168 time: 5.2762661
2026-06-24 02:09:58.974 15 INFO neutron.db.ovn_revision_numbers_db [None req-248c56ca-ef0d-4910-b721-90e289f3fd52 - - - - - -] Successfully bumped revision number for resource 627b538d-bc9b-4334-996f-b6510cb9915f (type: networks) to 2
2026-06-24 02:09:58.978 9 INFO neutron.wsgi [None req-0436b716-c4d8-487b-8868-9b6d381aa0c0 abe2330db67a46df862983bb8a5bac54 bf91c71cefa742fa89254750baf9f822 - - default default] 10.0.0.146 "POST /v2.0/networks HTTP/1.1" status: 201 len: 853 time: 5.1800244
2026-06-24 02:09:59.135 10 INFO neutron.wsgi [None req-a68a58b2-01a6-4216-adb1-4f76b3b7bdb5 f2049104b2fa4bfea96550ed93db1ba3 4680d44ce264463a80e870f9ad32cd70 - - default default] 10.0.0.146 "DELETE /v2.0/networks/acea6236-6505-418a-9495-bffa2d1bf296 HTTP/1.1" status: 204 len: 168 time: 5.4661129
2026-06-24 02:09:59.155 10 INFO neutron.pecan_wsgi.hooks.translation [None req-cd483d7f-c779-4d4e-a570-9b8da22d2f01 f2049104b2fa4bfea96550ed93db1ba3 4680d44ce264463a80e870f9ad32cd70 - - default default] DELETE failed (client error): The resource could not be found.
2026-06-24 02:09:59.157 10 INFO neutron.wsgi [None req-cd483d7f-c779-4d4e-a570-9b8da22d2f01 f2049104b2fa4bfea96550ed93db1ba3 4680d44ce264463a80e870f9ad32cd70 - - default default] 10.0.0.146 "DELETE /v2.0/networks/acea6236-6505-418a-9495-bffa2d1bf296 HTTP/1.1" status: 404 len: 339 time: 0.0162249
2026-06-24 02:09:59.254 10 INFO neutron.wsgi [None req-228644ee-ed31-4a6c-bbb5-a36208365945 f2049104b2fa4bfea96550ed93db1ba3 4680d44ce264463a80e870f9ad32cd70 - - default default] 10.0.0.146 "GET /v2.0/networks?router%3Aexternal=True HTTP/1.1" status: 200 len: 845 time: 0.0894709
2026-06-24 02:09:59.309 10 INFO neutron.wsgi [None req-17f980fe-4729-445d-99de-c535eab9779d a24861d46242441ab46d0ebd120db796 4145243cb21a40398cc51ef29dfbdc09 - - default default] 10.0.0.146 "DELETE /v2.0/subnets/63805d1b-d444-4efc-8a4a-68a134372cd9 HTTP/1.1" status: 204 len: 168 time: 0.5430694
2026-06-24 02:09:59.321 10 INFO neutron.wsgi [None req-220ebec7-0cf4-4881-ab68-b41e38d56739 f2049104b2fa4bfea96550ed93db1ba3 4680d44ce264463a80e870f9ad32cd70 - - default default] 10.0.0.146 "GET /v2.0/subnets?network_id=4a5198b0-ac5d-4ff9-b6fe-eca736990d63 HTTP/1.1" status: 200 len: 820 time: 0.0602570
2026-06-24 02:09:59.331 10 INFO neutron.wsgi [None req-e118a22a-7fbc-432b-8ae1-76552963ac63 f2049104b2fa4bfea96550ed93db1ba3 4680d44ce264463a80e870f9ad32cd70 - - default default] 10.0.0.146 "GET /v2.0/extensions HTTP/1.1" status: 200 len: 16520 time: 0.0055487
2026-06-24 02:09:59.379 10 INFO neutron.db.segments_db [None req-f8990266-f0cc-41c1-80ff-b14ef7ba3d8a abe2330db67a46df862983bb8a5bac54 bf91c71cefa742fa89254750baf9f822 - - default default] Added segment 4659bce1-e5e7-4323-a4e2-631725b38a27 of type geneve for network dacf8d8b-7aaa-4a2c-8627-b60a73177cfa
2026-06-24 02:09:59.420 10 INFO neutron.wsgi [None req-1d5f6195-96a8-42d0-89d9-3c85ba0680e5 f2049104b2fa4bfea96550ed93db1ba3 4680d44ce264463a80e870f9ad32cd70 - - default default] 10.0.0.146 "GET /v2.0/networks HTTP/1.1" status: 200 len: 1507 time: 0.0834675
2026-06-24 02:09:59.493 10 INFO neutron.wsgi [None req-ae103bfc-03f8-40f4-b6b5-62ad3ecbdaa2 f2049104b2fa4bfea96550ed93db1ba3 4680d44ce264463a80e870f9ad32cd70 - - default default] 10.0.0.146 "GET /v2.0/subnets HTTP/1.1" status: 200 len: 1460 time: 0.0629663
2026-06-24 02:09:59.602 10 INFO neutron.wsgi [None req-855aad01-9a77-4641-baf0-5a8cd67f3c7b f2049104b2fa4bfea96550ed93db1ba3 4680d44ce264463a80e870f9ad32cd70 - - default default] 10.0.0.146 "GET /v2.0/networks/23e6bf18-1d75-48ad-ab9f-927ed2331273 HTTP/1.1" status: 200 len: 866 time: 0.0989428
2026-06-24 02:09:59.604 10 INFO neutron.db.ovn_revision_numbers_db [None req-f8990266-f0cc-41c1-80ff-b14ef7ba3d8a abe2330db67a46df862983bb8a5bac54 bf91c71cefa742fa89254750baf9f822 - - default default] Successfully bumped revision number for resource dacf8d8b-7aaa-4a2c-8627-b60a73177cfa (type: networks) to 1
2026-06-24 02:09:59.661 9 INFO neutron.wsgi [None req-0715ab6d-2957-41cd-bb36-24c806d8df89 f2049104b2fa4bfea96550ed93db1ba3 4680d44ce264463a80e870f9ad32cd70 - - default default] 10.0.0.146 "GET /v2.0/subnets/ec5ccd53-4fa0-413a-a96a-57660fd3454d HTTP/1.1" status: 200 len: 843 time: 0.0506866
2026-06-24 02:09:59.696 9 INFO neutron.pecan_wsgi.hooks.translation [None req-2437dbf3-03c8-429f-b5eb-a17dd7bfd915 f2049104b2fa4bfea96550ed93db1ba3 4680d44ce264463a80e870f9ad32cd70 - - default default] DELETE failed (client error): The resource could not be found.
2026-06-24 02:09:59.699 9 INFO neutron.wsgi [None req-2437dbf3-03c8-429f-b5eb-a17dd7bfd915 f2049104b2fa4bfea96550ed93db1ba3 4680d44ce264463a80e870f9ad32cd70 - - default default] 10.0.0.146 "DELETE /v2.0/subnets/0af077ea-565d-4802-bc1b-007c8b19fac7 HTTP/1.1" status: 404 len: 337 time: 0.0255620
2026-06-24 02:09:59.726 9 INFO neutron.pecan_wsgi.hooks.translation [None req-03d16a1c-2f86-4aa2-bd9d-f911da726277 f2049104b2fa4bfea96550ed93db1ba3 4680d44ce264463a80e870f9ad32cd70 - - default default] DELETE failed (client error): The resource could not be found.
2026-06-24 02:09:59.728 9 INFO neutron.wsgi [None req-03d16a1c-2f86-4aa2-bd9d-f911da726277 f2049104b2fa4bfea96550ed93db1ba3 4680d44ce264463a80e870f9ad32cd70 - - default default] 10.0.0.146 "DELETE /v2.0/networks/acea6236-6505-418a-9495-bffa2d1bf296 HTTP/1.1" status: 404 len: 339 time: 0.0231884
2026-06-24 02:09:59.787 9 INFO neutron.services.segments.plugin [-] Segment 6e61faef-7454-425f-9b4f-81a864e5d6ae resource provider aggregate not found
2026-06-24 02:09:59.792 9 INFO neutron.services.segments.plugin [-] Segment 6e61faef-7454-425f-9b4f-81a864e5d6ae resource provider aggregate not found
2026-06-24 02:09:59.821 9 INFO neutron.services.segments.plugin [-] Segment 6e61faef-7454-425f-9b4f-81a864e5d6ae resource provider not found; error: Placement Client Error (4xx): {"errors": [{"status": 404, "title": "Not Found", "detail": "The resource could not be found.\n\n No resource provider with uuid 6e61faef-7454-425f-9b4f-81a864e5d6ae found for delete ", "request_id": "req-74a0d1cb-9051-4dc2-b122-6e5d3880a1ec"}]}
2026-06-24 02:09:59.823 9 INFO neutron.services.segments.plugin [-] Segment 6e61faef-7454-425f-9b4f-81a864e5d6ae resource provider not found; error: Placement Client Error (4xx): {"errors": [{"status": 404, "title": "Not Found", "detail": "The resource could not be found.\n\n No resource provider with uuid 6e61faef-7454-425f-9b4f-81a864e5d6ae found for delete ", "request_id": "req-fbf540ce-4169-4993-92f7-286b751549bc"}]}
2026-06-24 02:09:59.870 9 INFO neutron.wsgi [None req-1e8170b0-a498-4933-92a9-da89e3f7e5e2 a24861d46242441ab46d0ebd120db796 4145243cb21a40398cc51ef29dfbdc09 - - default default] 10.0.0.146 "DELETE /v2.0/networks/627b538d-bc9b-4334-996f-b6510cb9915f HTTP/1.1" status: 204 len: 168 time: 0.5545180
2026-06-24 02:09:59.886 10 WARNING neutron.scheduler.dhcp_agent_scheduler [None req-f8990266-f0cc-41c1-80ff-b14ef7ba3d8a abe2330db67a46df862983bb8a5bac54 bf91c71cefa742fa89254750baf9f822 - - default default] No more DHCP agents
2026-06-24 02:09:59.890 10 WARNING neutron.api.rpc.agentnotifiers.dhcp_rpc_agent_api [None req-f8990266-f0cc-41c1-80ff-b14ef7ba3d8a abe2330db67a46df862983bb8a5bac54 bf91c71cefa742fa89254750baf9f822 - - default default] Unable to schedule network dacf8d8b-7aaa-4a2c-8627-b60a73177cfa: no agents available; will retry on subsequent port and subnet creation events.
2026-06-24 02:09:59.994 10 INFO neutron.db.ovn_revision_numbers_db [None req-f8990266-f0cc-41c1-80ff-b14ef7ba3d8a abe2330db67a46df862983bb8a5bac54 bf91c71cefa742fa89254750baf9f822 - - default default] Successfully bumped revision number for resource 94423f21-5f3c-4b94-b61f-4b5616e8748e (type: ports) to 1
2026-06-24 02:10:00.001 10 INFO neutron.wsgi [None req-4ca13a43-ede2-4741-9fe2-6f3adb23aa87 f2049104b2fa4bfea96550ed93db1ba3 4680d44ce264463a80e870f9ad32cd70 - - default default] 10.0.0.146 "DELETE /v2.0/subnets/ec5ccd53-4fa0-413a-a96a-57660fd3454d HTTP/1.1" status: 204 len: 168 time: 0.2660990
2026-06-24 02:10:00.034 10 INFO neutron.wsgi [None req-f8990266-f0cc-41c1-80ff-b14ef7ba3d8a abe2330db67a46df862983bb8a5bac54 bf91c71cefa742fa89254750baf9f822 - - default default] 10.0.0.146 "POST /v2.0/networks HTTP/1.1" status: 201 len: 853 time: 1.0512049
2026-06-24 02:10:00.152 9 INFO neutron.wsgi [None req-6a6f58b9-3968-41b5-a420-cf5399a918a3 a24861d46242441ab46d0ebd120db796 4145243cb21a40398cc51ef29dfbdc09 - - default default] 10.0.0.146 "GET /v2.0/security-groups?tenant_id=cc3e755168114aecb3d7ee054a1e5fdd&name=default HTTP/1.1" status: 200 len: 2996 time: 0.0668521
2026-06-24 02:10:00.404 10 INFO neutron.wsgi [None req-1a815e99-f63c-4e50-9a8e-4ca9a3421ef7 a24861d46242441ab46d0ebd120db796 4145243cb21a40398cc51ef29dfbdc09 - - default default] 10.0.0.146 "GET /v2.0/security-groups?tenant_id=faa9abaa641348538287a5c3c9c929a3&name=default HTTP/1.1" status: 200 len: 2996 time: 0.2349958
2026-06-24 02:10:00.417 15 INFO neutron.plugins.ml2.drivers.ovn.mech_driver.ovsdb.maintenance [None req-248c56ca-ef0d-4910-b721-90e289f3fd52 - - - - - -] Maintenance task: Synchronization finished (took 1.69 seconds)
2026-06-24 02:10:00.436 10 INFO neutron.wsgi [None req-736916d6-b7da-446e-9a8c-247f45a01361 f2049104b2fa4bfea96550ed93db1ba3 4680d44ce264463a80e870f9ad32cd70 - - default default] 10.0.0.146 "DELETE /v2.0/networks/23e6bf18-1d75-48ad-ab9f-927ed2331273 HTTP/1.1" status: 204 len: 168 time: 0.4301863
2026-06-24 02:10:00.461 9 INFO neutron.wsgi [None req-024030db-5542-4d0e-9de9-e9306e3736ce a24861d46242441ab46d0ebd120db796 4145243cb21a40398cc51ef29dfbdc09 - - default default] 10.0.0.146 "DELETE /v2.0/security-groups/4963a2a1-ae97-4ff1-b1c0-e7fc21f25e4c HTTP/1.1" status: 204 len: 168 time: 0.3003814
2026-06-24 02:10:00.569 10 INFO neutron.services.segments.plugin [-] Segment 5da78cfe-166f-4f4e-adc9-102e7adbd74d resource provider aggregate not found
2026-06-24 02:10:00.574 10 INFO neutron.services.segments.plugin [-] Segment 5da78cfe-166f-4f4e-adc9-102e7adbd74d resource provider aggregate not found
2026-06-24 02:10:00.588 10 INFO neutron.services.segments.plugin [-] Segment 5da78cfe-166f-4f4e-adc9-102e7adbd74d resource provider not found; error: Placement Client Error (4xx): {"errors": [{"status": 404, "title": "Not Found", "detail": "The resource could not be found.\n\n No resource provider with uuid 5da78cfe-166f-4f4e-adc9-102e7adbd74d found for delete ", "request_id": "req-7083f119-74c6-4ccd-9f44-f619f4289127"}]}
2026-06-24 02:10:00.593 9 WARNING neutron.scheduler.dhcp_agent_scheduler [None req-012d7c9c-5833-47b0-9d24-12cceff6a3f2 abe2330db67a46df862983bb8a5bac54 bf91c71cefa742fa89254750baf9f822 - - default default] No more DHCP agents
2026-06-24 02:10:00.593 10 INFO neutron.services.segments.plugin [-] Segment 5da78cfe-166f-4f4e-adc9-102e7adbd74d resource provider not found; error: Placement Client Error (4xx): {"errors": [{"status": 404, "title": "Not Found", "detail": "The resource could not be found.\n\n No resource provider with uuid 5da78cfe-166f-4f4e-adc9-102e7adbd74d found for delete ", "request_id": "req-b026fac4-f7ea-42b7-92a9-2acfe218ac85"}]}
2026-06-24 02:10:00.596 9 WARNING neutron.api.rpc.agentnotifiers.dhcp_rpc_agent_api [None req-012d7c9c-5833-47b0-9d24-12cceff6a3f2 abe2330db67a46df862983bb8a5bac54 bf91c71cefa742fa89254750baf9f822 - - default default] Unable to schedule network 91ea07b2-dbff-4511-9be5-0266f6c70ebf: no agents available; will retry on subsequent port and subnet creation events.
2026-06-24 02:10:00.672 10 INFO neutron.wsgi [None req-78d85511-1ce7-4b27-ac8f-cff9f095f6ab a24861d46242441ab46d0ebd120db796 4145243cb21a40398cc51ef29dfbdc09 - - default default] 10.0.0.146 "DELETE /v2.0/security-groups/12fedbed-b0c2-4712-865c-41b766445345 HTTP/1.1" status: 204 len: 168 time: 0.2623665
2026-06-24 02:10:00.703 9 INFO neutron.db.ovn_revision_numbers_db [None req-012d7c9c-5833-47b0-9d24-12cceff6a3f2 abe2330db67a46df862983bb8a5bac54 bf91c71cefa742fa89254750baf9f822 - - default default] Successfully bumped revision number for resource 6c9f915a-1776-42aa-956a-51d85c4709eb (type: ports) to 1
2026-06-24 02:10:00.743 9 WARNING neutron.scheduler.dhcp_agent_scheduler [None req-012d7c9c-5833-47b0-9d24-12cceff6a3f2 abe2330db67a46df862983bb8a5bac54 bf91c71cefa742fa89254750baf9f822 - - default default] No more DHCP agents
2026-06-24 02:10:00.746 9 WARNING neutron.api.rpc.agentnotifiers.dhcp_rpc_agent_api [None req-012d7c9c-5833-47b0-9d24-12cceff6a3f2 abe2330db67a46df862983bb8a5bac54 bf91c71cefa742fa89254750baf9f822 - - default default] Unable to schedule network dacf8d8b-7aaa-4a2c-8627-b60a73177cfa: no agents available; will retry on subsequent port and subnet creation events.
2026-06-24 02:10:01.060 10 INFO neutron.db.ovn_revision_numbers_db [None req-aa99f152-77ef-4713-b78e-612373229da6 a24861d46242441ab46d0ebd120db796 4145243cb21a40398cc51ef29dfbdc09 - - default default] Successfully bumped revision number for resource 1dd9507f-b913-48fc-ba62-b2ecc97b1747 (type: security_groups) to 1
2026-06-24 02:10:01.095 10 INFO neutron.db.ovn_revision_numbers_db [None req-aa99f152-77ef-4713-b78e-612373229da6 a24861d46242441ab46d0ebd120db796 4145243cb21a40398cc51ef29dfbdc09 - - default default] Successfully bumped revision number for resource 242947b5-b824-4c57-a17f-21f0beb954e1 (type: security_group_rules) to 0
2026-06-24 02:10:01.111 10 INFO neutron.db.ovn_revision_numbers_db [None req-aa99f152-77ef-4713-b78e-612373229da6 a24861d46242441ab46d0ebd120db796 4145243cb21a40398cc51ef29dfbdc09 - - default default] Successfully bumped revision number for resource 2502e6d7-f60e-4470-a484-d3b2319b553a (type: security_group_rules) to 0
2026-06-24 02:10:01.127 10 INFO neutron.db.ovn_revision_numbers_db [None req-aa99f152-77ef-4713-b78e-612373229da6 a24861d46242441ab46d0ebd120db796 4145243cb21a40398cc51ef29dfbdc09 - - default default] Successfully bumped revision number for resource 3084f55c-2b6d-4c1d-8feb-7b4073dbfe6a (type: security_group_rules) to 0
2026-06-24 02:10:01.157 10 INFO neutron.db.ovn_revision_numbers_db [None req-aa99f152-77ef-4713-b78e-612373229da6 a24861d46242441ab46d0ebd120db796 4145243cb21a40398cc51ef29dfbdc09 - - default default] Successfully bumped revision number for resource 755c8e5a-a6f9-4f89-8b36-bd1a3def475b (type: security_group_rules) to 0
2026-06-24 02:10:01.199 10 INFO neutron.wsgi [None req-aa99f152-77ef-4713-b78e-612373229da6 a24861d46242441ab46d0ebd120db796 4145243cb21a40398cc51ef29dfbdc09 - - default default] 10.0.0.146 "GET /v2.0/security-groups?tenant_id=995ee85529384b2da014085025b7d7a0&name=default HTTP/1.1" status: 200 len: 2996 time: 0.2845037
2026-06-24 02:10:01.217 9 INFO neutron.db.ovn_revision_numbers_db [None req-012d7c9c-5833-47b0-9d24-12cceff6a3f2 abe2330db67a46df862983bb8a5bac54 bf91c71cefa742fa89254750baf9f822 - - default default] Successfully bumped revision number for resource 97bbd327-e03e-4118-8736-1d24a88ddccc (type: ports) to 1
2026-06-24 02:10:01.246 9 INFO neutron.wsgi [None req-012d7c9c-5833-47b0-9d24-12cceff6a3f2 abe2330db67a46df862983bb8a5bac54 bf91c71cefa742fa89254750baf9f822 - - default default] 10.0.0.146 "POST /v2.0/ports HTTP/1.1" status: 201 len: 1705 time: 1.2062433 /var/lib/openstack/lib/python3.10/site-packages/pycadf/identifier.py:71: UserWarning: Invalid uuid: neutron. To ensure interoperability, identifiers should be a valid uuid. warnings.warn(('Invalid uuid: %s. To ensure interoperability, '
2026-06-24 02:10:01.292 10 INFO neutron.wsgi [None req-4cbf95c4-a9bd-40e9-880e-37b7064b8df7 a24861d46242441ab46d0ebd120db796 4145243cb21a40398cc51ef29dfbdc09 - - default default] 10.0.0.146 "GET /v2.0/security-groups?tenant_id=4680d44ce264463a80e870f9ad32cd70&name=default HTTP/1.1" status: 200 len: 2996 time: 0.3073301
2026-06-24 02:10:01.421 9 INFO neutron.wsgi [None req-38470f2a-bace-4540-974c-a8a1cb08231b abe2330db67a46df862983bb8a5bac54 bf91c71cefa742fa89254750baf9f822 - - default default] 10.0.0.146 "GET /v2.0/ports HTTP/1.1" status: 200 len: 3212 time: 0.1630986
2026-06-24 02:10:01.489 10 INFO neutron.wsgi [None req-a0c78a82-8059-4f69-8fa6-eea81c3db1d5 a24861d46242441ab46d0ebd120db796 4145243cb21a40398cc51ef29dfbdc09 - - default default] 10.0.0.146 "DELETE /v2.0/security-groups/1dd9507f-b913-48fc-ba62-b2ecc97b1747 HTTP/1.1" status: 204 len: 168 time: 0.2833843
2026-06-24 02:10:01.566 10 INFO neutron.wsgi [None req-6132eb4e-bb06-479f-9984-7db5ea924652 a24861d46242441ab46d0ebd120db796 4145243cb21a40398cc51ef29dfbdc09 - - default default] 10.0.0.146 "DELETE /v2.0/security-groups/4a3f2fdb-b87f-42b4-b1a1-e8ebb879c89f HTTP/1.1" status: 204 len: 168 time: 0.2533782
2026-06-24 02:10:01.660 9 INFO neutron.wsgi [None req-b88420b1-780c-407b-86a9-b7dcbb1c788e abe2330db67a46df862983bb8a5bac54 bf91c71cefa742fa89254750baf9f822 - - default default] 10.0.0.146 "DELETE /v2.0/ports/6c9f915a-1776-42aa-956a-51d85c4709eb HTTP/1.1" status: 204 len: 168 time: 0.2319033
2026-06-24 02:10:01.739 10 INFO neutron.db.ovn_revision_numbers_db [None req-8be7bbe6-36ce-4bb6-8244-1fa045e24007 a24861d46242441ab46d0ebd120db796 4145243cb21a40398cc51ef29dfbdc09 - - default default] Successfully bumped revision number for resource 73e2d03c-5258-44e2-884b-b49126e779f3 (type: security_groups) to 1
2026-06-24 02:10:01.760 10 INFO neutron.db.ovn_revision_numbers_db [None req-8be7bbe6-36ce-4bb6-8244-1fa045e24007 a24861d46242441ab46d0ebd120db796 4145243cb21a40398cc51ef29dfbdc09 - - default default] Successfully bumped revision number for resource 226cde6f-8df5-4d16-bbe4-028625e0d77b (type: security_group_rules) to 0
2026-06-24 02:10:01.780 10 INFO neutron.db.ovn_revision_numbers_db [None req-8be7bbe6-36ce-4bb6-8244-1fa045e24007 a24861d46242441ab46d0ebd120db796 4145243cb21a40398cc51ef29dfbdc09 - - default default] Successfully bumped revision number for resource 7f208d7a-d535-4b28-b016-5189ca111e11 (type: security_group_rules) to 0
2026-06-24 02:10:01.811 10 INFO neutron.db.ovn_revision_numbers_db [None req-8be7bbe6-36ce-4bb6-8244-1fa045e24007 a24861d46242441ab46d0ebd120db796 4145243cb21a40398cc51ef29dfbdc09 - - default default] Successfully bumped revision number for resource 90eeef9a-a167-4813-adfa-e34bf1c396e7 (type: security_group_rules) to 0
2026-06-24 02:10:01.835 10 INFO neutron.db.ovn_revision_numbers_db [None req-8be7bbe6-36ce-4bb6-8244-1fa045e24007 a24861d46242441ab46d0ebd120db796 4145243cb21a40398cc51ef29dfbdc09 - - default default] Successfully bumped revision number for resource fe1964e3-0489-4dcb-a706-e540f68d8e59 (type: security_group_rules) to 0
2026-06-24 02:10:01.861 10 INFO neutron.wsgi [None req-8be7bbe6-36ce-4bb6-8244-1fa045e24007 a24861d46242441ab46d0ebd120db796 4145243cb21a40398cc51ef29dfbdc09 - - default default] 10.0.0.146 "GET /v2.0/security-groups?tenant_id=991fd30ee5934545985f4de6ab26af27&name=default HTTP/1.1" status: 200 len: 2996 time: 0.2678981
2026-06-24 02:10:01.941 9 INFO neutron.wsgi [None req-e5dc4647-a9ff-4633-a2ab-92e5aa25f01b abe2330db67a46df862983bb8a5bac54 bf91c71cefa742fa89254750baf9f822 - - default default] 10.0.0.146 "DELETE /v2.0/ports/97bbd327-e03e-4118-8736-1d24a88ddccc HTTP/1.1" status: 204 len: 168 time: 0.2728157
2026-06-24 02:10:02.145 10 INFO neutron.wsgi [None req-ffa3084b-4f52-46ad-a04c-a4d71b10e101 abe2330db67a46df862983bb8a5bac54 bf91c71cefa742fa89254750baf9f822 - - default default] 10.0.0.146 "GET /v2.0/ports HTTP/1.1" status: 200 len: 1718 time: 0.1898985
2026-06-24 02:10:02.222 10 INFO neutron.wsgi [None req-a55c5cbf-78ff-4cec-9326-c7bd343ae2fa a24861d46242441ab46d0ebd120db796 4145243cb21a40398cc51ef29dfbdc09 - - default default] 10.0.0.146 "DELETE /v2.0/security-groups/73e2d03c-5258-44e2-884b-b49126e779f3 HTTP/1.1" status: 204 len: 168 time: 0.3557670
2026-06-24 02:10:02.265 10 INFO neutron.db.segments_db [None req-b5dbe936-9111-4c9e-9d7b-baf57b44590c abe2330db67a46df862983bb8a5bac54 bf91c71cefa742fa89254750baf9f822 - - default default] Added segment b2cdae1c-9adc-4c49-aa0b-2877f0c49ab1 of type geneve for network 32b76908-6e91-44e2-9c50-719881192d74
2026-06-24 02:10:02.437 10 INFO neutron.db.ovn_revision_numbers_db [None req-b5dbe936-9111-4c9e-9d7b-baf57b44590c abe2330db67a46df862983bb8a5bac54 bf91c71cefa742fa89254750baf9f822 - - default default] Successfully bumped revision number for resource 32b76908-6e91-44e2-9c50-719881192d74 (type: networks) to 1
2026-06-24 02:10:02.986 10 WARNING neutron.scheduler.dhcp_agent_scheduler [None req-b5dbe936-9111-4c9e-9d7b-baf57b44590c abe2330db67a46df862983bb8a5bac54 bf91c71cefa742fa89254750baf9f822 - - default default] No more DHCP agents
2026-06-24 02:10:02.989 10 WARNING neutron.api.rpc.agentnotifiers.dhcp_rpc_agent_api [None req-b5dbe936-9111-4c9e-9d7b-baf57b44590c abe2330db67a46df862983bb8a5bac54 bf91c71cefa742fa89254750baf9f822 - - default default] Unable to schedule network 32b76908-6e91-44e2-9c50-719881192d74: no agents available; will retry on subsequent port and subnet creation events.
2026-06-24 02:10:03.081 10 INFO neutron.db.ovn_revision_numbers_db [None req-b5dbe936-9111-4c9e-9d7b-baf57b44590c abe2330db67a46df862983bb8a5bac54 bf91c71cefa742fa89254750baf9f822 - - default default] Successfully bumped revision number for resource b61db685-f115-45bc-aa55-ac83dac013bc (type: ports) to 1
2026-06-24 02:10:03.106 10 INFO neutron.wsgi [None req-b5dbe936-9111-4c9e-9d7b-baf57b44590c abe2330db67a46df862983bb8a5bac54 bf91c71cefa742fa89254750baf9f822 - - default default] 10.0.0.146 "POST /v2.0/networks HTTP/1.1" status: 201 len: 853 time: 0.9520538
2026-06-24 02:10:03.203 10 INFO neutron.db.segments_db [None req-96b1bdb3-47e2-4e1d-abd0-a62d2d534de6 abe2330db67a46df862983bb8a5bac54 bf91c71cefa742fa89254750baf9f822 - - default default] Added segment 7df66d73-9759-4c66-bfb5-5e13e8f37a76 of type geneve for network 4161f88a-0c8f-4bdb-8b3c-4de785378c73
2026-06-24 02:10:03.407 10 INFO neutron.db.ovn_revision_numbers_db [None req-96b1bdb3-47e2-4e1d-abd0-a62d2d534de6 abe2330db67a46df862983bb8a5bac54 bf91c71cefa742fa89254750baf9f822 - - default default] Successfully bumped revision number for resource 4161f88a-0c8f-4bdb-8b3c-4de785378c73 (type: networks) to 1
2026-06-24 02:10:03.637 10 WARNING neutron.scheduler.dhcp_agent_scheduler [None req-96b1bdb3-47e2-4e1d-abd0-a62d2d534de6 abe2330db67a46df862983bb8a5bac54 bf91c71cefa742fa89254750baf9f822 - - default default] No more DHCP agents
2026-06-24 02:10:03.641 10 WARNING neutron.api.rpc.agentnotifiers.dhcp_rpc_agent_api [None req-96b1bdb3-47e2-4e1d-abd0-a62d2d534de6 abe2330db67a46df862983bb8a5bac54 bf91c71cefa742fa89254750baf9f822 - - default default] Unable to schedule network 4161f88a-0c8f-4bdb-8b3c-4de785378c73: no agents available; will retry on subsequent port and subnet creation events.
2026-06-24 02:10:03.750 10 INFO neutron.db.ovn_revision_numbers_db [None req-96b1bdb3-47e2-4e1d-abd0-a62d2d534de6 abe2330db67a46df862983bb8a5bac54 bf91c71cefa742fa89254750baf9f822 - - default default] Successfully bumped revision number for resource 0df25b6d-aa85-4b90-961a-9b6da09ccb48 (type: ports) to 1
2026-06-24 02:10:03.783 10 INFO neutron.wsgi [None req-96b1bdb3-47e2-4e1d-abd0-a62d2d534de6 abe2330db67a46df862983bb8a5bac54 bf91c71cefa742fa89254750baf9f822 - - default default] 10.0.0.146 "POST /v2.0/networks HTTP/1.1" status: 201 len: 852 time: 0.6710589
2026-06-24 02:10:04.224 10 INFO neutron.db.ovn_revision_numbers_db [None req-2ac7db0c-0479-416c-8417-3b84c49dd549 a74c411c140b4f3dab6765cfd0fa135f a8cb0c9d671247d89a725b159afe4b3a - - default default] Successfully bumped revision number for resource c2afc21a-e19c-492b-893d-273672732918 (type: security_groups) to 1
2026-06-24 02:10:04.240 10 INFO neutron.db.ovn_revision_numbers_db [None req-2ac7db0c-0479-416c-8417-3b84c49dd549 a74c411c140b4f3dab6765cfd0fa135f a8cb0c9d671247d89a725b159afe4b3a - - default default] Successfully bumped revision number for resource 7f4f9d60-6bde-4c32-8b8d-ad94c2d30000 (type: security_group_rules) to 0
2026-06-24 02:10:04.255 10 INFO neutron.db.ovn_revision_numbers_db [None req-2ac7db0c-0479-416c-8417-3b84c49dd549 a74c411c140b4f3dab6765cfd0fa135f a8cb0c9d671247d89a725b159afe4b3a - - default default] Successfully bumped revision number for resource 9d059aaa-67b6-4fd4-8351-ddfa4010e080 (type: security_group_rules) to 0
2026-06-24 02:10:04.271 10 INFO neutron.db.ovn_revision_numbers_db [None req-2ac7db0c-0479-416c-8417-3b84c49dd549 a74c411c140b4f3dab6765cfd0fa135f a8cb0c9d671247d89a725b159afe4b3a - - default default] Successfully bumped revision number for resource e1f06d5b-4508-4b51-b4c3-d201449ed0dc (type: security_group_rules) to 0
2026-06-24 02:10:04.285 10 INFO neutron.db.ovn_revision_numbers_db [None req-2ac7db0c-0479-416c-8417-3b84c49dd549 a74c411c140b4f3dab6765cfd0fa135f a8cb0c9d671247d89a725b159afe4b3a - - default default] Successfully bumped revision number for resource fe124919-51ad-4a66-bc92-b3dc7d08e1f4 (type: security_group_rules) to 0
2026-06-24 02:10:04.356 10 INFO neutron.db.segments_db [None req-2ac7db0c-0479-416c-8417-3b84c49dd549 a74c411c140b4f3dab6765cfd0fa135f a8cb0c9d671247d89a725b159afe4b3a - - default default] Added segment b87a4fea-c61b-43e6-a82c-2225b53010ee of type geneve for network f72adf7c-8b16-426f-bdff-5e4dd5e9f880
2026-06-24 02:10:04.786 10 INFO neutron.db.ovn_revision_numbers_db [None req-2ac7db0c-0479-416c-8417-3b84c49dd549 a74c411c140b4f3dab6765cfd0fa135f a8cb0c9d671247d89a725b159afe4b3a - - default default] Successfully bumped revision number for resource f72adf7c-8b16-426f-bdff-5e4dd5e9f880 (type: networks) to 1
2026-06-24 02:10:05.298 10 WARNING neutron.scheduler.dhcp_agent_scheduler [None req-2ac7db0c-0479-416c-8417-3b84c49dd549 a74c411c140b4f3dab6765cfd0fa135f a8cb0c9d671247d89a725b159afe4b3a - - default default] No more DHCP agents
2026-06-24 02:10:05.300 10 WARNING neutron.api.rpc.agentnotifiers.dhcp_rpc_agent_api [None req-2ac7db0c-0479-416c-8417-3b84c49dd549 a74c411c140b4f3dab6765cfd0fa135f a8cb0c9d671247d89a725b159afe4b3a - - default default] Unable to schedule network f72adf7c-8b16-426f-bdff-5e4dd5e9f880: no agents available; will retry on subsequent port and subnet creation events.
2026-06-24 02:10:05.664 10 INFO neutron.db.ovn_revision_numbers_db [None req-2ac7db0c-0479-416c-8417-3b84c49dd549 a74c411c140b4f3dab6765cfd0fa135f a8cb0c9d671247d89a725b159afe4b3a - - default default] Successfully bumped revision number for resource 2b5d54f9-5e2f-41c7-881a-f297892dc9f2 (type: ports) to 1
2026-06-24 02:10:05.697 10 INFO neutron.wsgi [None req-2ac7db0c-0479-416c-8417-3b84c49dd549 a74c411c140b4f3dab6765cfd0fa135f a8cb0c9d671247d89a725b159afe4b3a - - default default] 10.0.0.146 "POST /v2.0/networks HTTP/1.1" status: 201 len: 847 time: 1.9539442
2026-06-24 02:10:05.708 9 WARNING neutron.scheduler.dhcp_agent_scheduler [None req-3019c168-83a3-463b-acac-a5f8772f2f7d abe2330db67a46df862983bb8a5bac54 bf91c71cefa742fa89254750baf9f822 - - default default] No more DHCP agents
2026-06-24 02:10:05.714 9 WARNING neutron.api.rpc.agentnotifiers.dhcp_rpc_agent_api [None req-3019c168-83a3-463b-acac-a5f8772f2f7d abe2330db67a46df862983bb8a5bac54 bf91c71cefa742fa89254750baf9f822 - - default default] Unable to schedule network 32b76908-6e91-44e2-9c50-719881192d74: no agents available; will retry on subsequent port and subnet creation events.
2026-06-24 02:10:05.772 9 INFO neutron.db.ovn_revision_numbers_db [None req-3019c168-83a3-463b-acac-a5f8772f2f7d abe2330db67a46df862983bb8a5bac54 bf91c71cefa742fa89254750baf9f822 - - default default] Successfully bumped revision number for resource 03b94b90-ee5a-4e43-bad0-987848b7446b (type: subnets) to 0
2026-06-24 02:10:05.801 9 WARNING neutron.scheduler.dhcp_agent_scheduler [None req-3019c168-83a3-463b-acac-a5f8772f2f7d abe2330db67a46df862983bb8a5bac54 bf91c71cefa742fa89254750baf9f822 - - default default] No more DHCP agents
2026-06-24 02:10:05.806 9 WARNING neutron.api.rpc.agentnotifiers.dhcp_rpc_agent_api [None req-3019c168-83a3-463b-acac-a5f8772f2f7d abe2330db67a46df862983bb8a5bac54 bf91c71cefa742fa89254750baf9f822 - - default default] Unable to schedule network 4161f88a-0c8f-4bdb-8b3c-4de785378c73: no agents available; will retry on subsequent port and subnet creation events.
2026-06-24 02:10:05.839 9 INFO neutron.db.ovn_revision_numbers_db [None req-3019c168-83a3-463b-acac-a5f8772f2f7d abe2330db67a46df862983bb8a5bac54 bf91c71cefa742fa89254750baf9f822 - - default default] Successfully bumped revision number for resource fe46c45a-284d-4664-bf80-8de6b9348648 (type: subnets) to 0
2026-06-24 02:10:05.862 9 INFO neutron.wsgi [None req-3019c168-83a3-463b-acac-a5f8772f2f7d abe2330db67a46df862983bb8a5bac54 bf91c71cefa742fa89254750baf9f822 - - default default] 10.0.0.146 "POST /v2.0/subnets HTTP/1.1" status: 201 len: 1476 time: 1.5625567
2026-06-24 02:10:05.916 10 INFO neutron.wsgi [None req-ef3e183d-812f-4b0a-a561-e33567550b6d abe2330db67a46df862983bb8a5bac54 bf91c71cefa742fa89254750baf9f822 - - default default] 10.0.0.146 "GET /v2.0/subnets HTTP/1.1" status: 200 len: 2084 time: 0.0477498
2026-06-24 02:10:06.084 10 WARNING neutron.scheduler.dhcp_agent_scheduler [None req-d542c438-05ec-4d89-889b-28100d82c937 a74c411c140b4f3dab6765cfd0fa135f a8cb0c9d671247d89a725b159afe4b3a - - default default] No more DHCP agents
2026-06-24 02:10:06.087 10 WARNING neutron.api.rpc.agentnotifiers.dhcp_rpc_agent_api [None req-d542c438-05ec-4d89-889b-28100d82c937 a74c411c140b4f3dab6765cfd0fa135f a8cb0c9d671247d89a725b159afe4b3a - - default default] Unable to schedule network f72adf7c-8b16-426f-bdff-5e4dd5e9f880: no agents available; will retry on subsequent port and subnet creation events.
2026-06-24 02:10:06.187 10 INFO neutron.db.ovn_revision_numbers_db [None req-d542c438-05ec-4d89-889b-28100d82c937 a74c411c140b4f3dab6765cfd0fa135f a8cb0c9d671247d89a725b159afe4b3a - - default default] Successfully bumped revision number for resource 1f2c6c39-ea09-46cb-9a11-2dd3b41b11a4 (type: ports) to 1
2026-06-24 02:10:06.212 10 INFO neutron.wsgi [None req-3a9e8cb1-b5e8-4896-aa63-88a4491bc0e3 abe2330db67a46df862983bb8a5bac54 bf91c71cefa742fa89254750baf9f822 - - default default] 10.0.0.146 "DELETE /v2.0/subnets/03b94b90-ee5a-4e43-bad0-987848b7446b HTTP/1.1" status: 204 len: 168 time: 0.2790408 /var/lib/openstack/lib/python3.10/site-packages/pycadf/identifier.py:71: UserWarning: Invalid uuid: neutron. To ensure interoperability, identifiers should be a valid uuid. warnings.warn(('Invalid uuid: %s. To ensure interoperability, '
2026-06-24 02:10:06.231 10 INFO neutron.wsgi [None req-d542c438-05ec-4d89-889b-28100d82c937 a74c411c140b4f3dab6765cfd0fa135f a8cb0c9d671247d89a725b159afe4b3a - - default default] 10.0.0.146 "POST /v2.0/ports HTTP/1.1" status: 201 len: 978 time: 0.5283349
2026-06-24 02:10:06.357 9 INFO neutron.db.segments_db [None req-7960a2b5-e55e-456c-84d4-d55418dc704a a74c411c140b4f3dab6765cfd0fa135f a8cb0c9d671247d89a725b159afe4b3a - - default default] Added segment 88c9b1e4-e5ad-4819-a682-f22f69730cea of type geneve for network 954253af-fd67-4906-9eaa-b5683df39d34
2026-06-24 02:10:06.448 10 INFO neutron.wsgi [None req-0997c122-097f-4d37-a2e7-fa9c41fd5fc4 abe2330db67a46df862983bb8a5bac54 bf91c71cefa742fa89254750baf9f822 - - default default] 10.0.0.146 "DELETE /v2.0/subnets/fe46c45a-284d-4664-bf80-8de6b9348648 HTTP/1.1" status: 204 len: 168 time: 0.2288458
2026-06-24 02:10:06.505 10 INFO neutron.wsgi [None req-9fca6032-585b-42b2-91a2-f4c8accaaa39 abe2330db67a46df862983bb8a5bac54 bf91c71cefa742fa89254750baf9f822 - - default default] 10.0.0.146 "GET /v2.0/subnets HTTP/1.1" status: 200 len: 820 time: 0.0507672
2026-06-24 02:10:06.555 9 INFO neutron.db.ovn_revision_numbers_db [None req-7960a2b5-e55e-456c-84d4-d55418dc704a a74c411c140b4f3dab6765cfd0fa135f a8cb0c9d671247d89a725b159afe4b3a - - default default] Successfully bumped revision number for resource 954253af-fd67-4906-9eaa-b5683df39d34 (type: networks) to 1
2026-06-24 02:10:06.887 9 WARNING neutron.scheduler.dhcp_agent_scheduler [None req-7960a2b5-e55e-456c-84d4-d55418dc704a a74c411c140b4f3dab6765cfd0fa135f a8cb0c9d671247d89a725b159afe4b3a - - default default] No more DHCP agents
2026-06-24 02:10:06.890 9 WARNING neutron.api.rpc.agentnotifiers.dhcp_rpc_agent_api [None req-7960a2b5-e55e-456c-84d4-d55418dc704a a74c411c140b4f3dab6765cfd0fa135f a8cb0c9d671247d89a725b159afe4b3a - - default default] Unable to schedule network 954253af-fd67-4906-9eaa-b5683df39d34: no agents available; will retry on subsequent port and subnet creation events.
2026-06-24 02:10:07.022 9 INFO neutron.db.ovn_revision_numbers_db [None req-7960a2b5-e55e-456c-84d4-d55418dc704a a74c411c140b4f3dab6765cfd0fa135f a8cb0c9d671247d89a725b159afe4b3a - - default default] Successfully bumped revision number for resource c128b74b-b41b-4a14-87ae-06e7b8bba856 (type: ports) to 1
2026-06-24 02:10:07.071 9 INFO neutron.wsgi [None req-7960a2b5-e55e-456c-84d4-d55418dc704a a74c411c140b4f3dab6765cfd0fa135f a8cb0c9d671247d89a725b159afe4b3a - - default default] 10.0.0.146 "POST /v2.0/networks HTTP/1.1" status: 201 len: 834 time: 0.8262324
2026-06-24 02:10:07.079 10 INFO neutron.services.segments.plugin [-] Segment 7df66d73-9759-4c66-bfb5-5e13e8f37a76 resource provider aggregate not found
2026-06-24 02:10:07.085 10 INFO neutron.services.segments.plugin [-] Segment 7df66d73-9759-4c66-bfb5-5e13e8f37a76 resource provider aggregate not found
2026-06-24 02:10:07.108 10 INFO neutron.services.segments.plugin [-] Segment 7df66d73-9759-4c66-bfb5-5e13e8f37a76 resource provider not found; error: Placement Client Error (4xx): {"errors": [{"status": 404, "title": "Not Found", "detail": "The resource could not be found.\n\n No resource provider with uuid 7df66d73-9759-4c66-bfb5-5e13e8f37a76 found for delete ", "request_id": "req-e7d3cdaa-e7ee-4133-b668-4795673203f3"}]}
2026-06-24 02:10:07.109 10 INFO neutron.services.segments.plugin [-] Segment 7df66d73-9759-4c66-bfb5-5e13e8f37a76 resource provider not found; error: Placement Client Error (4xx): {"errors": [{"status": 404, "title": "Not Found", "detail": "The resource could not be found.\n\n No resource provider with uuid 7df66d73-9759-4c66-bfb5-5e13e8f37a76 found for delete ", "request_id": "req-6b3e0fd0-cae7-4308-a902-1878285517ec"}]}
2026-06-24 02:10:07.132 10 INFO neutron.wsgi [None req-1b779d30-b95c-4c78-8ff9-230f6ce4c747 abe2330db67a46df862983bb8a5bac54 bf91c71cefa742fa89254750baf9f822 - - default default] 10.0.0.146 "DELETE /v2.0/networks/4161f88a-0c8f-4bdb-8b3c-4de785378c73 HTTP/1.1" status: 204 len: 168 time: 0.6204939
2026-06-24 02:10:07.512 9 WARNING neutron.scheduler.dhcp_agent_scheduler [None req-8b7725b6-9cfe-4301-ac27-3076225f4fde a74c411c140b4f3dab6765cfd0fa135f a8cb0c9d671247d89a725b159afe4b3a - - default default] No more DHCP agents
2026-06-24 02:10:07.519 9 WARNING neutron.api.rpc.agentnotifiers.dhcp_rpc_agent_api [None req-8b7725b6-9cfe-4301-ac27-3076225f4fde a74c411c140b4f3dab6765cfd0fa135f a8cb0c9d671247d89a725b159afe4b3a - - default default] Unable to schedule network 954253af-fd67-4906-9eaa-b5683df39d34: no agents available; will retry on subsequent port and subnet creation events.
2026-06-24 02:10:07.554 9 INFO neutron.db.ovn_revision_numbers_db [None req-8b7725b6-9cfe-4301-ac27-3076225f4fde a74c411c140b4f3dab6765cfd0fa135f a8cb0c9d671247d89a725b159afe4b3a - - default default] Successfully bumped revision number for resource c6e93f05-a217-4c1c-81e4-f72ac576b3cd (type: subnets) to 0
2026-06-24 02:10:07.573 9 INFO neutron.wsgi [None req-8b7725b6-9cfe-4301-ac27-3076225f4fde a74c411c140b4f3dab6765cfd0fa135f a8cb0c9d671247d89a725b159afe4b3a - - default default] 10.0.0.146 "POST /v2.0/subnets HTTP/1.1" status: 201 len: 821 time: 0.4968848
2026-06-24 02:10:07.727 10 INFO neutron.wsgi [None req-99be1ee1-1451-48c9-9afb-b1840e223c1b abe2330db67a46df862983bb8a5bac54 bf91c71cefa742fa89254750baf9f822 - - default default] 10.0.0.146 "DELETE /v2.0/networks/32b76908-6e91-44e2-9c50-719881192d74 HTTP/1.1" status: 204 len: 168 time: 0.5875394
2026-06-24 02:10:07.993 9 WARNING neutron.scheduler.dhcp_agent_scheduler [None req-deb07c4f-092d-491f-b5bd-4d4efeb4e923 a74c411c140b4f3dab6765cfd0fa135f a8cb0c9d671247d89a725b159afe4b3a - - default default] No more DHCP agents
2026-06-24 02:10:07.995 9 WARNING neutron.api.rpc.agentnotifiers.dhcp_rpc_agent_api [None req-deb07c4f-092d-491f-b5bd-4d4efeb4e923 a74c411c140b4f3dab6765cfd0fa135f a8cb0c9d671247d89a725b159afe4b3a - - default default] Unable to schedule network 954253af-fd67-4906-9eaa-b5683df39d34: no agents available; will retry on subsequent port and subnet creation events.
2026-06-24 02:10:08.126 9 INFO neutron.db.ovn_revision_numbers_db [None req-deb07c4f-092d-491f-b5bd-4d4efeb4e923 a74c411c140b4f3dab6765cfd0fa135f a8cb0c9d671247d89a725b159afe4b3a - - default default] Successfully bumped revision number for resource ca3ae6ba-05f1-44c6-a864-b79135825a35 (type: ports) to 1
2026-06-24 02:10:08.170 9 INFO neutron.wsgi [None req-deb07c4f-092d-491f-b5bd-4d4efeb4e923 a74c411c140b4f3dab6765cfd0fa135f a8cb0c9d671247d89a725b159afe4b3a - - default default] 10.0.0.146 "POST /v2.0/ports HTTP/1.1" status: 201 len: 1165 time: 0.5898762
2026-06-24 02:10:08.226 10 INFO neutron.wsgi [None req-28d9a6cf-d841-40a1-b659-72ac2a47f377 abe2330db67a46df862983bb8a5bac54 bf91c71cefa742fa89254750baf9f822 - - default default] 10.0.0.146 "DELETE /v2.0/networks/dacf8d8b-7aaa-4a2c-8627-b60a73177cfa HTTP/1.1" status: 204 len: 168 time: 0.4885771 /var/lib/openstack/lib/python3.10/site-packages/pycadf/identifier.py:71: UserWarning: Invalid uuid: neutron. To ensure interoperability, identifiers should be a valid uuid. warnings.warn(('Invalid uuid: %s. To ensure interoperability, '
2026-06-24 02:10:08.514 10 INFO neutron.wsgi [None req-21f3661b-0cb4-4e31-972b-6adff3e9056c a74c411c140b4f3dab6765cfd0fa135f a8cb0c9d671247d89a725b159afe4b3a - - default default] 10.0.0.146 "DELETE /v2.0/ports/ca3ae6ba-05f1-44c6-a864-b79135825a35 HTTP/1.1" status: 204 len: 168 time: 0.3314996
2026-06-24 02:10:08.547 10 INFO neutron.pecan_wsgi.hooks.translation [None req-d972bfe6-416c-4033-b17f-830a094f2d0b a74c411c140b4f3dab6765cfd0fa135f a8cb0c9d671247d89a725b159afe4b3a - - default default] DELETE failed (client error): The resource could not be found.
2026-06-24 02:10:08.550 10 INFO neutron.wsgi [None req-d972bfe6-416c-4033-b17f-830a094f2d0b a74c411c140b4f3dab6765cfd0fa135f a8cb0c9d671247d89a725b159afe4b3a - - default default] 10.0.0.146 "DELETE /v2.0/ports/ca3ae6ba-05f1-44c6-a864-b79135825a35 HTTP/1.1" status: 404 len: 333 time: 0.0295341
2026-06-24 02:10:08.579 9 INFO neutron.pecan_wsgi.hooks.translation [None req-fed1357f-e8fa-4d1a-9a47-eb396647ce5d a74c411c140b4f3dab6765cfd0fa135f a8cb0c9d671247d89a725b159afe4b3a - - default default] GET failed (client error): The resource could not be found.
2026-06-24 02:10:08.580 9 INFO neutron.wsgi [None req-fed1357f-e8fa-4d1a-9a47-eb396647ce5d a74c411c140b4f3dab6765cfd0fa135f a8cb0c9d671247d89a725b159afe4b3a - - default default] 10.0.0.146 "GET /v2.0/ports/ca3ae6ba-05f1-44c6-a864-b79135825a35 HTTP/1.1" status: 404 len: 333 time: 0.0215361
2026-06-24 02:10:08.640 9 INFO neutron.services.segments.plugin [-] Segment 6577ca49-b9c4-4206-8d32-7c9643893890 resource provider aggregate not found
2026-06-24 02:10:08.647 9 INFO neutron.services.segments.plugin [-] Segment 6577ca49-b9c4-4206-8d32-7c9643893890 resource provider aggregate not found
2026-06-24 02:10:08.659 9 INFO neutron.services.segments.plugin [-] Segment 6577ca49-b9c4-4206-8d32-7c9643893890 resource provider not found; error: Placement Client Error (4xx): {"errors": [{"status": 404, "title": "Not Found", "detail": "The resource could not be found.\n\n No resource provider with uuid 6577ca49-b9c4-4206-8d32-7c9643893890 found for delete ", "request_id": "req-d8df2d62-17c4-449e-b4fb-0c544992ba11"}]}
2026-06-24 02:10:08.685 9 INFO neutron.services.segments.plugin [-] Segment 6577ca49-b9c4-4206-8d32-7c9643893890 resource provider not found; error: Placement Client Error (4xx): {"errors": [{"status": 404, "title": "Not Found", "detail": "The resource could not be found.\n\n No resource provider with uuid 6577ca49-b9c4-4206-8d32-7c9643893890 found for delete ", "request_id": "req-ae4f70d4-dcfc-4192-ba30-0c605bc9479f"}]}
2026-06-24 02:10:08.737 9 INFO neutron.wsgi [None req-df64e84e-59b0-47b5-9feb-43a04504c876 abe2330db67a46df862983bb8a5bac54 bf91c71cefa742fa89254750baf9f822 - - default default] 10.0.0.146 "DELETE /v2.0/networks/91ea07b2-dbff-4511-9be5-0266f6c70ebf HTTP/1.1" status: 204 len: 168 time: 0.5046110
2026-06-24 02:10:08.885 9 INFO neutron.wsgi [None req-65c5312f-552d-459a-b418-77856393eb6e a74c411c140b4f3dab6765cfd0fa135f a8cb0c9d671247d89a725b159afe4b3a - - default default] 10.0.0.146 "DELETE /v2.0/subnets/c6e93f05-a217-4c1c-81e4-f72ac576b3cd HTTP/1.1" status: 204 len: 168 time: 0.2986827
2026-06-24 02:10:09.068 10 INFO neutron.db.ovn_revision_numbers_db [None req-205109d9-ec3c-45b9-8bc8-0e76b8115d3f bee25dea1dca4c759df1be40cb4120ec 49564860c50c44a5a183d28137277f4a - - default default] Successfully bumped revision number for resource fa106253-3a11-4959-aa1d-7091638cbb46 (type: security_groups) to 1
2026-06-24 02:10:09.083 10 INFO neutron.db.ovn_revision_numbers_db [None req-205109d9-ec3c-45b9-8bc8-0e76b8115d3f bee25dea1dca4c759df1be40cb4120ec 49564860c50c44a5a183d28137277f4a - - default default] Successfully bumped revision number for resource 11945486-2732-4918-88c4-db43d2ec1ce8 (type: security_group_rules) to 0
2026-06-24 02:10:09.101 10 INFO neutron.db.ovn_revision_numbers_db [None req-205109d9-ec3c-45b9-8bc8-0e76b8115d3f bee25dea1dca4c759df1be40cb4120ec 49564860c50c44a5a183d28137277f4a - - default default] Successfully bumped revision number for resource 37c2f6d7-208e-4e86-b7b1-f6be8d1ea684 (type: security_group_rules) to 0
2026-06-24 02:10:09.129 10 INFO neutron.db.ovn_revision_numbers_db [None req-205109d9-ec3c-45b9-8bc8-0e76b8115d3f bee25dea1dca4c759df1be40cb4120ec 49564860c50c44a5a183d28137277f4a - - default default] Successfully bumped revision number for resource 91145c2f-2077-47ea-ba7e-28ec0046f5e7 (type: security_group_rules) to 0
2026-06-24 02:10:09.132 10 INFO neutron.services.segments.plugin [-] Segment b2cdae1c-9adc-4c49-aa0b-2877f0c49ab1 resource provider aggregate not found
2026-06-24 02:10:09.138 10 INFO neutron.services.segments.plugin [-] Segment b2cdae1c-9adc-4c49-aa0b-2877f0c49ab1 resource provider aggregate not found
2026-06-24 02:10:09.153 10 INFO neutron.services.segments.plugin [-] Segment b2cdae1c-9adc-4c49-aa0b-2877f0c49ab1 resource provider not found; error: Placement Client Error (4xx): {"errors": [{"status": 404, "title": "Not Found", "detail": "The resource could not be found.\n\n No resource provider with uuid b2cdae1c-9adc-4c49-aa0b-2877f0c49ab1 found for delete ", "request_id": "req-8d3228b6-f816-440f-b13b-0be21c2fcfd9"}]}
2026-06-24 02:10:09.158 10 INFO neutron.services.segments.plugin [-] Segment b2cdae1c-9adc-4c49-aa0b-2877f0c49ab1 resource provider not found; error: Placement Client Error (4xx): {"errors": [{"status": 404, "title": "Not Found", "detail": "The resource could not be found.\n\n No resource provider with uuid b2cdae1c-9adc-4c49-aa0b-2877f0c49ab1 found for delete ", "request_id": "req-b55d7f1d-0148-41cc-9a85-5ec511ac3273"}]}
2026-06-24 02:10:09.164 10 INFO neutron.services.segments.plugin [-] Segment 4659bce1-e5e7-4323-a4e2-631725b38a27 resource provider aggregate not found
2026-06-24 02:10:09.170 10 INFO neutron.db.ovn_revision_numbers_db [None req-205109d9-ec3c-45b9-8bc8-0e76b8115d3f bee25dea1dca4c759df1be40cb4120ec 49564860c50c44a5a183d28137277f4a - - default default] Successfully bumped revision number for resource 95c416fd-2c30-49e5-9f0c-2222e1b58853 (type: security_group_rules) to 0
2026-06-24 02:10:09.174 10 INFO neutron.services.segments.plugin [-] Segment 4659bce1-e5e7-4323-a4e2-631725b38a27 resource provider aggregate not found
2026-06-24 02:10:09.182 10 INFO neutron.services.segments.plugin [-] Segment 4659bce1-e5e7-4323-a4e2-631725b38a27 resource provider not found; error: Placement Client Error (4xx): {"errors": [{"status": 404, "title": "Not Found", "detail": "The resource could not be found.\n\n No resource provider with uuid 4659bce1-e5e7-4323-a4e2-631725b38a27 found for delete ", "request_id": "req-d78248c8-2c9f-42bc-9b5d-753dbb58a980"}]}
2026-06-24 02:10:09.192 10 INFO neutron.services.segments.plugin [-] Segment 4659bce1-e5e7-4323-a4e2-631725b38a27 resource provider not found; error: Placement Client Error (4xx): {"errors": [{"status": 404, "title": "Not Found", "detail": "The resource could not be found.\n\n No resource provider with uuid 4659bce1-e5e7-4323-a4e2-631725b38a27 found for delete ", "request_id": "req-f7d67c6c-302e-4a5e-98a1-a651ed0840c8"}]}
2026-06-24 02:10:09.225 10 INFO neutron.db.segments_db [None req-205109d9-ec3c-45b9-8bc8-0e76b8115d3f bee25dea1dca4c759df1be40cb4120ec 49564860c50c44a5a183d28137277f4a - - default default] Added segment e3cb9b40-bd1b-4590-947a-b8e595e24580 of type geneve for network e0c19c0d-fb43-4b97-82b5-4d7a0e7f8b79
2026-06-24 02:10:09.362 9 INFO neutron.wsgi [None req-4e3ba10c-a32d-4a28-ad9f-b7a98e506281 a74c411c140b4f3dab6765cfd0fa135f a8cb0c9d671247d89a725b159afe4b3a - - default default] 10.0.0.146 "DELETE /v2.0/networks/954253af-fd67-4906-9eaa-b5683df39d34 HTTP/1.1" status: 204 len: 168 time: 0.4715264
2026-06-24 02:10:09.423 10 INFO neutron.db.ovn_revision_numbers_db [None req-205109d9-ec3c-45b9-8bc8-0e76b8115d3f bee25dea1dca4c759df1be40cb4120ec 49564860c50c44a5a183d28137277f4a - - default default] Successfully bumped revision number for resource e0c19c0d-fb43-4b97-82b5-4d7a0e7f8b79 (type: networks) to 1
2026-06-24 02:10:09.506 10 INFO neutron.db.segments_db [None req-ff8fca48-5e9e-48c2-bc74-89f1f83034fe a74c411c140b4f3dab6765cfd0fa135f a8cb0c9d671247d89a725b159afe4b3a - - default default] Added segment e2b8376a-170b-4739-8c76-097ab6498eed of type geneve for network 4b89dae9-f54b-40e9-8162-129cce1711a8
2026-06-24 02:10:09.582 9 INFO neutron.wsgi [None req-7b1512b3-1ce8-4246-bb6f-a485656ccae6 a24861d46242441ab46d0ebd120db796 4145243cb21a40398cc51ef29dfbdc09 - - default default] 10.0.0.146 "GET /v2.0/security-groups?tenant_id=bf91c71cefa742fa89254750baf9f822&name=default HTTP/1.1" status: 200 len: 2996 time: 0.2603965
2026-06-24 02:10:09.686 10 WARNING neutron.scheduler.dhcp_agent_scheduler [None req-205109d9-ec3c-45b9-8bc8-0e76b8115d3f bee25dea1dca4c759df1be40cb4120ec 49564860c50c44a5a183d28137277f4a - - default default] No more DHCP agents
2026-06-24 02:10:09.690 10 WARNING neutron.api.rpc.agentnotifiers.dhcp_rpc_agent_api [None req-205109d9-ec3c-45b9-8bc8-0e76b8115d3f bee25dea1dca4c759df1be40cb4120ec 49564860c50c44a5a183d28137277f4a - - default default] Unable to schedule network e0c19c0d-fb43-4b97-82b5-4d7a0e7f8b79: no agents available; will retry on subsequent port and subnet creation events.
2026-06-24 02:10:09.758 10 INFO neutron.db.ovn_revision_numbers_db [None req-ff8fca48-5e9e-48c2-bc74-89f1f83034fe a74c411c140b4f3dab6765cfd0fa135f a8cb0c9d671247d89a725b159afe4b3a - - default default] Successfully bumped revision number for resource 4b89dae9-f54b-40e9-8162-129cce1711a8 (type: networks) to 1
2026-06-24 02:10:09.831 10 INFO neutron.wsgi [-] 10.0.0.79 "GET / HTTP/1.1" status: 200 len: 247 time: 0.0017476
