2026-06-24 02:11:01.764 9 INFO neutron.wsgi [None req-d65e5834-3c67-4c83-84d0-68c073e13dc4 519ad3e98b9841a4af761552450dcb34 b73122115fe748968fda6b624c2b0d93 - - default default] 10.0.0.146 "GET /v2.0/security-groups HTTP/1.1" status: 200 len: 2996 time: 0.0565205
2026-06-24 02:11:01.804 9 INFO neutron.wsgi [None req-e15bbcd7-37d0-4d57-8cb4-694ffa2678c0 519ad3e98b9841a4af761552450dcb34 b73122115fe748968fda6b624c2b0d93 - - default default] 10.0.0.146 "GET /v2.0/security-groups HTTP/1.1" status: 200 len: 2996 time: 0.0340774
2026-06-24 02:11:01.809 10 INFO neutron.wsgi [None req-ee7f3721-9995-45e0-997e-6d7b25bb1d90 32f4548003ca4e3a857a5f37dac66e20 a9072613673d477f9c5bc31e15f47572 - - default default] 10.0.0.146 "GET /v2.0/subnets/345cb411-5473-4535-8894-47814c69db63/tags HTTP/1.1" status: 200 len: 205 time: 0.0467823
2026-06-24 02:11:01.935 10 INFO neutron.db.ovn_revision_numbers_db [None req-98943e1b-688e-45cd-9178-4570a47019ac 226e523fc2194065b2d0d46ce6a9a92b 999a78fb50d34d6e90e1c0a42cba156b - - default default] Successfully bumped revision number for resource d77b02b2-e16a-4ea1-9eb8-42d4543cf48d (type: security_groups) to 1
2026-06-24 02:11:01.953 10 INFO neutron.db.ovn_revision_numbers_db [None req-98943e1b-688e-45cd-9178-4570a47019ac 226e523fc2194065b2d0d46ce6a9a92b 999a78fb50d34d6e90e1c0a42cba156b - - default default] Successfully bumped revision number for resource 2ea67c79-2fe6-47c1-b2ae-820bf132f5db (type: security_group_rules) to 0
2026-06-24 02:11:01.979 10 INFO neutron.db.ovn_revision_numbers_db [None req-98943e1b-688e-45cd-9178-4570a47019ac 226e523fc2194065b2d0d46ce6a9a92b 999a78fb50d34d6e90e1c0a42cba156b - - default default] Successfully bumped revision number for resource 67633cd7-87cb-413b-ba5f-405716947985 (type: security_group_rules) to 0
2026-06-24 02:11:02.007 10 INFO neutron.wsgi [None req-98943e1b-688e-45cd-9178-4570a47019ac 226e523fc2194065b2d0d46ce6a9a92b 999a78fb50d34d6e90e1c0a42cba156b - - default default] 10.0.0.146 "POST /v2.0/security-groups HTTP/1.1" status: 201 len: 1737 time: 0.2711327
2026-06-24 02:11:02.074 10 INFO neutron.wsgi [None req-d6c81069-efd2-419d-ab21-eee74cb9de5a 32f4548003ca4e3a857a5f37dac66e20 a9072613673d477f9c5bc31e15f47572 - - default default] 10.0.0.146 "DELETE /v2.0/subnets/345cb411-5473-4535-8894-47814c69db63 HTTP/1.1" status: 204 len: 168 time: 0.2552438
2026-06-24 02:11:02.122 9 INFO neutron.db.ovn_revision_numbers_db [None req-704e9c77-d0ec-4851-b4ca-b5b0ee104610 226e523fc2194065b2d0d46ce6a9a92b 999a78fb50d34d6e90e1c0a42cba156b - - default default] Successfully bumped revision number for resource 6fd46835-cb69-4dd4-81fe-d3758bf01658 (type: security_groups) to 1
2026-06-24 02:11:02.143 9 INFO neutron.db.ovn_revision_numbers_db [None req-704e9c77-d0ec-4851-b4ca-b5b0ee104610 226e523fc2194065b2d0d46ce6a9a92b 999a78fb50d34d6e90e1c0a42cba156b - - default default] Successfully bumped revision number for resource 5e6232f5-612b-4c0d-9b94-6794328e50cb (type: security_group_rules) to 0
2026-06-24 02:11:02.158 9 INFO neutron.db.ovn_revision_numbers_db [None req-704e9c77-d0ec-4851-b4ca-b5b0ee104610 226e523fc2194065b2d0d46ce6a9a92b 999a78fb50d34d6e90e1c0a42cba156b - - default default] Successfully bumped revision number for resource ef5076d1-b01d-45ff-a886-5731ca73b138 (type: security_group_rules) to 0
2026-06-24 02:11:02.186 9 INFO neutron.wsgi [None req-704e9c77-d0ec-4851-b4ca-b5b0ee104610 226e523fc2194065b2d0d46ce6a9a92b 999a78fb50d34d6e90e1c0a42cba156b - - default default] 10.0.0.146 "POST /v2.0/security-groups HTTP/1.1" status: 201 len: 1737 time: 0.1679301
2026-06-24 02:11:02.322 9 INFO neutron.wsgi [None req-4450ee13-1d1e-444b-a63c-9b4266990946 a24861d46242441ab46d0ebd120db796 4145243cb21a40398cc51ef29dfbdc09 - - default default] 10.0.0.146 "GET /v2.0/security-groups?tenant_id=b73122115fe748968fda6b624c2b0d93&name=default HTTP/1.1" status: 200 len: 2996 time: 0.0763438
2026-06-24 02:11:02.403 10 INFO neutron.db.ovn_revision_numbers_db [None req-0effc84f-c2bf-487d-bdb0-ff81ae3ec082 226e523fc2194065b2d0d46ce6a9a92b 999a78fb50d34d6e90e1c0a42cba156b - - default default] Successfully bumped revision number for resource 0a47dbea-143e-41f3-a481-c00953339441 (type: security_groups) to 1
2026-06-24 02:11:02.428 10 INFO neutron.db.ovn_revision_numbers_db [None req-aa3cb82d-8de8-40d8-b6a1-771a6d956e8c a24861d46242441ab46d0ebd120db796 4145243cb21a40398cc51ef29dfbdc09 - - default default] Successfully bumped revision number for resource fc0fdec0-c9d6-4505-9cb4-304ee2967a2e (type: security_groups) to 1
2026-06-24 02:11:02.432 10 INFO neutron.db.ovn_revision_numbers_db [None req-0effc84f-c2bf-487d-bdb0-ff81ae3ec082 226e523fc2194065b2d0d46ce6a9a92b 999a78fb50d34d6e90e1c0a42cba156b - - default default] Successfully bumped revision number for resource 979173d8-ea95-4435-bdeb-5d5d5a4d3c94 (type: security_group_rules) to 0
2026-06-24 02:11:02.460 10 INFO neutron.db.ovn_revision_numbers_db [None req-aa3cb82d-8de8-40d8-b6a1-771a6d956e8c a24861d46242441ab46d0ebd120db796 4145243cb21a40398cc51ef29dfbdc09 - - default default] Successfully bumped revision number for resource 234f17df-9ff6-419d-a82e-3a461441fd9f (type: security_group_rules) to 0
2026-06-24 02:11:02.462 10 INFO neutron.db.ovn_revision_numbers_db [None req-0effc84f-c2bf-487d-bdb0-ff81ae3ec082 226e523fc2194065b2d0d46ce6a9a92b 999a78fb50d34d6e90e1c0a42cba156b - - default default] Successfully bumped revision number for resource d255e994-ff6f-4866-aae4-fb28b59bca0b (type: security_group_rules) to 0
2026-06-24 02:11:02.500 10 INFO neutron.db.ovn_revision_numbers_db [None req-aa3cb82d-8de8-40d8-b6a1-771a6d956e8c a24861d46242441ab46d0ebd120db796 4145243cb21a40398cc51ef29dfbdc09 - - default default] Successfully bumped revision number for resource 38e2b93d-c3dc-4f05-9997-4425f9ded1a9 (type: security_group_rules) to 0
2026-06-24 02:11:02.502 9 INFO neutron.wsgi [None req-bf6b1329-1d6a-4e44-8d6b-a6c09aa285fc a24861d46242441ab46d0ebd120db796 4145243cb21a40398cc51ef29dfbdc09 - - default default] 10.0.0.146 "DELETE /v2.0/security-groups/3684efae-c6e9-40b1-8b0a-7f3c6b54981d HTTP/1.1" status: 204 len: 168 time: 0.1759179
2026-06-24 02:11:02.505 10 INFO neutron.wsgi [None req-0effc84f-c2bf-487d-bdb0-ff81ae3ec082 226e523fc2194065b2d0d46ce6a9a92b 999a78fb50d34d6e90e1c0a42cba156b - - default default] 10.0.0.146 "POST /v2.0/security-groups HTTP/1.1" status: 201 len: 1737 time: 0.3127575
2026-06-24 02:11:02.537 10 INFO neutron.db.ovn_revision_numbers_db [None req-aa3cb82d-8de8-40d8-b6a1-771a6d956e8c a24861d46242441ab46d0ebd120db796 4145243cb21a40398cc51ef29dfbdc09 - - default default] Successfully bumped revision number for resource 907ebd2f-caff-4d3a-93c7-a542366d47a4 (type: security_group_rules) to 0
2026-06-24 02:11:02.542 9 INFO neutron.wsgi [None req-ff96dedf-6041-481a-9057-e1505b4970c1 226e523fc2194065b2d0d46ce6a9a92b 999a78fb50d34d6e90e1c0a42cba156b - - default default] 10.0.0.146 "PUT /v2.0/security-groups/90a86fa7-722f-4925-8f81-6d9293a509e5/tags HTTP/1.1" status: 200 len: 210 time: 0.0326176
2026-06-24 02:11:02.552 10 INFO neutron.services.segments.plugin [-] Segment 580e54b8-1a5b-4541-8e1f-e031cf155509 resource provider aggregate not found
2026-06-24 02:11:02.560 10 INFO neutron.services.segments.plugin [-] Segment 580e54b8-1a5b-4541-8e1f-e031cf155509 resource provider aggregate not found
2026-06-24 02:11:02.577 10 INFO neutron.services.segments.plugin [-] Segment 580e54b8-1a5b-4541-8e1f-e031cf155509 resource provider not found; error: Placement Client Error (4xx): {"errors": [{"status": 404, "title": "Not Found", "detail": "The resource could not be found.\n\n No resource provider with uuid 580e54b8-1a5b-4541-8e1f-e031cf155509 found for delete ", "request_id": "req-e21ea983-807d-444b-9d18-2c5ae938f550"}]}
2026-06-24 02:11:02.582 10 INFO neutron.db.ovn_revision_numbers_db [None req-aa3cb82d-8de8-40d8-b6a1-771a6d956e8c a24861d46242441ab46d0ebd120db796 4145243cb21a40398cc51ef29dfbdc09 - - default default] Successfully bumped revision number for resource be7748d8-ad3b-49ca-98e5-97e05e8054de (type: security_group_rules) to 0
2026-06-24 02:11:02.588 9 INFO neutron.wsgi [None req-fdae60ef-ca78-43c4-ad67-4d57d33c987c 226e523fc2194065b2d0d46ce6a9a92b 999a78fb50d34d6e90e1c0a42cba156b - - default default] 10.0.0.146 "PUT /v2.0/security-groups/1e737359-443c-4535-b47a-37ca8e4905b1/tags HTTP/1.1" status: 200 len: 218 time: 0.0367334
2026-06-24 02:11:02.590 10 INFO neutron.services.segments.plugin [-] Segment 580e54b8-1a5b-4541-8e1f-e031cf155509 resource provider not found; error: Placement Client Error (4xx): {"errors": [{"status": 404, "title": "Not Found", "detail": "The resource could not be found.\n\n No resource provider with uuid 580e54b8-1a5b-4541-8e1f-e031cf155509 found for delete ", "request_id": "req-95aa55a0-9608-4bcf-af97-fbf2ee112666"}]}
2026-06-24 02:11:02.621 10 INFO neutron.wsgi [None req-8a69aceb-f1df-470b-bca4-f83f2b2ca300 32f4548003ca4e3a857a5f37dac66e20 a9072613673d477f9c5bc31e15f47572 - - default default] 10.0.0.146 "DELETE /v2.0/networks/74b70466-d9df-4ca1-8343-b191bb38f1d1 HTTP/1.1" status: 204 len: 168 time: 0.5399861
2026-06-24 02:11:02.623 10 INFO neutron.wsgi [None req-aa3cb82d-8de8-40d8-b6a1-771a6d956e8c a24861d46242441ab46d0ebd120db796 4145243cb21a40398cc51ef29dfbdc09 - - default default] 10.0.0.146 "GET /v2.0/security-groups?tenant_id=28eb8e18c37c410d9da7c46513210517&name=default HTTP/1.1" status: 200 len: 2996 time: 0.5454841
2026-06-24 02:11:02.645 9 INFO neutron.wsgi [None req-7c3ccb33-ec66-4227-8160-31385f80b900 226e523fc2194065b2d0d46ce6a9a92b 999a78fb50d34d6e90e1c0a42cba156b - - default default] 10.0.0.146 "PUT /v2.0/security-groups/d77b02b2-e16a-4ea1-9eb8-42d4543cf48d/tags HTTP/1.1" status: 200 len: 227 time: 0.0518684
2026-06-24 02:11:02.684 10 INFO neutron.wsgi [None req-e0805e16-1014-474f-ac78-0ea5fb99618c 226e523fc2194065b2d0d46ce6a9a92b 999a78fb50d34d6e90e1c0a42cba156b - - default default] 10.0.0.146 "PUT /v2.0/security-groups/6fd46835-cb69-4dd4-81fe-d3758bf01658/tags HTTP/1.1" status: 200 len: 212 time: 0.0335121
2026-06-24 02:11:02.756 10 INFO neutron.wsgi [None req-8325ae6a-97cb-4488-9eeb-18265ddcd3c5 226e523fc2194065b2d0d46ce6a9a92b 999a78fb50d34d6e90e1c0a42cba156b - - default default] 10.0.0.146 "GET /v2.0/security-groups?tags=red HTTP/1.1" status: 200 len: 4813 time: 0.0675712
2026-06-24 02:11:02.816 10 INFO neutron.wsgi [None req-dca32726-8d9b-4703-af02-a19f630854a8 226e523fc2194065b2d0d46ce6a9a92b 999a78fb50d34d6e90e1c0a42cba156b - - default default] 10.0.0.146 "GET /v2.0/security-groups?tags=red%2Cblue HTTP/1.1" status: 200 len: 3289 time: 0.0490050
2026-06-24 02:11:02.839 9 INFO neutron.wsgi [None req-eb97dc6e-49c9-4c37-9dfd-d1e0b9704d3c a24861d46242441ab46d0ebd120db796 4145243cb21a40398cc51ef29dfbdc09 - - default default] 10.0.0.146 "DELETE /v2.0/security-groups/fc0fdec0-c9d6-4505-9cb4-304ee2967a2e HTTP/1.1" status: 204 len: 168 time: 0.2062004
2026-06-24 02:11:02.872 10 INFO neutron.wsgi [None req-a1873338-30e8-4444-a937-ae52c0403f11 226e523fc2194065b2d0d46ce6a9a92b 999a78fb50d34d6e90e1c0a42cba156b - - default default] 10.0.0.146 "GET /v2.0/security-groups?tags-any=blue HTTP/1.1" status: 200 len: 3289 time: 0.0466340
2026-06-24 02:11:02.950 10 INFO neutron.wsgi [None req-a236f806-2f2c-42ba-897d-369d58ace0c0 226e523fc2194065b2d0d46ce6a9a92b 999a78fb50d34d6e90e1c0a42cba156b - - default default] 10.0.0.146 "GET /v2.0/security-groups?tags-any=red%2Cblue HTTP/1.1" status: 200 len: 4813 time: 0.0715201
2026-06-24 02:11:02.996 10 INFO neutron.wsgi [None req-b9eaf7b2-f350-4c97-9087-9c8ab1a98235 226e523fc2194065b2d0d46ce6a9a92b 999a78fb50d34d6e90e1c0a42cba156b - - default default] 10.0.0.146 "GET /v2.0/security-groups?not-tags=red HTTP/1.1" status: 200 len: 6041 time: 0.0405097
2026-06-24 02:11:03.052 10 INFO neutron.wsgi [None req-ab81896d-8d79-44b5-bd7b-0e6f3a677d00 226e523fc2194065b2d0d46ce6a9a92b 999a78fb50d34d6e90e1c0a42cba156b - - default default] 10.0.0.146 "GET /v2.0/security-groups?not-tags=red%2Cblue HTTP/1.1" status: 200 len: 7565 time: 0.0494673
2026-06-24 02:11:03.103 10 INFO neutron.wsgi [None req-5d239040-dc4f-4750-b48e-b0321ce559a2 226e523fc2194065b2d0d46ce6a9a92b 999a78fb50d34d6e90e1c0a42cba156b - - default default] 10.0.0.146 "GET /v2.0/security-groups?not-tags-any=blue HTTP/1.1" status: 200 len: 7565 time: 0.0466254
2026-06-24 02:11:03.140 10 INFO neutron.wsgi [None req-5ccc2ad8-11c6-4940-943a-ee92dd1cff42 226e523fc2194065b2d0d46ce6a9a92b 999a78fb50d34d6e90e1c0a42cba156b - - default default] 10.0.0.146 "GET /v2.0/security-groups?not-tags-any=red%2Cblue HTTP/1.1" status: 200 len: 6041 time: 0.0336013
2026-06-24 02:11:03.231 10 INFO neutron.wsgi [None req-e7cf925e-8e51-4c79-b84a-5b81c4eaa3b1 226e523fc2194065b2d0d46ce6a9a92b 999a78fb50d34d6e90e1c0a42cba156b - - default default] 10.0.0.146 "DELETE /v2.0/security-groups/90a86fa7-722f-4925-8f81-6d9293a509e5 HTTP/1.1" status: 204 len: 168 time: 0.0836916
2026-06-24 02:11:03.334 10 INFO neutron.wsgi [None req-eecb339e-2efc-4486-b555-5864e164bfe1 226e523fc2194065b2d0d46ce6a9a92b 999a78fb50d34d6e90e1c0a42cba156b - - default default] 10.0.0.146 "DELETE /v2.0/security-groups/1e737359-443c-4535-b47a-37ca8e4905b1 HTTP/1.1" status: 204 len: 168 time: 0.0962420
2026-06-24 02:11:03.459 10 INFO neutron.wsgi [None req-c3435860-d588-4f60-9349-d18be88a9c11 226e523fc2194065b2d0d46ce6a9a92b 999a78fb50d34d6e90e1c0a42cba156b - - default default] 10.0.0.146 "DELETE /v2.0/security-groups/d77b02b2-e16a-4ea1-9eb8-42d4543cf48d HTTP/1.1" status: 204 len: 168 time: 0.1181574
2026-06-24 02:11:03.536 9 INFO neutron.wsgi [None req-4f25ca05-aa01-4981-9911-7d62b72e0d6b a24861d46242441ab46d0ebd120db796 4145243cb21a40398cc51ef29dfbdc09 - - default default] 10.0.0.146 "GET /v2.0/security-groups?tenant_id=a9072613673d477f9c5bc31e15f47572&name=default HTTP/1.1" status: 200 len: 2996 time: 0.1445723
2026-06-24 02:11:03.589 10 INFO neutron.wsgi [None req-8581f88c-8390-4a84-bbef-ef3b3ab07dd2 226e523fc2194065b2d0d46ce6a9a92b 999a78fb50d34d6e90e1c0a42cba156b - - default default] 10.0.0.146 "DELETE /v2.0/security-groups/6fd46835-cb69-4dd4-81fe-d3758bf01658 HTTP/1.1" status: 204 len: 168 time: 0.1248155
2026-06-24 02:11:03.727 10 INFO neutron.wsgi [None req-b9ea8217-bbac-41bc-8404-d7df2ebf1f77 226e523fc2194065b2d0d46ce6a9a92b 999a78fb50d34d6e90e1c0a42cba156b - - default default] 10.0.0.146 "DELETE /v2.0/security-groups/0a47dbea-143e-41f3-a481-c00953339441 HTTP/1.1" status: 204 len: 168 time: 0.1331635
2026-06-24 02:11:03.801 9 INFO neutron.wsgi [None req-2c5c6e4d-9c50-455f-8b3f-d743eb46c214 a24861d46242441ab46d0ebd120db796 4145243cb21a40398cc51ef29dfbdc09 - - default default] 10.0.0.146 "DELETE /v2.0/security-groups/38d0884b-ccf1-44b0-a727-edc428d76571 HTTP/1.1" status: 204 len: 168 time: 0.2590890
2026-06-24 02:11:04.081 9 INFO neutron.db.ovn_revision_numbers_db [None req-9218928f-c134-4585-866f-7f3543555624 a24861d46242441ab46d0ebd120db796 4145243cb21a40398cc51ef29dfbdc09 - - default default] Successfully bumped revision number for resource ff5b89da-df24-4aa5-a36d-1c8aa739e9f2 (type: security_groups) to 1
2026-06-24 02:11:04.100 9 INFO neutron.db.ovn_revision_numbers_db [None req-9218928f-c134-4585-866f-7f3543555624 a24861d46242441ab46d0ebd120db796 4145243cb21a40398cc51ef29dfbdc09 - - default default] Successfully bumped revision number for resource 1c12e742-c2ec-4104-8a33-70155f525921 (type: security_group_rules) to 0
2026-06-24 02:11:04.116 9 INFO neutron.db.ovn_revision_numbers_db [None req-9218928f-c134-4585-866f-7f3543555624 a24861d46242441ab46d0ebd120db796 4145243cb21a40398cc51ef29dfbdc09 - - default default] Successfully bumped revision number for resource 5c78e58a-5674-471a-9b10-d1ce4d88681f (type: security_group_rules) to 0
2026-06-24 02:11:04.127 9 INFO neutron.db.ovn_revision_numbers_db [None req-9218928f-c134-4585-866f-7f3543555624 a24861d46242441ab46d0ebd120db796 4145243cb21a40398cc51ef29dfbdc09 - - default default] Successfully bumped revision number for resource c3b9078d-da29-49f6-8085-82b7f0711ed4 (type: security_group_rules) to 0
2026-06-24 02:11:04.140 9 INFO neutron.db.ovn_revision_numbers_db [None req-9218928f-c134-4585-866f-7f3543555624 a24861d46242441ab46d0ebd120db796 4145243cb21a40398cc51ef29dfbdc09 - - default default] Successfully bumped revision number for resource cd622899-e2e7-48b1-866c-ee71e2c6382c (type: security_group_rules) to 0
2026-06-24 02:11:04.163 9 INFO neutron.wsgi [None req-9218928f-c134-4585-866f-7f3543555624 a24861d46242441ab46d0ebd120db796 4145243cb21a40398cc51ef29dfbdc09 - - default default] 10.0.0.146 "GET /v2.0/security-groups?tenant_id=d9fd912cd2e1484fa7e81338937ed3d5&name=default HTTP/1.1" status: 200 len: 2996 time: 0.1886334
2026-06-24 02:11:04.393 9 INFO neutron.wsgi [None req-9147e012-a871-4017-9e68-950117eb6b63 a24861d46242441ab46d0ebd120db796 4145243cb21a40398cc51ef29dfbdc09 - - default default] 10.0.0.146 "DELETE /v2.0/security-groups/ff5b89da-df24-4aa5-a36d-1c8aa739e9f2 HTTP/1.1" status: 204 len: 168 time: 0.2247443
2026-06-24 02:11:04.805 9 INFO neutron.wsgi [None req-f028242d-d366-44dd-9cb4-b9a18039d670 a24861d46242441ab46d0ebd120db796 4145243cb21a40398cc51ef29dfbdc09 - - default default] 10.0.0.146 "GET /v2.0/security-groups?tenant_id=999a78fb50d34d6e90e1c0a42cba156b&name=default HTTP/1.1" status: 200 len: 2996 time: 0.1909766
2026-06-24 02:11:05.029 9 INFO neutron.wsgi [None req-3c6bb594-4ff4-42ff-bcd9-f65e4147bcda a24861d46242441ab46d0ebd120db796 4145243cb21a40398cc51ef29dfbdc09 - - default default] 10.0.0.146 "DELETE /v2.0/security-groups/168045e8-165e-4a04-944a-3730aaefbc8a HTTP/1.1" status: 204 len: 168 time: 0.2151666
2026-06-24 02:11:05.232 9 INFO neutron.db.ovn_revision_numbers_db [None req-78d610d1-75d1-42df-a062-bb28c4ebf80b a24861d46242441ab46d0ebd120db796 4145243cb21a40398cc51ef29dfbdc09 - - default default] Successfully bumped revision number for resource 58c62814-5b3d-4cdd-bf40-d106744a5b94 (type: security_groups) to 1
2026-06-24 02:11:05.245 9 INFO neutron.db.ovn_revision_numbers_db [None req-78d610d1-75d1-42df-a062-bb28c4ebf80b a24861d46242441ab46d0ebd120db796 4145243cb21a40398cc51ef29dfbdc09 - - default default] Successfully bumped revision number for resource 49a23883-b032-47a5-af4b-de1432927648 (type: security_group_rules) to 0
2026-06-24 02:11:05.259 9 INFO neutron.db.ovn_revision_numbers_db [None req-78d610d1-75d1-42df-a062-bb28c4ebf80b a24861d46242441ab46d0ebd120db796 4145243cb21a40398cc51ef29dfbdc09 - - default default] Successfully bumped revision number for resource 57a5c2b6-bce8-4748-844e-9400e720c819 (type: security_group_rules) to 0
2026-06-24 02:11:05.273 9 INFO neutron.db.ovn_revision_numbers_db [None req-78d610d1-75d1-42df-a062-bb28c4ebf80b a24861d46242441ab46d0ebd120db796 4145243cb21a40398cc51ef29dfbdc09 - - default default] Successfully bumped revision number for resource 6b1f3bd3-3a75-4157-8d24-ac33fa96e51e (type: security_group_rules) to 0
2026-06-24 02:11:05.287 9 INFO neutron.db.ovn_revision_numbers_db [None req-78d610d1-75d1-42df-a062-bb28c4ebf80b a24861d46242441ab46d0ebd120db796 4145243cb21a40398cc51ef29dfbdc09 - - default default] Successfully bumped revision number for resource 71bec271-f725-4faa-9865-1f8bc3eafb81 (type: security_group_rules) to 0
2026-06-24 02:11:05.306 9 INFO neutron.wsgi [None req-78d610d1-75d1-42df-a062-bb28c4ebf80b a24861d46242441ab46d0ebd120db796 4145243cb21a40398cc51ef29dfbdc09 - - default default] 10.0.0.146 "GET /v2.0/security-groups?tenant_id=e7af6ab1f6964199b3ad84a17446cca8&name=default HTTP/1.1" status: 200 len: 2996 time: 0.1865225
2026-06-24 02:11:05.497 9 INFO neutron.wsgi [None req-3ec51001-08ee-4935-aa81-e478dc2c3d79 a24861d46242441ab46d0ebd120db796 4145243cb21a40398cc51ef29dfbdc09 - - default default] 10.0.0.146 "DELETE /v2.0/security-groups/58c62814-5b3d-4cdd-bf40-d106744a5b94 HTTP/1.1" status: 204 len: 168 time: 0.1793559
2026-06-24 02:11:05.730 9 INFO neutron.db.ovn_revision_numbers_db [None req-c6f75f1d-79bb-4e24-8158-b17dc3fd8d6c a24861d46242441ab46d0ebd120db796 4145243cb21a40398cc51ef29dfbdc09 - - default default] Successfully bumped revision number for resource d3123039-5ce4-4137-b555-6da52b5b271a (type: security_groups) to 1
2026-06-24 02:11:05.747 9 INFO neutron.db.ovn_revision_numbers_db [None req-c6f75f1d-79bb-4e24-8158-b17dc3fd8d6c a24861d46242441ab46d0ebd120db796 4145243cb21a40398cc51ef29dfbdc09 - - default default] Successfully bumped revision number for resource 612bff96-4e8f-4250-bab8-1b34ec4dadf9 (type: security_group_rules) to 0
2026-06-24 02:11:05.766 9 INFO neutron.db.ovn_revision_numbers_db [None req-c6f75f1d-79bb-4e24-8158-b17dc3fd8d6c a24861d46242441ab46d0ebd120db796 4145243cb21a40398cc51ef29dfbdc09 - - default default] Successfully bumped revision number for resource cc2a1c6f-1ae0-4cbe-a38e-a12349a6154e (type: security_group_rules) to 0
2026-06-24 02:11:05.779 9 INFO neutron.db.ovn_revision_numbers_db [None req-c6f75f1d-79bb-4e24-8158-b17dc3fd8d6c a24861d46242441ab46d0ebd120db796 4145243cb21a40398cc51ef29dfbdc09 - - default default] Successfully bumped revision number for resource dc27ee24-0fe3-4a9c-8c6f-5361933b9303 (type: security_group_rules) to 0
2026-06-24 02:11:05.797 9 INFO neutron.db.ovn_revision_numbers_db [None req-c6f75f1d-79bb-4e24-8158-b17dc3fd8d6c a24861d46242441ab46d0ebd120db796 4145243cb21a40398cc51ef29dfbdc09 - - default default] Successfully bumped revision number for resource e0c794b8-c17e-4ec7-a948-55ab4a2824ec (type: security_group_rules) to 0
2026-06-24 02:11:05.833 9 INFO neutron.wsgi [None req-c6f75f1d-79bb-4e24-8158-b17dc3fd8d6c a24861d46242441ab46d0ebd120db796 4145243cb21a40398cc51ef29dfbdc09 - - default default] 10.0.0.146 "GET /v2.0/security-groups?tenant_id=dd074fa88ad747eea7dff8d8ba3a9a5f&name=default HTTP/1.1" status: 200 len: 2996 time: 0.2268741
2026-06-24 02:11:06.072 10 INFO neutron.wsgi [None req-7bed1933-965d-4408-afbe-d6fd7c0bebb8 a24861d46242441ab46d0ebd120db796 4145243cb21a40398cc51ef29dfbdc09 - - default default] 10.0.0.146 "DELETE /v2.0/security-groups/d3123039-5ce4-4137-b555-6da52b5b271a HTTP/1.1" status: 204 len: 168 time: 0.2309270
2026-06-24 02:11:06.832 9 INFO neutron.db.ovn_revision_numbers_db [None req-73cc728b-8e2a-4422-9bb0-bc78d5e00169 a24861d46242441ab46d0ebd120db796 4145243cb21a40398cc51ef29dfbdc09 - - default default] Successfully bumped revision number for resource 5a40d436-3c10-4829-891f-fae0c299cfff (type: security_groups) to 1
2026-06-24 02:11:06.851 9 INFO neutron.db.ovn_revision_numbers_db [None req-73cc728b-8e2a-4422-9bb0-bc78d5e00169 a24861d46242441ab46d0ebd120db796 4145243cb21a40398cc51ef29dfbdc09 - - default default] Successfully bumped revision number for resource 4b68b99e-bc9a-45f9-b392-1b9beba4e0ac (type: security_group_rules) to 0
2026-06-24 02:11:06.866 9 INFO neutron.db.ovn_revision_numbers_db [None req-73cc728b-8e2a-4422-9bb0-bc78d5e00169 a24861d46242441ab46d0ebd120db796 4145243cb21a40398cc51ef29dfbdc09 - - default default] Successfully bumped revision number for resource 886ebbeb-804a-4e32-ad61-06d628fd4fb3 (type: security_group_rules) to 0
2026-06-24 02:11:06.884 9 INFO neutron.db.ovn_revision_numbers_db [None req-73cc728b-8e2a-4422-9bb0-bc78d5e00169 a24861d46242441ab46d0ebd120db796 4145243cb21a40398cc51ef29dfbdc09 - - default default] Successfully bumped revision number for resource 90d6efdf-9533-4b1b-a650-fd5fa2d05ad1 (type: security_group_rules) to 0
2026-06-24 02:11:06.900 9 INFO neutron.db.ovn_revision_numbers_db [None req-73cc728b-8e2a-4422-9bb0-bc78d5e00169 a24861d46242441ab46d0ebd120db796 4145243cb21a40398cc51ef29dfbdc09 - - default default] Successfully bumped revision number for resource cd5ab924-46af-4e43-a740-0d4090327689 (type: security_group_rules) to 0
2026-06-24 02:11:06.925 9 INFO neutron.wsgi [None req-73cc728b-8e2a-4422-9bb0-bc78d5e00169 a24861d46242441ab46d0ebd120db796 4145243cb21a40398cc51ef29dfbdc09 - - default default] 10.0.0.146 "GET /v2.0/security-groups?tenant_id=37fb9cfd4abe44d4afe88dc0826ace67&name=default HTTP/1.1" status: 200 len: 2996 time: 0.3814683
2026-06-24 02:11:07.134 9 INFO neutron.wsgi [None req-2f54afd2-a3b4-46e3-b066-895a51792739 a24861d46242441ab46d0ebd120db796 4145243cb21a40398cc51ef29dfbdc09 - - default default] 10.0.0.146 "DELETE /v2.0/security-groups/5a40d436-3c10-4829-891f-fae0c299cfff HTTP/1.1" status: 204 len: 168 time: 0.2024810
2026-06-24 02:11:07.750 9 INFO neutron.db.ovn_revision_numbers_db [None req-dfe26e31-e4d2-4b20-921b-84f75361bc46 a24861d46242441ab46d0ebd120db796 4145243cb21a40398cc51ef29dfbdc09 - - default default] Successfully bumped revision number for resource 4a4bd1e5-58db-43ee-a3aa-bb4238d30e1e (type: security_groups) to 1
2026-06-24 02:11:07.762 9 INFO neutron.db.ovn_revision_numbers_db [None req-dfe26e31-e4d2-4b20-921b-84f75361bc46 a24861d46242441ab46d0ebd120db796 4145243cb21a40398cc51ef29dfbdc09 - - default default] Successfully bumped revision number for resource 06fb7eca-c3e5-41c3-95e4-77d9afdf14cc (type: security_group_rules) to 0
2026-06-24 02:11:07.773 9 INFO neutron.db.ovn_revision_numbers_db [None req-dfe26e31-e4d2-4b20-921b-84f75361bc46 a24861d46242441ab46d0ebd120db796 4145243cb21a40398cc51ef29dfbdc09 - - default default] Successfully bumped revision number for resource 284ab94f-bfb7-404f-947e-69291f77aa1c (type: security_group_rules) to 0
2026-06-24 02:11:07.785 9 INFO neutron.db.ovn_revision_numbers_db [None req-dfe26e31-e4d2-4b20-921b-84f75361bc46 a24861d46242441ab46d0ebd120db796 4145243cb21a40398cc51ef29dfbdc09 - - default default] Successfully bumped revision number for resource 3376896b-086e-47bd-861d-0ab049945070 (type: security_group_rules) to 0
2026-06-24 02:11:07.797 9 INFO neutron.db.ovn_revision_numbers_db [None req-dfe26e31-e4d2-4b20-921b-84f75361bc46 a24861d46242441ab46d0ebd120db796 4145243cb21a40398cc51ef29dfbdc09 - - default default] Successfully bumped revision number for resource ae41c19a-15d5-4261-a16b-dc4ba9d3f2ea (type: security_group_rules) to 0
2026-06-24 02:11:07.814 9 INFO neutron.wsgi [None req-dfe26e31-e4d2-4b20-921b-84f75361bc46 a24861d46242441ab46d0ebd120db796 4145243cb21a40398cc51ef29dfbdc09 - - default default] 10.0.0.146 "GET /v2.0/security-groups?tenant_id=603332305f094a3ca1e8d0ea2c4e37d0&name=default HTTP/1.1" status: 200 len: 2996 time: 0.3735683
2026-06-24 02:11:08.009 9 INFO neutron.wsgi [None req-eb0d901e-6dbb-478c-83c1-537848dec77b a24861d46242441ab46d0ebd120db796 4145243cb21a40398cc51ef29dfbdc09 - - default default] 10.0.0.146 "DELETE /v2.0/security-groups/4a4bd1e5-58db-43ee-a3aa-bb4238d30e1e HTTP/1.1" status: 204 len: 168 time: 0.1887240
2026-06-24 02:11:08.219 10 INFO neutron.db.ovn_revision_numbers_db [None req-4e0c426f-b377-4651-b411-b05e98b91881 a24861d46242441ab46d0ebd120db796 4145243cb21a40398cc51ef29dfbdc09 - - default default] Successfully bumped revision number for resource 1f49094a-e2d3-4c2f-a17d-46e91df2d1ad (type: security_groups) to 1
2026-06-24 02:11:08.242 10 INFO neutron.db.ovn_revision_numbers_db [None req-4e0c426f-b377-4651-b411-b05e98b91881 a24861d46242441ab46d0ebd120db796 4145243cb21a40398cc51ef29dfbdc09 - - default default] Successfully bumped revision number for resource 40437952-bfc5-441e-b92e-f056718990c1 (type: security_group_rules) to 0
2026-06-24 02:11:08.257 9 INFO neutron.db.ovn_revision_numbers_db [None req-2f2e1c73-ae63-4980-8646-bc4ba13dc980 a24861d46242441ab46d0ebd120db796 4145243cb21a40398cc51ef29dfbdc09 - - default default] Successfully bumped revision number for resource a0313dd8-47dd-42fa-b123-3171bd848b9e (type: security_groups) to 1
2026-06-24 02:11:08.261 10 INFO neutron.db.ovn_revision_numbers_db [None req-4e0c426f-b377-4651-b411-b05e98b91881 a24861d46242441ab46d0ebd120db796 4145243cb21a40398cc51ef29dfbdc09 - - default default] Successfully bumped revision number for resource 7b7645ad-3480-44fd-aeab-81b566284f14 (type: security_group_rules) to 0
2026-06-24 02:11:08.271 9 INFO neutron.db.ovn_revision_numbers_db [None req-2f2e1c73-ae63-4980-8646-bc4ba13dc980 a24861d46242441ab46d0ebd120db796 4145243cb21a40398cc51ef29dfbdc09 - - default default] Successfully bumped revision number for resource 261812d0-7f50-4f9c-9f0d-7b0605af3dac (type: security_group_rules) to 0
2026-06-24 02:11:08.278 10 INFO neutron.db.ovn_revision_numbers_db [None req-4e0c426f-b377-4651-b411-b05e98b91881 a24861d46242441ab46d0ebd120db796 4145243cb21a40398cc51ef29dfbdc09 - - default default] Successfully bumped revision number for resource a1bdb152-da13-4c0e-9487-9e8af0cd9515 (type: security_group_rules) to 0
2026-06-24 02:11:08.295 10 INFO neutron.db.ovn_revision_numbers_db [None req-4e0c426f-b377-4651-b411-b05e98b91881 a24861d46242441ab46d0ebd120db796 4145243cb21a40398cc51ef29dfbdc09 - - default default] Successfully bumped revision number for resource fdac5a9f-2f22-4bbf-bae4-da7f9cdb91c6 (type: security_group_rules) to 0
2026-06-24 02:11:08.298 9 INFO neutron.db.ovn_revision_numbers_db [None req-2f2e1c73-ae63-4980-8646-bc4ba13dc980 a24861d46242441ab46d0ebd120db796 4145243cb21a40398cc51ef29dfbdc09 - - default default] Successfully bumped revision number for resource 51bda0ee-f6bf-4996-b827-83889880b953 (type: security_group_rules) to 0
2026-06-24 02:11:08.316 9 INFO neutron.db.ovn_revision_numbers_db [None req-2f2e1c73-ae63-4980-8646-bc4ba13dc980 a24861d46242441ab46d0ebd120db796 4145243cb21a40398cc51ef29dfbdc09 - - default default] Successfully bumped revision number for resource 831cfc0f-7766-45f0-94c8-076121c1c805 (type: security_group_rules) to 0
2026-06-24 02:11:08.318 10 INFO neutron.wsgi [None req-4e0c426f-b377-4651-b411-b05e98b91881 a24861d46242441ab46d0ebd120db796 4145243cb21a40398cc51ef29dfbdc09 - - default default] 10.0.0.146 "GET /v2.0/security-groups?tenant_id=8dc399fd29f043c588df2dce00312f9b&name=default HTTP/1.1" status: 200 len: 2996 time: 0.2097836
2026-06-24 02:11:08.332 9 INFO neutron.db.ovn_revision_numbers_db [None req-2f2e1c73-ae63-4980-8646-bc4ba13dc980 a24861d46242441ab46d0ebd120db796 4145243cb21a40398cc51ef29dfbdc09 - - default default] Successfully bumped revision number for resource 93498c5c-6cba-40cc-99c8-617ac78c24fd (type: security_group_rules) to 0
2026-06-24 02:11:08.358 9 INFO neutron.wsgi [None req-2f2e1c73-ae63-4980-8646-bc4ba13dc980 a24861d46242441ab46d0ebd120db796 4145243cb21a40398cc51ef29dfbdc09 - - default default] 10.0.0.146 "GET /v2.0/security-groups?tenant_id=c9b2c05a741a474a8180571da7a6f0aa&name=default HTTP/1.1" status: 200 len: 2996 time: 0.3405867
2026-06-24 02:11:08.546 10 INFO neutron.wsgi [None req-d990e9fc-67e6-45b8-b8bd-bde15164e59c a24861d46242441ab46d0ebd120db796 4145243cb21a40398cc51ef29dfbdc09 - - default default] 10.0.0.146 "DELETE /v2.0/security-groups/1f49094a-e2d3-4c2f-a17d-46e91df2d1ad HTTP/1.1" status: 204 len: 168 time: 0.2232637
2026-06-24 02:11:08.575 9 INFO neutron.wsgi [None req-9b7f91ac-2342-471a-9d1f-079e96fc07eb a24861d46242441ab46d0ebd120db796 4145243cb21a40398cc51ef29dfbdc09 - - default default] 10.0.0.146 "DELETE /v2.0/security-groups/a0313dd8-47dd-42fa-b123-3171bd848b9e HTTP/1.1" status: 204 len: 168 time: 0.2104714
2026-06-24 02:11:08.904 9 INFO neutron.db.ovn_revision_numbers_db [None req-493c4f71-78fd-454a-895e-08f214aa6f3a a24861d46242441ab46d0ebd120db796 4145243cb21a40398cc51ef29dfbdc09 - - default default] Successfully bumped revision number for resource c3bca232-b2f8-4225-b639-4d12c9ea34c1 (type: security_groups) to 1
2026-06-24 02:11:08.919 9 INFO neutron.db.ovn_revision_numbers_db [None req-493c4f71-78fd-454a-895e-08f214aa6f3a a24861d46242441ab46d0ebd120db796 4145243cb21a40398cc51ef29dfbdc09 - - default default] Successfully bumped revision number for resource 3b0b1031-b7e5-4983-b6ab-2bcc67ae20b4 (type: security_group_rules) to 0
2026-06-24 02:11:08.932 9 INFO neutron.db.ovn_revision_numbers_db [None req-493c4f71-78fd-454a-895e-08f214aa6f3a a24861d46242441ab46d0ebd120db796 4145243cb21a40398cc51ef29dfbdc09 - - default default] Successfully bumped revision number for resource 7f21ab48-6135-48ab-aa9a-bb08c5754aa9 (type: security_group_rules) to 0
2026-06-24 02:11:08.950 9 INFO neutron.db.ovn_revision_numbers_db [None req-493c4f71-78fd-454a-895e-08f214aa6f3a a24861d46242441ab46d0ebd120db796 4145243cb21a40398cc51ef29dfbdc09 - - default default] Successfully bumped revision number for resource 8c4d848a-64b8-4daa-bbdd-cb5345ae0189 (type: security_group_rules) to 0
2026-06-24 02:11:08.975 9 INFO neutron.db.ovn_revision_numbers_db [None req-493c4f71-78fd-454a-895e-08f214aa6f3a a24861d46242441ab46d0ebd120db796 4145243cb21a40398cc51ef29dfbdc09 - - default default] Successfully bumped revision number for resource b30f2864-2a54-4241-80cc-b7c8082b3793 (type: security_group_rules) to 0
2026-06-24 02:11:08.998 9 INFO neutron.wsgi [None req-493c4f71-78fd-454a-895e-08f214aa6f3a a24861d46242441ab46d0ebd120db796 4145243cb21a40398cc51ef29dfbdc09 - - default default] 10.0.0.146 "GET /v2.0/security-groups?tenant_id=b78e4052bab34336a2971595170be083&name=default HTTP/1.1" status: 200 len: 2996 time: 0.2451501
2026-06-24 02:11:09.231 9 INFO neutron.wsgi [None req-9f7f2c7b-feba-4900-b1fd-e4532671ef74 a24861d46242441ab46d0ebd120db796 4145243cb21a40398cc51ef29dfbdc09 - - default default] 10.0.0.146 "DELETE /v2.0/security-groups/c3bca232-b2f8-4225-b639-4d12c9ea34c1 HTTP/1.1" status: 204 len: 168 time: 0.2259431
2026-06-24 02:11:09.264 9 INFO neutron.db.ovn_revision_numbers_db [None req-c3942965-7deb-4c05-8d8b-c47a6b2378f7 a24861d46242441ab46d0ebd120db796 4145243cb21a40398cc51ef29dfbdc09 - - default default] Successfully bumped revision number for resource d6741699-b884-44a9-a016-cabcf4bffa74 (type: security_groups) to 1
2026-06-24 02:11:09.281 9 INFO neutron.db.ovn_revision_numbers_db [None req-c3942965-7deb-4c05-8d8b-c47a6b2378f7 a24861d46242441ab46d0ebd120db796 4145243cb21a40398cc51ef29dfbdc09 - - default default] Successfully bumped revision number for resource 3a769cc9-8df9-49c0-b175-8111683af9b0 (type: security_group_rules) to 0
2026-06-24 02:11:09.300 9 INFO neutron.db.ovn_revision_numbers_db [None req-c3942965-7deb-4c05-8d8b-c47a6b2378f7 a24861d46242441ab46d0ebd120db796 4145243cb21a40398cc51ef29dfbdc09 - - default default] Successfully bumped revision number for resource a9597876-2762-4265-8d3b-7b1e225c8298 (type: security_group_rules) to 0
2026-06-24 02:11:09.315 9 INFO neutron.db.ovn_revision_numbers_db [None req-c3942965-7deb-4c05-8d8b-c47a6b2378f7 a24861d46242441ab46d0ebd120db796 4145243cb21a40398cc51ef29dfbdc09 - - default default] Successfully bumped revision number for resource ba241afa-2eae-4e2e-8eb9-7c6b779711b2 (type: security_group_rules) to 0
2026-06-24 02:11:09.339 9 INFO neutron.db.ovn_revision_numbers_db [None req-c3942965-7deb-4c05-8d8b-c47a6b2378f7 a24861d46242441ab46d0ebd120db796 4145243cb21a40398cc51ef29dfbdc09 - - default default] Successfully bumped revision number for resource e23dc398-f7cc-4ef5-9657-f944f56aa00f (type: security_group_rules) to 0
2026-06-24 02:11:09.393 9 INFO neutron.db.segments_db [None req-c3942965-7deb-4c05-8d8b-c47a6b2378f7 a24861d46242441ab46d0ebd120db796 4145243cb21a40398cc51ef29dfbdc09 - - default default] Added segment bcb8932f-190a-42de-8f93-15e05d1dd555 of type geneve for network 614c66c3-d0c6-4821-8b64-9071589d71eb
2026-06-24 02:11:09.575 9 INFO neutron.db.ovn_revision_numbers_db [None req-c3942965-7deb-4c05-8d8b-c47a6b2378f7 a24861d46242441ab46d0ebd120db796 4145243cb21a40398cc51ef29dfbdc09 - - default default] Successfully bumped revision number for resource 614c66c3-d0c6-4821-8b64-9071589d71eb (type: networks) to 1
2026-06-24 02:11:09.797 9 WARNING neutron.scheduler.dhcp_agent_scheduler [None req-c3942965-7deb-4c05-8d8b-c47a6b2378f7 a24861d46242441ab46d0ebd120db796 4145243cb21a40398cc51ef29dfbdc09 - - default default] No more DHCP agents
2026-06-24 02:11:09.800 9 WARNING neutron.api.rpc.agentnotifiers.dhcp_rpc_agent_api [None req-c3942965-7deb-4c05-8d8b-c47a6b2378f7 a24861d46242441ab46d0ebd120db796 4145243cb21a40398cc51ef29dfbdc09 - - default default] Unable to schedule network 614c66c3-d0c6-4821-8b64-9071589d71eb: no agents available; will retry on subsequent port and subnet creation events.
2026-06-24 02:11:09.832 10 INFO neutron.wsgi [-] 10.0.0.79 "GET / HTTP/1.1" status: 200 len: 247 time: 0.0019484
2026-06-24 02:11:09.834 10 INFO neutron.wsgi [-] 10.0.0.79 "GET / HTTP/1.1" status: 200 len: 247 time: 0.0017290
2026-06-24 02:11:09.906 9 INFO neutron.db.ovn_revision_numbers_db [None req-c3942965-7deb-4c05-8d8b-c47a6b2378f7 a24861d46242441ab46d0ebd120db796 4145243cb21a40398cc51ef29dfbdc09 - - default default] Successfully bumped revision number for resource c4d7e344-46b9-436a-b607-071d95424388 (type: ports) to 1
2026-06-24 02:11:09.934 9 INFO neutron.wsgi [None req-c3942965-7deb-4c05-8d8b-c47a6b2378f7 a24861d46242441ab46d0ebd120db796 4145243cb21a40398cc51ef29dfbdc09 - - default default] 10.0.0.146 "POST /v2.0/networks HTTP/1.1" status: 201 len: 942 time: 0.9814918
2026-06-24 02:11:10.104 9 WARNING neutron.scheduler.dhcp_agent_scheduler [None req-cc401d9c-e3e0-4943-8b45-a09492d068c7 a24861d46242441ab46d0ebd120db796 4145243cb21a40398cc51ef29dfbdc09 - - default default] No more DHCP agents
2026-06-24 02:11:10.107 9 WARNING neutron.api.rpc.agentnotifiers.dhcp_rpc_agent_api [None req-cc401d9c-e3e0-4943-8b45-a09492d068c7 a24861d46242441ab46d0ebd120db796 4145243cb21a40398cc51ef29dfbdc09 - - default default] Unable to schedule network 614c66c3-d0c6-4821-8b64-9071589d71eb: no agents available; will retry on subsequent port and subnet creation events.
2026-06-24 02:11:10.582 9 INFO neutron.db.ovn_revision_numbers_db [None req-cc401d9c-e3e0-4943-8b45-a09492d068c7 a24861d46242441ab46d0ebd120db796 4145243cb21a40398cc51ef29dfbdc09 - - default default] Successfully bumped revision number for resource c4d7e344-46b9-436a-b607-071d95424388 (type: ports) to 2
2026-06-24 02:11:10.610 9 INFO neutron.db.ovn_revision_numbers_db [None req-cc401d9c-e3e0-4943-8b45-a09492d068c7 a24861d46242441ab46d0ebd120db796 4145243cb21a40398cc51ef29dfbdc09 - - default default] Successfully bumped revision number for resource 85e6b874-66c8-41cd-aedb-65f4415ba9d2 (type: subnets) to 0
2026-06-24 02:11:10.625 9 INFO neutron.wsgi [None req-cc401d9c-e3e0-4943-8b45-a09492d068c7 a24861d46242441ab46d0ebd120db796 4145243cb21a40398cc51ef29dfbdc09 - - default default] 10.0.0.146 "POST /v2.0/subnets HTTP/1.1" status: 201 len: 863 time: 0.6835783
2026-06-24 02:11:11.085 10 INFO neutron.db.ovn_revision_numbers_db [None req-658fca3b-b59c-4ba5-8a88-9affd2121c6e 2a4eb686373f4ebfbe04b9c008453eae 04ca503895df4e16bc0fd4041c66bffb - - default default] Successfully bumped revision number for resource 29d1d977-6e6e-48a3-8ec6-56da51ba43ad (type: security_groups) to 1
2026-06-24 02:11:11.107 10 INFO neutron.db.ovn_revision_numbers_db [None req-658fca3b-b59c-4ba5-8a88-9affd2121c6e 2a4eb686373f4ebfbe04b9c008453eae 04ca503895df4e16bc0fd4041c66bffb - - default default] Successfully bumped revision number for resource 05c3c924-aae4-4d09-9724-94a4cb23fad9 (type: security_group_rules) to 0
2026-06-24 02:11:11.127 10 INFO neutron.db.ovn_revision_numbers_db [None req-658fca3b-b59c-4ba5-8a88-9affd2121c6e 2a4eb686373f4ebfbe04b9c008453eae 04ca503895df4e16bc0fd4041c66bffb - - default default] Successfully bumped revision number for resource 733227ea-2f04-4ae3-b77d-4b02029d1156 (type: security_group_rules) to 0
2026-06-24 02:11:11.147 10 INFO neutron.db.ovn_revision_numbers_db [None req-658fca3b-b59c-4ba5-8a88-9affd2121c6e 2a4eb686373f4ebfbe04b9c008453eae 04ca503895df4e16bc0fd4041c66bffb - - default default] Successfully bumped revision number for resource c186bddf-8e8e-4b74-9bd1-a873c35bafde (type: security_group_rules) to 0
2026-06-24 02:11:11.170 10 INFO neutron.db.ovn_revision_numbers_db [None req-658fca3b-b59c-4ba5-8a88-9affd2121c6e 2a4eb686373f4ebfbe04b9c008453eae 04ca503895df4e16bc0fd4041c66bffb - - default default] Successfully bumped revision number for resource e6dd46b1-ebab-4394-a4cc-49aae6453457 (type: security_group_rules) to 0
2026-06-24 02:11:11.201 9 WARNING neutron.scheduler.dhcp_agent_scheduler [None req-8ea1070c-1303-471a-b6fc-195e9bbcf1c0 a24861d46242441ab46d0ebd120db796 4145243cb21a40398cc51ef29dfbdc09 - - default default] No more DHCP agents
2026-06-24 02:11:11.205 9 WARNING neutron.api.rpc.agentnotifiers.dhcp_rpc_agent_api [None req-8ea1070c-1303-471a-b6fc-195e9bbcf1c0 a24861d46242441ab46d0ebd120db796 4145243cb21a40398cc51ef29dfbdc09 - - default default] Unable to schedule network 4a5198b0-ac5d-4ff9-b6fe-eca736990d63: no agents available; will retry on subsequent port and subnet creation events.
2026-06-24 02:11:11.223 10 INFO neutron.db.segments_db [None req-658fca3b-b59c-4ba5-8a88-9affd2121c6e 2a4eb686373f4ebfbe04b9c008453eae 04ca503895df4e16bc0fd4041c66bffb - - default default] Added segment 3f7112ba-f09c-4e9e-9b6e-a3b43e20404d of type geneve for network fce08f3d-9550-4813-a683-a1b29f45b0ac
2026-06-24 02:11:11.342 9 INFO neutron.db.ovn_revision_numbers_db [None req-6b155e76-959c-47d1-8451-9bac41db6eae a24861d46242441ab46d0ebd120db796 4145243cb21a40398cc51ef29dfbdc09 - - default default] Successfully bumped revision number for resource 9a0bb9f8-7763-428f-964b-2a24bea1b1bc (type: security_groups) to 1
2026-06-24 02:11:11.364 9 INFO neutron.db.ovn_revision_numbers_db [None req-6b155e76-959c-47d1-8451-9bac41db6eae a24861d46242441ab46d0ebd120db796 4145243cb21a40398cc51ef29dfbdc09 - - default default] Successfully bumped revision number for resource 3dd8507b-bb30-4ce5-8160-cea3b780e12b (type: security_group_rules) to 0
2026-06-24 02:11:11.391 9 INFO neutron.db.ovn_revision_numbers_db [None req-6b155e76-959c-47d1-8451-9bac41db6eae a24861d46242441ab46d0ebd120db796 4145243cb21a40398cc51ef29dfbdc09 - - default default] Successfully bumped revision number for resource 94b5a054-149d-40f9-be89-c70afaf225e1 (type: security_group_rules) to 0
2026-06-24 02:11:11.393 9 INFO neutron.db.ovn_revision_numbers_db [None req-8ea1070c-1303-471a-b6fc-195e9bbcf1c0 a24861d46242441ab46d0ebd120db796 4145243cb21a40398cc51ef29dfbdc09 - - default default] Successfully bumped revision number for resource b60fa2d1-3a2a-4e78-bf54-66ca6e8429f7 (type: ports) to 1
2026-06-24 02:11:11.402 10 INFO neutron.db.ovn_revision_numbers_db [None req-658fca3b-b59c-4ba5-8a88-9affd2121c6e 2a4eb686373f4ebfbe04b9c008453eae 04ca503895df4e16bc0fd4041c66bffb - - default default] Successfully bumped revision number for resource fce08f3d-9550-4813-a683-a1b29f45b0ac (type: networks) to 1
2026-06-24 02:11:11.405 9 INFO neutron.db.ovn_revision_numbers_db [None req-6b155e76-959c-47d1-8451-9bac41db6eae a24861d46242441ab46d0ebd120db796 4145243cb21a40398cc51ef29dfbdc09 - - default default] Successfully bumped revision number for resource e6568e1c-2286-44f3-8243-069136957fa3 (type: security_group_rules) to 0
2026-06-24 02:11:11.448 9 INFO neutron.db.ovn_revision_numbers_db [None req-6b155e76-959c-47d1-8451-9bac41db6eae a24861d46242441ab46d0ebd120db796 4145243cb21a40398cc51ef29dfbdc09 - - default default] Successfully bumped revision number for resource fb621db6-7d74-472e-b732-184d4c123c98 (type: security_group_rules) to 0
2026-06-24 02:11:11.478 9 INFO neutron.wsgi [None req-6b155e76-959c-47d1-8451-9bac41db6eae a24861d46242441ab46d0ebd120db796 4145243cb21a40398cc51ef29dfbdc09 - - default default] 10.0.0.146 "GET /v2.0/security-groups?tenant_id=f2d71a7c81c74d03b7399d1197e821a5&name=default HTTP/1.1" status: 200 len: 2996 time: 0.3592529
2026-06-24 02:11:11.614 10 WARNING neutron.scheduler.dhcp_agent_scheduler [None req-658fca3b-b59c-4ba5-8a88-9affd2121c6e 2a4eb686373f4ebfbe04b9c008453eae 04ca503895df4e16bc0fd4041c66bffb - - default default] No more DHCP agents
2026-06-24 02:11:11.619 10 WARNING neutron.api.rpc.agentnotifiers.dhcp_rpc_agent_api [None req-658fca3b-b59c-4ba5-8a88-9affd2121c6e 2a4eb686373f4ebfbe04b9c008453eae 04ca503895df4e16bc0fd4041c66bffb - - default default] Unable to schedule network fce08f3d-9550-4813-a683-a1b29f45b0ac: no agents available; will retry on subsequent port and subnet creation events.
2026-06-24 02:11:11.734 10 INFO neutron.db.ovn_revision_numbers_db [None req-658fca3b-b59c-4ba5-8a88-9affd2121c6e 2a4eb686373f4ebfbe04b9c008453eae 04ca503895df4e16bc0fd4041c66bffb - - default default] Successfully bumped revision number for resource aaff4c6c-135f-4f57-8a0d-67d4f99be111 (type: ports) to 1
2026-06-24 02:11:11.771 10 INFO neutron.wsgi [None req-658fca3b-b59c-4ba5-8a88-9affd2121c6e 2a4eb686373f4ebfbe04b9c008453eae 04ca503895df4e16bc0fd4041c66bffb - - default default] 10.0.0.146 "POST /v2.0/networks HTTP/1.1" status: 201 len: 830 time: 1.0311272
2026-06-24 02:11:11.831 10 INFO neutron.wsgi [None req-16f8945f-530c-4f72-9070-d69284e003e5 a24861d46242441ab46d0ebd120db796 4145243cb21a40398cc51ef29dfbdc09 - - default default] 10.0.0.146 "DELETE /v2.0/security-groups/9a0bb9f8-7763-428f-964b-2a24bea1b1bc HTTP/1.1" status: 204 len: 168 time: 0.3407388
2026-06-24 02:11:12.067 10 WARNING neutron.scheduler.dhcp_agent_scheduler [None req-271c778e-da53-4564-8690-c14bfd6bdbe7 2a4eb686373f4ebfbe04b9c008453eae 04ca503895df4e16bc0fd4041c66bffb - - default default] No more DHCP agents
2026-06-24 02:11:12.069 10 WARNING neutron.api.rpc.agentnotifiers.dhcp_rpc_agent_api [None req-271c778e-da53-4564-8690-c14bfd6bdbe7 2a4eb686373f4ebfbe04b9c008453eae 04ca503895df4e16bc0fd4041c66bffb - - default default] Unable to schedule network fce08f3d-9550-4813-a683-a1b29f45b0ac: no agents available; will retry on subsequent port and subnet creation events.
2026-06-24 02:11:12.352 9 INFO neutron.plugins.ml2.drivers.ovn.mech_driver.mech_driver [None req-18ad88ff-cc8b-4b9f-84ee-3b60ad7a252f - - - - - -] OVN reports status up for port: b60fa2d1-3a2a-4e78-bf54-66ca6e8429f7
2026-06-24 02:11:12.369 9 INFO neutron.plugins.ml2.drivers.ovn.mech_driver.ovsdb.ovsdb_monitor [None req-df04184a-646e-4bae-b1c1-a754bcdf5ac5 - - - - - -] Router 4ec06126-29ee-46a8-b229-32d952e309aa is bound to host instance
2026-06-24 02:11:12.372 9 INFO neutron.plugins.ml2.plugin [None req-18ad88ff-cc8b-4b9f-84ee-3b60ad7a252f - - - - - -] Attempt 1 to provision port b60fa2d1-3a2a-4e78-bf54-66ca6e8429f7
2026-06-24 02:11:12.403 9 INFO neutron.db.ovn_revision_numbers_db [None req-8ea1070c-1303-471a-b6fc-195e9bbcf1c0 a24861d46242441ab46d0ebd120db796 4145243cb21a40398cc51ef29dfbdc09 - - default default] Successfully bumped revision number for resource b60fa2d1-3a2a-4e78-bf54-66ca6e8429f7 (type: router_ports) to 1
2026-06-24 02:11:12.526 9 INFO neutron.db.ovn_revision_numbers_db [None req-8ea1070c-1303-471a-b6fc-195e9bbcf1c0 a24861d46242441ab46d0ebd120db796 4145243cb21a40398cc51ef29dfbdc09 - - default default] Successfully bumped revision number for resource 4ec06126-29ee-46a8-b229-32d952e309aa (type: routers) to 2
2026-06-24 02:11:12.549 9 INFO neutron.wsgi [None req-8ea1070c-1303-471a-b6fc-195e9bbcf1c0 a24861d46242441ab46d0ebd120db796 4145243cb21a40398cc51ef29dfbdc09 - - default default] 10.0.0.146 "POST /v2.0/routers HTTP/1.1" status: 201 len: 874 time: 1.9173946
2026-06-24 02:11:12.551 10 INFO neutron.db.ovn_revision_numbers_db [None req-271c778e-da53-4564-8690-c14bfd6bdbe7 2a4eb686373f4ebfbe04b9c008453eae 04ca503895df4e16bc0fd4041c66bffb - - default default] Successfully bumped revision number for resource aaff4c6c-135f-4f57-8a0d-67d4f99be111 (type: ports) to 2
2026-06-24 02:11:12.581 10 INFO neutron.db.ovn_revision_numbers_db [None req-271c778e-da53-4564-8690-c14bfd6bdbe7 2a4eb686373f4ebfbe04b9c008453eae 04ca503895df4e16bc0fd4041c66bffb - - default default] Successfully bumped revision number for resource 67d3e34e-e871-46f7-9074-f19d04811ec9 (type: subnets) to 0
2026-06-24 02:11:12.599 10 INFO neutron.wsgi [None req-271c778e-da53-4564-8690-c14bfd6bdbe7 2a4eb686373f4ebfbe04b9c008453eae 04ca503895df4e16bc0fd4041c66bffb - - default default] 10.0.0.146 "POST /v2.0/subnets HTTP/1.1" status: 201 len: 801 time: 0.8188705
2026-06-24 02:11:12.715 10 INFO neutron.db.segments_db [None req-42960177-f740-499a-9460-eb1a415af2fa 2a4eb686373f4ebfbe04b9c008453eae 04ca503895df4e16bc0fd4041c66bffb - - default default] Added segment 593ef7d8-ef1a-47db-87f3-8656d941c656 of type geneve for network 73618fff-88d1-4ce2-8039-53a973c5e58c
2026-06-24 02:11:12.861 10 INFO neutron.db.ovn_revision_numbers_db [None req-42960177-f740-499a-9460-eb1a415af2fa 2a4eb686373f4ebfbe04b9c008453eae 04ca503895df4e16bc0fd4041c66bffb - - default default] Successfully bumped revision number for resource 73618fff-88d1-4ce2-8039-53a973c5e58c (type: networks) to 1
2026-06-24 02:11:13.202 9 WARNING neutron.scheduler.dhcp_agent_scheduler [None req-227de7d2-c6e4-4c11-b856-a770e697f8c6 a24861d46242441ab46d0ebd120db796 4145243cb21a40398cc51ef29dfbdc09 - - default default] No more DHCP agents
2026-06-24 02:11:13.205 9 WARNING neutron.api.rpc.agentnotifiers.dhcp_rpc_agent_api [None req-227de7d2-c6e4-4c11-b856-a770e697f8c6 a24861d46242441ab46d0ebd120db796 4145243cb21a40398cc51ef29dfbdc09 - - default default] Unable to schedule network 614c66c3-d0c6-4821-8b64-9071589d71eb: no agents available; will retry on subsequent port and subnet creation events.
2026-06-24 02:11:13.240 9 INFO neutron.db.ovn_revision_numbers_db [None req-df04184a-646e-4bae-b1c1-a754bcdf5ac5 - - - - - -] Successfully bumped revision number for resource b60fa2d1-3a2a-4e78-bf54-66ca6e8429f7 (type: ports) to 1
2026-06-24 02:11:13.257 10 WARNING neutron.scheduler.dhcp_agent_scheduler [None req-42960177-f740-499a-9460-eb1a415af2fa 2a4eb686373f4ebfbe04b9c008453eae 04ca503895df4e16bc0fd4041c66bffb - - default default] No more DHCP agents
2026-06-24 02:11:13.259 10 WARNING neutron.api.rpc.agentnotifiers.dhcp_rpc_agent_api [None req-42960177-f740-499a-9460-eb1a415af2fa 2a4eb686373f4ebfbe04b9c008453eae 04ca503895df4e16bc0fd4041c66bffb - - default default] Unable to schedule network 73618fff-88d1-4ce2-8039-53a973c5e58c: no agents available; will retry on subsequent port and subnet creation events.
2026-06-24 02:11:13.338 10 INFO neutron.db.ovn_revision_numbers_db [None req-42960177-f740-499a-9460-eb1a415af2fa 2a4eb686373f4ebfbe04b9c008453eae 04ca503895df4e16bc0fd4041c66bffb - - default default] Successfully bumped revision number for resource dd0fe83d-c2ec-4f55-a80f-2e0b745f2384 (type: ports) to 1
