Jun 18 05:25:04.888414 np0000181864 devstack@n-api-meta.service[112665]: DEBUG nova.api.openstack.wsgi_app [None req-90bdcd2b-bd6c-44ff-82b7-2a268ccd4032 None None] oslo_messaging_rabbit.amqp_durable_queues = False {{(pid=112665) log_opt_values /opt/stack/data/venv/lib/python3.12/site-packages/oslo_config/cfg.py:3253}}
Jun 18 05:25:04.888542 np0000181864 devstack@n-api-meta.service[112665]: DEBUG nova.api.openstack.wsgi_app [None req-90bdcd2b-bd6c-44ff-82b7-2a268ccd4032 None None] oslo_messaging_rabbit.conn_pool_min_size = 2 {{(pid=112665) log_opt_values /opt/stack/data/venv/lib/python3.12/site-packages/oslo_config/cfg.py:3253}}
Jun 18 05:25:04.888670 np0000181864 devstack@n-api-meta.service[112665]: DEBUG nova.api.openstack.wsgi_app [None req-90bdcd2b-bd6c-44ff-82b7-2a268ccd4032 None None] oslo_messaging_rabbit.conn_pool_ttl = 1200 {{(pid=112665) log_opt_values /opt/stack/data/venv/lib/python3.12/site-packages/oslo_config/cfg.py:3253}}
Jun 18 05:25:04.888797 np0000181864 devstack@n-api-meta.service[112665]: DEBUG nova.api.openstack.wsgi_app [None req-90bdcd2b-bd6c-44ff-82b7-2a268ccd4032 None None] oslo_messaging_rabbit.direct_mandatory_flag = True {{(pid=112665) log_opt_values /opt/stack/data/venv/lib/python3.12/site-packages/oslo_config/cfg.py:3253}}
Jun 18 05:25:04.888927 np0000181864 devstack@n-api-meta.service[112665]: DEBUG nova.api.openstack.wsgi_app [None req-90bdcd2b-bd6c-44ff-82b7-2a268ccd4032 None None] oslo_messaging_rabbit.enable_cancel_on_failover = False {{(pid=112665) log_opt_values /opt/stack/data/venv/lib/python3.12/site-packages/oslo_config/cfg.py:3253}}
Jun 18 05:25:04.889056 np0000181864 devstack@n-api-meta.service[112665]: DEBUG nova.api.openstack.wsgi_app [None req-90bdcd2b-bd6c-44ff-82b7-2a268ccd4032 None None] oslo_messaging_rabbit.heartbeat_rate = 3 {{(pid=112665) log_opt_values /opt/stack/data/venv/lib/python3.12/site-packages/oslo_config/cfg.py:3253}}
Jun 18 05:25:04.889201 np0000181864 devstack@n-api-meta.service[112665]: DEBUG nova.api.openstack.wsgi_app [None req-90bdcd2b-bd6c-44ff-82b7-2a268ccd4032 None None] oslo_messaging_rabbit.heartbeat_timeout_threshold = 60 {{(pid=112665) log_opt_values /opt/stack/data/venv/lib/python3.12/site-packages/oslo_config/cfg.py:3253}}
Jun 18 05:25:04.889335 np0000181864 devstack@n-api-meta.service[112665]: DEBUG nova.api.openstack.wsgi_app [None req-90bdcd2b-bd6c-44ff-82b7-2a268ccd4032 None None] oslo_messaging_rabbit.hostname = np0000181864 {{(pid=112665) log_opt_values /opt/stack/data/venv/lib/python3.12/site-packages/oslo_config/cfg.py:3253}}
Jun 18 05:25:04.889460 np0000181864 devstack@n-api-meta.service[112665]: DEBUG nova.api.openstack.wsgi_app [None req-90bdcd2b-bd6c-44ff-82b7-2a268ccd4032 None None] oslo_messaging_rabbit.kombu_compression = None {{(pid=112665) log_opt_values /opt/stack/data/venv/lib/python3.12/site-packages/oslo_config/cfg.py:3253}}
Jun 18 05:25:04.889595 np0000181864 devstack@n-api-meta.service[112665]: DEBUG nova.api.openstack.wsgi_app [None req-90bdcd2b-bd6c-44ff-82b7-2a268ccd4032 None None] oslo_messaging_rabbit.kombu_failover_strategy = round-robin {{(pid=112665) log_opt_values /opt/stack/data/venv/lib/python3.12/site-packages/oslo_config/cfg.py:3253}}
Jun 18 05:25:04.889725 np0000181864 devstack@n-api-meta.service[112665]: DEBUG nova.api.openstack.wsgi_app [None req-90bdcd2b-bd6c-44ff-82b7-2a268ccd4032 None None] oslo_messaging_rabbit.kombu_missing_consumer_retry_timeout = 60 {{(pid=112665) log_opt_values /opt/stack/data/venv/lib/python3.12/site-packages/oslo_config/cfg.py:3253}}
Jun 18 05:25:04.889855 np0000181864 devstack@n-api-meta.service[112665]: DEBUG nova.api.openstack.wsgi_app [None req-90bdcd2b-bd6c-44ff-82b7-2a268ccd4032 None None] oslo_messaging_rabbit.kombu_reconnect_delay = 1.0 {{(pid=112665) log_opt_values /opt/stack/data/venv/lib/python3.12/site-packages/oslo_config/cfg.py:3253}}
Jun 18 05:25:04.889984 np0000181864 devstack@n-api-meta.service[112665]: DEBUG nova.api.openstack.wsgi_app [None req-90bdcd2b-bd6c-44ff-82b7-2a268ccd4032 None None] oslo_messaging_rabbit.kombu_reconnect_splay = 0.0 {{(pid=112665) log_opt_values /opt/stack/data/venv/lib/python3.12/site-packages/oslo_config/cfg.py:3253}}
Jun 18 05:25:04.890116 np0000181864 devstack@n-api-meta.service[112665]: DEBUG nova.api.openstack.wsgi_app [None req-90bdcd2b-bd6c-44ff-82b7-2a268ccd4032 None None] oslo_messaging_rabbit.processname = uwsgi {{(pid=112665) log_opt_values /opt/stack/data/venv/lib/python3.12/site-packages/oslo_config/cfg.py:3253}}
Jun 18 05:25:04.890261 np0000181864 devstack@n-api-meta.service[112665]: DEBUG nova.api.openstack.wsgi_app [None req-90bdcd2b-bd6c-44ff-82b7-2a268ccd4032 None None] oslo_messaging_rabbit.rabbit_ha_queues = False {{(pid=112665) log_opt_values /opt/stack/data/venv/lib/python3.12/site-packages/oslo_config/cfg.py:3253}}
Jun 18 05:25:04.890386 np0000181864 devstack@n-api-meta.service[112665]: DEBUG nova.api.openstack.wsgi_app [None req-90bdcd2b-bd6c-44ff-82b7-2a268ccd4032 None None] oslo_messaging_rabbit.rabbit_interval_max = 30 {{(pid=112665) log_opt_values /opt/stack/data/venv/lib/python3.12/site-packages/oslo_config/cfg.py:3253}}
Jun 18 05:25:04.890522 np0000181864 devstack@n-api-meta.service[112665]: DEBUG nova.api.openstack.wsgi_app [None req-90bdcd2b-bd6c-44ff-82b7-2a268ccd4032 None None] oslo_messaging_rabbit.rabbit_login_method = AMQPLAIN {{(pid=112665) log_opt_values /opt/stack/data/venv/lib/python3.12/site-packages/oslo_config/cfg.py:3253}}
Jun 18 05:25:04.890669 np0000181864 devstack@n-api-meta.service[112665]: DEBUG nova.api.openstack.wsgi_app [None req-90bdcd2b-bd6c-44ff-82b7-2a268ccd4032 None None] oslo_messaging_rabbit.rabbit_qos_prefetch_count = 0 {{(pid=112665) log_opt_values /opt/stack/data/venv/lib/python3.12/site-packages/oslo_config/cfg.py:3253}}
Jun 18 05:25:04.890796 np0000181864 devstack@n-api-meta.service[112665]: DEBUG nova.api.openstack.wsgi_app [None req-90bdcd2b-bd6c-44ff-82b7-2a268ccd4032 None None] oslo_messaging_rabbit.rabbit_quorum_delivery_limit = 0 {{(pid=112665) log_opt_values /opt/stack/data/venv/lib/python3.12/site-packages/oslo_config/cfg.py:3253}}
Jun 18 05:25:04.890923 np0000181864 devstack@n-api-meta.service[112665]: DEBUG nova.api.openstack.wsgi_app [None req-90bdcd2b-bd6c-44ff-82b7-2a268ccd4032 None None] oslo_messaging_rabbit.rabbit_quorum_max_memory_bytes = 0 {{(pid=112665) log_opt_values /opt/stack/data/venv/lib/python3.12/site-packages/oslo_config/cfg.py:3253}}
Jun 18 05:25:04.891049 np0000181864 devstack@n-api-meta.service[112665]: DEBUG nova.api.openstack.wsgi_app [None req-90bdcd2b-bd6c-44ff-82b7-2a268ccd4032 None None] oslo_messaging_rabbit.rabbit_quorum_max_memory_length = 0 {{(pid=112665) log_opt_values /opt/stack/data/venv/lib/python3.12/site-packages/oslo_config/cfg.py:3253}}
Jun 18 05:25:04.891194 np0000181864 devstack@n-api-meta.service[112665]: DEBUG nova.api.openstack.wsgi_app [None req-90bdcd2b-bd6c-44ff-82b7-2a268ccd4032 None None] oslo_messaging_rabbit.rabbit_quorum_queue = False {{(pid=112665) log_opt_values /opt/stack/data/venv/lib/python3.12/site-packages/oslo_config/cfg.py:3253}}
Jun 18 05:25:04.891321 np0000181864 devstack@n-api-meta.service[112665]: DEBUG nova.api.openstack.wsgi_app [None req-90bdcd2b-bd6c-44ff-82b7-2a268ccd4032 None None] oslo_messaging_rabbit.rabbit_retry_backoff = 2 {{(pid=112665) log_opt_values /opt/stack/data/venv/lib/python3.12/site-packages/oslo_config/cfg.py:3253}}
Jun 18 05:25:04.891448 np0000181864 devstack@n-api-meta.service[112665]: DEBUG nova.api.openstack.wsgi_app [None req-90bdcd2b-bd6c-44ff-82b7-2a268ccd4032 None None] oslo_messaging_rabbit.rabbit_retry_interval = 1 {{(pid=112665) log_opt_values /opt/stack/data/venv/lib/python3.12/site-packages/oslo_config/cfg.py:3253}}
Jun 18 05:25:04.891575 np0000181864 devstack@n-api-meta.service[112665]: DEBUG nova.api.openstack.wsgi_app [None req-90bdcd2b-bd6c-44ff-82b7-2a268ccd4032 None None] oslo_messaging_rabbit.rabbit_stream_fanout = False {{(pid=112665) log_opt_values /opt/stack/data/venv/lib/python3.12/site-packages/oslo_config/cfg.py:3253}}
Jun 18 05:25:04.891702 np0000181864 devstack@n-api-meta.service[112665]: DEBUG nova.api.openstack.wsgi_app [None req-90bdcd2b-bd6c-44ff-82b7-2a268ccd4032 None None] oslo_messaging_rabbit.rabbit_transient_queues_ttl = 1800 {{(pid=112665) log_opt_values /opt/stack/data/venv/lib/python3.12/site-packages/oslo_config/cfg.py:3253}}
Jun 18 05:25:04.891828 np0000181864 devstack@n-api-meta.service[112665]: DEBUG nova.api.openstack.wsgi_app [None req-90bdcd2b-bd6c-44ff-82b7-2a268ccd4032 None None] oslo_messaging_rabbit.rabbit_transient_quorum_queue = False {{(pid=112665) log_opt_values /opt/stack/data/venv/lib/python3.12/site-packages/oslo_config/cfg.py:3253}}
Jun 18 05:25:04.891955 np0000181864 devstack@n-api-meta.service[112665]: DEBUG nova.api.openstack.wsgi_app [None req-90bdcd2b-bd6c-44ff-82b7-2a268ccd4032 None None] oslo_messaging_rabbit.rpc_conn_pool_size = 30 {{(pid=112665) log_opt_values /opt/stack/data/venv/lib/python3.12/site-packages/oslo_config/cfg.py:3253}}
Jun 18 05:25:04.892082 np0000181864 devstack@n-api-meta.service[112665]: DEBUG nova.api.openstack.wsgi_app [None req-90bdcd2b-bd6c-44ff-82b7-2a268ccd4032 None None] oslo_messaging_rabbit.ssl = False {{(pid=112665) log_opt_values /opt/stack/data/venv/lib/python3.12/site-packages/oslo_config/cfg.py:3253}}
Jun 18 05:25:04.892234 np0000181864 devstack@n-api-meta.service[112665]: DEBUG nova.api.openstack.wsgi_app [None req-90bdcd2b-bd6c-44ff-82b7-2a268ccd4032 None None] oslo_messaging_rabbit.ssl_ca_file = {{(pid=112665) log_opt_values /opt/stack/data/venv/lib/python3.12/site-packages/oslo_config/cfg.py:3253}}
Jun 18 05:25:04.892368 np0000181864 devstack@n-api-meta.service[112665]: DEBUG nova.api.openstack.wsgi_app [None req-90bdcd2b-bd6c-44ff-82b7-2a268ccd4032 None None] oslo_messaging_rabbit.ssl_cert_file = {{(pid=112665) log_opt_values /opt/stack/data/venv/lib/python3.12/site-packages/oslo_config/cfg.py:3253}}
Jun 18 05:25:04.892494 np0000181864 devstack@n-api-meta.service[112665]: DEBUG nova.api.openstack.wsgi_app [None req-90bdcd2b-bd6c-44ff-82b7-2a268ccd4032 None None] oslo_messaging_rabbit.ssl_enforce_fips_mode = False {{(pid=112665) log_opt_values /opt/stack/data/venv/lib/python3.12/site-packages/oslo_config/cfg.py:3253}}
Jun 18 05:25:04.892620 np0000181864 devstack@n-api-meta.service[112665]: DEBUG nova.api.openstack.wsgi_app [None req-90bdcd2b-bd6c-44ff-82b7-2a268ccd4032 None None] oslo_messaging_rabbit.ssl_enforce_hostname_verification = True {{(pid=112665) log_opt_values /opt/stack/data/venv/lib/python3.12/site-packages/oslo_config/cfg.py:3253}}
Jun 18 05:25:04.892754 np0000181864 devstack@n-api-meta.service[112665]: DEBUG nova.api.openstack.wsgi_app [None req-90bdcd2b-bd6c-44ff-82b7-2a268ccd4032 None None] oslo_messaging_rabbit.ssl_key_file = {{(pid=112665) log_opt_values /opt/stack/data/venv/lib/python3.12/site-packages/oslo_config/cfg.py:3253}}
Jun 18 05:25:04.892887 np0000181864 devstack@n-api-meta.service[112665]: DEBUG nova.api.openstack.wsgi_app [None req-90bdcd2b-bd6c-44ff-82b7-2a268ccd4032 None None] oslo_messaging_rabbit.ssl_version = {{(pid=112665) log_opt_values /opt/stack/data/venv/lib/python3.12/site-packages/oslo_config/cfg.py:3253}}
Jun 18 05:25:04.893013 np0000181864 devstack@n-api-meta.service[112665]: DEBUG nova.api.openstack.wsgi_app [None req-90bdcd2b-bd6c-44ff-82b7-2a268ccd4032 None None] oslo_messaging_rabbit.use_queue_manager = False {{(pid=112665) log_opt_values /opt/stack/data/venv/lib/python3.12/site-packages/oslo_config/cfg.py:3253}}
Jun 18 05:25:04.893174 np0000181864 devstack@n-api-meta.service[112665]: DEBUG nova.api.openstack.wsgi_app [None req-90bdcd2b-bd6c-44ff-82b7-2a268ccd4032 None None] oslo_messaging_notifications.driver = ['messagingv2'] {{(pid=112665) log_opt_values /opt/stack/data/venv/lib/python3.12/site-packages/oslo_config/cfg.py:3253}}
Jun 18 05:25:04.893305 np0000181864 devstack@n-api-meta.service[112665]: DEBUG nova.api.openstack.wsgi_app [None req-90bdcd2b-bd6c-44ff-82b7-2a268ccd4032 None None] oslo_messaging_notifications.retry = -1 {{(pid=112665) log_opt_values /opt/stack/data/venv/lib/python3.12/site-packages/oslo_config/cfg.py:3253}}
Jun 18 05:25:04.893441 np0000181864 devstack@n-api-meta.service[112665]: DEBUG nova.api.openstack.wsgi_app [None req-90bdcd2b-bd6c-44ff-82b7-2a268ccd4032 None None] oslo_messaging_notifications.topics = ['notifications'] {{(pid=112665) log_opt_values /opt/stack/data/venv/lib/python3.12/site-packages/oslo_config/cfg.py:3253}}
Jun 18 05:25:04.893574 np0000181864 devstack@n-api-meta.service[112665]: DEBUG nova.api.openstack.wsgi_app [None req-90bdcd2b-bd6c-44ff-82b7-2a268ccd4032 None None] oslo_messaging_notifications.transport_url = **** {{(pid=112665) log_opt_values /opt/stack/data/venv/lib/python3.12/site-packages/oslo_config/cfg.py:3253}}
Jun 18 05:25:04.893705 np0000181864 devstack@n-api-meta.service[112665]: DEBUG nova.api.openstack.wsgi_app [None req-90bdcd2b-bd6c-44ff-82b7-2a268ccd4032 None None] oslo_reports.file_event_handler = None {{(pid=112665) log_opt_values /opt/stack/data/venv/lib/python3.12/site-packages/oslo_config/cfg.py:3253}}
Jun 18 05:25:04.893833 np0000181864 devstack@n-api-meta.service[112665]: DEBUG nova.api.openstack.wsgi_app [None req-90bdcd2b-bd6c-44ff-82b7-2a268ccd4032 None None] oslo_reports.file_event_handler_interval = 1 {{(pid=112665) log_opt_values /opt/stack/data/venv/lib/python3.12/site-packages/oslo_config/cfg.py:3253}}
Jun 18 05:25:04.893959 np0000181864 devstack@n-api-meta.service[112665]: DEBUG nova.api.openstack.wsgi_app [None req-90bdcd2b-bd6c-44ff-82b7-2a268ccd4032 None None] oslo_reports.log_dir = None {{(pid=112665) log_opt_values /opt/stack/data/venv/lib/python3.12/site-packages/oslo_config/cfg.py:3253}}
Jun 18 05:25:04.894059 np0000181864 devstack@n-api-meta.service[112665]: DEBUG nova.api.openstack.wsgi_app [None req-90bdcd2b-bd6c-44ff-82b7-2a268ccd4032 None None] ******************************************************************************** {{(pid=112665) log_opt_values /opt/stack/data/venv/lib/python3.12/site-packages/oslo_config/cfg.py:3260}}
Jun 18 05:25:04.894146 np0000181864 devstack@n-api-meta.service[112665]: WSGI app 0 (mountpoint='') ready in 2 seconds on interpreter 0x75738eca3668 pid: 112665 (default app)
Jun 18 05:25:14.406049 np0000181864 devstack@n-api-meta.service[112668]: DEBUG dbcounter [-] [112668] Writing DB stats nova_api:SELECT=1 {{(pid=112668) stat_writer /opt/stack/data/venv/lib/python3.12/site-packages/dbcounter.py:115}}
Jun 18 05:25:14.466440 np0000181864 devstack@n-api-meta.service[112667]: DEBUG dbcounter [-] [112667] Writing DB stats nova_api:SELECT=1 {{(pid=112667) stat_writer /opt/stack/data/venv/lib/python3.12/site-packages/dbcounter.py:115}}
Jun 18 05:25:14.507576 np0000181864 devstack@n-api-meta.service[112666]: DEBUG dbcounter [-] [112666] Writing DB stats nova_api:SELECT=1 {{(pid=112666) stat_writer /opt/stack/data/venv/lib/python3.12/site-packages/dbcounter.py:115}}
Jun 18 05:25:14.515165 np0000181864 devstack@n-api-meta.service[112665]: DEBUG dbcounter [-] [112665] Writing DB stats nova_api:SELECT=1 {{(pid=112665) stat_writer /opt/stack/data/venv/lib/python3.12/site-packages/dbcounter.py:115}}
Jun 18 05:25:14.574452 np0000181864 devstack@n-api-meta.service[112668]: DEBUG dbcounter [-] [112668] Writing DB stats nova_cell0:SELECT=1 {{(pid=112668) stat_writer /opt/stack/data/venv/lib/python3.12/site-packages/dbcounter.py:115}}
Jun 18 05:25:14.580283 np0000181864 devstack@n-api-meta.service[112668]: DEBUG dbcounter [-] [112668] Writing DB stats nova_cell1:SELECT=1 {{(pid=112668) stat_writer /opt/stack/data/venv/lib/python3.12/site-packages/dbcounter.py:115}}
Jun 18 05:25:14.623749 np0000181864 devstack@n-api-meta.service[112667]: DEBUG dbcounter [-] [112667] Writing DB stats nova_cell0:SELECT=1 {{(pid=112667) stat_writer /opt/stack/data/venv/lib/python3.12/site-packages/dbcounter.py:115}}
Jun 18 05:25:14.629916 np0000181864 devstack@n-api-meta.service[112667]: DEBUG dbcounter [-] [112667] Writing DB stats nova_cell1:SELECT=1 {{(pid=112667) stat_writer /opt/stack/data/venv/lib/python3.12/site-packages/dbcounter.py:115}}
Jun 18 05:25:14.637246 np0000181864 devstack@n-api-meta.service[112668]: DEBUG dbcounter [-] [112668] Writing DB stats nova_cell0:SELECT=2,nova_cell0:INSERT=1 {{(pid=112668) stat_writer /opt/stack/data/venv/lib/python3.12/site-packages/dbcounter.py:115}}
Jun 18 05:25:14.662752 np0000181864 devstack@n-api-meta.service[112666]: DEBUG dbcounter [-] [112666] Writing DB stats nova_cell1:SELECT=1 {{(pid=112666) stat_writer /opt/stack/data/venv/lib/python3.12/site-packages/dbcounter.py:115}}
Jun 18 05:25:14.673338 np0000181864 devstack@n-api-meta.service[112666]: DEBUG dbcounter [-] [112666] Writing DB stats nova_cell0:SELECT=1 {{(pid=112666) stat_writer /opt/stack/data/venv/lib/python3.12/site-packages/dbcounter.py:115}}
Jun 18 05:25:14.678974 np0000181864 devstack@n-api-meta.service[112665]: DEBUG dbcounter [-] [112665] Writing DB stats nova_cell1:SELECT=1 {{(pid=112665) stat_writer /opt/stack/data/venv/lib/python3.12/site-packages/dbcounter.py:115}}
Jun 18 05:25:14.679605 np0000181864 devstack@n-api-meta.service[112665]: DEBUG dbcounter [-] [112665] Writing DB stats nova_cell0:SELECT=1 {{(pid=112665) stat_writer /opt/stack/data/venv/lib/python3.12/site-packages/dbcounter.py:115}}
Jun 18 05:25:14.685382 np0000181864 devstack@n-api-meta.service[112667]: DEBUG dbcounter [-] [112667] Writing DB stats nova_cell0:SELECT=1 {{(pid=112667) stat_writer /opt/stack/data/venv/lib/python3.12/site-packages/dbcounter.py:115}}
Jun 18 05:25:14.723311 np0000181864 devstack@n-api-meta.service[112666]: DEBUG dbcounter [-] [112666] Writing DB stats nova_cell0:SELECT=1 {{(pid=112666) stat_writer /opt/stack/data/venv/lib/python3.12/site-packages/dbcounter.py:115}}
Jun 18 05:25:14.735738 np0000181864 devstack@n-api-meta.service[112665]: DEBUG dbcounter [-] [112665] Writing DB stats nova_cell0:SELECT=1 {{(pid=112665) stat_writer /opt/stack/data/venv/lib/python3.12/site-packages/dbcounter.py:115}}
Jun 18 05:30:10.582249 np0000181864 devstack@n-api-meta.service[112668]: DEBUG nova.api.metadata.handler [None req-5e16d7d7-acad-4ce2-b452-cd2eb121fe50 None None] Metadata request headers: {'Host': '199.204.45.210:8775', 'User-Agent': 'python-requests/2.34.2', 'Accept-Encoding': 'gzip, deflate', 'Accept': '*/*', 'Connection': 'keep-alive', 'X-Forwarded-For': '192.168.24.15', 'X-Instance-Id': 'b18f570d-16f7-4804-b643-5d685d72cc12', 'X-Tenant-Id': 'bf927f11434440069d32d27d61a98b1c', 'X-Instance-Id-Signature': 'a3640b7f23618b989ec91c0be4924f1d993a3e494f652e18fa92b1c2cba71aaf'} {{(pid=112668) __call__ /opt/stack/nova/nova/api/metadata/handler.py:109}}
Jun 18 05:30:10.593952 np0000181864 devstack@n-api-meta.service[112668]: DEBUG oslo_concurrency.lockutils [None req-a746c0c1-7ff2-4c99-b277-029fca6170ae None None] Acquiring lock "2d42d131-8e49-442c-80ce-baeff74cdbf1" by "nova.context.set_target_cell..get_or_set_cached_cell_and_set_connections" {{(pid=112668) inner /opt/stack/data/venv/lib/python3.12/site-packages/oslo_concurrency/lockutils.py:511}}
Jun 18 05:30:10.594117 np0000181864 devstack@n-api-meta.service[112668]: DEBUG oslo_concurrency.lockutils [None req-a746c0c1-7ff2-4c99-b277-029fca6170ae None None] Lock "2d42d131-8e49-442c-80ce-baeff74cdbf1" acquired by "nova.context.set_target_cell..get_or_set_cached_cell_and_set_connections" :: waited 0.000s {{(pid=112668) inner /opt/stack/data/venv/lib/python3.12/site-packages/oslo_concurrency/lockutils.py:524}}
Jun 18 05:30:10.594241 np0000181864 devstack@n-api-meta.service[112668]: DEBUG oslo_concurrency.lockutils [None req-a746c0c1-7ff2-4c99-b277-029fca6170ae None None] Lock "2d42d131-8e49-442c-80ce-baeff74cdbf1" "released" by "nova.context.set_target_cell..get_or_set_cached_cell_and_set_connections" :: held 0.000s {{(pid=112668) inner /opt/stack/data/venv/lib/python3.12/site-packages/oslo_concurrency/lockutils.py:543}}
Jun 18 05:30:10.658807 np0000181864 devstack@n-api-meta.service[112668]: WARNING neutronclient.v2_0.client [None req-a746c0c1-7ff2-4c99-b277-029fca6170ae None None] The python binding code in neutronclient is deprecated in favor of OpenstackSDK, please use that as this will be removed in a future release.
Jun 18 05:30:11.057227 np0000181864 devstack@n-api-meta.service[112668]: [pid: 112668|app: 0|req: 1/1] 199.204.45.210 () {40 vars in 641 bytes} [Thu Jun 18 05:30:10 2026] GET /openstack => generated 116 bytes in 476 msecs (HTTP/1.1 200) 3 headers in 100 bytes (1 switches on core 0)
Jun 18 05:30:11.071390 np0000181864 devstack@n-api-meta.service[112667]: DEBUG nova.api.metadata.handler [None req-0c53754c-f8bb-43fb-86ec-dbe1d33fdc61 None None] Metadata request headers: {'Host': '199.204.45.210:8775', 'User-Agent': 'python-requests/2.34.2', 'Accept-Encoding': 'gzip, deflate', 'Accept': '*/*', 'Connection': 'keep-alive', 'X-Forwarded-For': '192.168.24.15', 'X-Instance-Id': 'b18f570d-16f7-4804-b643-5d685d72cc12', 'X-Tenant-Id': 'bf927f11434440069d32d27d61a98b1c', 'X-Instance-Id-Signature': 'a3640b7f23618b989ec91c0be4924f1d993a3e494f652e18fa92b1c2cba71aaf'} {{(pid=112667) __call__ /opt/stack/nova/nova/api/metadata/handler.py:109}}
Jun 18 05:30:11.074632 np0000181864 devstack@n-api-meta.service[112667]: DEBUG nova.api.metadata.handler [None req-0c53754c-f8bb-43fb-86ec-dbe1d33fdc61 None None] Using cached metadata for instance b18f570d-16f7-4804-b643-5d685d72cc12 {{(pid=112667) get_metadata_by_instance_id /opt/stack/nova/nova/api/metadata/handler.py:84}}
Jun 18 05:30:11.075063 np0000181864 devstack@n-api-meta.service[112667]: [pid: 112667|app: 0|req: 1/2] 199.204.45.210 () {40 vars in 641 bytes} [Thu Jun 18 05:30:11 2026] GET /openstack => generated 116 bytes in 4 msecs (HTTP/1.1 200) 3 headers in 100 bytes (1 switches on core 0)
Jun 18 05:30:11.082393 np0000181864 devstack@n-api-meta.service[112666]: DEBUG nova.api.metadata.handler [None req-cf525de2-f99e-48e5-9699-61e677c7275e None None] Metadata request headers: {'Host': '199.204.45.210:8775', 'User-Agent': 'python-requests/2.34.2', 'Accept-Encoding': 'gzip, deflate', 'Accept': '*/*', 'Connection': 'keep-alive', 'X-Forwarded-For': '192.168.24.15', 'X-Instance-Id': 'b18f570d-16f7-4804-b643-5d685d72cc12', 'X-Tenant-Id': 'bf927f11434440069d32d27d61a98b1c', 'X-Instance-Id-Signature': 'a3640b7f23618b989ec91c0be4924f1d993a3e494f652e18fa92b1c2cba71aaf'} {{(pid=112666) __call__ /opt/stack/nova/nova/api/metadata/handler.py:109}}
Jun 18 05:30:11.086123 np0000181864 devstack@n-api-meta.service[112666]: DEBUG nova.api.metadata.handler [None req-cf525de2-f99e-48e5-9699-61e677c7275e None None] Using cached metadata for instance b18f570d-16f7-4804-b643-5d685d72cc12 {{(pid=112666) get_metadata_by_instance_id /opt/stack/nova/nova/api/metadata/handler.py:84}}
Jun 18 05:30:11.086747 np0000181864 devstack@n-api-meta.service[112666]: [pid: 112666|app: 0|req: 1/3] 199.204.45.210 () {40 vars in 693 bytes} [Thu Jun 18 05:30:11 2026] GET /openstack/2018-08-27/meta_data.json => generated 946 bytes in 5 msecs (HTTP/1.1 200) 3 headers in 91 bytes (1 switches on core 0)
Jun 18 05:30:11.094743 np0000181864 devstack@n-api-meta.service[112665]: DEBUG nova.api.metadata.handler [None req-90bdcd2b-bd6c-44ff-82b7-2a268ccd4032 None None] Metadata request headers: {'Host': '199.204.45.210:8775', 'User-Agent': 'python-requests/2.34.2', 'Accept-Encoding': 'gzip, deflate', 'Accept': '*/*', 'Connection': 'keep-alive', 'X-Forwarded-For': '192.168.24.15', 'X-Instance-Id': 'b18f570d-16f7-4804-b643-5d685d72cc12', 'X-Tenant-Id': 'bf927f11434440069d32d27d61a98b1c', 'X-Instance-Id-Signature': 'a3640b7f23618b989ec91c0be4924f1d993a3e494f652e18fa92b1c2cba71aaf'} {{(pid=112665) __call__ /opt/stack/nova/nova/api/metadata/handler.py:109}}
Jun 18 05:30:11.099649 np0000181864 devstack@n-api-meta.service[112665]: DEBUG nova.api.metadata.handler [None req-90bdcd2b-bd6c-44ff-82b7-2a268ccd4032 None None] Using cached metadata for instance b18f570d-16f7-4804-b643-5d685d72cc12 {{(pid=112665) get_metadata_by_instance_id /opt/stack/nova/nova/api/metadata/handler.py:84}}
Jun 18 05:30:11.100113 np0000181864 devstack@n-api-meta.service[112665]: [pid: 112665|app: 0|req: 1/4] 199.204.45.210 () {40 vars in 683 bytes} [Thu Jun 18 05:30:11 2026] GET /openstack/2018-08-27/user_data => generated 26374 bytes in 6 msecs (HTTP/1.1 200) 3 headers in 102 bytes (1 switches on core 0)
Jun 18 05:30:11.109697 np0000181864 devstack@n-api-meta.service[112668]: DEBUG nova.api.metadata.handler [None req-a746c0c1-7ff2-4c99-b277-029fca6170ae None None] Metadata request headers: {'Host': '199.204.45.210:8775', 'User-Agent': 'python-requests/2.34.2', 'Accept-Encoding': 'gzip, deflate', 'Accept': '*/*', 'Connection': 'keep-alive', 'X-Forwarded-For': '192.168.24.15', 'X-Instance-Id': 'b18f570d-16f7-4804-b643-5d685d72cc12', 'X-Tenant-Id': 'bf927f11434440069d32d27d61a98b1c', 'X-Instance-Id-Signature': 'a3640b7f23618b989ec91c0be4924f1d993a3e494f652e18fa92b1c2cba71aaf'} {{(pid=112668) __call__ /opt/stack/nova/nova/api/metadata/handler.py:109}}
Jun 18 05:30:11.111312 np0000181864 devstack@n-api-meta.service[112668]: DEBUG nova.api.metadata.handler [None req-a746c0c1-7ff2-4c99-b277-029fca6170ae None None] Using cached metadata for instance b18f570d-16f7-4804-b643-5d685d72cc12 {{(pid=112668) get_metadata_by_instance_id /opt/stack/nova/nova/api/metadata/handler.py:84}}
Jun 18 05:30:11.111742 np0000181864 devstack@n-api-meta.service[112668]: [pid: 112668|app: 0|req: 2/5] 199.204.45.210 () {40 vars in 698 bytes} [Thu Jun 18 05:30:11 2026] GET /openstack/2018-08-27/vendor_data.json => generated 2 bytes in 2 msecs (HTTP/1.1 200) 3 headers in 89 bytes (1 switches on core 0)
Jun 18 05:30:11.117374 np0000181864 devstack@n-api-meta.service[112667]: DEBUG nova.api.metadata.handler [None req-0c53754c-f8bb-43fb-86ec-dbe1d33fdc61 None None] Metadata request headers: {'Host': '199.204.45.210:8775', 'User-Agent': 'python-requests/2.34.2', 'Accept-Encoding': 'gzip, deflate', 'Accept': '*/*', 'Connection': 'keep-alive', 'X-Forwarded-For': '192.168.24.15', 'X-Instance-Id': 'b18f570d-16f7-4804-b643-5d685d72cc12', 'X-Tenant-Id': 'bf927f11434440069d32d27d61a98b1c', 'X-Instance-Id-Signature': 'a3640b7f23618b989ec91c0be4924f1d993a3e494f652e18fa92b1c2cba71aaf'} {{(pid=112667) __call__ /opt/stack/nova/nova/api/metadata/handler.py:109}}
Jun 18 05:30:11.119349 np0000181864 devstack@n-api-meta.service[112667]: DEBUG nova.api.metadata.handler [None req-0c53754c-f8bb-43fb-86ec-dbe1d33fdc61 None None] Using cached metadata for instance b18f570d-16f7-4804-b643-5d685d72cc12 {{(pid=112667) get_metadata_by_instance_id /opt/stack/nova/nova/api/metadata/handler.py:84}}
Jun 18 05:30:11.119873 np0000181864 devstack@n-api-meta.service[112667]: [pid: 112667|app: 0|req: 2/6] 199.204.45.210 () {40 vars in 700 bytes} [Thu Jun 18 05:30:11 2026] GET /openstack/2018-08-27/vendor_data2.json => generated 14 bytes in 3 msecs (HTTP/1.1 200) 3 headers in 90 bytes (1 switches on core 0)
Jun 18 05:30:11.127886 np0000181864 devstack@n-api-meta.service[112666]: DEBUG nova.api.metadata.handler [None req-cf525de2-f99e-48e5-9699-61e677c7275e None None] Metadata request headers: {'Host': '199.204.45.210:8775', 'User-Agent': 'python-requests/2.34.2', 'Accept-Encoding': 'gzip, deflate', 'Accept': '*/*', 'Connection': 'keep-alive', 'X-Forwarded-For': '192.168.24.15', 'X-Instance-Id': 'b18f570d-16f7-4804-b643-5d685d72cc12', 'X-Tenant-Id': 'bf927f11434440069d32d27d61a98b1c', 'X-Instance-Id-Signature': 'a3640b7f23618b989ec91c0be4924f1d993a3e494f652e18fa92b1c2cba71aaf'} {{(pid=112666) __call__ /opt/stack/nova/nova/api/metadata/handler.py:109}}
Jun 18 05:30:11.130846 np0000181864 devstack@n-api-meta.service[112666]: DEBUG nova.api.metadata.handler [None req-cf525de2-f99e-48e5-9699-61e677c7275e None None] Using cached metadata for instance b18f570d-16f7-4804-b643-5d685d72cc12 {{(pid=112666) get_metadata_by_instance_id /opt/stack/nova/nova/api/metadata/handler.py:84}}
Jun 18 05:30:11.131761 np0000181864 devstack@n-api-meta.service[112666]: [pid: 112666|app: 0|req: 2/7] 199.204.45.210 () {40 vars in 700 bytes} [Thu Jun 18 05:30:11 2026] GET /openstack/2018-08-27/network_data.json => generated 348 bytes in 4 msecs (HTTP/1.1 200) 3 headers in 100 bytes (1 switches on core 0)
Jun 18 05:30:11.140634 np0000181864 devstack@n-api-meta.service[112665]: DEBUG nova.api.metadata.handler [None req-90bdcd2b-bd6c-44ff-82b7-2a268ccd4032 None None] Metadata request headers: {'Host': '199.204.45.210:8775', 'User-Agent': 'python-requests/2.34.2', 'Accept-Encoding': 'gzip, deflate', 'Accept': '*/*', 'Connection': 'keep-alive', 'X-Forwarded-For': '192.168.24.15', 'X-Instance-Id': 'b18f570d-16f7-4804-b643-5d685d72cc12', 'X-Tenant-Id': 'bf927f11434440069d32d27d61a98b1c', 'X-Instance-Id-Signature': 'a3640b7f23618b989ec91c0be4924f1d993a3e494f652e18fa92b1c2cba71aaf'} {{(pid=112665) __call__ /opt/stack/nova/nova/api/metadata/handler.py:109}}
Jun 18 05:30:11.143268 np0000181864 devstack@n-api-meta.service[112665]: DEBUG nova.api.metadata.handler [None req-90bdcd2b-bd6c-44ff-82b7-2a268ccd4032 None None] Using cached metadata for instance b18f570d-16f7-4804-b643-5d685d72cc12 {{(pid=112665) get_metadata_by_instance_id /opt/stack/nova/nova/api/metadata/handler.py:84}}
Jun 18 05:30:11.144098 np0000181864 devstack@n-api-meta.service[112665]: [pid: 112665|app: 0|req: 2/8] 199.204.45.210 () {40 vars in 658 bytes} [Thu Jun 18 05:30:11 2026] GET /latest/meta-data/ => generated 210 bytes in 4 msecs (HTTP/1.1 200) 3 headers in 100 bytes (1 switches on core 0)
Jun 18 05:30:11.149058 np0000181864 devstack@n-api-meta.service[112668]: DEBUG nova.api.metadata.handler [None req-a746c0c1-7ff2-4c99-b277-029fca6170ae None None] Metadata request headers: {'Host': '199.204.45.210:8775', 'User-Agent': 'python-requests/2.34.2', 'Accept-Encoding': 'gzip, deflate', 'Accept': '*/*', 'Connection': 'keep-alive', 'X-Forwarded-For': '192.168.24.15', 'X-Instance-Id': 'b18f570d-16f7-4804-b643-5d685d72cc12', 'X-Tenant-Id': 'bf927f11434440069d32d27d61a98b1c', 'X-Instance-Id-Signature': 'a3640b7f23618b989ec91c0be4924f1d993a3e494f652e18fa92b1c2cba71aaf'} {{(pid=112668) __call__ /opt/stack/nova/nova/api/metadata/handler.py:109}}
Jun 18 05:30:11.150478 np0000181864 devstack@n-api-meta.service[112668]: DEBUG nova.api.metadata.handler [None req-a746c0c1-7ff2-4c99-b277-029fca6170ae None None] Using cached metadata for instance b18f570d-16f7-4804-b643-5d685d72cc12 {{(pid=112668) get_metadata_by_instance_id /opt/stack/nova/nova/api/metadata/handler.py:84}}
Jun 18 05:30:11.150873 np0000181864 devstack@n-api-meta.service[112668]: [pid: 112668|app: 0|req: 3/9] 199.204.45.210 () {40 vars in 700 bytes} [Thu Jun 18 05:30:11 2026] GET /latest/meta-data/block-device-mapping/ => generated 8 bytes in 2 msecs (HTTP/1.1 200) 3 headers in 98 bytes (1 switches on core 0)
Jun 18 05:30:11.157166 np0000181864 devstack@n-api-meta.service[112667]: DEBUG nova.api.metadata.handler [None req-0c53754c-f8bb-43fb-86ec-dbe1d33fdc61 None None] Metadata request headers: {'Host': '199.204.45.210:8775', 'User-Agent': 'python-requests/2.34.2', 'Accept-Encoding': 'gzip, deflate', 'Accept': '*/*', 'Connection': 'keep-alive', 'X-Forwarded-For': '192.168.24.15', 'X-Instance-Id': 'b18f570d-16f7-4804-b643-5d685d72cc12', 'X-Tenant-Id': 'bf927f11434440069d32d27d61a98b1c', 'X-Instance-Id-Signature': 'a3640b7f23618b989ec91c0be4924f1d993a3e494f652e18fa92b1c2cba71aaf'} {{(pid=112667) __call__ /opt/stack/nova/nova/api/metadata/handler.py:109}}
Jun 18 05:30:11.158742 np0000181864 devstack@n-api-meta.service[112667]: DEBUG nova.api.metadata.handler [None req-0c53754c-f8bb-43fb-86ec-dbe1d33fdc61 None None] Using cached metadata for instance b18f570d-16f7-4804-b643-5d685d72cc12 {{(pid=112667) get_metadata_by_instance_id /opt/stack/nova/nova/api/metadata/handler.py:84}}
Jun 18 05:30:11.159213 np0000181864 devstack@n-api-meta.service[112667]: [pid: 112667|app: 0|req: 3/10] 199.204.45.210 () {40 vars in 706 bytes} [Thu Jun 18 05:30:11 2026] GET /latest/meta-data/block-device-mapping/ami => generated 3 bytes in 2 msecs (HTTP/1.1 200) 3 headers in 98 bytes (1 switches on core 0)
Jun 18 05:30:11.164708 np0000181864 devstack@n-api-meta.service[112666]: DEBUG nova.api.metadata.handler [None req-cf525de2-f99e-48e5-9699-61e677c7275e None None] Metadata request headers: {'Host': '199.204.45.210:8775', 'User-Agent': 'python-requests/2.34.2', 'Accept-Encoding': 'gzip, deflate', 'Accept': '*/*', 'Connection': 'keep-alive', 'X-Forwarded-For': '192.168.24.15', 'X-Instance-Id': 'b18f570d-16f7-4804-b643-5d685d72cc12', 'X-Tenant-Id': 'bf927f11434440069d32d27d61a98b1c', 'X-Instance-Id-Signature': 'a3640b7f23618b989ec91c0be4924f1d993a3e494f652e18fa92b1c2cba71aaf'} {{(pid=112666) __call__ /opt/stack/nova/nova/api/metadata/handler.py:109}}
Jun 18 05:30:11.166633 np0000181864 devstack@n-api-meta.service[112666]: DEBUG nova.api.metadata.handler [None req-cf525de2-f99e-48e5-9699-61e677c7275e None None] Using cached metadata for instance b18f570d-16f7-4804-b643-5d685d72cc12 {{(pid=112666) get_metadata_by_instance_id /opt/stack/nova/nova/api/metadata/handler.py:84}}
Jun 18 05:30:11.167067 np0000181864 devstack@n-api-meta.service[112666]: [pid: 112666|app: 0|req: 3/11] 199.204.45.210 () {40 vars in 708 bytes} [Thu Jun 18 05:30:11 2026] GET /latest/meta-data/block-device-mapping/root => generated 8 bytes in 3 msecs (HTTP/1.1 200) 3 headers in 98 bytes (1 switches on core 0)
Jun 18 05:30:11.172566 np0000181864 devstack@n-api-meta.service[112665]: DEBUG nova.api.metadata.handler [None req-90bdcd2b-bd6c-44ff-82b7-2a268ccd4032 None None] Metadata request headers: {'Host': '199.204.45.210:8775', 'User-Agent': 'python-requests/2.34.2', 'Accept-Encoding': 'gzip, deflate', 'Accept': '*/*', 'Connection': 'keep-alive', 'X-Forwarded-For': '192.168.24.15', 'X-Instance-Id': 'b18f570d-16f7-4804-b643-5d685d72cc12', 'X-Tenant-Id': 'bf927f11434440069d32d27d61a98b1c', 'X-Instance-Id-Signature': 'a3640b7f23618b989ec91c0be4924f1d993a3e494f652e18fa92b1c2cba71aaf'} {{(pid=112665) __call__ /opt/stack/nova/nova/api/metadata/handler.py:109}}
Jun 18 05:30:11.175120 np0000181864 devstack@n-api-meta.service[112665]: DEBUG nova.api.metadata.handler [None req-90bdcd2b-bd6c-44ff-82b7-2a268ccd4032 None None] Using cached metadata for instance b18f570d-16f7-4804-b643-5d685d72cc12 {{(pid=112665) get_metadata_by_instance_id /opt/stack/nova/nova/api/metadata/handler.py:84}}
Jun 18 05:30:11.175854 np0000181864 devstack@n-api-meta.service[112665]: [pid: 112665|app: 0|req: 3/12] 199.204.45.210 () {40 vars in 678 bytes} [Thu Jun 18 05:30:11 2026] GET /latest/meta-data/placement/ => generated 17 bytes in 4 msecs (HTTP/1.1 200) 3 headers in 99 bytes (1 switches on core 0)
Jun 18 05:30:11.180574 np0000181864 devstack@n-api-meta.service[112668]: DEBUG nova.api.metadata.handler [None req-a746c0c1-7ff2-4c99-b277-029fca6170ae None None] Metadata request headers: {'Host': '199.204.45.210:8775', 'User-Agent': 'python-requests/2.34.2', 'Accept-Encoding': 'gzip, deflate', 'Accept': '*/*', 'Connection': 'keep-alive', 'X-Forwarded-For': '192.168.24.15', 'X-Instance-Id': 'b18f570d-16f7-4804-b643-5d685d72cc12', 'X-Tenant-Id': 'bf927f11434440069d32d27d61a98b1c', 'X-Instance-Id-Signature': 'a3640b7f23618b989ec91c0be4924f1d993a3e494f652e18fa92b1c2cba71aaf'} {{(pid=112668) __call__ /opt/stack/nova/nova/api/metadata/handler.py:109}}
Jun 18 05:30:11.182007 np0000181864 devstack@n-api-meta.service[112668]: DEBUG nova.api.metadata.handler [None req-a746c0c1-7ff2-4c99-b277-029fca6170ae None None] Using cached metadata for instance b18f570d-16f7-4804-b643-5d685d72cc12 {{(pid=112668) get_metadata_by_instance_id /opt/stack/nova/nova/api/metadata/handler.py:84}}
Jun 18 05:30:11.182350 np0000181864 devstack@n-api-meta.service[112668]: [pid: 112668|app: 0|req: 4/13] 199.204.45.210 () {40 vars in 712 bytes} [Thu Jun 18 05:30:11 2026] GET /latest/meta-data/placement/availability-zone => generated 4 bytes in 2 msecs (HTTP/1.1 200) 3 headers in 98 bytes (1 switches on core 0)
Jun 18 05:30:11.188415 np0000181864 devstack@n-api-meta.service[112667]: DEBUG nova.api.metadata.handler [None req-0c53754c-f8bb-43fb-86ec-dbe1d33fdc61 None None] Metadata request headers: {'Host': '199.204.45.210:8775', 'User-Agent': 'python-requests/2.34.2', 'Accept-Encoding': 'gzip, deflate', 'Accept': '*/*', 'Connection': 'keep-alive', 'X-Forwarded-For': '192.168.24.15', 'X-Instance-Id': 'b18f570d-16f7-4804-b643-5d685d72cc12', 'X-Tenant-Id': 'bf927f11434440069d32d27d61a98b1c', 'X-Instance-Id-Signature': 'a3640b7f23618b989ec91c0be4924f1d993a3e494f652e18fa92b1c2cba71aaf'} {{(pid=112667) __call__ /opt/stack/nova/nova/api/metadata/handler.py:109}}
Jun 18 05:30:11.190075 np0000181864 devstack@n-api-meta.service[112667]: DEBUG nova.api.metadata.handler [None req-0c53754c-f8bb-43fb-86ec-dbe1d33fdc61 None None] Using cached metadata for instance b18f570d-16f7-4804-b643-5d685d72cc12 {{(pid=112667) get_metadata_by_instance_id /opt/stack/nova/nova/api/metadata/handler.py:84}}
Jun 18 05:30:11.190452 np0000181864 devstack@n-api-meta.service[112667]: [pid: 112667|app: 0|req: 4/14] 199.204.45.210 () {40 vars in 670 bytes} [Thu Jun 18 05:30:11 2026] GET /latest/meta-data/ami-id => generated 12 bytes in 2 msecs (HTTP/1.1 200) 3 headers in 99 bytes (1 switches on core 0)
Jun 18 05:30:11.195774 np0000181864 devstack@n-api-meta.service[112666]: DEBUG nova.api.metadata.handler [None req-cf525de2-f99e-48e5-9699-61e677c7275e None None] Metadata request headers: {'Host': '199.204.45.210:8775', 'User-Agent': 'python-requests/2.34.2', 'Accept-Encoding': 'gzip, deflate', 'Accept': '*/*', 'Connection': 'keep-alive', 'X-Forwarded-For': '192.168.24.15', 'X-Instance-Id': 'b18f570d-16f7-4804-b643-5d685d72cc12', 'X-Tenant-Id': 'bf927f11434440069d32d27d61a98b1c', 'X-Instance-Id-Signature': 'a3640b7f23618b989ec91c0be4924f1d993a3e494f652e18fa92b1c2cba71aaf'} {{(pid=112666) __call__ /opt/stack/nova/nova/api/metadata/handler.py:109}}
Jun 18 05:30:11.197637 np0000181864 devstack@n-api-meta.service[112666]: DEBUG nova.api.metadata.handler [None req-cf525de2-f99e-48e5-9699-61e677c7275e None None] Using cached metadata for instance b18f570d-16f7-4804-b643-5d685d72cc12 {{(pid=112666) get_metadata_by_instance_id /opt/stack/nova/nova/api/metadata/handler.py:84}}
Jun 18 05:30:11.198069 np0000181864 devstack@n-api-meta.service[112666]: [pid: 112666|app: 0|req: 4/15] 199.204.45.210 () {40 vars in 690 bytes} [Thu Jun 18 05:30:11 2026] GET /latest/meta-data/ami-launch-index => generated 1 bytes in 3 msecs (HTTP/1.1 200) 3 headers in 98 bytes (1 switches on core 0)
Jun 18 05:30:11.204954 np0000181864 devstack@n-api-meta.service[112665]: DEBUG nova.api.metadata.handler [None req-90bdcd2b-bd6c-44ff-82b7-2a268ccd4032 None None] Metadata request headers: {'Host': '199.204.45.210:8775', 'User-Agent': 'python-requests/2.34.2', 'Accept-Encoding': 'gzip, deflate', 'Accept': '*/*', 'Connection': 'keep-alive', 'X-Forwarded-For': '192.168.24.15', 'X-Instance-Id': 'b18f570d-16f7-4804-b643-5d685d72cc12', 'X-Tenant-Id': 'bf927f11434440069d32d27d61a98b1c', 'X-Instance-Id-Signature': 'a3640b7f23618b989ec91c0be4924f1d993a3e494f652e18fa92b1c2cba71aaf'} {{(pid=112665) __call__ /opt/stack/nova/nova/api/metadata/handler.py:109}}
Jun 18 05:30:11.207529 np0000181864 devstack@n-api-meta.service[112665]: DEBUG nova.api.metadata.handler [None req-90bdcd2b-bd6c-44ff-82b7-2a268ccd4032 None None] Using cached metadata for instance b18f570d-16f7-4804-b643-5d685d72cc12 {{(pid=112665) get_metadata_by_instance_id /opt/stack/nova/nova/api/metadata/handler.py:84}}
Jun 18 05:30:11.208228 np0000181864 devstack@n-api-meta.service[112665]: [pid: 112665|app: 0|req: 4/16] 199.204.45.210 () {40 vars in 692 bytes} [Thu Jun 18 05:30:11 2026] GET /latest/meta-data/ami-manifest-path => generated 5 bytes in 4 msecs (HTTP/1.1 200) 3 headers in 98 bytes (1 switches on core 0)
Jun 18 05:30:11.213451 np0000181864 devstack@n-api-meta.service[112668]: DEBUG nova.api.metadata.handler [None req-a746c0c1-7ff2-4c99-b277-029fca6170ae None None] Metadata request headers: {'Host': '199.204.45.210:8775', 'User-Agent': 'python-requests/2.34.2', 'Accept-Encoding': 'gzip, deflate', 'Accept': '*/*', 'Connection': 'keep-alive', 'X-Forwarded-For': '192.168.24.15', 'X-Instance-Id': 'b18f570d-16f7-4804-b643-5d685d72cc12', 'X-Tenant-Id': 'bf927f11434440069d32d27d61a98b1c', 'X-Instance-Id-Signature': 'a3640b7f23618b989ec91c0be4924f1d993a3e494f652e18fa92b1c2cba71aaf'} {{(pid=112668) __call__ /opt/stack/nova/nova/api/metadata/handler.py:109}}
Jun 18 05:30:11.216447 np0000181864 devstack@n-api-meta.service[112668]: DEBUG nova.api.metadata.handler [None req-a746c0c1-7ff2-4c99-b277-029fca6170ae None None] Using cached metadata for instance b18f570d-16f7-4804-b643-5d685d72cc12 {{(pid=112668) get_metadata_by_instance_id /opt/stack/nova/nova/api/metadata/handler.py:84}}
Jun 18 05:30:11.217322 np0000181864 devstack@n-api-meta.service[112668]: [pid: 112668|app: 0|req: 5/17] 199.204.45.210 () {40 vars in 674 bytes} [Thu Jun 18 05:30:11 2026] GET /latest/meta-data/hostname => generated 32 bytes in 4 msecs (HTTP/1.1 200) 3 headers in 99 bytes (1 switches on core 0)
Jun 18 05:30:11.225452 np0000181864 devstack@n-api-meta.service[112667]: DEBUG nova.api.metadata.handler [None req-0c53754c-f8bb-43fb-86ec-dbe1d33fdc61 None None] Metadata request headers: {'Host': '199.204.45.210:8775', 'User-Agent': 'python-requests/2.34.2', 'Accept-Encoding': 'gzip, deflate', 'Accept': '*/*', 'Connection': 'keep-alive', 'X-Forwarded-For': '192.168.24.15', 'X-Instance-Id': 'b18f570d-16f7-4804-b643-5d685d72cc12', 'X-Tenant-Id': 'bf927f11434440069d32d27d61a98b1c', 'X-Instance-Id-Signature': 'a3640b7f23618b989ec91c0be4924f1d993a3e494f652e18fa92b1c2cba71aaf'} {{(pid=112667) __call__ /opt/stack/nova/nova/api/metadata/handler.py:109}}
Jun 18 05:30:11.227151 np0000181864 devstack@n-api-meta.service[112667]: DEBUG nova.api.metadata.handler [None req-0c53754c-f8bb-43fb-86ec-dbe1d33fdc61 None None] Using cached metadata for instance b18f570d-16f7-4804-b643-5d685d72cc12 {{(pid=112667) get_metadata_by_instance_id /opt/stack/nova/nova/api/metadata/handler.py:84}}
Jun 18 05:30:11.227525 np0000181864 devstack@n-api-meta.service[112667]: [pid: 112667|app: 0|req: 5/18] 199.204.45.210 () {40 vars in 688 bytes} [Thu Jun 18 05:30:11 2026] GET /latest/meta-data/instance-action => generated 4 bytes in 2 msecs (HTTP/1.1 200) 3 headers in 98 bytes (1 switches on core 0)
Jun 18 05:30:11.233884 np0000181864 devstack@n-api-meta.service[112666]: DEBUG nova.api.metadata.handler [None req-cf525de2-f99e-48e5-9699-61e677c7275e None None] Metadata request headers: {'Host': '199.204.45.210:8775', 'User-Agent': 'python-requests/2.34.2', 'Accept-Encoding': 'gzip, deflate', 'Accept': '*/*', 'Connection': 'keep-alive', 'X-Forwarded-For': '192.168.24.15', 'X-Instance-Id': 'b18f570d-16f7-4804-b643-5d685d72cc12', 'X-Tenant-Id': 'bf927f11434440069d32d27d61a98b1c', 'X-Instance-Id-Signature': 'a3640b7f23618b989ec91c0be4924f1d993a3e494f652e18fa92b1c2cba71aaf'} {{(pid=112666) __call__ /opt/stack/nova/nova/api/metadata/handler.py:109}}
Jun 18 05:30:11.235630 np0000181864 devstack@n-api-meta.service[112666]: DEBUG nova.api.metadata.handler [None req-cf525de2-f99e-48e5-9699-61e677c7275e None None] Using cached metadata for instance b18f570d-16f7-4804-b643-5d685d72cc12 {{(pid=112666) get_metadata_by_instance_id /opt/stack/nova/nova/api/metadata/handler.py:84}}
Jun 18 05:30:11.236031 np0000181864 devstack@n-api-meta.service[112666]: [pid: 112666|app: 0|req: 5/19] 199.204.45.210 () {40 vars in 680 bytes} [Thu Jun 18 05:30:11 2026] GET /latest/meta-data/instance-id => generated 10 bytes in 2 msecs (HTTP/1.1 200) 3 headers in 99 bytes (1 switches on core 0)
Jun 18 05:30:11.243534 np0000181864 devstack@n-api-meta.service[112665]: DEBUG nova.api.metadata.handler [None req-90bdcd2b-bd6c-44ff-82b7-2a268ccd4032 None None] Metadata request headers: {'Host': '199.204.45.210:8775', 'User-Agent': 'python-requests/2.34.2', 'Accept-Encoding': 'gzip, deflate', 'Accept': '*/*', 'Connection': 'keep-alive', 'X-Forwarded-For': '192.168.24.15', 'X-Instance-Id': 'b18f570d-16f7-4804-b643-5d685d72cc12', 'X-Tenant-Id': 'bf927f11434440069d32d27d61a98b1c', 'X-Instance-Id-Signature': 'a3640b7f23618b989ec91c0be4924f1d993a3e494f652e18fa92b1c2cba71aaf'} {{(pid=112665) __call__ /opt/stack/nova/nova/api/metadata/handler.py:109}}
Jun 18 05:30:11.246214 np0000181864 devstack@n-api-meta.service[112665]: DEBUG nova.api.metadata.handler [None req-90bdcd2b-bd6c-44ff-82b7-2a268ccd4032 None None] Using cached metadata for instance b18f570d-16f7-4804-b643-5d685d72cc12 {{(pid=112665) get_metadata_by_instance_id /opt/stack/nova/nova/api/metadata/handler.py:84}}
Jun 18 05:30:11.246880 np0000181864 devstack@n-api-meta.service[112665]: [pid: 112665|app: 0|req: 5/20] 199.204.45.210 () {40 vars in 684 bytes} [Thu Jun 18 05:30:11 2026] GET /latest/meta-data/instance-type => generated 8 bytes in 4 msecs (HTTP/1.1 200) 3 headers in 98 bytes (1 switches on core 0)
Jun 18 05:30:11.253371 np0000181864 devstack@n-api-meta.service[112668]: DEBUG nova.api.metadata.handler [None req-a746c0c1-7ff2-4c99-b277-029fca6170ae None None] Metadata request headers: {'Host': '199.204.45.210:8775', 'User-Agent': 'python-requests/2.34.2', 'Accept-Encoding': 'gzip, deflate', 'Accept': '*/*', 'Connection': 'keep-alive', 'X-Forwarded-For': '192.168.24.15', 'X-Instance-Id': 'b18f570d-16f7-4804-b643-5d685d72cc12', 'X-Tenant-Id': 'bf927f11434440069d32d27d61a98b1c', 'X-Instance-Id-Signature': 'a3640b7f23618b989ec91c0be4924f1d993a3e494f652e18fa92b1c2cba71aaf'} {{(pid=112668) __call__ /opt/stack/nova/nova/api/metadata/handler.py:109}}
Jun 18 05:30:11.256335 np0000181864 devstack@n-api-meta.service[112668]: DEBUG nova.api.metadata.handler [None req-a746c0c1-7ff2-4c99-b277-029fca6170ae None None] Using cached metadata for instance b18f570d-16f7-4804-b643-5d685d72cc12 {{(pid=112668) get_metadata_by_instance_id /opt/stack/nova/nova/api/metadata/handler.py:84}}
Jun 18 05:30:11.256944 np0000181864 devstack@n-api-meta.service[112668]: [pid: 112668|app: 0|req: 6/21] 199.204.45.210 () {40 vars in 686 bytes} [Thu Jun 18 05:30:11 2026] GET /latest/meta-data/local-hostname => generated 32 bytes in 4 msecs (HTTP/1.1 200) 3 headers in 99 bytes (1 switches on core 0)
Jun 18 05:30:11.265631 np0000181864 devstack@n-api-meta.service[112667]: DEBUG nova.api.metadata.handler [None req-0c53754c-f8bb-43fb-86ec-dbe1d33fdc61 None None] Metadata request headers: {'Host': '199.204.45.210:8775', 'User-Agent': 'python-requests/2.34.2', 'Accept-Encoding': 'gzip, deflate', 'Accept': '*/*', 'Connection': 'keep-alive', 'X-Forwarded-For': '192.168.24.15', 'X-Instance-Id': 'b18f570d-16f7-4804-b643-5d685d72cc12', 'X-Tenant-Id': 'bf927f11434440069d32d27d61a98b1c', 'X-Instance-Id-Signature': 'a3640b7f23618b989ec91c0be4924f1d993a3e494f652e18fa92b1c2cba71aaf'} {{(pid=112667) __call__ /opt/stack/nova/nova/api/metadata/handler.py:109}}
Jun 18 05:30:11.268871 np0000181864 devstack@n-api-meta.service[112667]: DEBUG nova.api.metadata.handler [None req-0c53754c-f8bb-43fb-86ec-dbe1d33fdc61 None None] Using cached metadata for instance b18f570d-16f7-4804-b643-5d685d72cc12 {{(pid=112667) get_metadata_by_instance_id /opt/stack/nova/nova/api/metadata/handler.py:84}}
Jun 18 05:30:11.269719 np0000181864 devstack@n-api-meta.service[112667]: [pid: 112667|app: 0|req: 6/22] 199.204.45.210 () {40 vars in 678 bytes} [Thu Jun 18 05:30:11 2026] GET /latest/meta-data/local-ipv4 => generated 13 bytes in 5 msecs (HTTP/1.1 200) 3 headers in 99 bytes (1 switches on core 0)
Jun 18 05:30:11.277864 np0000181864 devstack@n-api-meta.service[112666]: DEBUG nova.api.metadata.handler [None req-cf525de2-f99e-48e5-9699-61e677c7275e None None] Metadata request headers: {'Host': '199.204.45.210:8775', 'User-Agent': 'python-requests/2.34.2', 'Accept-Encoding': 'gzip, deflate', 'Accept': '*/*', 'Connection': 'keep-alive', 'X-Forwarded-For': '192.168.24.15', 'X-Instance-Id': 'b18f570d-16f7-4804-b643-5d685d72cc12', 'X-Tenant-Id': 'bf927f11434440069d32d27d61a98b1c', 'X-Instance-Id-Signature': 'a3640b7f23618b989ec91c0be4924f1d993a3e494f652e18fa92b1c2cba71aaf'} {{(pid=112666) __call__ /opt/stack/nova/nova/api/metadata/handler.py:109}}
Jun 18 05:30:11.280447 np0000181864 devstack@n-api-meta.service[112666]: DEBUG nova.api.metadata.handler [None req-cf525de2-f99e-48e5-9699-61e677c7275e None None] Using cached metadata for instance b18f570d-16f7-4804-b643-5d685d72cc12 {{(pid=112666) get_metadata_by_instance_id /opt/stack/nova/nova/api/metadata/handler.py:84}}
Jun 18 05:30:11.281042 np0000181864 devstack@n-api-meta.service[112666]: [pid: 112666|app: 0|req: 6/23] 199.204.45.210 () {40 vars in 688 bytes} [Thu Jun 18 05:30:11 2026] GET /latest/meta-data/public-hostname => generated 32 bytes in 4 msecs (HTTP/1.1 200) 3 headers in 99 bytes (1 switches on core 0)
Jun 18 05:30:11.286721 np0000181864 devstack@n-api-meta.service[112665]: DEBUG nova.api.metadata.handler [None req-90bdcd2b-bd6c-44ff-82b7-2a268ccd4032 None None] Metadata request headers: {'Host': '199.204.45.210:8775', 'User-Agent': 'python-requests/2.34.2', 'Accept-Encoding': 'gzip, deflate', 'Accept': '*/*', 'Connection': 'keep-alive', 'X-Forwarded-For': '192.168.24.15', 'X-Instance-Id': 'b18f570d-16f7-4804-b643-5d685d72cc12', 'X-Tenant-Id': 'bf927f11434440069d32d27d61a98b1c', 'X-Instance-Id-Signature': 'a3640b7f23618b989ec91c0be4924f1d993a3e494f652e18fa92b1c2cba71aaf'} {{(pid=112665) __call__ /opt/stack/nova/nova/api/metadata/handler.py:109}}
Jun 18 05:30:11.288559 np0000181864 devstack@n-api-meta.service[112665]: DEBUG nova.api.metadata.handler [None req-90bdcd2b-bd6c-44ff-82b7-2a268ccd4032 None None] Using cached metadata for instance b18f570d-16f7-4804-b643-5d685d72cc12 {{(pid=112665) get_metadata_by_instance_id /opt/stack/nova/nova/api/metadata/handler.py:84}}
