2026-04-10 11:07:46.193 9 INFO neutron.wsgi [req-ee8c525f-b135-40b0-ba2c-0259175eefe0 req-632418f9-0d46-4d11-9283-3863c4cda012 7b215ea8c998426d8ee5fed43b267543 cd2acf818572460fb8be50077c7f376e - - aeb13f56474a42dfbfe75d92688323ce aeb13f56474a42dfbfe75d92688323ce] 10.0.0.29 "GET /v2.0/networks/b3cb0e36-57dd-4958-9007-2c6023c83746?fields=provider%3Aphysical_network&fields=provider%3Anetwork_type HTTP/1.1" status: 200 len: 277 time: 0.0713623
2026-04-10 11:07:46.268 9 INFO neutron.db.ovn_revision_numbers_db [None req-fb997edd-e172-44f5-821a-7500895b8a5e 94d03236f6e04eb88306d4aeaac5df5d 637a451b9e3e46e099a014a50340657a - - default default] Successfully bumped revision number for resource 3afd54e5-73ea-4a2b-887a-b0cfa4b17b19 (type: ports) to 2
2026-04-10 11:07:46.320 9 INFO neutron.db.ovn_revision_numbers_db [None req-fb997edd-e172-44f5-821a-7500895b8a5e 94d03236f6e04eb88306d4aeaac5df5d 637a451b9e3e46e099a014a50340657a - - default default] Successfully bumped revision number for resource e0a3d3d4-6e4f-4bc4-bc83-4e7d7b67b2d6 (type: subnets) to 0
2026-04-10 11:07:46.346 9 INFO neutron.wsgi [None req-fb997edd-e172-44f5-821a-7500895b8a5e 94d03236f6e04eb88306d4aeaac5df5d 637a451b9e3e46e099a014a50340657a - - default default] 10.0.0.229 "POST /v2.0/subnets HTTP/1.1" status: 201 len: 801 time: 1.0734665
2026-04-10 11:07:46.358 10 WARNING neutron_lib.context [None req-6de19ef5-3891-44f8-b013-95319c899835 94d03236f6e04eb88306d4aeaac5df5d 637a451b9e3e46e099a014a50340657a - - default default] Method 'is_advsvc' is deprecated since 2023.2 release (neutron-lib 3.8.0) and will be removed once support for the old RBAC API policies will be removed from Neutron. Please use method 'is_service_role' instead.
2026-04-10 11:07:46.368 10 INFO neutron.wsgi [req-3ba743a0-5044-4b24-85cb-eb05087402d8 req-ce3d4283-71ad-4776-be71-202a4f9dcd02 b6186ea8086a4eb0bfb4b6fac9f3fb42 dd72590752c041bd9b82a173baf98ec4 - - default default] 10.0.0.29 "GET /v2.0/ports?device_id=f9022e3f-6e9c-4672-8e3b-d3d07f9dc34a HTTP/1.1" status: 200 len: 210 time: 0.0276194
2026-04-10 11:07:46.704 9 WARNING neutron.plugins.ml2.drivers.ovn.mech_driver.ovsdb.ovn_client [None req-77b34222-c866-4411-9cd8-061608bc8b6c - - - - - -] No hosting information found for port 10b62672-345c-47d1-afad-ac5a9495dae9: RuntimeError: No hosting information found for port 10b62672-345c-47d1-afad-ac5a9495dae9
2026-04-10 11:07:46.851 10 WARNING neutron.scheduler.dhcp_agent_scheduler [None req-6de19ef5-3891-44f8-b013-95319c899835 94d03236f6e04eb88306d4aeaac5df5d 637a451b9e3e46e099a014a50340657a - - default default] No more DHCP agents
2026-04-10 11:07:46.853 10 WARNING neutron.api.rpc.agentnotifiers.dhcp_rpc_agent_api [None req-6de19ef5-3891-44f8-b013-95319c899835 94d03236f6e04eb88306d4aeaac5df5d 637a451b9e3e46e099a014a50340657a - - default default] Unable to schedule network 5bc8c633-ac57-4774-a1af-8d199ea598b4: no agents available; will retry on subsequent port and subnet creation events.
2026-04-10 11:07:47.068 10 INFO neutron.db.ovn_revision_numbers_db [None req-6de19ef5-3891-44f8-b013-95319c899835 94d03236f6e04eb88306d4aeaac5df5d 637a451b9e3e46e099a014a50340657a - - default default] Successfully bumped revision number for resource 7d0f7c0b-f72c-494a-be54-b0fc886a1a1d (type: ports) to 1
2026-04-10 11:07:47.094 10 INFO neutron.wsgi [None req-6de19ef5-3891-44f8-b013-95319c899835 94d03236f6e04eb88306d4aeaac5df5d 637a451b9e3e46e099a014a50340657a - - default default] 10.0.0.229 "POST /v2.0/ports HTTP/1.1" status: 201 len: 1149 time: 0.7399294 /var/lib/openstack/lib/python3.10/site-packages/pycadf/identifier.py:71: UserWarning: Invalid uuid: neutron. To ensure interoperability, identifiers should be a valid uuid. warnings.warn(('Invalid uuid: %s. To ensure interoperability, '
2026-04-10 11:07:47.151 9 INFO neutron.wsgi [-] 10.0.0.229 "GET / HTTP/1.1" status: 200 len: 279 time: 0.0022175
2026-04-10 11:07:47.345 9 INFO neutron.wsgi [None req-8871129c-bf67-4fce-9155-028bb04a2011 cfd12b759ade46ffbcff10619915df60 e86c25786ccf4f959e252dd22937ed94 - - default default] 10.0.0.229 "GET /v2.0/ HTTP/1.1" status: 200 len: 826 time: 0.1882186
2026-04-10 11:07:47.457 9 INFO neutron.wsgi [req-ee8c525f-b135-40b0-ba2c-0259175eefe0 req-a8150562-b534-436b-b254-076d6eded762 b6186ea8086a4eb0bfb4b6fac9f3fb42 dd72590752c041bd9b82a173baf98ec4 - - default default] 199.204.45.115 "GET /v2.0/networks?id=b3cb0e36-57dd-4958-9007-2c6023c83746 HTTP/1.1" status: 200 len: 871 time: 0.0730236
2026-04-10 11:07:47.479 10 INFO neutron.wsgi [req-9fbba5f3-74d5-4052-ab54-eca82c4af1e5 req-caf6c5f0-6852-453b-90d7-55d094bedc92 b6186ea8086a4eb0bfb4b6fac9f3fb42 dd72590752c041bd9b82a173baf98ec4 - - default default] 10.0.0.29 "GET /v2.0/ports?device_id=f9022e3f-6e9c-4672-8e3b-d3d07f9dc34a HTTP/1.1" status: 200 len: 210 time: 0.0321405
2026-04-10 11:07:47.513 9 INFO neutron.wsgi [req-ee8c525f-b135-40b0-ba2c-0259175eefe0 req-85dd7c50-be9f-49bc-9754-11600bcf2812 b6186ea8086a4eb0bfb4b6fac9f3fb42 dd72590752c041bd9b82a173baf98ec4 - - default default] 199.204.45.115 "GET /v2.0/security-groups?fields=id&fields=name&tenant_id=dd72590752c041bd9b82a173baf98ec4 HTTP/1.1" status: 200 len: 471 time: 0.0518754
2026-04-10 11:07:47.524 9 WARNING neutron_lib.context [req-ee8c525f-b135-40b0-ba2c-0259175eefe0 req-b91e845e-f97e-4c60-8593-7b81d8123406 b6186ea8086a4eb0bfb4b6fac9f3fb42 dd72590752c041bd9b82a173baf98ec4 - - default default] Method 'is_advsvc' is deprecated since 2023.2 release (neutron-lib 3.8.0) and will be removed once support for the old RBAC API policies will be removed from Neutron. Please use method 'is_service_role' instead.
2026-04-10 11:07:47.546 10 INFO neutron.wsgi [None req-35f14db1-7dd6-474a-8c4d-9f8978bb1449 94d03236f6e04eb88306d4aeaac5df5d 637a451b9e3e46e099a014a50340657a - - default default] 10.0.0.229 "DELETE /v2.0/ports/7d0f7c0b-f72c-494a-be54-b0fc886a1a1d HTTP/1.1" status: 204 len: 168 time: 0.4462562
2026-04-10 11:07:47.568 10 INFO neutron.pecan_wsgi.hooks.translation [None req-d22ac4c0-3c8d-48c3-8042-50c67ae76ae6 94d03236f6e04eb88306d4aeaac5df5d 637a451b9e3e46e099a014a50340657a - - default default] DELETE failed (client error): The resource could not be found.
2026-04-10 11:07:47.571 10 INFO neutron.wsgi [None req-d22ac4c0-3c8d-48c3-8042-50c67ae76ae6 94d03236f6e04eb88306d4aeaac5df5d 637a451b9e3e46e099a014a50340657a - - default default] 10.0.0.229 "DELETE /v2.0/ports/7d0f7c0b-f72c-494a-be54-b0fc886a1a1d HTTP/1.1" status: 404 len: 333 time: 0.0189822
2026-04-10 11:07:47.591 10 INFO neutron.pecan_wsgi.hooks.translation [None req-9684e1da-b106-4984-b0d4-2cfe52c29232 94d03236f6e04eb88306d4aeaac5df5d 637a451b9e3e46e099a014a50340657a - - default default] GET failed (client error): The resource could not be found.
2026-04-10 11:07:47.593 10 INFO neutron.wsgi [None req-9684e1da-b106-4984-b0d4-2cfe52c29232 94d03236f6e04eb88306d4aeaac5df5d 637a451b9e3e46e099a014a50340657a - - default default] 10.0.0.229 "GET /v2.0/ports/7d0f7c0b-f72c-494a-be54-b0fc886a1a1d HTTP/1.1" status: 404 len: 333 time: 0.0187244
2026-04-10 11:07:47.804 10 INFO neutron.wsgi [None req-167cbd85-5270-40a4-891e-9923e21627d9 94d03236f6e04eb88306d4aeaac5df5d 637a451b9e3e46e099a014a50340657a - - default default] 10.0.0.229 "DELETE /v2.0/subnets/e0a3d3d4-6e4f-4bc4-bc83-4e7d7b67b2d6 HTTP/1.1" status: 204 len: 168 time: 0.2046726
2026-04-10 11:07:47.930 9 WARNING neutron.scheduler.dhcp_agent_scheduler [req-ee8c525f-b135-40b0-ba2c-0259175eefe0 req-b91e845e-f97e-4c60-8593-7b81d8123406 b6186ea8086a4eb0bfb4b6fac9f3fb42 dd72590752c041bd9b82a173baf98ec4 - - default default] No more DHCP agents
2026-04-10 11:07:47.931 9 WARNING neutron.api.rpc.agentnotifiers.dhcp_rpc_agent_api [req-ee8c525f-b135-40b0-ba2c-0259175eefe0 req-b91e845e-f97e-4c60-8593-7b81d8123406 b6186ea8086a4eb0bfb4b6fac9f3fb42 dd72590752c041bd9b82a173baf98ec4 - - default default] Unable to schedule network b3cb0e36-57dd-4958-9007-2c6023c83746: no agents available; will retry on subsequent port and subnet creation events.
2026-04-10 11:07:48.131 9 INFO neutron.db.ovn_revision_numbers_db [req-ee8c525f-b135-40b0-ba2c-0259175eefe0 req-b91e845e-f97e-4c60-8593-7b81d8123406 b6186ea8086a4eb0bfb4b6fac9f3fb42 dd72590752c041bd9b82a173baf98ec4 - - default default] Successfully bumped revision number for resource 253d7439-a004-48bb-8d5c-04b60958a75d (type: ports) to 1
2026-04-10 11:07:48.173 10 INFO neutron.db.ovn_revision_numbers_db [None req-2af8db38-bf29-41c5-88bc-2166022d6ee9 a304790ba8194752a146b2033d6d7794 2ba55315547740999bfc5a2567fd5682 - - default default] Successfully bumped revision number for resource 05b5e115-1fe0-4e9f-b037-e197f0f06052 (type: security_groups) to 1
2026-04-10 11:07:48.181 9 INFO neutron.wsgi [req-ee8c525f-b135-40b0-ba2c-0259175eefe0 req-b91e845e-f97e-4c60-8593-7b81d8123406 b6186ea8086a4eb0bfb4b6fac9f3fb42 dd72590752c041bd9b82a173baf98ec4 - - default default] 199.204.45.115 "POST /v2.0/ports HTTP/1.1" status: 201 len: 1201 time: 0.6627469 /var/lib/openstack/lib/python3.10/site-packages/pycadf/identifier.py:71: UserWarning: Invalid uuid: neutron. To ensure interoperability, identifiers should be a valid uuid. warnings.warn(('Invalid uuid: %s. To ensure interoperability, '
2026-04-10 11:07:48.213 10 INFO neutron.services.segments.plugin [-] Segment ebea9600-1e79-41e4-9ebc-30b1079bcb88 resource provider aggregate not found
2026-04-10 11:07:48.218 10 INFO neutron.services.segments.plugin [-] Segment ebea9600-1e79-41e4-9ebc-30b1079bcb88 resource provider aggregate not found
2026-04-10 11:07:48.231 10 INFO neutron.services.segments.plugin [-] Segment ebea9600-1e79-41e4-9ebc-30b1079bcb88 resource provider not found; error: Placement Client Error (4xx): {"errors": [{"status": 404, "title": "Not Found", "detail": "The resource could not be found.\n\n No resource provider with uuid ebea9600-1e79-41e4-9ebc-30b1079bcb88 found for delete ", "request_id": "req-8b05c5e4-46c5-450e-ba6a-0b7af81c764b"}]}
2026-04-10 11:07:48.237 10 INFO neutron.services.segments.plugin [-] Segment ebea9600-1e79-41e4-9ebc-30b1079bcb88 resource provider not found; error: Placement Client Error (4xx): {"errors": [{"status": 404, "title": "Not Found", "detail": "The resource could not be found.\n\n No resource provider with uuid ebea9600-1e79-41e4-9ebc-30b1079bcb88 found for delete ", "request_id": "req-0728e4a6-50f0-42bf-8edc-99c27b0bf188"}]}
2026-04-10 11:07:48.330 10 INFO neutron.db.ovn_revision_numbers_db [None req-2af8db38-bf29-41c5-88bc-2166022d6ee9 a304790ba8194752a146b2033d6d7794 2ba55315547740999bfc5a2567fd5682 - - default default] Successfully bumped revision number for resource 0e18b024-8994-43ad-9faf-6facdbfbfb92 (type: security_group_rules) to 0
2026-04-10 11:07:48.605 9 INFO neutron.wsgi [req-4f23da37-9b83-4265-8b47-879c6932dfd5 req-20b75524-bf93-4c4b-8f26-4a501102b3ac b6186ea8086a4eb0bfb4b6fac9f3fb42 dd72590752c041bd9b82a173baf98ec4 - - default default] 10.0.0.29 "GET /v2.0/ports?device_id=f9022e3f-6e9c-4672-8e3b-d3d07f9dc34a HTTP/1.1" status: 200 len: 1200 time: 0.0479822
2026-04-10 11:07:48.651 9 INFO neutron.wsgi [req-4f23da37-9b83-4265-8b47-879c6932dfd5 req-1588b513-9f2e-48ae-8d9d-02e2a32e8cfa b6186ea8086a4eb0bfb4b6fac9f3fb42 dd72590752c041bd9b82a173baf98ec4 - - default default] 10.0.0.29 "GET /v2.0/security-groups?id=165fc2e9-5a50-4901-9f7e-7f4e5a62eec9&id=f2f785a2-bcbf-4b1d-ab1a-865a962aa4dd&fields=id&fields=name HTTP/1.1" status: 200 len: 404 time: 0.0389102
2026-04-10 11:07:48.662 10 INFO neutron.db.ovn_revision_numbers_db [None req-2af8db38-bf29-41c5-88bc-2166022d6ee9 a304790ba8194752a146b2033d6d7794 2ba55315547740999bfc5a2567fd5682 - - default default] Successfully bumped revision number for resource 3696ab08-121d-4da4-a0f6-e9054f804e2c (type: security_group_rules) to 0
2026-04-10 11:07:48.727 10 INFO neutron.db.ovn_revision_numbers_db [None req-2af8db38-bf29-41c5-88bc-2166022d6ee9 a304790ba8194752a146b2033d6d7794 2ba55315547740999bfc5a2567fd5682 - - default default] Successfully bumped revision number for resource 45529b7a-3223-486c-8ab6-f22f402c7e6f (type: security_group_rules) to 0
2026-04-10 11:07:48.737 10 INFO neutron.wsgi [None req-3dd6ec3a-8f5b-473b-b0a4-518ef36313c7 94d03236f6e04eb88306d4aeaac5df5d 637a451b9e3e46e099a014a50340657a - - default default] 10.0.0.229 "DELETE /v2.0/networks/5bc8c633-ac57-4774-a1af-8d199ea598b4 HTTP/1.1" status: 204 len: 168 time: 0.9244416
2026-04-10 11:07:48.758 10 INFO neutron.db.ovn_revision_numbers_db [None req-2af8db38-bf29-41c5-88bc-2166022d6ee9 a304790ba8194752a146b2033d6d7794 2ba55315547740999bfc5a2567fd5682 - - default default] Successfully bumped revision number for resource 499ff699-4542-40be-895d-ba4d235ca293 (type: security_group_rules) to 0
2026-04-10 11:07:48.759 9 WARNING neutron_lib.context [None req-371198c0-1174-41b7-994a-0d7dbe3d781d 94d03236f6e04eb88306d4aeaac5df5d 637a451b9e3e46e099a014a50340657a - - default default] Method 'is_advsvc' is deprecated since 2023.2 release (neutron-lib 3.8.0) and will be removed once support for the old RBAC API policies will be removed from Neutron. Please use method 'is_service_role' instead.
2026-04-10 11:07:48.785 10 INFO neutron.wsgi [None req-2af8db38-bf29-41c5-88bc-2166022d6ee9 a304790ba8194752a146b2033d6d7794 2ba55315547740999bfc5a2567fd5682 - - default default] 10.0.0.229 "GET /v2.0/security-groups?tenant_id=e86c25786ccf4f959e252dd22937ed94&name=default HTTP/1.1" status: 200 len: 3120 time: 0.8890102 /var/lib/openstack/lib/python3.10/site-packages/pycadf/identifier.py:71: UserWarning: Invalid uuid: neutron. To ensure interoperability, identifiers should be a valid uuid. warnings.warn(('Invalid uuid: %s. To ensure interoperability, '
2026-04-10 11:07:48.914 9 INFO neutron.db.segments_db [None req-371198c0-1174-41b7-994a-0d7dbe3d781d 94d03236f6e04eb88306d4aeaac5df5d 637a451b9e3e46e099a014a50340657a - - default default] Added segment 30429537-b0db-4345-8064-29530a929b31 of type geneve for network 4de897dc-5bcb-49f3-b876-320388358ba4
2026-04-10 11:07:49.010 9 INFO neutron.db.ovn_revision_numbers_db [req-ee8c525f-b135-40b0-ba2c-0259175eefe0 req-f6f83c6c-858a-42ad-8c0d-8b8f5ce554af 7b215ea8c998426d8ee5fed43b267543 cd2acf818572460fb8be50077c7f376e - - aeb13f56474a42dfbfe75d92688323ce aeb13f56474a42dfbfe75d92688323ce] Successfully bumped revision number for resource 253d7439-a004-48bb-8d5c-04b60958a75d (type: ports) to 2
2026-04-10 11:07:49.285 9 INFO neutron.db.ovn_revision_numbers_db [None req-371198c0-1174-41b7-994a-0d7dbe3d781d 94d03236f6e04eb88306d4aeaac5df5d 637a451b9e3e46e099a014a50340657a - - default default] Successfully bumped revision number for resource 4de897dc-5bcb-49f3-b876-320388358ba4 (type: networks) to 1
2026-04-10 11:07:49.493 9 INFO neutron.db.ovn_revision_numbers_db [req-ee8c525f-b135-40b0-ba2c-0259175eefe0 req-f6f83c6c-858a-42ad-8c0d-8b8f5ce554af 7b215ea8c998426d8ee5fed43b267543 cd2acf818572460fb8be50077c7f376e - - aeb13f56474a42dfbfe75d92688323ce aeb13f56474a42dfbfe75d92688323ce] Successfully bumped revision number for resource 253d7439-a004-48bb-8d5c-04b60958a75d (type: ports) to 2
2026-04-10 11:07:49.520 9 INFO neutron.wsgi [req-ee8c525f-b135-40b0-ba2c-0259175eefe0 req-f6f83c6c-858a-42ad-8c0d-8b8f5ce554af 7b215ea8c998426d8ee5fed43b267543 cd2acf818572460fb8be50077c7f376e - - aeb13f56474a42dfbfe75d92688323ce aeb13f56474a42dfbfe75d92688323ce] 199.204.45.115 "PUT /v2.0/ports/253d7439-a004-48bb-8d5c-04b60958a75d HTTP/1.1" status: 200 len: 1419 time: 1.3317206
2026-04-10 11:07:49.560 9 INFO neutron.notifiers.nova [-] Nova event matching ['req-2cac793b-2fe6-4e6c-9891-f3d653bc1096'] response: {'name': 'network-changed', 'server_uuid': 'f9022e3f-6e9c-4672-8e3b-d3d07f9dc34a', 'tag': '253d7439-a004-48bb-8d5c-04b60958a75d', 'status': 'completed', 'code': 200} /var/lib/openstack/lib/python3.10/site-packages/pycadf/identifier.py:71: UserWarning: Invalid uuid: neutron. To ensure interoperability, identifiers should be a valid uuid. warnings.warn(('Invalid uuid: %s. To ensure interoperability, '
2026-04-10 11:07:49.623 9 INFO neutron.wsgi [req-1d415e40-afa0-4ea2-a48a-93804e270e12 req-412d59c0-c339-47e3-9edd-5199e17a68c1 7b215ea8c998426d8ee5fed43b267543 cd2acf818572460fb8be50077c7f376e - - aeb13f56474a42dfbfe75d92688323ce aeb13f56474a42dfbfe75d92688323ce] 199.204.45.115 "GET /v2.0/ports?tenant_id=dd72590752c041bd9b82a173baf98ec4&device_id=f9022e3f-6e9c-4672-8e3b-d3d07f9dc34a HTTP/1.1" status: 200 len: 1450 time: 0.0427480
2026-04-10 11:07:49.712 9 WARNING neutron.scheduler.dhcp_agent_scheduler [None req-371198c0-1174-41b7-994a-0d7dbe3d781d 94d03236f6e04eb88306d4aeaac5df5d 637a451b9e3e46e099a014a50340657a - - default default] No more DHCP agents
2026-04-10 11:07:49.720 9 WARNING neutron.api.rpc.agentnotifiers.dhcp_rpc_agent_api [None req-371198c0-1174-41b7-994a-0d7dbe3d781d 94d03236f6e04eb88306d4aeaac5df5d 637a451b9e3e46e099a014a50340657a - - default default] Unable to schedule network 4de897dc-5bcb-49f3-b876-320388358ba4: no agents available; will retry on subsequent port and subnet creation events.
2026-04-10 11:07:49.727 9 INFO neutron.wsgi [req-1d415e40-afa0-4ea2-a48a-93804e270e12 req-b105c2f1-0ada-4bd3-a6c7-772fcb14acd7 7b215ea8c998426d8ee5fed43b267543 cd2acf818572460fb8be50077c7f376e - - aeb13f56474a42dfbfe75d92688323ce aeb13f56474a42dfbfe75d92688323ce] 199.204.45.115 "GET /v2.0/networks?tenant_id=dd72590752c041bd9b82a173baf98ec4&shared=False HTTP/1.1" status: 200 len: 969 time: 0.0983863
2026-04-10 11:07:49.748 9 INFO neutron.wsgi [None req-aa5010b0-ebd3-4434-a4c4-b5fd8b4c000f a304790ba8194752a146b2033d6d7794 2ba55315547740999bfc5a2567fd5682 - - default default] 10.0.0.229 "DELETE /v2.0/security-groups/05b5e115-1fe0-4e9f-b037-e197f0f06052 HTTP/1.1" status: 204 len: 168 time: 0.9568892
2026-04-10 11:07:49.825 9 INFO neutron.wsgi [req-06027509-13f6-4a80-96d8-0e763ea7591a req-27827ca1-d94a-4bfe-ac8d-48f158d6a15d b6186ea8086a4eb0bfb4b6fac9f3fb42 dd72590752c041bd9b82a173baf98ec4 - - default default] 10.0.0.29 "GET /v2.0/ports?device_id=f9022e3f-6e9c-4672-8e3b-d3d07f9dc34a HTTP/1.1" status: 200 len: 1212 time: 0.0972221
2026-04-10 11:07:49.877 9 INFO neutron.wsgi [req-1d415e40-afa0-4ea2-a48a-93804e270e12 req-80f5ffd7-9851-4a21-a980-a7a4a9e25a47 7b215ea8c998426d8ee5fed43b267543 cd2acf818572460fb8be50077c7f376e - - aeb13f56474a42dfbfe75d92688323ce aeb13f56474a42dfbfe75d92688323ce] 199.204.45.115 "GET /v2.0/networks?shared=True HTTP/1.1" status: 200 len: 952 time: 0.1389308
2026-04-10 11:07:49.908 9 INFO neutron.wsgi [req-06027509-13f6-4a80-96d8-0e763ea7591a req-b9bd5ff4-0a58-4bcf-9bc3-53f6318aa26c b6186ea8086a4eb0bfb4b6fac9f3fb42 dd72590752c041bd9b82a173baf98ec4 - - default default] 10.0.0.29 "GET /v2.0/security-groups?id=165fc2e9-5a50-4901-9f7e-7f4e5a62eec9&id=f2f785a2-bcbf-4b1d-ab1a-865a962aa4dd&fields=id&fields=name HTTP/1.1" status: 200 len: 404 time: 0.0722353
2026-04-10 11:07:49.958 9 INFO neutron.wsgi [req-ee8c525f-b135-40b0-ba2c-0259175eefe0 req-2fcaf7f1-0861-4e76-8dd7-97cb02b83117 7b215ea8c998426d8ee5fed43b267543 cd2acf818572460fb8be50077c7f376e - - aeb13f56474a42dfbfe75d92688323ce aeb13f56474a42dfbfe75d92688323ce] 199.204.45.115 "GET /v2.0/ports?tenant_id=dd72590752c041bd9b82a173baf98ec4&device_id=f9022e3f-6e9c-4672-8e3b-d3d07f9dc34a HTTP/1.1" status: 200 len: 1450 time: 0.0449612
2026-04-10 11:07:49.986 9 INFO neutron.wsgi [req-ee8c525f-b135-40b0-ba2c-0259175eefe0 req-19a04956-1827-40da-b7cd-268a84dd843d 7b215ea8c998426d8ee5fed43b267543 cd2acf818572460fb8be50077c7f376e - - aeb13f56474a42dfbfe75d92688323ce aeb13f56474a42dfbfe75d92688323ce] 199.204.45.115 "GET /v2.0/floatingips?fixed_ip_address=10.100.0.13&port_id=253d7439-a004-48bb-8d5c-04b60958a75d HTTP/1.1" status: 200 len: 217 time: 0.0227826
2026-04-10 11:07:50.036 9 INFO neutron.wsgi [req-ee8c525f-b135-40b0-ba2c-0259175eefe0 req-8b892e4b-bf4d-44cd-a4b4-91635b509b7a 7b215ea8c998426d8ee5fed43b267543 cd2acf818572460fb8be50077c7f376e - - aeb13f56474a42dfbfe75d92688323ce aeb13f56474a42dfbfe75d92688323ce] 199.204.45.115 "GET /v2.0/subnets?id=97b8d3de-4835-480f-842f-129b54db36bd HTTP/1.1" status: 200 len: 865 time: 0.0408101
2026-04-10 11:07:50.150 10 INFO neutron.wsgi [-] 10.0.0.146 "GET / HTTP/1.1" status: 200 len: 247 time: 0.0018182
2026-04-10 11:07:50.152 10 INFO neutron.wsgi [-] 10.0.0.146 "GET / HTTP/1.1" status: 200 len: 247 time: 0.0012791
2026-04-10 11:07:50.572 9 INFO neutron.db.ovn_revision_numbers_db [None req-371198c0-1174-41b7-994a-0d7dbe3d781d 94d03236f6e04eb88306d4aeaac5df5d 637a451b9e3e46e099a014a50340657a - - default default] Successfully bumped revision number for resource 6e29636b-c75c-4c47-9de8-953144769f25 (type: ports) to 1
2026-04-10 11:07:50.576 9 INFO neutron.wsgi [req-ee8c525f-b135-40b0-ba2c-0259175eefe0 req-0a72d2b0-2f1f-4122-8670-1fa47a514db8 7b215ea8c998426d8ee5fed43b267543 cd2acf818572460fb8be50077c7f376e - - aeb13f56474a42dfbfe75d92688323ce aeb13f56474a42dfbfe75d92688323ce] 199.204.45.115 "GET /v2.0/ports?network_id=b3cb0e36-57dd-4958-9007-2c6023c83746&device_owner=network%3Adhcp HTTP/1.1" status: 200 len: 210 time: 0.5337389
2026-04-10 11:07:50.658 9 INFO neutron.wsgi [req-ee8c525f-b135-40b0-ba2c-0259175eefe0 req-370a9e84-eeb2-4064-b2ea-e99f185591cc 7b215ea8c998426d8ee5fed43b267543 cd2acf818572460fb8be50077c7f376e - - aeb13f56474a42dfbfe75d92688323ce aeb13f56474a42dfbfe75d92688323ce] 199.204.45.115 "GET /v2.0/networks/b3cb0e36-57dd-4958-9007-2c6023c83746?fields=segments HTTP/1.1" status: 200 len: 212 time: 0.0725691
2026-04-10 11:07:50.744 9 INFO neutron.wsgi [req-ee8c525f-b135-40b0-ba2c-0259175eefe0 req-3af8163f-ac0c-4515-854d-427eefd3254d 7b215ea8c998426d8ee5fed43b267543 cd2acf818572460fb8be50077c7f376e - - aeb13f56474a42dfbfe75d92688323ce aeb13f56474a42dfbfe75d92688323ce] 199.204.45.115 "GET /v2.0/networks/b3cb0e36-57dd-4958-9007-2c6023c83746?fields=provider%3Aphysical_network&fields=provider%3Anetwork_type HTTP/1.1" status: 200 len: 277 time: 0.0800347
2026-04-10 11:07:50.749 9 INFO neutron.wsgi [None req-371198c0-1174-41b7-994a-0d7dbe3d781d 94d03236f6e04eb88306d4aeaac5df5d 637a451b9e3e46e099a014a50340657a - - default default] 10.0.0.229 "POST /v2.0/networks HTTP/1.1" status: 201 len: 830 time: 1.9962780
2026-04-10 11:07:50.761 9 WARNING neutron_lib.context [None req-b0cda820-b94c-4c7a-b78e-e66fe8b4e82c 94d03236f6e04eb88306d4aeaac5df5d 637a451b9e3e46e099a014a50340657a - - default default] Method 'is_advsvc' is deprecated since 2023.2 release (neutron-lib 3.8.0) and will be removed once support for the old RBAC API policies will be removed from Neutron. Please use method 'is_service_role' instead.
2026-04-10 11:07:51.095 10 INFO neutron.wsgi [req-f51740fe-97b5-40e0-ad7e-3c59b37e84eb req-6e850e2e-50e5-4d74-906f-cb765e1fb971 b6186ea8086a4eb0bfb4b6fac9f3fb42 dd72590752c041bd9b82a173baf98ec4 - - default default] 10.0.0.29 "GET /v2.0/ports?device_id=f9022e3f-6e9c-4672-8e3b-d3d07f9dc34a HTTP/1.1" status: 200 len: 1212 time: 0.1131516
2026-04-10 11:07:51.151 10 INFO neutron.wsgi [req-f51740fe-97b5-40e0-ad7e-3c59b37e84eb req-cf56ee13-a088-4c83-8ebc-427b4414deab b6186ea8086a4eb0bfb4b6fac9f3fb42 dd72590752c041bd9b82a173baf98ec4 - - default default] 10.0.0.29 "GET /v2.0/security-groups?id=165fc2e9-5a50-4901-9f7e-7f4e5a62eec9&id=f2f785a2-bcbf-4b1d-ab1a-865a962aa4dd&fields=id&fields=name HTTP/1.1" status: 200 len: 404 time: 0.0510125
2026-04-10 11:07:51.154 9 INFO neutron.wsgi [req-f133ba44-c136-4721-8e71-edf934a24df1 req-a4e39855-a92b-4f89-937f-002da4812fa5 7b215ea8c998426d8ee5fed43b267543 cd2acf818572460fb8be50077c7f376e - - aeb13f56474a42dfbfe75d92688323ce aeb13f56474a42dfbfe75d92688323ce] 199.204.45.115 "GET /v2.0/ports?device_id=f9022e3f-6e9c-4672-8e3b-d3d07f9dc34a HTTP/1.1" status: 200 len: 1450 time: 0.0751941
2026-04-10 11:07:51.193 9 WARNING neutron.scheduler.dhcp_agent_scheduler [None req-b0cda820-b94c-4c7a-b78e-e66fe8b4e82c 94d03236f6e04eb88306d4aeaac5df5d 637a451b9e3e46e099a014a50340657a - - default default] No more DHCP agents
2026-04-10 11:07:51.197 9 WARNING neutron.api.rpc.agentnotifiers.dhcp_rpc_agent_api [None req-b0cda820-b94c-4c7a-b78e-e66fe8b4e82c 94d03236f6e04eb88306d4aeaac5df5d 637a451b9e3e46e099a014a50340657a - - default default] Unable to schedule network 4de897dc-5bcb-49f3-b876-320388358ba4: no agents available; will retry on subsequent port and subnet creation events.
2026-04-10 11:07:51.234 9 INFO neutron.wsgi [req-f133ba44-c136-4721-8e71-edf934a24df1 req-10036a72-96bc-4003-bd2f-ca25b3bdaad3 7b215ea8c998426d8ee5fed43b267543 cd2acf818572460fb8be50077c7f376e - - aeb13f56474a42dfbfe75d92688323ce aeb13f56474a42dfbfe75d92688323ce] 199.204.45.115 "GET /v2.0/security-groups?id=165fc2e9-5a50-4901-9f7e-7f4e5a62eec9&id=f2f785a2-bcbf-4b1d-ab1a-865a962aa4dd&fields=id&fields=name HTTP/1.1" status: 200 len: 404 time: 0.0699558
2026-04-10 11:07:51.351 9 INFO neutron.plugins.ml2.drivers.ovn.mech_driver.mech_driver [None req-77b34222-c866-4411-9cd8-061608bc8b6c - - - - - -] OVN reports status up for port: 253d7439-a004-48bb-8d5c-04b60958a75d
2026-04-10 11:07:51.372 9 INFO neutron.plugins.ml2.plugin [None req-77b34222-c866-4411-9cd8-061608bc8b6c - - - - - -] Attempt 1 to provision port 253d7439-a004-48bb-8d5c-04b60958a75d
2026-04-10 11:07:51.607 9 INFO neutron.notifiers.nova [-] Nova event matching ['req-e2bc2394-bdcf-4715-ab49-60d92a6bb7f7'] response: {'server_uuid': 'f9022e3f-6e9c-4672-8e3b-d3d07f9dc34a', 'name': 'network-vif-plugged', 'status': 'completed', 'tag': '253d7439-a004-48bb-8d5c-04b60958a75d', 'code': 200}
2026-04-10 11:07:51.788 9 INFO neutron.db.ovn_revision_numbers_db [None req-77b34222-c866-4411-9cd8-061608bc8b6c - - - - - -] Successfully bumped revision number for resource 253d7439-a004-48bb-8d5c-04b60958a75d (type: ports) to 4
2026-04-10 11:07:51.955 9 INFO neutron.db.ovn_revision_numbers_db [None req-b0cda820-b94c-4c7a-b78e-e66fe8b4e82c 94d03236f6e04eb88306d4aeaac5df5d 637a451b9e3e46e099a014a50340657a - - default default] Successfully bumped revision number for resource 6e29636b-c75c-4c47-9de8-953144769f25 (type: ports) to 2
2026-04-10 11:07:51.999 9 INFO neutron.db.ovn_revision_numbers_db [None req-b0cda820-b94c-4c7a-b78e-e66fe8b4e82c 94d03236f6e04eb88306d4aeaac5df5d 637a451b9e3e46e099a014a50340657a - - default default] Successfully bumped revision number for resource 50d62a54-95a4-4e0a-b207-39b94e435c5a (type: subnets) to 0
2026-04-10 11:07:52.017 9 INFO neutron.wsgi [None req-b0cda820-b94c-4c7a-b78e-e66fe8b4e82c 94d03236f6e04eb88306d4aeaac5df5d 637a451b9e3e46e099a014a50340657a - - default default] 10.0.0.229 "POST /v2.0/subnets HTTP/1.1" status: 201 len: 801 time: 1.2636473 /var/lib/openstack/lib/python3.10/site-packages/pycadf/identifier.py:71: UserWarning: Invalid uuid: neutron. To ensure interoperability, identifiers should be a valid uuid. warnings.warn(('Invalid uuid: %s. To ensure interoperability, '
2026-04-10 11:07:52.028 9 WARNING neutron_lib.context [None req-46201490-1c9e-40fc-8dca-076584162f75 94d03236f6e04eb88306d4aeaac5df5d 637a451b9e3e46e099a014a50340657a - - default default] Method 'is_advsvc' is deprecated since 2023.2 release (neutron-lib 3.8.0) and will be removed once support for the old RBAC API policies will be removed from Neutron. Please use method 'is_service_role' instead.
2026-04-10 11:07:52.292 10 INFO neutron.wsgi [req-47f2b846-4fda-4070-bdc2-c0a650c5b7b5 req-af10bd8f-cc01-4163-a626-baf885fa93e2 b6186ea8086a4eb0bfb4b6fac9f3fb42 dd72590752c041bd9b82a173baf98ec4 - - default default] 10.0.0.29 "GET /v2.0/ports?device_id=f9022e3f-6e9c-4672-8e3b-d3d07f9dc34a HTTP/1.1" status: 200 len: 1214 time: 0.0561101
2026-04-10 11:07:52.362 10 INFO neutron.wsgi [req-47f2b846-4fda-4070-bdc2-c0a650c5b7b5 req-51e56e70-d514-4cd1-a1dd-83cc73c618d3 b6186ea8086a4eb0bfb4b6fac9f3fb42 dd72590752c041bd9b82a173baf98ec4 - - default default] 10.0.0.29 "GET /v2.0/security-groups?id=165fc2e9-5a50-4901-9f7e-7f4e5a62eec9&id=f2f785a2-bcbf-4b1d-ab1a-865a962aa4dd&fields=id&fields=name HTTP/1.1" status: 200 len: 404 time: 0.0610948
2026-04-10 11:07:52.453 9 WARNING neutron.scheduler.dhcp_agent_scheduler [None req-46201490-1c9e-40fc-8dca-076584162f75 94d03236f6e04eb88306d4aeaac5df5d 637a451b9e3e46e099a014a50340657a - - default default] No more DHCP agents
2026-04-10 11:07:52.477 9 WARNING neutron.api.rpc.agentnotifiers.dhcp_rpc_agent_api [None req-46201490-1c9e-40fc-8dca-076584162f75 94d03236f6e04eb88306d4aeaac5df5d 637a451b9e3e46e099a014a50340657a - - default default] Unable to schedule network 4de897dc-5bcb-49f3-b876-320388358ba4: no agents available; will retry on subsequent port and subnet creation events.
2026-04-10 11:07:52.589 9 INFO neutron.wsgi [req-c6951fd0-4dbd-4114-a563-175e8ef29a63 req-144ece92-2161-4c02-9e7d-19e4f8ceacc8 b6186ea8086a4eb0bfb4b6fac9f3fb42 dd72590752c041bd9b82a173baf98ec4 - - default default] 10.0.0.29 "GET /v2.0/ports?device_id=f9022e3f-6e9c-4672-8e3b-d3d07f9dc34a HTTP/1.1" status: 200 len: 1214 time: 0.1479506
2026-04-10 11:07:52.748 9 INFO neutron.db.ovn_revision_numbers_db [None req-46201490-1c9e-40fc-8dca-076584162f75 94d03236f6e04eb88306d4aeaac5df5d 637a451b9e3e46e099a014a50340657a - - default default] Successfully bumped revision number for resource b9a5ae97-6b07-4ff4-8974-d0428f57404a (type: ports) to 1
2026-04-10 11:07:52.809 9 INFO neutron.wsgi [None req-46201490-1c9e-40fc-8dca-076584162f75 94d03236f6e04eb88306d4aeaac5df5d 637a451b9e3e46e099a014a50340657a - - default default] 10.0.0.229 "POST /v2.0/ports HTTP/1.1" status: 201 len: 1111 time: 0.7864404
2026-04-10 11:07:53.292 9 INFO neutron.db.ovn_revision_numbers_db [None req-9f24f027-ca88-40a7-a7da-e85af5559d17 b6186ea8086a4eb0bfb4b6fac9f3fb42 dd72590752c041bd9b82a173baf98ec4 - - default default] Successfully bumped revision number for resource 6ee2d9e9-7402-4d76-9516-dd94e9be61ad (type: floatingips) to 1
2026-04-10 11:07:53.323 10 INFO neutron.wsgi [None req-e12abf56-ca71-4e1f-9a43-7db2648d1e0a 94d03236f6e04eb88306d4aeaac5df5d 637a451b9e3e46e099a014a50340657a - - default default] 10.0.0.229 "DELETE /v2.0/ports/b9a5ae97-6b07-4ff4-8974-d0428f57404a HTTP/1.1" status: 204 len: 168 time: 0.5048823
2026-04-10 11:07:53.350 10 INFO neutron.pecan_wsgi.hooks.translation [None req-fa5c26f3-111b-4d9c-bc0c-5da7543744cb 94d03236f6e04eb88306d4aeaac5df5d 637a451b9e3e46e099a014a50340657a - - default default] GET failed (client error): The resource could not be found.
2026-04-10 11:07:53.352 10 INFO neutron.wsgi [None req-fa5c26f3-111b-4d9c-bc0c-5da7543744cb 94d03236f6e04eb88306d4aeaac5df5d 637a451b9e3e46e099a014a50340657a - - default default] 10.0.0.229 "GET /v2.0/ports/b9a5ae97-6b07-4ff4-8974-d0428f57404a HTTP/1.1" status: 404 len: 333 time: 0.0226045
2026-04-10 11:07:53.459 9 INFO neutron.db.ovn_revision_numbers_db [None req-9f24f027-ca88-40a7-a7da-e85af5559d17 b6186ea8086a4eb0bfb4b6fac9f3fb42 dd72590752c041bd9b82a173baf98ec4 - - default default] Successfully bumped revision number for resource 6ee2d9e9-7402-4d76-9516-dd94e9be61ad (type: floatingips) to 2
2026-04-10 11:07:53.460 9 INFO neutron.db.l3_db [None req-9f24f027-ca88-40a7-a7da-e85af5559d17 b6186ea8086a4eb0bfb4b6fac9f3fb42 dd72590752c041bd9b82a173baf98ec4 - - default default] Floating IP 6ee2d9e9-7402-4d76-9516-dd94e9be61ad associated. External IP: 10.96.250.215, port: 253d7439-a004-48bb-8d5c-04b60958a75d.
2026-04-10 11:07:53.494 9 INFO neutron.wsgi [None req-9f24f027-ca88-40a7-a7da-e85af5559d17 b6186ea8086a4eb0bfb4b6fac9f3fb42 dd72590752c041bd9b82a173baf98ec4 - - default default] 10.0.0.229 "PUT /v2.0/floatingips/6ee2d9e9-7402-4d76-9516-dd94e9be61ad HTTP/1.1" status: 200 len: 1050 time: 0.8822796
2026-04-10 11:07:53.617 10 INFO neutron.wsgi [None req-97e17dc7-4b42-4027-b167-9b7fc0310332 94d03236f6e04eb88306d4aeaac5df5d 637a451b9e3e46e099a014a50340657a - - default default] 10.0.0.229 "DELETE /v2.0/subnets/50d62a54-95a4-4e0a-b207-39b94e435c5a HTTP/1.1" status: 204 len: 168 time: 0.2578826 /var/lib/openstack/lib/python3.10/site-packages/pycadf/identifier.py:71: UserWarning: Invalid uuid: neutron. To ensure interoperability, identifiers should be a valid uuid. warnings.warn(('Invalid uuid: %s. To ensure interoperability, '
2026-04-10 11:07:53.658 9 INFO neutron.notifiers.nova [-] Nova event matching ['req-da2e6abb-844b-4d9c-aace-6c6cbc3b0c34'] response: {'server_uuid': 'f9022e3f-6e9c-4672-8e3b-d3d07f9dc34a', 'name': 'network-vif-plugged', 'status': 'completed', 'tag': '253d7439-a004-48bb-8d5c-04b60958a75d', 'code': 200}
2026-04-10 11:07:53.658 9 INFO neutron.notifiers.nova [-] Nova event matching ['req-da2e6abb-844b-4d9c-aace-6c6cbc3b0c34'] response: {'name': 'network-changed', 'server_uuid': 'f9022e3f-6e9c-4672-8e3b-d3d07f9dc34a', 'tag': '253d7439-a004-48bb-8d5c-04b60958a75d', 'status': 'completed', 'code': 200}
2026-04-10 11:07:53.729 9 INFO neutron.wsgi [req-80c9b2dc-86fe-4c37-b1c5-4e95d1d5436f req-810e30c1-0eed-48e9-aea1-8eb6e068daa1 7b215ea8c998426d8ee5fed43b267543 cd2acf818572460fb8be50077c7f376e - - aeb13f56474a42dfbfe75d92688323ce aeb13f56474a42dfbfe75d92688323ce] 199.204.45.115 "GET /v2.0/ports?tenant_id=dd72590752c041bd9b82a173baf98ec4&device_id=f9022e3f-6e9c-4672-8e3b-d3d07f9dc34a HTTP/1.1" status: 200 len: 1452 time: 0.0514131
2026-04-10 11:07:53.846 9 INFO neutron.wsgi [req-80c9b2dc-86fe-4c37-b1c5-4e95d1d5436f req-bcda31da-1ca6-42d5-83b9-9c7ca7a3e860 7b215ea8c998426d8ee5fed43b267543 cd2acf818572460fb8be50077c7f376e - - aeb13f56474a42dfbfe75d92688323ce aeb13f56474a42dfbfe75d92688323ce] 199.204.45.115 "GET /v2.0/networks?id=b3cb0e36-57dd-4958-9007-2c6023c83746 HTTP/1.1" status: 200 len: 969 time: 0.1073170
2026-04-10 11:07:53.966 9 INFO neutron.wsgi [req-80c9b2dc-86fe-4c37-b1c5-4e95d1d5436f req-4a015fe5-632c-43e7-9010-2fb4a65d003e 7b215ea8c998426d8ee5fed43b267543 cd2acf818572460fb8be50077c7f376e - - aeb13f56474a42dfbfe75d92688323ce aeb13f56474a42dfbfe75d92688323ce] 199.204.45.115 "GET /v2.0/floatingips?fixed_ip_address=10.100.0.13&port_id=253d7439-a004-48bb-8d5c-04b60958a75d HTTP/1.1" status: 200 len: 1060 time: 0.1105623
2026-04-10 11:07:54.060 9 INFO neutron.wsgi [req-80c9b2dc-86fe-4c37-b1c5-4e95d1d5436f req-1adf24fe-0e66-4a77-939e-d1d33cd974ec 7b215ea8c998426d8ee5fed43b267543 cd2acf818572460fb8be50077c7f376e - - aeb13f56474a42dfbfe75d92688323ce aeb13f56474a42dfbfe75d92688323ce] 199.204.45.115 "GET /v2.0/subnets?id=97b8d3de-4835-480f-842f-129b54db36bd HTTP/1.1" status: 200 len: 865 time: 0.0857530
2026-04-10 11:07:54.062 9 INFO neutron.db.ovn_revision_numbers_db [None req-4a3fc434-889b-41a8-892d-ad600c60a4a7 a304790ba8194752a146b2033d6d7794 2ba55315547740999bfc5a2567fd5682 - - default default] Successfully bumped revision number for resource 6397e370-b417-494d-85ff-df377d79fa03 (type: security_groups) to 1
2026-04-10 11:07:54.102 9 INFO neutron.wsgi [req-80c9b2dc-86fe-4c37-b1c5-4e95d1d5436f req-6bf228dd-522b-49dd-bd55-792441f74116 7b215ea8c998426d8ee5fed43b267543 cd2acf818572460fb8be50077c7f376e - - aeb13f56474a42dfbfe75d92688323ce aeb13f56474a42dfbfe75d92688323ce] 199.204.45.115 "GET /v2.0/ports?network_id=b3cb0e36-57dd-4958-9007-2c6023c83746&device_owner=network%3Adhcp HTTP/1.1" status: 200 len: 210 time: 0.0352416
2026-04-10 11:07:54.104 9 INFO neutron.db.ovn_revision_numbers_db [None req-4a3fc434-889b-41a8-892d-ad600c60a4a7 a304790ba8194752a146b2033d6d7794 2ba55315547740999bfc5a2567fd5682 - - default default] Successfully bumped revision number for resource 24f0617f-c26b-481a-9140-793606ea9b14 (type: security_group_rules) to 0
2026-04-10 11:07:54.151 9 INFO neutron.db.ovn_revision_numbers_db [None req-4a3fc434-889b-41a8-892d-ad600c60a4a7 a304790ba8194752a146b2033d6d7794 2ba55315547740999bfc5a2567fd5682 - - default default] Successfully bumped revision number for resource 731ef485-1ced-4ec8-9b7f-871c077efc07 (type: security_group_rules) to 0
2026-04-10 11:07:54.734 9 INFO neutron.db.ovn_revision_numbers_db [None req-4a3fc434-889b-41a8-892d-ad600c60a4a7 a304790ba8194752a146b2033d6d7794 2ba55315547740999bfc5a2567fd5682 - - default default] Successfully bumped revision number for resource 940d6cf8-8ede-445c-b760-819c113a7ca6 (type: security_group_rules) to 0
2026-04-10 11:07:54.765 9 INFO neutron.wsgi [req-80c9b2dc-86fe-4c37-b1c5-4e95d1d5436f req-7421dfdf-c160-4603-ad64-c5dfcefcd3c0 7b215ea8c998426d8ee5fed43b267543 cd2acf818572460fb8be50077c7f376e - - aeb13f56474a42dfbfe75d92688323ce aeb13f56474a42dfbfe75d92688323ce] 199.204.45.115 "GET /v2.0/networks/b3cb0e36-57dd-4958-9007-2c6023c83746?fields=segments HTTP/1.1" status: 200 len: 212 time: 0.6555555
2026-04-10 11:07:54.765 9 INFO neutron.db.ovn_revision_numbers_db [None req-4a3fc434-889b-41a8-892d-ad600c60a4a7 a304790ba8194752a146b2033d6d7794 2ba55315547740999bfc5a2567fd5682 - - default default] Successfully bumped revision number for resource d87fed1b-057c-4f1f-b0a1-2542f9871f16 (type: security_group_rules) to 0
2026-04-10 11:07:54.832 9 INFO neutron.wsgi [None req-4a3fc434-889b-41a8-892d-ad600c60a4a7 a304790ba8194752a146b2033d6d7794 2ba55315547740999bfc5a2567fd5682 - - default default] 10.0.0.229 "GET /v2.0/security-groups?tenant_id=7b22e638e2a4445284255765b36c300e&name=default HTTP/1.1" status: 200 len: 3120 time: 1.2734518
2026-04-10 11:07:54.884 9 INFO neutron.wsgi [req-80c9b2dc-86fe-4c37-b1c5-4e95d1d5436f req-59cc96a1-a1a7-4789-a10e-583038403b78 7b215ea8c998426d8ee5fed43b267543 cd2acf818572460fb8be50077c7f376e - - aeb13f56474a42dfbfe75d92688323ce aeb13f56474a42dfbfe75d92688323ce] 199.204.45.115 "GET /v2.0/networks/b3cb0e36-57dd-4958-9007-2c6023c83746?fields=provider%3Aphysical_network&fields=provider%3Anetwork_type HTTP/1.1" status: 200 len: 277 time: 0.1041358
2026-04-10 11:07:54.934 9 INFO neutron.services.segments.plugin [-] Segment 30429537-b0db-4345-8064-29530a929b31 resource provider aggregate not found
2026-04-10 11:07:54.943 9 INFO neutron.services.segments.plugin [-] Segment 30429537-b0db-4345-8064-29530a929b31 resource provider aggregate not found
2026-04-10 11:07:54.958 9 INFO neutron.services.segments.plugin [-] Segment 30429537-b0db-4345-8064-29530a929b31 resource provider not found; error: Placement Client Error (4xx): {"errors": [{"status": 404, "title": "Not Found", "detail": "The resource could not be found.\n\n No resource provider with uuid 30429537-b0db-4345-8064-29530a929b31 found for delete ", "request_id": "req-7d02ddd9-17e4-4c40-93ee-d5fdbbaba1d3"}]}
2026-04-10 11:07:54.960 9 INFO neutron.services.segments.plugin [-] Segment 30429537-b0db-4345-8064-29530a929b31 resource provider not found; error: Placement Client Error (4xx): {"errors": [{"status": 404, "title": "Not Found", "detail": "The resource could not be found.\n\n No resource provider with uuid 30429537-b0db-4345-8064-29530a929b31 found for delete ", "request_id": "req-a5893d72-6d49-4e84-a301-396f42c0d266"}]}
2026-04-10 11:07:54.973 9 INFO neutron.wsgi [None req-4557c591-e967-4275-823b-fac31bd484ce 94d03236f6e04eb88306d4aeaac5df5d 637a451b9e3e46e099a014a50340657a - - default default] 10.0.0.229 "DELETE /v2.0/networks/4de897dc-5bcb-49f3-b876-320388358ba4 HTTP/1.1" status: 204 len: 168 time: 1.3511910
2026-04-10 11:07:54.985 9 WARNING neutron_lib.context [None req-0a6fdfa3-5b91-4c28-902b-e8333aa09b14 94d03236f6e04eb88306d4aeaac5df5d 637a451b9e3e46e099a014a50340657a - - default default] Method 'is_advsvc' is deprecated since 2023.2 release (neutron-lib 3.8.0) and will be removed once support for the old RBAC API policies will be removed from Neutron. Please use method 'is_service_role' instead.
2026-04-10 11:07:55.063 10 INFO neutron.wsgi [None req-ce36cd35-ecda-475a-8230-6e4e3fdf1ad7 a304790ba8194752a146b2033d6d7794 2ba55315547740999bfc5a2567fd5682 - - default default] 10.0.0.229 "DELETE /v2.0/security-groups/6397e370-b417-494d-85ff-df377d79fa03 HTTP/1.1" status: 204 len: 168 time: 0.2245100
2026-04-10 11:07:55.264 9 WARNING neutron.scheduler.dhcp_agent_scheduler [None req-0a6fdfa3-5b91-4c28-902b-e8333aa09b14 94d03236f6e04eb88306d4aeaac5df5d 637a451b9e3e46e099a014a50340657a - - default default] No more DHCP agents
2026-04-10 11:07:55.266 9 WARNING neutron.api.rpc.agentnotifiers.dhcp_rpc_agent_api [None req-0a6fdfa3-5b91-4c28-902b-e8333aa09b14 94d03236f6e04eb88306d4aeaac5df5d 637a451b9e3e46e099a014a50340657a - - default default] Unable to schedule network c456c4e1-cb0b-4c5b-b2a1-c432ec65b595: no agents available; will retry on subsequent port and subnet creation events.
2026-04-10 11:07:55.371 9 INFO neutron.db.ovn_revision_numbers_db [None req-0a6fdfa3-5b91-4c28-902b-e8333aa09b14 94d03236f6e04eb88306d4aeaac5df5d 637a451b9e3e46e099a014a50340657a - - default default] Successfully bumped revision number for resource 8eb7c5e1-af6b-4df1-ae7c-0850d339a68c (type: ports) to 1
2026-04-10 11:07:55.395 9 INFO neutron.wsgi [None req-0a6fdfa3-5b91-4c28-902b-e8333aa09b14 94d03236f6e04eb88306d4aeaac5df5d 637a451b9e3e46e099a014a50340657a - - default default] 10.0.0.229 "POST /v2.0/ports HTTP/1.1" status: 201 len: 973 time: 0.4147866 /var/lib/openstack/lib/python3.10/site-packages/pycadf/identifier.py:71: UserWarning: Invalid uuid: neutron. To ensure interoperability, identifiers should be a valid uuid. warnings.warn(('Invalid uuid: %s. To ensure interoperability, ' /var/lib/openstack/lib/python3.10/site-packages/pycadf/identifier.py:71: UserWarning: Invalid uuid: neutron. To ensure interoperability, identifiers should be a valid uuid. warnings.warn(('Invalid uuid: %s. To ensure interoperability, '
2026-04-10 11:07:55.644 9 INFO neutron.plugins.ml2.drivers.ovn.mech_driver.mech_driver [None req-77b34222-c866-4411-9cd8-061608bc8b6c - - - - - -] OVN reports status down for port: 8eb7c5e1-af6b-4df1-ae7c-0850d339a68c
2026-04-10 11:07:55.698 9 INFO neutron.db.ovn_revision_numbers_db [None req-cc2841ca-ca13-4b18-b650-39489e9b4c5a 94d03236f6e04eb88306d4aeaac5df5d 637a451b9e3e46e099a014a50340657a - - default default] Successfully bumped revision number for resource 8eb7c5e1-af6b-4df1-ae7c-0850d339a68c (type: ports) to 2
2026-04-10 11:07:55.714 9 INFO neutron.wsgi [None req-cc2841ca-ca13-4b18-b650-39489e9b4c5a 94d03236f6e04eb88306d4aeaac5df5d 637a451b9e3e46e099a014a50340657a - - default default] 10.0.0.229 "PUT /v2.0/ports/8eb7c5e1-af6b-4df1-ae7c-0850d339a68c HTTP/1.1" status: 200 len: 946 time: 0.3129046
2026-04-10 11:07:55.810 9 INFO neutron.db.ovn_revision_numbers_db [None req-cc1dd243-03bf-4b73-a9be-0be433723381 a304790ba8194752a146b2033d6d7794 2ba55315547740999bfc5a2567fd5682 - - default default] Successfully bumped revision number for resource 717ff76c-8b6d-48b1-8452-e827dece934f (type: security_groups) to 1
2026-04-10 11:07:55.828 9 INFO neutron.db.ovn_revision_numbers_db [None req-cc1dd243-03bf-4b73-a9be-0be433723381 a304790ba8194752a146b2033d6d7794 2ba55315547740999bfc5a2567fd5682 - - default default] Successfully bumped revision number for resource 52ad4bc3-4bfb-4c01-a81c-926871869456 (type: security_group_rules) to 0
2026-04-10 11:07:55.842 9 INFO neutron.db.ovn_revision_numbers_db [None req-cc1dd243-03bf-4b73-a9be-0be433723381 a304790ba8194752a146b2033d6d7794 2ba55315547740999bfc5a2567fd5682 - - default default] Successfully bumped revision number for resource 72a32bcc-f159-4385-a21d-89929264684a (type: security_group_rules) to 0
2026-04-10 11:07:55.861 9 INFO neutron.db.ovn_revision_numbers_db [None req-cc1dd243-03bf-4b73-a9be-0be433723381 a304790ba8194752a146b2033d6d7794 2ba55315547740999bfc5a2567fd5682 - - default default] Successfully bumped revision number for resource 8f2325bf-0c94-4747-916d-decb4b85a325 (type: security_group_rules) to 0
2026-04-10 11:07:55.882 9 INFO neutron.db.ovn_revision_numbers_db [None req-cc1dd243-03bf-4b73-a9be-0be433723381 a304790ba8194752a146b2033d6d7794 2ba55315547740999bfc5a2567fd5682 - - default default] Successfully bumped revision number for resource e0135fd2-316f-4beb-9acc-aa730d1123f1 (type: security_group_rules) to 0
2026-04-10 11:07:55.906 9 INFO neutron.wsgi [None req-cc1dd243-03bf-4b73-a9be-0be433723381 a304790ba8194752a146b2033d6d7794 2ba55315547740999bfc5a2567fd5682 - - default default] 10.0.0.229 "GET /v2.0/security-groups?tenant_id=07e60e70249342a78f76ee645e0e7758&name=default HTTP/1.1" status: 200 len: 3120 time: 0.4294212
2026-04-10 11:07:56.028 10 INFO neutron.wsgi [None req-7e9c44df-054b-4331-8a2c-76a9c92a2587 94d03236f6e04eb88306d4aeaac5df5d 637a451b9e3e46e099a014a50340657a - - default default] 10.0.0.229 "DELETE /v2.0/ports/8eb7c5e1-af6b-4df1-ae7c-0850d339a68c HTTP/1.1" status: 204 len: 168 time: 0.3067374
2026-04-10 11:07:56.125 9 INFO neutron.wsgi [None req-b4a5868b-9a4b-47b5-80a7-b45275bba5dc 94d03236f6e04eb88306d4aeaac5df5d 637a451b9e3e46e099a014a50340657a - - default default] 10.0.0.229 "GET /v2.0/ports HTTP/1.1" status: 200 len: 1729 time: 0.0913146
2026-04-10 11:07:56.147 9 INFO neutron.pecan_wsgi.hooks.translation [None req-760ac051-a9fb-4bfb-8645-399965eee059 94d03236f6e04eb88306d4aeaac5df5d 637a451b9e3e46e099a014a50340657a - - default default] GET failed (client error): The resource could not be found.
2026-04-10 11:07:56.149 9 INFO neutron.wsgi [None req-760ac051-a9fb-4bfb-8645-399965eee059 94d03236f6e04eb88306d4aeaac5df5d 637a451b9e3e46e099a014a50340657a - - default default] 10.0.0.229 "GET /v2.0/ports/8eb7c5e1-af6b-4df1-ae7c-0850d339a68c HTTP/1.1" status: 404 len: 333 time: 0.0188816
2026-04-10 11:07:56.207 9 INFO neutron.wsgi [None req-36a1f6d1-928e-4e37-821a-b9c869003333 94d03236f6e04eb88306d4aeaac5df5d 637a451b9e3e46e099a014a50340657a - - default default] 10.0.0.229 "GET /v2.0/ports HTTP/1.1" status: 200 len: 1729 time: 0.0511339
2026-04-10 11:07:56.218 9 INFO neutron.wsgi [None req-8e01abee-09af-4f35-99bc-ebc87e99cb0a a304790ba8194752a146b2033d6d7794 2ba55315547740999bfc5a2567fd5682 - - default default] 10.0.0.229 "DELETE /v2.0/security-groups/717ff76c-8b6d-48b1-8452-e827dece934f HTTP/1.1" status: 204 len: 168 time: 0.3076639
2026-04-10 11:07:56.251 10 INFO neutron.wsgi [None req-1da09ed7-ce5d-475a-bfd4-cc05f400d283 94d03236f6e04eb88306d4aeaac5df5d 637a451b9e3e46e099a014a50340657a - - default default] 10.0.0.229 "GET /v2.0/ports/bf623979-ba7c-40c0-bc14-6baad2e23f81 HTTP/1.1" status: 200 len: 969 time: 0.0369954
2026-04-10 11:07:56.274 10 INFO neutron.pecan_wsgi.hooks.translation [None req-b64258a9-1ebe-4385-bba0-275fb196326e 94d03236f6e04eb88306d4aeaac5df5d 637a451b9e3e46e099a014a50340657a - - default default] DELETE failed (client error): The resource could not be found.
2026-04-10 11:07:56.277 10 INFO neutron.wsgi [None req-b64258a9-1ebe-4385-bba0-275fb196326e 94d03236f6e04eb88306d4aeaac5df5d 637a451b9e3e46e099a014a50340657a - - default default] 10.0.0.229 "DELETE /v2.0/ports/b9a5ae97-6b07-4ff4-8974-d0428f57404a HTTP/1.1" status: 404 len: 333 time: 0.0179732
2026-04-10 11:07:56.299 10 INFO neutron.pecan_wsgi.hooks.translation [None req-028985dc-2a38-4e34-af73-65ff23a62be8 94d03236f6e04eb88306d4aeaac5df5d 637a451b9e3e46e099a014a50340657a - - default default] DELETE failed (client error): The resource could not be found.
2026-04-10 11:07:56.301 10 INFO neutron.wsgi [None req-028985dc-2a38-4e34-af73-65ff23a62be8 94d03236f6e04eb88306d4aeaac5df5d 637a451b9e3e46e099a014a50340657a - - default default] 10.0.0.229 "DELETE /v2.0/subnets/50d62a54-95a4-4e0a-b207-39b94e435c5a HTTP/1.1" status: 404 len: 337 time: 0.0208781
2026-04-10 11:07:56.322 10 INFO neutron.pecan_wsgi.hooks.translation [None req-148b1024-7daf-4677-b0de-f3eb1b1b5a54 94d03236f6e04eb88306d4aeaac5df5d 637a451b9e3e46e099a014a50340657a - - default default] DELETE failed (client error): The resource could not be found.
2026-04-10 11:07:56.324 10 INFO neutron.wsgi [None req-148b1024-7daf-4677-b0de-f3eb1b1b5a54 94d03236f6e04eb88306d4aeaac5df5d 637a451b9e3e46e099a014a50340657a - - default default] 10.0.0.229 "DELETE /v2.0/subnets/e0a3d3d4-6e4f-4bc4-bc83-4e7d7b67b2d6 HTTP/1.1" status: 404 len: 337 time: 0.0168815
2026-04-10 11:07:56.667 10 INFO neutron.wsgi [None req-8da7ed98-1390-47cd-aaf4-01b2a0f774db 94d03236f6e04eb88306d4aeaac5df5d 637a451b9e3e46e099a014a50340657a - - default default] 10.0.0.229 "DELETE /v2.0/ports/bf623979-ba7c-40c0-bc14-6baad2e23f81 HTTP/1.1" status: 204 len: 168 time: 0.3378353
2026-04-10 11:07:56.798 9 INFO neutron.db.ovn_revision_numbers_db [None req-b3a4874b-0563-47f4-a5b6-7929d689a3cc a304790ba8194752a146b2033d6d7794 2ba55315547740999bfc5a2567fd5682 - - default default] Successfully bumped revision number for resource f338f0c2-3eb2-4eed-88b8-e7bb690abd13 (type: security_groups) to 1
2026-04-10 11:07:56.812 9 INFO neutron.db.ovn_revision_numbers_db [None req-b3a4874b-0563-47f4-a5b6-7929d689a3cc a304790ba8194752a146b2033d6d7794 2ba55315547740999bfc5a2567fd5682 - - default default] Successfully bumped revision number for resource 0164839f-e24f-438b-af7c-32e4da8c1382 (type: security_group_rules) to 0
2026-04-10 11:07:56.838 9 INFO neutron.db.ovn_revision_numbers_db [None req-b3a4874b-0563-47f4-a5b6-7929d689a3cc a304790ba8194752a146b2033d6d7794 2ba55315547740999bfc5a2567fd5682 - - default default] Successfully bumped revision number for resource 0d1a400a-39aa-4469-8ba2-afed363d0548 (type: security_group_rules) to 0
2026-04-10 11:07:56.853 9 INFO neutron.db.ovn_revision_numbers_db [None req-b3a4874b-0563-47f4-a5b6-7929d689a3cc a304790ba8194752a146b2033d6d7794 2ba55315547740999bfc5a2567fd5682 - - default default] Successfully bumped revision number for resource 481fd8db-f3c1-4ec1-8b9b-da3a36763aa8 (type: security_group_rules) to 0
2026-04-10 11:07:56.872 9 INFO neutron.db.ovn_revision_numbers_db [None req-b3a4874b-0563-47f4-a5b6-7929d689a3cc a304790ba8194752a146b2033d6d7794 2ba55315547740999bfc5a2567fd5682 - - default default] Successfully bumped revision number for resource 53534e07-92b7-42df-b325-2fd568b842b3 (type: security_group_rules) to 0
2026-04-10 11:07:56.898 9 INFO neutron.wsgi [None req-b3a4874b-0563-47f4-a5b6-7929d689a3cc a304790ba8194752a146b2033d6d7794 2ba55315547740999bfc5a2567fd5682 - - default default] 10.0.0.229 "GET /v2.0/security-groups?tenant_id=2aa1bbb750eb4a03af32a2999f8e4e21&name=default HTTP/1.1" status: 200 len: 3120 time: 0.3201859
2026-04-10 11:07:57.154 10 INFO neutron.services.segments.plugin [-] Segment fcb666f8-782d-4950-a205-e7671576b9a9 resource provider aggregate not found
2026-04-10 11:07:57.159 10 INFO neutron.services.segments.plugin [-] Segment fcb666f8-782d-4950-a205-e7671576b9a9 resource provider aggregate not found
