2026-04-10 11:07:12.365 10 INFO neutron.wsgi [None req-62a79e4f-8eea-4bf6-807b-0f5fa2d4bf20 a304790ba8194752a146b2033d6d7794 2ba55315547740999bfc5a2567fd5682 - - default default] 10.0.0.229 "GET /v2.0/security-groups?tenant_id=4f7c55c6a3f14d60aca337a7b731d32e&name=default HTTP/1.1" status: 200 len: 3120 time: 0.4434347
2026-04-10 11:07:12.380 9 INFO neutron.wsgi [None req-8481535e-8614-4916-88a6-32d47d934cab fbf90fb2e4d94da7a632ebe9f2bc63a9 2c0fd1b96b09467595f9b8b025a43c58 - - default default] 10.0.0.229 "DELETE /v2.0/floatingips/bbbeb38a-165f-44e2-8406-a1cf635a0bfe HTTP/1.1" status: 204 len: 168 time: 0.3902602
2026-04-10 11:07:12.412 9 INFO neutron.api.v2.resource [None req-bee0f6b2-faa9-443e-b9d0-c48d5a7c4fe7 fbf90fb2e4d94da7a632ebe9f2bc63a9 2c0fd1b96b09467595f9b8b025a43c58 - - default default] delete failed (client error): The resource could not be found.
2026-04-10 11:07:12.413 9 INFO neutron.wsgi [None req-bee0f6b2-faa9-443e-b9d0-c48d5a7c4fe7 fbf90fb2e4d94da7a632ebe9f2bc63a9 2c0fd1b96b09467595f9b8b025a43c58 - - default default] 10.0.0.229 "DELETE /v2.0/floatingips/bbbeb38a-165f-44e2-8406-a1cf635a0bfe HTTP/1.1" status: 404 len: 345 time: 0.0258470
2026-04-10 11:07:12.487 10 WARNING neutron.scheduler.dhcp_agent_scheduler [None req-2d9e96a5-452b-4027-88fe-cae097a73ff0 bc340e0e41be4c53a7a1fa7cb929e3e0 be901d69ab4d40438e671635199f2aa7 - - default default] No more DHCP agents
2026-04-10 11:07:12.490 10 WARNING neutron.api.rpc.agentnotifiers.dhcp_rpc_agent_api [None req-2d9e96a5-452b-4027-88fe-cae097a73ff0 bc340e0e41be4c53a7a1fa7cb929e3e0 be901d69ab4d40438e671635199f2aa7 - - default default] Unable to schedule network a8ecf9cf-e349-440c-ba93-5950816daed1: no agents available; will retry on subsequent port and subnet creation events.
2026-04-10 11:07:12.661 10 INFO neutron.wsgi [None req-df7fabd6-9b60-4490-a0de-c043a0bd9e10 a304790ba8194752a146b2033d6d7794 2ba55315547740999bfc5a2567fd5682 - - default default] 10.0.0.229 "DELETE /v2.0/security-groups/fb185b3f-7ca3-430e-86f1-bcfa9482d6c3 HTTP/1.1" status: 204 len: 168 time: 0.2847955
2026-04-10 11:07:12.809 9 INFO neutron.wsgi [None req-c01db2de-e59d-434b-8244-964adf1bc4bb fbf90fb2e4d94da7a632ebe9f2bc63a9 2c0fd1b96b09467595f9b8b025a43c58 - - default default] 10.0.0.229 "DELETE /v2.0/ports/d5ee965a-c9d2-4c1b-bbac-fe7382bf6d9f HTTP/1.1" status: 204 len: 168 time: 0.3880336
2026-04-10 11:07:12.907 9 INFO neutron.db.ovn_revision_numbers_db [None req-0266b562-abbe-4299-8428-ef31666c6b29 a304790ba8194752a146b2033d6d7794 2ba55315547740999bfc5a2567fd5682 - - default default] Successfully bumped revision number for resource ed0cffcd-2ca4-473c-9d06-b193742b0933 (type: security_groups) to 1
2026-04-10 11:07:12.928 9 INFO neutron.db.ovn_revision_numbers_db [None req-0266b562-abbe-4299-8428-ef31666c6b29 a304790ba8194752a146b2033d6d7794 2ba55315547740999bfc5a2567fd5682 - - default default] Successfully bumped revision number for resource 15434f9e-c134-4e6c-be85-11702fbdb04a (type: security_group_rules) to 0
2026-04-10 11:07:12.943 9 INFO neutron.db.ovn_revision_numbers_db [None req-0266b562-abbe-4299-8428-ef31666c6b29 a304790ba8194752a146b2033d6d7794 2ba55315547740999bfc5a2567fd5682 - - default default] Successfully bumped revision number for resource 8e193724-a5cc-4b3e-81a6-7307e5dc1763 (type: security_group_rules) to 0
2026-04-10 11:07:12.966 9 INFO neutron.db.ovn_revision_numbers_db [None req-0266b562-abbe-4299-8428-ef31666c6b29 a304790ba8194752a146b2033d6d7794 2ba55315547740999bfc5a2567fd5682 - - default default] Successfully bumped revision number for resource f50e62d5-bb42-467a-b4fc-371b58ef9a96 (type: security_group_rules) to 0
2026-04-10 11:07:12.983 9 INFO neutron.db.ovn_revision_numbers_db [None req-0266b562-abbe-4299-8428-ef31666c6b29 a304790ba8194752a146b2033d6d7794 2ba55315547740999bfc5a2567fd5682 - - default default] Successfully bumped revision number for resource fb30e862-149f-4a84-9325-6ead24545113 (type: security_group_rules) to 0
2026-04-10 11:07:13.003 9 INFO neutron.wsgi [None req-0266b562-abbe-4299-8428-ef31666c6b29 a304790ba8194752a146b2033d6d7794 2ba55315547740999bfc5a2567fd5682 - - default default] 10.0.0.229 "GET /v2.0/security-groups?tenant_id=0bde5e81623c4eddb4ae9740747b2d0b&name=default HTTP/1.1" status: 200 len: 3120 time: 0.2372015
2026-04-10 11:07:13.148 10 INFO neutron.db.ovn_revision_numbers_db [None req-2d9e96a5-452b-4027-88fe-cae097a73ff0 bc340e0e41be4c53a7a1fa7cb929e3e0 be901d69ab4d40438e671635199f2aa7 - - default default] Successfully bumped revision number for resource 2d78970d-53ce-4ab1-9d5c-7e8cf522f51c (type: ports) to 2
2026-04-10 11:07:13.220 10 INFO neutron.db.ovn_revision_numbers_db [None req-2d9e96a5-452b-4027-88fe-cae097a73ff0 bc340e0e41be4c53a7a1fa7cb929e3e0 be901d69ab4d40438e671635199f2aa7 - - default default] Successfully bumped revision number for resource 5282a221-247a-4288-b67b-1471e72f38ec (type: subnets) to 0
2026-04-10 11:07:13.244 10 INFO neutron.wsgi [None req-2d9e96a5-452b-4027-88fe-cae097a73ff0 bc340e0e41be4c53a7a1fa7cb929e3e0 be901d69ab4d40438e671635199f2aa7 - - default default] 10.0.0.229 "POST /v2.0/subnets HTTP/1.1" status: 201 len: 816 time: 1.0422797
2026-04-10 11:07:13.254 9 WARNING neutron_lib.context [None req-58dd8b92-1982-4449-b490-b7b34e93ed2c bc340e0e41be4c53a7a1fa7cb929e3e0 be901d69ab4d40438e671635199f2aa7 - - default default] Method 'is_advsvc' is deprecated since 2023.2 release (neutron-lib 3.8.0) and will be removed once support for the old RBAC API policies will be removed from Neutron. Please use method 'is_service_role' instead.
2026-04-10 11:07:13.335 9 INFO neutron.db.segments_db [None req-58dd8b92-1982-4449-b490-b7b34e93ed2c bc340e0e41be4c53a7a1fa7cb929e3e0 be901d69ab4d40438e671635199f2aa7 - - default default] Added segment 7853a07b-0c21-402b-a702-06a702a56e7c of type geneve for network 39324769-aa28-495d-ac0f-6644635eae45
2026-04-10 11:07:13.360 10 INFO neutron.wsgi [None req-43e32a79-df6c-49dd-bcdb-29bd95c24b12 a304790ba8194752a146b2033d6d7794 2ba55315547740999bfc5a2567fd5682 - - default default] 10.0.0.229 "DELETE /v2.0/security-groups/ed0cffcd-2ca4-473c-9d06-b193742b0933 HTTP/1.1" status: 204 len: 168 time: 0.3524888
2026-04-10 11:07:13.386 10 INFO neutron.wsgi [None req-b1dcd166-7a60-4a60-aae3-912573b7bcdb fbf90fb2e4d94da7a632ebe9f2bc63a9 2c0fd1b96b09467595f9b8b025a43c58 - - default default] 10.0.0.229 "DELETE /v2.0/ports/452fc147-33c0-4245-8497-899089b4e9ce HTTP/1.1" status: 204 len: 168 time: 0.5719030
2026-04-10 11:07:13.435 10 INFO neutron.wsgi [None req-802facb1-76ef-481e-8262-7ad9e39238ab fbf90fb2e4d94da7a632ebe9f2bc63a9 2c0fd1b96b09467595f9b8b025a43c58 - - default default] 10.0.0.229 "GET /v2.0/ports?device_id=d3961749-d9bb-416d-ae9c-c9b91ea07ec4 HTTP/1.1" status: 200 len: 1140 time: 0.0421152
2026-04-10 11:07:13.485 9 INFO neutron.db.ovn_revision_numbers_db [None req-58dd8b92-1982-4449-b490-b7b34e93ed2c bc340e0e41be4c53a7a1fa7cb929e3e0 be901d69ab4d40438e671635199f2aa7 - - default default] Successfully bumped revision number for resource 39324769-aa28-495d-ac0f-6644635eae45 (type: networks) to 1
2026-04-10 11:07:13.707 9 WARNING neutron.scheduler.dhcp_agent_scheduler [None req-58dd8b92-1982-4449-b490-b7b34e93ed2c bc340e0e41be4c53a7a1fa7cb929e3e0 be901d69ab4d40438e671635199f2aa7 - - default default] No more DHCP agents
2026-04-10 11:07:13.709 9 WARNING neutron.api.rpc.agentnotifiers.dhcp_rpc_agent_api [None req-58dd8b92-1982-4449-b490-b7b34e93ed2c bc340e0e41be4c53a7a1fa7cb929e3e0 be901d69ab4d40438e671635199f2aa7 - - default default] Unable to schedule network 39324769-aa28-495d-ac0f-6644635eae45: no agents available; will retry on subsequent port and subnet creation events.
2026-04-10 11:07:13.829 9 INFO neutron.db.ovn_revision_numbers_db [None req-58dd8b92-1982-4449-b490-b7b34e93ed2c bc340e0e41be4c53a7a1fa7cb929e3e0 be901d69ab4d40438e671635199f2aa7 - - default default] Successfully bumped revision number for resource 94a70629-889e-4ef0-a09c-42e6da72bf64 (type: ports) to 1
2026-04-10 11:07:13.856 9 INFO neutron.wsgi [None req-58dd8b92-1982-4449-b490-b7b34e93ed2c bc340e0e41be4c53a7a1fa7cb929e3e0 be901d69ab4d40438e671635199f2aa7 - - default default] 10.0.0.229 "POST /v2.0/networks HTTP/1.1" status: 201 len: 843 time: 0.6068847
2026-04-10 11:07:14.074 9 INFO neutron.db.ovn_revision_numbers_db [None req-7db1e0e8-863c-4b92-996a-1028d1ac5a6d bc340e0e41be4c53a7a1fa7cb929e3e0 be901d69ab4d40438e671635199f2aa7 - - default default] Successfully bumped revision number for resource 39324769-aa28-495d-ac0f-6644635eae45 (type: networks) to 2
2026-04-10 11:07:14.080 9 INFO neutron.wsgi [None req-7db1e0e8-863c-4b92-996a-1028d1ac5a6d bc340e0e41be4c53a7a1fa7cb929e3e0 be901d69ab4d40438e671635199f2aa7 - - default default] 10.0.0.229 "PUT /v2.0/networks/39324769-aa28-495d-ac0f-6644635eae45 HTTP/1.1" status: 200 len: 792 time: 0.2197435
2026-04-10 11:07:14.093 9 WARNING neutron_lib.context [None req-10e0a994-8fec-4170-963a-5858e051e08c bc340e0e41be4c53a7a1fa7cb929e3e0 be901d69ab4d40438e671635199f2aa7 - - default default] Method 'is_advsvc' is deprecated since 2023.2 release (neutron-lib 3.8.0) and will be removed once support for the old RBAC API policies will be removed from Neutron. Please use method 'is_service_role' instead.
2026-04-10 11:07:14.359 9 WARNING neutron.scheduler.dhcp_agent_scheduler [None req-10e0a994-8fec-4170-963a-5858e051e08c bc340e0e41be4c53a7a1fa7cb929e3e0 be901d69ab4d40438e671635199f2aa7 - - default default] No more DHCP agents
2026-04-10 11:07:14.361 9 WARNING neutron.api.rpc.agentnotifiers.dhcp_rpc_agent_api [None req-10e0a994-8fec-4170-963a-5858e051e08c bc340e0e41be4c53a7a1fa7cb929e3e0 be901d69ab4d40438e671635199f2aa7 - - default default] Unable to schedule network 39324769-aa28-495d-ac0f-6644635eae45: no agents available; will retry on subsequent port and subnet creation events.
2026-04-10 11:07:14.465 10 INFO neutron.wsgi [None req-cc975381-9c1c-4a21-acdc-b87b064b9c52 fbf90fb2e4d94da7a632ebe9f2bc63a9 2c0fd1b96b09467595f9b8b025a43c58 - - default default] 10.0.0.229 "PUT /v2.0/routers/d3961749-d9bb-416d-ae9c-c9b91ea07ec4/remove_router_interface HTTP/1.1" status: 200 len: 503 time: 1.0198555 /var/lib/openstack/lib/python3.10/site-packages/pycadf/identifier.py:71: UserWarning: Invalid uuid: neutron. To ensure interoperability, identifiers should be a valid uuid. warnings.warn(('Invalid uuid: %s. To ensure interoperability, '
2026-04-10 11:07:15.108 9 INFO neutron.db.ovn_revision_numbers_db [None req-10e0a994-8fec-4170-963a-5858e051e08c bc340e0e41be4c53a7a1fa7cb929e3e0 be901d69ab4d40438e671635199f2aa7 - - default default] Successfully bumped revision number for resource 94a70629-889e-4ef0-a09c-42e6da72bf64 (type: ports) to 2
2026-04-10 11:07:15.141 9 INFO neutron.db.ovn_revision_numbers_db [None req-10e0a994-8fec-4170-963a-5858e051e08c bc340e0e41be4c53a7a1fa7cb929e3e0 be901d69ab4d40438e671635199f2aa7 - - default default] Successfully bumped revision number for resource a23d1ada-9ab1-4bd5-a848-62c52bbda102 (type: subnets) to 0
2026-04-10 11:07:15.160 9 INFO neutron.wsgi [None req-10e0a994-8fec-4170-963a-5858e051e08c bc340e0e41be4c53a7a1fa7cb929e3e0 be901d69ab4d40438e671635199f2aa7 - - default default] 10.0.0.229 "POST /v2.0/subnets HTTP/1.1" status: 201 len: 801 time: 1.0734913
2026-04-10 11:07:15.543 9 INFO neutron.db.ovn_revision_numbers_db [None req-f5b2bcf3-0614-4f0e-a4b2-7ca160b0f2ba bc340e0e41be4c53a7a1fa7cb929e3e0 be901d69ab4d40438e671635199f2aa7 - - default default] Successfully bumped revision number for resource a23d1ada-9ab1-4bd5-a848-62c52bbda102 (type: subnets) to 1
2026-04-10 11:07:15.547 9 INFO neutron.wsgi [None req-f5b2bcf3-0614-4f0e-a4b2-7ca160b0f2ba bc340e0e41be4c53a7a1fa7cb929e3e0 be901d69ab4d40438e671635199f2aa7 - - default default] 10.0.0.229 "PUT /v2.0/subnets/a23d1ada-9ab1-4bd5-a848-62c52bbda102 HTTP/1.1" status: 200 len: 806 time: 0.3802562
2026-04-10 11:07:15.556 10 INFO neutron.wsgi [None req-d3b0c1bc-50a1-478f-8748-816a27866ded fbf90fb2e4d94da7a632ebe9f2bc63a9 2c0fd1b96b09467595f9b8b025a43c58 - - default default] 10.0.0.229 "DELETE /v2.0/routers/d3961749-d9bb-416d-ae9c-c9b91ea07ec4 HTTP/1.1" status: 204 len: 168 time: 1.0861151
2026-04-10 11:07:15.747 9 INFO neutron.wsgi [None req-ec31f58b-15fe-4944-813a-66b13bce7630 fbf90fb2e4d94da7a632ebe9f2bc63a9 2c0fd1b96b09467595f9b8b025a43c58 - - default default] 10.0.0.229 "DELETE /v2.0/subnets/7a1459bf-7dd9-443b-aefa-65c74467c92d HTTP/1.1" status: 204 len: 168 time: 0.1865768
2026-04-10 11:07:16.186 9 INFO neutron.services.segments.plugin [-] Segment df880fee-15fd-4562-a737-3a21339556a3 resource provider aggregate not found
2026-04-10 11:07:16.192 9 INFO neutron.services.segments.plugin [-] Segment df880fee-15fd-4562-a737-3a21339556a3 resource provider aggregate not found
2026-04-10 11:07:16.210 10 INFO neutron.services.segments.plugin [-] Segment 7853a07b-0c21-402b-a702-06a702a56e7c resource provider aggregate not found
2026-04-10 11:07:16.211 9 INFO neutron.services.segments.plugin [-] Segment df880fee-15fd-4562-a737-3a21339556a3 resource provider not found; error: Placement Client Error (4xx): {"errors": [{"status": 404, "title": "Not Found", "detail": "The resource could not be found.\n\n No resource provider with uuid df880fee-15fd-4562-a737-3a21339556a3 found for delete ", "request_id": "req-017b487e-f05e-461d-ae0c-086dece561d9"}]}
2026-04-10 11:07:16.216 10 INFO neutron.services.segments.plugin [-] Segment 7853a07b-0c21-402b-a702-06a702a56e7c resource provider aggregate not found
2026-04-10 11:07:16.220 9 INFO neutron.wsgi [None req-b37d8169-bbac-4c91-8230-bb2324f475b4 fbf90fb2e4d94da7a632ebe9f2bc63a9 2c0fd1b96b09467595f9b8b025a43c58 - - default default] 10.0.0.229 "DELETE /v2.0/networks/d01f7612-bc17-4402-8fcf-2068eb122001 HTTP/1.1" status: 204 len: 168 time: 0.4690292
2026-04-10 11:07:16.221 9 INFO neutron.services.segments.plugin [-] Segment df880fee-15fd-4562-a737-3a21339556a3 resource provider not found; error: Placement Client Error (4xx): {"errors": [{"status": 404, "title": "Not Found", "detail": "The resource could not be found.\n\n No resource provider with uuid df880fee-15fd-4562-a737-3a21339556a3 found for delete ", "request_id": "req-f2a587ca-6568-4679-8c90-5232bc811bf3"}]}
2026-04-10 11:07:16.235 10 INFO neutron.services.segments.plugin [-] Segment 7853a07b-0c21-402b-a702-06a702a56e7c resource provider not found; error: Placement Client Error (4xx): {"errors": [{"status": 404, "title": "Not Found", "detail": "The resource could not be found.\n\n No resource provider with uuid 7853a07b-0c21-402b-a702-06a702a56e7c found for delete ", "request_id": "req-59f6f264-8e8a-4d65-b568-11cdc5554b53"}]}
2026-04-10 11:07:16.238 10 INFO neutron.services.segments.plugin [-] Segment 7853a07b-0c21-402b-a702-06a702a56e7c resource provider not found; error: Placement Client Error (4xx): {"errors": [{"status": 404, "title": "Not Found", "detail": "The resource could not be found.\n\n No resource provider with uuid 7853a07b-0c21-402b-a702-06a702a56e7c found for delete ", "request_id": "req-95bed65c-2a95-46a0-9a5b-61494e700959"}]}
2026-04-10 11:07:16.258 10 INFO neutron.wsgi [None req-93dd9669-3563-4fa2-8347-5652bcc6cff1 bc340e0e41be4c53a7a1fa7cb929e3e0 be901d69ab4d40438e671635199f2aa7 - - default default] 10.0.0.229 "DELETE /v2.0/networks/39324769-aa28-495d-ac0f-6644635eae45 HTTP/1.1" status: 204 len: 168 time: 0.7057173
2026-04-10 11:07:16.278 9 INFO neutron.pecan_wsgi.hooks.translation [None req-d7b9b830-6484-4406-a727-3e27bc868acb bc340e0e41be4c53a7a1fa7cb929e3e0 be901d69ab4d40438e671635199f2aa7 - - default default] DELETE failed (client error): The resource could not be found.
2026-04-10 11:07:16.281 9 INFO neutron.wsgi [None req-d7b9b830-6484-4406-a727-3e27bc868acb bc340e0e41be4c53a7a1fa7cb929e3e0 be901d69ab4d40438e671635199f2aa7 - - default default] 10.0.0.229 "DELETE /v2.0/networks/39324769-aa28-495d-ac0f-6644635eae45 HTTP/1.1" status: 404 len: 339 time: 0.0175579
2026-04-10 11:07:16.385 9 INFO neutron.wsgi [None req-c18fb3a0-2ab2-4e3c-bf00-bd6f019649aa bc340e0e41be4c53a7a1fa7cb929e3e0 be901d69ab4d40438e671635199f2aa7 - - default default] 10.0.0.229 "GET /v2.0/networks?router%3Aexternal=True HTTP/1.1" status: 200 len: 845 time: 0.0969212
2026-04-10 11:07:16.444 9 INFO neutron.wsgi [None req-8cd720f2-0615-4816-a098-4e90f424175a bc340e0e41be4c53a7a1fa7cb929e3e0 be901d69ab4d40438e671635199f2aa7 - - default default] 10.0.0.229 "GET /v2.0/subnets?network_id=37706f09-e95f-4b5e-b9a0-e338fa1d8409 HTTP/1.1" status: 200 len: 820 time: 0.0553801
2026-04-10 11:07:16.459 10 INFO neutron.wsgi [None req-0f3412bc-0608-4b02-aab0-009de631f309 bc340e0e41be4c53a7a1fa7cb929e3e0 be901d69ab4d40438e671635199f2aa7 - - default default] 10.0.0.229 "GET /v2.0/extensions HTTP/1.1" status: 200 len: 18678 time: 0.0093200
2026-04-10 11:07:16.603 10 INFO neutron.wsgi [None req-8a8d83d3-7dad-47df-8966-36a239ac01b5 bc340e0e41be4c53a7a1fa7cb929e3e0 be901d69ab4d40438e671635199f2aa7 - - default default] 10.0.0.229 "GET /v2.0/networks HTTP/1.1" status: 200 len: 1503 time: 0.1355152
2026-04-10 11:07:16.682 10 INFO neutron.wsgi [None req-7b7dd103-2db9-45e3-a60a-74b88e8a0d8a bc340e0e41be4c53a7a1fa7cb929e3e0 be901d69ab4d40438e671635199f2aa7 - - default default] 10.0.0.229 "GET /v2.0/subnets HTTP/1.1" status: 200 len: 1428 time: 0.0723243
2026-04-10 11:07:16.773 9 INFO neutron.wsgi [None req-77dcebda-0caf-49df-a0d2-b08ce135e8ca bc340e0e41be4c53a7a1fa7cb929e3e0 be901d69ab4d40438e671635199f2aa7 - - default default] 10.0.0.229 "GET /v2.0/networks/a8ecf9cf-e349-440c-ba93-5950816daed1 HTTP/1.1" status: 200 len: 862 time: 0.0860639
2026-04-10 11:07:16.810 9 INFO neutron.wsgi [None req-9d1653a6-e26a-49e3-a43e-395eeb7a8521 bc340e0e41be4c53a7a1fa7cb929e3e0 be901d69ab4d40438e671635199f2aa7 - - default default] 10.0.0.229 "GET /v2.0/subnets/5282a221-247a-4288-b67b-1471e72f38ec HTTP/1.1" status: 200 len: 811 time: 0.0325077
2026-04-10 11:07:16.836 10 INFO neutron.pecan_wsgi.hooks.translation [None req-0a90ee26-101a-4e22-8c8b-e8e12eac383d bc340e0e41be4c53a7a1fa7cb929e3e0 be901d69ab4d40438e671635199f2aa7 - - default default] DELETE failed (client error): The resource could not be found.
2026-04-10 11:07:16.839 10 INFO neutron.wsgi [None req-0a90ee26-101a-4e22-8c8b-e8e12eac383d bc340e0e41be4c53a7a1fa7cb929e3e0 be901d69ab4d40438e671635199f2aa7 - - default default] 10.0.0.229 "DELETE /v2.0/subnets/a23d1ada-9ab1-4bd5-a848-62c52bbda102 HTTP/1.1" status: 404 len: 337 time: 0.0223603
2026-04-10 11:07:16.859 10 INFO neutron.pecan_wsgi.hooks.translation [None req-a2e2b478-7721-45e7-b87a-dac5d6474cc0 bc340e0e41be4c53a7a1fa7cb929e3e0 be901d69ab4d40438e671635199f2aa7 - - default default] DELETE failed (client error): The resource could not be found.
2026-04-10 11:07:16.861 10 INFO neutron.wsgi [None req-a2e2b478-7721-45e7-b87a-dac5d6474cc0 bc340e0e41be4c53a7a1fa7cb929e3e0 be901d69ab4d40438e671635199f2aa7 - - default default] 10.0.0.229 "DELETE /v2.0/networks/39324769-aa28-495d-ac0f-6644635eae45 HTTP/1.1" status: 404 len: 339 time: 0.0173535
2026-04-10 11:07:17.047 10 INFO neutron.wsgi [None req-05d1684e-e277-4400-972b-3d7435da2de2 a304790ba8194752a146b2033d6d7794 2ba55315547740999bfc5a2567fd5682 - - default default] 10.0.0.229 "GET /v2.0/security-groups?tenant_id=2c0fd1b96b09467595f9b8b025a43c58&name=default HTTP/1.1" status: 200 len: 3120 time: 0.2640553
2026-04-10 11:07:17.083 9 INFO neutron.wsgi [None req-72a2e3a8-10f1-4ef7-9e60-2734340f0ed3 bc340e0e41be4c53a7a1fa7cb929e3e0 be901d69ab4d40438e671635199f2aa7 - - default default] 10.0.0.229 "DELETE /v2.0/subnets/5282a221-247a-4288-b67b-1471e72f38ec HTTP/1.1" status: 204 len: 168 time: 0.2162154
2026-04-10 11:07:17.273 10 INFO neutron.wsgi [None req-a7fb9608-4c34-42f4-98dc-97c41a3fed1c a304790ba8194752a146b2033d6d7794 2ba55315547740999bfc5a2567fd5682 - - default default] 10.0.0.229 "DELETE /v2.0/security-groups/4a69927e-2991-4a67-9b11-b277ee8fc281 HTTP/1.1" status: 204 len: 168 time: 0.2216198
2026-04-10 11:07:17.526 9 INFO neutron.wsgi [None req-8bbfe525-d7c9-4746-a1cd-6b2a2ecaf7aa bc340e0e41be4c53a7a1fa7cb929e3e0 be901d69ab4d40438e671635199f2aa7 - - default default] 10.0.0.229 "DELETE /v2.0/networks/a8ecf9cf-e349-440c-ba93-5950816daed1 HTTP/1.1" status: 204 len: 168 time: 0.4387634
2026-04-10 11:07:17.699 9 INFO neutron.db.ovn_revision_numbers_db [None req-3239b4fb-1c61-4a2b-869a-496a597f8280 a304790ba8194752a146b2033d6d7794 2ba55315547740999bfc5a2567fd5682 - - default default] Successfully bumped revision number for resource d26abbdf-4090-46e1-ac1e-0271c5e82189 (type: security_groups) to 1
2026-04-10 11:07:17.714 9 INFO neutron.db.ovn_revision_numbers_db [None req-3239b4fb-1c61-4a2b-869a-496a597f8280 a304790ba8194752a146b2033d6d7794 2ba55315547740999bfc5a2567fd5682 - - default default] Successfully bumped revision number for resource 5781a053-68a3-4b6b-a0ed-a4c8ab7e8a82 (type: security_group_rules) to 0
2026-04-10 11:07:17.731 9 INFO neutron.db.ovn_revision_numbers_db [None req-3239b4fb-1c61-4a2b-869a-496a597f8280 a304790ba8194752a146b2033d6d7794 2ba55315547740999bfc5a2567fd5682 - - default default] Successfully bumped revision number for resource 7339351e-0e2d-4cc5-9ed7-0b073a86520c (type: security_group_rules) to 0
2026-04-10 11:07:17.756 9 INFO neutron.db.ovn_revision_numbers_db [None req-3239b4fb-1c61-4a2b-869a-496a597f8280 a304790ba8194752a146b2033d6d7794 2ba55315547740999bfc5a2567fd5682 - - default default] Successfully bumped revision number for resource ac2e21ce-b780-47bf-9676-234df34c4de1 (type: security_group_rules) to 0
2026-04-10 11:07:17.771 9 INFO neutron.db.ovn_revision_numbers_db [None req-3239b4fb-1c61-4a2b-869a-496a597f8280 a304790ba8194752a146b2033d6d7794 2ba55315547740999bfc5a2567fd5682 - - default default] Successfully bumped revision number for resource e4f9bfb8-772d-4d1c-9ec5-2a778f61bb86 (type: security_group_rules) to 0
2026-04-10 11:07:17.796 9 INFO neutron.wsgi [None req-3239b4fb-1c61-4a2b-869a-496a597f8280 a304790ba8194752a146b2033d6d7794 2ba55315547740999bfc5a2567fd5682 - - default default] 10.0.0.229 "GET /v2.0/security-groups?tenant_id=2e940a56c35d4dd7ae0798fa8ae91649&name=default HTTP/1.1" status: 200 len: 3120 time: 0.4293966
2026-04-10 11:07:18.044 9 INFO neutron.wsgi [None req-8a631d54-1de9-4f2b-bb70-fef266d06552 a304790ba8194752a146b2033d6d7794 2ba55315547740999bfc5a2567fd5682 - - default default] 10.0.0.229 "DELETE /v2.0/security-groups/d26abbdf-4090-46e1-ac1e-0271c5e82189 HTTP/1.1" status: 204 len: 168 time: 0.2378592
2026-04-10 11:07:18.139 9 INFO neutron.wsgi [None req-d73e50e7-4ae1-43aa-8e77-1e69b4dae22e a304790ba8194752a146b2033d6d7794 2ba55315547740999bfc5a2567fd5682 - - default default] 10.0.0.229 "GET /v2.0/security-groups?tenant_id=be901d69ab4d40438e671635199f2aa7&name=default HTTP/1.1" status: 200 len: 3120 time: 0.1757023
2026-04-10 11:07:18.229 9 INFO neutron.services.segments.plugin [-] Segment 66bcda8e-6e8e-4898-9127-1d735c8f3323 resource provider aggregate not found
2026-04-10 11:07:18.238 9 INFO neutron.services.segments.plugin [-] Segment 66bcda8e-6e8e-4898-9127-1d735c8f3323 resource provider aggregate not found
2026-04-10 11:07:18.249 9 INFO neutron.services.segments.plugin [-] Segment 66bcda8e-6e8e-4898-9127-1d735c8f3323 resource provider not found; error: Placement Client Error (4xx): {"errors": [{"status": 404, "title": "Not Found", "detail": "The resource could not be found.\n\n No resource provider with uuid 66bcda8e-6e8e-4898-9127-1d735c8f3323 found for delete ", "request_id": "req-d537b052-d8e7-45b9-9342-11668bead4b9"}]}
2026-04-10 11:07:18.256 9 INFO neutron.services.segments.plugin [-] Segment 66bcda8e-6e8e-4898-9127-1d735c8f3323 resource provider not found; error: Placement Client Error (4xx): {"errors": [{"status": 404, "title": "Not Found", "detail": "The resource could not be found.\n\n No resource provider with uuid 66bcda8e-6e8e-4898-9127-1d735c8f3323 found for delete ", "request_id": "req-a65b5a69-8a2d-47d2-9b9e-a22a1543ff78"}]}
2026-04-10 11:07:18.359 9 INFO neutron.db.ovn_revision_numbers_db [None req-108b197c-d38f-43a2-a599-5af1b1acf044 a304790ba8194752a146b2033d6d7794 2ba55315547740999bfc5a2567fd5682 - - default default] Successfully bumped revision number for resource 5e7b9d9c-62ba-445d-9f4a-c512cc4aa3b9 (type: security_groups) to 1
2026-04-10 11:07:18.380 9 INFO neutron.db.ovn_revision_numbers_db [None req-108b197c-d38f-43a2-a599-5af1b1acf044 a304790ba8194752a146b2033d6d7794 2ba55315547740999bfc5a2567fd5682 - - default default] Successfully bumped revision number for resource 020bc892-9634-43d6-b083-493cfa67bd1f (type: security_group_rules) to 0
2026-04-10 11:07:18.405 9 INFO neutron.db.ovn_revision_numbers_db [None req-108b197c-d38f-43a2-a599-5af1b1acf044 a304790ba8194752a146b2033d6d7794 2ba55315547740999bfc5a2567fd5682 - - default default] Successfully bumped revision number for resource 67721c42-1c07-494a-b7e3-c99095ecd478 (type: security_group_rules) to 0
2026-04-10 11:07:18.425 9 INFO neutron.db.ovn_revision_numbers_db [None req-108b197c-d38f-43a2-a599-5af1b1acf044 a304790ba8194752a146b2033d6d7794 2ba55315547740999bfc5a2567fd5682 - - default default] Successfully bumped revision number for resource b793b2b0-6b4d-41fd-8cfd-919063e0f9c4 (type: security_group_rules) to 0
2026-04-10 11:07:18.443 9 INFO neutron.db.ovn_revision_numbers_db [None req-108b197c-d38f-43a2-a599-5af1b1acf044 a304790ba8194752a146b2033d6d7794 2ba55315547740999bfc5a2567fd5682 - - default default] Successfully bumped revision number for resource d97c9c2b-4364-4f1e-af9b-6ecabf37bf09 (type: security_group_rules) to 0
2026-04-10 11:07:18.465 9 INFO neutron.wsgi [None req-139cc7b5-999a-4ea2-9559-dce823bd2af4 a304790ba8194752a146b2033d6d7794 2ba55315547740999bfc5a2567fd5682 - - default default] 10.0.0.229 "DELETE /v2.0/security-groups/6ff8a35b-81c7-4700-8cd3-f5885efb606a HTTP/1.1" status: 204 len: 168 time: 0.3209305
2026-04-10 11:07:18.469 9 INFO neutron.wsgi [None req-108b197c-d38f-43a2-a599-5af1b1acf044 a304790ba8194752a146b2033d6d7794 2ba55315547740999bfc5a2567fd5682 - - default default] 10.0.0.229 "GET /v2.0/security-groups?tenant_id=45bbd6c5be374083aa71787898acb1d3&name=default HTTP/1.1" status: 200 len: 3120 time: 0.2872181
2026-04-10 11:07:18.803 9 INFO neutron.wsgi [None req-cad8f7dc-1894-48bc-970e-7198094cdf90 a304790ba8194752a146b2033d6d7794 2ba55315547740999bfc5a2567fd5682 - - default default] 10.0.0.229 "DELETE /v2.0/security-groups/5e7b9d9c-62ba-445d-9f4a-c512cc4aa3b9 HTTP/1.1" status: 204 len: 168 time: 0.3292353
2026-04-10 11:07:19.609 10 WARNING neutron_lib.context [None req-2ed795f0-15fd-4dc5-a96e-44732dc72884 0dc58dc62d674525a614199fe9ace7ed ebdec6455b174bc4a1a17af9ba19a576 - - default default] Method 'is_advsvc' is deprecated since 2023.2 release (neutron-lib 3.8.0) and will be removed once support for the old RBAC API policies will be removed from Neutron. Please use method 'is_service_role' instead.
2026-04-10 11:07:19.609 10 WARNING neutron_lib.context [None req-2ed795f0-15fd-4dc5-a96e-44732dc72884 0dc58dc62d674525a614199fe9ace7ed ebdec6455b174bc4a1a17af9ba19a576 - - default default] Method 'is_advsvc' is deprecated since 2023.2 release (neutron-lib 3.8.0) and will be removed once support for the old RBAC API policies will be removed from Neutron. Please use method 'is_service_role' instead.
2026-04-10 11:07:19.841 10 INFO neutron.db.ovn_revision_numbers_db [None req-2ed795f0-15fd-4dc5-a96e-44732dc72884 0dc58dc62d674525a614199fe9ace7ed ebdec6455b174bc4a1a17af9ba19a576 - - default default] Successfully bumped revision number for resource 9383e93e-a471-4d26-ba38-b46743ebf5f7 (type: security_groups) to 1
2026-04-10 11:07:19.868 10 INFO neutron.db.ovn_revision_numbers_db [None req-2ed795f0-15fd-4dc5-a96e-44732dc72884 0dc58dc62d674525a614199fe9ace7ed ebdec6455b174bc4a1a17af9ba19a576 - - default default] Successfully bumped revision number for resource 6334ea70-9358-4aca-8bd4-50ae1806cca4 (type: security_group_rules) to 0
2026-04-10 11:07:19.889 10 INFO neutron.db.ovn_revision_numbers_db [None req-2ed795f0-15fd-4dc5-a96e-44732dc72884 0dc58dc62d674525a614199fe9ace7ed ebdec6455b174bc4a1a17af9ba19a576 - - default default] Successfully bumped revision number for resource caf35525-9777-465c-ba09-fb19274029e3 (type: security_group_rules) to 0
2026-04-10 11:07:19.924 10 INFO neutron.db.ovn_revision_numbers_db [None req-2ed795f0-15fd-4dc5-a96e-44732dc72884 0dc58dc62d674525a614199fe9ace7ed ebdec6455b174bc4a1a17af9ba19a576 - - default default] Successfully bumped revision number for resource f15e482f-347f-4fa3-a79a-af856d02dc4f (type: security_group_rules) to 0
2026-04-10 11:07:19.945 10 INFO neutron.db.ovn_revision_numbers_db [None req-2ed795f0-15fd-4dc5-a96e-44732dc72884 0dc58dc62d674525a614199fe9ace7ed ebdec6455b174bc4a1a17af9ba19a576 - - default default] Successfully bumped revision number for resource f974071d-98de-4ec1-b517-c00ff640e448 (type: security_group_rules) to 0
2026-04-10 11:07:20.017 10 INFO neutron.db.segments_db [None req-2ed795f0-15fd-4dc5-a96e-44732dc72884 0dc58dc62d674525a614199fe9ace7ed ebdec6455b174bc4a1a17af9ba19a576 - - default default] Added segment 01ada038-fe0c-44e1-a36c-02abd97609da of type geneve for network 876ee442-3b11-47e2-877a-b1498d1b2f8a
2026-04-10 11:07:20.121 10 INFO neutron.db.segments_db [None req-2ed795f0-15fd-4dc5-a96e-44732dc72884 0dc58dc62d674525a614199fe9ace7ed ebdec6455b174bc4a1a17af9ba19a576 - - default default] Added segment 5005b3f4-a7d5-498c-9fd6-c2670091f6fc of type geneve for network 11c47c55-ef19-4b90-9767-2568781530a7
2026-04-10 11:07:20.149 9 INFO neutron.wsgi [-] 10.0.0.146 "GET / HTTP/1.1" status: 200 len: 247 time: 0.0014625
2026-04-10 11:07:20.150 9 INFO neutron.wsgi [-] 10.0.0.146 "GET / HTTP/1.1" status: 200 len: 247 time: 0.0009017
2026-04-10 11:07:20.312 10 INFO neutron.db.ovn_revision_numbers_db [None req-2ed795f0-15fd-4dc5-a96e-44732dc72884 0dc58dc62d674525a614199fe9ace7ed ebdec6455b174bc4a1a17af9ba19a576 - - default default] Successfully bumped revision number for resource 876ee442-3b11-47e2-877a-b1498d1b2f8a (type: networks) to 1
2026-04-10 11:07:20.562 10 WARNING neutron.scheduler.dhcp_agent_scheduler [None req-2ed795f0-15fd-4dc5-a96e-44732dc72884 0dc58dc62d674525a614199fe9ace7ed ebdec6455b174bc4a1a17af9ba19a576 - - default default] No more DHCP agents
2026-04-10 11:07:20.568 10 WARNING neutron.api.rpc.agentnotifiers.dhcp_rpc_agent_api [None req-2ed795f0-15fd-4dc5-a96e-44732dc72884 0dc58dc62d674525a614199fe9ace7ed ebdec6455b174bc4a1a17af9ba19a576 - - default default] Unable to schedule network 876ee442-3b11-47e2-877a-b1498d1b2f8a: no agents available; will retry on subsequent port and subnet creation events.
2026-04-10 11:07:20.571 9 WARNING neutron_lib.context [None req-7be92d84-0614-4ecc-b115-9dbadb3ec1a6 2127c24592294644ac7dc4cf6c8e3a1a 7cae1d99c51145128dd64f288da5d654 - - default default] Method 'is_advsvc' is deprecated since 2023.2 release (neutron-lib 3.8.0) and will be removed once support for the old RBAC API policies will be removed from Neutron. Please use method 'is_service_role' instead.
2026-04-10 11:07:20.687 10 INFO neutron.db.ovn_revision_numbers_db [None req-2ed795f0-15fd-4dc5-a96e-44732dc72884 0dc58dc62d674525a614199fe9ace7ed ebdec6455b174bc4a1a17af9ba19a576 - - default default] Successfully bumped revision number for resource 96b5fec1-9f2b-4856-a259-64dceb0b8c07 (type: ports) to 1
2026-04-10 11:07:20.757 9 INFO neutron.db.ovn_revision_numbers_db [None req-7be92d84-0614-4ecc-b115-9dbadb3ec1a6 2127c24592294644ac7dc4cf6c8e3a1a 7cae1d99c51145128dd64f288da5d654 - - default default] Successfully bumped revision number for resource ffb7e2ae-351a-434f-8cfc-b5d915d35801 (type: security_groups) to 1
2026-04-10 11:07:20.776 10 INFO neutron.db.ovn_revision_numbers_db [None req-2ed795f0-15fd-4dc5-a96e-44732dc72884 0dc58dc62d674525a614199fe9ace7ed ebdec6455b174bc4a1a17af9ba19a576 - - default default] Successfully bumped revision number for resource 11c47c55-ef19-4b90-9767-2568781530a7 (type: networks) to 1
2026-04-10 11:07:20.780 9 INFO neutron.db.ovn_revision_numbers_db [None req-7be92d84-0614-4ecc-b115-9dbadb3ec1a6 2127c24592294644ac7dc4cf6c8e3a1a 7cae1d99c51145128dd64f288da5d654 - - default default] Successfully bumped revision number for resource 768c9054-d1fb-42f5-9096-b0237f808c92 (type: security_group_rules) to 0
2026-04-10 11:07:20.799 9 INFO neutron.db.ovn_revision_numbers_db [None req-7be92d84-0614-4ecc-b115-9dbadb3ec1a6 2127c24592294644ac7dc4cf6c8e3a1a 7cae1d99c51145128dd64f288da5d654 - - default default] Successfully bumped revision number for resource 8d1cc338-d78c-4c24-9784-7d6a8e9dd98d (type: security_group_rules) to 0
2026-04-10 11:07:20.823 9 INFO neutron.db.ovn_revision_numbers_db [None req-7be92d84-0614-4ecc-b115-9dbadb3ec1a6 2127c24592294644ac7dc4cf6c8e3a1a 7cae1d99c51145128dd64f288da5d654 - - default default] Successfully bumped revision number for resource d376cbeb-28cc-4c55-b93f-21b39f16fecc (type: security_group_rules) to 0
2026-04-10 11:07:20.848 9 INFO neutron.db.ovn_revision_numbers_db [None req-7be92d84-0614-4ecc-b115-9dbadb3ec1a6 2127c24592294644ac7dc4cf6c8e3a1a 7cae1d99c51145128dd64f288da5d654 - - default default] Successfully bumped revision number for resource de54a578-a07c-43e1-8d50-5b163da3afbc (type: security_group_rules) to 0
2026-04-10 11:07:20.993 9 INFO neutron.db.ovn_revision_numbers_db [None req-7be92d84-0614-4ecc-b115-9dbadb3ec1a6 2127c24592294644ac7dc4cf6c8e3a1a 7cae1d99c51145128dd64f288da5d654 - - default default] Successfully bumped revision number for resource 2eac0544-8897-4b41-abbb-abad334b9141 (type: security_groups) to 1
2026-04-10 11:07:21.003 10 WARNING neutron.scheduler.dhcp_agent_scheduler [None req-2ed795f0-15fd-4dc5-a96e-44732dc72884 0dc58dc62d674525a614199fe9ace7ed ebdec6455b174bc4a1a17af9ba19a576 - - default default] No more DHCP agents
2026-04-10 11:07:21.005 10 WARNING neutron.api.rpc.agentnotifiers.dhcp_rpc_agent_api [None req-2ed795f0-15fd-4dc5-a96e-44732dc72884 0dc58dc62d674525a614199fe9ace7ed ebdec6455b174bc4a1a17af9ba19a576 - - default default] Unable to schedule network 11c47c55-ef19-4b90-9767-2568781530a7: no agents available; will retry on subsequent port and subnet creation events.
2026-04-10 11:07:21.022 9 INFO neutron.db.ovn_revision_numbers_db [None req-7be92d84-0614-4ecc-b115-9dbadb3ec1a6 2127c24592294644ac7dc4cf6c8e3a1a 7cae1d99c51145128dd64f288da5d654 - - default default] Successfully bumped revision number for resource 7a62c468-e9a1-4f4d-88ce-3c9242c35342 (type: security_group_rules) to 0
2026-04-10 11:07:21.048 9 INFO neutron.db.ovn_revision_numbers_db [None req-7be92d84-0614-4ecc-b115-9dbadb3ec1a6 2127c24592294644ac7dc4cf6c8e3a1a 7cae1d99c51145128dd64f288da5d654 - - default default] Successfully bumped revision number for resource ac55946f-3c31-4fb6-ad3b-062395457f48 (type: security_group_rules) to 0
2026-04-10 11:07:21.118 9 INFO neutron.wsgi [None req-7be92d84-0614-4ecc-b115-9dbadb3ec1a6 2127c24592294644ac7dc4cf6c8e3a1a 7cae1d99c51145128dd64f288da5d654 - - default default] 10.0.0.229 "POST /v2.0/security-groups HTTP/1.1" status: 201 len: 1824 time: 0.7676685
2026-04-10 11:07:21.125 10 INFO neutron.db.ovn_revision_numbers_db [None req-2ed795f0-15fd-4dc5-a96e-44732dc72884 0dc58dc62d674525a614199fe9ace7ed ebdec6455b174bc4a1a17af9ba19a576 - - default default] Successfully bumped revision number for resource 2b405dfe-b9a2-4ef1-951a-e5a84aeca16d (type: ports) to 1
2026-04-10 11:07:21.166 10 INFO neutron.wsgi [None req-2ed795f0-15fd-4dc5-a96e-44732dc72884 0dc58dc62d674525a614199fe9ace7ed ebdec6455b174bc4a1a17af9ba19a576 - - default default] 10.0.0.229 "POST /v2.0/networks HTTP/1.1" status: 201 len: 1446 time: 1.7934315
2026-04-10 11:07:21.174 9 INFO neutron.wsgi [None req-a9dbbc06-537f-4fd4-86df-8bc1b129a7cd 2127c24592294644ac7dc4cf6c8e3a1a 7cae1d99c51145128dd64f288da5d654 - - default default] 10.0.0.229 "GET /v2.0/security-groups HTTP/1.1" status: 200 len: 4724 time: 0.0500724
2026-04-10 11:07:21.240 10 INFO neutron.wsgi [None req-8daa2794-4ae4-4820-84c3-bc511a667a1d 0dc58dc62d674525a614199fe9ace7ed ebdec6455b174bc4a1a17af9ba19a576 - - default default] 10.0.0.229 "GET /v2.0/networks HTTP/1.1" status: 200 len: 2052 time: 0.0670350
2026-04-10 11:07:21.268 9 INFO neutron.db.ovn_revision_numbers_db [None req-89f624b1-65a0-4ffa-8623-afc26e4f7b97 2127c24592294644ac7dc4cf6c8e3a1a 7cae1d99c51145128dd64f288da5d654 - - default default] Successfully bumped revision number for resource 2eac0544-8897-4b41-abbb-abad334b9141 (type: security_groups) to 2
2026-04-10 11:07:21.275 9 INFO neutron.wsgi [None req-89f624b1-65a0-4ffa-8623-afc26e4f7b97 2127c24592294644ac7dc4cf6c8e3a1a 7cae1d99c51145128dd64f288da5d654 - - default default] 10.0.0.229 "PUT /v2.0/security-groups/2eac0544-8897-4b41-abbb-abad334b9141 HTTP/1.1" status: 200 len: 1858 time: 0.0952606
2026-04-10 11:07:21.308 10 INFO neutron.wsgi [None req-c0f59dfa-7298-480e-a2d4-d15e6f9e0818 2127c24592294644ac7dc4cf6c8e3a1a 7cae1d99c51145128dd64f288da5d654 - - default default] 10.0.0.229 "GET /v2.0/security-groups/2eac0544-8897-4b41-abbb-abad334b9141 HTTP/1.1" status: 200 len: 1858 time: 0.0261273
2026-04-10 11:07:21.494 9 INFO neutron.wsgi [None req-bb9e32fd-7ba0-47f5-a4a5-21f540d91e81 2127c24592294644ac7dc4cf6c8e3a1a 7cae1d99c51145128dd64f288da5d654 - - default default] 10.0.0.229 "DELETE /v2.0/security-groups/2eac0544-8897-4b41-abbb-abad334b9141 HTTP/1.1" status: 204 len: 168 time: 0.1793327
2026-04-10 11:07:21.538 9 INFO neutron.wsgi [None req-ec72bfa9-d82c-492a-91f8-18d901cf5857 2127c24592294644ac7dc4cf6c8e3a1a 7cae1d99c51145128dd64f288da5d654 - - default default] 10.0.0.229 "GET /v2.0/security-groups HTTP/1.1" status: 200 len: 3120 time: 0.0386007
2026-04-10 11:07:21.552 9 INFO neutron.api.v2.resource [None req-fda9630d-529d-4c0e-947d-1b3e6de3598e 2127c24592294644ac7dc4cf6c8e3a1a 7cae1d99c51145128dd64f288da5d654 - - default default] delete failed (client error): The resource could not be found.
2026-04-10 11:07:21.553 9 INFO neutron.wsgi [None req-fda9630d-529d-4c0e-947d-1b3e6de3598e 2127c24592294644ac7dc4cf6c8e3a1a 7cae1d99c51145128dd64f288da5d654 - - default default] 10.0.0.229 "DELETE /v2.0/security-groups/2eac0544-8897-4b41-abbb-abad334b9141 HTTP/1.1" status: 404 len: 347 time: 0.0110085
2026-04-10 11:07:21.569 9 WARNING neutron_lib.context [None req-3dde70ef-4abd-40ba-9371-96dc2dc36e4f 2127c24592294644ac7dc4cf6c8e3a1a 7cae1d99c51145128dd64f288da5d654 - - default default] Method 'is_advsvc' is deprecated since 2023.2 release (neutron-lib 3.8.0) and will be removed once support for the old RBAC API policies will be removed from Neutron. Please use method 'is_service_role' instead.
2026-04-10 11:07:21.678 10 INFO neutron.services.segments.plugin [-] Segment 01ada038-fe0c-44e1-a36c-02abd97609da resource provider aggregate not found
2026-04-10 11:07:21.686 10 INFO neutron.services.segments.plugin [-] Segment 01ada038-fe0c-44e1-a36c-02abd97609da resource provider aggregate not found
2026-04-10 11:07:21.711 10 INFO neutron.services.segments.plugin [-] Segment 01ada038-fe0c-44e1-a36c-02abd97609da resource provider not found; error: Placement Client Error (4xx): {"errors": [{"status": 404, "title": "Not Found", "detail": "The resource could not be found.\n\n No resource provider with uuid 01ada038-fe0c-44e1-a36c-02abd97609da found for delete ", "request_id": "req-2273d7d5-5cae-495c-83aa-5638ba3f7065"}]}
2026-04-10 11:07:21.713 10 INFO neutron.services.segments.plugin [-] Segment 01ada038-fe0c-44e1-a36c-02abd97609da resource provider not found; error: Placement Client Error (4xx): {"errors": [{"status": 404, "title": "Not Found", "detail": "The resource could not be found.\n\n No resource provider with uuid 01ada038-fe0c-44e1-a36c-02abd97609da found for delete ", "request_id": "req-bd57190f-7e59-4361-8195-967503b4e8c8"}]}
2026-04-10 11:07:21.732 9 INFO neutron.db.ovn_revision_numbers_db [None req-3dde70ef-4abd-40ba-9371-96dc2dc36e4f 2127c24592294644ac7dc4cf6c8e3a1a 7cae1d99c51145128dd64f288da5d654 - - default default] Successfully bumped revision number for resource 7d1355be-97b9-4eb7-9fd1-db2ad556ab5c (type: security_groups) to 1
2026-04-10 11:07:21.780 9 INFO neutron.db.ovn_revision_numbers_db [None req-3dde70ef-4abd-40ba-9371-96dc2dc36e4f 2127c24592294644ac7dc4cf6c8e3a1a 7cae1d99c51145128dd64f288da5d654 - - default default] Successfully bumped revision number for resource 381492bc-97d4-496f-bdc8-8d2781a88f49 (type: security_group_rules) to 0
2026-04-10 11:07:21.799 10 INFO neutron.wsgi [None req-67554912-c62e-47ef-b2db-a68e12b978d4 0dc58dc62d674525a614199fe9ace7ed ebdec6455b174bc4a1a17af9ba19a576 - - default default] 10.0.0.229 "DELETE /v2.0/networks/876ee442-3b11-47e2-877a-b1498d1b2f8a HTTP/1.1" status: 204 len: 168 time: 0.5530193
2026-04-10 11:07:21.830 9 INFO neutron.db.ovn_revision_numbers_db [None req-3dde70ef-4abd-40ba-9371-96dc2dc36e4f 2127c24592294644ac7dc4cf6c8e3a1a 7cae1d99c51145128dd64f288da5d654 - - default default] Successfully bumped revision number for resource a99e3638-7a12-4625-afc9-33b5fe051b1d (type: security_group_rules) to 0
2026-04-10 11:07:21.894 9 INFO neutron.wsgi [None req-3dde70ef-4abd-40ba-9371-96dc2dc36e4f 2127c24592294644ac7dc4cf6c8e3a1a 7cae1d99c51145128dd64f288da5d654 - - default default] 10.0.0.229 "POST /v2.0/security-groups HTTP/1.1" status: 201 len: 1822 time: 0.3328159
2026-04-10 11:07:21.898 10 INFO neutron.db.ovn_revision_numbers_db [None req-78985631-7e84-477a-b829-e01c34af9d7b a304790ba8194752a146b2033d6d7794 2ba55315547740999bfc5a2567fd5682 - - default default] Successfully bumped revision number for resource a62c0f99-8d93-4eb7-b5ab-a620ae680788 (type: security_groups) to 1
2026-04-10 11:07:21.911 10 WARNING neutron_lib.context [None req-d9765950-9ba1-4075-95cd-d099c0bc2d00 2127c24592294644ac7dc4cf6c8e3a1a 7cae1d99c51145128dd64f288da5d654 - - default default] Method 'is_advsvc' is deprecated since 2023.2 release (neutron-lib 3.8.0) and will be removed once support for the old RBAC API policies will be removed from Neutron. Please use method 'is_service_role' instead.
2026-04-10 11:07:21.931 10 INFO neutron.db.ovn_revision_numbers_db [None req-17aacce4-0ece-4011-9ad0-9daefe71a08d a304790ba8194752a146b2033d6d7794 2ba55315547740999bfc5a2567fd5682 - - default default] Successfully bumped revision number for resource 5528ad67-5af6-4b62-84a1-1402c60d865f (type: security_groups) to 1
2026-04-10 11:07:21.971 10 INFO neutron.db.ovn_revision_numbers_db [None req-78985631-7e84-477a-b829-e01c34af9d7b a304790ba8194752a146b2033d6d7794 2ba55315547740999bfc5a2567fd5682 - - default default] Successfully bumped revision number for resource 0f15fcf8-b950-4a77-aabf-2872f9c06653 (type: security_group_rules) to 0
2026-04-10 11:07:21.998 10 INFO neutron.db.ovn_revision_numbers_db [None req-17aacce4-0ece-4011-9ad0-9daefe71a08d a304790ba8194752a146b2033d6d7794 2ba55315547740999bfc5a2567fd5682 - - default default] Successfully bumped revision number for resource 4ab2b991-d0fa-4ffb-8d94-8be333f39c93 (type: security_group_rules) to 0
2026-04-10 11:07:22.014 10 INFO neutron.db.ovn_revision_numbers_db [None req-78985631-7e84-477a-b829-e01c34af9d7b a304790ba8194752a146b2033d6d7794 2ba55315547740999bfc5a2567fd5682 - - default default] Successfully bumped revision number for resource e16f1241-5273-46e4-9a6c-94300ccd0abf (type: security_group_rules) to 0
2026-04-10 11:07:22.038 10 INFO neutron.db.ovn_revision_numbers_db [None req-17aacce4-0ece-4011-9ad0-9daefe71a08d a304790ba8194752a146b2033d6d7794 2ba55315547740999bfc5a2567fd5682 - - default default] Successfully bumped revision number for resource 4d4a4172-4beb-4fbd-8400-267ee1b439a9 (type: security_group_rules) to 0
2026-04-10 11:07:22.057 10 INFO neutron.db.ovn_revision_numbers_db [None req-78985631-7e84-477a-b829-e01c34af9d7b a304790ba8194752a146b2033d6d7794 2ba55315547740999bfc5a2567fd5682 - - default default] Successfully bumped revision number for resource e5e29bd2-2628-4555-be67-20486883ec5b (type: security_group_rules) to 0
2026-04-10 11:07:22.078 10 INFO neutron.db.ovn_revision_numbers_db [None req-17aacce4-0ece-4011-9ad0-9daefe71a08d a304790ba8194752a146b2033d6d7794 2ba55315547740999bfc5a2567fd5682 - - default default] Successfully bumped revision number for resource 939b918d-40f5-4f82-805d-ec9600fe9255 (type: security_group_rules) to 0
2026-04-10 11:07:22.089 10 INFO neutron.db.ovn_revision_numbers_db [None req-78985631-7e84-477a-b829-e01c34af9d7b a304790ba8194752a146b2033d6d7794 2ba55315547740999bfc5a2567fd5682 - - default default] Successfully bumped revision number for resource f248fb71-9c94-440f-98db-8808970f4348 (type: security_group_rules) to 0
2026-04-10 11:07:22.125 10 INFO neutron.wsgi [None req-78985631-7e84-477a-b829-e01c34af9d7b a304790ba8194752a146b2033d6d7794 2ba55315547740999bfc5a2567fd5682 - - default default] 10.0.0.229 "GET /v2.0/security-groups?tenant_id=6604a7cf53154958a1f8b7aa7b096d33&name=default HTTP/1.1" status: 200 len: 3120 time: 0.6425359
2026-04-10 11:07:22.132 10 INFO neutron.db.ovn_revision_numbers_db [None req-17aacce4-0ece-4011-9ad0-9daefe71a08d a304790ba8194752a146b2033d6d7794 2ba55315547740999bfc5a2567fd5682 - - default default] Successfully bumped revision number for resource 9e6a24ea-9a56-4c18-af83-ee6305abbaa7 (type: security_group_rules) to 0
2026-04-10 11:07:22.161 10 INFO neutron.wsgi [None req-17aacce4-0ece-4011-9ad0-9daefe71a08d a304790ba8194752a146b2033d6d7794 2ba55315547740999bfc5a2567fd5682 - - default default] 10.0.0.229 "GET /v2.0/security-groups?tenant_id=1f17d5c0585a42bfbd24c65c2ed32a30&name=default HTTP/1.1" status: 200 len: 3120 time: 0.6817307
2026-04-10 11:07:22.216 10 INFO neutron.db.ovn_revision_numbers_db [None req-d9765950-9ba1-4075-95cd-d099c0bc2d00 2127c24592294644ac7dc4cf6c8e3a1a 7cae1d99c51145128dd64f288da5d654 - - default default] Successfully bumped revision number for resource 0b2b8366-0792-47e0-895b-31d3f91605e3 (type: security_group_rules) to 0
2026-04-10 11:07:22.284 10 INFO neutron.wsgi [None req-d9765950-9ba1-4075-95cd-d099c0bc2d00 2127c24592294644ac7dc4cf6c8e3a1a 7cae1d99c51145128dd64f288da5d654 - - default default] 10.0.0.229 "POST /v2.0/security-group-rules HTTP/1.1" status: 201 len: 800 time: 0.3818765
2026-04-10 11:07:22.309 10 INFO neutron.wsgi [None req-c3594cc9-d40f-401c-be5f-1876f90a9a39 2127c24592294644ac7dc4cf6c8e3a1a 7cae1d99c51145128dd64f288da5d654 - - default default] 10.0.0.229 "GET /v2.0/security-group-rules/0b2b8366-0792-47e0-895b-31d3f91605e3 HTTP/1.1" status: 200 len: 795 time: 0.0203345
2026-04-10 11:07:22.314 9 INFO neutron.services.segments.plugin [-] Segment 5005b3f4-a7d5-498c-9fd6-c2670091f6fc resource provider aggregate not found
2026-04-10 11:07:22.318 9 INFO neutron.services.segments.plugin [-] Segment 5005b3f4-a7d5-498c-9fd6-c2670091f6fc resource provider aggregate not found
2026-04-10 11:07:22.334 9 INFO neutron.services.segments.plugin [-] Segment 5005b3f4-a7d5-498c-9fd6-c2670091f6fc resource provider not found; error: Placement Client Error (4xx): {"errors": [{"status": 404, "title": "Not Found", "detail": "The resource could not be found.\n\n No resource provider with uuid 5005b3f4-a7d5-498c-9fd6-c2670091f6fc found for delete ", "request_id": "req-e0d0f252-2fa2-46eb-96ba-4c7fec680655"}]}
2026-04-10 11:07:22.336 9 INFO neutron.services.segments.plugin [-] Segment 5005b3f4-a7d5-498c-9fd6-c2670091f6fc resource provider not found; error: Placement Client Error (4xx): {"errors": [{"status": 404, "title": "Not Found", "detail": "The resource could not be found.\n\n No resource provider with uuid 5005b3f4-a7d5-498c-9fd6-c2670091f6fc found for delete ", "request_id": "req-a0a111b2-7de5-4154-9e3c-c7e0d62b9c74"}]}
2026-04-10 11:07:22.401 10 INFO neutron.wsgi [None req-7d51e5ca-ab6c-4b47-8977-3821cfc198ff 2127c24592294644ac7dc4cf6c8e3a1a 7cae1d99c51145128dd64f288da5d654 - - default default] 10.0.0.229 "GET /v2.0/security-group-rules HTTP/1.1" status: 200 len: 4333 time: 0.0875406
2026-04-10 11:07:22.411 9 INFO neutron.wsgi [None req-b7bc3a31-c41c-4df7-9ece-43e3d0f523b0 0dc58dc62d674525a614199fe9ace7ed ebdec6455b174bc4a1a17af9ba19a576 - - default default] 10.0.0.229 "DELETE /v2.0/networks/11c47c55-ef19-4b90-9767-2568781530a7 HTTP/1.1" status: 204 len: 168 time: 0.6029158
2026-04-10 11:07:22.490 10 INFO neutron.wsgi [None req-26f3a3c8-83d9-449e-a75e-8f3a066d0758 0dc58dc62d674525a614199fe9ace7ed ebdec6455b174bc4a1a17af9ba19a576 - - default default] 10.0.0.229 "GET /v2.0/networks HTTP/1.1" status: 200 len: 845 time: 0.0725329
2026-04-10 11:07:22.502 9 WARNING neutron_lib.context [None req-388faf40-d160-4aa0-9143-5d6fbda9d9b7 0dc58dc62d674525a614199fe9ace7ed ebdec6455b174bc4a1a17af9ba19a576 - - default default] Method 'is_advsvc' is deprecated since 2023.2 release (neutron-lib 3.8.0) and will be removed once support for the old RBAC API policies will be removed from Neutron. Please use method 'is_service_role' instead.
2026-04-10 11:07:22.547 9 INFO neutron.wsgi [None req-808dabae-762a-4f11-9cec-76feff5467bc a304790ba8194752a146b2033d6d7794 2ba55315547740999bfc5a2567fd5682 - - default default] 10.0.0.229 "DELETE /v2.0/security-groups/a62c0f99-8d93-4eb7-b5ab-a620ae680788 HTTP/1.1" status: 204 len: 168 time: 0.4145987
2026-04-10 11:07:22.557 9 INFO neutron.wsgi [None req-01835a72-19cb-4c28-adad-96fa91be67d4 a304790ba8194752a146b2033d6d7794 2ba55315547740999bfc5a2567fd5682 - - default default] 10.0.0.229 "DELETE /v2.0/security-groups/5528ad67-5af6-4b62-84a1-1402c60d865f HTTP/1.1" status: 204 len: 168 time: 0.3870018
2026-04-10 11:07:22.625 10 INFO neutron.wsgi [None req-981032d7-bfa4-408f-bd69-58a78227dfcc 2127c24592294644ac7dc4cf6c8e3a1a 7cae1d99c51145128dd64f288da5d654 - - default default] 10.0.0.229 "DELETE /v2.0/security-group-rules/0b2b8366-0792-47e0-895b-31d3f91605e3 HTTP/1.1" status: 204 len: 168 time: 0.2192099
2026-04-10 11:07:22.656 9 INFO neutron.db.segments_db [None req-388faf40-d160-4aa0-9143-5d6fbda9d9b7 0dc58dc62d674525a614199fe9ace7ed ebdec6455b174bc4a1a17af9ba19a576 - - default default] Added segment e51e5c05-13e2-40de-81d1-891c0b6a1a22 of type geneve for network c44e1af3-3745-49bd-92bc-3955e503d7e2
