2026-04-10 10:29:38.041 10 INFO neutron.db.segments_db [None req-8cf4119b-ae50-454a-9bab-550d4c85633f a304790ba8194752a146b2033d6d7794 2ba55315547740999bfc5a2567fd5682 - - default default] Added segment 117a867f-18a2-45d6-855b-4d606e5f6fe2 of type flat for network 37706f09-e95f-4b5e-b9a0-e338fa1d8409
2026-04-10 10:29:38.264 10 INFO neutron.db.ovn_revision_numbers_db [None req-8cf4119b-ae50-454a-9bab-550d4c85633f a304790ba8194752a146b2033d6d7794 2ba55315547740999bfc5a2567fd5682 - - default default] Successfully bumped revision number for resource 37706f09-e95f-4b5e-b9a0-e338fa1d8409 (type: networks) to 1
2026-04-10 10:29:38.541 10 WARNING neutron.scheduler.dhcp_agent_scheduler [None req-8cf4119b-ae50-454a-9bab-550d4c85633f a304790ba8194752a146b2033d6d7794 2ba55315547740999bfc5a2567fd5682 - - default default] No more DHCP agents
2026-04-10 10:29:38.544 10 WARNING neutron.api.rpc.agentnotifiers.dhcp_rpc_agent_api [None req-8cf4119b-ae50-454a-9bab-550d4c85633f a304790ba8194752a146b2033d6d7794 2ba55315547740999bfc5a2567fd5682 - - default default] Unable to schedule network 37706f09-e95f-4b5e-b9a0-e338fa1d8409: no agents available; will retry on subsequent port and subnet creation events.
2026-04-10 10:29:38.702 10 INFO neutron.db.ovn_revision_numbers_db [None req-8cf4119b-ae50-454a-9bab-550d4c85633f a304790ba8194752a146b2033d6d7794 2ba55315547740999bfc5a2567fd5682 - - default default] Successfully bumped revision number for resource a62d1e4c-8fa2-42fa-8fcf-fada0e2f257e (type: ports) to 1
2026-04-10 10:29:38.758 10 INFO neutron.wsgi [None req-8cf4119b-ae50-454a-9bab-550d4c85633f a304790ba8194752a146b2033d6d7794 2ba55315547740999bfc5a2567fd5682 - - default default] 199.204.45.115,10.0.0.146 "POST /v2.0/networks HTTP/1.1" status: 201 len: 886 time: 1.1267803
2026-04-10 10:29:38.876 15 WARNING neutron.plugins.ml2.drivers.ovn.mech_driver.ovsdb.ovn_db_sync [None req-6bc2fdde-460f-4a88-9d1e-ac492f910321 - - - - - -] New host instance found in OVN SB DB, but not in Neutron. Add its SegmentHostMapping in Neutron
2026-04-10 10:29:39.224 15 INFO neutron.plugins.ml2.drivers.ovn.mech_driver.ovsdb.extensions.qos [None req-36dd9633-a9b4-443c-a973-131593b614f4 - - - - - -] Starting OVNClientQosExtension
2026-04-10 10:29:39.246 15 INFO neutron.plugins.ml2.drivers.ovn.mech_driver.ovsdb.extensions.qos [None req-36dd9633-a9b4-443c-a973-131593b614f4 - - - - - -] Starting OVNClientQosExtension
2026-04-10 10:29:39.933 10 INFO neutron.pecan_wsgi.hooks.translation [None req-ddbd6695-b8a0-42f4-a72e-2e2c4b1514a7 a304790ba8194752a146b2033d6d7794 2ba55315547740999bfc5a2567fd5682 - - default default] GET failed (client error): The resource could not be found.
2026-04-10 10:29:39.934 10 INFO neutron.wsgi [None req-ddbd6695-b8a0-42f4-a72e-2e2c4b1514a7 a304790ba8194752a146b2033d6d7794 2ba55315547740999bfc5a2567fd5682 - - default default] 199.204.45.115,10.0.0.146 "GET /v2.0/networks/public HTTP/1.1" status: 404 len: 290 time: 0.0420012
2026-04-10 10:29:40.014 10 INFO neutron.wsgi [None req-568f60be-cb26-4114-93b9-8d6736e67196 a304790ba8194752a146b2033d6d7794 2ba55315547740999bfc5a2567fd5682 - - default default] 199.204.45.115,10.0.0.146 "GET /v2.0/networks?name=public HTTP/1.1" status: 200 len: 890 time: 0.0754082
2026-04-10 10:29:40.046 10 INFO neutron.pecan_wsgi.hooks.translation [None req-e1ef16ed-1188-4de2-8a76-52a04cfcad28 a304790ba8194752a146b2033d6d7794 2ba55315547740999bfc5a2567fd5682 - - default default] GET failed (client error): The resource could not be found.
2026-04-10 10:29:40.047 10 INFO neutron.wsgi [None req-e1ef16ed-1188-4de2-8a76-52a04cfcad28 a304790ba8194752a146b2033d6d7794 2ba55315547740999bfc5a2567fd5682 - - default default] 199.204.45.115,10.0.0.146 "GET /v2.0/subnets/public-subnet?network_id=37706f09-e95f-4b5e-b9a0-e338fa1d8409 HTTP/1.1" status: 404 len: 295 time: 0.0222402
2026-04-10 10:29:40.073 10 INFO neutron.wsgi [None req-98a28609-78b4-4a59-a3e7-8008fe617a67 a304790ba8194752a146b2033d6d7794 2ba55315547740999bfc5a2567fd5682 - - default default] 199.204.45.115,10.0.0.146 "GET /v2.0/subnets?name=public-subnet&network_id=37706f09-e95f-4b5e-b9a0-e338fa1d8409 HTTP/1.1" status: 200 len: 188 time: 0.0217791
2026-04-10 10:29:40.435 10 WARNING neutron.scheduler.dhcp_agent_scheduler [None req-55f0c43e-ee2e-436e-be25-0a3fe5403323 a304790ba8194752a146b2033d6d7794 2ba55315547740999bfc5a2567fd5682 - - default default] No more DHCP agents
2026-04-10 10:29:40.437 10 WARNING neutron.api.rpc.agentnotifiers.dhcp_rpc_agent_api [None req-55f0c43e-ee2e-436e-be25-0a3fe5403323 a304790ba8194752a146b2033d6d7794 2ba55315547740999bfc5a2567fd5682 - - default default] Unable to schedule network 37706f09-e95f-4b5e-b9a0-e338fa1d8409: no agents available; will retry on subsequent port and subnet creation events.
2026-04-10 10:29:41.080 10 INFO neutron.db.ovn_revision_numbers_db [None req-55f0c43e-ee2e-436e-be25-0a3fe5403323 a304790ba8194752a146b2033d6d7794 2ba55315547740999bfc5a2567fd5682 - - default default] Successfully bumped revision number for resource a62d1e4c-8fa2-42fa-8fcf-fada0e2f257e (type: ports) to 2
2026-04-10 10:29:41.127 10 INFO neutron.db.ovn_revision_numbers_db [None req-55f0c43e-ee2e-436e-be25-0a3fe5403323 a304790ba8194752a146b2033d6d7794 2ba55315547740999bfc5a2567fd5682 - - default default] Successfully bumped revision number for resource 33dd2822-6bc4-4374-87ad-5dc7f935edef (type: subnets) to 0
2026-04-10 10:29:41.142 10 INFO neutron.wsgi [None req-55f0c43e-ee2e-436e-be25-0a3fe5403323 a304790ba8194752a146b2033d6d7794 2ba55315547740999bfc5a2567fd5682 - - default default] 199.204.45.115,10.0.0.146 "POST /v2.0/subnets HTTP/1.1" status: 201 len: 821 time: 1.0632534
2026-04-10 10:29:50.151 9 INFO neutron.wsgi [-] 10.0.0.146 "GET / HTTP/1.1" status: 200 len: 247 time: 0.0029433
2026-04-10 10:30:05.151 10 INFO neutron.wsgi [-] 10.0.0.146 "GET / HTTP/1.1" status: 200 len: 247 time: 0.0025222
2026-04-10 10:30:20.150 9 INFO neutron.wsgi [-] 10.0.0.146 "GET / HTTP/1.1" status: 200 len: 247 time: 0.0024004
2026-04-10 10:30:20.151 10 INFO neutron.wsgi [-] 10.0.0.146 "GET / HTTP/1.1" status: 200 len: 247 time: 0.0029333
2026-04-10 10:30:35.151 9 INFO neutron.wsgi [-] 10.0.0.146 "GET / HTTP/1.1" status: 200 len: 247 time: 0.0024388
2026-04-10 10:30:35.151 10 INFO neutron.wsgi [-] 10.0.0.146 "GET / HTTP/1.1" status: 200 len: 247 time: 0.0033925
2026-04-10 10:30:50.150 10 INFO neutron.wsgi [-] 10.0.0.146 "GET / HTTP/1.1" status: 200 len: 247 time: 0.0028329
2026-04-10 10:30:50.150 9 INFO neutron.wsgi [-] 10.0.0.146 "GET / HTTP/1.1" status: 200 len: 247 time: 0.0026274
2026-04-10 10:31:05.150 9 INFO neutron.wsgi [-] 10.0.0.146 "GET / HTTP/1.1" status: 200 len: 247 time: 0.0026808
2026-04-10 10:31:05.153 9 INFO neutron.wsgi [-] 10.0.0.146 "GET / HTTP/1.1" status: 200 len: 247 time: 0.0021493
2026-04-10 10:31:20.151 9 INFO neutron.wsgi [-] 10.0.0.146 "GET / HTTP/1.1" status: 200 len: 247 time: 0.0025747
2026-04-10 10:31:20.151 10 INFO neutron.wsgi [-] 10.0.0.146 "GET / HTTP/1.1" status: 200 len: 247 time: 0.0030694
2026-04-10 10:31:35.151 9 INFO neutron.wsgi [-] 10.0.0.146 "GET / HTTP/1.1" status: 200 len: 247 time: 0.0026240
2026-04-10 10:31:35.152 10 INFO neutron.wsgi [-] 10.0.0.146 "GET / HTTP/1.1" status: 200 len: 247 time: 0.0039229
2026-04-10 10:31:50.150 9 INFO neutron.wsgi [-] 10.0.0.146 "GET / HTTP/1.1" status: 200 len: 247 time: 0.0021472
2026-04-10 10:31:50.153 9 INFO neutron.wsgi [-] 10.0.0.146 "GET / HTTP/1.1" status: 200 len: 247 time: 0.0022163
2026-04-10 10:32:05.151 9 INFO neutron.wsgi [-] 10.0.0.146 "GET / HTTP/1.1" status: 200 len: 247 time: 0.0027716
2026-04-10 10:32:05.154 9 INFO neutron.wsgi [-] 10.0.0.146 "GET / HTTP/1.1" status: 200 len: 247 time: 0.0017438
2026-04-10 10:32:20.149 10 INFO neutron.wsgi [-] 10.0.0.146 "GET / HTTP/1.1" status: 200 len: 247 time: 0.0017958
2026-04-10 10:32:20.150 9 INFO neutron.wsgi [-] 10.0.0.146 "GET / HTTP/1.1" status: 200 len: 247 time: 0.0025368
2026-04-10 10:32:35.150 10 INFO neutron.wsgi [-] 10.0.0.146 "GET / HTTP/1.1" status: 200 len: 247 time: 0.0023193
2026-04-10 10:32:35.150 9 INFO neutron.wsgi [-] 10.0.0.146 "GET / HTTP/1.1" status: 200 len: 247 time: 0.0023420
2026-04-10 10:32:50.150 10 INFO neutron.wsgi [-] 10.0.0.146 "GET / HTTP/1.1" status: 200 len: 247 time: 0.0022397
2026-04-10 10:32:50.150 9 INFO neutron.wsgi [-] 10.0.0.146 "GET / HTTP/1.1" status: 200 len: 247 time: 0.0024796
2026-04-10 10:33:05.149 9 INFO neutron.wsgi [-] 10.0.0.146 "GET / HTTP/1.1" status: 200 len: 247 time: 0.0018427
2026-04-10 10:33:05.150 10 INFO neutron.wsgi [-] 10.0.0.146 "GET / HTTP/1.1" status: 200 len: 247 time: 0.0026226
2026-04-10 10:33:20.149 9 INFO neutron.wsgi [-] 10.0.0.146 "GET / HTTP/1.1" status: 200 len: 247 time: 0.0020578
2026-04-10 10:33:20.151 9 INFO neutron.wsgi [-] 10.0.0.146 "GET / HTTP/1.1" status: 200 len: 247 time: 0.0011988
2026-04-10 10:33:35.151 9 INFO neutron.wsgi [-] 10.0.0.146 "GET / HTTP/1.1" status: 200 len: 247 time: 0.0023046
2026-04-10 10:33:35.153 10 INFO neutron.wsgi [-] 10.0.0.146 "GET / HTTP/1.1" status: 200 len: 247 time: 0.0032256
2026-04-10 10:33:50.152 10 INFO neutron.wsgi [-] 10.0.0.146 "GET / HTTP/1.1" status: 200 len: 247 time: 0.0033147
2026-04-10 10:33:50.155 10 INFO neutron.wsgi [-] 10.0.0.146 "GET / HTTP/1.1" status: 200 len: 247 time: 0.0019133
2026-04-10 10:34:05.149 10 INFO neutron.wsgi [-] 10.0.0.146 "GET / HTTP/1.1" status: 200 len: 247 time: 0.0016613
2026-04-10 10:34:05.151 10 INFO neutron.wsgi [-] 10.0.0.146 "GET / HTTP/1.1" status: 200 len: 247 time: 0.0011256
2026-04-10 10:34:20.151 10 INFO neutron.wsgi [-] 10.0.0.146 "GET / HTTP/1.1" status: 200 len: 247 time: 0.0035033
2026-04-10 10:34:20.152 9 INFO neutron.wsgi [-] 10.0.0.146 "GET / HTTP/1.1" status: 200 len: 247 time: 0.0038946
2026-04-10 10:34:21.579 10 INFO neutron.pecan_wsgi.hooks.translation [None req-7329eb58-a3c0-4acc-8f16-9320e0522ee4 a304790ba8194752a146b2033d6d7794 2ba55315547740999bfc5a2567fd5682 - - default default] GET failed (client error): The resource could not be found.
2026-04-10 10:34:21.583 10 INFO neutron.wsgi [None req-7329eb58-a3c0-4acc-8f16-9320e0522ee4 a304790ba8194752a146b2033d6d7794 2ba55315547740999bfc5a2567fd5682 - - default default] 199.204.45.115,10.0.0.146 "GET /v2.0/networks/lb-mgmt-net HTTP/1.1" status: 404 len: 295 time: 0.1829114
2026-04-10 10:34:21.604 10 INFO neutron.wsgi [None req-be6179fc-61bf-4203-bb8d-5ab9b86ac615 a304790ba8194752a146b2033d6d7794 2ba55315547740999bfc5a2567fd5682 - - default default] 199.204.45.115,10.0.0.146 "GET /v2.0/networks?name=lb-mgmt-net HTTP/1.1" status: 200 len: 189 time: 0.0170429
2026-04-10 10:34:21.714 10 INFO neutron.db.segments_db [None req-7d19e3b6-4b64-48f5-9aa3-16ea7e4e0e1f a304790ba8194752a146b2033d6d7794 2ba55315547740999bfc5a2567fd5682 - - default default] Added segment f521ad34-32bb-41d6-bdf9-6a1e603849e3 of type geneve for network 1941e903-6a03-47ce-a716-22c677ee91f8
2026-04-10 10:34:21.893 10 INFO neutron.db.ovn_revision_numbers_db [None req-7d19e3b6-4b64-48f5-9aa3-16ea7e4e0e1f a304790ba8194752a146b2033d6d7794 2ba55315547740999bfc5a2567fd5682 - - default default] Successfully bumped revision number for resource 1941e903-6a03-47ce-a716-22c677ee91f8 (type: networks) to 1
2026-04-10 10:34:22.061 10 WARNING neutron.scheduler.dhcp_agent_scheduler [None req-7d19e3b6-4b64-48f5-9aa3-16ea7e4e0e1f a304790ba8194752a146b2033d6d7794 2ba55315547740999bfc5a2567fd5682 - - default default] No more DHCP agents
2026-04-10 10:34:22.062 10 WARNING neutron.api.rpc.agentnotifiers.dhcp_rpc_agent_api [None req-7d19e3b6-4b64-48f5-9aa3-16ea7e4e0e1f a304790ba8194752a146b2033d6d7794 2ba55315547740999bfc5a2567fd5682 - - default default] Unable to schedule network 1941e903-6a03-47ce-a716-22c677ee91f8: no agents available; will retry on subsequent port and subnet creation events.
2026-04-10 10:34:22.142 10 INFO neutron.db.ovn_revision_numbers_db [None req-7d19e3b6-4b64-48f5-9aa3-16ea7e4e0e1f a304790ba8194752a146b2033d6d7794 2ba55315547740999bfc5a2567fd5682 - - default default] Successfully bumped revision number for resource 40828ef2-410d-4d9a-8745-c8a7be8f72a5 (type: ports) to 1
2026-04-10 10:34:22.162 10 INFO neutron.wsgi [None req-7d19e3b6-4b64-48f5-9aa3-16ea7e4e0e1f a304790ba8194752a146b2033d6d7794 2ba55315547740999bfc5a2567fd5682 - - default default] 199.204.45.115,10.0.0.146 "POST /v2.0/networks HTTP/1.1" status: 201 len: 890 time: 0.5522432
2026-04-10 10:34:23.119 10 INFO neutron.pecan_wsgi.hooks.translation [None req-734c1659-ef4c-41fc-a85e-c0cb5c1b2a65 a304790ba8194752a146b2033d6d7794 2ba55315547740999bfc5a2567fd5682 - - default default] GET failed (client error): The resource could not be found.
2026-04-10 10:34:23.120 10 INFO neutron.wsgi [None req-734c1659-ef4c-41fc-a85e-c0cb5c1b2a65 a304790ba8194752a146b2033d6d7794 2ba55315547740999bfc5a2567fd5682 - - default default] 199.204.45.115,10.0.0.146 "GET /v2.0/networks/lb-mgmt-net HTTP/1.1" status: 404 len: 295 time: 0.1141386
2026-04-10 10:34:23.171 10 INFO neutron.wsgi [None req-8b25f4fe-0e06-420a-b6ce-dab88e94cd45 a304790ba8194752a146b2033d6d7794 2ba55315547740999bfc5a2567fd5682 - - default default] 199.204.45.115,10.0.0.146 "GET /v2.0/networks?name=lb-mgmt-net HTTP/1.1" status: 200 len: 875 time: 0.0473642
2026-04-10 10:34:23.200 10 INFO neutron.pecan_wsgi.hooks.translation [None req-4b25526b-fa9d-4c9b-9bcb-d2aae886b7b2 a304790ba8194752a146b2033d6d7794 2ba55315547740999bfc5a2567fd5682 - - default default] GET failed (client error): The resource could not be found.
2026-04-10 10:34:23.202 10 INFO neutron.wsgi [None req-4b25526b-fa9d-4c9b-9bcb-d2aae886b7b2 a304790ba8194752a146b2033d6d7794 2ba55315547740999bfc5a2567fd5682 - - default default] 199.204.45.115,10.0.0.146 "GET /v2.0/subnets/lb-mgmt-subnet?network_id=1941e903-6a03-47ce-a716-22c677ee91f8 HTTP/1.1" status: 404 len: 296 time: 0.0213168
2026-04-10 10:34:23.220 10 INFO neutron.wsgi [None req-fb0bfc82-95ff-48c8-b808-0bd89266a8fc a304790ba8194752a146b2033d6d7794 2ba55315547740999bfc5a2567fd5682 - - default default] 199.204.45.115,10.0.0.146 "GET /v2.0/subnets?name=lb-mgmt-subnet&network_id=1941e903-6a03-47ce-a716-22c677ee91f8 HTTP/1.1" status: 200 len: 188 time: 0.0147080
2026-04-10 10:34:23.373 10 WARNING neutron.scheduler.dhcp_agent_scheduler [None req-c1b969d2-ee31-47e7-8c34-0f1ff4d65176 a304790ba8194752a146b2033d6d7794 2ba55315547740999bfc5a2567fd5682 - - default default] No more DHCP agents
2026-04-10 10:34:23.377 10 WARNING neutron.api.rpc.agentnotifiers.dhcp_rpc_agent_api [None req-c1b969d2-ee31-47e7-8c34-0f1ff4d65176 a304790ba8194752a146b2033d6d7794 2ba55315547740999bfc5a2567fd5682 - - default default] Unable to schedule network 1941e903-6a03-47ce-a716-22c677ee91f8: no agents available; will retry on subsequent port and subnet creation events.
2026-04-10 10:34:23.939 10 INFO neutron.db.ovn_revision_numbers_db [None req-c1b969d2-ee31-47e7-8c34-0f1ff4d65176 a304790ba8194752a146b2033d6d7794 2ba55315547740999bfc5a2567fd5682 - - default default] Successfully bumped revision number for resource 40828ef2-410d-4d9a-8745-c8a7be8f72a5 (type: ports) to 2
2026-04-10 10:34:23.978 10 INFO neutron.db.ovn_revision_numbers_db [None req-c1b969d2-ee31-47e7-8c34-0f1ff4d65176 a304790ba8194752a146b2033d6d7794 2ba55315547740999bfc5a2567fd5682 - - default default] Successfully bumped revision number for resource aa61bad6-5ae5-4070-b0c8-4cb8803224eb (type: subnets) to 0
2026-04-10 10:34:23.996 10 INFO neutron.wsgi [None req-c1b969d2-ee31-47e7-8c34-0f1ff4d65176 a304790ba8194752a146b2033d6d7794 2ba55315547740999bfc5a2567fd5682 - - default default] 199.204.45.115,10.0.0.146 "POST /v2.0/subnets HTTP/1.1" status: 201 len: 807 time: 0.7712901 /var/lib/openstack/lib/python3.10/site-packages/pycadf/identifier.py:71: UserWarning: Invalid uuid: unknown. To ensure interoperability, identifiers should be a valid uuid. warnings.warn(('Invalid uuid: %s. To ensure interoperability, '
2026-04-10 10:34:25.668 9 INFO neutron.api.v2.resource [None req-f2b7f332-c5e5-4817-ab71-189669c6d4b5 a304790ba8194752a146b2033d6d7794 2ba55315547740999bfc5a2567fd5682 - - default default] show failed (client error): The resource could not be found.
2026-04-10 10:34:25.669 9 INFO neutron.wsgi [None req-f2b7f332-c5e5-4817-ab71-189669c6d4b5 a304790ba8194752a146b2033d6d7794 2ba55315547740999bfc5a2567fd5682 - - default default] 199.204.45.115,10.0.0.146 "GET /v2.0/security-groups/lb-health-mgr-sec-grp HTTP/1.1" status: 404 len: 313 time: 0.6235738
2026-04-10 10:34:25.716 9 INFO neutron.wsgi [None req-e6fe3c50-dcbd-4c54-bc39-ba1f917d123c a304790ba8194752a146b2033d6d7794 2ba55315547740999bfc5a2567fd5682 - - default default] 199.204.45.115,10.0.0.146 "GET /v2.0/security-groups?name=lb-health-mgr-sec-grp HTTP/1.1" status: 200 len: 197 time: 0.0428753
2026-04-10 10:34:25.830 9 WARNING oslo_policy.policy [None req-d0bf88ad-dc36-4051-8022-3d8cdfee1268 a304790ba8194752a146b2033d6d7794 2ba55315547740999bfc5a2567fd5682 - - default default] Policies ['get_subnets_tags'] reference a rule that is not defined.
2026-04-10 10:34:26.299 9 INFO neutron.plugins.ml2.drivers.ovn.mech_driver.ovsdb.extensions.qos [None req-d0bf88ad-dc36-4051-8022-3d8cdfee1268 a304790ba8194752a146b2033d6d7794 2ba55315547740999bfc5a2567fd5682 - - default default] Starting OVNClientQosExtension
2026-04-10 10:34:26.300 9 INFO neutron.plugins.ml2.drivers.ovn.mech_driver.ovsdb.extensions.placement [None req-d0bf88ad-dc36-4051-8022-3d8cdfee1268 a304790ba8194752a146b2033d6d7794 2ba55315547740999bfc5a2567fd5682 - - default default] Starting OVNClientPlacementExtension
2026-04-10 10:34:26.354 9 INFO neutron.db.ovn_revision_numbers_db [None req-d0bf88ad-dc36-4051-8022-3d8cdfee1268 a304790ba8194752a146b2033d6d7794 2ba55315547740999bfc5a2567fd5682 - - default default] Successfully bumped revision number for resource d347a86f-cb1b-43b4-b827-974520712612 (type: security_groups) to 1
2026-04-10 10:34:26.378 9 INFO neutron.db.ovn_revision_numbers_db [None req-d0bf88ad-dc36-4051-8022-3d8cdfee1268 a304790ba8194752a146b2033d6d7794 2ba55315547740999bfc5a2567fd5682 - - default default] Successfully bumped revision number for resource 21d5d592-71cc-48d1-b385-15663953845b (type: security_group_rules) to 0
2026-04-10 10:34:26.412 9 INFO neutron.db.ovn_revision_numbers_db [None req-d0bf88ad-dc36-4051-8022-3d8cdfee1268 a304790ba8194752a146b2033d6d7794 2ba55315547740999bfc5a2567fd5682 - - default default] Successfully bumped revision number for resource 5603a736-6959-4db3-8d14-04e89df7ea3b (type: security_group_rules) to 0
2026-04-10 10:34:26.440 9 INFO neutron.wsgi [None req-d0bf88ad-dc36-4051-8022-3d8cdfee1268 a304790ba8194752a146b2033d6d7794 2ba55315547740999bfc5a2567fd5682 - - default default] 199.204.45.115,10.0.0.146 "POST /v2.0/security-groups HTTP/1.1" status: 201 len: 1797 time: 0.7171972
2026-04-10 10:34:27.569 10 INFO neutron.wsgi [None req-44c82056-865b-4c2e-bacc-595261919e67 a304790ba8194752a146b2033d6d7794 2ba55315547740999bfc5a2567fd5682 - - default default] 199.204.45.115,10.0.0.146 "GET /v2.0/security-groups/d347a86f-cb1b-43b4-b827-974520712612 HTTP/1.1" status: 200 len: 1792 time: 0.0581987
2026-04-10 10:34:27.601 10 INFO neutron.wsgi [None req-e85eab8e-deb1-410a-a6ee-4e12d5ec7974 a304790ba8194752a146b2033d6d7794 2ba55315547740999bfc5a2567fd5682 - - default default] 199.204.45.115,10.0.0.146 "GET /v2.0/security-groups/d347a86f-cb1b-43b4-b827-974520712612 HTTP/1.1" status: 200 len: 1792 time: 0.0256519
2026-04-10 10:34:27.638 10 INFO neutron.wsgi [None req-aae641c3-8a9f-445d-bc95-d9938626e36a a304790ba8194752a146b2033d6d7794 2ba55315547740999bfc5a2567fd5682 - - default default] 199.204.45.115,10.0.0.146 "GET /v2.0/security-groups/d347a86f-cb1b-43b4-b827-974520712612 HTTP/1.1" status: 200 len: 1792 time: 0.0303488
2026-04-10 10:34:27.776 10 INFO neutron.db.ovn_revision_numbers_db [None req-a6aa5ebd-462a-4757-b42e-69c5ee3300dd a304790ba8194752a146b2033d6d7794 2ba55315547740999bfc5a2567fd5682 - - default default] Successfully bumped revision number for resource dab3df47-5994-48b9-8d85-9fedcd1ff490 (type: security_group_rules) to 0
2026-04-10 10:34:27.813 10 INFO neutron.wsgi [None req-a6aa5ebd-462a-4757-b42e-69c5ee3300dd a304790ba8194752a146b2033d6d7794 2ba55315547740999bfc5a2567fd5682 - - default default] 199.204.45.115,10.0.0.146 "POST /v2.0/security-group-rules HTTP/1.1" status: 201 len: 781 time: 0.1674132
2026-04-10 10:34:28.670 10 INFO neutron.wsgi [None req-0a353be4-8ff6-4222-aa25-c34a311562d5 a304790ba8194752a146b2033d6d7794 2ba55315547740999bfc5a2567fd5682 - - default default] 199.204.45.115,10.0.0.146 "GET /v2.0/security-groups/d347a86f-cb1b-43b4-b827-974520712612 HTTP/1.1" status: 200 len: 2406 time: 0.0663018
2026-04-10 10:34:28.705 10 INFO neutron.wsgi [None req-9623986b-551b-4c43-a7fd-b9095fd566e7 a304790ba8194752a146b2033d6d7794 2ba55315547740999bfc5a2567fd5682 - - default default] 199.204.45.115,10.0.0.146 "GET /v2.0/security-groups/d347a86f-cb1b-43b4-b827-974520712612 HTTP/1.1" status: 200 len: 2406 time: 0.0238593
2026-04-10 10:34:28.745 10 INFO neutron.wsgi [None req-d21a5020-0e85-45b0-a2f3-05ff4dfdeb8e a304790ba8194752a146b2033d6d7794 2ba55315547740999bfc5a2567fd5682 - - default default] 199.204.45.115,10.0.0.146 "GET /v2.0/security-groups/d347a86f-cb1b-43b4-b827-974520712612 HTTP/1.1" status: 200 len: 2406 time: 0.0333688
2026-04-10 10:34:28.910 10 INFO neutron.db.ovn_revision_numbers_db [None req-e6eca0e8-0e42-4118-adf8-17364fbf3d50 a304790ba8194752a146b2033d6d7794 2ba55315547740999bfc5a2567fd5682 - - default default] Successfully bumped revision number for resource 8b12e04f-cba7-4401-85fb-a409ad99c223 (type: security_group_rules) to 0
2026-04-10 10:34:28.937 10 INFO neutron.wsgi [None req-e6eca0e8-0e42-4118-adf8-17364fbf3d50 a304790ba8194752a146b2033d6d7794 2ba55315547740999bfc5a2567fd5682 - - default default] 199.204.45.115,10.0.0.146 "POST /v2.0/security-group-rules HTTP/1.1" status: 201 len: 783 time: 0.1843996
2026-04-10 10:34:29.157 15 INFO neutron.db.ovn_revision_numbers_db [None req-79779a66-f850-4cb6-8485-d312067a4e25 - - - - - -] Successfully bumped revision number for resource 37706f09-e95f-4b5e-b9a0-e338fa1d8409 (type: networks) to 2
2026-04-10 10:34:29.158 15 INFO neutron.plugins.ml2.drivers.ovn.mech_driver.ovsdb.maintenance [None req-79779a66-f850-4cb6-8485-d312067a4e25 - - - - - -] Maintenance task: Synchronization completed (took 0.16 seconds)
2026-04-10 10:34:29.835 10 INFO neutron.wsgi [None req-296e5b00-ed94-431f-b1f4-29318dd7e420 a304790ba8194752a146b2033d6d7794 2ba55315547740999bfc5a2567fd5682 - - default default] 199.204.45.115,10.0.0.146 "GET /v2.0/security-groups/d347a86f-cb1b-43b4-b827-974520712612 HTTP/1.1" status: 200 len: 3022 time: 0.0596237
2026-04-10 10:34:29.866 10 INFO neutron.wsgi [None req-24b9b83a-6dab-4af7-8ca8-49a695125dd8 a304790ba8194752a146b2033d6d7794 2ba55315547740999bfc5a2567fd5682 - - default default] 199.204.45.115,10.0.0.146 "GET /v2.0/security-groups/d347a86f-cb1b-43b4-b827-974520712612 HTTP/1.1" status: 200 len: 3022 time: 0.0259082
2026-04-10 10:34:29.904 10 INFO neutron.wsgi [None req-c68396dc-43ca-4824-8a74-e316948d85a1 a304790ba8194752a146b2033d6d7794 2ba55315547740999bfc5a2567fd5682 - - default default] 199.204.45.115,10.0.0.146 "GET /v2.0/security-groups/d347a86f-cb1b-43b4-b827-974520712612 HTTP/1.1" status: 200 len: 3022 time: 0.0309348
2026-04-10 10:34:30.354 10 INFO neutron.db.ovn_revision_numbers_db [None req-e124ed38-579f-448b-ae65-84f7497a3f4f a304790ba8194752a146b2033d6d7794 2ba55315547740999bfc5a2567fd5682 - - default default] Successfully bumped revision number for resource 1fc88960-e690-4a0a-869e-85d0f98f7add (type: security_group_rules) to 0
2026-04-10 10:34:30.438 10 INFO neutron.wsgi [None req-e124ed38-579f-448b-ae65-84f7497a3f4f a304790ba8194752a146b2033d6d7794 2ba55315547740999bfc5a2567fd5682 - - default default] 199.204.45.115,10.0.0.146 "POST /v2.0/security-group-rules HTTP/1.1" status: 201 len: 783 time: 0.5256729
2026-04-10 10:34:31.352 9 INFO neutron.wsgi [None req-e14f82ca-7367-419d-9217-14892c49464e a304790ba8194752a146b2033d6d7794 2ba55315547740999bfc5a2567fd5682 - - default default] 199.204.45.115,10.0.0.146 "GET /v2.0/security-groups/d347a86f-cb1b-43b4-b827-974520712612 HTTP/1.1" status: 200 len: 3638 time: 0.0652561
2026-04-10 10:34:31.399 9 INFO neutron.wsgi [None req-ac887cb7-e926-47ad-9bb2-51c3604fbbe9 a304790ba8194752a146b2033d6d7794 2ba55315547740999bfc5a2567fd5682 - - default default] 199.204.45.115,10.0.0.146 "GET /v2.0/security-groups/d347a86f-cb1b-43b4-b827-974520712612 HTTP/1.1" status: 200 len: 3638 time: 0.0424490
2026-04-10 10:34:31.445 9 INFO neutron.wsgi [None req-66fabc3f-4284-456d-846c-3f636791a7ac a304790ba8194752a146b2033d6d7794 2ba55315547740999bfc5a2567fd5682 - - default default] 199.204.45.115,10.0.0.146 "GET /v2.0/security-groups/d347a86f-cb1b-43b4-b827-974520712612 HTTP/1.1" status: 200 len: 3638 time: 0.0403125
2026-04-10 10:34:31.629 9 INFO neutron.db.ovn_revision_numbers_db [None req-a5289957-7d3f-4302-966e-a6a1d42a7bfe a304790ba8194752a146b2033d6d7794 2ba55315547740999bfc5a2567fd5682 - - default default] Successfully bumped revision number for resource cda14059-3ff3-4e45-b91a-98d6ce8802a5 (type: security_group_rules) to 0
2026-04-10 10:34:31.665 9 INFO neutron.wsgi [None req-a5289957-7d3f-4302-966e-a6a1d42a7bfe a304790ba8194752a146b2033d6d7794 2ba55315547740999bfc5a2567fd5682 - - default default] 199.204.45.115,10.0.0.146 "POST /v2.0/security-group-rules HTTP/1.1" status: 201 len: 783 time: 0.2120023
2026-04-10 10:34:32.592 9 INFO neutron.wsgi [None req-ce97f0af-df65-45ca-96ed-b99dd8682ded a304790ba8194752a146b2033d6d7794 2ba55315547740999bfc5a2567fd5682 - - default default] 199.204.45.115,10.0.0.146 "GET /v2.0/security-groups/d347a86f-cb1b-43b4-b827-974520712612 HTTP/1.1" status: 200 len: 4254 time: 0.0725288
2026-04-10 10:34:32.638 9 INFO neutron.wsgi [None req-2d64fcd4-6adc-40d6-b6eb-4f8922551565 a304790ba8194752a146b2033d6d7794 2ba55315547740999bfc5a2567fd5682 - - default default] 199.204.45.115,10.0.0.146 "GET /v2.0/security-groups/d347a86f-cb1b-43b4-b827-974520712612 HTTP/1.1" status: 200 len: 4254 time: 0.0374956
2026-04-10 10:34:32.684 9 INFO neutron.wsgi [None req-674f1d77-d28f-4701-b2d5-3ec173fa69d7 a304790ba8194752a146b2033d6d7794 2ba55315547740999bfc5a2567fd5682 - - default default] 199.204.45.115,10.0.0.146 "GET /v2.0/security-groups/d347a86f-cb1b-43b4-b827-974520712612 HTTP/1.1" status: 200 len: 4254 time: 0.0389609
2026-04-10 10:34:32.947 9 INFO neutron.db.ovn_revision_numbers_db [None req-85b1c1c2-304a-47bb-8cc9-91f76bae62e2 a304790ba8194752a146b2033d6d7794 2ba55315547740999bfc5a2567fd5682 - - default default] Successfully bumped revision number for resource f9a1db45-975d-4e4b-9071-9383b31ad0c3 (type: security_group_rules) to 0
2026-04-10 10:34:33.093 9 INFO neutron.wsgi [None req-85b1c1c2-304a-47bb-8cc9-91f76bae62e2 a304790ba8194752a146b2033d6d7794 2ba55315547740999bfc5a2567fd5682 - - default default] 199.204.45.115,10.0.0.146 "POST /v2.0/security-group-rules HTTP/1.1" status: 201 len: 783 time: 0.4010153
2026-04-10 10:34:34.359 9 INFO neutron.wsgi [None req-5f046665-86ca-494e-95d4-5edf8c99209e a304790ba8194752a146b2033d6d7794 2ba55315547740999bfc5a2567fd5682 - - default default] 199.204.45.115,10.0.0.146 "GET /v2.0/networks/1941e903-6a03-47ce-a716-22c677ee91f8 HTTP/1.1" status: 200 len: 910 time: 0.1314192
2026-04-10 10:34:34.404 9 INFO neutron.pecan_wsgi.hooks.translation [None req-a9cde9e4-261a-40bb-9c4b-f7766407b730 a304790ba8194752a146b2033d6d7794 2ba55315547740999bfc5a2567fd5682 - - default default] GET failed (client error): The resource could not be found.
2026-04-10 10:34:34.406 9 INFO neutron.wsgi [None req-a9cde9e4-261a-40bb-9c4b-f7766407b730 a304790ba8194752a146b2033d6d7794 2ba55315547740999bfc5a2567fd5682 - - default default] 199.204.45.115,10.0.0.146 "GET /v2.0/ports/octavia-health-manager-port-instance?network_id=1941e903-6a03-47ce-a716-22c677ee91f8 HTTP/1.1" status: 404 len: 314 time: 0.0380716
2026-04-10 10:34:34.443 9 INFO neutron.wsgi [None req-a418d179-802d-4682-a38c-cc9494ff63b9 a304790ba8194752a146b2033d6d7794 2ba55315547740999bfc5a2567fd5682 - - default default] 199.204.45.115,10.0.0.146 "GET /v2.0/ports?name=octavia-health-manager-port-instance&network_id=1941e903-6a03-47ce-a716-22c677ee91f8 HTTP/1.1" status: 200 len: 186 time: 0.0328081
2026-04-10 10:34:34.493 9 INFO neutron.wsgi [None req-f7386eed-ebcf-4a22-9ede-73d28bc40c65 a304790ba8194752a146b2033d6d7794 2ba55315547740999bfc5a2567fd5682 - - default default] 199.204.45.115,10.0.0.146 "GET /v2.0/security-groups/d347a86f-cb1b-43b4-b827-974520712612 HTTP/1.1" status: 200 len: 4870 time: 0.0439684
2026-04-10 10:34:34.962 9 WARNING neutron.scheduler.dhcp_agent_scheduler [None req-1850ca8c-a2a5-4c0f-af3a-80a12e9cb566 a304790ba8194752a146b2033d6d7794 2ba55315547740999bfc5a2567fd5682 - - default default] No more DHCP agents
2026-04-10 10:34:34.966 9 WARNING neutron.api.rpc.agentnotifiers.dhcp_rpc_agent_api [None req-1850ca8c-a2a5-4c0f-af3a-80a12e9cb566 a304790ba8194752a146b2033d6d7794 2ba55315547740999bfc5a2567fd5682 - - default default] Unable to schedule network 1941e903-6a03-47ce-a716-22c677ee91f8: no agents available; will retry on subsequent port and subnet creation events.
2026-04-10 10:34:35.151 10 INFO neutron.wsgi [-] 10.0.0.146 "GET / HTTP/1.1" status: 200 len: 247 time: 0.0030391
2026-04-10 10:34:35.154 10 INFO neutron.wsgi [-] 10.0.0.146 "GET / HTTP/1.1" status: 200 len: 247 time: 0.0016215
2026-04-10 10:34:35.183 9 INFO neutron.db.ovn_revision_numbers_db [None req-1850ca8c-a2a5-4c0f-af3a-80a12e9cb566 a304790ba8194752a146b2033d6d7794 2ba55315547740999bfc5a2567fd5682 - - default default] Successfully bumped revision number for resource 5699e5ea-afab-4bdc-b7e3-df5efd88a4db (type: ports) to 1
2026-04-10 10:34:35.217 9 INFO neutron.wsgi [None req-1850ca8c-a2a5-4c0f-af3a-80a12e9cb566 a304790ba8194752a146b2033d6d7794 2ba55315547740999bfc5a2567fd5682 - - default default] 199.204.45.115,10.0.0.146 "POST /v2.0/ports HTTP/1.1" status: 201 len: 1277 time: 0.7141652
2026-04-10 10:34:40.953 10 INFO neutron.pecan_wsgi.hooks.translation [None req-f241df95-c09d-4d55-b766-4c0dd007cd9e a304790ba8194752a146b2033d6d7794 2ba55315547740999bfc5a2567fd5682 - - default default] GET failed (client error): The resource could not be found.
2026-04-10 10:34:40.955 10 INFO neutron.wsgi [None req-f241df95-c09d-4d55-b766-4c0dd007cd9e a304790ba8194752a146b2033d6d7794 2ba55315547740999bfc5a2567fd5682 - - default default] 199.204.45.115,10.0.0.146 "GET /v2.0/ports/octavia-health-manager-port-instance HTTP/1.1" status: 404 len: 314 time: 0.0545766
2026-04-10 10:34:41.023 10 INFO neutron.wsgi [None req-0aaf7051-4131-44ed-b4b7-1b985579357a a304790ba8194752a146b2033d6d7794 2ba55315547740999bfc5a2567fd5682 - - default default] 199.204.45.115,10.0.0.146 "GET /v2.0/ports?name=octavia-health-manager-port-instance HTTP/1.1" status: 200 len: 1275 time: 0.0640500
2026-04-10 10:34:41.520 10 INFO neutron.db.ovn_revision_numbers_db [None req-4c954c41-1920-4c65-9ece-85f567f49a67 a304790ba8194752a146b2033d6d7794 2ba55315547740999bfc5a2567fd5682 - - default default] Successfully bumped revision number for resource 5699e5ea-afab-4bdc-b7e3-df5efd88a4db (type: ports) to 1
2026-04-10 10:34:41.748 10 INFO neutron.db.ovn_revision_numbers_db [None req-4c954c41-1920-4c65-9ece-85f567f49a67 a304790ba8194752a146b2033d6d7794 2ba55315547740999bfc5a2567fd5682 - - default default] Successfully bumped revision number for resource 5699e5ea-afab-4bdc-b7e3-df5efd88a4db (type: ports) to 2
2026-04-10 10:34:41.768 10 INFO neutron.wsgi [None req-4c954c41-1920-4c65-9ece-85f567f49a67 a304790ba8194752a146b2033d6d7794 2ba55315547740999bfc5a2567fd5682 - - default default] 199.204.45.115,10.0.0.146 "PUT /v2.0/ports/5699e5ea-afab-4bdc-b7e3-df5efd88a4db HTTP/1.1" status: 200 len: 1362 time: 0.7365928 /var/lib/openstack/lib/python3.10/site-packages/pycadf/identifier.py:71: UserWarning: Invalid uuid: unknown. To ensure interoperability, identifiers should be a valid uuid. warnings.warn(('Invalid uuid: %s. To ensure interoperability, '
2026-04-10 10:34:43.278 9 INFO neutron.wsgi [None req-1f8884d9-f57e-437b-8d75-00034e46dffd a304790ba8194752a146b2033d6d7794 2ba55315547740999bfc5a2567fd5682 - - default default] 199.204.45.115,10.0.0.146 "GET /v2.0/ports HTTP/1.1" status: 200 len: 3507 time: 0.0748491
2026-04-10 10:34:44.282 9 INFO neutron.api.v2.resource [None req-0e9c3463-432e-4e97-b836-742c52f9d15c a304790ba8194752a146b2033d6d7794 2ba55315547740999bfc5a2567fd5682 - - default default] show failed (client error): The resource could not be found.
2026-04-10 10:34:44.283 9 INFO neutron.wsgi [None req-0e9c3463-432e-4e97-b836-742c52f9d15c a304790ba8194752a146b2033d6d7794 2ba55315547740999bfc5a2567fd5682 - - default default] 199.204.45.115,10.0.0.146 "GET /v2.0/security-groups/lb-mgmt-sec-grp HTTP/1.1" status: 404 len: 307 time: 0.0472052
2026-04-10 10:34:44.314 9 INFO neutron.wsgi [None req-5e9e2041-a95c-4c0e-ad44-53d5dc5b6a6b a304790ba8194752a146b2033d6d7794 2ba55315547740999bfc5a2567fd5682 - - default default] 199.204.45.115,10.0.0.146 "GET /v2.0/security-groups?name=lb-mgmt-sec-grp HTTP/1.1" status: 200 len: 197 time: 0.0263379
2026-04-10 10:34:44.451 9 INFO neutron.db.ovn_revision_numbers_db [None req-b89dc0f0-d611-46db-a0c7-42c6dd70e10b a304790ba8194752a146b2033d6d7794 2ba55315547740999bfc5a2567fd5682 - - default default] Successfully bumped revision number for resource e5c515b5-5797-48ec-93a9-a45f7dd06b08 (type: security_groups) to 1
2026-04-10 10:34:44.466 9 INFO neutron.db.ovn_revision_numbers_db [None req-b89dc0f0-d611-46db-a0c7-42c6dd70e10b a304790ba8194752a146b2033d6d7794 2ba55315547740999bfc5a2567fd5682 - - default default] Successfully bumped revision number for resource 2e2264e0-3ab3-4db0-ba6d-da76239427ca (type: security_group_rules) to 0
2026-04-10 10:34:44.484 9 INFO neutron.db.ovn_revision_numbers_db [None req-b89dc0f0-d611-46db-a0c7-42c6dd70e10b a304790ba8194752a146b2033d6d7794 2ba55315547740999bfc5a2567fd5682 - - default default] Successfully bumped revision number for resource f7403f0c-74b4-4d27-8150-f51bfc1812f4 (type: security_group_rules) to 0
2026-04-10 10:34:44.503 9 INFO neutron.wsgi [None req-b89dc0f0-d611-46db-a0c7-42c6dd70e10b a304790ba8194752a146b2033d6d7794 2ba55315547740999bfc5a2567fd5682 - - default default] 199.204.45.115,10.0.0.146 "POST /v2.0/security-groups HTTP/1.1" status: 201 len: 1791 time: 0.1830330 /var/lib/openstack/lib/python3.10/site-packages/pycadf/identifier.py:71: UserWarning: Invalid uuid: unknown. To ensure interoperability, identifiers should be a valid uuid. warnings.warn(('Invalid uuid: %s. To ensure interoperability, '
2026-04-10 10:34:45.437 10 INFO neutron.wsgi [None req-cd23234b-7eeb-4f29-8273-f020bc05c0c2 a304790ba8194752a146b2033d6d7794 2ba55315547740999bfc5a2567fd5682 - - default default] 199.204.45.115,10.0.0.146 "GET /v2.0/security-groups/e5c515b5-5797-48ec-93a9-a45f7dd06b08 HTTP/1.1" status: 200 len: 1786 time: 0.0597212
2026-04-10 10:34:45.539 10 INFO neutron.wsgi [None req-f12a13a0-e6d1-4d58-92ba-6b245984dc81 a304790ba8194752a146b2033d6d7794 2ba55315547740999bfc5a2567fd5682 - - default default] 199.204.45.115,10.0.0.146 "GET /v2.0/security-groups/e5c515b5-5797-48ec-93a9-a45f7dd06b08 HTTP/1.1" status: 200 len: 1786 time: 0.0909812
2026-04-10 10:34:45.575 10 INFO neutron.wsgi [None req-b021fc7c-d3bb-4f68-9174-cc5499f9fc23 a304790ba8194752a146b2033d6d7794 2ba55315547740999bfc5a2567fd5682 - - default default] 199.204.45.115,10.0.0.146 "GET /v2.0/security-groups/e5c515b5-5797-48ec-93a9-a45f7dd06b08 HTTP/1.1" status: 200 len: 1786 time: 0.0292997
2026-04-10 10:34:45.739 10 INFO neutron.db.ovn_revision_numbers_db [None req-1efc0163-ef44-4eea-8ab3-585c90a56c27 a304790ba8194752a146b2033d6d7794 2ba55315547740999bfc5a2567fd5682 - - default default] Successfully bumped revision number for resource ad5ee68f-1f80-498b-922b-6a139f64b756 (type: security_group_rules) to 0
2026-04-10 10:34:45.773 10 INFO neutron.wsgi [None req-1efc0163-ef44-4eea-8ab3-585c90a56c27 a304790ba8194752a146b2033d6d7794 2ba55315547740999bfc5a2567fd5682 - - default default] 199.204.45.115,10.0.0.146 "POST /v2.0/security-group-rules HTTP/1.1" status: 201 len: 801 time: 0.1894717
2026-04-10 10:34:46.670 10 INFO neutron.wsgi [None req-7bdda4a0-a9b4-4832-9487-e33d1f0015d6 a304790ba8194752a146b2033d6d7794 2ba55315547740999bfc5a2567fd5682 - - default default] 199.204.45.115,10.0.0.146 "GET /v2.0/security-groups/e5c515b5-5797-48ec-93a9-a45f7dd06b08 HTTP/1.1" status: 200 len: 2420 time: 0.0489488
2026-04-10 10:34:46.701 10 INFO neutron.wsgi [None req-83972955-50d9-45dc-8643-c2319e41709a a304790ba8194752a146b2033d6d7794 2ba55315547740999bfc5a2567fd5682 - - default default] 199.204.45.115,10.0.0.146 "GET /v2.0/security-groups/e5c515b5-5797-48ec-93a9-a45f7dd06b08 HTTP/1.1" status: 200 len: 2420 time: 0.0233762
2026-04-10 10:34:46.733 10 INFO neutron.wsgi [None req-34adb285-5a20-4d96-b8da-034fef630bb5 a304790ba8194752a146b2033d6d7794 2ba55315547740999bfc5a2567fd5682 - - default default] 199.204.45.115,10.0.0.146 "GET /v2.0/security-groups/e5c515b5-5797-48ec-93a9-a45f7dd06b08 HTTP/1.1" status: 200 len: 2420 time: 0.0253270
2026-04-10 10:34:46.872 10 INFO neutron.db.ovn_revision_numbers_db [None req-186e90d1-50cb-415a-aa37-e282da8c20b0 a304790ba8194752a146b2033d6d7794 2ba55315547740999bfc5a2567fd5682 - - default default] Successfully bumped revision number for resource fb5651dc-b0d1-4ab0-8a40-b73b30f03a1c (type: security_group_rules) to 0
2026-04-10 10:34:46.897 10 INFO neutron.wsgi [None req-186e90d1-50cb-415a-aa37-e282da8c20b0 a304790ba8194752a146b2033d6d7794 2ba55315547740999bfc5a2567fd5682 - - default default] 199.204.45.115,10.0.0.146 "POST /v2.0/security-group-rules HTTP/1.1" status: 201 len: 805 time: 0.1555734
2026-04-10 10:34:50.151 10 INFO neutron.wsgi [-] 10.0.0.146 "GET / HTTP/1.1" status: 200 len: 247 time: 0.0027084
2026-04-10 10:34:50.151 9 INFO neutron.wsgi [-] 10.0.0.146 "GET / HTTP/1.1" status: 200 len: 247 time: 0.0027075
2026-04-10 10:35:05.149 9 INFO neutron.wsgi [-] 10.0.0.146 "GET / HTTP/1.1" status: 200 len: 247 time: 0.0016575
2026-04-10 10:35:05.151 10 INFO neutron.wsgi [-] 10.0.0.146 "GET / HTTP/1.1" status: 200 len: 247 time: 0.0029490
2026-04-10 10:35:20.149 10 INFO neutron.wsgi [-] 10.0.0.146 "GET / HTTP/1.1" status: 200 len: 247 time: 0.0018680
2026-04-10 10:35:20.151 9 INFO neutron.wsgi [-] 10.0.0.146 "GET / HTTP/1.1" status: 200 len: 247 time: 0.0033300
2026-04-10 10:35:35.151 10 INFO neutron.wsgi [-] 10.0.0.146 "GET / HTTP/1.1" status: 200 len: 247 time: 0.0026703
2026-04-10 10:35:35.151 9 INFO neutron.wsgi [-] 10.0.0.146 "GET / HTTP/1.1" status: 200 len: 247 time: 0.0029759
2026-04-10 10:35:50.150 9 INFO neutron.wsgi [-] 10.0.0.146 "GET / HTTP/1.1" status: 200 len: 247 time: 0.0020127
2026-04-10 10:35:50.150 10 INFO neutron.wsgi [-] 10.0.0.146 "GET / HTTP/1.1" status: 200 len: 247 time: 0.0019057
2026-04-10 10:36:05.150 10 INFO neutron.wsgi [-] 10.0.0.146 "GET / HTTP/1.1" status: 200 len: 247 time: 0.0023336
2026-04-10 10:36:05.150 9 INFO neutron.wsgi [-] 10.0.0.146 "GET / HTTP/1.1" status: 200 len: 247 time: 0.0026493
2026-04-10 10:36:20.150 9 INFO neutron.wsgi [-] 10.0.0.146 "GET / HTTP/1.1" status: 200 len: 247 time: 0.0027268
2026-04-10 10:36:20.151 10 INFO neutron.wsgi [-] 10.0.0.146 "GET / HTTP/1.1" status: 200 len: 247 time: 0.0033274
2026-04-10 10:36:35.150 10 INFO neutron.wsgi [-] 10.0.0.146 "GET / HTTP/1.1" status: 200 len: 247 time: 0.0025001
2026-04-10 10:36:35.152 9 INFO neutron.wsgi [-] 10.0.0.146 "GET / HTTP/1.1" status: 200 len: 247 time: 0.0042427
2026-04-10 10:36:40.430 10 INFO neutron.wsgi [None req-f7d3514c-9ec6-4783-b8e2-5b9b0f24c6aa a304790ba8194752a146b2033d6d7794 2ba55315547740999bfc5a2567fd5682 - - default default] 199.204.45.115,10.0.0.146 "GET /v2.0/quotas/2ba55315547740999bfc5a2567fd5682 HTTP/1.1" status: 200 len: 467 time: 0.0147417 /var/lib/openstack/lib/python3.10/site-packages/neutron/extensions/quotasv2.py:139: UserWarning: Neutron quota engine will require "--force" parameter to set a quota limit without checking the resource usage. warnings.warn('Neutron quota engine will require "--force" '
2026-04-10 10:36:40.945 10 INFO neutron.wsgi [None req-0d299a7c-fdfd-401a-b58e-d1ec17076974 a304790ba8194752a146b2033d6d7794 2ba55315547740999bfc5a2567fd5682 - - default default] 199.204.45.115,10.0.0.146 "PUT /v2.0/quotas/2ba55315547740999bfc5a2567fd5682 HTTP/1.1" status: 200 len: 466 time: 0.0383751
2026-04-10 10:36:50.149 9 INFO neutron.wsgi [-] 10.0.0.146 "GET / HTTP/1.1" status: 200 len: 247 time: 0.0018072
2026-04-10 10:36:50.153 9 INFO neutron.wsgi [-] 10.0.0.146 "GET / HTTP/1.1" status: 200 len: 247 time: 0.0029292
2026-04-10 10:37:05.150 10 INFO neutron.wsgi [-] 10.0.0.146 "GET / HTTP/1.1" status: 200 len: 247 time: 0.0024533
2026-04-10 10:37:05.150 9 INFO neutron.wsgi [-] 10.0.0.146 "GET / HTTP/1.1" status: 200 len: 247 time: 0.0024414
2026-04-10 10:37:20.150 9 INFO neutron.wsgi [-] 10.0.0.146 "GET / HTTP/1.1" status: 200 len: 247 time: 0.0024929
2026-04-10 10:37:20.152 10 INFO neutron.wsgi [-] 10.0.0.146 "GET / HTTP/1.1" status: 200 len: 247 time: 0.0035508
2026-04-10 10:37:35.150 10 INFO neutron.wsgi [-] 10.0.0.146 "GET / HTTP/1.1" status: 200 len: 247 time: 0.0025928
2026-04-10 10:37:35.151 9 INFO neutron.wsgi [-] 10.0.0.146 "GET / HTTP/1.1" status: 200 len: 247 time: 0.0029180
2026-04-10 10:37:50.151 9 INFO neutron.wsgi [-] 10.0.0.146 "GET / HTTP/1.1" status: 200 len: 247 time: 0.0025914
2026-04-10 10:37:50.152 10 INFO neutron.wsgi [-] 10.0.0.146 "GET / HTTP/1.1" status: 200 len: 247 time: 0.0029862
2026-04-10 10:38:05.151 10 INFO neutron.wsgi [-] 10.0.0.146 "GET / HTTP/1.1" status: 200 len: 247 time: 0.0019729
2026-04-10 10:38:05.151 9 INFO neutron.wsgi [-] 10.0.0.146 "GET / HTTP/1.1" status: 200 len: 247 time: 0.0022600
2026-04-10 10:38:20.151 9 INFO neutron.wsgi [-] 10.0.0.146 "GET / HTTP/1.1" status: 200 len: 247 time: 0.0027103
2026-04-10 10:38:20.154 9 INFO neutron.wsgi [-] 10.0.0.146 "GET / HTTP/1.1" status: 200 len: 247 time: 0.0020158
2026-04-10 10:38:35.150 10 INFO neutron.wsgi [-] 10.0.0.146 "GET / HTTP/1.1" status: 200 len: 247 time: 0.0021465
2026-04-10 10:38:35.151 9 INFO neutron.wsgi [-] 10.0.0.146 "GET / HTTP/1.1" status: 200 len: 247 time: 0.0024750
2026-04-10 10:38:50.150 10 INFO neutron.wsgi [-] 10.0.0.146 "GET / HTTP/1.1" status: 200 len: 247 time: 0.0017371
2026-04-10 10:38:50.151 9 INFO neutron.wsgi [-] 10.0.0.146 "GET / HTTP/1.1" status: 200 len: 247 time: 0.0025737 /var/lib/openstack/lib/python3.10/site-packages/pycadf/identifier.py:71: UserWarning: Invalid uuid: neutron. To ensure interoperability, identifiers should be a valid uuid. warnings.warn(('Invalid uuid: %s. To ensure interoperability, '
2026-04-10 10:39:01.027 10 INFO neutron.pecan_wsgi.hooks.translation [None req-6215eefa-44c5-41a8-96a1-871eecaf8f20 a304790ba8194752a146b2033d6d7794 2ba55315547740999bfc5a2567fd5682 - - default default] GET failed (client error): The resource could not be found.
2026-04-10 10:39:01.030 10 INFO neutron.wsgi [None req-6215eefa-44c5-41a8-96a1-871eecaf8f20 a304790ba8194752a146b2033d6d7794 2ba55315547740999bfc5a2567fd5682 - - default default] 199.204.45.115 "GET /v2.0/ports/octavia-health-manager-port-instance HTTP/1.1" status: 404 len: 338 time: 0.3255320
2026-04-10 10:39:01.089 10 INFO neutron.wsgi [None req-41f1955f-349c-47d5-8c7a-5b1fa4d3df51 a304790ba8194752a146b2033d6d7794 2ba55315547740999bfc5a2567fd5682 - - default default] 199.204.45.115 "GET /v2.0/ports?name=octavia-health-manager-port-instance HTTP/1.1" status: 200 len: 1417 time: 0.0550096
2026-04-10 10:39:02.818 10 INFO neutron.pecan_wsgi.hooks.translation [None req-366f2eae-179c-40cc-9fe6-638cbe61d2c9 a304790ba8194752a146b2033d6d7794 2ba55315547740999bfc5a2567fd5682 - - default default] GET failed (client error): The resource could not be found.
2026-04-10 10:39:02.819 10 INFO neutron.wsgi [None req-366f2eae-179c-40cc-9fe6-638cbe61d2c9 a304790ba8194752a146b2033d6d7794 2ba55315547740999bfc5a2567fd5682 - - default default] 199.204.45.115 "GET /v2.0/ports/octavia-health-manager-port-instance HTTP/1.1" status: 404 len: 338 time: 0.0648654
2026-04-10 10:39:02.861 10 INFO neutron.wsgi [None req-f6f23e3c-1804-4fde-882c-3f9eb1108779 a304790ba8194752a146b2033d6d7794 2ba55315547740999bfc5a2567fd5682 - - default default] 199.204.45.115 "GET /v2.0/ports?name=octavia-health-manager-port-instance HTTP/1.1" status: 200 len: 1417 time: 0.0364201
2026-04-10 10:39:03.602 9 INFO neutron.plugins.ml2.drivers.ovn.mech_driver.mech_driver [-] OVN reports status up for port: 5699e5ea-afab-4bdc-b7e3-df5efd88a4db
2026-04-10 10:39:03.634 9 INFO neutron.plugins.ml2.plugin [None req-77b34222-c866-4411-9cd8-061608bc8b6c - - - - - -] Attempt 1 to provision port 5699e5ea-afab-4bdc-b7e3-df5efd88a4db
2026-04-10 10:39:04.002 9 INFO neutron.db.ovn_revision_numbers_db [None req-77b34222-c866-4411-9cd8-061608bc8b6c - - - - - -] Successfully bumped revision number for resource 5699e5ea-afab-4bdc-b7e3-df5efd88a4db (type: ports) to 4
2026-04-10 10:39:05.151 9 INFO neutron.wsgi [-] 10.0.0.146 "GET / HTTP/1.1" status: 200 len: 247 time: 0.0027041
2026-04-10 10:39:05.154 9 INFO neutron.wsgi [-] 10.0.0.146 "GET / HTTP/1.1" status: 200 len: 247 time: 0.0019236
2026-04-10 10:39:20.149 9 INFO neutron.wsgi [-] 10.0.0.146 "GET / HTTP/1.1" status: 200 len: 247 time: 0.0018241
2026-04-10 10:39:20.154 9 INFO neutron.wsgi [-] 10.0.0.146 "GET / HTTP/1.1" status: 200 len: 247 time: 0.0031059
2026-04-10 10:39:29.151 15 INFO neutron.db.ovn_revision_numbers_db [None req-79779a66-f850-4cb6-8485-d312067a4e25 - - - - - -] Successfully bumped revision number for resource 1941e903-6a03-47ce-a716-22c677ee91f8 (type: networks) to 2
2026-04-10 10:39:29.216 15 INFO neutron.db.ovn_revision_numbers_db [None req-79779a66-f850-4cb6-8485-d312067a4e25 - - - - - -] Successfully bumped revision number for resource d347a86f-cb1b-43b4-b827-974520712612 (type: security_groups) to 6
2026-04-10 10:39:29.258 15 INFO neutron.db.ovn_revision_numbers_db [None req-79779a66-f850-4cb6-8485-d312067a4e25 - - - - - -] Successfully bumped revision number for resource e5c515b5-5797-48ec-93a9-a45f7dd06b08 (type: security_groups) to 3
2026-04-10 10:39:29.258 15 INFO neutron.plugins.ml2.drivers.ovn.mech_driver.ovsdb.maintenance [None req-79779a66-f850-4cb6-8485-d312067a4e25 - - - - - -] Maintenance task: Synchronization completed (took 0.22 seconds)
2026-04-10 10:39:35.150 10 INFO neutron.wsgi [-] 10.0.0.146 "GET / HTTP/1.1" status: 200 len: 247 time: 0.0023587
2026-04-10 10:39:35.150 9 INFO neutron.wsgi [-] 10.0.0.146 "GET / HTTP/1.1" status: 200 len: 247 time: 0.0026114
2026-04-10 10:39:50.152 9 INFO neutron.wsgi [-] 10.0.0.146 "GET / HTTP/1.1" status: 200 len: 247 time: 0.0035810
2026-04-10 10:39:50.156 9 INFO neutron.wsgi [-] 10.0.0.146 "GET / HTTP/1.1" status: 200 len: 247 time: 0.0022078
2026-04-10 10:40:05.151 10 INFO neutron.wsgi [-] 10.0.0.146 "GET / HTTP/1.1" status: 200 len: 247 time: 0.0025232
2026-04-10 10:40:05.151 9 INFO neutron.wsgi [-] 10.0.0.146 "GET / HTTP/1.1" status: 200 len: 247 time: 0.0028465
2026-04-10 10:40:20.152 10 INFO neutron.wsgi [-] 10.0.0.146 "GET / HTTP/1.1" status: 200 len: 247 time: 0.0025065
2026-04-10 10:40:20.154 10 INFO neutron.wsgi [-] 10.0.0.146 "GET / HTTP/1.1" status: 200 len: 247 time: 0.0013449
2026-04-10 10:40:35.150 10 INFO neutron.wsgi [-] 10.0.0.146 "GET / HTTP/1.1" status: 200 len: 247 time: 0.0025933
2026-04-10 10:40:35.154 10 INFO neutron.wsgi [-] 10.0.0.146 "GET / HTTP/1.1" status: 200 len: 247 time: 0.0026834
2026-04-10 10:40:50.150 10 INFO neutron.wsgi [-] 10.0.0.146 "GET / HTTP/1.1" status: 200 len: 247 time: 0.0017946
2026-04-10 10:40:50.151 9 INFO neutron.wsgi [-] 10.0.0.146 "GET / HTTP/1.1" status: 200 len: 247 time: 0.0026233
2026-04-10 10:41:05.149 9 INFO neutron.wsgi [-] 10.0.0.146 "GET / HTTP/1.1" status: 200 len: 247 time: 0.0018706
2026-04-10 10:41:05.151 9 INFO neutron.wsgi [-] 10.0.0.146 "GET / HTTP/1.1" status: 200 len: 247 time: 0.0012381
2026-04-10 10:41:20.153 10 INFO neutron.wsgi [-] 10.0.0.146 "GET / HTTP/1.1" status: 200 len: 247 time: 0.0044050
2026-04-10 10:41:20.153 9 INFO neutron.wsgi [-] 10.0.0.146 "GET / HTTP/1.1" status: 200 len: 247 time: 0.0050571
2026-04-10 10:41:35.151 9 INFO neutron.wsgi [-] 10.0.0.146 "GET / HTTP/1.1" status: 200 len: 247 time: 0.0028589
2026-04-10 10:41:35.152 10 INFO neutron.wsgi [-] 10.0.0.146 "GET / HTTP/1.1" status: 200 len: 247 time: 0.0033884
2026-04-10 10:41:50.149 9 INFO neutron.wsgi [-] 10.0.0.146 "GET / HTTP/1.1" status: 200 len: 247 time: 0.0017142
2026-04-10 10:41:50.149 10 INFO neutron.wsgi [-] 10.0.0.146 "GET / HTTP/1.1" status: 200 len: 247 time: 0.0018957
2026-04-10 10:42:05.150 10 INFO neutron.wsgi [-] 10.0.0.146 "GET / HTTP/1.1" status: 200 len: 247 time: 0.0019586
2026-04-10 10:42:05.152 9 INFO neutron.wsgi [-] 10.0.0.146 "GET / HTTP/1.1" status: 200 len: 247 time: 0.0029113
2026-04-10 10:42:20.149 9 INFO neutron.wsgi [-] 10.0.0.146 "GET / HTTP/1.1" status: 200 len: 247 time: 0.0019844
2026-04-10 10:42:20.152 10 INFO neutron.wsgi [-] 10.0.0.146 "GET / HTTP/1.1" status: 200 len: 247 time: 0.0049341
2026-04-10 10:42:35.150 9 INFO neutron.wsgi [-] 10.0.0.146 "GET / HTTP/1.1" status: 200 len: 247 time: 0.0025027
2026-04-10 10:42:35.150 10 INFO neutron.wsgi [-] 10.0.0.146 "GET / HTTP/1.1" status: 200 len: 247 time: 0.0026867
2026-04-10 10:42:50.150 9 INFO neutron.wsgi [-] 10.0.0.146 "GET / HTTP/1.1" status: 200 len: 247 time: 0.0020249
2026-04-10 10:42:50.150 10 INFO neutron.wsgi [-] 10.0.0.146 "GET / HTTP/1.1" status: 200 len: 247 time: 0.0018139
2026-04-10 10:43:05.150 10 INFO neutron.wsgi [-] 10.0.0.146 "GET / HTTP/1.1" status: 200 len: 247 time: 0.0023854
2026-04-10 10:43:05.151 9 INFO neutron.wsgi [-] 10.0.0.146 "GET / HTTP/1.1" status: 200 len: 247 time: 0.0025365
2026-04-10 10:43:20.149 10 INFO neutron.wsgi [-] 10.0.0.146 "GET / HTTP/1.1" status: 200 len: 247 time: 0.0016801
2026-04-10 10:43:20.151 10 INFO neutron.wsgi [-] 10.0.0.146 "GET / HTTP/1.1" status: 200 len: 247 time: 0.0011966
