2026-04-10 11:09:04.593 10 ERROR ovsdbapp.backend.ovs_idl.command ovsdbapp.backend.ovs_idl.idlutils.RowNotFound: Cannot find Logical_Router_Port with name=lrp-24d57899-480b-44fe-9d14-8b9db3102a93
2026-04-10 11:09:04.593 10 ERROR ovsdbapp.backend.ovs_idl.command 
2026-04-10 11:09:04.594 10 ERROR neutron_lib.callbacks.manager [None req-552cfbff-1cd8-421b-bc14-aae397cc942e 96a035f5320d4e2984c2d65cda18b637 84b871949d49496ab8b9cf576b4cd630 - - default default] Error during notification for neutron.services.ovn_l3.plugin.OVNL3RouterPlugin._port_update-8743294587631 port, after_update: ovsdbapp.backend.ovs_idl.idlutils.RowNotFound: Cannot find Logical_Router_Port with name=lrp-24d57899-480b-44fe-9d14-8b9db3102a93
2026-04-10 11:09:04.594 10 ERROR neutron_lib.callbacks.manager
Traceback (most recent call last):
2026-04-10 11:09:04.594 10 ERROR neutron_lib.callbacks.manager
File "/var/lib/openstack/lib/python3.10/site-packages/neutron_lib/callbacks/manager.py", line 189, in _notify_loop
2026-04-10 11:09:04.594 10 ERROR neutron_lib.callbacks.manager callback.method(resource, event, trigger, payload=payload)
2026-04-10 11:09:04.594 10 ERROR neutron_lib.callbacks.manager
File "/var/lib/openstack/lib/python3.10/site-packages/neutron/services/ovn_l3/plugin.py", line 391, in _port_update
2026-04-10 11:09:04.594 10 ERROR neutron_lib.callbacks.manager l3plugin._ovn_client.update_router_port(context,
2026-04-10 11:09:04.594 10 ERROR neutron_lib.callbacks.manager
File "/var/lib/openstack/lib/python3.10/site-packages/neutron/plugins/ml2/drivers/ovn/mech_driver/ovsdb/ovn_client.py", line 1878, in update_router_port
2026-04-10 11:09:04.594 10 ERROR neutron_lib.callbacks.manager self._update_lrouter_port(context, port, if_exists=if_exists,
2026-04-10 11:09:04.594 10 ERROR neutron_lib.callbacks.manager
File "/var/lib/openstack/lib/python3.10/site-packages/neutron/plugins/ml2/drivers/ovn/mech_driver/ovsdb/ovn_client.py", line 1855, in _update_lrouter_port
2026-04-10 11:09:04.594 10 ERROR neutron_lib.callbacks.manager external_ids = self._nb_idl.db_get(
2026-04-10 11:09:04.594 10 ERROR neutron_lib.callbacks.manager
File "/var/lib/openstack/lib/python3.10/site-packages/ovsdbapp/backend/ovs_idl/command.py", line 47, in execute
2026-04-10 11:09:04.594 10 ERROR neutron_lib.callbacks.manager self.run_idl(None)
2026-04-10 11:09:04.594 10 ERROR neutron_lib.callbacks.manager
File "/var/lib/openstack/lib/python3.10/site-packages/ovsdbapp/backend/ovs_idl/command.py", line 235, in run_idl
2026-04-10 11:09:04.594 10 ERROR neutron_lib.callbacks.manager record = self.api.lookup(self.table, self.record)
2026-04-10 11:09:04.594 10 ERROR neutron_lib.callbacks.manager
File "/var/lib/openstack/lib/python3.10/site-packages/ovsdbapp/backend/ovs_idl/__init__.py", line 184, in lookup
2026-04-10 11:09:04.594 10 ERROR neutron_lib.callbacks.manager return self._lookup(table, record)
2026-04-10 11:09:04.594 10 ERROR neutron_lib.callbacks.manager
File "/var/lib/openstack/lib/python3.10/site-packages/ovsdbapp/backend/ovs_idl/__init__.py", line 235, in _lookup
2026-04-10 11:09:04.594 10 ERROR neutron_lib.callbacks.manager row = idlutils.row_by_value(self, rl.table, rl.column, record)
2026-04-10 11:09:04.594 10 ERROR neutron_lib.callbacks.manager
File "/var/lib/openstack/lib/python3.10/site-packages/ovsdbapp/backend/ovs_idl/idlutils.py", line 114, in row_by_value
2026-04-10 11:09:04.594 10 ERROR neutron_lib.callbacks.manager raise RowNotFound(table=table, col=column, match=match)
2026-04-10 11:09:04.594 10 ERROR neutron_lib.callbacks.manager ovsdbapp.backend.ovs_idl.idlutils.RowNotFound: Cannot find Logical_Router_Port with name=lrp-24d57899-480b-44fe-9d14-8b9db3102a93
2026-04-10 11:09:04.594 10 ERROR neutron_lib.callbacks.manager 
2026-04-10 11:09:04.615 10 INFO neutron.db.ovn_revision_numbers_db [None req-957b5bb0-c296-4901-bbd5-f6bdbe3f869e - - - - - -] Successfully bumped revision number for resource b2d66a4e-994e-43fd-b9fe-c55cb52cfd29 (type: ports) to 5
2026-04-10 11:09:04.641 9 WARNING neutron.scheduler.dhcp_agent_scheduler [None req-ee8bf392-8b35-41c0-b80e-6694b004efa9 1890e5644dd2400aad00fcddb3908e7f 0889a09b420d4af8abbed9d078e035d5 - - default default] No more DHCP agents
2026-04-10 11:09:04.650 9 WARNING neutron.api.rpc.agentnotifiers.dhcp_rpc_agent_api [None req-ee8bf392-8b35-41c0-b80e-6694b004efa9 1890e5644dd2400aad00fcddb3908e7f 0889a09b420d4af8abbed9d078e035d5 - - default default] Unable to schedule network 86ceb1b8-17f0-4cd3-aae2-b2b28d800043: no agents available; will retry on subsequent port and subnet creation events.
2026-04-10 11:09:04.832 10 INFO neutron.db.ovn_revision_numbers_db [None req-552cfbff-1cd8-421b-bc14-aae397cc942e 96a035f5320d4e2984c2d65cda18b637 84b871949d49496ab8b9cf576b4cd630 - - default default] Successfully bumped revision number for resource 24d57899-480b-44fe-9d14-8b9db3102a93 (type: ports) to 1
2026-04-10 11:09:04.864 9 INFO neutron.plugins.ml2.drivers.ovn.mech_driver.mech_driver [None req-77b34222-c866-4411-9cd8-061608bc8b6c - - - - - -] OVN reports status up for port: 24d57899-480b-44fe-9d14-8b9db3102a93
2026-04-10 11:09:04.895 9 INFO neutron.plugins.ml2.plugin [None req-77b34222-c866-4411-9cd8-061608bc8b6c - - - - - -] Attempt 1 to provision port 24d57899-480b-44fe-9d14-8b9db3102a93
2026-04-10 11:09:04.913 10 WARNING neutron.scheduler.dhcp_agent_scheduler [None req-552cfbff-1cd8-421b-bc14-aae397cc942e 96a035f5320d4e2984c2d65cda18b637 84b871949d49496ab8b9cf576b4cd630 - - default default] No more DHCP agents
2026-04-10 11:09:04.915 10 WARNING neutron.api.rpc.agentnotifiers.dhcp_rpc_agent_api [None req-552cfbff-1cd8-421b-bc14-aae397cc942e 96a035f5320d4e2984c2d65cda18b637 84b871949d49496ab8b9cf576b4cd630 - - default default] Unable to schedule network 1539d567-9e23-4463-8622-8530dd665706: no agents available; will retry on subsequent port and subnet creation events.
2026-04-10 11:09:04.923 9 INFO neutron.wsgi [req-c38754b3-0ca7-4888-9106-52440cc9ac8c req-b6ed15cf-8d07-4a5d-a85a-ebb7f56b4bb1 4e63f17d51b9417ca0d562426c409876 21725c1998244f97abe9878d715821e7 - - default default] 10.0.0.29 "GET /v2.0/ports?device_id=ab6b59e0-eb17-4939-afd7-a34901979a64 HTTP/1.1" status: 200 len: 210 time: 0.0436766
2026-04-10 11:09:04.994 9 INFO neutron.wsgi [req-657311fd-3694-48a4-9de4-01a72590389f req-7caa07f4-18b1-4908-9b79-f81a25ef6546 4e63f17d51b9417ca0d562426c409876 21725c1998244f97abe9878d715821e7 - - default default] 199.204.45.115 "DELETE /v2.0/ports/b2d66a4e-994e-43fd-b9fe-c55cb52cfd29 HTTP/1.1" status: 204 len: 173 time: 0.8813117
2026-04-10 11:09:05.001 9 INFO neutron.db.ovn_revision_numbers_db [None req-ee8bf392-8b35-41c0-b80e-6694b004efa9 1890e5644dd2400aad00fcddb3908e7f 0889a09b420d4af8abbed9d078e035d5 - - default default] Successfully bumped revision number for resource 4d3a5f77-7775-4507-b35f-6eeb62d2f0ee (type: ports) to 1
2026-04-10 11:09:05.031 9 INFO neutron.notifiers.nova [-] Nova event matching ['req-08f45efc-5de1-427b-8d8c-05392fea02ef'] response: {'server_uuid': 'ab6b59e0-eb17-4939-afd7-a34901979a64', 'name': 'network-vif-deleted', 'tag': 'b2d66a4e-994e-43fd-b9fe-c55cb52cfd29', 'status': 'completed', 'code': 200}
2026-04-10 11:09:05.149 9 INFO neutron.wsgi [-] 10.0.0.146 "GET / HTTP/1.1" status: 200 len: 247 time: 0.0019433
2026-04-10 11:09:05.151 9 INFO neutron.wsgi [-] 10.0.0.146 "GET / HTTP/1.1" status: 200 len: 247 time: 0.0013103
2026-04-10 11:09:05.453 9 INFO neutron.wsgi [None req-ee8bf392-8b35-41c0-b80e-6694b004efa9 1890e5644dd2400aad00fcddb3908e7f 0889a09b420d4af8abbed9d078e035d5 - - default default] 10.0.0.229 "POST /v2.0/networks HTTP/1.1" status: 201 len: 830 time: 1.5737343
2026-04-10 11:09:05.463 9 WARNING neutron_lib.context [None req-ab2fd164-fc2d-4136-9ce9-731a7164e3bb 1890e5644dd2400aad00fcddb3908e7f 0889a09b420d4af8abbed9d078e035d5 - - default default] Method 'is_advsvc' is deprecated since 2023.2 release (neutron-lib 3.8.0) and will be removed once support for the old RBAC API policies will be removed from Neutron. Please use method 'is_service_role' instead.
2026-04-10 11:09:05.823 9 INFO neutron.db.ovn_revision_numbers_db [None req-77b34222-c866-4411-9cd8-061608bc8b6c - - - - - -] Successfully bumped revision number for resource 24d57899-480b-44fe-9d14-8b9db3102a93 (type: ports) to 2
2026-04-10 11:09:05.840 10 INFO neutron.db.ovn_revision_numbers_db [None req-552cfbff-1cd8-421b-bc14-aae397cc942e 96a035f5320d4e2984c2d65cda18b637 84b871949d49496ab8b9cf576b4cd630 - - default default] Successfully bumped revision number for resource 24d57899-480b-44fe-9d14-8b9db3102a93 (type: router_ports) to 1
2026-04-10 11:09:05.943 9 WARNING neutron.scheduler.dhcp_agent_scheduler [None req-ab2fd164-fc2d-4136-9ce9-731a7164e3bb 1890e5644dd2400aad00fcddb3908e7f 0889a09b420d4af8abbed9d078e035d5 - - default default] No more DHCP agents
2026-04-10 11:09:05.948 9 WARNING neutron.api.rpc.agentnotifiers.dhcp_rpc_agent_api [None req-ab2fd164-fc2d-4136-9ce9-731a7164e3bb 1890e5644dd2400aad00fcddb3908e7f 0889a09b420d4af8abbed9d078e035d5 - - default default] Unable to schedule network 86ceb1b8-17f0-4cd3-aae2-b2b28d800043: no agents available; will retry on subsequent port and subnet creation events. /var/lib/openstack/lib/python3.10/site-packages/pycadf/identifier.py:71: UserWarning: Invalid uuid: neutron. To ensure interoperability, identifiers should be a valid uuid. warnings.warn(('Invalid uuid: %s. To ensure interoperability, '
2026-04-10 11:09:06.223 10 INFO neutron.notifiers.nova [-] Nova event matching ['req-c1ba692a-9968-4053-80fd-663602549233'] response: {'server_uuid': 'ab6b59e0-eb17-4939-afd7-a34901979a64', 'name': 'network-vif-unplugged', 'status': 'completed', 'tag': 'b2d66a4e-994e-43fd-b9fe-c55cb52cfd29', 'code': 200}
2026-04-10 11:09:06.225 9 INFO neutron.db.ovn_revision_numbers_db [None req-ab2fd164-fc2d-4136-9ce9-731a7164e3bb 1890e5644dd2400aad00fcddb3908e7f 0889a09b420d4af8abbed9d078e035d5 - - default default] Successfully bumped revision number for resource 8e0ce86a-8bd9-48a7-a3e1-a941183e26d5 (type: ports) to 1
2026-04-10 11:09:06.253 9 INFO neutron.db.ovn_revision_numbers_db [None req-77b34222-c866-4411-9cd8-061608bc8b6c - - - - - -] Successfully bumped revision number for resource 24d57899-480b-44fe-9d14-8b9db3102a93 (type: router_ports) to 2
2026-04-10 11:09:06.263 9 INFO neutron.wsgi [None req-ab2fd164-fc2d-4136-9ce9-731a7164e3bb 1890e5644dd2400aad00fcddb3908e7f 0889a09b420d4af8abbed9d078e035d5 - - default default] 10.0.0.229 "POST /v2.0/ports HTTP/1.1" status: 201 len: 942 time: 0.8054607 /var/lib/openstack/lib/python3.10/site-packages/pycadf/identifier.py:71: UserWarning: Invalid uuid: neutron. To ensure interoperability, identifiers should be a valid uuid. warnings.warn(('Invalid uuid: %s. To ensure interoperability, '
2026-04-10 11:09:06.293 10 WARNING neutron.scheduler.dhcp_agent_scheduler [None req-0da0a1e7-2c49-401a-85a8-27dc961919cc - - - - - -] No more DHCP agents
2026-04-10 11:09:06.295 10 WARNING neutron.api.rpc.agentnotifiers.dhcp_rpc_agent_api [None req-0da0a1e7-2c49-401a-85a8-27dc961919cc - - - - - -] Unable to schedule network 1539d567-9e23-4463-8622-8530dd665706: no agents available; will retry on subsequent port and subnet creation events.
2026-04-10 11:09:06.315 10 INFO neutron.wsgi [None req-b0485639-57d9-43f7-ba54-00f3f7348832 4e63f17d51b9417ca0d562426c409876 21725c1998244f97abe9878d715821e7 - - default default] 10.0.0.229 "DELETE /v2.0/security-groups/d6d87388-3777-46c1-8616-d4b156895c73 HTTP/1.1" status: 204 len: 168 time: 0.3206832
2026-04-10 11:09:06.390 9 INFO neutron.wsgi [None req-942039d5-8559-4283-9c0c-2660a22892eb 1890e5644dd2400aad00fcddb3908e7f 0889a09b420d4af8abbed9d078e035d5 - - default default] 10.0.0.229 "PUT /v2.0/ports/83a95b92-4168-4ac4-9158-da145e2dcbd4/tags HTTP/1.1" status: 200 len: 210 time: 0.1182337
2026-04-10 11:09:06.526 10 INFO neutron.wsgi [None req-72bf8e95-62ce-4a78-a088-f96c0570d7b1 1890e5644dd2400aad00fcddb3908e7f 0889a09b420d4af8abbed9d078e035d5 - - default default] 10.0.0.229 "PUT /v2.0/ports/13c5711e-42bf-474d-87de-067c2cc36432/tags HTTP/1.1" status: 200 len: 218 time: 0.1309378
2026-04-10 11:09:06.540 10 INFO neutron.db.ovn_revision_numbers_db [None req-0da0a1e7-2c49-401a-85a8-27dc961919cc - - - - - -] Successfully bumped revision number for resource 23a4ded8-029f-4a9f-81aa-39a41c51cd10 (type: ports) to 1
2026-04-10 11:09:06.630 10 INFO neutron.wsgi [None req-5863cab1-82cf-40d0-8f86-af500eac61c9 1890e5644dd2400aad00fcddb3908e7f 0889a09b420d4af8abbed9d078e035d5 - - default default] 10.0.0.229 "PUT /v2.0/ports/3025bc7e-2f1c-42fc-b5d1-d23366d7a2e9/tags HTTP/1.1" status: 200 len: 227 time: 0.0985796
2026-04-10 11:09:06.786 9 INFO neutron.wsgi [None req-8176dcda-8e52-49c8-9cec-a52d19f67857 1890e5644dd2400aad00fcddb3908e7f 0889a09b420d4af8abbed9d078e035d5 - - default default] 10.0.0.229 "PUT /v2.0/ports/3a0f2d6a-1643-47e1-92f3-a4b6165a2198/tags HTTP/1.1" status: 200 len: 212 time: 0.1504352
2026-04-10 11:09:06.819 10 INFO neutron.db.ovn_revision_numbers_db [None req-0da0a1e7-2c49-401a-85a8-27dc961919cc - - - - - -] Successfully bumped revision number for resource 23a4ded8-029f-4a9f-81aa-39a41c51cd10 (type: ports) to 1
2026-04-10 11:09:07.064 9 INFO neutron.wsgi [None req-c5c0cb63-21ca-433c-a90c-4fd61429268f 1890e5644dd2400aad00fcddb3908e7f 0889a09b420d4af8abbed9d078e035d5 - - default default] 10.0.0.229 "GET /v2.0/ports?tags=red HTTP/1.1" status: 200 len: 2448 time: 0.2722156
2026-04-10 11:09:07.179 10 INFO neutron.wsgi [None req-552cfbff-1cd8-421b-bc14-aae397cc942e 96a035f5320d4e2984c2d65cda18b637 84b871949d49496ab8b9cf576b4cd630 - - default default] 10.0.0.229 "POST /v2.0/vpn/vpnservices HTTP/1.1" status: 201 len: 657 time: 9.8026342
2026-04-10 11:09:07.190 9 WARNING neutron_lib.context [None req-7ae21a01-f7b6-483f-a134-19940c3af421 96a035f5320d4e2984c2d65cda18b637 84b871949d49496ab8b9cf576b4cd630 - - default default] Method 'is_advsvc' is deprecated since 2023.2 release (neutron-lib 3.8.0) and will be removed once support for the old RBAC API policies will be removed from Neutron. Please use method 'is_service_role' instead.
2026-04-10 11:09:07.211 10 INFO neutron.wsgi [None req-bf78e3d5-819b-4b5a-ae46-aa79e3dc2c3b 1890e5644dd2400aad00fcddb3908e7f 0889a09b420d4af8abbed9d078e035d5 - - default default] 10.0.0.229 "GET /v2.0/ports?tags=red%2Cblue HTTP/1.1" status: 200 len: 1708 time: 0.1412828
2026-04-10 11:09:07.275 10 INFO neutron.wsgi [None req-9919216f-1e32-4e9d-886d-132ebcf604a2 1890e5644dd2400aad00fcddb3908e7f 0889a09b420d4af8abbed9d078e035d5 - - default default] 10.0.0.229 "GET /v2.0/ports?tags-any=blue HTTP/1.1" status: 200 len: 1708 time: 0.0587335
2026-04-10 11:09:07.357 10 WARNING neutron_lib.context [None req-c9104d42-33bc-40ee-afdc-93ab492cfcd7 580b11e6ca514092a7e944ba50aab193 f621c14022994f7d85ae6bca02512750 - - default default] Method 'is_advsvc' is deprecated since 2023.2 release (neutron-lib 3.8.0) and will be removed once support for the old RBAC API policies will be removed from Neutron. Please use method 'is_service_role' instead.
2026-04-10 11:09:07.376 10 INFO neutron.wsgi [None req-f143aad2-87d8-4a28-b555-f49dde76a76f 1890e5644dd2400aad00fcddb3908e7f 0889a09b420d4af8abbed9d078e035d5 - - default default] 10.0.0.229 "GET /v2.0/ports?tags-any=red%2Cblue HTTP/1.1" status: 200 len: 2448 time: 0.0955205
2026-04-10 11:09:07.569 10 INFO neutron.wsgi [None req-4c101295-8772-4359-a388-3cb1a7259c2d 1890e5644dd2400aad00fcddb3908e7f 0889a09b420d4af8abbed9d078e035d5 - - default default] 10.0.0.229 "GET /v2.0/ports?not-tags=red HTTP/1.1" status: 200 len: 5463 time: 0.1873174
2026-04-10 11:09:07.601 10 INFO neutron.db.ovn_revision_numbers_db [None req-c9104d42-33bc-40ee-afdc-93ab492cfcd7 580b11e6ca514092a7e944ba50aab193 f621c14022994f7d85ae6bca02512750 - - default default] Successfully bumped revision number for resource 190fe487-2dff-4c39-97b1-ea5e63dfd4a7 (type: routers) to 1
2026-04-10 11:09:07.695 10 INFO neutron.wsgi [None req-c9104d42-33bc-40ee-afdc-93ab492cfcd7 580b11e6ca514092a7e944ba50aab193 f621c14022994f7d85ae6bca02512750 - - default default] 10.0.0.229 "POST /v2.0/routers HTTP/1.1" status: 201 len: 769 time: 0.5615911
2026-04-10 11:09:07.708 10 WARNING neutron_lib.context [None req-142618af-4fe4-48bc-ac4b-a7c39d19c03b 580b11e6ca514092a7e944ba50aab193 f621c14022994f7d85ae6bca02512750 - - default default] Method 'is_advsvc' is deprecated since 2023.2 release (neutron-lib 3.8.0) and will be removed once support for the old RBAC API policies will be removed from Neutron. Please use method 'is_service_role' instead.
2026-04-10 11:09:08.132 9 INFO neutron.wsgi [None req-221d8125-19a2-4290-ad72-bc74193957e6 1890e5644dd2400aad00fcddb3908e7f 0889a09b420d4af8abbed9d078e035d5 - - default default] 10.0.0.229 "GET /v2.0/ports?not-tags=red%2Cblue HTTP/1.1" status: 200 len: 6203 time: 0.5555077
2026-04-10 11:09:08.168 10 INFO neutron.db.ovn_revision_numbers_db [None req-142618af-4fe4-48bc-ac4b-a7c39d19c03b 580b11e6ca514092a7e944ba50aab193 f621c14022994f7d85ae6bca02512750 - - default default] Successfully bumped revision number for resource 0f0de81b-e038-4730-892e-33960e0d5767 (type: routers) to 1
2026-04-10 11:09:08.229 10 INFO neutron.wsgi [None req-33905208-202f-45c0-9a81-7f94a5ceb8ae 1890e5644dd2400aad00fcddb3908e7f 0889a09b420d4af8abbed9d078e035d5 - - default default] 10.0.0.229 "GET /v2.0/ports?not-tags-any=blue HTTP/1.1" status: 200 len: 6203 time: 0.0840542
2026-04-10 11:09:08.230 9 INFO neutron.wsgi [None req-20afcf34-d239-413c-b0da-6711546aa3fa 4e63f17d51b9417ca0d562426c409876 21725c1998244f97abe9878d715821e7 - - default default] 10.0.0.229 "PUT /v2.0/routers/c7193074-cb2b-4346-8a04-4cfba5fff1c9/remove_router_interface HTTP/1.1" status: 200 len: 503 time: 1.8437412
2026-04-10 11:09:08.234 10 INFO neutron.wsgi [None req-142618af-4fe4-48bc-ac4b-a7c39d19c03b 580b11e6ca514092a7e944ba50aab193 f621c14022994f7d85ae6bca02512750 - - default default] 10.0.0.229 "POST /v2.0/routers HTTP/1.1" status: 201 len: 769 time: 0.5294030 /var/lib/openstack/lib/python3.10/site-packages/pycadf/identifier.py:71: UserWarning: Invalid uuid: neutron. To ensure interoperability, identifiers should be a valid uuid. warnings.warn(('Invalid uuid: %s. To ensure interoperability, '
2026-04-10 11:09:08.242 10 WARNING neutron_lib.context [None req-ecd6ac0d-b67d-4c95-8aba-f5dd49540242 580b11e6ca514092a7e944ba50aab193 f621c14022994f7d85ae6bca02512750 - - default default] Method 'is_advsvc' is deprecated since 2023.2 release (neutron-lib 3.8.0) and will be removed once support for the old RBAC API policies will be removed from Neutron. Please use method 'is_service_role' instead.
2026-04-10 11:09:08.268 9 INFO neutron.wsgi [None req-7ae21a01-f7b6-483f-a134-19940c3af421 96a035f5320d4e2984c2d65cda18b637 84b871949d49496ab8b9cf576b4cd630 - - default default] 10.0.0.229 "POST /v2.0/vpn/vpnservices HTTP/1.1" status: 201 len: 623 time: 1.0836639
2026-04-10 11:09:08.284 10 WARNING neutron_lib.context [None req-796d9b44-0abc-4125-85c6-458f5b009c7b 96a035f5320d4e2984c2d65cda18b637 84b871949d49496ab8b9cf576b4cd630 - - default default] Method 'is_advsvc' is deprecated since 2023.2 release (neutron-lib 3.8.0) and will be removed once support for the old RBAC API policies will be removed from Neutron. Please use method 'is_service_role' instead.
2026-04-10 11:09:08.343 9 INFO neutron.wsgi [None req-3fe74b1a-09cf-4534-8f70-438e4bfab4e7 1890e5644dd2400aad00fcddb3908e7f 0889a09b420d4af8abbed9d078e035d5 - - default default] 10.0.0.229 "GET /v2.0/ports?not-tags-any=red%2Cblue HTTP/1.1" status: 200 len: 5463 time: 0.1077416
2026-04-10 11:09:08.393 10 INFO neutron.wsgi [None req-796d9b44-0abc-4125-85c6-458f5b009c7b 96a035f5320d4e2984c2d65cda18b637 84b871949d49496ab8b9cf576b4cd630 - - default default] 10.0.0.229 "POST /v2.0/vpn/ikepolicies HTTP/1.1" status: 201 len: 602 time: 0.1148622
2026-04-10 11:09:08.405 10 INFO neutron.db.ovn_revision_numbers_db [None req-ecd6ac0d-b67d-4c95-8aba-f5dd49540242 580b11e6ca514092a7e944ba50aab193 f621c14022994f7d85ae6bca02512750 - - default default] Successfully bumped revision number for resource 91ba4fb3-93ed-45e8-9df7-decc75bfb0f1 (type: routers) to 1
2026-04-10 11:09:08.411 9 WARNING neutron_lib.context [None req-2ac8b9cf-782f-43a0-8a39-de2665f117aa 96a035f5320d4e2984c2d65cda18b637 84b871949d49496ab8b9cf576b4cd630 - - default default] Method 'is_advsvc' is deprecated since 2023.2 release (neutron-lib 3.8.0) and will be removed once support for the old RBAC API policies will be removed from Neutron. Please use method 'is_service_role' instead.
2026-04-10 11:09:08.439 10 INFO neutron.wsgi [None req-ecd6ac0d-b67d-4c95-8aba-f5dd49540242 580b11e6ca514092a7e944ba50aab193 f621c14022994f7d85ae6bca02512750 - - default default] 10.0.0.229 "POST /v2.0/routers HTTP/1.1" status: 201 len: 769 time: 0.2007987
2026-04-10 11:09:08.450 10 WARNING neutron_lib.context [None req-7d973af4-db2d-49f1-b26a-e4b0a0e6d512 580b11e6ca514092a7e944ba50aab193 f621c14022994f7d85ae6bca02512750 - - default default] Method 'is_advsvc' is deprecated since 2023.2 release (neutron-lib 3.8.0) and will be removed once support for the old RBAC API policies will be removed from Neutron. Please use method 'is_service_role' instead.
2026-04-10 11:09:08.757 9 INFO neutron.wsgi [None req-2ac8b9cf-782f-43a0-8a39-de2665f117aa 96a035f5320d4e2984c2d65cda18b637 84b871949d49496ab8b9cf576b4cd630 - - default default] 10.0.0.229 "POST /v2.0/vpn/ipsecpolicies HTTP/1.1" status: 201 len: 612 time: 0.3524709
2026-04-10 11:09:08.783 9 INFO neutron.wsgi [None req-e1e1d19b-a878-4486-8800-d225f9b0b535 4e63f17d51b9417ca0d562426c409876 21725c1998244f97abe9878d715821e7 - - default default] 10.0.0.229 "DELETE /v2.0/subnets/5b4da1c3-e61b-4654-b447-ed0e557b884d HTTP/1.1" status: 204 len: 168 time: 0.5492356
2026-04-10 11:09:08.834 10 INFO neutron.db.ovn_revision_numbers_db [None req-7d973af4-db2d-49f1-b26a-e4b0a0e6d512 580b11e6ca514092a7e944ba50aab193 f621c14022994f7d85ae6bca02512750 - - default default] Successfully bumped revision number for resource b9e45e30-d1ca-4723-9e20-98e281881bb0 (type: routers) to 1
2026-04-10 11:09:08.907 9 WARNING neutron_lib.context [None req-f66ca2a7-480c-4c1d-ab97-fc37b641f201 96a035f5320d4e2984c2d65cda18b637 84b871949d49496ab8b9cf576b4cd630 - - default default] Method 'is_advsvc' is deprecated since 2023.2 release (neutron-lib 3.8.0) and will be removed once support for the old RBAC API policies will be removed from Neutron. Please use method 'is_service_role' instead.
2026-04-10 11:09:08.925 9 INFO neutron.wsgi [None req-d682b048-e3d1-4e68-b31d-4e9e77171696 1890e5644dd2400aad00fcddb3908e7f 0889a09b420d4af8abbed9d078e035d5 - - default default] 10.0.0.229 "DELETE /v2.0/ports/83a95b92-4168-4ac4-9158-da145e2dcbd4 HTTP/1.1" status: 204 len: 168 time: 0.5762086
2026-04-10 11:09:08.939 10 INFO neutron.wsgi [None req-7d973af4-db2d-49f1-b26a-e4b0a0e6d512 580b11e6ca514092a7e944ba50aab193 f621c14022994f7d85ae6bca02512750 - - default default] 10.0.0.229 "POST /v2.0/routers HTTP/1.1" status: 201 len: 769 time: 0.4940808
2026-04-10 11:09:08.949 10 WARNING neutron_lib.context [None req-664c8480-9778-4bdb-8434-0a68f59d61ea 580b11e6ca514092a7e944ba50aab193 f621c14022994f7d85ae6bca02512750 - - default default] Method 'is_advsvc' is deprecated since 2023.2 release (neutron-lib 3.8.0) and will be removed once support for the old RBAC API policies will be removed from Neutron. Please use method 'is_service_role' instead.
2026-04-10 11:09:09.052 9 INFO neutron.wsgi [None req-f66ca2a7-480c-4c1d-ab97-fc37b641f201 96a035f5320d4e2984c2d65cda18b637 84b871949d49496ab8b9cf576b4cd630 - - default default] 10.0.0.229 "POST /v2.0/vpn/endpoint-groups HTTP/1.1" status: 201 len: 528 time: 0.1512780
2026-04-10 11:09:09.063 9 WARNING neutron_lib.context [None req-6421cb83-ebbf-486f-b89c-89b6efc0c7f8 96a035f5320d4e2984c2d65cda18b637 84b871949d49496ab8b9cf576b4cd630 - - default default] Method 'is_advsvc' is deprecated since 2023.2 release (neutron-lib 3.8.0) and will be removed once support for the old RBAC API policies will be removed from Neutron. Please use method 'is_service_role' instead.
2026-04-10 11:09:09.117 10 INFO neutron.db.ovn_revision_numbers_db [None req-664c8480-9778-4bdb-8434-0a68f59d61ea 580b11e6ca514092a7e944ba50aab193 f621c14022994f7d85ae6bca02512750 - - default default] Successfully bumped revision number for resource 52bb2248-60dc-4107-a3d1-ca38fd6d96a1 (type: routers) to 1
2026-04-10 11:09:09.132 9 INFO neutron.wsgi [None req-6421cb83-ebbf-486f-b89c-89b6efc0c7f8 96a035f5320d4e2984c2d65cda18b637 84b871949d49496ab8b9cf576b4cd630 - - default default] 10.0.0.229 "POST /v2.0/vpn/endpoint-groups HTTP/1.1" status: 201 len: 518 time: 0.0738378
2026-04-10 11:09:09.143 10 WARNING neutron_lib.context [None req-9bf731f4-e7fb-4e33-ab81-30e210eab2d2 96a035f5320d4e2984c2d65cda18b637 84b871949d49496ab8b9cf576b4cd630 - - default default] Method 'is_advsvc' is deprecated since 2023.2 release (neutron-lib 3.8.0) and will be removed once support for the old RBAC API policies will be removed from Neutron. Please use method 'is_service_role' instead.
2026-04-10 11:09:09.154 10 INFO neutron.wsgi [None req-664c8480-9778-4bdb-8434-0a68f59d61ea 580b11e6ca514092a7e944ba50aab193 f621c14022994f7d85ae6bca02512750 - - default default] 10.0.0.229 "POST /v2.0/routers HTTP/1.1" status: 201 len: 769 time: 0.2092979
2026-04-10 11:09:09.240 9 INFO neutron.wsgi [None req-647a8066-4b38-41d1-9049-887500d58c09 580b11e6ca514092a7e944ba50aab193 f621c14022994f7d85ae6bca02512750 - - default default] 10.0.0.229 "PUT /v2.0/routers/190fe487-2dff-4c39-97b1-ea5e63dfd4a7/tags HTTP/1.1" status: 200 len: 210 time: 0.0788362
2026-04-10 11:09:09.314 9 INFO neutron.wsgi [None req-1d0120b8-1a5c-4393-af34-c75bd073730d 1890e5644dd2400aad00fcddb3908e7f 0889a09b420d4af8abbed9d078e035d5 - - default default] 10.0.0.229 "DELETE /v2.0/ports/13c5711e-42bf-474d-87de-067c2cc36432 HTTP/1.1" status: 204 len: 168 time: 0.3838928
2026-04-10 11:09:09.317 9 INFO neutron.wsgi [None req-c2235e41-1792-4722-b72a-f9040730a30e 580b11e6ca514092a7e944ba50aab193 f621c14022994f7d85ae6bca02512750 - - default default] 10.0.0.229 "PUT /v2.0/routers/0f0de81b-e038-4730-892e-33960e0d5767/tags HTTP/1.1" status: 200 len: 218 time: 0.0726337
2026-04-10 11:09:09.668 10 INFO neutron.wsgi [None req-f50ff1d2-b44a-4d51-8817-51b27b2da4e5 580b11e6ca514092a7e944ba50aab193 f621c14022994f7d85ae6bca02512750 - - default default] 10.0.0.229 "PUT /v2.0/routers/91ba4fb3-93ed-45e8-9df7-decc75bfb0f1/tags HTTP/1.1" status: 200 len: 227 time: 0.3414550
2026-04-10 11:09:09.902 9 INFO neutron.wsgi [None req-05c1de66-6eee-4794-8d12-58e1477d3261 1890e5644dd2400aad00fcddb3908e7f 0889a09b420d4af8abbed9d078e035d5 - - default default] 10.0.0.229 "DELETE /v2.0/ports/3025bc7e-2f1c-42fc-b5d1-d23366d7a2e9 HTTP/1.1" status: 204 len: 168 time: 0.5837932
2026-04-10 11:09:10.253 10 INFO neutron.wsgi [None req-841200c9-e5c6-42c7-91dc-46f9a0c10227 580b11e6ca514092a7e944ba50aab193 f621c14022994f7d85ae6bca02512750 - - default default] 10.0.0.229 "PUT /v2.0/routers/b9e45e30-d1ca-4723-9e20-98e281881bb0/tags HTTP/1.1" status: 200 len: 212 time: 0.5785341
2026-04-10 11:09:10.348 9 INFO neutron.wsgi [None req-3b354df8-4043-4a2b-a7b9-5c8587ebcf0c 580b11e6ca514092a7e944ba50aab193 f621c14022994f7d85ae6bca02512750 - - default default] 10.0.0.229 "GET /v2.0/routers?tags=red HTTP/1.1" status: 200 len: 1946 time: 0.0861778
2026-04-10 11:09:10.432 9 INFO neutron.wsgi [None req-1e694f14-57cd-4fa5-aba8-38ce4ff378d1 580b11e6ca514092a7e944ba50aab193 f621c14022994f7d85ae6bca02512750 - - default default] 10.0.0.229 "GET /v2.0/routers?tags=red%2Cblue HTTP/1.1" status: 200 len: 1375 time: 0.0825844
2026-04-10 11:09:10.512 9 INFO neutron.wsgi [None req-471dabf2-423c-4b94-b6d4-6d235414720f 580b11e6ca514092a7e944ba50aab193 f621c14022994f7d85ae6bca02512750 - - default default] 10.0.0.229 "GET /v2.0/routers?tags-any=blue HTTP/1.1" status: 200 len: 1375 time: 0.0719280
2026-04-10 11:09:10.593 9 INFO neutron.wsgi [None req-2815d640-c881-4e74-a7fa-40eb12ed3f33 580b11e6ca514092a7e944ba50aab193 f621c14022994f7d85ae6bca02512750 - - default default] 10.0.0.229 "GET /v2.0/routers?tags-any=red%2Cblue HTTP/1.1" status: 200 len: 1946 time: 0.0760002
2026-04-10 11:09:10.664 10 INFO neutron.wsgi [None req-3c2b739a-797f-47c2-95fb-5a91e0ca3a4f 4e63f17d51b9417ca0d562426c409876 21725c1998244f97abe9878d715821e7 - - default default] 10.0.0.229 "DELETE /v2.0/routers/c7193074-cb2b-4346-8a04-4cfba5fff1c9 HTTP/1.1" status: 204 len: 168 time: 1.8751612
2026-04-10 11:09:10.745 9 INFO neutron.wsgi [None req-39ccfbfa-5f50-4e0f-a0c1-cb6ba493e734 580b11e6ca514092a7e944ba50aab193 f621c14022994f7d85ae6bca02512750 - - default default] 10.0.0.229 "GET /v2.0/routers?not-tags=red HTTP/1.1" status: 200 len: 1347 time: 0.1448407
2026-04-10 11:09:10.752 10 INFO neutron.db.ovn_revision_numbers_db [None req-9bf731f4-e7fb-4e33-ab81-30e210eab2d2 96a035f5320d4e2984c2d65cda18b637 84b871949d49496ab8b9cf576b4cd630 - - default default] Successfully bumped revision number for resource 99656841-1160-4615-b018-a5a92b5e840f (type: routers) to 5
2026-04-10 11:09:10.779 10 INFO neutron.wsgi [None req-5989442f-027a-41b1-b57c-71679c084782 1890e5644dd2400aad00fcddb3908e7f 0889a09b420d4af8abbed9d078e035d5 - - default default] 10.0.0.229 "DELETE /v2.0/ports/3a0f2d6a-1643-47e1-92f3-a4b6165a2198 HTTP/1.1" status: 204 len: 168 time: 0.8712053
2026-04-10 11:09:10.886 10 INFO neutron.wsgi [None req-9bf731f4-e7fb-4e33-ab81-30e210eab2d2 96a035f5320d4e2984c2d65cda18b637 84b871949d49496ab8b9cf576b4cd630 - - default default] 10.0.0.229 "POST /v2.0/vpn/ipsec-site-connections HTTP/1.1" status: 201 len: 1002 time: 1.7486420
2026-04-10 11:09:10.906 10 WARNING neutron_lib.context [None req-f468a980-bfe8-4742-b05e-bab7a369761d 96a035f5320d4e2984c2d65cda18b637 84b871949d49496ab8b9cf576b4cd630 - - default default] Method 'is_advsvc' is deprecated since 2023.2 release (neutron-lib 3.8.0) and will be removed once support for the old RBAC API policies will be removed from Neutron. Please use method 'is_service_role' instead.
2026-04-10 11:09:11.036 10 INFO neutron.wsgi [None req-f468a980-bfe8-4742-b05e-bab7a369761d 96a035f5320d4e2984c2d65cda18b637 84b871949d49496ab8b9cf576b4cd630 - - default default] 10.0.0.229 "POST /v2.0/vpn/endpoint-groups HTTP/1.1" status: 201 len: 488 time: 0.1416793
2026-04-10 11:09:11.119 9 INFO neutron.wsgi [None req-f3d3a1ca-6930-4c6f-90e0-62c6bbe91b28 580b11e6ca514092a7e944ba50aab193 f621c14022994f7d85ae6bca02512750 - - default default] 10.0.0.229 "GET /v2.0/routers?not-tags=red%2Cblue HTTP/1.1" status: 200 len: 1918 time: 0.3646214
2026-04-10 11:09:11.123 10 INFO neutron.wsgi [None req-92e8eeb3-9613-47ed-97e7-bc362fd65d82 96a035f5320d4e2984c2d65cda18b637 84b871949d49496ab8b9cf576b4cd630 - - default default] 10.0.0.229 "DELETE /v2.0/vpn/endpoint-groups/e70ccf86-727e-4759-9a97-acf013c010fe HTTP/1.1" status: 204 len: 168 time: 0.0803003
2026-04-10 11:09:11.167 9 INFO neutron.wsgi [None req-98d33ff8-bdb6-4f7f-adb5-ae4fd5ebcc6f 96a035f5320d4e2984c2d65cda18b637 84b871949d49496ab8b9cf576b4cd630 - - default default] 10.0.0.229 "GET /v2.0/vpn/endpoint-groups HTTP/1.1" status: 200 len: 827 time: 0.0347333
2026-04-10 11:09:11.202 9 INFO neutron.wsgi [None req-cf1ab8ca-e2c8-41db-986a-76565ed102f0 96a035f5320d4e2984c2d65cda18b637 84b871949d49496ab8b9cf576b4cd630 - - default default] 10.0.0.229 "GET /v2.0/vpn/endpoint-groups HTTP/1.1" status: 200 len: 827 time: 0.0276797
2026-04-10 11:09:11.208 9 INFO neutron.wsgi [None req-86aae5e0-fefa-43dd-9e4f-cbfb0713147b 580b11e6ca514092a7e944ba50aab193 f621c14022994f7d85ae6bca02512750 - - default default] 10.0.0.229 "GET /v2.0/routers?not-tags-any=blue HTTP/1.1" status: 200 len: 1918 time: 0.0826476
2026-04-10 11:09:11.261 9 INFO neutron.wsgi [None req-3defd304-008c-4d59-ad85-d015e946a1dd 580b11e6ca514092a7e944ba50aab193 f621c14022994f7d85ae6bca02512750 - - default default] 10.0.0.229 "GET /v2.0/routers?not-tags-any=red%2Cblue HTTP/1.1" status: 200 len: 1347 time: 0.0459890
2026-04-10 11:09:11.316 9 INFO neutron.wsgi [None req-17f204c7-8b51-4dfa-824c-bcce88b60ade 580b11e6ca514092a7e944ba50aab193 f621c14022994f7d85ae6bca02512750 - - default default] 10.0.0.229 "GET /v2.0/routers/190fe487-2dff-4c39-97b1-ea5e63dfd4a7 HTTP/1.1" status: 200 len: 775 time: 0.0486326
2026-04-10 11:09:11.332 10 INFO neutron.wsgi [None req-7c4f5e21-7760-4dcd-b2df-1e77fed0d166 1890e5644dd2400aad00fcddb3908e7f 0889a09b420d4af8abbed9d078e035d5 - - default default] 10.0.0.229 "DELETE /v2.0/ports/8e0ce86a-8bd9-48a7-a3e1-a941183e26d5 HTTP/1.1" status: 204 len: 168 time: 0.5405269
2026-04-10 11:09:11.334 10 INFO neutron.services.segments.plugin [-] Segment 2d3986ef-be73-4058-9e0a-59f68295c301 resource provider aggregate not found
2026-04-10 11:09:11.338 10 INFO neutron.services.segments.plugin [-] Segment 2d3986ef-be73-4058-9e0a-59f68295c301 resource provider aggregate not found
2026-04-10 11:09:11.361 10 INFO neutron.services.segments.plugin [-] Segment 2d3986ef-be73-4058-9e0a-59f68295c301 resource provider not found; error: Placement Client Error (4xx): {"errors": [{"status": 404, "title": "Not Found", "detail": "The resource could not be found.\n\n No resource provider with uuid 2d3986ef-be73-4058-9e0a-59f68295c301 found for delete ", "request_id": "req-b5402a95-8f23-47e2-b293-af9273fb8939"}]}
2026-04-10 11:09:11.362 10 INFO neutron.services.segments.plugin [-] Segment 2d3986ef-be73-4058-9e0a-59f68295c301 resource provider not found; error: Placement Client Error (4xx): {"errors": [{"status": 404, "title": "Not Found", "detail": "The resource could not be found.\n\n No resource provider with uuid 2d3986ef-be73-4058-9e0a-59f68295c301 found for delete ", "request_id": "req-998feabd-52ba-4175-82a2-9e2e50d1f6bf"}]}
2026-04-10 11:09:11.399 10 INFO neutron.wsgi [None req-315f7b0b-2f8d-4580-a925-bfe59173057a 4e63f17d51b9417ca0d562426c409876 21725c1998244f97abe9878d715821e7 - - default default] 10.0.0.229 "DELETE /v2.0/networks/c2911bf3-9d3f-46ec-8be0-b295b7e234eb HTTP/1.1" status: 204 len: 168 time: 0.7234957
2026-04-10 11:09:11.780 9 INFO neutron.db.ovn_revision_numbers_db [None req-d5c8ae2a-58b7-4d92-80e5-5fec2847bd24 580b11e6ca514092a7e944ba50aab193 f621c14022994f7d85ae6bca02512750 - - default default] Successfully bumped revision number for resource 190fe487-2dff-4c39-97b1-ea5e63dfd4a7 (type: routers) to 2
2026-04-10 11:09:11.790 9 INFO neutron.wsgi [None req-d5c8ae2a-58b7-4d92-80e5-5fec2847bd24 580b11e6ca514092a7e944ba50aab193 f621c14022994f7d85ae6bca02512750 - - default default] 10.0.0.229 "PUT /v2.0/routers/190fe487-2dff-4c39-97b1-ea5e63dfd4a7 HTTP/1.1" status: 200 len: 775 time: 0.4702628
2026-04-10 11:09:11.824 10 INFO neutron.wsgi [None req-e19d3768-74e2-4a2a-b410-78e035ef5da7 1890e5644dd2400aad00fcddb3908e7f 0889a09b420d4af8abbed9d078e035d5 - - default default] 10.0.0.229 "DELETE /v2.0/networks/05a7d699-b800-42c8-a752-f0d3e9c4842a HTTP/1.1" status: 204 len: 168 time: 0.4824321
2026-04-10 11:09:11.827 9 INFO neutron.wsgi [None req-279649c2-5c17-45e8-8c34-4ecf4bb112a3 580b11e6ca514092a7e944ba50aab193 f621c14022994f7d85ae6bca02512750 - - default default] 10.0.0.229 "GET /v2.0/ports?device_id=190fe487-2dff-4c39-97b1-ea5e63dfd4a7 HTTP/1.1" status: 200 len: 205 time: 0.0245535
2026-04-10 11:09:11.888 10 INFO neutron.wsgi [None req-60ecde96-0888-464b-8c19-c3245aa319eb 8bab4d9024bd4780961c6c824c537424 1abc3b7f42a94782876dd84423d6340c - - default default] 10.0.0.229 "POST /v2.0/vpn/ikepolicies HTTP/1.1" status: 201 len: 602 time: 0.3056624
2026-04-10 11:09:11.907 9 INFO neutron.wsgi [None req-81e3e853-1878-4eee-b8c2-aa885e9954a4 96a035f5320d4e2984c2d65cda18b637 84b871949d49496ab8b9cf576b4cd630 - - default default] 10.0.0.229 "GET /v2.0/vpn/ikepolicies HTTP/1.1" status: 200 len: 991 time: 0.0145276
2026-04-10 11:09:11.965 9 INFO neutron.wsgi [None req-1b8e353c-c0d7-4654-b7c2-d4fbc08f1007 8bab4d9024bd4780961c6c824c537424 1abc3b7f42a94782876dd84423d6340c - - default default] 10.0.0.229 "DELETE /v2.0/vpn/ikepolicies/674cbf19-e45a-41ce-bd6a-6f99adad390c HTTP/1.1" status: 204 len: 168 time: 0.0503125
2026-04-10 11:09:12.096 9 INFO neutron.wsgi [None req-4c45f300-9974-4c08-bb05-8c8c477efaa7 8bab4d9024bd4780961c6c824c537424 1abc3b7f42a94782876dd84423d6340c - - default default] 10.0.0.229 "POST /v2.0/vpn/ipsecpolicies HTTP/1.1" status: 201 len: 611 time: 0.1238885
2026-04-10 11:09:12.118 10 INFO neutron.wsgi [None req-e194000c-ea42-41bd-82c8-974e02e17efd 96a035f5320d4e2984c2d65cda18b637 84b871949d49496ab8b9cf576b4cd630 - - default default] 10.0.0.229 "GET /v2.0/vpn/ipsecpolicies HTTP/1.1" status: 200 len: 1008 time: 0.0155020
2026-04-10 11:09:12.200 10 INFO neutron.wsgi [None req-2db738ab-0a86-46bd-b591-85578dcae665 8bab4d9024bd4780961c6c824c537424 1abc3b7f42a94782876dd84423d6340c - - default default] 10.0.0.229 "DELETE /v2.0/vpn/ipsecpolicies/095092bc-4e73-48a1-9975-dee7ce0f446b HTTP/1.1" status: 204 len: 168 time: 0.0778856
2026-04-10 11:09:12.206 10 INFO neutron.wsgi [None req-5cdb7df9-3d90-4dcc-a4ee-fec7570a90ad 580b11e6ca514092a7e944ba50aab193 f621c14022994f7d85ae6bca02512750 - - default default] 10.0.0.229 "DELETE /v2.0/routers/190fe487-2dff-4c39-97b1-ea5e63dfd4a7 HTTP/1.1" status: 204 len: 168 time: 0.3725345
2026-04-10 11:09:12.210 10 WARNING neutron_lib.context [None req-eb3353a7-d999-46ad-8319-eb4b98c710da 96a035f5320d4e2984c2d65cda18b637 84b871949d49496ab8b9cf576b4cd630 - - default default] Method 'is_advsvc' is deprecated since 2023.2 release (neutron-lib 3.8.0) and will be removed once support for the old RBAC API policies will be removed from Neutron. Please use method 'is_service_role' instead.
2026-04-10 11:09:12.273 9 INFO neutron.wsgi [None req-49b7d3cd-dd51-4633-8550-63ecec1e9a82 580b11e6ca514092a7e944ba50aab193 f621c14022994f7d85ae6bca02512750 - - default default] 10.0.0.229 "GET /v2.0/routers/0f0de81b-e038-4730-892e-33960e0d5767 HTTP/1.1" status: 200 len: 783 time: 0.0614557
2026-04-10 11:09:12.319 10 INFO neutron.db.segments_db [None req-eb3353a7-d999-46ad-8319-eb4b98c710da 96a035f5320d4e2984c2d65cda18b637 84b871949d49496ab8b9cf576b4cd630 - - default default] Added segment ab63dc44-d0aa-4cb5-9e6a-7f2dcc01db53 of type geneve for network 22fe9231-f108-447a-b91b-0dfa849354cf
2026-04-10 11:09:12.331 9 WARNING neutron.plugins.ml2.drivers.ovn.mech_driver.ovsdb.ovn_client [None req-77b34222-c866-4411-9cd8-061608bc8b6c - - - - - -] No hosting information found for port 24d57899-480b-44fe-9d14-8b9db3102a93: RuntimeError: No hosting information found for port 24d57899-480b-44fe-9d14-8b9db3102a93
2026-04-10 11:09:12.378 9 INFO neutron.services.segments.plugin [-] Segment f7ce9df2-1a2c-4e79-bba0-8bb97b839686 resource provider aggregate not found
2026-04-10 11:09:12.390 9 INFO neutron.services.segments.plugin [-] Segment f7ce9df2-1a2c-4e79-bba0-8bb97b839686 resource provider aggregate not found
2026-04-10 11:09:12.394 9 INFO neutron.services.segments.plugin [-] Segment f7ce9df2-1a2c-4e79-bba0-8bb97b839686 resource provider not found; error: Placement Client Error (4xx): {"errors": [{"status": 404, "title": "Not Found", "detail": "The resource could not be found.\n\n No resource provider with uuid f7ce9df2-1a2c-4e79-bba0-8bb97b839686 found for delete ", "request_id": "req-5e74a81d-ecea-4cb9-9ccd-b4b6d5260751"}]}
2026-04-10 11:09:12.407 9 INFO neutron.services.segments.plugin [-] Segment f7ce9df2-1a2c-4e79-bba0-8bb97b839686 resource provider not found; error: Placement Client Error (4xx): {"errors": [{"status": 404, "title": "Not Found", "detail": "The resource could not be found.\n\n No resource provider with uuid f7ce9df2-1a2c-4e79-bba0-8bb97b839686 found for delete ", "request_id": "req-09dfd699-8602-420b-8e8d-3d3c5168c5ae"}]}
2026-04-10 11:09:12.424 9 INFO neutron.wsgi [None req-df3207b7-2f65-480f-99a7-eea4a82065ab 1890e5644dd2400aad00fcddb3908e7f 0889a09b420d4af8abbed9d078e035d5 - - default default] 10.0.0.229 "DELETE /v2.0/networks/11db77cc-67a1-4cd5-983b-7773f3c52144 HTTP/1.1" status: 204 len: 168 time: 0.5939846
2026-04-10 11:09:12.559 10 INFO neutron.wsgi [None req-44863c1d-f272-4fcf-9d18-412f590fac55 a304790ba8194752a146b2033d6d7794 2ba55315547740999bfc5a2567fd5682 - - default default] 10.0.0.229 "GET /v2.0/security-groups?tenant_id=21725c1998244f97abe9878d715821e7&name=default HTTP/1.1" status: 200 len: 3120 time: 0.3109243
2026-04-10 11:09:12.656 10 INFO neutron.db.ovn_revision_numbers_db [None req-eb3353a7-d999-46ad-8319-eb4b98c710da 96a035f5320d4e2984c2d65cda18b637 84b871949d49496ab8b9cf576b4cd630 - - default default] Successfully bumped revision number for resource 22fe9231-f108-447a-b91b-0dfa849354cf (type: networks) to 1
2026-04-10 11:09:13.063 10 INFO neutron.db.ovn_revision_numbers_db [None req-c9bc31a9-785b-4d5d-a4ab-dcfea516bb1a 580b11e6ca514092a7e944ba50aab193 f621c14022994f7d85ae6bca02512750 - - default default] Successfully bumped revision number for resource 0f0de81b-e038-4730-892e-33960e0d5767 (type: routers) to 2
2026-04-10 11:09:13.071 10 INFO neutron.wsgi [None req-c9bc31a9-785b-4d5d-a4ab-dcfea516bb1a 580b11e6ca514092a7e944ba50aab193 f621c14022994f7d85ae6bca02512750 - - default default] 10.0.0.229 "PUT /v2.0/routers/0f0de81b-e038-4730-892e-33960e0d5767 HTTP/1.1" status: 200 len: 783 time: 0.7923489
2026-04-10 11:09:13.095 9 INFO neutron.wsgi [None req-e0a0d3ad-1c9a-4686-8de7-eb8704c86d98 1890e5644dd2400aad00fcddb3908e7f 0889a09b420d4af8abbed9d078e035d5 - - default default] 10.0.0.229 "DELETE /v2.0/networks/10fbf0d2-9b5d-42b2-a0b7-36d040d5393c HTTP/1.1" status: 204 len: 168 time: 0.6628816
2026-04-10 11:09:13.105 9 INFO neutron.wsgi [None req-75301952-8b38-4867-9c04-aec2f2f87dd0 a304790ba8194752a146b2033d6d7794 2ba55315547740999bfc5a2567fd5682 - - default default] 10.0.0.229 "DELETE /v2.0/security-groups/533d9e02-f743-4c93-8bfa-bb66d915f8f6 HTTP/1.1" status: 204 len: 168 time: 0.5401013
2026-04-10 11:09:13.113 10 INFO neutron.wsgi [None req-37b53b9a-424a-4ebf-af51-ab15747bb3e8 580b11e6ca514092a7e944ba50aab193 f621c14022994f7d85ae6bca02512750 - - default default] 10.0.0.229 "GET /v2.0/ports?device_id=0f0de81b-e038-4730-892e-33960e0d5767 HTTP/1.1" status: 200 len: 205 time: 0.0368576
2026-04-10 11:09:13.219 10 WARNING neutron.scheduler.dhcp_agent_scheduler [None req-eb3353a7-d999-46ad-8319-eb4b98c710da 96a035f5320d4e2984c2d65cda18b637 84b871949d49496ab8b9cf576b4cd630 - - default default] No more DHCP agents
2026-04-10 11:09:13.224 10 WARNING neutron.api.rpc.agentnotifiers.dhcp_rpc_agent_api [None req-eb3353a7-d999-46ad-8319-eb4b98c710da 96a035f5320d4e2984c2d65cda18b637 84b871949d49496ab8b9cf576b4cd630 - - default default] Unable to schedule network 22fe9231-f108-447a-b91b-0dfa849354cf: no agents available; will retry on subsequent port and subnet creation events.
2026-04-10 11:09:13.355 10 INFO neutron.db.ovn_revision_numbers_db [None req-eb3353a7-d999-46ad-8319-eb4b98c710da 96a035f5320d4e2984c2d65cda18b637 84b871949d49496ab8b9cf576b4cd630 - - default default] Successfully bumped revision number for resource 8d9e7b8c-1a82-4bae-ac9e-d65778d24a44 (type: ports) to 1
2026-04-10 11:09:13.396 10 INFO neutron.services.segments.plugin [-] Segment a1d4f479-0ca0-420c-8d4d-4729cbad6321 resource provider aggregate not found
2026-04-10 11:09:13.399 9 INFO neutron.wsgi [None req-22133563-9ee8-465a-9081-933eaface3aa 580b11e6ca514092a7e944ba50aab193 f621c14022994f7d85ae6bca02512750 - - default default] 10.0.0.229 "DELETE /v2.0/routers/0f0de81b-e038-4730-892e-33960e0d5767 HTTP/1.1" status: 204 len: 168 time: 0.2815926
2026-04-10 11:09:13.406 10 INFO neutron.services.segments.plugin [-] Segment a1d4f479-0ca0-420c-8d4d-4729cbad6321 resource provider aggregate not found
2026-04-10 11:09:13.415 10 INFO neutron.services.segments.plugin [-] Segment a1d4f479-0ca0-420c-8d4d-4729cbad6321 resource provider not found; error: Placement Client Error (4xx): {"errors": [{"status": 404, "title": "Not Found", "detail": "The resource could not be found.\n\n No resource provider with uuid a1d4f479-0ca0-420c-8d4d-4729cbad6321 found for delete ", "request_id": "req-a5f88f43-c214-4a69-bdae-7e6ff8e06931"}]}
2026-04-10 11:09:13.417 10 INFO neutron.wsgi [None req-eb3353a7-d999-46ad-8319-eb4b98c710da 96a035f5320d4e2984c2d65cda18b637 84b871949d49496ab8b9cf576b4cd630 - - default default] 10.0.0.229 "POST /v2.0/networks HTTP/1.1" status: 201 len: 830 time: 1.2107654
2026-04-10 11:09:13.437 10 INFO neutron.services.segments.plugin [-] Segment a1d4f479-0ca0-420c-8d4d-4729cbad6321 resource provider not found; error: Placement Client Error (4xx): {"errors": [{"status": 404, "title": "Not Found", "detail": "The resource could not be found.\n\n No resource provider with uuid a1d4f479-0ca0-420c-8d4d-4729cbad6321 found for delete ", "request_id": "req-ea6e6371-8618-44c5-91be-e07fc22b7b9c"}]}
2026-04-10 11:09:13.439 9 WARNING neutron_lib.context [None req-29be4eeb-b921-4549-94a5-cf757a70ff3f 96a035f5320d4e2984c2d65cda18b637 84b871949d49496ab8b9cf576b4cd630 - - default default] Method 'is_advsvc' is deprecated since 2023.2 release (neutron-lib 3.8.0) and will be removed once support for the old RBAC API policies will be removed from Neutron. Please use method 'is_service_role' instead.
2026-04-10 11:09:13.477 9 INFO neutron.wsgi [None req-deddb367-5fb4-415d-aaaa-54b8220b78c2 580b11e6ca514092a7e944ba50aab193 f621c14022994f7d85ae6bca02512750 - - default default] 10.0.0.229 "GET /v2.0/routers/91ba4fb3-93ed-45e8-9df7-decc75bfb0f1 HTTP/1.1" status: 200 len: 792 time: 0.0694425
2026-04-10 11:09:13.525 10 INFO neutron.db.ovn_revision_numbers_db [None req-f1470c6e-248f-4b42-a845-1a0bd5cdef4a a304790ba8194752a146b2033d6d7794 2ba55315547740999bfc5a2567fd5682 - - default default] Successfully bumped revision number for resource 41ccd447-9b81-473d-bd44-ba268c4ff759 (type: security_groups) to 1
2026-04-10 11:09:13.574 10 INFO neutron.db.ovn_revision_numbers_db [None req-f1470c6e-248f-4b42-a845-1a0bd5cdef4a a304790ba8194752a146b2033d6d7794 2ba55315547740999bfc5a2567fd5682 - - default default] Successfully bumped revision number for resource 28641080-c604-40ba-8d2f-6605f3c6cd4d (type: security_group_rules) to 0
2026-04-10 11:09:13.624 10 INFO neutron.db.ovn_revision_numbers_db [None req-f1470c6e-248f-4b42-a845-1a0bd5cdef4a a304790ba8194752a146b2033d6d7794 2ba55315547740999bfc5a2567fd5682 - - default default] Successfully bumped revision number for resource 7d8235f3-bd4e-4c7e-b19d-f3289a336589 (type: security_group_rules) to 0
2026-04-10 11:09:13.667 10 INFO neutron.db.ovn_revision_numbers_db [None req-f1470c6e-248f-4b42-a845-1a0bd5cdef4a a304790ba8194752a146b2033d6d7794 2ba55315547740999bfc5a2567fd5682 - - default default] Successfully bumped revision number for resource e462e581-6896-48d3-bfc1-dbe9a80c4d24 (type: security_group_rules) to 0
2026-04-10 11:09:13.697 9 WARNING neutron.scheduler.dhcp_agent_scheduler [None req-29be4eeb-b921-4549-94a5-cf757a70ff3f 96a035f5320d4e2984c2d65cda18b637 84b871949d49496ab8b9cf576b4cd630 - - default default] No more DHCP agents
2026-04-10 11:09:13.699 9 WARNING neutron.api.rpc.agentnotifiers.dhcp_rpc_agent_api [None req-29be4eeb-b921-4549-94a5-cf757a70ff3f 96a035f5320d4e2984c2d65cda18b637 84b871949d49496ab8b9cf576b4cd630 - - default default] Unable to schedule network 22fe9231-f108-447a-b91b-0dfa849354cf: no agents available; will retry on subsequent port and subnet creation events.
2026-04-10 11:09:13.716 10 INFO neutron.db.ovn_revision_numbers_db [None req-f1470c6e-248f-4b42-a845-1a0bd5cdef4a a304790ba8194752a146b2033d6d7794 2ba55315547740999bfc5a2567fd5682 - - default default] Successfully bumped revision number for resource f50db41a-08e8-4ce4-bbf2-d235ff48b186 (type: security_group_rules) to 0
2026-04-10 11:09:13.762 10 INFO neutron.wsgi [None req-f1470c6e-248f-4b42-a845-1a0bd5cdef4a a304790ba8194752a146b2033d6d7794 2ba55315547740999bfc5a2567fd5682 - - default default] 10.0.0.229 "GET /v2.0/security-groups?tenant_id=c8f4d96bb85246b58846da47f5e5eee9&name=default HTTP/1.1" status: 200 len: 3120 time: 0.4966543
2026-04-10 11:09:13.905 10 INFO neutron.wsgi [None req-435fa97d-db5b-4c88-8ed8-6055d50973a0 1890e5644dd2400aad00fcddb3908e7f 0889a09b420d4af8abbed9d078e035d5 - - default default] 10.0.0.229 "DELETE /v2.0/networks/cc14734d-889a-4448-9e31-bad507e1ba34 HTTP/1.1" status: 204 len: 168 time: 0.8031635
2026-04-10 11:09:13.959 10 INFO neutron.db.ovn_revision_numbers_db [None req-a3495e3f-47be-470f-8613-2d9ca74f6534 580b11e6ca514092a7e944ba50aab193 f621c14022994f7d85ae6bca02512750 - - default default] Successfully bumped revision number for resource 91ba4fb3-93ed-45e8-9df7-decc75bfb0f1 (type: routers) to 2
2026-04-10 11:09:13.964 10 INFO neutron.wsgi [None req-a3495e3f-47be-470f-8613-2d9ca74f6534 580b11e6ca514092a7e944ba50aab193 f621c14022994f7d85ae6bca02512750 - - default default] 10.0.0.229 "PUT /v2.0/routers/91ba4fb3-93ed-45e8-9df7-decc75bfb0f1 HTTP/1.1" status: 200 len: 792 time: 0.4732838
2026-04-10 11:09:13.989 10 INFO neutron.wsgi [None req-6c5bd814-4d82-46f8-a893-74989556ddc6 580b11e6ca514092a7e944ba50aab193 f621c14022994f7d85ae6bca02512750 - - default default] 10.0.0.229 "GET /v2.0/ports?device_id=91ba4fb3-93ed-45e8-9df7-decc75bfb0f1 HTTP/1.1" status: 200 len: 205 time: 0.0200925
2026-04-10 11:09:14.213 9 INFO neutron.wsgi [None req-face90b5-ca54-4b90-8d59-c8d4608eac8b a304790ba8194752a146b2033d6d7794 2ba55315547740999bfc5a2567fd5682 - - default default] 10.0.0.229 "DELETE /v2.0/security-groups/41ccd447-9b81-473d-bd44-ba268c4ff759 HTTP/1.1" status: 204 len: 168 time: 0.4456334
2026-04-10 11:09:14.232 10 INFO neutron.wsgi [None req-472af6a7-eb94-4397-8d32-59dfda0da19d 580b11e6ca514092a7e944ba50aab193 f621c14022994f7d85ae6bca02512750 - - default default] 10.0.0.229 "DELETE /v2.0/routers/91ba4fb3-93ed-45e8-9df7-decc75bfb0f1 HTTP/1.1" status: 204 len: 168 time: 0.2390788
2026-04-10 11:09:14.287 10 INFO neutron.wsgi [None req-da2528fa-1b23-4b5b-b1d1-152cf12af96e 580b11e6ca514092a7e944ba50aab193 f621c14022994f7d85ae6bca02512750 - - default default] 10.0.0.229 "GET /v2.0/routers/b9e45e30-d1ca-4723-9e20-98e281881bb0 HTTP/1.1" status: 200 len: 777 time: 0.0491607
