2026-04-10 11:05:20.644 10 INFO neutron.db.ovn_revision_numbers_db [None req-b40d0cfb-9929-41f6-9db1-49d9ca642db2 a304790ba8194752a146b2033d6d7794 2ba55315547740999bfc5a2567fd5682 - - default default] Successfully bumped revision number for resource 35f4b4a4-5f22-470c-adc4-29c5f1393716 (type: security_group_rules) to 0 /var/lib/openstack/lib/python3.10/site-packages/pycadf/identifier.py:71: UserWarning: Invalid uuid: neutron. To ensure interoperability, identifiers should be a valid uuid. warnings.warn(('Invalid uuid: %s. To ensure interoperability, '
2026-04-10 11:05:20.714 10 INFO neutron.db.ovn_revision_numbers_db [None req-b40d0cfb-9929-41f6-9db1-49d9ca642db2 a304790ba8194752a146b2033d6d7794 2ba55315547740999bfc5a2567fd5682 - - default default] Successfully bumped revision number for resource 84539c1f-38f2-4be5-8105-6dd312d986c6 (type: security_group_rules) to 0
2026-04-10 11:05:20.771 9 INFO neutron.wsgi [req-09077683-690f-49bb-a474-4a08fb5b8ac2 req-ee690888-864f-4a12-a3d0-84fe7cb73cf3 a0a2346ffb62470c92643250a27341e6 3bbc9b5eeb314e25961eab9e02e755d2 - - default default] 10.0.0.29 "GET /v2.0/ports?device_id=ba04eb71-1d26-46e6-bce9-6eed223d23dd HTTP/1.1" status: 200 len: 1156 time: 0.1001601
2026-04-10 11:05:20.809 10 INFO neutron.db.ovn_revision_numbers_db [None req-b40d0cfb-9929-41f6-9db1-49d9ca642db2 a304790ba8194752a146b2033d6d7794 2ba55315547740999bfc5a2567fd5682 - - default default] Successfully bumped revision number for resource b6e13407-c941-4820-a1c4-027c102e0e9f (type: security_group_rules) to 0
2026-04-10 11:05:20.810 9 INFO neutron.db.ovn_revision_numbers_db [req-65ba0cf3-c6e2-404e-9e0b-8eae7aed017b req-def72295-8f8f-4ff5-a451-853d886c829a a0a2346ffb62470c92643250a27341e6 3bbc9b5eeb314e25961eab9e02e755d2 - - default default] Successfully bumped revision number for resource 4b050d9b-1c6a-4892-baed-eefcd955b7e7 (type: ports) to 1
2026-04-10 11:05:20.814 10 INFO neutron.wsgi [req-04f353c8-1940-4be1-be89-3682b5695960 req-7df695df-d249-42ca-801c-1c6a9d0bba6c 6e55b2a418dc4a1697e8b9f549ed991d 5a853d36d144407e91a0ac896f86c8bc - - default default] 10.0.0.29 "GET /v2.0/ports?device_id=928d5248-3065-464f-b538-9ffd9738b428 HTTP/1.1" status: 200 len: 210 time: 0.0308523
2026-04-10 11:05:20.819 9 INFO neutron.wsgi [req-09077683-690f-49bb-a474-4a08fb5b8ac2 req-1e911cfe-4415-4d3d-aa21-477a03a6e0cf a0a2346ffb62470c92643250a27341e6 3bbc9b5eeb314e25961eab9e02e755d2 - - default default] 10.0.0.29 "GET /v2.0/security-groups?id=3bf3c3a1-a366-46f6-9534-681753ebb2c2&fields=id&fields=name HTTP/1.1" status: 200 len: 313 time: 0.0404308
2026-04-10 11:05:20.843 9 INFO neutron.wsgi [req-65ba0cf3-c6e2-404e-9e0b-8eae7aed017b req-def72295-8f8f-4ff5-a451-853d886c829a a0a2346ffb62470c92643250a27341e6 3bbc9b5eeb314e25961eab9e02e755d2 - - default default] 199.204.45.115 "POST /v2.0/ports HTTP/1.1" status: 201 len: 1158 time: 0.8801856
2026-04-10 11:05:20.878 10 INFO neutron.db.segments_db [None req-b40d0cfb-9929-41f6-9db1-49d9ca642db2 a304790ba8194752a146b2033d6d7794 2ba55315547740999bfc5a2567fd5682 - - default default] Added segment 7ceb5b0e-b309-4b52-9b0e-195dd49c6aec of type geneve for network 820a9612-5276-4e7e-a29e-984ae64739a8
2026-04-10 11:05:21.088 10 INFO neutron.db.ovn_revision_numbers_db [None req-b40d0cfb-9929-41f6-9db1-49d9ca642db2 a304790ba8194752a146b2033d6d7794 2ba55315547740999bfc5a2567fd5682 - - default default] Successfully bumped revision number for resource 820a9612-5276-4e7e-a29e-984ae64739a8 (type: networks) to 1
2026-04-10 11:05:21.346 10 ERROR ovsdbapp.backend.ovs_idl.command [None req-872aab00-d0f2-4dc8-8930-50bd21cd6ac7 8620782f60a24e498eca0ea91d063925 1dcfe427a2ba42e69a94b53448e50127 - - default default] Error executing command (DbGetCommand): ovsdbapp.backend.ovs_idl.idlutils.RowNotFound: Cannot find Logical_Router_Port with name=lrp-a8785e28-eb73-4959-b8c9-838fb51c8c0a
2026-04-10 11:05:21.346 10 ERROR ovsdbapp.backend.ovs_idl.command
Traceback (most recent call last):
2026-04-10 11:05:21.346 10 ERROR ovsdbapp.backend.ovs_idl.command
File "/var/lib/openstack/lib/python3.10/site-packages/ovsdbapp/backend/ovs_idl/command.py", line 47, in execute
2026-04-10 11:05:21.346 10 ERROR ovsdbapp.backend.ovs_idl.command self.run_idl(None)
2026-04-10 11:05:21.346 10 ERROR ovsdbapp.backend.ovs_idl.command
File "/var/lib/openstack/lib/python3.10/site-packages/ovsdbapp/backend/ovs_idl/command.py", line 235, in run_idl
2026-04-10 11:05:21.346 10 ERROR ovsdbapp.backend.ovs_idl.command record = self.api.lookup(self.table, self.record)
2026-04-10 11:05:21.346 10 ERROR ovsdbapp.backend.ovs_idl.command
File "/var/lib/openstack/lib/python3.10/site-packages/ovsdbapp/backend/ovs_idl/__init__.py", line 184, in lookup
2026-04-10 11:05:21.346 10 ERROR ovsdbapp.backend.ovs_idl.command return self._lookup(table, record)
2026-04-10 11:05:21.346 10 ERROR ovsdbapp.backend.ovs_idl.command
File "/var/lib/openstack/lib/python3.10/site-packages/ovsdbapp/backend/ovs_idl/__init__.py", line 235, in _lookup
2026-04-10 11:05:21.346 10 ERROR ovsdbapp.backend.ovs_idl.command row = idlutils.row_by_value(self, rl.table, rl.column, record)
2026-04-10 11:05:21.346 10 ERROR ovsdbapp.backend.ovs_idl.command
File "/var/lib/openstack/lib/python3.10/site-packages/ovsdbapp/backend/ovs_idl/idlutils.py", line 114, in row_by_value
2026-04-10 11:05:21.346 10 ERROR ovsdbapp.backend.ovs_idl.command raise RowNotFound(table=table, col=column, match=match)
2026-04-10 11:05:21.346 10 ERROR ovsdbapp.backend.ovs_idl.command ovsdbapp.backend.ovs_idl.idlutils.RowNotFound: Cannot find Logical_Router_Port with name=lrp-a8785e28-eb73-4959-b8c9-838fb51c8c0a
2026-04-10 11:05:21.346 10 ERROR ovsdbapp.backend.ovs_idl.command 
2026-04-10 11:05:21.346 10 ERROR neutron_lib.callbacks.manager [None req-872aab00-d0f2-4dc8-8930-50bd21cd6ac7 8620782f60a24e498eca0ea91d063925 1dcfe427a2ba42e69a94b53448e50127 - - default default] Error during notification for neutron.services.ovn_l3.plugin.OVNL3RouterPlugin._port_update-8743294587631 port, after_update: ovsdbapp.backend.ovs_idl.idlutils.RowNotFound: Cannot find Logical_Router_Port with name=lrp-a8785e28-eb73-4959-b8c9-838fb51c8c0a
2026-04-10 11:05:21.346 10 ERROR neutron_lib.callbacks.manager
Traceback (most recent call last):
2026-04-10 11:05:21.346 10 ERROR neutron_lib.callbacks.manager
File "/var/lib/openstack/lib/python3.10/site-packages/neutron_lib/callbacks/manager.py", line 189, in _notify_loop
2026-04-10 11:05:21.346 10 ERROR neutron_lib.callbacks.manager callback.method(resource, event, trigger, payload=payload)
2026-04-10 11:05:21.346 10 ERROR neutron_lib.callbacks.manager
File "/var/lib/openstack/lib/python3.10/site-packages/neutron/services/ovn_l3/plugin.py", line 391, in _port_update
2026-04-10 11:05:21.346 10 ERROR neutron_lib.callbacks.manager l3plugin._ovn_client.update_router_port(context,
2026-04-10 11:05:21.346 10 ERROR neutron_lib.callbacks.manager
File "/var/lib/openstack/lib/python3.10/site-packages/neutron/plugins/ml2/drivers/ovn/mech_driver/ovsdb/ovn_client.py", line 1878, in update_router_port
2026-04-10 11:05:21.346 10 ERROR neutron_lib.callbacks.manager self._update_lrouter_port(context, port, if_exists=if_exists,
2026-04-10 11:05:21.346 10 ERROR neutron_lib.callbacks.manager
File "/var/lib/openstack/lib/python3.10/site-packages/neutron/plugins/ml2/drivers/ovn/mech_driver/ovsdb/ovn_client.py", line 1855, in _update_lrouter_port
2026-04-10 11:05:21.346 10 ERROR neutron_lib.callbacks.manager external_ids = self._nb_idl.db_get(
2026-04-10 11:05:21.346 10 ERROR neutron_lib.callbacks.manager
File "/var/lib/openstack/lib/python3.10/site-packages/ovsdbapp/backend/ovs_idl/command.py", line 47, in execute
2026-04-10 11:05:21.346 10 ERROR neutron_lib.callbacks.manager self.run_idl(None)
2026-04-10 11:05:21.346 10 ERROR neutron_lib.callbacks.manager
File "/var/lib/openstack/lib/python3.10/site-packages/ovsdbapp/backend/ovs_idl/command.py", line 235, in run_idl
2026-04-10 11:05:21.346 10 ERROR neutron_lib.callbacks.manager record = self.api.lookup(self.table, self.record)
2026-04-10 11:05:21.346 10 ERROR neutron_lib.callbacks.manager
File "/var/lib/openstack/lib/python3.10/site-packages/ovsdbapp/backend/ovs_idl/__init__.py", line 184, in lookup
2026-04-10 11:05:21.346 10 ERROR neutron_lib.callbacks.manager return self._lookup(table, record)
2026-04-10 11:05:21.346 10 ERROR neutron_lib.callbacks.manager
File "/var/lib/openstack/lib/python3.10/site-packages/ovsdbapp/backend/ovs_idl/__init__.py", line 235, in _lookup
2026-04-10 11:05:21.346 10 ERROR neutron_lib.callbacks.manager row = idlutils.row_by_value(self, rl.table, rl.column, record)
2026-04-10 11:05:21.346 10 ERROR neutron_lib.callbacks.manager
File "/var/lib/openstack/lib/python3.10/site-packages/ovsdbapp/backend/ovs_idl/idlutils.py", line 114, in row_by_value
2026-04-10 11:05:21.346 10 ERROR neutron_lib.callbacks.manager raise RowNotFound(table=table, col=column, match=match)
2026-04-10 11:05:21.346 10 ERROR neutron_lib.callbacks.manager ovsdbapp.backend.ovs_idl.idlutils.RowNotFound: Cannot find Logical_Router_Port with name=lrp-a8785e28-eb73-4959-b8c9-838fb51c8c0a
2026-04-10 11:05:21.346 10 ERROR neutron_lib.callbacks.manager 
2026-04-10 11:05:21.358 9 INFO neutron.db.ovn_revision_numbers_db [req-65ba0cf3-c6e2-404e-9e0b-8eae7aed017b req-4f6ce014-5380-4d83-af2b-d9e9722943e7 7b215ea8c998426d8ee5fed43b267543 cd2acf818572460fb8be50077c7f376e - - aeb13f56474a42dfbfe75d92688323ce aeb13f56474a42dfbfe75d92688323ce] Successfully bumped revision number for resource 4b050d9b-1c6a-4892-baed-eefcd955b7e7 (type: ports) to 2
2026-04-10 11:05:21.433 10 WARNING neutron.scheduler.dhcp_agent_scheduler [None req-b40d0cfb-9929-41f6-9db1-49d9ca642db2 a304790ba8194752a146b2033d6d7794 2ba55315547740999bfc5a2567fd5682 - - default default] No more DHCP agents
2026-04-10 11:05:21.438 10 WARNING neutron.api.rpc.agentnotifiers.dhcp_rpc_agent_api [None req-b40d0cfb-9929-41f6-9db1-49d9ca642db2 a304790ba8194752a146b2033d6d7794 2ba55315547740999bfc5a2567fd5682 - - default default] Unable to schedule network 820a9612-5276-4e7e-a29e-984ae64739a8: no agents available; will retry on subsequent port and subnet creation events.
2026-04-10 11:05:21.530 9 INFO neutron.plugins.ml2.drivers.ovn.mech_driver.mech_driver [None req-77b34222-c866-4411-9cd8-061608bc8b6c - - - - - -] OVN reports status up for port: a8785e28-eb73-4959-b8c9-838fb51c8c0a
2026-04-10 11:05:21.540 9 INFO neutron.plugins.ml2.plugin [None req-77b34222-c866-4411-9cd8-061608bc8b6c - - - - - -] Attempt 1 to provision port a8785e28-eb73-4959-b8c9-838fb51c8c0a
2026-04-10 11:05:21.554 10 INFO neutron.db.ovn_revision_numbers_db [None req-872aab00-d0f2-4dc8-8930-50bd21cd6ac7 8620782f60a24e498eca0ea91d063925 1dcfe427a2ba42e69a94b53448e50127 - - default default] Successfully bumped revision number for resource a8785e28-eb73-4959-b8c9-838fb51c8c0a (type: ports) to 1
2026-04-10 11:05:21.606 10 INFO neutron.db.ovn_revision_numbers_db [None req-b40d0cfb-9929-41f6-9db1-49d9ca642db2 a304790ba8194752a146b2033d6d7794 2ba55315547740999bfc5a2567fd5682 - - default default] Successfully bumped revision number for resource 7e71a0e9-2695-403e-ae68-212e761ba4b4 (type: ports) to 1
2026-04-10 11:05:21.629 10 WARNING neutron.scheduler.dhcp_agent_scheduler [None req-872aab00-d0f2-4dc8-8930-50bd21cd6ac7 8620782f60a24e498eca0ea91d063925 1dcfe427a2ba42e69a94b53448e50127 - - default default] No more DHCP agents
2026-04-10 11:05:21.631 10 WARNING neutron.api.rpc.agentnotifiers.dhcp_rpc_agent_api [None req-872aab00-d0f2-4dc8-8930-50bd21cd6ac7 8620782f60a24e498eca0ea91d063925 1dcfe427a2ba42e69a94b53448e50127 - - default default] Unable to schedule network 95e343e2-67a3-4ec7-a455-7f0fa988233a: no agents available; will retry on subsequent port and subnet creation events.
2026-04-10 11:05:21.656 10 INFO neutron.wsgi [None req-b40d0cfb-9929-41f6-9db1-49d9ca642db2 a304790ba8194752a146b2033d6d7794 2ba55315547740999bfc5a2567fd5682 - - default default] 10.0.0.229 "POST /v2.0/networks HTTP/1.1" status: 201 len: 945 time: 2.0413287 /var/lib/openstack/lib/python3.10/site-packages/pycadf/identifier.py:71: UserWarning: Invalid uuid: neutron. To ensure interoperability, identifiers should be a valid uuid. warnings.warn(('Invalid uuid: %s. To ensure interoperability, '
2026-04-10 11:05:21.778 9 INFO neutron.db.ovn_revision_numbers_db [req-65ba0cf3-c6e2-404e-9e0b-8eae7aed017b req-4f6ce014-5380-4d83-af2b-d9e9722943e7 7b215ea8c998426d8ee5fed43b267543 cd2acf818572460fb8be50077c7f376e - - aeb13f56474a42dfbfe75d92688323ce aeb13f56474a42dfbfe75d92688323ce] Successfully bumped revision number for resource 4b050d9b-1c6a-4892-baed-eefcd955b7e7 (type: ports) to 2
2026-04-10 11:05:21.796 9 INFO neutron.wsgi [req-65ba0cf3-c6e2-404e-9e0b-8eae7aed017b req-4f6ce014-5380-4d83-af2b-d9e9722943e7 7b215ea8c998426d8ee5fed43b267543 cd2acf818572460fb8be50077c7f376e - - aeb13f56474a42dfbfe75d92688323ce aeb13f56474a42dfbfe75d92688323ce] 199.204.45.115 "PUT /v2.0/ports/4b050d9b-1c6a-4892-baed-eefcd955b7e7 HTTP/1.1" status: 200 len: 1376 time: 0.9417379
2026-04-10 11:05:21.851 9 INFO neutron.notifiers.nova [-] Nova event matching ['req-27ea66ce-21f3-47e4-9def-9c2ac0b96678'] response: {'name': 'network-changed', 'server_uuid': 'ba04eb71-1d26-46e6-bce9-6eed223d23dd', 'tag': '4b050d9b-1c6a-4892-baed-eefcd955b7e7', 'status': 'completed', 'code': 200} /var/lib/openstack/lib/python3.10/site-packages/pycadf/identifier.py:71: UserWarning: Invalid uuid: neutron. To ensure interoperability, identifiers should be a valid uuid. warnings.warn(('Invalid uuid: %s. To ensure interoperability, '
2026-04-10 11:05:21.964 9 INFO neutron.wsgi [req-4e2245ec-4450-43cc-9ea0-a0e666963083 req-1fbd20e8-bf65-4ff6-b921-577cf4f2ef0d 6e55b2a418dc4a1697e8b9f549ed991d 5a853d36d144407e91a0ac896f86c8bc - - default default] 10.0.0.29 "GET /v2.0/ports?device_id=928d5248-3065-464f-b538-9ffd9738b428 HTTP/1.1" status: 200 len: 210 time: 0.0718043
2026-04-10 11:05:21.972 9 INFO neutron.wsgi [req-5939f4d0-ea06-4d88-9802-14905ae937b2 req-7ba75f47-b63f-4eda-bce3-8fbe258a29b8 7b215ea8c998426d8ee5fed43b267543 cd2acf818572460fb8be50077c7f376e - - aeb13f56474a42dfbfe75d92688323ce aeb13f56474a42dfbfe75d92688323ce] 199.204.45.115 "GET /v2.0/ports?tenant_id=3bbc9b5eeb314e25961eab9e02e755d2&device_id=ba04eb71-1d26-46e6-bce9-6eed223d23dd HTTP/1.1" status: 200 len: 1407 time: 0.1001093
2026-04-10 11:05:21.980 10 INFO neutron.db.ovn_revision_numbers_db [None req-872aab00-d0f2-4dc8-8930-50bd21cd6ac7 8620782f60a24e498eca0ea91d063925 1dcfe427a2ba42e69a94b53448e50127 - - default default] Successfully bumped revision number for resource a8785e28-eb73-4959-b8c9-838fb51c8c0a (type: router_ports) to 1
2026-04-10 11:05:21.986 10 INFO neutron.wsgi [None req-872aab00-d0f2-4dc8-8930-50bd21cd6ac7 8620782f60a24e498eca0ea91d063925 1dcfe427a2ba42e69a94b53448e50127 - - default default] 10.0.0.229 "PUT /v2.0/routers/baabb1f5-266d-4d60-9867-bd8d8efd3139/add_router_interface HTTP/1.1" status: 200 len: 503 time: 2.5184848
2026-04-10 11:05:22.022 10 INFO neutron.wsgi [req-7db9d0b6-2acb-4cb8-8705-c5e6bec7759d req-046356de-03be-4a14-ae80-6a1043f7818d a0a2346ffb62470c92643250a27341e6 3bbc9b5eeb314e25961eab9e02e755d2 - - default default] 10.0.0.29 "GET /v2.0/ports?device_id=ba04eb71-1d26-46e6-bce9-6eed223d23dd HTTP/1.1" status: 200 len: 1168 time: 0.1294014
2026-04-10 11:05:22.055 10 INFO neutron.wsgi [None req-84b6bb69-c181-4f38-9d4f-bcf1b01134f4 8620782f60a24e498eca0ea91d063925 1dcfe427a2ba42e69a94b53448e50127 - - default default] 10.0.0.229 "GET /v2.0/ports/a8785e28-eb73-4959-b8c9-838fb51c8c0a HTTP/1.1" status: 200 len: 1141 time: 0.0476470
2026-04-10 11:05:22.091 10 INFO neutron.wsgi [req-7db9d0b6-2acb-4cb8-8705-c5e6bec7759d req-f171d4b8-332a-463e-96b9-d07036348325 a0a2346ffb62470c92643250a27341e6 3bbc9b5eeb314e25961eab9e02e755d2 - - default default] 10.0.0.29 "GET /v2.0/security-groups?id=3bf3c3a1-a366-46f6-9534-681753ebb2c2&fields=id&fields=name HTTP/1.1" status: 200 len: 313 time: 0.0616050
2026-04-10 11:05:22.151 9 INFO neutron.wsgi [req-5939f4d0-ea06-4d88-9802-14905ae937b2 req-43c5a4ad-f4ce-4894-b91c-19eabc2e9604 7b215ea8c998426d8ee5fed43b267543 cd2acf818572460fb8be50077c7f376e - - aeb13f56474a42dfbfe75d92688323ce aeb13f56474a42dfbfe75d92688323ce] 199.204.45.115 "GET /v2.0/networks?tenant_id=3bbc9b5eeb314e25961eab9e02e755d2&shared=False HTTP/1.1" status: 200 len: 974 time: 0.1700113
2026-04-10 11:05:22.220 9 INFO neutron.wsgi [req-a080d469-5772-47e2-80be-bd992307d4d4 req-8f7d094d-0cfe-4394-8ea9-30b7f9eb475e 6e55b2a418dc4a1697e8b9f549ed991d 5a853d36d144407e91a0ac896f86c8bc - - default default] 199.204.45.115 "GET /v2.0/networks?id=1e5767b2-219a-403e-9830-f067e799397c HTTP/1.1" status: 200 len: 883 time: 0.1488476
2026-04-10 11:05:22.261 9 WARNING neutron.scheduler.dhcp_agent_scheduler [None req-bec388a1-4600-4dad-bb28-cfa7dffcd3fd a304790ba8194752a146b2033d6d7794 2ba55315547740999bfc5a2567fd5682 - - default default] No more DHCP agents
2026-04-10 11:05:22.281 9 WARNING neutron.api.rpc.agentnotifiers.dhcp_rpc_agent_api [None req-bec388a1-4600-4dad-bb28-cfa7dffcd3fd a304790ba8194752a146b2033d6d7794 2ba55315547740999bfc5a2567fd5682 - - default default] Unable to schedule network 820a9612-5276-4e7e-a29e-984ae64739a8: no agents available; will retry on subsequent port and subnet creation events.
2026-04-10 11:05:22.359 9 INFO neutron.wsgi [req-a080d469-5772-47e2-80be-bd992307d4d4 req-3aa8475e-502d-4cd4-a1b0-813d20eb018c 6e55b2a418dc4a1697e8b9f549ed991d 5a853d36d144407e91a0ac896f86c8bc - - default default] 199.204.45.115 "GET /v2.0/security-groups?fields=id&fields=name&tenant_id=5a853d36d144407e91a0ac896f86c8bc HTTP/1.1" status: 200 len: 380 time: 0.1285000
2026-04-10 11:05:22.362 9 INFO neutron.wsgi [req-5939f4d0-ea06-4d88-9802-14905ae937b2 req-b9753612-2e95-49fa-92fb-0c6af246112c 7b215ea8c998426d8ee5fed43b267543 cd2acf818572460fb8be50077c7f376e - - aeb13f56474a42dfbfe75d92688323ce aeb13f56474a42dfbfe75d92688323ce] 199.204.45.115 "GET /v2.0/networks?shared=True HTTP/1.1" status: 200 len: 952 time: 0.1973522
2026-04-10 11:05:22.567 10 WARNING neutron.scheduler.dhcp_agent_scheduler [None req-c2c3734d-f372-4333-bc39-17b10790e1de 8620782f60a24e498eca0ea91d063925 1dcfe427a2ba42e69a94b53448e50127 - - default default] No more DHCP agents
2026-04-10 11:05:22.569 10 WARNING neutron.api.rpc.agentnotifiers.dhcp_rpc_agent_api [None req-c2c3734d-f372-4333-bc39-17b10790e1de 8620782f60a24e498eca0ea91d063925 1dcfe427a2ba42e69a94b53448e50127 - - default default] Unable to schedule network 5b93c284-46b9-4b66-9362-7f61aae24e6a: no agents available; will retry on subsequent port and subnet creation events.
2026-04-10 11:05:22.605 9 WARNING neutron_lib.context [req-a080d469-5772-47e2-80be-bd992307d4d4 req-a3cc518f-9860-497a-a2ff-cbd91e5d1ce3 6e55b2a418dc4a1697e8b9f549ed991d 5a853d36d144407e91a0ac896f86c8bc - - default default] Method 'is_advsvc' is deprecated since 2023.2 release (neutron-lib 3.8.0) and will be removed once support for the old RBAC API policies will be removed from Neutron. Please use method 'is_service_role' instead.
2026-04-10 11:05:22.671 9 INFO neutron.wsgi [req-65ba0cf3-c6e2-404e-9e0b-8eae7aed017b req-e2b2125d-20ae-45dd-9f6b-125c08fd8d29 7b215ea8c998426d8ee5fed43b267543 cd2acf818572460fb8be50077c7f376e - - aeb13f56474a42dfbfe75d92688323ce aeb13f56474a42dfbfe75d92688323ce] 199.204.45.115 "GET /v2.0/ports?tenant_id=3bbc9b5eeb314e25961eab9e02e755d2&device_id=ba04eb71-1d26-46e6-bce9-6eed223d23dd HTTP/1.1" status: 200 len: 1407 time: 0.0848908
2026-04-10 11:05:22.713 10 INFO neutron.db.ovn_revision_numbers_db [None req-c2c3734d-f372-4333-bc39-17b10790e1de 8620782f60a24e498eca0ea91d063925 1dcfe427a2ba42e69a94b53448e50127 - - default default] Successfully bumped revision number for resource ad18a6dd-ac7d-4beb-b3d3-9f79b07de9c6 (type: ports) to 1
2026-04-10 11:05:22.731 9 INFO neutron.wsgi [req-65ba0cf3-c6e2-404e-9e0b-8eae7aed017b req-78357bd3-a51c-4d7a-a893-e6131d3a8f06 7b215ea8c998426d8ee5fed43b267543 cd2acf818572460fb8be50077c7f376e - - aeb13f56474a42dfbfe75d92688323ce aeb13f56474a42dfbfe75d92688323ce] 199.204.45.115 "GET /v2.0/floatingips?fixed_ip_address=10.100.0.9&port_id=4b050d9b-1c6a-4892-baed-eefcd955b7e7 HTTP/1.1" status: 200 len: 217 time: 0.0502217
2026-04-10 11:05:22.797 9 INFO neutron.db.ovn_revision_numbers_db [None req-77b34222-c866-4411-9cd8-061608bc8b6c - - - - - -] Successfully bumped revision number for resource a8785e28-eb73-4959-b8c9-838fb51c8c0a (type: ports) to 2
2026-04-10 11:05:22.825 9 INFO neutron.wsgi [req-65ba0cf3-c6e2-404e-9e0b-8eae7aed017b req-d8db6006-95c9-40cc-983a-8823f7a13905 7b215ea8c998426d8ee5fed43b267543 cd2acf818572460fb8be50077c7f376e - - aeb13f56474a42dfbfe75d92688323ce aeb13f56474a42dfbfe75d92688323ce] 199.204.45.115 "GET /v2.0/subnets?id=ba58cefd-83ee-4972-a4e6-8699b0bfb272 HTTP/1.1" status: 200 len: 869 time: 0.0621419
2026-04-10 11:05:22.903 9 INFO neutron.wsgi [req-65ba0cf3-c6e2-404e-9e0b-8eae7aed017b req-11570483-934f-4f0a-80c0-232378d0a761 7b215ea8c998426d8ee5fed43b267543 cd2acf818572460fb8be50077c7f376e - - aeb13f56474a42dfbfe75d92688323ce aeb13f56474a42dfbfe75d92688323ce] 199.204.45.115 "GET /v2.0/ports?network_id=8c1b55e4-d36e-4f77-a286-c7417fc1064c&device_owner=network%3Adhcp HTTP/1.1" status: 200 len: 210 time: 0.0613678
2026-04-10 11:05:23.069 9 INFO neutron.wsgi [req-65ba0cf3-c6e2-404e-9e0b-8eae7aed017b req-654f9d0a-ac58-4091-bd81-842fd5ceb4ff 7b215ea8c998426d8ee5fed43b267543 cd2acf818572460fb8be50077c7f376e - - aeb13f56474a42dfbfe75d92688323ce aeb13f56474a42dfbfe75d92688323ce] 199.204.45.115 "GET /v2.0/networks/8c1b55e4-d36e-4f77-a286-c7417fc1064c?fields=segments HTTP/1.1" status: 200 len: 212 time: 0.1559191
2026-04-10 11:05:23.098 9 INFO neutron.wsgi [req-68ad9978-ad66-4d59-8173-12badee0c8ef req-5fc0743a-424b-46dd-80f4-0d0327014dd4 6e55b2a418dc4a1697e8b9f549ed991d 5a853d36d144407e91a0ac896f86c8bc - - default default] 10.0.0.29 "GET /v2.0/ports?device_id=928d5248-3065-464f-b538-9ffd9738b428 HTTP/1.1" status: 200 len: 210 time: 0.0654228
2026-04-10 11:05:23.163 9 INFO neutron.db.ovn_revision_numbers_db [None req-77b34222-c866-4411-9cd8-061608bc8b6c - - - - - -] Successfully bumped revision number for resource a8785e28-eb73-4959-b8c9-838fb51c8c0a (type: router_ports) to 2
2026-04-10 11:05:23.238 9 INFO neutron.wsgi [req-65ba0cf3-c6e2-404e-9e0b-8eae7aed017b req-2863c9ae-3db3-48d9-8a05-ba4bb5692479 7b215ea8c998426d8ee5fed43b267543 cd2acf818572460fb8be50077c7f376e - - aeb13f56474a42dfbfe75d92688323ce aeb13f56474a42dfbfe75d92688323ce] 199.204.45.115 "GET /v2.0/networks/8c1b55e4-d36e-4f77-a286-c7417fc1064c?fields=provider%3Aphysical_network&fields=provider%3Anetwork_type HTTP/1.1" status: 200 len: 277 time: 0.1599860
2026-04-10 11:05:23.253 10 INFO neutron.wsgi [req-404300c1-5cd8-46e9-a17d-a916afd059f2 req-94dd2ede-000f-45dd-83ff-fb8c9d7b363d a0a2346ffb62470c92643250a27341e6 3bbc9b5eeb314e25961eab9e02e755d2 - - default default] 10.0.0.29 "GET /v2.0/ports?device_id=ba04eb71-1d26-46e6-bce9-6eed223d23dd HTTP/1.1" status: 200 len: 1168 time: 0.0605612
2026-04-10 11:05:23.340 10 INFO neutron.wsgi [req-404300c1-5cd8-46e9-a17d-a916afd059f2 req-19bc84c2-28bc-42ad-aa3c-d8440694c103 a0a2346ffb62470c92643250a27341e6 3bbc9b5eeb314e25961eab9e02e755d2 - - default default] 10.0.0.29 "GET /v2.0/security-groups?id=3bf3c3a1-a366-46f6-9534-681753ebb2c2&fields=id&fields=name HTTP/1.1" status: 200 len: 313 time: 0.0805607
2026-04-10 11:05:23.375 10 ERROR ovsdbapp.backend.ovs_idl.command [None req-c2c3734d-f372-4333-bc39-17b10790e1de 8620782f60a24e498eca0ea91d063925 1dcfe427a2ba42e69a94b53448e50127 - - default default] Error executing command (DbGetCommand): ovsdbapp.backend.ovs_idl.idlutils.RowNotFound: Cannot find Logical_Router_Port with name=lrp-ad18a6dd-ac7d-4beb-b3d3-9f79b07de9c6
2026-04-10 11:05:23.375 10 ERROR ovsdbapp.backend.ovs_idl.command
Traceback (most recent call last):
2026-04-10 11:05:23.375 10 ERROR ovsdbapp.backend.ovs_idl.command
File "/var/lib/openstack/lib/python3.10/site-packages/ovsdbapp/backend/ovs_idl/command.py", line 47, in execute
2026-04-10 11:05:23.375 10 ERROR ovsdbapp.backend.ovs_idl.command self.run_idl(None)
2026-04-10 11:05:23.375 10 ERROR ovsdbapp.backend.ovs_idl.command
File "/var/lib/openstack/lib/python3.10/site-packages/ovsdbapp/backend/ovs_idl/command.py", line 235, in run_idl
2026-04-10 11:05:23.375 10 ERROR ovsdbapp.backend.ovs_idl.command record = self.api.lookup(self.table, self.record)
2026-04-10 11:05:23.375 10 ERROR ovsdbapp.backend.ovs_idl.command
File "/var/lib/openstack/lib/python3.10/site-packages/ovsdbapp/backend/ovs_idl/__init__.py", line 184, in lookup
2026-04-10 11:05:23.375 10 ERROR ovsdbapp.backend.ovs_idl.command return self._lookup(table, record)
2026-04-10 11:05:23.375 10 ERROR ovsdbapp.backend.ovs_idl.command
File "/var/lib/openstack/lib/python3.10/site-packages/ovsdbapp/backend/ovs_idl/__init__.py", line 235, in _lookup
2026-04-10 11:05:23.375 10 ERROR ovsdbapp.backend.ovs_idl.command row = idlutils.row_by_value(self, rl.table, rl.column, record)
2026-04-10 11:05:23.375 10 ERROR ovsdbapp.backend.ovs_idl.command
File "/var/lib/openstack/lib/python3.10/site-packages/ovsdbapp/backend/ovs_idl/idlutils.py", line 114, in row_by_value
2026-04-10 11:05:23.375 10 ERROR ovsdbapp.backend.ovs_idl.command raise RowNotFound(table=table, col=column, match=match)
2026-04-10 11:05:23.375 10 ERROR ovsdbapp.backend.ovs_idl.command ovsdbapp.backend.ovs_idl.idlutils.RowNotFound: Cannot find Logical_Router_Port with name=lrp-ad18a6dd-ac7d-4beb-b3d3-9f79b07de9c6
2026-04-10 11:05:23.375 10 ERROR ovsdbapp.backend.ovs_idl.command 
2026-04-10 11:05:23.376 10 ERROR neutron_lib.callbacks.manager [None req-c2c3734d-f372-4333-bc39-17b10790e1de 8620782f60a24e498eca0ea91d063925 1dcfe427a2ba42e69a94b53448e50127 - - default default] Error during notification for neutron.services.ovn_l3.plugin.OVNL3RouterPlugin._port_update-8743294587631 port, after_update: ovsdbapp.backend.ovs_idl.idlutils.RowNotFound: Cannot find Logical_Router_Port with name=lrp-ad18a6dd-ac7d-4beb-b3d3-9f79b07de9c6
2026-04-10 11:05:23.376 10 ERROR neutron_lib.callbacks.manager
Traceback (most recent call last):
2026-04-10 11:05:23.376 10 ERROR neutron_lib.callbacks.manager
File "/var/lib/openstack/lib/python3.10/site-packages/neutron_lib/callbacks/manager.py", line 189, in _notify_loop
2026-04-10 11:05:23.376 10 ERROR neutron_lib.callbacks.manager callback.method(resource, event, trigger, payload=payload)
2026-04-10 11:05:23.376 10 ERROR neutron_lib.callbacks.manager
File "/var/lib/openstack/lib/python3.10/site-packages/neutron/services/ovn_l3/plugin.py", line 391, in _port_update
2026-04-10 11:05:23.376 10 ERROR neutron_lib.callbacks.manager l3plugin._ovn_client.update_router_port(context,
2026-04-10 11:05:23.376 10 ERROR neutron_lib.callbacks.manager
File "/var/lib/openstack/lib/python3.10/site-packages/neutron/plugins/ml2/drivers/ovn/mech_driver/ovsdb/ovn_client.py", line 1878, in update_router_port
2026-04-10 11:05:23.376 10 ERROR neutron_lib.callbacks.manager self._update_lrouter_port(context, port, if_exists=if_exists,
2026-04-10 11:05:23.376 10 ERROR neutron_lib.callbacks.manager
File "/var/lib/openstack/lib/python3.10/site-packages/neutron/plugins/ml2/drivers/ovn/mech_driver/ovsdb/ovn_client.py", line 1855, in _update_lrouter_port
2026-04-10 11:05:23.376 10 ERROR neutron_lib.callbacks.manager external_ids = self._nb_idl.db_get(
2026-04-10 11:05:23.376 10 ERROR neutron_lib.callbacks.manager
File "/var/lib/openstack/lib/python3.10/site-packages/ovsdbapp/backend/ovs_idl/command.py", line 47, in execute
2026-04-10 11:05:23.376 10 ERROR neutron_lib.callbacks.manager self.run_idl(None)
2026-04-10 11:05:23.376 10 ERROR neutron_lib.callbacks.manager
File "/var/lib/openstack/lib/python3.10/site-packages/ovsdbapp/backend/ovs_idl/command.py", line 235, in run_idl
2026-04-10 11:05:23.376 10 ERROR neutron_lib.callbacks.manager record = self.api.lookup(self.table, self.record)
2026-04-10 11:05:23.376 10 ERROR neutron_lib.callbacks.manager
File "/var/lib/openstack/lib/python3.10/site-packages/ovsdbapp/backend/ovs_idl/__init__.py", line 184, in lookup
2026-04-10 11:05:23.376 10 ERROR neutron_lib.callbacks.manager return self._lookup(table, record)
2026-04-10 11:05:23.376 10 ERROR neutron_lib.callbacks.manager
File "/var/lib/openstack/lib/python3.10/site-packages/ovsdbapp/backend/ovs_idl/__init__.py", line 235, in _lookup
2026-04-10 11:05:23.376 10 ERROR neutron_lib.callbacks.manager row = idlutils.row_by_value(self, rl.table, rl.column, record)
2026-04-10 11:05:23.376 10 ERROR neutron_lib.callbacks.manager
File "/var/lib/openstack/lib/python3.10/site-packages/ovsdbapp/backend/ovs_idl/idlutils.py", line 114, in row_by_value
2026-04-10 11:05:23.376 10 ERROR neutron_lib.callbacks.manager raise RowNotFound(table=table, col=column, match=match)
2026-04-10 11:05:23.376 10 ERROR neutron_lib.callbacks.manager ovsdbapp.backend.ovs_idl.idlutils.RowNotFound: Cannot find Logical_Router_Port with name=lrp-ad18a6dd-ac7d-4beb-b3d3-9f79b07de9c6
2026-04-10 11:05:23.376 10 ERROR neutron_lib.callbacks.manager 
2026-04-10 11:05:23.410 9 WARNING neutron.scheduler.dhcp_agent_scheduler [req-a080d469-5772-47e2-80be-bd992307d4d4 req-a3cc518f-9860-497a-a2ff-cbd91e5d1ce3 6e55b2a418dc4a1697e8b9f549ed991d 5a853d36d144407e91a0ac896f86c8bc - - default default] No more DHCP agents
2026-04-10 11:05:23.432 9 WARNING neutron.api.rpc.agentnotifiers.dhcp_rpc_agent_api [req-a080d469-5772-47e2-80be-bd992307d4d4 req-a3cc518f-9860-497a-a2ff-cbd91e5d1ce3 6e55b2a418dc4a1697e8b9f549ed991d 5a853d36d144407e91a0ac896f86c8bc - - default default] Unable to schedule network 1e5767b2-219a-403e-9830-f067e799397c: no agents available; will retry on subsequent port and subnet creation events.
2026-04-10 11:05:23.548 10 INFO neutron.plugins.ml2.drivers.ovn.mech_driver.mech_driver [None req-957b5bb0-c296-4901-bbd5-f6bdbe3f869e - - - - - -] OVN reports status up for port: ad18a6dd-ac7d-4beb-b3d3-9f79b07de9c6
2026-04-10 11:05:23.572 10 INFO neutron.plugins.ml2.plugin [None req-957b5bb0-c296-4901-bbd5-f6bdbe3f869e - - - - - -] Attempt 1 to provision port ad18a6dd-ac7d-4beb-b3d3-9f79b07de9c6
2026-04-10 11:05:23.582 10 INFO neutron.db.ovn_revision_numbers_db [None req-c2c3734d-f372-4333-bc39-17b10790e1de 8620782f60a24e498eca0ea91d063925 1dcfe427a2ba42e69a94b53448e50127 - - default default] Successfully bumped revision number for resource ad18a6dd-ac7d-4beb-b3d3-9f79b07de9c6 (type: ports) to 1
2026-04-10 11:05:23.682 9 INFO neutron.db.ovn_revision_numbers_db [req-a080d469-5772-47e2-80be-bd992307d4d4 req-a3cc518f-9860-497a-a2ff-cbd91e5d1ce3 6e55b2a418dc4a1697e8b9f549ed991d 5a853d36d144407e91a0ac896f86c8bc - - default default] Successfully bumped revision number for resource 5dc0ea17-cd05-4a96-904d-5b5d1af30c09 (type: ports) to 1
2026-04-10 11:05:23.685 9 INFO neutron.db.ovn_revision_numbers_db [None req-bec388a1-4600-4dad-bb28-cfa7dffcd3fd a304790ba8194752a146b2033d6d7794 2ba55315547740999bfc5a2567fd5682 - - default default] Successfully bumped revision number for resource 7e71a0e9-2695-403e-ae68-212e761ba4b4 (type: ports) to 2
2026-04-10 11:05:23.688 10 WARNING neutron.scheduler.dhcp_agent_scheduler [None req-c2c3734d-f372-4333-bc39-17b10790e1de 8620782f60a24e498eca0ea91d063925 1dcfe427a2ba42e69a94b53448e50127 - - default default] No more DHCP agents
2026-04-10 11:05:23.689 10 WARNING neutron.api.rpc.agentnotifiers.dhcp_rpc_agent_api [None req-c2c3734d-f372-4333-bc39-17b10790e1de 8620782f60a24e498eca0ea91d063925 1dcfe427a2ba42e69a94b53448e50127 - - default default] Unable to schedule network 5b93c284-46b9-4b66-9362-7f61aae24e6a: no agents available; will retry on subsequent port and subnet creation events.
2026-04-10 11:05:23.713 9 INFO neutron.wsgi [req-a080d469-5772-47e2-80be-bd992307d4d4 req-a3cc518f-9860-497a-a2ff-cbd91e5d1ce3 6e55b2a418dc4a1697e8b9f549ed991d 5a853d36d144407e91a0ac896f86c8bc - - default default] 199.204.45.115 "POST /v2.0/ports HTTP/1.1" status: 201 len: 1158 time: 1.1258216 /var/lib/openstack/lib/python3.10/site-packages/pycadf/identifier.py:71: UserWarning: Invalid uuid: neutron. To ensure interoperability, identifiers should be a valid uuid. warnings.warn(('Invalid uuid: %s. To ensure interoperability, '
2026-04-10 11:05:23.735 9 INFO neutron.db.ovn_revision_numbers_db [None req-bec388a1-4600-4dad-bb28-cfa7dffcd3fd a304790ba8194752a146b2033d6d7794 2ba55315547740999bfc5a2567fd5682 - - default default] Successfully bumped revision number for resource dfc90f48-c074-44f2-b693-eb537b844916 (type: subnets) to 0
2026-04-10 11:05:23.771 9 INFO neutron.wsgi [None req-bec388a1-4600-4dad-bb28-cfa7dffcd3fd a304790ba8194752a146b2033d6d7794 2ba55315547740999bfc5a2567fd5682 - - default default] 10.0.0.229 "POST /v2.0/subnets HTTP/1.1" status: 201 len: 865 time: 2.0981116
2026-04-10 11:05:23.900 10 INFO neutron.db.ovn_revision_numbers_db [None req-c2c3734d-f372-4333-bc39-17b10790e1de 8620782f60a24e498eca0ea91d063925 1dcfe427a2ba42e69a94b53448e50127 - - default default] Successfully bumped revision number for resource ad18a6dd-ac7d-4beb-b3d3-9f79b07de9c6 (type: router_ports) to 1
2026-04-10 11:05:23.906 10 INFO neutron.wsgi [None req-c2c3734d-f372-4333-bc39-17b10790e1de 8620782f60a24e498eca0ea91d063925 1dcfe427a2ba42e69a94b53448e50127 - - default default] 10.0.0.229 "PUT /v2.0/routers/baabb1f5-266d-4d60-9867-bd8d8efd3139/add_router_interface HTTP/1.1" status: 200 len: 503 time: 1.8447235
2026-04-10 11:05:24.206 10 INFO neutron.wsgi [None req-0566c6e1-737d-450e-a747-627a5eac54be 8620782f60a24e498eca0ea91d063925 1dcfe427a2ba42e69a94b53448e50127 - - default default] 10.0.0.229 "GET /v2.0/ports/ad18a6dd-ac7d-4beb-b3d3-9f79b07de9c6 HTTP/1.1" status: 200 len: 1149 time: 0.2955463
2026-04-10 11:05:24.259 10 INFO neutron.wsgi [None req-87f108de-0b5a-4932-a951-e93b20daf1b3 8620782f60a24e498eca0ea91d063925 1dcfe427a2ba42e69a94b53448e50127 - - default default] 10.0.0.229 "GET /v2.0/ports/ad18a6dd-ac7d-4beb-b3d3-9f79b07de9c6 HTTP/1.1" status: 200 len: 1149 time: 0.0463402
2026-04-10 11:05:24.292 10 INFO neutron.db.ovn_revision_numbers_db [None req-957b5bb0-c296-4901-bbd5-f6bdbe3f869e - - - - - -] Successfully bumped revision number for resource ad18a6dd-ac7d-4beb-b3d3-9f79b07de9c6 (type: ports) to 2
2026-04-10 11:05:24.339 9 INFO neutron.wsgi [req-772ac04c-99a6-4342-9223-63a2a59c6e92 req-c62f1894-6603-4aba-b4fd-c33411e5ee34 6e55b2a418dc4a1697e8b9f549ed991d 5a853d36d144407e91a0ac896f86c8bc - - default default] 10.0.0.29 "GET /v2.0/ports?device_id=928d5248-3065-464f-b538-9ffd9738b428 HTTP/1.1" status: 200 len: 1168 time: 0.1514318 /var/lib/openstack/lib/python3.10/site-packages/pycadf/identifier.py:71: UserWarning: Invalid uuid: neutron. To ensure interoperability, identifiers should be a valid uuid. warnings.warn(('Invalid uuid: %s. To ensure interoperability, '
2026-04-10 11:05:24.453 9 INFO neutron.wsgi [req-772ac04c-99a6-4342-9223-63a2a59c6e92 req-50755327-e713-4d7c-a19e-e7cd43439a11 6e55b2a418dc4a1697e8b9f549ed991d 5a853d36d144407e91a0ac896f86c8bc - - default default] 10.0.0.29 "GET /v2.0/security-groups?id=55bf6719-fe6a-4c4a-9f61-1de62bf076d1&fields=id&fields=name HTTP/1.1" status: 200 len: 313 time: 0.1008403
2026-04-10 11:05:24.474 10 INFO neutron.wsgi [req-18be5e77-311f-4c7f-8e45-43185876fdff req-80b827e3-6bc3-4e44-a264-aef33b39cc74 a0a2346ffb62470c92643250a27341e6 3bbc9b5eeb314e25961eab9e02e755d2 - - default default] 10.0.0.29 "GET /v2.0/ports?device_id=ba04eb71-1d26-46e6-bce9-6eed223d23dd HTTP/1.1" status: 200 len: 1168 time: 0.0698464
2026-04-10 11:05:24.489 9 INFO neutron.db.ovn_revision_numbers_db [req-a080d469-5772-47e2-80be-bd992307d4d4 req-09b4083f-4789-41e7-88ab-41a4a77c9ccd 7b215ea8c998426d8ee5fed43b267543 cd2acf818572460fb8be50077c7f376e - - aeb13f56474a42dfbfe75d92688323ce aeb13f56474a42dfbfe75d92688323ce] Successfully bumped revision number for resource 5dc0ea17-cd05-4a96-904d-5b5d1af30c09 (type: ports) to 2
2026-04-10 11:05:24.534 10 INFO neutron.db.ovn_revision_numbers_db [None req-957b5bb0-c296-4901-bbd5-f6bdbe3f869e - - - - - -] Successfully bumped revision number for resource ad18a6dd-ac7d-4beb-b3d3-9f79b07de9c6 (type: router_ports) to 2
2026-04-10 11:05:24.544 9 WARNING neutron.scheduler.dhcp_agent_scheduler [None req-f649102b-e4b8-4362-95b1-71f4a0323bc3 a304790ba8194752a146b2033d6d7794 2ba55315547740999bfc5a2567fd5682 - - default default] No more DHCP agents
2026-04-10 11:05:24.551 9 WARNING neutron.api.rpc.agentnotifiers.dhcp_rpc_agent_api [None req-f649102b-e4b8-4362-95b1-71f4a0323bc3 a304790ba8194752a146b2033d6d7794 2ba55315547740999bfc5a2567fd5682 - - default default] Unable to schedule network 37706f09-e95f-4b5e-b9a0-e338fa1d8409: no agents available; will retry on subsequent port and subnet creation events.
2026-04-10 11:05:24.567 10 INFO neutron.wsgi [req-18be5e77-311f-4c7f-8e45-43185876fdff req-d4280f8f-6c43-4b50-95b2-9b20ae2e5cd0 a0a2346ffb62470c92643250a27341e6 3bbc9b5eeb314e25961eab9e02e755d2 - - default default] 10.0.0.29 "GET /v2.0/security-groups?id=3bf3c3a1-a366-46f6-9534-681753ebb2c2&fields=id&fields=name HTTP/1.1" status: 200 len: 313 time: 0.0797024
2026-04-10 11:05:24.810 9 INFO neutron.db.ovn_revision_numbers_db [req-a080d469-5772-47e2-80be-bd992307d4d4 req-09b4083f-4789-41e7-88ab-41a4a77c9ccd 7b215ea8c998426d8ee5fed43b267543 cd2acf818572460fb8be50077c7f376e - - aeb13f56474a42dfbfe75d92688323ce aeb13f56474a42dfbfe75d92688323ce] Successfully bumped revision number for resource 5dc0ea17-cd05-4a96-904d-5b5d1af30c09 (type: ports) to 2
2026-04-10 11:05:24.831 9 INFO neutron.wsgi [req-a080d469-5772-47e2-80be-bd992307d4d4 req-09b4083f-4789-41e7-88ab-41a4a77c9ccd 7b215ea8c998426d8ee5fed43b267543 cd2acf818572460fb8be50077c7f376e - - aeb13f56474a42dfbfe75d92688323ce aeb13f56474a42dfbfe75d92688323ce] 199.204.45.115 "PUT /v2.0/ports/5dc0ea17-cd05-4a96-904d-5b5d1af30c09 HTTP/1.1" status: 200 len: 1376 time: 1.1084836
2026-04-10 11:05:24.836 9 INFO neutron.db.ovn_revision_numbers_db [None req-f649102b-e4b8-4362-95b1-71f4a0323bc3 a304790ba8194752a146b2033d6d7794 2ba55315547740999bfc5a2567fd5682 - - default default] Successfully bumped revision number for resource d1b8957b-25c1-45fd-aec8-f10afde0a689 (type: ports) to 1
2026-04-10 11:05:24.870 9 INFO neutron.notifiers.nova [-] Nova event matching ['req-6fa9d511-c0b5-425f-a632-da503bd42b65'] response: {'name': 'network-changed', 'server_uuid': '928d5248-3065-464f-b538-9ffd9738b428', 'tag': '5dc0ea17-cd05-4a96-904d-5b5d1af30c09', 'status': 'completed', 'code': 200} /var/lib/openstack/lib/python3.10/site-packages/pycadf/identifier.py:71: UserWarning: Invalid uuid: neutron. To ensure interoperability, identifiers should be a valid uuid. warnings.warn(('Invalid uuid: %s. To ensure interoperability, '
2026-04-10 11:05:24.934 9 INFO neutron.wsgi [req-a1c5e3a7-1e17-4ad2-a7b7-ca3306be2636 req-44339ca7-aed9-4382-88f5-3c934a8e0e5b 7b215ea8c998426d8ee5fed43b267543 cd2acf818572460fb8be50077c7f376e - - aeb13f56474a42dfbfe75d92688323ce aeb13f56474a42dfbfe75d92688323ce] 199.204.45.115 "GET /v2.0/ports?tenant_id=5a853d36d144407e91a0ac896f86c8bc&device_id=928d5248-3065-464f-b538-9ffd9738b428 HTTP/1.1" status: 200 len: 1407 time: 0.0451517
2026-04-10 11:05:25.018 9 INFO neutron.wsgi [req-a1c5e3a7-1e17-4ad2-a7b7-ca3306be2636 req-d7592156-91ab-4532-99d3-7440fa214f3c 7b215ea8c998426d8ee5fed43b267543 cd2acf818572460fb8be50077c7f376e - - aeb13f56474a42dfbfe75d92688323ce aeb13f56474a42dfbfe75d92688323ce] 199.204.45.115 "GET /v2.0/networks?tenant_id=5a853d36d144407e91a0ac896f86c8bc&shared=False HTTP/1.1" status: 200 len: 982 time: 0.0777593
2026-04-10 11:05:25.175 10 INFO neutron.wsgi [None req-567b9a41-55b0-4a2f-92b0-fae193724dc8 8620782f60a24e498eca0ea91d063925 1dcfe427a2ba42e69a94b53448e50127 - - default default] 10.0.0.229 "PUT /v2.0/routers/baabb1f5-266d-4d60-9867-bd8d8efd3139/remove_router_interface HTTP/1.1" status: 200 len: 503 time: 0.9097428 /var/lib/openstack/lib/python3.10/site-packages/pycadf/identifier.py:71: UserWarning: Invalid uuid: neutron. To ensure interoperability, identifiers should be a valid uuid. warnings.warn(('Invalid uuid: %s. To ensure interoperability, '
2026-04-10 11:05:25.282 10 INFO neutron.wsgi [None req-983eca43-7405-4641-84ce-e05a021ca490 8620782f60a24e498eca0ea91d063925 1dcfe427a2ba42e69a94b53448e50127 - - default default] 10.0.0.229 "GET /v2.0/ports/a8785e28-eb73-4959-b8c9-838fb51c8c0a HTTP/1.1" status: 200 len: 1141 time: 0.1028018
2026-04-10 11:05:25.317 9 INFO neutron.wsgi [req-a1c5e3a7-1e17-4ad2-a7b7-ca3306be2636 req-bee73317-f497-43a4-83db-c82e4c272660 7b215ea8c998426d8ee5fed43b267543 cd2acf818572460fb8be50077c7f376e - - aeb13f56474a42dfbfe75d92688323ce aeb13f56474a42dfbfe75d92688323ce] 199.204.45.115 "GET /v2.0/networks?shared=True HTTP/1.1" status: 200 len: 952 time: 0.2907126
2026-04-10 11:05:25.406 9 INFO neutron.wsgi [req-a080d469-5772-47e2-80be-bd992307d4d4 req-430f1891-e4a5-4614-b3c7-13156b1fc84e 7b215ea8c998426d8ee5fed43b267543 cd2acf818572460fb8be50077c7f376e - - aeb13f56474a42dfbfe75d92688323ce aeb13f56474a42dfbfe75d92688323ce] 199.204.45.115 "GET /v2.0/ports?tenant_id=5a853d36d144407e91a0ac896f86c8bc&device_id=928d5248-3065-464f-b538-9ffd9738b428 HTTP/1.1" status: 200 len: 1407 time: 0.0523224
2026-04-10 11:05:25.453 9 INFO neutron.wsgi [req-a080d469-5772-47e2-80be-bd992307d4d4 req-eb8f31f9-a802-4c24-b936-5c8c29b36d05 7b215ea8c998426d8ee5fed43b267543 cd2acf818572460fb8be50077c7f376e - - aeb13f56474a42dfbfe75d92688323ce aeb13f56474a42dfbfe75d92688323ce] 199.204.45.115 "GET /v2.0/floatingips?fixed_ip_address=10.100.0.9&port_id=5dc0ea17-cd05-4a96-904d-5b5d1af30c09 HTTP/1.1" status: 200 len: 217 time: 0.0401568
2026-04-10 11:05:25.515 9 INFO neutron.wsgi [req-a080d469-5772-47e2-80be-bd992307d4d4 req-3860c3db-d205-4856-b38d-f4dd33739ec9 7b215ea8c998426d8ee5fed43b267543 cd2acf818572460fb8be50077c7f376e - - aeb13f56474a42dfbfe75d92688323ce aeb13f56474a42dfbfe75d92688323ce] 199.204.45.115 "GET /v2.0/subnets?id=811f3b67-2888-4ffc-82f5-f11422019d14 HTTP/1.1" status: 200 len: 877 time: 0.0534875
2026-04-10 11:05:25.552 9 INFO neutron.wsgi [req-a080d469-5772-47e2-80be-bd992307d4d4 req-5c091744-b91d-4cd1-8d13-58f07ae54511 7b215ea8c998426d8ee5fed43b267543 cd2acf818572460fb8be50077c7f376e - - aeb13f56474a42dfbfe75d92688323ce aeb13f56474a42dfbfe75d92688323ce] 199.204.45.115 "GET /v2.0/ports?network_id=1e5767b2-219a-403e-9830-f067e799397c&device_owner=network%3Adhcp HTTP/1.1" status: 200 len: 210 time: 0.0229678
2026-04-10 11:05:25.623 10 INFO neutron.wsgi [req-5b208da6-a6e7-4bb0-a20f-473a9efd7a7c req-1d31d50f-0b6a-475c-a817-de415a5bf3da 6e55b2a418dc4a1697e8b9f549ed991d 5a853d36d144407e91a0ac896f86c8bc - - default default] 10.0.0.29 "GET /v2.0/ports?device_id=928d5248-3065-464f-b538-9ffd9738b428 HTTP/1.1" status: 200 len: 1168 time: 0.1025887
2026-04-10 11:05:25.662 9 INFO neutron.wsgi [req-a080d469-5772-47e2-80be-bd992307d4d4 req-57881fae-f078-4feb-ab91-1e1b86b432cc 7b215ea8c998426d8ee5fed43b267543 cd2acf818572460fb8be50077c7f376e - - aeb13f56474a42dfbfe75d92688323ce aeb13f56474a42dfbfe75d92688323ce] 199.204.45.115 "GET /v2.0/networks/1e5767b2-219a-403e-9830-f067e799397c?fields=segments HTTP/1.1" status: 200 len: 212 time: 0.0978315
2026-04-10 11:05:25.681 10 INFO neutron.wsgi [req-5b208da6-a6e7-4bb0-a20f-473a9efd7a7c req-2f46282b-b2aa-4abe-befb-495a51a82c6b 6e55b2a418dc4a1697e8b9f549ed991d 5a853d36d144407e91a0ac896f86c8bc - - default default] 10.0.0.29 "GET /v2.0/security-groups?id=55bf6719-fe6a-4c4a-9f61-1de62bf076d1&fields=id&fields=name HTTP/1.1" status: 200 len: 313 time: 0.0517290
2026-04-10 11:05:25.738 9 INFO neutron.wsgi [req-69753ef5-695d-4091-9649-8f9444b971ca req-8d17e71c-483c-42c8-a25b-fa200424f79e a0a2346ffb62470c92643250a27341e6 3bbc9b5eeb314e25961eab9e02e755d2 - - default default] 10.0.0.29 "GET /v2.0/ports?device_id=ba04eb71-1d26-46e6-bce9-6eed223d23dd HTTP/1.1" status: 200 len: 1168 time: 0.0748203
2026-04-10 11:05:25.792 9 INFO neutron.wsgi [req-a080d469-5772-47e2-80be-bd992307d4d4 req-d6049e6c-cc40-4b90-9d59-b69ce2b04cc9 7b215ea8c998426d8ee5fed43b267543 cd2acf818572460fb8be50077c7f376e - - aeb13f56474a42dfbfe75d92688323ce aeb13f56474a42dfbfe75d92688323ce] 199.204.45.115 "GET /v2.0/networks/1e5767b2-219a-403e-9830-f067e799397c?fields=provider%3Aphysical_network&fields=provider%3Anetwork_type HTTP/1.1" status: 200 len: 277 time: 0.1119967
2026-04-10 11:05:25.811 9 INFO neutron.wsgi [req-69753ef5-695d-4091-9649-8f9444b971ca req-db10ccbe-2dc9-4812-8080-30f8a9d898ee a0a2346ffb62470c92643250a27341e6 3bbc9b5eeb314e25961eab9e02e755d2 - - default default] 10.0.0.29 "GET /v2.0/security-groups?id=3bf3c3a1-a366-46f6-9534-681753ebb2c2&fields=id&fields=name HTTP/1.1" status: 200 len: 313 time: 0.0629776
2026-04-10 11:05:25.960 9 INFO neutron.plugins.ml2.drivers.ovn.mech_driver.ovsdb.commands [None req-deebbc67-ac82-4d4b-a723-388ea5e2ada9 - - - - - -] Schedule LRP lrp-d1b8957b-25c1-45fd-aec8-f10afde0a689 on gateway 769d1f43-05cf-40ff-8a17-daf1ad9135da with priority 1
2026-04-10 11:05:25.983 10 INFO neutron.plugins.ml2.drivers.ovn.mech_driver.ovsdb.ovsdb_monitor [None req-52d6d0e6-6085-4db4-bd68-465a6e1ed459 - - - - - -] Router cbdc7feb-574b-4b91-9a50-9ffd83a9f8f6 is bound to host instance
2026-04-10 11:05:26.334 9 INFO neutron.db.ovn_revision_numbers_db [None req-f649102b-e4b8-4362-95b1-71f4a0323bc3 a304790ba8194752a146b2033d6d7794 2ba55315547740999bfc5a2567fd5682 - - default default] Successfully bumped revision number for resource d1b8957b-25c1-45fd-aec8-f10afde0a689 (type: router_ports) to 1
2026-04-10 11:05:26.610 9 INFO neutron.db.ovn_revision_numbers_db [None req-f649102b-e4b8-4362-95b1-71f4a0323bc3 a304790ba8194752a146b2033d6d7794 2ba55315547740999bfc5a2567fd5682 - - default default] Successfully bumped revision number for resource cbdc7feb-574b-4b91-9a50-9ffd83a9f8f6 (type: routers) to 2
2026-04-10 11:05:26.649 9 INFO neutron.wsgi [None req-f649102b-e4b8-4362-95b1-71f4a0323bc3 a304790ba8194752a146b2033d6d7794 2ba55315547740999bfc5a2567fd5682 - - default default] 10.0.0.229 "POST /v2.0/routers HTTP/1.1" status: 201 len: 1167 time: 2.8689163
2026-04-10 11:05:26.830 10 INFO neutron.wsgi [req-5aa8ada6-311e-4b49-b01d-b1ace397e0be req-78417855-78b7-4891-804f-1799ac742fd8 6e55b2a418dc4a1697e8b9f549ed991d 5a853d36d144407e91a0ac896f86c8bc - - default default] 10.0.0.29 "GET /v2.0/ports?device_id=928d5248-3065-464f-b538-9ffd9738b428 HTTP/1.1" status: 200 len: 1168 time: 0.0736387
2026-04-10 11:05:26.935 10 INFO neutron.wsgi [req-5aa8ada6-311e-4b49-b01d-b1ace397e0be req-7b302d89-8965-445f-8b6f-fee8606b3f00 6e55b2a418dc4a1697e8b9f549ed991d 5a853d36d144407e91a0ac896f86c8bc - - default default] 10.0.0.29 "GET /v2.0/security-groups?id=55bf6719-fe6a-4c4a-9f61-1de62bf076d1&fields=id&fields=name HTTP/1.1" status: 200 len: 313 time: 0.0880637
2026-04-10 11:05:26.993 9 INFO neutron.wsgi [req-fd185586-8821-4367-8494-9280aa91d9f3 req-5db7f4c1-9dfb-48a7-8bed-0f9c48798b75 a0a2346ffb62470c92643250a27341e6 3bbc9b5eeb314e25961eab9e02e755d2 - - default default] 10.0.0.29 "GET /v2.0/ports?device_id=ba04eb71-1d26-46e6-bce9-6eed223d23dd HTTP/1.1" status: 200 len: 1168 time: 0.1120555
2026-04-10 11:05:26.993 10 INFO neutron.wsgi [None req-ab4e5272-e2a6-4bef-aa28-ce192294e1e7 8620782f60a24e498eca0ea91d063925 1dcfe427a2ba42e69a94b53448e50127 - - default default] 10.0.0.229 "PUT /v2.0/routers/baabb1f5-266d-4d60-9867-bd8d8efd3139/remove_router_interface HTTP/1.1" status: 200 len: 503 time: 1.7054355
2026-04-10 11:05:27.032 9 INFO neutron.wsgi [None req-9fc27a75-48ce-4b6d-86d9-8d08669440b0 8620782f60a24e498eca0ea91d063925 1dcfe427a2ba42e69a94b53448e50127 - - default default] 10.0.0.229 "GET /v2.0/ports?device_id=baabb1f5-266d-4d60-9867-bd8d8efd3139 HTTP/1.1" status: 200 len: 205 time: 0.0310709 /var/lib/openstack/lib/python3.10/site-packages/pycadf/identifier.py:71: UserWarning: Invalid uuid: neutron. To ensure interoperability, identifiers should be a valid uuid. warnings.warn(('Invalid uuid: %s. To ensure interoperability, '
2026-04-10 11:05:27.062 9 INFO neutron.wsgi [req-fd185586-8821-4367-8494-9280aa91d9f3 req-fa14798c-0ee6-46a0-990a-39d895a4fc7a a0a2346ffb62470c92643250a27341e6 3bbc9b5eeb314e25961eab9e02e755d2 - - default default] 10.0.0.29 "GET /v2.0/security-groups?id=3bf3c3a1-a366-46f6-9534-681753ebb2c2&fields=id&fields=name HTTP/1.1" status: 200 len: 313 time: 0.0538192
2026-04-10 11:05:27.357 9 WARNING neutron.scheduler.dhcp_agent_scheduler [None req-fa1d342c-195a-4ec0-aae9-5227d3b48d03 a304790ba8194752a146b2033d6d7794 2ba55315547740999bfc5a2567fd5682 - - default default] No more DHCP agents
2026-04-10 11:05:27.359 9 WARNING neutron.api.rpc.agentnotifiers.dhcp_rpc_agent_api [None req-fa1d342c-195a-4ec0-aae9-5227d3b48d03 a304790ba8194752a146b2033d6d7794 2ba55315547740999bfc5a2567fd5682 - - default default] Unable to schedule network 820a9612-5276-4e7e-a29e-984ae64739a8: no agents available; will retry on subsequent port and subnet creation events.
2026-04-10 11:05:27.420 10 INFO neutron.wsgi [None req-5480d402-da6b-47aa-917c-f2450fc81543 8620782f60a24e498eca0ea91d063925 1dcfe427a2ba42e69a94b53448e50127 - - default default] 10.0.0.229 "DELETE /v2.0/routers/baabb1f5-266d-4d60-9867-bd8d8efd3139 HTTP/1.1" status: 204 len: 168 time: 0.3806441
2026-04-10 11:05:27.482 10 INFO neutron.db.ovn_revision_numbers_db [None req-52d6d0e6-6085-4db4-bd68-465a6e1ed459 - - - - - -] Successfully bumped revision number for resource d1b8957b-25c1-45fd-aec8-f10afde0a689 (type: ports) to 1
2026-04-10 11:05:27.566 9 INFO neutron.db.ovn_revision_numbers_db [None req-fa1d342c-195a-4ec0-aae9-5227d3b48d03 a304790ba8194752a146b2033d6d7794 2ba55315547740999bfc5a2567fd5682 - - default default] Successfully bumped revision number for resource 20048298-5a85-49bd-a1a6-60526a6be6fa (type: ports) to 1
2026-04-10 11:05:27.693 9 INFO neutron.wsgi [None req-1d962353-7353-49e2-bdd6-bdb13ef6e751 8620782f60a24e498eca0ea91d063925 1dcfe427a2ba42e69a94b53448e50127 - - default default] 10.0.0.229 "DELETE /v2.0/subnets/92160232-43e0-44b1-b632-4d8bb05b28f5 HTTP/1.1" status: 204 len: 168 time: 0.2679203
