2026-04-10 11:08:25.998 9 INFO neutron.wsgi [None req-fe278f27-82f3-4d21-b1f4-7fc2cd90804b eb953b6abe5b458cb2d88c9fa2d349ec 1af67c7277334c05a70f1c2a4855c614 - - default default] 10.0.0.229 "GET /v2.0/trunks/8e73256c-b7d0-4f64-9a60-be5bb488a93e HTTP/1.1" status: 200 len: 608 time: 0.0214891
2026-04-10 11:08:26.129 9 INFO neutron.wsgi [None req-984fd582-3ab0-4daa-8a86-f5cab975392d eb953b6abe5b458cb2d88c9fa2d349ec 1af67c7277334c05a70f1c2a4855c614 - - default default] 10.0.0.229 "GET /v2.0/ports/a5f12f11-2afd-41db-9e92-def3f6280106 HTTP/1.1" status: 200 len: 1020 time: 0.1255138
2026-04-10 11:08:26.197 10 INFO neutron.wsgi [None req-fe5df846-527b-4f96-a958-65aa5d2acba1 a304790ba8194752a146b2033d6d7794 2ba55315547740999bfc5a2567fd5682 - - default default] 10.0.0.229 "DELETE /v2.0/subnets/2c393758-d5a1-49da-a013-685ed4b17dbf HTTP/1.1" status: 204 len: 168 time: 0.3900433
2026-04-10 11:08:26.248 9 INFO neutron.wsgi [None req-b792cb67-ac0c-4b9f-943b-97adbb539f70 eb953b6abe5b458cb2d88c9fa2d349ec 1af67c7277334c05a70f1c2a4855c614 - - default default] 10.0.0.229 "DELETE /v2.0/trunks/8e73256c-b7d0-4f64-9a60-be5bb488a93e HTTP/1.1" status: 204 len: 168 time: 0.1141305
2026-04-10 11:08:26.267 9 INFO neutron.wsgi [None req-5407bbc5-3690-4725-93e4-ac943b7a8bb8 eb953b6abe5b458cb2d88c9fa2d349ec 1af67c7277334c05a70f1c2a4855c614 - - default default] 10.0.0.229 "GET /v2.0/trunks/d7f2d317-4116-4907-9f1b-36eef2e4af6b HTTP/1.1" status: 200 len: 616 time: 0.0144689
2026-04-10 11:08:26.345 9 INFO neutron.wsgi [None req-5b5877e9-fce9-45b3-90fe-82062918a35f eb953b6abe5b458cb2d88c9fa2d349ec 1af67c7277334c05a70f1c2a4855c614 - - default default] 10.0.0.229 "GET /v2.0/ports/73b09a00-e4aa-4d4c-b7b2-c82c350f25f7 HTTP/1.1" status: 200 len: 1020 time: 0.0734231
2026-04-10 11:08:26.531 9 INFO neutron.wsgi [None req-ec5f7e99-8e92-49b5-a973-c5c5d8ee45e9 eb953b6abe5b458cb2d88c9fa2d349ec 1af67c7277334c05a70f1c2a4855c614 - - default default] 10.0.0.229 "DELETE /v2.0/trunks/d7f2d317-4116-4907-9f1b-36eef2e4af6b HTTP/1.1" status: 204 len: 168 time: 0.1805444
2026-04-10 11:08:26.554 9 INFO neutron.wsgi [None req-09a50648-6ef9-4975-986c-85fdf13a39cb eb953b6abe5b458cb2d88c9fa2d349ec 1af67c7277334c05a70f1c2a4855c614 - - default default] 10.0.0.229 "GET /v2.0/trunks/ecfce11a-8183-437b-a8c8-8805b1da2e73 HTTP/1.1" status: 200 len: 625 time: 0.0180418
2026-04-10 11:08:26.662 9 INFO neutron.wsgi [None req-0474e0e0-d365-4694-9a28-52b46c23ab65 eb953b6abe5b458cb2d88c9fa2d349ec 1af67c7277334c05a70f1c2a4855c614 - - default default] 10.0.0.229 "GET /v2.0/ports/3d6b9674-b1a7-48ba-b5ef-9f14fec0a736 HTTP/1.1" status: 200 len: 1020 time: 0.1025350
2026-04-10 11:08:26.766 9 INFO neutron.wsgi [None req-4cb91e03-bb84-449d-a5d1-241cd7cf22d9 eb953b6abe5b458cb2d88c9fa2d349ec 1af67c7277334c05a70f1c2a4855c614 - - default default] 10.0.0.229 "DELETE /v2.0/trunks/ecfce11a-8183-437b-a8c8-8805b1da2e73 HTTP/1.1" status: 204 len: 168 time: 0.0988286
2026-04-10 11:08:26.790 9 INFO neutron.wsgi [None req-d4ba26d6-2ecd-480d-b8ef-1c5c214e4b0c eb953b6abe5b458cb2d88c9fa2d349ec 1af67c7277334c05a70f1c2a4855c614 - - default default] 10.0.0.229 "GET /v2.0/trunks/d2fabf0a-15d2-4753-897b-83213027de6e HTTP/1.1" status: 200 len: 610 time: 0.0191262
2026-04-10 11:08:26.896 9 INFO neutron.wsgi [None req-b4649b00-472a-4950-a769-d57bd152c112 eb953b6abe5b458cb2d88c9fa2d349ec 1af67c7277334c05a70f1c2a4855c614 - - default default] 10.0.0.229 "GET /v2.0/ports/d4d26082-2452-470d-b2c1-83af63695802 HTTP/1.1" status: 200 len: 1020 time: 0.1014004
2026-04-10 11:08:27.018 10 INFO neutron.services.segments.plugin [-] Segment a455f75f-8f02-4579-905b-8e768a55d4c1 resource provider aggregate not found
2026-04-10 11:08:27.022 10 INFO neutron.services.segments.plugin [-] Segment a455f75f-8f02-4579-905b-8e768a55d4c1 resource provider aggregate not found
2026-04-10 11:08:27.030 9 INFO neutron.wsgi [None req-bbc7731e-c7a4-4d3b-b2ca-aacf3a447f82 eb953b6abe5b458cb2d88c9fa2d349ec 1af67c7277334c05a70f1c2a4855c614 - - default default] 10.0.0.229 "DELETE /v2.0/trunks/d2fabf0a-15d2-4753-897b-83213027de6e HTTP/1.1" status: 204 len: 168 time: 0.1290014
2026-04-10 11:08:27.037 10 INFO neutron.services.segments.plugin [-] Segment a455f75f-8f02-4579-905b-8e768a55d4c1 resource provider not found; error: Placement Client Error (4xx): {"errors": [{"status": 404, "title": "Not Found", "detail": "The resource could not be found.\n\n No resource provider with uuid a455f75f-8f02-4579-905b-8e768a55d4c1 found for delete ", "request_id": "req-cdc3207a-12ee-41e4-b246-69a5d21a1e90"}]}
2026-04-10 11:08:27.041 10 INFO neutron.services.segments.plugin [-] Segment a455f75f-8f02-4579-905b-8e768a55d4c1 resource provider not found; error: Placement Client Error (4xx): {"errors": [{"status": 404, "title": "Not Found", "detail": "The resource could not be found.\n\n No resource provider with uuid a455f75f-8f02-4579-905b-8e768a55d4c1 found for delete ", "request_id": "req-fddd85db-1400-476f-8583-5a1bbfbe1676"}]}
2026-04-10 11:08:27.054 9 INFO neutron.wsgi [None req-4d994032-3f1e-49ff-8f45-fa24ad33ce6f eb953b6abe5b458cb2d88c9fa2d349ec 1af67c7277334c05a70f1c2a4855c614 - - default default] 10.0.0.229 "GET /v2.0/trunks/6f5eaa07-4e54-4352-bc56-083c07aa0a67 HTTP/1.1" status: 200 len: 603 time: 0.0186856
2026-04-10 11:08:27.158 9 INFO neutron.wsgi [None req-0bfbf03c-809b-4821-8f45-5608714bdc2a eb953b6abe5b458cb2d88c9fa2d349ec 1af67c7277334c05a70f1c2a4855c614 - - default default] 10.0.0.229 "GET /v2.0/ports/3e155363-1d34-41db-8c01-5bcbbf20a176 HTTP/1.1" status: 200 len: 1020 time: 0.0985193
2026-04-10 11:08:27.197 10 INFO neutron.wsgi [None req-ed330598-6c8d-493d-8d4e-1b2d7f9e0812 a304790ba8194752a146b2033d6d7794 2ba55315547740999bfc5a2567fd5682 - - default default] 10.0.0.229 "DELETE /v2.0/networks/01fec208-e16e-4667-99b8-fd2b057a692e HTTP/1.1" status: 204 len: 168 time: 0.9931734
2026-04-10 11:08:27.290 9 INFO neutron.wsgi [None req-860aa80f-1deb-4213-a0b5-1fc22b590607 eb953b6abe5b458cb2d88c9fa2d349ec 1af67c7277334c05a70f1c2a4855c614 - - default default] 10.0.0.229 "DELETE /v2.0/trunks/6f5eaa07-4e54-4352-bc56-083c07aa0a67 HTTP/1.1" status: 204 len: 168 time: 0.1256857
2026-04-10 11:08:27.656 9 INFO neutron.wsgi [None req-9609326c-b731-4fc3-a578-c0547f6987c7 a304790ba8194752a146b2033d6d7794 2ba55315547740999bfc5a2567fd5682 - - default default] 10.0.0.229 "GET /v2.0/security-groups?tenant_id=dd72590752c041bd9b82a173baf98ec4&name=default HTTP/1.1" status: 200 len: 3120 time: 0.0426769
2026-04-10 11:08:27.711 10 INFO neutron.wsgi [None req-d0df0387-058f-41c1-a992-42229a089a6e eb953b6abe5b458cb2d88c9fa2d349ec 1af67c7277334c05a70f1c2a4855c614 - - default default] 10.0.0.229 "DELETE /v2.0/ports/a5f12f11-2afd-41db-9e92-def3f6280106 HTTP/1.1" status: 204 len: 168 time: 0.4159467
2026-04-10 11:08:27.722 10 INFO neutron.wsgi [None req-929c8f72-5dc5-4321-a920-9985d85fae41 a304790ba8194752a146b2033d6d7794 2ba55315547740999bfc5a2567fd5682 - - default default] 10.0.0.229 "PUT /v2.0/routers/cf2f24d0-4d5d-48a4-a6bb-cad741dd3efc/remove_router_interface HTTP/1.1" status: 200 len: 503 time: 1.8842483 /var/lib/openstack/lib/python3.10/site-packages/pycadf/identifier.py:71: UserWarning: Invalid uuid: neutron. To ensure interoperability, identifiers should be a valid uuid. warnings.warn(('Invalid uuid: %s. To ensure interoperability, '
2026-04-10 11:08:27.920 9 INFO neutron.wsgi [None req-d6fd085f-f47b-428d-a173-145715a5809a a304790ba8194752a146b2033d6d7794 2ba55315547740999bfc5a2567fd5682 - - default default] 10.0.0.229 "DELETE /v2.0/security-groups/bd86bbb2-b625-4740-913f-35748b69e5fa HTTP/1.1" status: 204 len: 168 time: 0.2596953
2026-04-10 11:08:28.162 10 INFO neutron.wsgi [None req-f18ad1a2-0676-4a9a-9625-450c2b679aa7 a304790ba8194752a146b2033d6d7794 2ba55315547740999bfc5a2567fd5682 - - default default] 10.0.0.229 "GET /v2.0/security-groups?tenant_id=59d8a1f7f5934b8ba06bdfd534511be8&name=default HTTP/1.1" status: 200 len: 3120 time: 0.0682125
2026-04-10 11:08:28.169 10 INFO neutron.wsgi [None req-98a370f6-dfc1-4061-a68e-8d70ccfeb14f eb953b6abe5b458cb2d88c9fa2d349ec 1af67c7277334c05a70f1c2a4855c614 - - default default] 10.0.0.229 "DELETE /v2.0/ports/73b09a00-e4aa-4d4c-b7b2-c82c350f25f7 HTTP/1.1" status: 204 len: 168 time: 0.4508841
2026-04-10 11:08:28.523 9 INFO neutron.wsgi [None req-ac230077-0785-416f-b714-7d2a9936d770 eb953b6abe5b458cb2d88c9fa2d349ec 1af67c7277334c05a70f1c2a4855c614 - - default default] 10.0.0.229 "DELETE /v2.0/ports/3d6b9674-b1a7-48ba-b5ef-9f14fec0a736 HTTP/1.1" status: 204 len: 168 time: 0.3467922
2026-04-10 11:08:28.526 9 INFO neutron.wsgi [None req-dc72b9f2-8db7-4e9b-9384-656d97ab2619 a304790ba8194752a146b2033d6d7794 2ba55315547740999bfc5a2567fd5682 - - default default] 10.0.0.229 "DELETE /v2.0/security-groups/9ca3f27b-d7be-40c2-9ba9-f63d38c1fa88 HTTP/1.1" status: 204 len: 168 time: 0.3574533
2026-04-10 11:08:28.905 10 INFO neutron.wsgi [None req-bdfed8b4-2fe5-475b-87f2-9d69707d3c78 a304790ba8194752a146b2033d6d7794 2ba55315547740999bfc5a2567fd5682 - - default default] 10.0.0.229 "DELETE /v2.0/routers/cf2f24d0-4d5d-48a4-a6bb-cad741dd3efc HTTP/1.1" status: 204 len: 168 time: 1.1729283
2026-04-10 11:08:29.021 10 INFO neutron.wsgi [None req-cd069c20-f69b-4c1a-908f-b588d4972638 eb953b6abe5b458cb2d88c9fa2d349ec 1af67c7277334c05a70f1c2a4855c614 - - default default] 10.0.0.229 "DELETE /v2.0/ports/d4d26082-2452-470d-b2c1-83af63695802 HTTP/1.1" status: 204 len: 168 time: 0.4924834
2026-04-10 11:08:29.255 9 INFO neutron.wsgi [None req-fbfc1ef6-35e5-4876-94c9-23d9a9cb2cce a304790ba8194752a146b2033d6d7794 2ba55315547740999bfc5a2567fd5682 - - default default] 10.0.0.229 "DELETE /v2.0/subnets/f10ba0b3-3da2-41b6-b681-75811ce89a40 HTTP/1.1" status: 204 len: 168 time: 0.3444002
2026-04-10 11:08:29.419 9 INFO neutron.wsgi [None req-475389bb-f0c0-433b-92bb-41d292e75913 eb953b6abe5b458cb2d88c9fa2d349ec 1af67c7277334c05a70f1c2a4855c614 - - default default] 10.0.0.229 "DELETE /v2.0/ports/3e155363-1d34-41db-8c01-5bcbbf20a176 HTTP/1.1" status: 204 len: 168 time: 0.3836255
2026-04-10 11:08:29.709 9 INFO neutron.services.segments.plugin [-] Segment 8a2a7651-5e1e-4fb2-8b06-8178ce8e35cf resource provider aggregate not found
2026-04-10 11:08:29.715 9 INFO neutron.services.segments.plugin [-] Segment 8a2a7651-5e1e-4fb2-8b06-8178ce8e35cf resource provider aggregate not found
2026-04-10 11:08:29.727 9 INFO neutron.services.segments.plugin [-] Segment 8a2a7651-5e1e-4fb2-8b06-8178ce8e35cf resource provider not found; error: Placement Client Error (4xx): {"errors": [{"status": 404, "title": "Not Found", "detail": "The resource could not be found.\n\n No resource provider with uuid 8a2a7651-5e1e-4fb2-8b06-8178ce8e35cf found for delete ", "request_id": "req-0d6d89bf-62fb-4273-8604-69a004f782e2"}]}
2026-04-10 11:08:29.735 9 INFO neutron.wsgi [None req-977a6cae-0682-4ad4-8732-bc8186390916 a304790ba8194752a146b2033d6d7794 2ba55315547740999bfc5a2567fd5682 - - default default] 10.0.0.229 "DELETE /v2.0/networks/f38f8493-0f02-42a7-afc8-c8d433bd337c HTTP/1.1" status: 204 len: 168 time: 0.4727726
2026-04-10 11:08:29.736 9 INFO neutron.services.segments.plugin [-] Segment 8a2a7651-5e1e-4fb2-8b06-8178ce8e35cf resource provider not found; error: Placement Client Error (4xx): {"errors": [{"status": 404, "title": "Not Found", "detail": "The resource could not be found.\n\n No resource provider with uuid 8a2a7651-5e1e-4fb2-8b06-8178ce8e35cf found for delete ", "request_id": "req-db12d611-3b53-476f-ad1e-238b9573b981"}]}
2026-04-10 11:08:29.838 10 INFO neutron.services.segments.plugin [-] Segment 86cb09e7-7312-4241-bb8d-0a78809b064a resource provider aggregate not found
2026-04-10 11:08:29.846 10 INFO neutron.services.segments.plugin [-] Segment 86cb09e7-7312-4241-bb8d-0a78809b064a resource provider aggregate not found
2026-04-10 11:08:29.851 10 INFO neutron.services.segments.plugin [-] Segment 86cb09e7-7312-4241-bb8d-0a78809b064a resource provider not found; error: Placement Client Error (4xx): {"errors": [{"status": 404, "title": "Not Found", "detail": "The resource could not be found.\n\n No resource provider with uuid 86cb09e7-7312-4241-bb8d-0a78809b064a found for delete ", "request_id": "req-0b288cf2-f6dd-4239-8aa0-0090419b70f9"}]}
2026-04-10 11:08:29.859 10 INFO neutron.services.segments.plugin [-] Segment 86cb09e7-7312-4241-bb8d-0a78809b064a resource provider not found; error: Placement Client Error (4xx): {"errors": [{"status": 404, "title": "Not Found", "detail": "The resource could not be found.\n\n No resource provider with uuid 86cb09e7-7312-4241-bb8d-0a78809b064a found for delete ", "request_id": "req-ddd18cdd-d7fb-4824-b2ea-614c8d0ae799"}]}
2026-04-10 11:08:29.874 10 INFO neutron.wsgi [None req-be047573-983a-4d71-8c54-a731ae4210ae eb953b6abe5b458cb2d88c9fa2d349ec 1af67c7277334c05a70f1c2a4855c614 - - default default] 10.0.0.229 "DELETE /v2.0/networks/bdb6a067-b9d3-4f85-b7c1-a2e0d9e5195e HTTP/1.1" status: 204 len: 168 time: 0.4490273
2026-04-10 11:08:29.923 9 INFO neutron.wsgi [None req-52ab3374-d5df-4c50-9e66-7a09c6e3766f a304790ba8194752a146b2033d6d7794 2ba55315547740999bfc5a2567fd5682 - - default default] 10.0.0.229 "GET /v2.0/security-groups?tenant_id=f26bd97d45de4e849c9428ba2ee60280&name=default HTTP/1.1" status: 200 len: 3120 time: 0.0405195
2026-04-10 11:08:30.157 9 INFO neutron.wsgi [None req-b6b3a69b-c146-45d8-b835-0fce2c4591ec a304790ba8194752a146b2033d6d7794 2ba55315547740999bfc5a2567fd5682 - - default default] 10.0.0.229 "DELETE /v2.0/security-groups/01bb8353-3188-4cbb-8f39-ef9e3aca30c9 HTTP/1.1" status: 204 len: 168 time: 0.2272239
2026-04-10 11:08:30.234 9 INFO neutron.wsgi [req-4d291ffc-d6e0-4fff-bca7-a68b3c89b346 req-55d2d770-af8a-4f58-b1f2-ead7333f38bf 7b215ea8c998426d8ee5fed43b267543 cd2acf818572460fb8be50077c7f376e - - aeb13f56474a42dfbfe75d92688323ce aeb13f56474a42dfbfe75d92688323ce] 10.0.0.31 "GET /v2.0/ports?device_id=ab6b59e0-eb17-4939-afd7-a34901979a64 HTTP/1.1" status: 200 len: 1413 time: 0.0401626
2026-04-10 11:08:30.284 9 INFO neutron.wsgi [req-4d291ffc-d6e0-4fff-bca7-a68b3c89b346 req-175a9ddd-0547-4bc7-b025-9113edd8a32f 7b215ea8c998426d8ee5fed43b267543 cd2acf818572460fb8be50077c7f376e - - aeb13f56474a42dfbfe75d92688323ce aeb13f56474a42dfbfe75d92688323ce] 10.0.0.31 "GET /v2.0/security-groups?id=d6d87388-3777-46c1-8616-d4b156895c73&fields=id&fields=name HTTP/1.1" status: 200 len: 312 time: 0.0409224
2026-04-10 11:08:30.547 10 INFO neutron.wsgi [None req-910edc95-91fc-4aaf-9b5e-626bf6a160d6 eb953b6abe5b458cb2d88c9fa2d349ec 1af67c7277334c05a70f1c2a4855c614 - - default default] 10.0.0.229 "DELETE /v2.0/networks/e541c77f-286e-4589-8c47-e9e71cc07e74 HTTP/1.1" status: 204 len: 168 time: 0.6674962
2026-04-10 11:08:31.017 10 INFO neutron.wsgi [None req-2d2491a8-0a83-472f-9544-1f5f14a69f54 eb953b6abe5b458cb2d88c9fa2d349ec 1af67c7277334c05a70f1c2a4855c614 - - default default] 10.0.0.229 "DELETE /v2.0/networks/70693444-70d6-4191-a576-e1c322699714 HTTP/1.1" status: 204 len: 168 time: 0.4614990
2026-04-10 11:08:31.317 9 INFO neutron.wsgi [None req-f55fea04-b82c-4514-8102-6dcc799fe846 5ae9e147de6740828ee97b35b5635c1e c8f4d96bb85246b58846da47f5e5eee9 - - default default] 10.0.0.229 "GET /v2.0/ports?project_id=21725c1998244f97abe9878d715821e7&network_id=c2911bf3-9d3f-46ec-8be0-b295b7e234eb HTTP/1.1" status: 200 len: 3514 time: 0.0933053
2026-04-10 11:08:31.606 9 INFO neutron.wsgi [None req-9c12e079-eaaa-4eee-a1a2-d1890b5a949c 5ae9e147de6740828ee97b35b5635c1e c8f4d96bb85246b58846da47f5e5eee9 - - default default] 10.0.0.229 "GET /v2.0/subnets?network_id=37706f09-e95f-4b5e-b9a0-e338fa1d8409 HTTP/1.1" status: 200 len: 838 time: 0.0385635
2026-04-10 11:08:31.747 9 INFO neutron.services.segments.plugin [-] Segment 9764725f-d696-4021-8d94-93f23fcc875a resource provider aggregate not found
2026-04-10 11:08:31.754 9 INFO neutron.services.segments.plugin [-] Segment 9764725f-d696-4021-8d94-93f23fcc875a resource provider aggregate not found
2026-04-10 11:08:31.762 9 INFO neutron.services.segments.plugin [-] Segment 9764725f-d696-4021-8d94-93f23fcc875a resource provider not found; error: Placement Client Error (4xx): {"errors": [{"status": 404, "title": "Not Found", "detail": "The resource could not be found.\n\n No resource provider with uuid 9764725f-d696-4021-8d94-93f23fcc875a found for delete ", "request_id": "req-49890761-0ae4-4919-aef5-cec3175161e9"}]}
2026-04-10 11:08:31.768 9 INFO neutron.services.segments.plugin [-] Segment 9764725f-d696-4021-8d94-93f23fcc875a resource provider not found; error: Placement Client Error (4xx): {"errors": [{"status": 404, "title": "Not Found", "detail": "The resource could not be found.\n\n No resource provider with uuid 9764725f-d696-4021-8d94-93f23fcc875a found for delete ", "request_id": "req-d5a7dc7f-b69b-4339-8610-0b4163a69f44"}]}
2026-04-10 11:08:31.837 9 INFO neutron.wsgi [None req-e9630fba-788b-4dd8-9cf3-7129edf2d44d eb953b6abe5b458cb2d88c9fa2d349ec 1af67c7277334c05a70f1c2a4855c614 - - default default] 10.0.0.229 "DELETE /v2.0/networks/517d8fec-1175-4e70-a41a-5c5d2061a52c HTTP/1.1" status: 204 len: 168 time: 0.8140438
2026-04-10 11:08:31.874 10 INFO neutron.services.segments.plugin [-] Segment 080ebd75-3be7-4ce6-a56d-aa0a43a21a8e resource provider aggregate not found
2026-04-10 11:08:31.892 10 INFO neutron.services.segments.plugin [-] Segment 080ebd75-3be7-4ce6-a56d-aa0a43a21a8e resource provider not found; error: Placement Client Error (4xx): {"errors": [{"status": 404, "title": "Not Found", "detail": "The resource could not be found.\n\n No resource provider with uuid 080ebd75-3be7-4ce6-a56d-aa0a43a21a8e found for delete ", "request_id": "req-7d5ead1a-31f3-4fb1-b8c1-52cd5ea12244"}]}
2026-04-10 11:08:31.903 10 INFO neutron.services.segments.plugin [-] Segment 080ebd75-3be7-4ce6-a56d-aa0a43a21a8e resource provider aggregate not found
2026-04-10 11:08:31.910 10 INFO neutron.services.segments.plugin [-] Segment 5f038873-3117-421a-b82a-cc3d7d81c8d3 resource provider aggregate not found
2026-04-10 11:08:31.929 10 INFO neutron.services.segments.plugin [-] Segment 080ebd75-3be7-4ce6-a56d-aa0a43a21a8e resource provider not found; error: Placement Client Error (4xx): {"errors": [{"status": 404, "title": "Not Found", "detail": "The resource could not be found.\n\n No resource provider with uuid 080ebd75-3be7-4ce6-a56d-aa0a43a21a8e found for delete ", "request_id": "req-accc153a-e6dc-42ec-8cb1-e70b8327cd95"}]}
2026-04-10 11:08:31.934 10 INFO neutron.services.segments.plugin [-] Segment 5f038873-3117-421a-b82a-cc3d7d81c8d3 resource provider not found; error: Placement Client Error (4xx): {"errors": [{"status": 404, "title": "Not Found", "detail": "The resource could not be found.\n\n No resource provider with uuid 5f038873-3117-421a-b82a-cc3d7d81c8d3 found for delete ", "request_id": "req-f9a315e9-6f2a-4c5e-9ac6-b4089ea3a15e"}]}
2026-04-10 11:08:31.949 10 INFO neutron.services.segments.plugin [-] Segment 5f038873-3117-421a-b82a-cc3d7d81c8d3 resource provider aggregate not found
2026-04-10 11:08:31.966 10 INFO neutron.services.segments.plugin [-] Segment 5f038873-3117-421a-b82a-cc3d7d81c8d3 resource provider not found; error: Placement Client Error (4xx): {"errors": [{"status": 404, "title": "Not Found", "detail": "The resource could not be found.\n\n No resource provider with uuid 5f038873-3117-421a-b82a-cc3d7d81c8d3 found for delete ", "request_id": "req-e2953978-bd92-44c5-b0ed-0b77e52c5a54"}]}
2026-04-10 11:08:32.427 9 INFO neutron.db.ovn_revision_numbers_db [None req-8c126210-fd80-4621-8f34-d42952bd259d 4e63f17d51b9417ca0d562426c409876 21725c1998244f97abe9878d715821e7 - - default default] Successfully bumped revision number for resource 1a49f4d2-5616-4251-8c1c-495512208139 (type: floatingips) to 2
2026-04-10 11:08:32.501 9 INFO neutron.db.l3_db [None req-8c126210-fd80-4621-8f34-d42952bd259d 4e63f17d51b9417ca0d562426c409876 21725c1998244f97abe9878d715821e7 - - default default] Floating IP 1a49f4d2-5616-4251-8c1c-495512208139 disassociated. External IP: 10.96.250.212, port: b2d66a4e-994e-43fd-b9fe-c55cb52cfd29.
2026-04-10 11:08:32.541 9 INFO neutron.wsgi [None req-8c126210-fd80-4621-8f34-d42952bd259d 4e63f17d51b9417ca0d562426c409876 21725c1998244f97abe9878d715821e7 - - default default] 10.0.0.229 "PUT /v2.0/floatingips/1a49f4d2-5616-4251-8c1c-495512208139 HTTP/1.1" status: 200 len: 748 time: 0.7568145 /var/lib/openstack/lib/python3.10/site-packages/pycadf/identifier.py:71: UserWarning: Invalid uuid: neutron. To ensure interoperability, identifiers should be a valid uuid. warnings.warn(('Invalid uuid: %s. To ensure interoperability, '
2026-04-10 11:08:32.580 9 INFO neutron.notifiers.nova [-] Nova event matching ['req-1abf02ba-6fdd-4a60-a40d-3eb3360b762a'] response: {'name': 'network-changed', 'server_uuid': 'ab6b59e0-eb17-4939-afd7-a34901979a64', 'tag': 'b2d66a4e-994e-43fd-b9fe-c55cb52cfd29', 'status': 'completed', 'code': 200}
2026-04-10 11:08:32.590 9 INFO neutron.wsgi [None req-0b8fec9c-b855-4a32-a868-223e11776147 4e63f17d51b9417ca0d562426c409876 21725c1998244f97abe9878d715821e7 - - default default] 10.0.0.229 "GET /v2.0/floatingips/1a49f4d2-5616-4251-8c1c-495512208139 HTTP/1.1" status: 200 len: 746 time: 0.0403466
2026-04-10 11:08:32.641 9 INFO neutron.wsgi [req-3f89f32e-600b-4751-bc2a-2944ca86cf80 req-e4583c2d-78bf-4a76-892b-a95ef8ae3c17 7b215ea8c998426d8ee5fed43b267543 cd2acf818572460fb8be50077c7f376e - - aeb13f56474a42dfbfe75d92688323ce aeb13f56474a42dfbfe75d92688323ce] 199.204.45.115 "GET /v2.0/ports?tenant_id=21725c1998244f97abe9878d715821e7&device_id=ab6b59e0-eb17-4939-afd7-a34901979a64 HTTP/1.1" status: 200 len: 1413 time: 0.0405374
2026-04-10 11:08:32.726 9 INFO neutron.wsgi [req-3f89f32e-600b-4751-bc2a-2944ca86cf80 req-9a0b6ae6-9218-40a9-84b0-a105d9901c6e 7b215ea8c998426d8ee5fed43b267543 cd2acf818572460fb8be50077c7f376e - - aeb13f56474a42dfbfe75d92688323ce aeb13f56474a42dfbfe75d92688323ce] 199.204.45.115 "GET /v2.0/networks?id=c2911bf3-9d3f-46ec-8be0-b295b7e234eb HTTP/1.1" status: 200 len: 959 time: 0.0770307
2026-04-10 11:08:32.755 9 INFO neutron.wsgi [req-3f89f32e-600b-4751-bc2a-2944ca86cf80 req-fac07c6c-ad41-440d-b63c-a53e2744ff78 7b215ea8c998426d8ee5fed43b267543 cd2acf818572460fb8be50077c7f376e - - aeb13f56474a42dfbfe75d92688323ce aeb13f56474a42dfbfe75d92688323ce] 199.204.45.115 "GET /v2.0/floatingips?fixed_ip_address=10.100.0.13&port_id=b2d66a4e-994e-43fd-b9fe-c55cb52cfd29 HTTP/1.1" status: 200 len: 217 time: 0.0238283
2026-04-10 11:08:32.796 9 INFO neutron.wsgi [req-3f89f32e-600b-4751-bc2a-2944ca86cf80 req-b5a248c4-b8d5-42d5-a240-14c8b7fbcb83 7b215ea8c998426d8ee5fed43b267543 cd2acf818572460fb8be50077c7f376e - - aeb13f56474a42dfbfe75d92688323ce aeb13f56474a42dfbfe75d92688323ce] 199.204.45.115 "GET /v2.0/subnets?id=5b4da1c3-e61b-4654-b447-ed0e557b884d HTTP/1.1" status: 200 len: 852 time: 0.0341539
2026-04-10 11:08:32.828 9 INFO neutron.wsgi [req-3f89f32e-600b-4751-bc2a-2944ca86cf80 req-2cb496c2-07f3-431b-9756-70aefba2a3ee 7b215ea8c998426d8ee5fed43b267543 cd2acf818572460fb8be50077c7f376e - - aeb13f56474a42dfbfe75d92688323ce aeb13f56474a42dfbfe75d92688323ce] 199.204.45.115 "GET /v2.0/ports?network_id=c2911bf3-9d3f-46ec-8be0-b295b7e234eb&device_owner=network%3Adhcp HTTP/1.1" status: 200 len: 210 time: 0.0226593
2026-04-10 11:08:32.894 9 INFO neutron.wsgi [req-3f89f32e-600b-4751-bc2a-2944ca86cf80 req-095ac93b-145a-40fb-bac0-ddb446130558 7b215ea8c998426d8ee5fed43b267543 cd2acf818572460fb8be50077c7f376e - - aeb13f56474a42dfbfe75d92688323ce aeb13f56474a42dfbfe75d92688323ce] 199.204.45.115 "GET /v2.0/networks/c2911bf3-9d3f-46ec-8be0-b295b7e234eb?fields=segments HTTP/1.1" status: 200 len: 212 time: 0.0563352
2026-04-10 11:08:32.965 9 INFO neutron.wsgi [req-3f89f32e-600b-4751-bc2a-2944ca86cf80 req-2415ba43-995e-4e89-9388-8393cd1ce993 7b215ea8c998426d8ee5fed43b267543 cd2acf818572460fb8be50077c7f376e - - aeb13f56474a42dfbfe75d92688323ce aeb13f56474a42dfbfe75d92688323ce] 199.204.45.115 "GET /v2.0/networks/c2911bf3-9d3f-46ec-8be0-b295b7e234eb?fields=provider%3Aphysical_network&fields=provider%3Anetwork_type HTTP/1.1" status: 200 len: 277 time: 0.0656333
2026-04-10 11:08:33.108 9 INFO neutron.wsgi [None req-b2478dd7-3756-4e92-8384-0e10374dcf3c eb953b6abe5b458cb2d88c9fa2d349ec 1af67c7277334c05a70f1c2a4855c614 - - default default] 10.0.0.229 "DELETE /v2.0/networks/69f8a244-f04a-4c7b-b037-0a436fbe5b70 HTTP/1.1" status: 204 len: 168 time: 1.2652681
2026-04-10 11:08:33.691 10 WARNING neutron_lib.context [None req-f903031e-908f-433c-a60d-3e2e9e4cc7be 4e63f17d51b9417ca0d562426c409876 21725c1998244f97abe9878d715821e7 - - default default] Method 'is_advsvc' is deprecated since 2023.2 release (neutron-lib 3.8.0) and will be removed once support for the old RBAC API policies will be removed from Neutron. Please use method 'is_service_role' instead.
2026-04-10 11:08:33.784 9 INFO neutron.services.segments.plugin [-] Segment 6e558d64-5773-484e-b244-06b44fd7aa05 resource provider aggregate not found
2026-04-10 11:08:33.797 9 WARNING neutron_lib.context [None req-538850df-1142-4cad-92ac-09dc6d2661d8 229c6a9a32e84dba8951b5bc4444e6bb cb52505bc6d646168fb534ffe5491d2a - - default default] Method 'is_advsvc' is deprecated since 2023.2 release (neutron-lib 3.8.0) and will be removed once support for the old RBAC API policies will be removed from Neutron. Please use method 'is_service_role' instead.
2026-04-10 11:08:33.802 9 INFO neutron.services.segments.plugin [-] Segment 6e558d64-5773-484e-b244-06b44fd7aa05 resource provider aggregate not found
2026-04-10 11:08:33.807 9 INFO neutron.services.segments.plugin [-] Segment 6e558d64-5773-484e-b244-06b44fd7aa05 resource provider not found; error: Placement Client Error (4xx): {"errors": [{"status": 404, "title": "Not Found", "detail": "The resource could not be found.\n\n No resource provider with uuid 6e558d64-5773-484e-b244-06b44fd7aa05 found for delete ", "request_id": "req-cc2e0f4c-11f2-45a6-8e8a-3c67e50fba8a"}]}
2026-04-10 11:08:33.821 9 INFO neutron.services.segments.plugin [-] Segment 6e558d64-5773-484e-b244-06b44fd7aa05 resource provider not found; error: Placement Client Error (4xx): {"errors": [{"status": 404, "title": "Not Found", "detail": "The resource could not be found.\n\n No resource provider with uuid 6e558d64-5773-484e-b244-06b44fd7aa05 found for delete ", "request_id": "req-e772d0ed-6659-4b86-83e4-609d64baf072"}]}
2026-04-10 11:08:33.843 10 INFO neutron.db.ovn_revision_numbers_db [None req-f903031e-908f-433c-a60d-3e2e9e4cc7be 4e63f17d51b9417ca0d562426c409876 21725c1998244f97abe9878d715821e7 - - default default] Successfully bumped revision number for resource cac477ab-e48b-4c86-b069-e89d2dd26b72 (type: security_groups) to 1
2026-04-10 11:08:33.863 10 INFO neutron.db.ovn_revision_numbers_db [None req-f903031e-908f-433c-a60d-3e2e9e4cc7be 4e63f17d51b9417ca0d562426c409876 21725c1998244f97abe9878d715821e7 - - default default] Successfully bumped revision number for resource 2d11d212-b11f-4b5e-af04-4edffe86055c (type: security_group_rules) to 0
2026-04-10 11:08:33.892 10 INFO neutron.db.ovn_revision_numbers_db [None req-f903031e-908f-433c-a60d-3e2e9e4cc7be 4e63f17d51b9417ca0d562426c409876 21725c1998244f97abe9878d715821e7 - - default default] Successfully bumped revision number for resource 332d006e-cd1d-407b-8be8-db140d6e500d (type: security_group_rules) to 0
2026-04-10 11:08:33.927 10 INFO neutron.wsgi [None req-f903031e-908f-433c-a60d-3e2e9e4cc7be 4e63f17d51b9417ca0d562426c409876 21725c1998244f97abe9878d715821e7 - - default default] 10.0.0.229 "POST /v2.0/security-groups HTTP/1.1" status: 201 len: 1873 time: 0.2440915
2026-04-10 11:08:33.941 10 WARNING neutron_lib.context [None req-9c708443-863d-404c-9fc0-2be3c2f63a51 4e63f17d51b9417ca0d562426c409876 21725c1998244f97abe9878d715821e7 - - default default] Method 'is_advsvc' is deprecated since 2023.2 release (neutron-lib 3.8.0) and will be removed once support for the old RBAC API policies will be removed from Neutron. Please use method 'is_service_role' instead.
2026-04-10 11:08:33.971 9 INFO neutron.db.ovn_revision_numbers_db [None req-538850df-1142-4cad-92ac-09dc6d2661d8 229c6a9a32e84dba8951b5bc4444e6bb cb52505bc6d646168fb534ffe5491d2a - - default default] Successfully bumped revision number for resource 19364855-9238-4a9f-ba78-5432a7939a79 (type: security_groups) to 1
2026-04-10 11:08:33.986 9 INFO neutron.db.ovn_revision_numbers_db [None req-538850df-1142-4cad-92ac-09dc6d2661d8 229c6a9a32e84dba8951b5bc4444e6bb cb52505bc6d646168fb534ffe5491d2a - - default default] Successfully bumped revision number for resource 21c7ba5d-66f2-49f4-a1dc-64ba66e38fee (type: security_group_rules) to 0
2026-04-10 11:08:34.000 9 INFO neutron.db.ovn_revision_numbers_db [None req-538850df-1142-4cad-92ac-09dc6d2661d8 229c6a9a32e84dba8951b5bc4444e6bb cb52505bc6d646168fb534ffe5491d2a - - default default] Successfully bumped revision number for resource 34358c93-28cc-4cea-96ed-864f9da4383a (type: security_group_rules) to 0
2026-04-10 11:08:34.016 9 INFO neutron.db.ovn_revision_numbers_db [None req-538850df-1142-4cad-92ac-09dc6d2661d8 229c6a9a32e84dba8951b5bc4444e6bb cb52505bc6d646168fb534ffe5491d2a - - default default] Successfully bumped revision number for resource 4f97d47f-ce90-4971-afbd-dd942f27066d (type: security_group_rules) to 0
2026-04-10 11:08:34.033 9 INFO neutron.db.ovn_revision_numbers_db [None req-538850df-1142-4cad-92ac-09dc6d2661d8 229c6a9a32e84dba8951b5bc4444e6bb cb52505bc6d646168fb534ffe5491d2a - - default default] Successfully bumped revision number for resource 98752bf8-4095-4154-bc20-07d5b1ab41d2 (type: security_group_rules) to 0
2026-04-10 11:08:34.098 9 INFO neutron.db.segments_db [None req-538850df-1142-4cad-92ac-09dc6d2661d8 229c6a9a32e84dba8951b5bc4444e6bb cb52505bc6d646168fb534ffe5491d2a - - default default] Added segment 5e24fd39-5b47-4343-b9d9-6a6bfd56a09b of type geneve for network 5d590ff6-ca38-4284-982b-72477a6939e5
2026-04-10 11:08:34.105 10 INFO neutron.db.ovn_revision_numbers_db [None req-9c708443-863d-404c-9fc0-2be3c2f63a51 4e63f17d51b9417ca0d562426c409876 21725c1998244f97abe9878d715821e7 - - default default] Successfully bumped revision number for resource dccd055f-c653-4a3f-b3e6-0165e056f8c6 (type: security_group_rules) to 0
2026-04-10 11:08:34.137 10 INFO neutron.wsgi [None req-9c708443-863d-404c-9fc0-2be3c2f63a51 4e63f17d51b9417ca0d562426c409876 21725c1998244f97abe9878d715821e7 - - default default] 10.0.0.229 "POST /v2.0/security-group-rules HTTP/1.1" status: 201 len: 796 time: 0.2008905
2026-04-10 11:08:34.147 10 WARNING neutron_lib.context [None req-1a43c655-ba5a-4e54-b57a-75a25daab4cf 4e63f17d51b9417ca0d562426c409876 21725c1998244f97abe9878d715821e7 - - default default] Method 'is_advsvc' is deprecated since 2023.2 release (neutron-lib 3.8.0) and will be removed once support for the old RBAC API policies will be removed from Neutron. Please use method 'is_service_role' instead.
2026-04-10 11:08:34.247 9 INFO neutron.db.ovn_revision_numbers_db [None req-538850df-1142-4cad-92ac-09dc6d2661d8 229c6a9a32e84dba8951b5bc4444e6bb cb52505bc6d646168fb534ffe5491d2a - - default default] Successfully bumped revision number for resource 5d590ff6-ca38-4284-982b-72477a6939e5 (type: networks) to 1
2026-04-10 11:08:34.275 10 INFO neutron.db.ovn_revision_numbers_db [None req-1a43c655-ba5a-4e54-b57a-75a25daab4cf 4e63f17d51b9417ca0d562426c409876 21725c1998244f97abe9878d715821e7 - - default default] Successfully bumped revision number for resource 02579f9c-f765-40d9-b8c8-35a2c27f2356 (type: security_group_rules) to 0
2026-04-10 11:08:34.297 10 INFO neutron.wsgi [None req-1a43c655-ba5a-4e54-b57a-75a25daab4cf 4e63f17d51b9417ca0d562426c409876 21725c1998244f97abe9878d715821e7 - - default default] 10.0.0.229 "POST /v2.0/security-group-rules HTTP/1.1" status: 201 len: 795 time: 0.1552198
2026-04-10 11:08:34.307 10 WARNING neutron_lib.context [None req-6d66d022-f332-4c0b-b5d9-0b6c99af40fc 4e63f17d51b9417ca0d562426c409876 21725c1998244f97abe9878d715821e7 - - default default] Method 'is_advsvc' is deprecated since 2023.2 release (neutron-lib 3.8.0) and will be removed once support for the old RBAC API policies will be removed from Neutron. Please use method 'is_service_role' instead.
2026-04-10 11:08:34.452 10 INFO neutron.db.ovn_revision_numbers_db [None req-6d66d022-f332-4c0b-b5d9-0b6c99af40fc 4e63f17d51b9417ca0d562426c409876 21725c1998244f97abe9878d715821e7 - - default default] Successfully bumped revision number for resource 77dabd41-10de-4853-bb87-9a17f8e56e2d (type: security_group_rules) to 0
2026-04-10 11:08:34.478 9 WARNING neutron.scheduler.dhcp_agent_scheduler [None req-538850df-1142-4cad-92ac-09dc6d2661d8 229c6a9a32e84dba8951b5bc4444e6bb cb52505bc6d646168fb534ffe5491d2a - - default default] No more DHCP agents
2026-04-10 11:08:34.483 10 INFO neutron.wsgi [None req-6d66d022-f332-4c0b-b5d9-0b6c99af40fc 4e63f17d51b9417ca0d562426c409876 21725c1998244f97abe9878d715821e7 - - default default] 10.0.0.229 "POST /v2.0/security-group-rules HTTP/1.1" status: 201 len: 801 time: 0.1799133
2026-04-10 11:08:34.485 9 WARNING neutron.api.rpc.agentnotifiers.dhcp_rpc_agent_api [None req-538850df-1142-4cad-92ac-09dc6d2661d8 229c6a9a32e84dba8951b5bc4444e6bb cb52505bc6d646168fb534ffe5491d2a - - default default] Unable to schedule network 5d590ff6-ca38-4284-982b-72477a6939e5: no agents available; will retry on subsequent port and subnet creation events.
2026-04-10 11:08:34.508 9 WARNING neutron_lib.context [None req-f8eaa919-40be-4b83-a1a8-1e19d1035101 4e63f17d51b9417ca0d562426c409876 21725c1998244f97abe9878d715821e7 - - default default] Method 'is_advsvc' is deprecated since 2023.2 release (neutron-lib 3.8.0) and will be removed once support for the old RBAC API policies will be removed from Neutron. Please use method 'is_service_role' instead.
2026-04-10 11:08:34.576 9 INFO neutron.db.ovn_revision_numbers_db [None req-0ff0c971-aa7b-4fb8-b726-5c31a6e99089 a304790ba8194752a146b2033d6d7794 2ba55315547740999bfc5a2567fd5682 - - default default] Successfully bumped revision number for resource 6b523460-8d5a-4a34-ac01-09e2d8f85b31 (type: security_groups) to 1
2026-04-10 11:08:34.596 9 INFO neutron.db.ovn_revision_numbers_db [None req-0ff0c971-aa7b-4fb8-b726-5c31a6e99089 a304790ba8194752a146b2033d6d7794 2ba55315547740999bfc5a2567fd5682 - - default default] Successfully bumped revision number for resource 7b41b536-2df2-4a2f-9f0d-2b2c2ecce436 (type: security_group_rules) to 0
2026-04-10 11:08:34.609 9 INFO neutron.db.ovn_revision_numbers_db [None req-538850df-1142-4cad-92ac-09dc6d2661d8 229c6a9a32e84dba8951b5bc4444e6bb cb52505bc6d646168fb534ffe5491d2a - - default default] Successfully bumped revision number for resource 860c738c-d002-4cce-b5eb-cb05eb5e1b97 (type: ports) to 1
2026-04-10 11:08:34.623 9 INFO neutron.db.ovn_revision_numbers_db [None req-0ff0c971-aa7b-4fb8-b726-5c31a6e99089 a304790ba8194752a146b2033d6d7794 2ba55315547740999bfc5a2567fd5682 - - default default] Successfully bumped revision number for resource 868cda25-03fb-46cc-95a0-b055b21c5137 (type: security_group_rules) to 0
2026-04-10 11:08:34.643 9 INFO neutron.wsgi [None req-538850df-1142-4cad-92ac-09dc6d2661d8 229c6a9a32e84dba8951b5bc4444e6bb cb52505bc6d646168fb534ffe5491d2a - - default default] 10.0.0.229 "POST /v2.0/networks HTTP/1.1" status: 201 len: 830 time: 1.1734955
2026-04-10 11:08:34.651 9 INFO neutron.db.ovn_revision_numbers_db [None req-0ff0c971-aa7b-4fb8-b726-5c31a6e99089 a304790ba8194752a146b2033d6d7794 2ba55315547740999bfc5a2567fd5682 - - default default] Successfully bumped revision number for resource c23ee244-31c2-4524-b124-dc4d74d39603 (type: security_group_rules) to 0
2026-04-10 11:08:34.659 10 WARNING neutron_lib.context [None req-a54fcd33-dd5e-4699-91f4-ad08d60333e4 229c6a9a32e84dba8951b5bc4444e6bb cb52505bc6d646168fb534ffe5491d2a - - default default] Method 'is_advsvc' is deprecated since 2023.2 release (neutron-lib 3.8.0) and will be removed once support for the old RBAC API policies will be removed from Neutron. Please use method 'is_service_role' instead.
2026-04-10 11:08:34.672 9 INFO neutron.db.ovn_revision_numbers_db [None req-0ff0c971-aa7b-4fb8-b726-5c31a6e99089 a304790ba8194752a146b2033d6d7794 2ba55315547740999bfc5a2567fd5682 - - default default] Successfully bumped revision number for resource e1b17976-b6a8-47ec-b6a3-1805cc3eca4d (type: security_group_rules) to 0
2026-04-10 11:08:34.701 9 INFO neutron.wsgi [None req-0ff0c971-aa7b-4fb8-b726-5c31a6e99089 a304790ba8194752a146b2033d6d7794 2ba55315547740999bfc5a2567fd5682 - - default default] 10.0.0.229 "GET /v2.0/security-groups?tenant_id=a0627eff83f548bc82b0ba297578dd09&name=default HTTP/1.1" status: 200 len: 3120 time: 0.6259272
2026-04-10 11:08:34.746 9 INFO neutron.db.ovn_revision_numbers_db [None req-f8eaa919-40be-4b83-a1a8-1e19d1035101 4e63f17d51b9417ca0d562426c409876 21725c1998244f97abe9878d715821e7 - - default default] Successfully bumped revision number for resource afc74b1f-aa1d-4431-a335-a9c0474f8f44 (type: security_group_rules) to 0
2026-04-10 11:08:34.768 10 INFO neutron.db.segments_db [None req-a54fcd33-dd5e-4699-91f4-ad08d60333e4 229c6a9a32e84dba8951b5bc4444e6bb cb52505bc6d646168fb534ffe5491d2a - - default default] Added segment 2c3c21ea-778c-4baa-b46d-48f0f0a016ef of type geneve for network 74ebeb78-c77f-4c1c-bca1-5810fed66c0e
2026-04-10 11:08:34.775 9 INFO neutron.wsgi [None req-f8eaa919-40be-4b83-a1a8-1e19d1035101 4e63f17d51b9417ca0d562426c409876 21725c1998244f97abe9878d715821e7 - - default default] 10.0.0.229 "POST /v2.0/security-group-rules HTTP/1.1" status: 201 len: 800 time: 0.2772183
2026-04-10 11:08:34.785 9 WARNING neutron_lib.context [None req-9c39b2ef-1644-4564-95cf-8fed7db69cd6 4e63f17d51b9417ca0d562426c409876 21725c1998244f97abe9878d715821e7 - - default default] Method 'is_advsvc' is deprecated since 2023.2 release (neutron-lib 3.8.0) and will be removed once support for the old RBAC API policies will be removed from Neutron. Please use method 'is_service_role' instead.
2026-04-10 11:08:34.827 9 INFO neutron.db.securitygroups_db [None req-9c39b2ef-1644-4564-95cf-8fed7db69cd6 4e63f17d51b9417ca0d562426c409876 21725c1998244f97abe9878d715821e7 - - default default] Project 21725c1998244f97abe9878d715821e7 added a security group rule with legacy IPv6 ICMP protocol name icmp, ipv6-icmp should be used instead. It was automatically converted.
2026-04-10 11:08:34.939 9 INFO neutron.db.ovn_revision_numbers_db [None req-9c39b2ef-1644-4564-95cf-8fed7db69cd6 4e63f17d51b9417ca0d562426c409876 21725c1998244f97abe9878d715821e7 - - default default] Successfully bumped revision number for resource e4f34385-5669-41aa-923b-e7f2897a618f (type: security_group_rules) to 0
2026-04-10 11:08:34.967 9 INFO neutron.wsgi [None req-9c39b2ef-1644-4564-95cf-8fed7db69cd6 4e63f17d51b9417ca0d562426c409876 21725c1998244f97abe9878d715821e7 - - default default] 10.0.0.229 "POST /v2.0/security-group-rules HTTP/1.1" status: 201 len: 806 time: 0.1871517
2026-04-10 11:08:34.975 10 INFO neutron.db.ovn_revision_numbers_db [None req-a54fcd33-dd5e-4699-91f4-ad08d60333e4 229c6a9a32e84dba8951b5bc4444e6bb cb52505bc6d646168fb534ffe5491d2a - - default default] Successfully bumped revision number for resource 74ebeb78-c77f-4c1c-bca1-5810fed66c0e (type: networks) to 1
2026-04-10 11:08:34.980 10 WARNING neutron_lib.context [None req-bdd89000-b6f0-4a4b-a736-95f93b44ef90 4e63f17d51b9417ca0d562426c409876 21725c1998244f97abe9878d715821e7 - - default default] Method 'is_advsvc' is deprecated since 2023.2 release (neutron-lib 3.8.0) and will be removed once support for the old RBAC API policies will be removed from Neutron. Please use method 'is_service_role' instead.
2026-04-10 11:08:35.040 10 INFO neutron.db.securitygroups_db [None req-bdd89000-b6f0-4a4b-a736-95f93b44ef90 4e63f17d51b9417ca0d562426c409876 21725c1998244f97abe9878d715821e7 - - default default] Project 21725c1998244f97abe9878d715821e7 added a security group rule with legacy IPv6 ICMP protocol name icmp, ipv6-icmp should be used instead. It was automatically converted.
2026-04-10 11:08:35.087 10 INFO neutron.wsgi [None req-1fee7530-8102-445e-a08d-35a7167921cc a304790ba8194752a146b2033d6d7794 2ba55315547740999bfc5a2567fd5682 - - default default] 10.0.0.229 "DELETE /v2.0/security-groups/6b523460-8d5a-4a34-ac01-09e2d8f85b31 HTTP/1.1" status: 204 len: 168 time: 0.3799734
2026-04-10 11:08:35.151 10 INFO neutron.wsgi [-] 10.0.0.146 "GET / HTTP/1.1" status: 200 len: 247 time: 0.0015345
2026-04-10 11:08:35.153 10 INFO neutron.wsgi [-] 10.0.0.146 "GET / HTTP/1.1" status: 200 len: 247 time: 0.0008759
2026-04-10 11:08:35.207 10 INFO neutron.db.ovn_revision_numbers_db [None req-bdd89000-b6f0-4a4b-a736-95f93b44ef90 4e63f17d51b9417ca0d562426c409876 21725c1998244f97abe9878d715821e7 - - default default] Successfully bumped revision number for resource 7ca21577-9b61-42ab-ad0a-f07bee7bf72c (type: security_group_rules) to 0
2026-04-10 11:08:35.212 10 WARNING neutron.scheduler.dhcp_agent_scheduler [None req-a54fcd33-dd5e-4699-91f4-ad08d60333e4 229c6a9a32e84dba8951b5bc4444e6bb cb52505bc6d646168fb534ffe5491d2a - - default default] No more DHCP agents
2026-04-10 11:08:35.219 10 WARNING neutron.api.rpc.agentnotifiers.dhcp_rpc_agent_api [None req-a54fcd33-dd5e-4699-91f4-ad08d60333e4 229c6a9a32e84dba8951b5bc4444e6bb cb52505bc6d646168fb534ffe5491d2a - - default default] Unable to schedule network 74ebeb78-c77f-4c1c-bca1-5810fed66c0e: no agents available; will retry on subsequent port and subnet creation events.
2026-04-10 11:08:35.241 10 INFO neutron.wsgi [None req-bdd89000-b6f0-4a4b-a736-95f93b44ef90 4e63f17d51b9417ca0d562426c409876 21725c1998244f97abe9878d715821e7 - - default default] 10.0.0.229 "POST /v2.0/security-group-rules HTTP/1.1" status: 201 len: 805 time: 0.2666337
2026-04-10 11:08:35.272 9 INFO neutron.wsgi [None req-3a72f281-e62b-40f8-aaff-5650d1c0f7e4 a304790ba8194752a146b2033d6d7794 2ba55315547740999bfc5a2567fd5682 - - default default] 10.0.0.229 "GET /v2.0/security-groups?tenant_id=1af67c7277334c05a70f1c2a4855c614&name=default HTTP/1.1" status: 200 len: 3120 time: 0.0479834
2026-04-10 11:08:35.308 10 INFO neutron.db.ovn_revision_numbers_db [None req-a54fcd33-dd5e-4699-91f4-ad08d60333e4 229c6a9a32e84dba8951b5bc4444e6bb cb52505bc6d646168fb534ffe5491d2a - - default default] Successfully bumped revision number for resource c9f89860-eac3-42a7-b4af-29d42c436743 (type: ports) to 1
2026-04-10 11:08:35.337 10 INFO neutron.wsgi [None req-a54fcd33-dd5e-4699-91f4-ad08d60333e4 229c6a9a32e84dba8951b5bc4444e6bb cb52505bc6d646168fb534ffe5491d2a - - default default] 10.0.0.229 "POST /v2.0/networks HTTP/1.1" status: 201 len: 830 time: 0.6869476
2026-04-10 11:08:35.352 10 WARNING neutron_lib.context [None req-6c274a91-3675-466e-abbf-45c0805477df 229c6a9a32e84dba8951b5bc4444e6bb cb52505bc6d646168fb534ffe5491d2a - - default default] Method 'is_advsvc' is deprecated since 2023.2 release (neutron-lib 3.8.0) and will be removed once support for the old RBAC API policies will be removed from Neutron. Please use method 'is_service_role' instead.
2026-04-10 11:08:35.363 9 INFO neutron.db.ovn_revision_numbers_db [None req-bf5da2d1-a956-4ad5-ad1a-bcd5b921145d 249034377adb41869631f2ab9404a193 f17c87d7dec64212b3771eb7a8807618 - - default default] Successfully bumped revision number for resource 57566cf5-8ba0-4ff0-b5e7-2c9406a5187d (type: security_groups) to 1
2026-04-10 11:08:35.384 9 INFO neutron.db.ovn_revision_numbers_db [None req-bf5da2d1-a956-4ad5-ad1a-bcd5b921145d 249034377adb41869631f2ab9404a193 f17c87d7dec64212b3771eb7a8807618 - - default default] Successfully bumped revision number for resource 10c31bb2-809b-474f-ac2a-29f0a438b5c0 (type: security_group_rules) to 0
2026-04-10 11:08:35.403 9 INFO neutron.db.ovn_revision_numbers_db [None req-bf5da2d1-a956-4ad5-ad1a-bcd5b921145d 249034377adb41869631f2ab9404a193 f17c87d7dec64212b3771eb7a8807618 - - default default] Successfully bumped revision number for resource 2054faa2-b350-49e4-956b-2512e73d00ff (type: security_group_rules) to 0
2026-04-10 11:08:35.427 9 INFO neutron.db.ovn_revision_numbers_db [None req-bf5da2d1-a956-4ad5-ad1a-bcd5b921145d 249034377adb41869631f2ab9404a193 f17c87d7dec64212b3771eb7a8807618 - - default default] Successfully bumped revision number for resource 8b8960e3-a818-46e7-a1de-c4da1b95f7e2 (type: security_group_rules) to 0
2026-04-10 11:08:35.438 10 INFO neutron.db.segments_db [None req-6c274a91-3675-466e-abbf-45c0805477df 229c6a9a32e84dba8951b5bc4444e6bb cb52505bc6d646168fb534ffe5491d2a - - default default] Added segment 6c4a33ae-2f4a-4dcf-9c07-d1145c44459f of type geneve for network c8c99081-e56c-48c2-9d08-5e6046d6b3e3
2026-04-10 11:08:35.457 9 INFO neutron.db.ovn_revision_numbers_db [None req-bf5da2d1-a956-4ad5-ad1a-bcd5b921145d 249034377adb41869631f2ab9404a193 f17c87d7dec64212b3771eb7a8807618 - - default default] Successfully bumped revision number for resource a7e94c41-1a9b-4b7c-b754-8fa43ddee30d (type: security_group_rules) to 0
2026-04-10 11:08:35.517 9 INFO neutron.db.segments_db [None req-bf5da2d1-a956-4ad5-ad1a-bcd5b921145d 249034377adb41869631f2ab9404a193 f17c87d7dec64212b3771eb7a8807618 - - default default] Added segment 3f481713-10f1-4b22-b756-ed7f23582384 of type geneve for network ccec668a-f018-4aa1-b871-b710c6b686cf
2026-04-10 11:08:35.549 9 INFO neutron.wsgi [None req-fa6487a2-fe14-4f79-be50-0fc2532c5a70 a304790ba8194752a146b2033d6d7794 2ba55315547740999bfc5a2567fd5682 - - default default] 10.0.0.229 "DELETE /v2.0/security-groups/45d1c1bb-f654-4b1c-90f7-8ef7f7c425e1 HTTP/1.1" status: 204 len: 168 time: 0.2711990
2026-04-10 11:08:35.603 10 INFO neutron.db.ovn_revision_numbers_db [None req-6c274a91-3675-466e-abbf-45c0805477df 229c6a9a32e84dba8951b5bc4444e6bb cb52505bc6d646168fb534ffe5491d2a - - default default] Successfully bumped revision number for resource c8c99081-e56c-48c2-9d08-5e6046d6b3e3 (type: networks) to 1
2026-04-10 11:08:35.664 9 INFO neutron.db.ovn_revision_numbers_db [None req-bf5da2d1-a956-4ad5-ad1a-bcd5b921145d 249034377adb41869631f2ab9404a193 f17c87d7dec64212b3771eb7a8807618 - - default default] Successfully bumped revision number for resource ccec668a-f018-4aa1-b871-b710c6b686cf (type: networks) to 1
2026-04-10 11:08:35.826 9 INFO neutron.wsgi [None req-20751b83-b3ea-4152-9f77-551e10df2af1 4e63f17d51b9417ca0d562426c409876 21725c1998244f97abe9878d715821e7 - - default default] 10.0.0.229 "GET /v2.0/networks HTTP/1.1" status: 200 len: 1493 time: 0.2119555
2026-04-10 11:08:35.832 10 WARNING neutron.scheduler.dhcp_agent_scheduler [None req-6c274a91-3675-466e-abbf-45c0805477df 229c6a9a32e84dba8951b5bc4444e6bb cb52505bc6d646168fb534ffe5491d2a - - default default] No more DHCP agents
2026-04-10 11:08:35.834 10 WARNING neutron.api.rpc.agentnotifiers.dhcp_rpc_agent_api [None req-6c274a91-3675-466e-abbf-45c0805477df 229c6a9a32e84dba8951b5bc4444e6bb cb52505bc6d646168fb534ffe5491d2a - - default default] Unable to schedule network c8c99081-e56c-48c2-9d08-5e6046d6b3e3: no agents available; will retry on subsequent port and subnet creation events.
2026-04-10 11:08:35.869 9 WARNING neutron.scheduler.dhcp_agent_scheduler [None req-bf5da2d1-a956-4ad5-ad1a-bcd5b921145d 249034377adb41869631f2ab9404a193 f17c87d7dec64212b3771eb7a8807618 - - default default] No more DHCP agents
2026-04-10 11:08:35.871 9 WARNING neutron.api.rpc.agentnotifiers.dhcp_rpc_agent_api [None req-bf5da2d1-a956-4ad5-ad1a-bcd5b921145d 249034377adb41869631f2ab9404a193 f17c87d7dec64212b3771eb7a8807618 - - default default] Unable to schedule network ccec668a-f018-4aa1-b871-b710c6b686cf: no agents available; will retry on subsequent port and subnet creation events.
2026-04-10 11:08:35.977 9 INFO neutron.wsgi [req-06fec1d1-7987-4509-aa2f-9cb4f3244d7d req-5a156f3c-a186-41fe-964a-8ed3828732f9 4e63f17d51b9417ca0d562426c409876 21725c1998244f97abe9878d715821e7 - - default default] 10.0.0.29 "GET /v2.0/security-groups?name=tempest-secgroup-smoke-730478376&fields=id&tenant_id=21725c1998244f97abe9878d715821e7 HTTP/1.1" status: 200 len: 267 time: 0.0597978
2026-04-10 11:08:35.981 10 INFO neutron.db.ovn_revision_numbers_db [None req-6c274a91-3675-466e-abbf-45c0805477df 229c6a9a32e84dba8951b5bc4444e6bb cb52505bc6d646168fb534ffe5491d2a - - default default] Successfully bumped revision number for resource 7092ed31-fdd4-44ed-bc78-c06fcbc8cfea (type: ports) to 1
2026-04-10 11:08:35.982 9 INFO neutron.db.ovn_revision_numbers_db [None req-bf5da2d1-a956-4ad5-ad1a-bcd5b921145d 249034377adb41869631f2ab9404a193 f17c87d7dec64212b3771eb7a8807618 - - default default] Successfully bumped revision number for resource 3f0ab5c7-5bdb-432d-b18b-3bdbf2e1a3a9 (type: ports) to 1
2026-04-10 11:08:35.993 10 INFO neutron.db.ovn_revision_numbers_db [None req-323bcdb7-37d6-4bf9-95b5-2beb69035659 a304790ba8194752a146b2033d6d7794 2ba55315547740999bfc5a2567fd5682 - - default default] Successfully bumped revision number for resource 752aafc1-aa7f-482f-bceb-b5db731e632a (type: security_groups) to 1
2026-04-10 11:08:36.004 10 INFO neutron.wsgi [None req-6c274a91-3675-466e-abbf-45c0805477df 229c6a9a32e84dba8951b5bc4444e6bb cb52505bc6d646168fb534ffe5491d2a - - default default] 10.0.0.229 "POST /v2.0/networks HTTP/1.1" status: 201 len: 831 time: 0.6578448
2026-04-10 11:08:36.009 10 INFO neutron.db.ovn_revision_numbers_db [None req-323bcdb7-37d6-4bf9-95b5-2beb69035659 a304790ba8194752a146b2033d6d7794 2ba55315547740999bfc5a2567fd5682 - - default default] Successfully bumped revision number for resource 2008e1cc-922e-44a2-a3a6-c0a2b10c261c (type: security_group_rules) to 0
2026-04-10 11:08:36.014 10 WARNING neutron_lib.context [None req-a41c0b71-3c87-4539-b41f-b6c7a178c055 229c6a9a32e84dba8951b5bc4444e6bb cb52505bc6d646168fb534ffe5491d2a - - default default] Method 'is_advsvc' is deprecated since 2023.2 release (neutron-lib 3.8.0) and will be removed once support for the old RBAC API policies will be removed from Neutron. Please use method 'is_service_role' instead.
2026-04-10 11:08:36.030 9 INFO neutron.wsgi [None req-bf5da2d1-a956-4ad5-ad1a-bcd5b921145d 249034377adb41869631f2ab9404a193 f17c87d7dec64212b3771eb7a8807618 - - default default] 10.0.0.229 "POST /v2.0/networks HTTP/1.1" status: 201 len: 929 time: 1.0020566
