2026-04-10 11:09:36.888 9 WARNING neutron.api.rpc.agentnotifiers.dhcp_rpc_agent_api [None req-6f59fb29-dff3-4b3a-a394-70fa66cfb7a0 1edad5765c484ab4bec67d2af5e8afd8 bfbee99a19dc4e87aba1ae3e405b1643 - - default default] Unable to schedule network 9f0b9431-f3b9-4be4-bb02-413370ace631: no agents available; will retry on subsequent port and subnet creation events.
2026-04-10 11:09:36.909 10 INFO neutron.wsgi [None req-0cd9e569-7fcb-416c-a153-4c816ede2cbc 90d9eeb679734e90b90818c724257042 fad29749cb6e4e60b7ddeb55b1dce2a6 - - default default] 10.0.0.229 "POST /v2.0/floatingips HTTP/1.1" status: 201 len: 751 time: 1.2723222
2026-04-10 11:09:36.999 9 INFO neutron.wsgi [None req-7ca4cfd0-5703-4c6c-8362-54466ccc6e13 90d9eeb679734e90b90818c724257042 fad29749cb6e4e60b7ddeb55b1dce2a6 - - default default] 10.0.0.229 "PUT /v2.0/floatingips/d561511a-d8d7-40e3-9961-722ca7c823a8/tags HTTP/1.1" status: 200 len: 218 time: 0.0820012
2026-04-10 11:09:37.055 10 INFO neutron.wsgi [None req-fac6f7a7-45ef-4a52-85ec-53abf7f4371b 90d9eeb679734e90b90818c724257042 fad29749cb6e4e60b7ddeb55b1dce2a6 - - default default] 10.0.0.229 "GET /v2.0/floatingips/d561511a-d8d7-40e3-9961-722ca7c823a8/tags HTTP/1.1" status: 200 len: 218 time: 0.0503640
2026-04-10 11:09:37.064 9 INFO neutron.db.ovn_revision_numbers_db [None req-6f59fb29-dff3-4b3a-a394-70fa66cfb7a0 1edad5765c484ab4bec67d2af5e8afd8 bfbee99a19dc4e87aba1ae3e405b1643 - - default default] Successfully bumped revision number for resource 33ead5b6-2b41-4fb4-8bf0-f5611a15cf8d (type: ports) to 1
2026-04-10 11:09:37.075 10 WARNING neutron.scheduler.dhcp_agent_scheduler [None req-afc86ee6-3183-48da-81d2-6b857dc0b039 96a035f5320d4e2984c2d65cda18b637 84b871949d49496ab8b9cf576b4cd630 - - default default] No more DHCP agents
2026-04-10 11:09:37.078 10 WARNING neutron.api.rpc.agentnotifiers.dhcp_rpc_agent_api [None req-afc86ee6-3183-48da-81d2-6b857dc0b039 96a035f5320d4e2984c2d65cda18b637 84b871949d49496ab8b9cf576b4cd630 - - default default] Unable to schedule network f1dc3afe-761a-43e4-be67-1109ccc1bc93: no agents available; will retry on subsequent port and subnet creation events.
2026-04-10 11:09:37.082 9 INFO neutron.db.ovn_revision_numbers_db [None req-4ac9be00-d8f7-4a9b-9928-b342976c40e2 9718ac92cca54ce9b4d5e4e0452a70fc cfcf60363c1c4549b120d77c769244be - - default default] Successfully bumped revision number for resource 10350745-b742-4399-8cc9-bacf9883a87b (type: networks) to 1
2026-04-10 11:09:37.124 9 INFO neutron.wsgi [None req-6f59fb29-dff3-4b3a-a394-70fa66cfb7a0 1edad5765c484ab4bec67d2af5e8afd8 bfbee99a19dc4e87aba1ae3e405b1643 - - default default] 10.0.0.229 "POST /v2.0/networks HTTP/1.1" status: 201 len: 831 time: 1.1210210
2026-04-10 11:09:37.141 9 WARNING neutron_lib.context [None req-8055441f-e1a1-47d8-aecb-59649986ea80 1edad5765c484ab4bec67d2af5e8afd8 bfbee99a19dc4e87aba1ae3e405b1643 - - default default] Method 'is_advsvc' is deprecated since 2023.2 release (neutron-lib 3.8.0) and will be removed once support for the old RBAC API policies will be removed from Neutron. Please use method 'is_service_role' instead.
2026-04-10 11:09:37.156 9 INFO neutron.wsgi [None req-196870ce-a0f6-414c-84d7-e7c520dcbaef 90d9eeb679734e90b90818c724257042 fad29749cb6e4e60b7ddeb55b1dce2a6 - - default default] 10.0.0.229 "PUT /v2.0/floatingips/d561511a-d8d7-40e3-9961-722ca7c823a8/tags/green HTTP/1.1" status: 201 len: 201 time: 0.0942566
2026-04-10 11:09:37.191 10 INFO neutron.db.ovn_revision_numbers_db [None req-afc86ee6-3183-48da-81d2-6b857dc0b039 96a035f5320d4e2984c2d65cda18b637 84b871949d49496ab8b9cf576b4cd630 - - default default] Successfully bumped revision number for resource ef73c90a-5d7e-4e78-8206-5d1fe47fdbcc (type: ports) to 1
2026-04-10 11:09:37.199 10 INFO neutron.wsgi [None req-365c38ac-5e4e-43bf-9f69-52e133589a2e 90d9eeb679734e90b90818c724257042 fad29749cb6e4e60b7ddeb55b1dce2a6 - - default default] 10.0.0.229 "GET /v2.0/floatingips/d561511a-d8d7-40e3-9961-722ca7c823a8/tags HTTP/1.1" status: 200 len: 227 time: 0.0354862
2026-04-10 11:09:37.219 10 INFO neutron.wsgi [None req-afc86ee6-3183-48da-81d2-6b857dc0b039 96a035f5320d4e2984c2d65cda18b637 84b871949d49496ab8b9cf576b4cd630 - - default default] 10.0.0.229 "POST /v2.0/networks HTTP/1.1" status: 201 len: 831 time: 1.0142493
2026-04-10 11:09:37.236 9 WARNING neutron_lib.context [None req-afea0c7a-35da-4f9f-99ac-27cac8579b0f 96a035f5320d4e2984c2d65cda18b637 84b871949d49496ab8b9cf576b4cd630 - - default default] Method 'is_advsvc' is deprecated since 2023.2 release (neutron-lib 3.8.0) and will be removed once support for the old RBAC API policies will be removed from Neutron. Please use method 'is_service_role' instead.
2026-04-10 11:09:37.250 10 INFO neutron.wsgi [None req-4cc103d2-e16f-4cac-a38f-3376eeb8f569 90d9eeb679734e90b90818c724257042 fad29749cb6e4e60b7ddeb55b1dce2a6 - - default default] 10.0.0.229 "PUT /v2.0/floatingips/d561511a-d8d7-40e3-9961-722ca7c823a8/tags/red HTTP/1.1" status: 201 len: 201 time: 0.0441794
2026-04-10 11:09:37.285 10 INFO neutron.wsgi [None req-35bbba46-8870-4798-b2da-12e9197d4ba0 90d9eeb679734e90b90818c724257042 fad29749cb6e4e60b7ddeb55b1dce2a6 - - default default] 10.0.0.229 "GET /v2.0/floatingips/d561511a-d8d7-40e3-9961-722ca7c823a8/tags HTTP/1.1" status: 200 len: 227 time: 0.0298014
2026-04-10 11:09:37.338 10 INFO neutron.wsgi [None req-9dda6ec3-5712-4aa6-ab73-f11edd4a62bc 90d9eeb679734e90b90818c724257042 fad29749cb6e4e60b7ddeb55b1dce2a6 - - default default] 10.0.0.229 "PUT /v2.0/floatingips/d561511a-d8d7-40e3-9961-722ca7c823a8/tags/black.or.white HTTP/1.1" status: 201 len: 201 time: 0.0461180
2026-04-10 11:09:37.386 9 WARNING neutron.scheduler.dhcp_agent_scheduler [None req-4ac9be00-d8f7-4a9b-9928-b342976c40e2 9718ac92cca54ce9b4d5e4e0452a70fc cfcf60363c1c4549b120d77c769244be - - default default] No more DHCP agents
2026-04-10 11:09:37.387 10 INFO neutron.wsgi [None req-5ca2d940-20f9-41ae-9819-aa9f01cf8a51 90d9eeb679734e90b90818c724257042 fad29749cb6e4e60b7ddeb55b1dce2a6 - - default default] 10.0.0.229 "GET /v2.0/floatingips/d561511a-d8d7-40e3-9961-722ca7c823a8/tags HTTP/1.1" status: 200 len: 245 time: 0.0426650
2026-04-10 11:09:37.394 9 WARNING neutron.api.rpc.agentnotifiers.dhcp_rpc_agent_api [None req-4ac9be00-d8f7-4a9b-9928-b342976c40e2 9718ac92cca54ce9b4d5e4e0452a70fc cfcf60363c1c4549b120d77c769244be - - default default] Unable to schedule network 10350745-b742-4399-8cc9-bacf9883a87b: no agents available; will retry on subsequent port and subnet creation events.
2026-04-10 11:09:37.440 10 INFO neutron.wsgi [None req-f3915880-8330-4481-b4ac-799904221988 90d9eeb679734e90b90818c724257042 fad29749cb6e4e60b7ddeb55b1dce2a6 - - default default] 10.0.0.229 "PUT /v2.0/floatingips/d561511a-d8d7-40e3-9961-722ca7c823a8/tags HTTP/1.1" status: 200 len: 230 time: 0.0480950
2026-04-10 11:09:37.511 10 INFO neutron.wsgi [None req-191d6c6b-0ecd-4ed8-871b-44d5a9ce27b7 90d9eeb679734e90b90818c724257042 fad29749cb6e4e60b7ddeb55b1dce2a6 - - default default] 10.0.0.229 "GET /v2.0/floatingips/d561511a-d8d7-40e3-9961-722ca7c823a8/tags HTTP/1.1" status: 200 len: 230 time: 0.0626695
2026-04-10 11:09:37.557 10 INFO neutron.wsgi [None req-9b872108-1a92-4f3e-9829-5d3ea8023060 90d9eeb679734e90b90818c724257042 fad29749cb6e4e60b7ddeb55b1dce2a6 - - default default] 10.0.0.229 "GET /v2.0/floatingips/d561511a-d8d7-40e3-9961-722ca7c823a8/tags/red HTTP/1.1" status: 204 len: 168 time: 0.0417352
2026-04-10 11:09:37.561 9 INFO neutron.db.ovn_revision_numbers_db [None req-4ac9be00-d8f7-4a9b-9928-b342976c40e2 9718ac92cca54ce9b4d5e4e0452a70fc cfcf60363c1c4549b120d77c769244be - - default default] Successfully bumped revision number for resource 6c5c385a-f9f1-4344-8a31-f79d455d896c (type: ports) to 1
2026-04-10 11:09:37.599 10 INFO neutron.api.v2.resource [None req-d635c8f0-82d8-4ac7-9dcc-ac536a0c4e10 90d9eeb679734e90b90818c724257042 fad29749cb6e4e60b7ddeb55b1dce2a6 - - default default] show failed (client error): The resource could not be found.
2026-04-10 11:09:37.600 10 INFO neutron.wsgi [None req-d635c8f0-82d8-4ac7-9dcc-ac536a0c4e10 90d9eeb679734e90b90818c724257042 fad29749cb6e4e60b7ddeb55b1dce2a6 - - default default] 10.0.0.229 "GET /v2.0/floatingips/d561511a-d8d7-40e3-9961-722ca7c823a8/tags/green HTTP/1.1" status: 404 len: 299 time: 0.0369453
2026-04-10 11:09:37.604 9 WARNING neutron.scheduler.dhcp_agent_scheduler [None req-8055441f-e1a1-47d8-aecb-59649986ea80 1edad5765c484ab4bec67d2af5e8afd8 bfbee99a19dc4e87aba1ae3e405b1643 - - default default] No more DHCP agents
2026-04-10 11:09:37.608 9 WARNING neutron.api.rpc.agentnotifiers.dhcp_rpc_agent_api [None req-8055441f-e1a1-47d8-aecb-59649986ea80 1edad5765c484ab4bec67d2af5e8afd8 bfbee99a19dc4e87aba1ae3e405b1643 - - default default] Unable to schedule network 9f0b9431-f3b9-4be4-bb02-413370ace631: no agents available; will retry on subsequent port and subnet creation events.
2026-04-10 11:09:37.612 9 INFO neutron.wsgi [None req-4ac9be00-d8f7-4a9b-9928-b342976c40e2 9718ac92cca54ce9b4d5e4e0452a70fc cfcf60363c1c4549b120d77c769244be - - default default] 10.0.0.229 "POST /v2.0/networks HTTP/1.1" status: 201 len: 831 time: 1.2216275
2026-04-10 11:09:37.627 10 WARNING neutron_lib.context [None req-6b4e07b5-9208-41b3-b7e4-b21085e2bb5e 9718ac92cca54ce9b4d5e4e0452a70fc cfcf60363c1c4549b120d77c769244be - - default default] Method 'is_advsvc' is deprecated since 2023.2 release (neutron-lib 3.8.0) and will be removed once support for the old RBAC API policies will be removed from Neutron. Please use method 'is_service_role' instead.
2026-04-10 11:09:37.653 9 WARNING neutron.scheduler.dhcp_agent_scheduler [None req-afea0c7a-35da-4f9f-99ac-27cac8579b0f 96a035f5320d4e2984c2d65cda18b637 84b871949d49496ab8b9cf576b4cd630 - - default default] No more DHCP agents
2026-04-10 11:09:37.656 9 WARNING neutron.api.rpc.agentnotifiers.dhcp_rpc_agent_api [None req-afea0c7a-35da-4f9f-99ac-27cac8579b0f 96a035f5320d4e2984c2d65cda18b637 84b871949d49496ab8b9cf576b4cd630 - - default default] Unable to schedule network f1dc3afe-761a-43e4-be67-1109ccc1bc93: no agents available; will retry on subsequent port and subnet creation events.
2026-04-10 11:09:37.677 10 INFO neutron.wsgi [None req-19a967a1-2e6d-4e9a-bdc6-e4b6a6214c6e 90d9eeb679734e90b90818c724257042 fad29749cb6e4e60b7ddeb55b1dce2a6 - - default default] 10.0.0.229 "DELETE /v2.0/floatingips/d561511a-d8d7-40e3-9961-722ca7c823a8/tags/red HTTP/1.1" status: 204 len: 168 time: 0.0714767
2026-04-10 11:09:37.722 10 INFO neutron.wsgi [None req-257ce0fd-bd2a-488b-937d-67ff0563686e 90d9eeb679734e90b90818c724257042 fad29749cb6e4e60b7ddeb55b1dce2a6 - - default default] 10.0.0.229 "GET /v2.0/floatingips/d561511a-d8d7-40e3-9961-722ca7c823a8/tags HTTP/1.1" status: 200 len: 223 time: 0.0388615
2026-04-10 11:09:37.771 10 INFO neutron.db.segments_db [None req-6b4e07b5-9208-41b3-b7e4-b21085e2bb5e 9718ac92cca54ce9b4d5e4e0452a70fc cfcf60363c1c4549b120d77c769244be - - default default] Added segment 75a20c79-0bec-4902-a7b3-625c6bdd21cf of type geneve for network 86ad891d-adbb-4470-bce0-0c14075bd59e
2026-04-10 11:09:37.783 10 INFO neutron.api.v2.resource [None req-04195526-6367-44e4-a181-c74cf7bd8fc1 90d9eeb679734e90b90818c724257042 fad29749cb6e4e60b7ddeb55b1dce2a6 - - default default] delete failed (client error): The resource could not be found.
2026-04-10 11:09:37.784 10 INFO neutron.wsgi [None req-04195526-6367-44e4-a181-c74cf7bd8fc1 90d9eeb679734e90b90818c724257042 fad29749cb6e4e60b7ddeb55b1dce2a6 - - default default] 10.0.0.229 "DELETE /v2.0/floatingips/d561511a-d8d7-40e3-9961-722ca7c823a8/tags/green HTTP/1.1" status: 404 len: 299 time: 0.0554397
2026-04-10 11:09:37.859 10 INFO neutron.wsgi [None req-8d14fb5e-10b4-4953-a696-1904d8be227e 90d9eeb679734e90b90818c724257042 fad29749cb6e4e60b7ddeb55b1dce2a6 - - default default] 10.0.0.229 "DELETE /v2.0/floatingips/d561511a-d8d7-40e3-9961-722ca7c823a8/tags HTTP/1.1" status: 204 len: 168 time: 0.0703671
2026-04-10 11:09:37.904 10 INFO neutron.wsgi [None req-5d6f6efa-9c7c-4d3d-ad65-4ef6280db24c 90d9eeb679734e90b90818c724257042 fad29749cb6e4e60b7ddeb55b1dce2a6 - - default default] 10.0.0.229 "GET /v2.0/floatingips/d561511a-d8d7-40e3-9961-722ca7c823a8/tags HTTP/1.1" status: 200 len: 205 time: 0.0399218
2026-04-10 11:09:37.993 10 INFO neutron.db.ovn_revision_numbers_db [None req-6b4e07b5-9208-41b3-b7e4-b21085e2bb5e 9718ac92cca54ce9b4d5e4e0452a70fc cfcf60363c1c4549b120d77c769244be - - default default] Successfully bumped revision number for resource 86ad891d-adbb-4470-bce0-0c14075bd59e (type: networks) to 1
2026-04-10 11:09:38.275 10 WARNING neutron.scheduler.dhcp_agent_scheduler [None req-6b4e07b5-9208-41b3-b7e4-b21085e2bb5e 9718ac92cca54ce9b4d5e4e0452a70fc cfcf60363c1c4549b120d77c769244be - - default default] No more DHCP agents
2026-04-10 11:09:38.285 10 WARNING neutron.api.rpc.agentnotifiers.dhcp_rpc_agent_api [None req-6b4e07b5-9208-41b3-b7e4-b21085e2bb5e 9718ac92cca54ce9b4d5e4e0452a70fc cfcf60363c1c4549b120d77c769244be - - default default] Unable to schedule network 86ad891d-adbb-4470-bce0-0c14075bd59e: no agents available; will retry on subsequent port and subnet creation events.
2026-04-10 11:09:38.396 10 INFO neutron.wsgi [None req-205798be-1fce-46ef-b3a9-58afa74a027c a304790ba8194752a146b2033d6d7794 2ba55315547740999bfc5a2567fd5682 - - default default] 10.0.0.51 "GET /v2.0/networks HTTP/1.1" status: 200 len: 7440 time: 0.2104816
2026-04-10 11:09:38.486 10 INFO neutron.wsgi [None req-33db11e9-4af7-4eef-af19-37770bdba03b a304790ba8194752a146b2033d6d7794 2ba55315547740999bfc5a2567fd5682 - - default default] 10.0.0.51 "GET /v2.0/subnets HTTP/1.1" status: 200 len: 4553 time: 0.0803628
2026-04-10 11:09:38.500 10 INFO neutron.db.ovn_revision_numbers_db [None req-6b4e07b5-9208-41b3-b7e4-b21085e2bb5e 9718ac92cca54ce9b4d5e4e0452a70fc cfcf60363c1c4549b120d77c769244be - - default default] Successfully bumped revision number for resource 07492ffc-65ad-4236-bf88-9a171deac1dc (type: ports) to 1
2026-04-10 11:09:38.502 10 INFO neutron.wsgi [None req-8f6c5aac-a8a7-4448-bb90-b536abe2f342 a304790ba8194752a146b2033d6d7794 2ba55315547740999bfc5a2567fd5682 - - default default] 10.0.0.51 "GET /v2.0/subnetpools HTTP/1.1" status: 200 len: 193 time: 0.0133874
2026-04-10 11:09:38.539 10 INFO neutron.wsgi [None req-98abff5d-f1b4-4cce-b845-fd8bc37af94a a304790ba8194752a146b2033d6d7794 2ba55315547740999bfc5a2567fd5682 - - default default] 10.0.0.51 "GET /v2.0/agents HTTP/1.1" status: 200 len: 1390 time: 0.0330482
2026-04-10 11:09:38.563 10 INFO neutron.wsgi [None req-ea32ff87-4fe8-43f0-8a4d-0a17ab38c63b a304790ba8194752a146b2033d6d7794 2ba55315547740999bfc5a2567fd5682 - - default default] 10.0.0.51 "GET /v2.0/network-ip-availabilities HTTP/1.1" status: 200 len: 3902 time: 0.0204408
2026-04-10 11:09:38.585 10 INFO neutron.wsgi [None req-6eba3f42-c98f-4a4b-986e-24b955d84cf6 90d9eeb679734e90b90818c724257042 fad29749cb6e4e60b7ddeb55b1dce2a6 - - default default] 10.0.0.229 "DELETE /v2.0/floatingips/d561511a-d8d7-40e3-9961-722ca7c823a8 HTTP/1.1" status: 204 len: 168 time: 0.6655889
2026-04-10 11:09:38.589 9 INFO neutron.db.ovn_revision_numbers_db [None req-8055441f-e1a1-47d8-aecb-59649986ea80 1edad5765c484ab4bec67d2af5e8afd8 bfbee99a19dc4e87aba1ae3e405b1643 - - default default] Successfully bumped revision number for resource 33ead5b6-2b41-4fb4-8bf0-f5611a15cf8d (type: ports) to 2
2026-04-10 11:09:38.589 10 INFO neutron.wsgi [None req-6b4e07b5-9208-41b3-b7e4-b21085e2bb5e 9718ac92cca54ce9b4d5e4e0452a70fc cfcf60363c1c4549b120d77c769244be - - default default] 10.0.0.229 "POST /v2.0/networks HTTP/1.1" status: 201 len: 831 time: 0.9684749
2026-04-10 11:09:38.592 9 INFO neutron.db.ovn_revision_numbers_db [None req-afea0c7a-35da-4f9f-99ac-27cac8579b0f 96a035f5320d4e2984c2d65cda18b637 84b871949d49496ab8b9cf576b4cd630 - - default default] Successfully bumped revision number for resource ef73c90a-5d7e-4e78-8206-5d1fe47fdbcc (type: ports) to 2
2026-04-10 11:09:38.650 10 INFO neutron.wsgi [None req-c71b0bde-2c01-40ae-bb1e-1ed9051a71f7 a304790ba8194752a146b2033d6d7794 2ba55315547740999bfc5a2567fd5682 - - default default] 10.0.0.51 "GET /v2.0/security-groups HTTP/1.1" status: 200 len: 26294 time: 0.0852525
2026-04-10 11:09:38.742 9 INFO neutron.db.ovn_revision_numbers_db [None req-8055441f-e1a1-47d8-aecb-59649986ea80 1edad5765c484ab4bec67d2af5e8afd8 bfbee99a19dc4e87aba1ae3e405b1643 - - default default] Successfully bumped revision number for resource 2820022c-7006-4647-9acd-cd4974bcd1c2 (type: subnets) to 0
2026-04-10 11:09:38.748 9 INFO neutron.db.ovn_revision_numbers_db [None req-afea0c7a-35da-4f9f-99ac-27cac8579b0f 96a035f5320d4e2984c2d65cda18b637 84b871949d49496ab8b9cf576b4cd630 - - default default] Successfully bumped revision number for resource 11c341d1-ec22-4d9c-b8a8-f97d70a5421e (type: subnets) to 0
2026-04-10 11:09:38.762 10 INFO neutron.wsgi [None req-56ba3c14-88fd-400b-b071-c15fa82f8378 a304790ba8194752a146b2033d6d7794 2ba55315547740999bfc5a2567fd5682 - - default default] 10.0.0.51 "GET /v2.0/ports HTTP/1.1" status: 200 len: 19614 time: 0.1019204
2026-04-10 11:09:38.767 10 INFO neutron.wsgi [None req-c1182be5-cfe0-4435-ba3d-bb31e097723b 9718ac92cca54ce9b4d5e4e0452a70fc cfcf60363c1c4549b120d77c769244be - - default default] 10.0.0.229 "PUT /v2.0/networks/10350745-b742-4399-8cc9-bacf9883a87b/tags HTTP/1.1" status: 200 len: 218 time: 0.1738822
2026-04-10 11:09:38.778 9 INFO neutron.wsgi [None req-afea0c7a-35da-4f9f-99ac-27cac8579b0f 96a035f5320d4e2984c2d65cda18b637 84b871949d49496ab8b9cf576b4cd630 - - default default] 10.0.0.229 "POST /v2.0/subnets HTTP/1.1" status: 201 len: 804 time: 1.5484610
2026-04-10 11:09:38.781 9 INFO neutron.wsgi [None req-8055441f-e1a1-47d8-aecb-59649986ea80 1edad5765c484ab4bec67d2af5e8afd8 bfbee99a19dc4e87aba1ae3e405b1643 - - default default] 10.0.0.229 "POST /v2.0/subnets HTTP/1.1" status: 201 len: 801 time: 1.6480124
2026-04-10 11:09:38.793 9 WARNING neutron_lib.context [None req-b8e5d6c7-2484-4eb4-8c72-d0eb0f38e8ab 96a035f5320d4e2984c2d65cda18b637 84b871949d49496ab8b9cf576b4cd630 - - default default] Method 'is_advsvc' is deprecated since 2023.2 release (neutron-lib 3.8.0) and will be removed once support for the old RBAC API policies will be removed from Neutron. Please use method 'is_service_role' instead.
2026-04-10 11:09:38.795 10 WARNING neutron_lib.context [None req-e8906a96-0002-4173-99ba-152dfe69e634 1edad5765c484ab4bec67d2af5e8afd8 bfbee99a19dc4e87aba1ae3e405b1643 - - default default] Method 'is_advsvc' is deprecated since 2023.2 release (neutron-lib 3.8.0) and will be removed once support for the old RBAC API policies will be removed from Neutron. Please use method 'is_service_role' instead.
2026-04-10 11:09:39.014 10 INFO neutron.wsgi [None req-98a8d03d-b54e-4a53-9a81-195813a3ac61 a304790ba8194752a146b2033d6d7794 2ba55315547740999bfc5a2567fd5682 - - default default] 10.0.0.51 "GET /v2.0/floatingips HTTP/1.1" status: 200 len: 193 time: 0.2417397
2026-04-10 11:09:39.058 10 INFO neutron.wsgi [None req-a35a5316-d4df-44a1-aeca-811439d1f8a4 9718ac92cca54ce9b4d5e4e0452a70fc cfcf60363c1c4549b120d77c769244be - - default default] 10.0.0.229 "GET /v2.0/networks/10350745-b742-4399-8cc9-bacf9883a87b/tags HTTP/1.1" status: 200 len: 218 time: 0.2867239
2026-04-10 11:09:39.079 10 INFO neutron.wsgi [None req-e838b2fe-e6d8-4280-963e-cadcea1470e4 a304790ba8194752a146b2033d6d7794 2ba55315547740999bfc5a2567fd5682 - - default default] 10.0.0.51 "GET /v2.0/subnets HTTP/1.1" status: 200 len: 4553 time: 0.0613976
2026-04-10 11:09:39.148 9 INFO neutron.wsgi [None req-b12e9313-b8f2-41a1-bc8f-5c3a96350563 9718ac92cca54ce9b4d5e4e0452a70fc cfcf60363c1c4549b120d77c769244be - - default default] 10.0.0.229 "PUT /v2.0/networks/86ad891d-adbb-4470-bce0-0c14075bd59e/tags HTTP/1.1" status: 200 len: 210 time: 0.0842905
2026-04-10 11:09:39.221 10 INFO neutron.db.segments_db [None req-e8906a96-0002-4173-99ba-152dfe69e634 1edad5765c484ab4bec67d2af5e8afd8 bfbee99a19dc4e87aba1ae3e405b1643 - - default default] Added segment f2ca579a-cf23-4472-8b3c-94a209b9027c of type geneve for network 0407f689-6fef-47a9-bba6-27dde08a2a58
2026-04-10 11:09:39.246 10 INFO neutron.wsgi [None req-68e238cc-53b0-4691-bada-56dbada94d7d a304790ba8194752a146b2033d6d7794 2ba55315547740999bfc5a2567fd5682 - - default default] 10.0.0.51 "GET /v2.0/routers HTTP/1.1" status: 200 len: 2781 time: 0.1653562
2026-04-10 11:09:39.270 10 INFO neutron.wsgi [None req-aeeff9a2-52a0-4a5e-bd5a-f2fb92316c4d 9718ac92cca54ce9b4d5e4e0452a70fc cfcf60363c1c4549b120d77c769244be - - default default] 10.0.0.229 "GET /v2.0/networks/86ad891d-adbb-4470-bce0-0c14075bd59e/tags HTTP/1.1" status: 200 len: 210 time: 0.1045194
2026-04-10 11:09:39.278 10 INFO neutron.wsgi [None req-2da262d2-0671-4c2b-ad22-9a606261dc01 a304790ba8194752a146b2033d6d7794 2ba55315547740999bfc5a2567fd5682 - - default default] 10.0.0.51 "GET /v2.0/agents?binary=ovn-controller HTTP/1.1" status: 200 len: 591 time: 0.0223517
2026-04-10 11:09:39.354 9 INFO neutron.wsgi [None req-d341b952-1b25-448a-98e5-618defc87fe5 9718ac92cca54ce9b4d5e4e0452a70fc cfcf60363c1c4549b120d77c769244be - - default default] 10.0.0.229 "PUT /v2.0/networks/86ad891d-adbb-4470-bce0-0c14075bd59e/tags HTTP/1.1" status: 200 len: 205 time: 0.0802171
2026-04-10 11:09:39.410 9 INFO neutron.wsgi [None req-22f04704-e77b-4578-86b0-1200d0dedb8d 9718ac92cca54ce9b4d5e4e0452a70fc cfcf60363c1c4549b120d77c769244be - - default default] 10.0.0.229 "GET /v2.0/networks/86ad891d-adbb-4470-bce0-0c14075bd59e/tags HTTP/1.1" status: 200 len: 205 time: 0.0515811
2026-04-10 11:09:39.459 10 INFO neutron.db.ovn_revision_numbers_db [None req-e8906a96-0002-4173-99ba-152dfe69e634 1edad5765c484ab4bec67d2af5e8afd8 bfbee99a19dc4e87aba1ae3e405b1643 - - default default] Successfully bumped revision number for resource 0407f689-6fef-47a9-bba6-27dde08a2a58 (type: networks) to 1
2026-04-10 11:09:39.461 10 INFO neutron.wsgi [None req-f611489c-eb18-462f-9bf9-412ffbf9db57 9718ac92cca54ce9b4d5e4e0452a70fc cfcf60363c1c4549b120d77c769244be - - default default] 10.0.0.229 "GET /v2.0/networks/10350745-b742-4399-8cc9-bacf9883a87b/tags HTTP/1.1" status: 200 len: 218 time: 0.0451579
2026-04-10 11:09:39.575 9 WARNING neutron.scheduler.dhcp_agent_scheduler [None req-b8e5d6c7-2484-4eb4-8c72-d0eb0f38e8ab 96a035f5320d4e2984c2d65cda18b637 84b871949d49496ab8b9cf576b4cd630 - - default default] No more DHCP agents
2026-04-10 11:09:39.578 9 WARNING neutron.api.rpc.agentnotifiers.dhcp_rpc_agent_api [None req-b8e5d6c7-2484-4eb4-8c72-d0eb0f38e8ab 96a035f5320d4e2984c2d65cda18b637 84b871949d49496ab8b9cf576b4cd630 - - default default] Unable to schedule network 37706f09-e95f-4b5e-b9a0-e338fa1d8409: no agents available; will retry on subsequent port and subnet creation events.
2026-04-10 11:09:39.707 10 WARNING neutron.scheduler.dhcp_agent_scheduler [None req-e8906a96-0002-4173-99ba-152dfe69e634 1edad5765c484ab4bec67d2af5e8afd8 bfbee99a19dc4e87aba1ae3e405b1643 - - default default] No more DHCP agents
2026-04-10 11:09:39.710 10 WARNING neutron.api.rpc.agentnotifiers.dhcp_rpc_agent_api [None req-e8906a96-0002-4173-99ba-152dfe69e634 1edad5765c484ab4bec67d2af5e8afd8 bfbee99a19dc4e87aba1ae3e405b1643 - - default default] Unable to schedule network 0407f689-6fef-47a9-bba6-27dde08a2a58: no agents available; will retry on subsequent port and subnet creation events.
2026-04-10 11:09:39.771 10 INFO neutron.db.ovn_revision_numbers_db [None req-6657833f-22b7-4940-83d2-c9e52cff60ca a304790ba8194752a146b2033d6d7794 2ba55315547740999bfc5a2567fd5682 - - default default] Successfully bumped revision number for resource fa7e17b0-b665-406c-8dc2-5eaa74dcf572 (type: security_groups) to 1
2026-04-10 11:09:39.795 10 INFO neutron.db.ovn_revision_numbers_db [None req-6657833f-22b7-4940-83d2-c9e52cff60ca a304790ba8194752a146b2033d6d7794 2ba55315547740999bfc5a2567fd5682 - - default default] Successfully bumped revision number for resource a44ce654-7d7b-446c-bf9c-dc20c9b426f7 (type: security_group_rules) to 0
2026-04-10 11:09:39.810 10 INFO neutron.db.ovn_revision_numbers_db [None req-6657833f-22b7-4940-83d2-c9e52cff60ca a304790ba8194752a146b2033d6d7794 2ba55315547740999bfc5a2567fd5682 - - default default] Successfully bumped revision number for resource b413f165-a8f6-4065-b8e4-6796e1940987 (type: security_group_rules) to 0
2026-04-10 11:09:39.812 9 INFO neutron.db.ovn_revision_numbers_db [None req-b8e5d6c7-2484-4eb4-8c72-d0eb0f38e8ab 96a035f5320d4e2984c2d65cda18b637 84b871949d49496ab8b9cf576b4cd630 - - default default] Successfully bumped revision number for resource 03001d10-ea26-4e92-a523-def2c641f80f (type: ports) to 1
2026-04-10 11:09:39.817 10 INFO neutron.db.ovn_revision_numbers_db [None req-e8906a96-0002-4173-99ba-152dfe69e634 1edad5765c484ab4bec67d2af5e8afd8 bfbee99a19dc4e87aba1ae3e405b1643 - - default default] Successfully bumped revision number for resource 94ae33ba-2962-4615-8e57-429df0737fb9 (type: ports) to 1
2026-04-10 11:09:39.825 10 INFO neutron.db.ovn_revision_numbers_db [None req-6657833f-22b7-4940-83d2-c9e52cff60ca a304790ba8194752a146b2033d6d7794 2ba55315547740999bfc5a2567fd5682 - - default default] Successfully bumped revision number for resource b6165dfe-377a-4cae-8f6f-e9273a4bb66a (type: security_group_rules) to 0
2026-04-10 11:09:39.836 10 INFO neutron.wsgi [None req-e8906a96-0002-4173-99ba-152dfe69e634 1edad5765c484ab4bec67d2af5e8afd8 bfbee99a19dc4e87aba1ae3e405b1643 - - default default] 10.0.0.229 "POST /v2.0/networks HTTP/1.1" status: 201 len: 831 time: 1.0450013
2026-04-10 11:09:39.842 10 INFO neutron.db.ovn_revision_numbers_db [None req-6657833f-22b7-4940-83d2-c9e52cff60ca a304790ba8194752a146b2033d6d7794 2ba55315547740999bfc5a2567fd5682 - - default default] Successfully bumped revision number for resource f58d9652-fa84-45d7-a10f-4de9ba53193a (type: security_group_rules) to 0
2026-04-10 11:09:39.848 9 WARNING neutron_lib.context [None req-1a11fbc5-3695-4e32-a43b-e71a94742b1e 1edad5765c484ab4bec67d2af5e8afd8 bfbee99a19dc4e87aba1ae3e405b1643 - - default default] Method 'is_advsvc' is deprecated since 2023.2 release (neutron-lib 3.8.0) and will be removed once support for the old RBAC API policies will be removed from Neutron. Please use method 'is_service_role' instead.
2026-04-10 11:09:39.868 10 INFO neutron.wsgi [None req-6657833f-22b7-4940-83d2-c9e52cff60ca a304790ba8194752a146b2033d6d7794 2ba55315547740999bfc5a2567fd5682 - - default default] 10.0.0.229 "GET /v2.0/security-groups?tenant_id=b4cd54783db345e68347dee5dd0f67df&name=default HTTP/1.1" status: 200 len: 3124 time: 0.3978131
2026-04-10 11:09:40.090 10 INFO neutron.wsgi [None req-347c1c25-fec4-42a7-be6c-0def87444c20 a304790ba8194752a146b2033d6d7794 2ba55315547740999bfc5a2567fd5682 - - default default] 10.0.0.229 "DELETE /v2.0/security-groups/fa7e17b0-b665-406c-8dc2-5eaa74dcf572 HTTP/1.1" status: 204 len: 168 time: 0.2160692
2026-04-10 11:09:40.350 10 INFO neutron.db.ovn_revision_numbers_db [None req-f86c9276-b616-4fa5-84aa-05d398f5f943 a304790ba8194752a146b2033d6d7794 2ba55315547740999bfc5a2567fd5682 - - default default] Successfully bumped revision number for resource d63d65eb-f70b-4dab-a5a2-27c02c3b85b8 (type: security_groups) to 1
2026-04-10 11:09:40.367 10 INFO neutron.db.ovn_revision_numbers_db [None req-f86c9276-b616-4fa5-84aa-05d398f5f943 a304790ba8194752a146b2033d6d7794 2ba55315547740999bfc5a2567fd5682 - - default default] Successfully bumped revision number for resource 17eb0f96-07b6-4c7e-a349-9c428367365e (type: security_group_rules) to 0
2026-04-10 11:09:40.377 9 INFO neutron.services.segments.plugin [-] Segment d5c59d66-53ee-4d7b-abc8-0d7799afb98b resource provider aggregate not found
2026-04-10 11:09:40.381 9 INFO neutron.services.segments.plugin [-] Segment d5c59d66-53ee-4d7b-abc8-0d7799afb98b resource provider aggregate not found
2026-04-10 11:09:40.390 10 INFO neutron.db.ovn_revision_numbers_db [None req-f86c9276-b616-4fa5-84aa-05d398f5f943 a304790ba8194752a146b2033d6d7794 2ba55315547740999bfc5a2567fd5682 - - default default] Successfully bumped revision number for resource 32209957-9f96-4f30-a8dc-93fc5318d911 (type: security_group_rules) to 0
2026-04-10 11:09:40.399 9 INFO neutron.services.segments.plugin [-] Segment d5c59d66-53ee-4d7b-abc8-0d7799afb98b resource provider not found; error: Placement Client Error (4xx): {"errors": [{"status": 404, "title": "Not Found", "detail": "The resource could not be found.\n\n No resource provider with uuid d5c59d66-53ee-4d7b-abc8-0d7799afb98b found for delete ", "request_id": "req-a3604e9b-bef2-48c0-9034-956dab675c03"}]}
2026-04-10 11:09:40.402 9 INFO neutron.services.segments.plugin [-] Segment d5c59d66-53ee-4d7b-abc8-0d7799afb98b resource provider not found; error: Placement Client Error (4xx): {"errors": [{"status": 404, "title": "Not Found", "detail": "The resource could not be found.\n\n No resource provider with uuid d5c59d66-53ee-4d7b-abc8-0d7799afb98b found for delete ", "request_id": "req-b53e73f7-aedf-4247-87c3-30e6a943d099"}]}
2026-04-10 11:09:40.411 10 INFO neutron.db.ovn_revision_numbers_db [None req-f86c9276-b616-4fa5-84aa-05d398f5f943 a304790ba8194752a146b2033d6d7794 2ba55315547740999bfc5a2567fd5682 - - default default] Successfully bumped revision number for resource e2848135-f602-41c0-8a5d-31774f83fa3a (type: security_group_rules) to 0
2026-04-10 11:09:40.426 10 INFO neutron.db.ovn_revision_numbers_db [None req-f86c9276-b616-4fa5-84aa-05d398f5f943 a304790ba8194752a146b2033d6d7794 2ba55315547740999bfc5a2567fd5682 - - default default] Successfully bumped revision number for resource f3a43f7c-3290-4717-96ec-2faba6b6eb5b (type: security_group_rules) to 0
2026-04-10 11:09:40.448 10 INFO neutron.wsgi [None req-f86c9276-b616-4fa5-84aa-05d398f5f943 a304790ba8194752a146b2033d6d7794 2ba55315547740999bfc5a2567fd5682 - - default default] 10.0.0.229 "GET /v2.0/security-groups?tenant_id=fad29749cb6e4e60b7ddeb55b1dce2a6&name=default HTTP/1.1" status: 200 len: 3124 time: 0.2566745
2026-04-10 11:09:40.451 9 INFO neutron.wsgi [None req-60040d4a-0fa9-4a9b-8c04-96400b53a7f3 9718ac92cca54ce9b4d5e4e0452a70fc cfcf60363c1c4549b120d77c769244be - - default default] 10.0.0.229 "DELETE /v2.0/networks/10350745-b742-4399-8cc9-bacf9883a87b HTTP/1.1" status: 204 len: 168 time: 0.9683423
2026-04-10 11:09:40.550 9 WARNING neutron.scheduler.dhcp_agent_scheduler [None req-1a11fbc5-3695-4e32-a43b-e71a94742b1e 1edad5765c484ab4bec67d2af5e8afd8 bfbee99a19dc4e87aba1ae3e405b1643 - - default default] No more DHCP agents
2026-04-10 11:09:40.552 9 WARNING neutron.api.rpc.agentnotifiers.dhcp_rpc_agent_api [None req-1a11fbc5-3695-4e32-a43b-e71a94742b1e 1edad5765c484ab4bec67d2af5e8afd8 bfbee99a19dc4e87aba1ae3e405b1643 - - default default] Unable to schedule network 0407f689-6fef-47a9-bba6-27dde08a2a58: no agents available; will retry on subsequent port and subnet creation events.
2026-04-10 11:09:40.833 10 INFO neutron.wsgi [None req-0656d02f-f766-4ccd-b48b-c9a04868fba7 a304790ba8194752a146b2033d6d7794 2ba55315547740999bfc5a2567fd5682 - - default default] 10.0.0.229 "DELETE /v2.0/security-groups/d63d65eb-f70b-4dab-a5a2-27c02c3b85b8 HTTP/1.1" status: 204 len: 168 time: 0.3767173
2026-04-10 11:09:40.986 10 INFO neutron.services.segments.plugin [-] Segment 75a20c79-0bec-4902-a7b3-625c6bdd21cf resource provider aggregate not found
2026-04-10 11:09:41.012 10 INFO neutron.wsgi [None req-e1d9b349-f47a-4644-81a0-ed3915a1c6b3 9718ac92cca54ce9b4d5e4e0452a70fc cfcf60363c1c4549b120d77c769244be - - default default] 10.0.0.229 "DELETE /v2.0/networks/86ad891d-adbb-4470-bce0-0c14075bd59e HTTP/1.1" status: 204 len: 168 time: 0.5540130
2026-04-10 11:09:41.013 10 INFO neutron.services.segments.plugin [-] Segment 75a20c79-0bec-4902-a7b3-625c6bdd21cf resource provider not found; error: Placement Client Error (4xx): {"errors": [{"status": 404, "title": "Not Found", "detail": "The resource could not be found.\n\n No resource provider with uuid 75a20c79-0bec-4902-a7b3-625c6bdd21cf found for delete ", "request_id": "req-b8b1726a-3699-4a94-adf0-c72b4b3f0b17"}]}
2026-04-10 11:09:41.056 10 INFO neutron.services.segments.plugin [-] Segment 75a20c79-0bec-4902-a7b3-625c6bdd21cf resource provider aggregate not found
2026-04-10 11:09:41.089 10 INFO neutron.services.segments.plugin [-] Segment 75a20c79-0bec-4902-a7b3-625c6bdd21cf resource provider not found; error: Placement Client Error (4xx): {"errors": [{"status": 404, "title": "Not Found", "detail": "The resource could not be found.\n\n No resource provider with uuid 75a20c79-0bec-4902-a7b3-625c6bdd21cf found for delete ", "request_id": "req-5e8f3450-d85b-4733-a806-6addc58b893d"}]}
2026-04-10 11:09:41.142 9 INFO neutron.plugins.ml2.drivers.ovn.mech_driver.ovsdb.commands [None req-deebbc67-ac82-4d4b-a723-388ea5e2ada9 - - - - - -] Schedule LRP lrp-03001d10-ea26-4e92-a523-def2c641f80f on gateway 769d1f43-05cf-40ff-8a17-daf1ad9135da with priority 1
2026-04-10 11:09:41.150 10 INFO neutron.plugins.ml2.drivers.ovn.mech_driver.mech_driver [None req-957b5bb0-c296-4901-bbd5-f6bdbe3f869e - - - - - -] OVN reports status up for port: 03001d10-ea26-4e92-a523-def2c641f80f
2026-04-10 11:09:41.158 10 INFO neutron.plugins.ml2.plugin [None req-957b5bb0-c296-4901-bbd5-f6bdbe3f869e - - - - - -] Attempt 1 to provision port 03001d10-ea26-4e92-a523-def2c641f80f
2026-04-10 11:09:41.189 9 INFO neutron.db.ovn_revision_numbers_db [None req-b8e5d6c7-2484-4eb4-8c72-d0eb0f38e8ab 96a035f5320d4e2984c2d65cda18b637 84b871949d49496ab8b9cf576b4cd630 - - default default] Successfully bumped revision number for resource 03001d10-ea26-4e92-a523-def2c641f80f (type: router_ports) to 1
2026-04-10 11:09:41.278 9 INFO neutron.db.ovn_revision_numbers_db [None req-1a11fbc5-3695-4e32-a43b-e71a94742b1e 1edad5765c484ab4bec67d2af5e8afd8 bfbee99a19dc4e87aba1ae3e405b1643 - - default default] Successfully bumped revision number for resource 94ae33ba-2962-4615-8e57-429df0737fb9 (type: ports) to 2
2026-04-10 11:09:41.280 9 INFO neutron.db.ovn_revision_numbers_db [None req-b8e5d6c7-2484-4eb4-8c72-d0eb0f38e8ab 96a035f5320d4e2984c2d65cda18b637 84b871949d49496ab8b9cf576b4cd630 - - default default] Successfully bumped revision number for resource 9ffefbfd-d5aa-41cd-86ad-040a15a41f14 (type: routers) to 2
2026-04-10 11:09:41.301 9 INFO neutron.wsgi [None req-b8e5d6c7-2484-4eb4-8c72-d0eb0f38e8ab 96a035f5320d4e2984c2d65cda18b637 84b871949d49496ab8b9cf576b4cd630 - - default default] 10.0.0.229 "POST /v2.0/routers HTTP/1.1" status: 201 len: 1136 time: 2.5162590
2026-04-10 11:09:41.339 9 INFO neutron.db.ovn_revision_numbers_db [None req-1a11fbc5-3695-4e32-a43b-e71a94742b1e 1edad5765c484ab4bec67d2af5e8afd8 bfbee99a19dc4e87aba1ae3e405b1643 - - default default] Successfully bumped revision number for resource 6c904964-3e67-4030-b2eb-3253c3740f39 (type: subnets) to 0
2026-04-10 11:09:41.380 9 INFO neutron.wsgi [None req-1a11fbc5-3695-4e32-a43b-e71a94742b1e 1edad5765c484ab4bec67d2af5e8afd8 bfbee99a19dc4e87aba1ae3e405b1643 - - default default] 10.0.0.229 "POST /v2.0/subnets HTTP/1.1" status: 201 len: 804 time: 1.5377409
2026-04-10 11:09:41.390 9 WARNING neutron_lib.context [None req-abf1af98-04a4-46fc-947a-01c86ab14073 1edad5765c484ab4bec67d2af5e8afd8 bfbee99a19dc4e87aba1ae3e405b1643 - - default default] Method 'is_advsvc' is deprecated since 2023.2 release (neutron-lib 3.8.0) and will be removed once support for the old RBAC API policies will be removed from Neutron. Please use method 'is_service_role' instead.
2026-04-10 11:09:41.515 9 INFO neutron.db.segments_db [None req-abf1af98-04a4-46fc-947a-01c86ab14073 1edad5765c484ab4bec67d2af5e8afd8 bfbee99a19dc4e87aba1ae3e405b1643 - - default default] Added segment f32e119c-c8cd-44d7-99a8-12bad7e9b685 of type geneve for network 03aad9fc-7451-4b0b-bcad-971580a0b76b
2026-04-10 11:09:41.701 9 INFO neutron.db.ovn_revision_numbers_db [None req-abf1af98-04a4-46fc-947a-01c86ab14073 1edad5765c484ab4bec67d2af5e8afd8 bfbee99a19dc4e87aba1ae3e405b1643 - - default default] Successfully bumped revision number for resource 03aad9fc-7451-4b0b-bcad-971580a0b76b (type: networks) to 1
2026-04-10 11:09:41.978 9 WARNING neutron.scheduler.dhcp_agent_scheduler [None req-abf1af98-04a4-46fc-947a-01c86ab14073 1edad5765c484ab4bec67d2af5e8afd8 bfbee99a19dc4e87aba1ae3e405b1643 - - default default] No more DHCP agents
2026-04-10 11:09:41.986 9 WARNING neutron.api.rpc.agentnotifiers.dhcp_rpc_agent_api [None req-abf1af98-04a4-46fc-947a-01c86ab14073 1edad5765c484ab4bec67d2af5e8afd8 bfbee99a19dc4e87aba1ae3e405b1643 - - default default] Unable to schedule network 03aad9fc-7451-4b0b-bcad-971580a0b76b: no agents available; will retry on subsequent port and subnet creation events.
2026-04-10 11:09:41.986 10 INFO neutron.wsgi [None req-914b97c5-d60b-4c7a-9f59-5416246969f2 a304790ba8194752a146b2033d6d7794 2ba55315547740999bfc5a2567fd5682 - - default default] 10.0.0.229 "GET /v2.0/security-groups?tenant_id=cfcf60363c1c4549b120d77c769244be&name=default HTTP/1.1" status: 200 len: 3124 time: 0.2769456
2026-04-10 11:09:42.284 10 INFO neutron.wsgi [None req-95e24c52-0e14-4129-b8fb-3b2e9109e1a4 a304790ba8194752a146b2033d6d7794 2ba55315547740999bfc5a2567fd5682 - - default default] 10.0.0.229 "DELETE /v2.0/security-groups/2cad42ef-a837-4fa3-aade-cd2260d91c6e HTTP/1.1" status: 204 len: 168 time: 0.2923260
2026-04-10 11:09:42.405 9 INFO neutron.db.ovn_revision_numbers_db [None req-abf1af98-04a4-46fc-947a-01c86ab14073 1edad5765c484ab4bec67d2af5e8afd8 bfbee99a19dc4e87aba1ae3e405b1643 - - default default] Successfully bumped revision number for resource 00ff5d9a-2334-40ed-a6b4-8c7768849bef (type: ports) to 1
2026-04-10 11:09:42.445 9 INFO neutron.wsgi [None req-abf1af98-04a4-46fc-947a-01c86ab14073 1edad5765c484ab4bec67d2af5e8afd8 bfbee99a19dc4e87aba1ae3e405b1643 - - default default] 10.0.0.229 "POST /v2.0/networks HTTP/1.1" status: 201 len: 830 time: 1.0599866
2026-04-10 11:09:42.447 9 WARNING neutron.scheduler.dhcp_agent_scheduler [None req-d176b3f3-795c-401c-9e74-6c55777142e1 96a035f5320d4e2984c2d65cda18b637 84b871949d49496ab8b9cf576b4cd630 - - default default] No more DHCP agents
2026-04-10 11:09:42.449 9 WARNING neutron.api.rpc.agentnotifiers.dhcp_rpc_agent_api [None req-d176b3f3-795c-401c-9e74-6c55777142e1 96a035f5320d4e2984c2d65cda18b637 84b871949d49496ab8b9cf576b4cd630 - - default default] Unable to schedule network f1dc3afe-761a-43e4-be67-1109ccc1bc93: no agents available; will retry on subsequent port and subnet creation events.
2026-04-10 11:09:42.458 10 WARNING neutron_lib.context [None req-53bea0f8-f714-4df3-ad03-2d060ec8e2e6 1edad5765c484ab4bec67d2af5e8afd8 bfbee99a19dc4e87aba1ae3e405b1643 - - default default] Method 'is_advsvc' is deprecated since 2023.2 release (neutron-lib 3.8.0) and will be removed once support for the old RBAC API policies will be removed from Neutron. Please use method 'is_service_role' instead.
2026-04-10 11:09:42.611 9 INFO neutron.db.ovn_revision_numbers_db [None req-d176b3f3-795c-401c-9e74-6c55777142e1 96a035f5320d4e2984c2d65cda18b637 84b871949d49496ab8b9cf576b4cd630 - - default default] Successfully bumped revision number for resource ee1264aa-4568-4835-b08f-5c0f3c92a0d2 (type: ports) to 1
2026-04-10 11:09:42.659 10 INFO neutron.db.ovn_revision_numbers_db [None req-f206803d-537e-4693-b826-e7c70eed1d68 a304790ba8194752a146b2033d6d7794 2ba55315547740999bfc5a2567fd5682 - - default default] Successfully bumped revision number for resource cc71be15-2553-440e-ab54-1dbd1d6f227f (type: security_groups) to 1
2026-04-10 11:09:42.681 10 INFO neutron.db.ovn_revision_numbers_db [None req-f206803d-537e-4693-b826-e7c70eed1d68 a304790ba8194752a146b2033d6d7794 2ba55315547740999bfc5a2567fd5682 - - default default] Successfully bumped revision number for resource 5095fdb2-0d3a-4b0c-808c-fbe673707c73 (type: security_group_rules) to 0
2026-04-10 11:09:42.707 10 INFO neutron.db.ovn_revision_numbers_db [None req-f206803d-537e-4693-b826-e7c70eed1d68 a304790ba8194752a146b2033d6d7794 2ba55315547740999bfc5a2567fd5682 - - default default] Successfully bumped revision number for resource 5d050abb-14f1-42cb-9cb8-734f1bbc3713 (type: security_group_rules) to 0
2026-04-10 11:09:42.725 10 INFO neutron.db.ovn_revision_numbers_db [None req-f206803d-537e-4693-b826-e7c70eed1d68 a304790ba8194752a146b2033d6d7794 2ba55315547740999bfc5a2567fd5682 - - default default] Successfully bumped revision number for resource 6d62c5b9-cf7b-4c2d-8a3f-e6bdcb26e654 (type: security_group_rules) to 0
2026-04-10 11:09:42.749 10 WARNING neutron.scheduler.dhcp_agent_scheduler [None req-53bea0f8-f714-4df3-ad03-2d060ec8e2e6 1edad5765c484ab4bec67d2af5e8afd8 bfbee99a19dc4e87aba1ae3e405b1643 - - default default] No more DHCP agents
2026-04-10 11:09:42.752 10 INFO neutron.db.ovn_revision_numbers_db [None req-f206803d-537e-4693-b826-e7c70eed1d68 a304790ba8194752a146b2033d6d7794 2ba55315547740999bfc5a2567fd5682 - - default default] Successfully bumped revision number for resource c9301e1f-4584-4ba6-b310-6295caaaf9fa (type: security_group_rules) to 0
2026-04-10 11:09:42.755 10 WARNING neutron.api.rpc.agentnotifiers.dhcp_rpc_agent_api [None req-53bea0f8-f714-4df3-ad03-2d060ec8e2e6 1edad5765c484ab4bec67d2af5e8afd8 bfbee99a19dc4e87aba1ae3e405b1643 - - default default] Unable to schedule network 03aad9fc-7451-4b0b-bcad-971580a0b76b: no agents available; will retry on subsequent port and subnet creation events.
2026-04-10 11:09:42.798 10 INFO neutron.wsgi [None req-f206803d-537e-4693-b826-e7c70eed1d68 a304790ba8194752a146b2033d6d7794 2ba55315547740999bfc5a2567fd5682 - - default default] 10.0.0.229 "GET /v2.0/security-groups?tenant_id=1be33ba37ea04654997207b895573c2b&name=default HTTP/1.1" status: 200 len: 3124 time: 0.3100519
2026-04-10 11:09:43.190 9 INFO neutron.wsgi [None req-f8c5cf1c-0fcb-4e68-8c51-6784252454e3 a304790ba8194752a146b2033d6d7794 2ba55315547740999bfc5a2567fd5682 - - default default] 10.0.0.229 "DELETE /v2.0/security-groups/cc71be15-2553-440e-ab54-1dbd1d6f227f HTTP/1.1" status: 204 len: 168 time: 0.3863366
2026-04-10 11:09:43.337 9 ERROR ovsdbapp.backend.ovs_idl.command [None req-d176b3f3-795c-401c-9e74-6c55777142e1 96a035f5320d4e2984c2d65cda18b637 84b871949d49496ab8b9cf576b4cd630 - - default default] Error executing command (DbGetCommand): ovsdbapp.backend.ovs_idl.idlutils.RowNotFound: Cannot find Logical_Router_Port with name=lrp-ee1264aa-4568-4835-b08f-5c0f3c92a0d2
2026-04-10 11:09:43.337 9 ERROR ovsdbapp.backend.ovs_idl.command
Traceback (most recent call last):
2026-04-10 11:09:43.337 9 ERROR ovsdbapp.backend.ovs_idl.command
File "/var/lib/openstack/lib/python3.10/site-packages/ovsdbapp/backend/ovs_idl/command.py", line 47, in execute
2026-04-10 11:09:43.337 9 ERROR ovsdbapp.backend.ovs_idl.command self.run_idl(None)
2026-04-10 11:09:43.337 9 ERROR ovsdbapp.backend.ovs_idl.command
File "/var/lib/openstack/lib/python3.10/site-packages/ovsdbapp/backend/ovs_idl/command.py", line 235, in run_idl
2026-04-10 11:09:43.337 9 ERROR ovsdbapp.backend.ovs_idl.command record = self.api.lookup(self.table, self.record)
2026-04-10 11:09:43.337 9 ERROR ovsdbapp.backend.ovs_idl.command
File "/var/lib/openstack/lib/python3.10/site-packages/ovsdbapp/backend/ovs_idl/__init__.py", line 184, in lookup
2026-04-10 11:09:43.337 9 ERROR ovsdbapp.backend.ovs_idl.command return self._lookup(table, record)
2026-04-10 11:09:43.337 9 ERROR ovsdbapp.backend.ovs_idl.command
File "/var/lib/openstack/lib/python3.10/site-packages/ovsdbapp/backend/ovs_idl/__init__.py", line 235, in _lookup
2026-04-10 11:09:43.337 9 ERROR ovsdbapp.backend.ovs_idl.command row = idlutils.row_by_value(self, rl.table, rl.column, record)
2026-04-10 11:09:43.337 9 ERROR ovsdbapp.backend.ovs_idl.command
File "/var/lib/openstack/lib/python3.10/site-packages/ovsdbapp/backend/ovs_idl/idlutils.py", line 114, in row_by_value
2026-04-10 11:09:43.337 9 ERROR ovsdbapp.backend.ovs_idl.command raise RowNotFound(table=table, col=column, match=match)
2026-04-10 11:09:43.337 9 ERROR ovsdbapp.backend.ovs_idl.command ovsdbapp.backend.ovs_idl.idlutils.RowNotFound: Cannot find Logical_Router_Port with name=lrp-ee1264aa-4568-4835-b08f-5c0f3c92a0d2
2026-04-10 11:09:43.337 9 ERROR ovsdbapp.backend.ovs_idl.command 
2026-04-10 11:09:43.337 9 ERROR neutron_lib.callbacks.manager [None req-d176b3f3-795c-401c-9e74-6c55777142e1 96a035f5320d4e2984c2d65cda18b637 84b871949d49496ab8b9cf576b4cd630 - - default default] Error during notification for neutron.services.ovn_l3.plugin.OVNL3RouterPlugin._port_update-8743294587631 port, after_update: ovsdbapp.backend.ovs_idl.idlutils.RowNotFound: Cannot find Logical_Router_Port with name=lrp-ee1264aa-4568-4835-b08f-5c0f3c92a0d2
2026-04-10 11:09:43.337 9 ERROR neutron_lib.callbacks.manager
Traceback (most recent call last):
2026-04-10 11:09:43.337 9 ERROR neutron_lib.callbacks.manager
File "/var/lib/openstack/lib/python3.10/site-packages/neutron_lib/callbacks/manager.py", line 189, in _notify_loop
2026-04-10 11:09:43.337 9 ERROR neutron_lib.callbacks.manager callback.method(resource, event, trigger, payload=payload)
2026-04-10 11:09:43.337 9 ERROR neutron_lib.callbacks.manager
File "/var/lib/openstack/lib/python3.10/site-packages/neutron/services/ovn_l3/plugin.py", line 391, in _port_update
2026-04-10 11:09:43.337 9 ERROR neutron_lib.callbacks.manager l3plugin._ovn_client.update_router_port(context,
2026-04-10 11:09:43.337 9 ERROR neutron_lib.callbacks.manager
File "/var/lib/openstack/lib/python3.10/site-packages/neutron/plugins/ml2/drivers/ovn/mech_driver/ovsdb/ovn_client.py", line 1878, in update_router_port
2026-04-10 11:09:43.337 9 ERROR neutron_lib.callbacks.manager self._update_lrouter_port(context, port, if_exists=if_exists,
2026-04-10 11:09:43.337 9 ERROR neutron_lib.callbacks.manager
File "/var/lib/openstack/lib/python3.10/site-packages/neutron/plugins/ml2/drivers/ovn/mech_driver/ovsdb/ovn_client.py", line 1855, in _update_lrouter_port
2026-04-10 11:09:43.337 9 ERROR neutron_lib.callbacks.manager external_ids = self._nb_idl.db_get(
2026-04-10 11:09:43.337 9 ERROR neutron_lib.callbacks.manager
File "/var/lib/openstack/lib/python3.10/site-packages/ovsdbapp/backend/ovs_idl/command.py", line 47, in execute
2026-04-10 11:09:43.337 9 ERROR neutron_lib.callbacks.manager self.run_idl(None)
2026-04-10 11:09:43.337 9 ERROR neutron_lib.callbacks.manager
File "/var/lib/openstack/lib/python3.10/site-packages/ovsdbapp/backend/ovs_idl/command.py", line 235, in run_idl
2026-04-10 11:09:43.337 9 ERROR neutron_lib.callbacks.manager record = self.api.lookup(self.table, self.record)
2026-04-10 11:09:43.337 9 ERROR neutron_lib.callbacks.manager
File "/var/lib/openstack/lib/python3.10/site-packages/ovsdbapp/backend/ovs_idl/__init__.py", line 184, in lookup
2026-04-10 11:09:43.337 9 ERROR neutron_lib.callbacks.manager return self._lookup(table, record)
2026-04-10 11:09:43.337 9 ERROR neutron_lib.callbacks.manager
File "/var/lib/openstack/lib/python3.10/site-packages/ovsdbapp/backend/ovs_idl/__init__.py", line 235, in _lookup
2026-04-10 11:09:43.337 9 ERROR neutron_lib.callbacks.manager row = idlutils.row_by_value(self, rl.table, rl.column, record)
2026-04-10 11:09:43.337 9 ERROR neutron_lib.callbacks.manager
File "/var/lib/openstack/lib/python3.10/site-packages/ovsdbapp/backend/ovs_idl/idlutils.py", line 114, in row_by_value
2026-04-10 11:09:43.337 9 ERROR neutron_lib.callbacks.manager raise RowNotFound(table=table, col=column, match=match)
2026-04-10 11:09:43.337 9 ERROR neutron_lib.callbacks.manager ovsdbapp.backend.ovs_idl.idlutils.RowNotFound: Cannot find Logical_Router_Port with name=lrp-ee1264aa-4568-4835-b08f-5c0f3c92a0d2
2026-04-10 11:09:43.337 9 ERROR neutron_lib.callbacks.manager 
2026-04-10 11:09:43.586 10 INFO neutron.db.ovn_revision_numbers_db [None req-53bea0f8-f714-4df3-ad03-2d060ec8e2e6 1edad5765c484ab4bec67d2af5e8afd8 bfbee99a19dc4e87aba1ae3e405b1643 - - default default] Successfully bumped revision number for resource 00ff5d9a-2334-40ed-a6b4-8c7768849bef (type: ports) to 2
2026-04-10 11:09:43.590 9 INFO neutron.db.ovn_revision_numbers_db [None req-d176b3f3-795c-401c-9e74-6c55777142e1 96a035f5320d4e2984c2d65cda18b637 84b871949d49496ab8b9cf576b4cd630 - - default default] Successfully bumped revision number for resource ee1264aa-4568-4835-b08f-5c0f3c92a0d2 (type: ports) to 1
2026-04-10 11:09:43.651 9 WARNING neutron.scheduler.dhcp_agent_scheduler [None req-d176b3f3-795c-401c-9e74-6c55777142e1 96a035f5320d4e2984c2d65cda18b637 84b871949d49496ab8b9cf576b4cd630 - - default default] No more DHCP agents
2026-04-10 11:09:43.652 9 WARNING neutron.api.rpc.agentnotifiers.dhcp_rpc_agent_api [None req-d176b3f3-795c-401c-9e74-6c55777142e1 96a035f5320d4e2984c2d65cda18b637 84b871949d49496ab8b9cf576b4cd630 - - default default] Unable to schedule network f1dc3afe-761a-43e4-be67-1109ccc1bc93: no agents available; will retry on subsequent port and subnet creation events.
2026-04-10 11:09:43.680 10 INFO neutron.db.ovn_revision_numbers_db [None req-53bea0f8-f714-4df3-ad03-2d060ec8e2e6 1edad5765c484ab4bec67d2af5e8afd8 bfbee99a19dc4e87aba1ae3e405b1643 - - default default] Successfully bumped revision number for resource 34391c23-5baf-4013-a29e-d6fcb3ea79e0 (type: subnets) to 0
2026-04-10 11:09:43.740 10 INFO neutron.wsgi [None req-53bea0f8-f714-4df3-ad03-2d060ec8e2e6 1edad5765c484ab4bec67d2af5e8afd8 bfbee99a19dc4e87aba1ae3e405b1643 - - default default] 10.0.0.229 "POST /v2.0/subnets HTTP/1.1" status: 201 len: 804 time: 1.2890227
2026-04-10 11:09:43.749 10 WARNING neutron_lib.context [None req-9b04d8ca-c0f6-4899-a93b-a6ce550b0593 1edad5765c484ab4bec67d2af5e8afd8 bfbee99a19dc4e87aba1ae3e405b1643 - - default default] Method 'is_advsvc' is deprecated since 2023.2 release (neutron-lib 3.8.0) and will be removed once support for the old RBAC API policies will be removed from Neutron. Please use method 'is_service_role' instead.
2026-04-10 11:09:43.864 10 INFO neutron.db.segments_db [None req-9b04d8ca-c0f6-4899-a93b-a6ce550b0593 1edad5765c484ab4bec67d2af5e8afd8 bfbee99a19dc4e87aba1ae3e405b1643 - - default default] Added segment 629cdacc-7a42-4ec2-8b19-f539b4ca9346 of type geneve for network 0b1a8b85-adce-4b2c-b83d-3d57be72979d
