2026-04-10 11:09:14.429 9 INFO neutron.services.segments.plugin [-] Segment 2aff12b1-fdcc-427e-93b2-21b87312edf6 resource provider aggregate not found
2026-04-10 11:09:14.433 9 INFO neutron.services.segments.plugin [-] Segment 2aff12b1-fdcc-427e-93b2-21b87312edf6 resource provider aggregate not found
2026-04-10 11:09:14.439 9 INFO neutron.db.ovn_revision_numbers_db [None req-29be4eeb-b921-4549-94a5-cf757a70ff3f 96a035f5320d4e2984c2d65cda18b637 84b871949d49496ab8b9cf576b4cd630 - - default default] Successfully bumped revision number for resource 8d9e7b8c-1a82-4bae-ac9e-d65778d24a44 (type: ports) to 2
2026-04-10 11:09:14.449 9 INFO neutron.services.segments.plugin [-] Segment 2aff12b1-fdcc-427e-93b2-21b87312edf6 resource provider not found; error: Placement Client Error (4xx): {"errors": [{"status": 404, "title": "Not Found", "detail": "The resource could not be found.\n\n No resource provider with uuid 2aff12b1-fdcc-427e-93b2-21b87312edf6 found for delete ", "request_id": "req-34c2b607-e29e-4981-ad56-b860f38fc1c7"}]}
2026-04-10 11:09:14.455 9 INFO neutron.services.segments.plugin [-] Segment 2aff12b1-fdcc-427e-93b2-21b87312edf6 resource provider not found; error: Placement Client Error (4xx): {"errors": [{"status": 404, "title": "Not Found", "detail": "The resource could not be found.\n\n No resource provider with uuid 2aff12b1-fdcc-427e-93b2-21b87312edf6 found for delete ", "request_id": "req-ad023c00-b591-4b77-865c-a49ac8c7aedf"}]}
2026-04-10 11:09:14.488 9 INFO neutron.db.ovn_revision_numbers_db [None req-29be4eeb-b921-4549-94a5-cf757a70ff3f 96a035f5320d4e2984c2d65cda18b637 84b871949d49496ab8b9cf576b4cd630 - - default default] Successfully bumped revision number for resource 3381085c-f87f-4d13-832e-b35306eda501 (type: subnets) to 0
2026-04-10 11:09:14.512 9 INFO neutron.wsgi [None req-29be4eeb-b921-4549-94a5-cf757a70ff3f 96a035f5320d4e2984c2d65cda18b637 84b871949d49496ab8b9cf576b4cd630 - - default default] 10.0.0.229 "POST /v2.0/subnets HTTP/1.1" status: 201 len: 804 time: 1.0807130
2026-04-10 11:09:14.521 9 WARNING neutron_lib.context [None req-56bee2d6-c98e-4bb3-bc2f-de88daa8d5d9 96a035f5320d4e2984c2d65cda18b637 84b871949d49496ab8b9cf576b4cd630 - - default default] Method 'is_advsvc' is deprecated since 2023.2 release (neutron-lib 3.8.0) and will be removed once support for the old RBAC API policies will be removed from Neutron. Please use method 'is_service_role' instead.
2026-04-10 11:09:14.556 9 INFO neutron.wsgi [None req-07bafb71-d45b-4d42-9054-5aea248e310e 1890e5644dd2400aad00fcddb3908e7f 0889a09b420d4af8abbed9d078e035d5 - - default default] 10.0.0.229 "DELETE /v2.0/networks/86ceb1b8-17f0-4cd3-aae2-b2b28d800043 HTTP/1.1" status: 204 len: 168 time: 0.6437895
2026-04-10 11:09:14.776 10 INFO neutron.db.ovn_revision_numbers_db [None req-18c3eb29-094e-4fda-b9df-0c2a0fafa12c 580b11e6ca514092a7e944ba50aab193 f621c14022994f7d85ae6bca02512750 - - default default] Successfully bumped revision number for resource b9e45e30-d1ca-4723-9e20-98e281881bb0 (type: routers) to 2
2026-04-10 11:09:14.783 10 INFO neutron.wsgi [None req-18c3eb29-094e-4fda-b9df-0c2a0fafa12c 580b11e6ca514092a7e944ba50aab193 f621c14022994f7d85ae6bca02512750 - - default default] 10.0.0.229 "PUT /v2.0/routers/b9e45e30-d1ca-4723-9e20-98e281881bb0 HTTP/1.1" status: 200 len: 777 time: 0.4914546
2026-04-10 11:09:14.810 10 INFO neutron.wsgi [None req-781b49cc-d777-4785-ad59-3bb3a9d05b11 580b11e6ca514092a7e944ba50aab193 f621c14022994f7d85ae6bca02512750 - - default default] 10.0.0.229 "GET /v2.0/ports?device_id=b9e45e30-d1ca-4723-9e20-98e281881bb0 HTTP/1.1" status: 200 len: 205 time: 0.0208824
2026-04-10 11:09:15.000 9 INFO neutron.plugins.ml2.drivers.ovn.mech_driver.mech_driver [None req-77b34222-c866-4411-9cd8-061608bc8b6c - - - - - -] OVN reports status up for port: 98597826-e8bd-4977-be6a-c3512dbc8b4e
2026-04-10 11:09:15.012 9 INFO neutron.plugins.ml2.plugin [None req-77b34222-c866-4411-9cd8-061608bc8b6c - - - - - -] Attempt 1 to provision port 98597826-e8bd-4977-be6a-c3512dbc8b4e
2026-04-10 11:09:15.088 10 INFO neutron.wsgi [None req-c4efa20a-bfd8-48c3-a7b4-2427d49f4165 580b11e6ca514092a7e944ba50aab193 f621c14022994f7d85ae6bca02512750 - - default default] 10.0.0.229 "DELETE /v2.0/routers/b9e45e30-d1ca-4723-9e20-98e281881bb0 HTTP/1.1" status: 204 len: 168 time: 0.2677784
2026-04-10 11:09:15.143 10 INFO neutron.wsgi [None req-b4103794-4ea7-44d6-9f1a-a32e56e15c4d 580b11e6ca514092a7e944ba50aab193 f621c14022994f7d85ae6bca02512750 - - default default] 10.0.0.229 "GET /v2.0/routers/52bb2248-60dc-4107-a3d1-ca38fd6d96a1 HTTP/1.1" status: 200 len: 770 time: 0.0509825
2026-04-10 11:09:15.417 9 INFO neutron.db.ovn_revision_numbers_db [None req-77b34222-c866-4411-9cd8-061608bc8b6c - - - - - -] Successfully bumped revision number for resource 98597826-e8bd-4977-be6a-c3512dbc8b4e (type: ports) to 3
2026-04-10 11:09:15.500 9 WARNING neutron.scheduler.dhcp_agent_scheduler [None req-56bee2d6-c98e-4bb3-bc2f-de88daa8d5d9 96a035f5320d4e2984c2d65cda18b637 84b871949d49496ab8b9cf576b4cd630 - - default default] No more DHCP agents
2026-04-10 11:09:15.504 9 WARNING neutron.api.rpc.agentnotifiers.dhcp_rpc_agent_api [None req-56bee2d6-c98e-4bb3-bc2f-de88daa8d5d9 96a035f5320d4e2984c2d65cda18b637 84b871949d49496ab8b9cf576b4cd630 - - default default] Unable to schedule network 37706f09-e95f-4b5e-b9a0-e338fa1d8409: no agents available; will retry on subsequent port and subnet creation events.
2026-04-10 11:09:15.504 10 INFO neutron.plugins.ml2.drivers.ovn.mech_driver.mech_driver [None req-957b5bb0-c296-4901-bbd5-f6bdbe3f869e - - - - - -] OVN reports status up for port: 23a4ded8-029f-4a9f-81aa-39a41c51cd10
2026-04-10 11:09:15.525 10 INFO neutron.services.segments.plugin [-] Segment e43747c0-fecf-439d-b1cf-96252c4ca25c resource provider aggregate not found
2026-04-10 11:09:15.529 10 INFO neutron.services.segments.plugin [-] Segment e43747c0-fecf-439d-b1cf-96252c4ca25c resource provider aggregate not found
2026-04-10 11:09:15.553 10 INFO neutron.services.segments.plugin [-] Segment e43747c0-fecf-439d-b1cf-96252c4ca25c resource provider not found; error: Placement Client Error (4xx): {"errors": [{"status": 404, "title": "Not Found", "detail": "The resource could not be found.\n\n No resource provider with uuid e43747c0-fecf-439d-b1cf-96252c4ca25c found for delete ", "request_id": "req-29bff997-d67f-4c91-9a8f-013bb771e024"}]}
2026-04-10 11:09:15.553 10 INFO neutron.services.segments.plugin [-] Segment e43747c0-fecf-439d-b1cf-96252c4ca25c resource provider not found; error: Placement Client Error (4xx): {"errors": [{"status": 404, "title": "Not Found", "detail": "The resource could not be found.\n\n No resource provider with uuid e43747c0-fecf-439d-b1cf-96252c4ca25c found for delete ", "request_id": "req-641618c3-fc15-4c78-b53f-4ec0b8d47546"}]}
2026-04-10 11:09:15.564 10 INFO neutron.plugins.ml2.plugin [None req-957b5bb0-c296-4901-bbd5-f6bdbe3f869e - - - - - -] Attempt 1 to provision port 23a4ded8-029f-4a9f-81aa-39a41c51cd10
2026-04-10 11:09:15.729 9 INFO neutron.wsgi [None req-aa216e53-6b60-44d9-8cb5-2f1d553b687e a304790ba8194752a146b2033d6d7794 2ba55315547740999bfc5a2567fd5682 - - default default] 10.0.0.229 "GET /v2.0/security-groups?tenant_id=0889a09b420d4af8abbed9d078e035d5&name=default HTTP/1.1" status: 200 len: 3120 time: 0.3284397
2026-04-10 11:09:15.746 9 INFO neutron.db.ovn_revision_numbers_db [None req-56bee2d6-c98e-4bb3-bc2f-de88daa8d5d9 96a035f5320d4e2984c2d65cda18b637 84b871949d49496ab8b9cf576b4cd630 - - default default] Successfully bumped revision number for resource 1b6b74ca-e336-4473-8098-d4dbfdb1abed (type: ports) to 1
2026-04-10 11:09:15.896 10 INFO neutron.wsgi [None req-576486d5-a130-4553-9d6e-dbebf42789c9 580b11e6ca514092a7e944ba50aab193 f621c14022994f7d85ae6bca02512750 - - default default] 10.0.0.229 "PUT /v2.0/routers/52bb2248-60dc-4107-a3d1-ca38fd6d96a1 HTTP/1.1" status: 200 len: 770 time: 0.7478406
2026-04-10 11:09:15.932 10 INFO neutron.wsgi [None req-9dd51291-2515-474a-b7a4-8e8d4afda74f 580b11e6ca514092a7e944ba50aab193 f621c14022994f7d85ae6bca02512750 - - default default] 10.0.0.229 "GET /v2.0/ports?device_id=52bb2248-60dc-4107-a3d1-ca38fd6d96a1 HTTP/1.1" status: 200 len: 205 time: 0.0296037
2026-04-10 11:09:16.058 10 INFO neutron.db.ovn_revision_numbers_db [None req-957b5bb0-c296-4901-bbd5-f6bdbe3f869e - - - - - -] Successfully bumped revision number for resource 23a4ded8-029f-4a9f-81aa-39a41c51cd10 (type: ports) to 3
2026-04-10 11:09:16.287 9 INFO neutron.wsgi [None req-e8ae88a9-ae31-447b-b87c-7aa7ef4a25ca a304790ba8194752a146b2033d6d7794 2ba55315547740999bfc5a2567fd5682 - - default default] 10.0.0.229 "DELETE /v2.0/security-groups/5b80bc70-181e-4b6f-bbee-117411243739 HTTP/1.1" status: 204 len: 168 time: 0.5495224
2026-04-10 11:09:16.296 9 INFO neutron.wsgi [None req-6ad93280-8bdf-4bde-b196-ad25ecb24d25 580b11e6ca514092a7e944ba50aab193 f621c14022994f7d85ae6bca02512750 - - default default] 10.0.0.229 "DELETE /v2.0/routers/52bb2248-60dc-4107-a3d1-ca38fd6d96a1 HTTP/1.1" status: 204 len: 168 time: 0.3514297
2026-04-10 11:09:16.539 10 INFO neutron.db.ovn_revision_numbers_db [None req-6be8ca92-ee39-48d2-b9e5-d9caf250e7f4 a304790ba8194752a146b2033d6d7794 2ba55315547740999bfc5a2567fd5682 - - default default] Successfully bumped revision number for resource c4e818c8-7371-4cc2-b071-a31393325a59 (type: security_groups) to 1
2026-04-10 11:09:16.560 10 INFO neutron.db.ovn_revision_numbers_db [None req-6be8ca92-ee39-48d2-b9e5-d9caf250e7f4 a304790ba8194752a146b2033d6d7794 2ba55315547740999bfc5a2567fd5682 - - default default] Successfully bumped revision number for resource 1a2f530f-8491-45a3-8a2b-cf30fecad64c (type: security_group_rules) to 0
2026-04-10 11:09:16.582 10 INFO neutron.db.ovn_revision_numbers_db [None req-6be8ca92-ee39-48d2-b9e5-d9caf250e7f4 a304790ba8194752a146b2033d6d7794 2ba55315547740999bfc5a2567fd5682 - - default default] Successfully bumped revision number for resource 821d10a8-773f-4a5d-bfca-c6497eecaec5 (type: security_group_rules) to 0
2026-04-10 11:09:16.599 10 INFO neutron.db.ovn_revision_numbers_db [None req-6be8ca92-ee39-48d2-b9e5-d9caf250e7f4 a304790ba8194752a146b2033d6d7794 2ba55315547740999bfc5a2567fd5682 - - default default] Successfully bumped revision number for resource 9c808ca1-3e68-4b9b-b99c-e831106e66eb (type: security_group_rules) to 0
2026-04-10 11:09:16.605 9 INFO neutron.services.segments.plugin [-] Segment 0cae8403-efb9-4ca2-b5f2-35f2fc04cc3d resource provider aggregate not found
2026-04-10 11:09:16.610 9 INFO neutron.services.segments.plugin [-] Segment 0cae8403-efb9-4ca2-b5f2-35f2fc04cc3d resource provider aggregate not found
2026-04-10 11:09:16.610 10 INFO neutron.db.ovn_revision_numbers_db [None req-6be8ca92-ee39-48d2-b9e5-d9caf250e7f4 a304790ba8194752a146b2033d6d7794 2ba55315547740999bfc5a2567fd5682 - - default default] Successfully bumped revision number for resource acff17d1-0049-43ff-b231-9d786ee684d0 (type: security_group_rules) to 0
2026-04-10 11:09:16.632 10 INFO neutron.wsgi [None req-6be8ca92-ee39-48d2-b9e5-d9caf250e7f4 a304790ba8194752a146b2033d6d7794 2ba55315547740999bfc5a2567fd5682 - - default default] 10.0.0.229 "GET /v2.0/security-groups?tenant_id=be69b009874f4694aba6aa81f71f5d81&name=default HTTP/1.1" status: 200 len: 3120 time: 0.2140360
2026-04-10 11:09:16.636 9 INFO neutron.services.segments.plugin [-] Segment 0cae8403-efb9-4ca2-b5f2-35f2fc04cc3d resource provider not found; error: Placement Client Error (4xx): {"errors": [{"status": 404, "title": "Not Found", "detail": "The resource could not be found.\n\n No resource provider with uuid 0cae8403-efb9-4ca2-b5f2-35f2fc04cc3d found for delete ", "request_id": "req-9cc2a391-bce2-46f4-88de-6d3050be7851"}]}
2026-04-10 11:09:16.637 9 INFO neutron.services.segments.plugin [-] Segment 0cae8403-efb9-4ca2-b5f2-35f2fc04cc3d resource provider not found; error: Placement Client Error (4xx): {"errors": [{"status": 404, "title": "Not Found", "detail": "The resource could not be found.\n\n No resource provider with uuid 0cae8403-efb9-4ca2-b5f2-35f2fc04cc3d found for delete ", "request_id": "req-d48b0324-0ef8-4d61-a029-e2c0fd79c44b"}]}
2026-04-10 11:09:16.869 10 INFO neutron.wsgi [None req-c4fac95b-642a-4fcb-ab90-716ea21671a8 a304790ba8194752a146b2033d6d7794 2ba55315547740999bfc5a2567fd5682 - - default default] 10.0.0.229 "DELETE /v2.0/security-groups/c4e818c8-7371-4cc2-b071-a31393325a59 HTTP/1.1" status: 204 len: 168 time: 0.2298183
2026-04-10 11:09:16.923 9 INFO neutron.plugins.ml2.drivers.ovn.mech_driver.ovsdb.commands [None req-deebbc67-ac82-4d4b-a723-388ea5e2ada9 - - - - - -] Schedule LRP lrp-1b6b74ca-e336-4473-8098-d4dbfdb1abed on gateway 769d1f43-05cf-40ff-8a17-daf1ad9135da with priority 1
2026-04-10 11:09:16.930 9 INFO neutron.plugins.ml2.drivers.ovn.mech_driver.mech_driver [None req-77b34222-c866-4411-9cd8-061608bc8b6c - - - - - -] OVN reports status up for port: 1b6b74ca-e336-4473-8098-d4dbfdb1abed
2026-04-10 11:09:16.949 9 INFO neutron.plugins.ml2.plugin [None req-77b34222-c866-4411-9cd8-061608bc8b6c - - - - - -] Attempt 1 to provision port 1b6b74ca-e336-4473-8098-d4dbfdb1abed
2026-04-10 11:09:16.974 9 INFO neutron.db.ovn_revision_numbers_db [None req-56bee2d6-c98e-4bb3-bc2f-de88daa8d5d9 96a035f5320d4e2984c2d65cda18b637 84b871949d49496ab8b9cf576b4cd630 - - default default] Successfully bumped revision number for resource 1b6b74ca-e336-4473-8098-d4dbfdb1abed (type: router_ports) to 1
2026-04-10 11:09:17.075 9 INFO neutron.db.ovn_revision_numbers_db [None req-56bee2d6-c98e-4bb3-bc2f-de88daa8d5d9 96a035f5320d4e2984c2d65cda18b637 84b871949d49496ab8b9cf576b4cd630 - - default default] Successfully bumped revision number for resource 6c650be2-36ce-4472-ba21-45fceafe6cd9 (type: routers) to 2
2026-04-10 11:09:17.092 9 INFO neutron.wsgi [None req-56bee2d6-c98e-4bb3-bc2f-de88daa8d5d9 96a035f5320d4e2984c2d65cda18b637 84b871949d49496ab8b9cf576b4cd630 - - default default] 10.0.0.229 "POST /v2.0/routers HTTP/1.1" status: 201 len: 1134 time: 2.5749683
2026-04-10 11:09:17.136 10 INFO neutron.db.ovn_revision_numbers_db [None req-e75706ad-9581-4ab5-81c8-054fc8b8f222 a304790ba8194752a146b2033d6d7794 2ba55315547740999bfc5a2567fd5682 - - default default] Successfully bumped revision number for resource 7912e727-d852-4dba-8be1-2ae6a2cf17ba (type: security_groups) to 1
2026-04-10 11:09:17.150 10 INFO neutron.db.ovn_revision_numbers_db [None req-e75706ad-9581-4ab5-81c8-054fc8b8f222 a304790ba8194752a146b2033d6d7794 2ba55315547740999bfc5a2567fd5682 - - default default] Successfully bumped revision number for resource 520651bc-e9e1-49bb-b7be-e4d862becaf4 (type: security_group_rules) to 0
2026-04-10 11:09:17.164 10 INFO neutron.db.ovn_revision_numbers_db [None req-e75706ad-9581-4ab5-81c8-054fc8b8f222 a304790ba8194752a146b2033d6d7794 2ba55315547740999bfc5a2567fd5682 - - default default] Successfully bumped revision number for resource 9fac4014-d56b-4629-bcca-9eb956d2dfb4 (type: security_group_rules) to 0
2026-04-10 11:09:17.181 10 INFO neutron.db.ovn_revision_numbers_db [None req-e75706ad-9581-4ab5-81c8-054fc8b8f222 a304790ba8194752a146b2033d6d7794 2ba55315547740999bfc5a2567fd5682 - - default default] Successfully bumped revision number for resource d72e202c-8652-4491-b1fa-f8eee59c4a3b (type: security_group_rules) to 0
2026-04-10 11:09:17.198 10 INFO neutron.db.ovn_revision_numbers_db [None req-e75706ad-9581-4ab5-81c8-054fc8b8f222 a304790ba8194752a146b2033d6d7794 2ba55315547740999bfc5a2567fd5682 - - default default] Successfully bumped revision number for resource f62a90d5-49ee-4987-968c-7ef54e58ac74 (type: security_group_rules) to 0
2026-04-10 11:09:17.227 10 INFO neutron.wsgi [None req-e75706ad-9581-4ab5-81c8-054fc8b8f222 a304790ba8194752a146b2033d6d7794 2ba55315547740999bfc5a2567fd5682 - - default default] 10.0.0.229 "GET /v2.0/security-groups?tenant_id=ad80406e36fa47d4b2d4ec02e4969bf8&name=default HTTP/1.1" status: 200 len: 3120 time: 0.2109544
2026-04-10 11:09:17.478 10 INFO neutron.wsgi [None req-94d8c558-ac31-4646-85be-6acaa56b2a4d a304790ba8194752a146b2033d6d7794 2ba55315547740999bfc5a2567fd5682 - - default default] 10.0.0.229 "DELETE /v2.0/security-groups/7912e727-d852-4dba-8be1-2ae6a2cf17ba HTTP/1.1" status: 204 len: 168 time: 0.2439878
2026-04-10 11:09:17.604 9 INFO neutron.db.ovn_revision_numbers_db [None req-f8db56de-b078-48ee-96ea-11c3ef8e7237 a304790ba8194752a146b2033d6d7794 2ba55315547740999bfc5a2567fd5682 - - default default] Successfully bumped revision number for resource c7e669f3-77ea-4506-bd6d-4327c47e7c50 (type: security_groups) to 1
2026-04-10 11:09:17.634 9 INFO neutron.db.ovn_revision_numbers_db [None req-f8db56de-b078-48ee-96ea-11c3ef8e7237 a304790ba8194752a146b2033d6d7794 2ba55315547740999bfc5a2567fd5682 - - default default] Successfully bumped revision number for resource 474a2e1d-df00-4e47-ae35-38f35d2a918b (type: security_group_rules) to 0
2026-04-10 11:09:17.658 9 INFO neutron.db.ovn_revision_numbers_db [None req-f8db56de-b078-48ee-96ea-11c3ef8e7237 a304790ba8194752a146b2033d6d7794 2ba55315547740999bfc5a2567fd5682 - - default default] Successfully bumped revision number for resource 7d05d069-e8b5-4690-abae-59b8d282a758 (type: security_group_rules) to 0
2026-04-10 11:09:17.676 9 INFO neutron.db.ovn_revision_numbers_db [None req-f8db56de-b078-48ee-96ea-11c3ef8e7237 a304790ba8194752a146b2033d6d7794 2ba55315547740999bfc5a2567fd5682 - - default default] Successfully bumped revision number for resource 8ad8ba90-12fb-4c3d-b56a-7d9166b13fd3 (type: security_group_rules) to 0
2026-04-10 11:09:17.700 9 INFO neutron.db.ovn_revision_numbers_db [None req-f8db56de-b078-48ee-96ea-11c3ef8e7237 a304790ba8194752a146b2033d6d7794 2ba55315547740999bfc5a2567fd5682 - - default default] Successfully bumped revision number for resource 9df58dad-6ab5-430c-bf07-6eb272889375 (type: security_group_rules) to 0
2026-04-10 11:09:17.756 9 INFO neutron.wsgi [None req-f8db56de-b078-48ee-96ea-11c3ef8e7237 a304790ba8194752a146b2033d6d7794 2ba55315547740999bfc5a2567fd5682 - - default default] 10.0.0.229 "GET /v2.0/security-groups?tenant_id=f4d9e7782c504e57a928f4a2b146fc22&name=default HTTP/1.1" status: 200 len: 3120 time: 0.5212531
2026-04-10 11:09:17.860 9 WARNING neutron.scheduler.dhcp_agent_scheduler [None req-03c8a9f7-139d-4f59-9786-1c2282c9d456 96a035f5320d4e2984c2d65cda18b637 84b871949d49496ab8b9cf576b4cd630 - - default default] No more DHCP agents
2026-04-10 11:09:17.861 9 WARNING neutron.api.rpc.agentnotifiers.dhcp_rpc_agent_api [None req-03c8a9f7-139d-4f59-9786-1c2282c9d456 96a035f5320d4e2984c2d65cda18b637 84b871949d49496ab8b9cf576b4cd630 - - default default] Unable to schedule network 22fe9231-f108-447a-b91b-0dfa849354cf: no agents available; will retry on subsequent port and subnet creation events.
2026-04-10 11:09:18.014 10 INFO neutron.wsgi [None req-42e4a97a-352c-4b6e-a169-b2556a1e4d66 a304790ba8194752a146b2033d6d7794 2ba55315547740999bfc5a2567fd5682 - - default default] 10.0.0.229 "DELETE /v2.0/security-groups/c7e669f3-77ea-4506-bd6d-4327c47e7c50 HTTP/1.1" status: 204 len: 168 time: 0.2530105
2026-04-10 11:09:18.059 9 INFO neutron.db.ovn_revision_numbers_db [None req-03c8a9f7-139d-4f59-9786-1c2282c9d456 96a035f5320d4e2984c2d65cda18b637 84b871949d49496ab8b9cf576b4cd630 - - default default] Successfully bumped revision number for resource e9e7e1bf-3216-416e-a23b-5e10f36085c2 (type: ports) to 1
2026-04-10 11:09:18.448 10 INFO neutron.db.ovn_revision_numbers_db [None req-f2987627-84aa-42ab-8883-3f5b94bb0a77 a304790ba8194752a146b2033d6d7794 2ba55315547740999bfc5a2567fd5682 - - default default] Successfully bumped revision number for resource a2accdcb-a144-4460-9cb8-33463efed509 (type: security_groups) to 1
2026-04-10 11:09:18.467 10 INFO neutron.db.ovn_revision_numbers_db [None req-f2987627-84aa-42ab-8883-3f5b94bb0a77 a304790ba8194752a146b2033d6d7794 2ba55315547740999bfc5a2567fd5682 - - default default] Successfully bumped revision number for resource 206e28e6-1461-45ea-9cab-f8ac646934bc (type: security_group_rules) to 0
2026-04-10 11:09:18.486 10 INFO neutron.db.ovn_revision_numbers_db [None req-f2987627-84aa-42ab-8883-3f5b94bb0a77 a304790ba8194752a146b2033d6d7794 2ba55315547740999bfc5a2567fd5682 - - default default] Successfully bumped revision number for resource 45a353fd-d29f-4071-9665-36e0ae7faa0f (type: security_group_rules) to 0
2026-04-10 11:09:18.503 10 INFO neutron.db.ovn_revision_numbers_db [None req-f2987627-84aa-42ab-8883-3f5b94bb0a77 a304790ba8194752a146b2033d6d7794 2ba55315547740999bfc5a2567fd5682 - - default default] Successfully bumped revision number for resource 4dd36725-965a-4323-b04f-8271570b3bc1 (type: security_group_rules) to 0
2026-04-10 11:09:18.514 10 INFO neutron.db.ovn_revision_numbers_db [None req-f2987627-84aa-42ab-8883-3f5b94bb0a77 a304790ba8194752a146b2033d6d7794 2ba55315547740999bfc5a2567fd5682 - - default default] Successfully bumped revision number for resource 6b9b0a4a-4ab6-4c0c-a930-8e3e26bba314 (type: security_group_rules) to 0
2026-04-10 11:09:18.542 10 INFO neutron.wsgi [None req-f2987627-84aa-42ab-8883-3f5b94bb0a77 a304790ba8194752a146b2033d6d7794 2ba55315547740999bfc5a2567fd5682 - - default default] 10.0.0.229 "GET /v2.0/security-groups?tenant_id=f621c14022994f7d85ae6bca02512750&name=default HTTP/1.1" status: 200 len: 3120 time: 0.3313725
2026-04-10 11:09:18.934 10 WARNING neutron_lib.context [None req-e6419d89-7f48-46f4-a765-222d46e083f1 3c54d671af804c5abf7f6e909a8dd0ef 7d27584540144364adbf518d4327f241 - - default default] Method 'is_advsvc' is deprecated since 2023.2 release (neutron-lib 3.8.0) and will be removed once support for the old RBAC API policies will be removed from Neutron. Please use method 'is_service_role' instead.
2026-04-10 11:09:18.978 9 ERROR ovsdbapp.backend.ovs_idl.command [None req-03c8a9f7-139d-4f59-9786-1c2282c9d456 96a035f5320d4e2984c2d65cda18b637 84b871949d49496ab8b9cf576b4cd630 - - default default] Error executing command (DbGetCommand): ovsdbapp.backend.ovs_idl.idlutils.RowNotFound: Cannot find Logical_Router_Port with name=lrp-e9e7e1bf-3216-416e-a23b-5e10f36085c2
2026-04-10 11:09:18.978 9 ERROR ovsdbapp.backend.ovs_idl.command
Traceback (most recent call last):
2026-04-10 11:09:18.978 9 ERROR ovsdbapp.backend.ovs_idl.command
File "/var/lib/openstack/lib/python3.10/site-packages/ovsdbapp/backend/ovs_idl/command.py", line 47, in execute
2026-04-10 11:09:18.978 9 ERROR ovsdbapp.backend.ovs_idl.command self.run_idl(None)
2026-04-10 11:09:18.978 9 ERROR ovsdbapp.backend.ovs_idl.command
File "/var/lib/openstack/lib/python3.10/site-packages/ovsdbapp/backend/ovs_idl/command.py", line 235, in run_idl
2026-04-10 11:09:18.978 9 ERROR ovsdbapp.backend.ovs_idl.command record = self.api.lookup(self.table, self.record)
2026-04-10 11:09:18.978 9 ERROR ovsdbapp.backend.ovs_idl.command
File "/var/lib/openstack/lib/python3.10/site-packages/ovsdbapp/backend/ovs_idl/__init__.py", line 184, in lookup
2026-04-10 11:09:18.978 9 ERROR ovsdbapp.backend.ovs_idl.command return self._lookup(table, record)
2026-04-10 11:09:18.978 9 ERROR ovsdbapp.backend.ovs_idl.command
File "/var/lib/openstack/lib/python3.10/site-packages/ovsdbapp/backend/ovs_idl/__init__.py", line 235, in _lookup
2026-04-10 11:09:18.978 9 ERROR ovsdbapp.backend.ovs_idl.command row = idlutils.row_by_value(self, rl.table, rl.column, record)
2026-04-10 11:09:18.978 9 ERROR ovsdbapp.backend.ovs_idl.command
File "/var/lib/openstack/lib/python3.10/site-packages/ovsdbapp/backend/ovs_idl/idlutils.py", line 114, in row_by_value
2026-04-10 11:09:18.978 9 ERROR ovsdbapp.backend.ovs_idl.command raise RowNotFound(table=table, col=column, match=match)
2026-04-10 11:09:18.978 9 ERROR ovsdbapp.backend.ovs_idl.command ovsdbapp.backend.ovs_idl.idlutils.RowNotFound: Cannot find Logical_Router_Port with name=lrp-e9e7e1bf-3216-416e-a23b-5e10f36085c2
2026-04-10 11:09:18.978 9 ERROR ovsdbapp.backend.ovs_idl.command 
2026-04-10 11:09:18.979 9 ERROR neutron_lib.callbacks.manager [None req-03c8a9f7-139d-4f59-9786-1c2282c9d456 96a035f5320d4e2984c2d65cda18b637 84b871949d49496ab8b9cf576b4cd630 - - default default] Error during notification for neutron.services.ovn_l3.plugin.OVNL3RouterPlugin._port_update-8743294587631 port, after_update: ovsdbapp.backend.ovs_idl.idlutils.RowNotFound: Cannot find Logical_Router_Port with name=lrp-e9e7e1bf-3216-416e-a23b-5e10f36085c2
2026-04-10 11:09:18.979 9 ERROR neutron_lib.callbacks.manager
Traceback (most recent call last):
2026-04-10 11:09:18.979 9 ERROR neutron_lib.callbacks.manager
File "/var/lib/openstack/lib/python3.10/site-packages/neutron_lib/callbacks/manager.py", line 189, in _notify_loop
2026-04-10 11:09:18.979 9 ERROR neutron_lib.callbacks.manager callback.method(resource, event, trigger, payload=payload)
2026-04-10 11:09:18.979 9 ERROR neutron_lib.callbacks.manager
File "/var/lib/openstack/lib/python3.10/site-packages/neutron/services/ovn_l3/plugin.py", line 391, in _port_update
2026-04-10 11:09:18.979 9 ERROR neutron_lib.callbacks.manager l3plugin._ovn_client.update_router_port(context,
2026-04-10 11:09:18.979 9 ERROR neutron_lib.callbacks.manager
File "/var/lib/openstack/lib/python3.10/site-packages/neutron/plugins/ml2/drivers/ovn/mech_driver/ovsdb/ovn_client.py", line 1878, in update_router_port
2026-04-10 11:09:18.979 9 ERROR neutron_lib.callbacks.manager self._update_lrouter_port(context, port, if_exists=if_exists,
2026-04-10 11:09:18.979 9 ERROR neutron_lib.callbacks.manager
File "/var/lib/openstack/lib/python3.10/site-packages/neutron/plugins/ml2/drivers/ovn/mech_driver/ovsdb/ovn_client.py", line 1855, in _update_lrouter_port
2026-04-10 11:09:18.979 9 ERROR neutron_lib.callbacks.manager external_ids = self._nb_idl.db_get(
2026-04-10 11:09:18.979 9 ERROR neutron_lib.callbacks.manager
File "/var/lib/openstack/lib/python3.10/site-packages/ovsdbapp/backend/ovs_idl/command.py", line 47, in execute
2026-04-10 11:09:18.979 9 ERROR neutron_lib.callbacks.manager self.run_idl(None)
2026-04-10 11:09:18.979 9 ERROR neutron_lib.callbacks.manager
File "/var/lib/openstack/lib/python3.10/site-packages/ovsdbapp/backend/ovs_idl/command.py", line 235, in run_idl
2026-04-10 11:09:18.979 9 ERROR neutron_lib.callbacks.manager record = self.api.lookup(self.table, self.record)
2026-04-10 11:09:18.979 9 ERROR neutron_lib.callbacks.manager
File "/var/lib/openstack/lib/python3.10/site-packages/ovsdbapp/backend/ovs_idl/__init__.py", line 184, in lookup
2026-04-10 11:09:18.979 9 ERROR neutron_lib.callbacks.manager return self._lookup(table, record)
2026-04-10 11:09:18.979 9 ERROR neutron_lib.callbacks.manager
File "/var/lib/openstack/lib/python3.10/site-packages/ovsdbapp/backend/ovs_idl/__init__.py", line 235, in _lookup
2026-04-10 11:09:18.979 9 ERROR neutron_lib.callbacks.manager row = idlutils.row_by_value(self, rl.table, rl.column, record)
2026-04-10 11:09:18.979 9 ERROR neutron_lib.callbacks.manager
File "/var/lib/openstack/lib/python3.10/site-packages/ovsdbapp/backend/ovs_idl/idlutils.py", line 114, in row_by_value
2026-04-10 11:09:18.979 9 ERROR neutron_lib.callbacks.manager raise RowNotFound(table=table, col=column, match=match)
2026-04-10 11:09:18.979 9 ERROR neutron_lib.callbacks.manager ovsdbapp.backend.ovs_idl.idlutils.RowNotFound: Cannot find Logical_Router_Port with name=lrp-e9e7e1bf-3216-416e-a23b-5e10f36085c2
2026-04-10 11:09:18.979 9 ERROR neutron_lib.callbacks.manager 
2026-04-10 11:09:19.142 9 INFO neutron.wsgi [None req-fff17d16-a643-48be-a22c-ba9607754898 a304790ba8194752a146b2033d6d7794 2ba55315547740999bfc5a2567fd5682 - - default default] 10.0.0.229 "DELETE /v2.0/security-groups/a2accdcb-a144-4460-9cb8-33463efed509 HTTP/1.1" status: 204 len: 168 time: 0.5965369
2026-04-10 11:09:19.260 10 INFO neutron.plugins.ml2.drivers.ovn.mech_driver.mech_driver [None req-957b5bb0-c296-4901-bbd5-f6bdbe3f869e - - - - - -] OVN reports status up for port: e9e7e1bf-3216-416e-a23b-5e10f36085c2
2026-04-10 11:09:19.276 10 INFO neutron.plugins.ml2.plugin [None req-957b5bb0-c296-4901-bbd5-f6bdbe3f869e - - - - - -] Attempt 1 to provision port e9e7e1bf-3216-416e-a23b-5e10f36085c2
2026-04-10 11:09:19.277 10 WARNING neutron.scheduler.dhcp_agent_scheduler [None req-e6419d89-7f48-46f4-a765-222d46e083f1 3c54d671af804c5abf7f6e909a8dd0ef 7d27584540144364adbf518d4327f241 - - default default] No more DHCP agents
2026-04-10 11:09:19.281 10 WARNING neutron.api.rpc.agentnotifiers.dhcp_rpc_agent_api [None req-e6419d89-7f48-46f4-a765-222d46e083f1 3c54d671af804c5abf7f6e909a8dd0ef 7d27584540144364adbf518d4327f241 - - default default] Unable to schedule network 37706f09-e95f-4b5e-b9a0-e338fa1d8409: no agents available; will retry on subsequent port and subnet creation events.
2026-04-10 11:09:19.289 9 INFO neutron.db.ovn_revision_numbers_db [None req-03c8a9f7-139d-4f59-9786-1c2282c9d456 96a035f5320d4e2984c2d65cda18b637 84b871949d49496ab8b9cf576b4cd630 - - default default] Successfully bumped revision number for resource e9e7e1bf-3216-416e-a23b-5e10f36085c2 (type: ports) to 1
2026-04-10 11:09:19.358 9 WARNING neutron.scheduler.dhcp_agent_scheduler [None req-03c8a9f7-139d-4f59-9786-1c2282c9d456 96a035f5320d4e2984c2d65cda18b637 84b871949d49496ab8b9cf576b4cd630 - - default default] No more DHCP agents
2026-04-10 11:09:19.359 9 WARNING neutron.api.rpc.agentnotifiers.dhcp_rpc_agent_api [None req-03c8a9f7-139d-4f59-9786-1c2282c9d456 96a035f5320d4e2984c2d65cda18b637 84b871949d49496ab8b9cf576b4cd630 - - default default] Unable to schedule network 22fe9231-f108-447a-b91b-0dfa849354cf: no agents available; will retry on subsequent port and subnet creation events.
2026-04-10 11:09:19.590 9 INFO neutron.db.ovn_revision_numbers_db [None req-e469de01-0546-4ecc-980d-314c289ee2ee a304790ba8194752a146b2033d6d7794 2ba55315547740999bfc5a2567fd5682 - - default default] Successfully bumped revision number for resource de70b7be-3f24-4765-963b-985129213147 (type: security_groups) to 1
2026-04-10 11:09:19.615 9 INFO neutron.db.ovn_revision_numbers_db [None req-e469de01-0546-4ecc-980d-314c289ee2ee a304790ba8194752a146b2033d6d7794 2ba55315547740999bfc5a2567fd5682 - - default default] Successfully bumped revision number for resource 0475fc61-c8bf-41fb-ad29-2fb9b61f5120 (type: security_group_rules) to 0
2026-04-10 11:09:19.637 9 INFO neutron.db.ovn_revision_numbers_db [None req-e469de01-0546-4ecc-980d-314c289ee2ee a304790ba8194752a146b2033d6d7794 2ba55315547740999bfc5a2567fd5682 - - default default] Successfully bumped revision number for resource 0c81c887-a313-4aaa-b7bd-55968cb6a703 (type: security_group_rules) to 0
2026-04-10 11:09:19.664 9 INFO neutron.db.ovn_revision_numbers_db [None req-e469de01-0546-4ecc-980d-314c289ee2ee a304790ba8194752a146b2033d6d7794 2ba55315547740999bfc5a2567fd5682 - - default default] Successfully bumped revision number for resource 5c6bd9df-d967-48d0-a63e-ec82f518ce7e (type: security_group_rules) to 0
2026-04-10 11:09:19.689 10 INFO neutron.wsgi [None req-e6419d89-7f48-46f4-a765-222d46e083f1 3c54d671af804c5abf7f6e909a8dd0ef 7d27584540144364adbf518d4327f241 - - default default] 10.0.0.229 "POST /v2.0/floatingips HTTP/1.1" status: 201 len: 751 time: 0.9421818
2026-04-10 11:09:19.701 9 WARNING neutron_lib.context [None req-19e17f49-a17e-41ac-923d-c89a6593c4e6 3c54d671af804c5abf7f6e909a8dd0ef 7d27584540144364adbf518d4327f241 - - default default] Method 'is_advsvc' is deprecated since 2023.2 release (neutron-lib 3.8.0) and will be removed once support for the old RBAC API policies will be removed from Neutron. Please use method 'is_service_role' instead.
2026-04-10 11:09:19.708 9 INFO neutron.db.ovn_revision_numbers_db [None req-e469de01-0546-4ecc-980d-314c289ee2ee a304790ba8194752a146b2033d6d7794 2ba55315547740999bfc5a2567fd5682 - - default default] Successfully bumped revision number for resource 90c1e367-3656-45e9-817c-69b45e4c43f5 (type: security_group_rules) to 0
2026-04-10 11:09:19.750 9 INFO neutron.wsgi [None req-e469de01-0546-4ecc-980d-314c289ee2ee a304790ba8194752a146b2033d6d7794 2ba55315547740999bfc5a2567fd5682 - - default default] 10.0.0.229 "GET /v2.0/security-groups?tenant_id=303b4ab835274a57878b11a85091ddcf&name=default HTTP/1.1" status: 200 len: 3120 time: 0.3697913
2026-04-10 11:09:19.832 10 INFO neutron.db.ovn_revision_numbers_db [None req-957b5bb0-c296-4901-bbd5-f6bdbe3f869e - - - - - -] Successfully bumped revision number for resource e9e7e1bf-3216-416e-a23b-5e10f36085c2 (type: ports) to 2
2026-04-10 11:09:19.864 9 INFO neutron.db.ovn_revision_numbers_db [None req-03c8a9f7-139d-4f59-9786-1c2282c9d456 96a035f5320d4e2984c2d65cda18b637 84b871949d49496ab8b9cf576b4cd630 - - default default] Successfully bumped revision number for resource e9e7e1bf-3216-416e-a23b-5e10f36085c2 (type: router_ports) to 1
2026-04-10 11:09:19.875 9 INFO neutron.wsgi [None req-03c8a9f7-139d-4f59-9786-1c2282c9d456 96a035f5320d4e2984c2d65cda18b637 84b871949d49496ab8b9cf576b4cd630 - - default default] 10.0.0.229 "PUT /v2.0/routers/6c650be2-36ce-4472-ba21-45fceafe6cd9/add_router_interface HTTP/1.1" status: 200 len: 503 time: 2.7772710
2026-04-10 11:09:19.961 10 INFO neutron.db.ovn_revision_numbers_db [None req-957b5bb0-c296-4901-bbd5-f6bdbe3f869e - - - - - -] Successfully bumped revision number for resource e9e7e1bf-3216-416e-a23b-5e10f36085c2 (type: router_ports) to 2
2026-04-10 11:09:20.150 10 INFO neutron.wsgi [-] 10.0.0.146 "GET / HTTP/1.1" status: 200 len: 247 time: 0.0025053
2026-04-10 11:09:20.153 10 INFO neutron.wsgi [-] 10.0.0.146 "GET / HTTP/1.1" status: 200 len: 247 time: 0.0019374
2026-04-10 11:09:20.209 9 WARNING neutron.scheduler.dhcp_agent_scheduler [None req-19e17f49-a17e-41ac-923d-c89a6593c4e6 3c54d671af804c5abf7f6e909a8dd0ef 7d27584540144364adbf518d4327f241 - - default default] No more DHCP agents
2026-04-10 11:09:20.215 9 WARNING neutron.api.rpc.agentnotifiers.dhcp_rpc_agent_api [None req-19e17f49-a17e-41ac-923d-c89a6593c4e6 3c54d671af804c5abf7f6e909a8dd0ef 7d27584540144364adbf518d4327f241 - - default default] Unable to schedule network 37706f09-e95f-4b5e-b9a0-e338fa1d8409: no agents available; will retry on subsequent port and subnet creation events.
2026-04-10 11:09:20.292 9 INFO neutron.wsgi [None req-ad76f33c-d544-4054-9fc9-69fdf5346a43 a304790ba8194752a146b2033d6d7794 2ba55315547740999bfc5a2567fd5682 - - default default] 10.0.0.229 "DELETE /v2.0/security-groups/de70b7be-3f24-4765-963b-985129213147 HTTP/1.1" status: 204 len: 168 time: 0.5311165
2026-04-10 11:09:20.686 9 WARNING neutron.scheduler.dhcp_agent_scheduler [None req-dc4ce8db-fbf0-40d8-9912-2060f459ea80 8bab4d9024bd4780961c6c824c537424 1abc3b7f42a94782876dd84423d6340c - - default default] No more DHCP agents
2026-04-10 11:09:20.690 9 WARNING neutron.api.rpc.agentnotifiers.dhcp_rpc_agent_api [None req-dc4ce8db-fbf0-40d8-9912-2060f459ea80 8bab4d9024bd4780961c6c824c537424 1abc3b7f42a94782876dd84423d6340c - - default default] Unable to schedule network 37706f09-e95f-4b5e-b9a0-e338fa1d8409: no agents available; will retry on subsequent port and subnet creation events.
2026-04-10 11:09:20.707 9 INFO neutron.wsgi [None req-19e17f49-a17e-41ac-923d-c89a6593c4e6 3c54d671af804c5abf7f6e909a8dd0ef 7d27584540144364adbf518d4327f241 - - default default] 10.0.0.229 "POST /v2.0/floatingips HTTP/1.1" status: 201 len: 751 time: 1.0125644
2026-04-10 11:09:20.722 9 WARNING neutron_lib.context [None req-0b0dc892-ee2f-4b82-a42f-774cd0a54581 3c54d671af804c5abf7f6e909a8dd0ef 7d27584540144364adbf518d4327f241 - - default default] Method 'is_advsvc' is deprecated since 2023.2 release (neutron-lib 3.8.0) and will be removed once support for the old RBAC API policies will be removed from Neutron. Please use method 'is_service_role' instead.
2026-04-10 11:09:20.898 9 INFO neutron.db.ovn_revision_numbers_db [None req-dc4ce8db-fbf0-40d8-9912-2060f459ea80 8bab4d9024bd4780961c6c824c537424 1abc3b7f42a94782876dd84423d6340c - - default default] Successfully bumped revision number for resource cd3fd7e3-ef98-41ce-adbd-12fad5129d2b (type: ports) to 1
2026-04-10 11:09:21.039 9 WARNING neutron.scheduler.dhcp_agent_scheduler [None req-0b0dc892-ee2f-4b82-a42f-774cd0a54581 3c54d671af804c5abf7f6e909a8dd0ef 7d27584540144364adbf518d4327f241 - - default default] No more DHCP agents
2026-04-10 11:09:21.042 9 WARNING neutron.api.rpc.agentnotifiers.dhcp_rpc_agent_api [None req-0b0dc892-ee2f-4b82-a42f-774cd0a54581 3c54d671af804c5abf7f6e909a8dd0ef 7d27584540144364adbf518d4327f241 - - default default] Unable to schedule network 37706f09-e95f-4b5e-b9a0-e338fa1d8409: no agents available; will retry on subsequent port and subnet creation events.
2026-04-10 11:09:21.097 10 WARNING neutron_lib.context [None req-3490b8d4-e150-42c6-9308-5e6b2e5f70f8 35a2e1616a524ddc81b85daa253e5bbe 91e8c40c9d23464caac3c870ab782ec5 - - default default] Method 'is_advsvc' is deprecated since 2023.2 release (neutron-lib 3.8.0) and will be removed once support for the old RBAC API policies will be removed from Neutron. Please use method 'is_service_role' instead.
2026-04-10 11:09:21.233 10 INFO neutron.db.ovn_revision_numbers_db [None req-3490b8d4-e150-42c6-9308-5e6b2e5f70f8 35a2e1616a524ddc81b85daa253e5bbe 91e8c40c9d23464caac3c870ab782ec5 - - default default] Successfully bumped revision number for resource ec4be2ac-f5ae-43e3-a706-7a6fb045864f (type: security_groups) to 1
2026-04-10 11:09:21.249 10 INFO neutron.db.ovn_revision_numbers_db [None req-3490b8d4-e150-42c6-9308-5e6b2e5f70f8 35a2e1616a524ddc81b85daa253e5bbe 91e8c40c9d23464caac3c870ab782ec5 - - default default] Successfully bumped revision number for resource 0f8301ac-8663-41d1-8784-2618df0e2c68 (type: security_group_rules) to 0
2026-04-10 11:09:21.264 10 INFO neutron.db.ovn_revision_numbers_db [None req-3490b8d4-e150-42c6-9308-5e6b2e5f70f8 35a2e1616a524ddc81b85daa253e5bbe 91e8c40c9d23464caac3c870ab782ec5 - - default default] Successfully bumped revision number for resource 3adc9b74-d764-4e7c-9d19-e8e5badc75a3 (type: security_group_rules) to 0
2026-04-10 11:09:21.298 10 INFO neutron.db.ovn_revision_numbers_db [None req-3490b8d4-e150-42c6-9308-5e6b2e5f70f8 35a2e1616a524ddc81b85daa253e5bbe 91e8c40c9d23464caac3c870ab782ec5 - - default default] Successfully bumped revision number for resource c23e9862-aef6-4b96-addf-945fb3180601 (type: security_group_rules) to 0
2026-04-10 11:09:21.317 10 INFO neutron.db.ovn_revision_numbers_db [None req-3490b8d4-e150-42c6-9308-5e6b2e5f70f8 35a2e1616a524ddc81b85daa253e5bbe 91e8c40c9d23464caac3c870ab782ec5 - - default default] Successfully bumped revision number for resource e56cb0af-1796-4a2f-baef-132c74266773 (type: security_group_rules) to 0
2026-04-10 11:09:21.408 10 INFO neutron.db.ovn_revision_numbers_db [None req-3490b8d4-e150-42c6-9308-5e6b2e5f70f8 35a2e1616a524ddc81b85daa253e5bbe 91e8c40c9d23464caac3c870ab782ec5 - - default default] Successfully bumped revision number for resource 360a5ffc-41bb-430f-af1a-0a5bbfeb28c0 (type: security_groups) to 1
2026-04-10 11:09:21.425 10 INFO neutron.db.ovn_revision_numbers_db [None req-3490b8d4-e150-42c6-9308-5e6b2e5f70f8 35a2e1616a524ddc81b85daa253e5bbe 91e8c40c9d23464caac3c870ab782ec5 - - default default] Successfully bumped revision number for resource 4ca66fb2-37fc-4eda-b6e2-4d6fa6ae1a8a (type: security_group_rules) to 0
2026-04-10 11:09:21.446 10 INFO neutron.db.ovn_revision_numbers_db [None req-3490b8d4-e150-42c6-9308-5e6b2e5f70f8 35a2e1616a524ddc81b85daa253e5bbe 91e8c40c9d23464caac3c870ab782ec5 - - default default] Successfully bumped revision number for resource aea7b558-dbce-4283-930e-ca4ab37912f1 (type: security_group_rules) to 0
2026-04-10 11:09:21.471 10 INFO neutron.wsgi [None req-3490b8d4-e150-42c6-9308-5e6b2e5f70f8 35a2e1616a524ddc81b85daa253e5bbe 91e8c40c9d23464caac3c870ab782ec5 - - default default] 10.0.0.229 "POST /v2.0/security-groups HTTP/1.1" status: 201 len: 1801 time: 0.4831524
2026-04-10 11:09:21.480 9 INFO neutron.db.ovn_revision_numbers_db [None req-dc4ce8db-fbf0-40d8-9912-2060f459ea80 8bab4d9024bd4780961c6c824c537424 1abc3b7f42a94782876dd84423d6340c - - default default] Successfully bumped revision number for resource cd3fd7e3-ef98-41ce-adbd-12fad5129d2b (type: ports) to 1
2026-04-10 11:09:21.526 10 INFO neutron.wsgi [None req-55ea3df8-2ccd-4573-9c84-9714329f63ae 35a2e1616a524ddc81b85daa253e5bbe 91e8c40c9d23464caac3c870ab782ec5 - - default default] 10.0.0.229 "PUT /v2.0/security-groups/360a5ffc-41bb-430f-af1a-0a5bbfeb28c0/tags HTTP/1.1" status: 200 len: 218 time: 0.0485547
2026-04-10 11:09:21.559 10 INFO neutron.wsgi [None req-1f7e8f53-9b8e-4673-ba03-a0d43c6303eb 35a2e1616a524ddc81b85daa253e5bbe 91e8c40c9d23464caac3c870ab782ec5 - - default default] 10.0.0.229 "GET /v2.0/security-groups/360a5ffc-41bb-430f-af1a-0a5bbfeb28c0/tags HTTP/1.1" status: 200 len: 218 time: 0.0267341
2026-04-10 11:09:21.559 9 INFO neutron.db.segments_db [None req-dc4ce8db-fbf0-40d8-9912-2060f459ea80 8bab4d9024bd4780961c6c824c537424 1abc3b7f42a94782876dd84423d6340c - - default default] Added segment 8c86a26a-5e70-43eb-9856-bebdabfb83ba of type geneve for network 1c6813f0-7e73-4af4-b113-134a9b4c5e7d
2026-04-10 11:09:21.602 10 INFO neutron.wsgi [None req-0e25d210-9d1f-4d28-8474-892cd558aa6a 35a2e1616a524ddc81b85daa253e5bbe 91e8c40c9d23464caac3c870ab782ec5 - - default default] 10.0.0.229 "PUT /v2.0/security-groups/360a5ffc-41bb-430f-af1a-0a5bbfeb28c0/tags/green HTTP/1.1" status: 201 len: 201 time: 0.0384033
2026-04-10 11:09:21.632 10 INFO neutron.wsgi [None req-a87448c1-3ef4-417f-87b0-dd9632b9dab4 35a2e1616a524ddc81b85daa253e5bbe 91e8c40c9d23464caac3c870ab782ec5 - - default default] 10.0.0.229 "GET /v2.0/security-groups/360a5ffc-41bb-430f-af1a-0a5bbfeb28c0/tags HTTP/1.1" status: 200 len: 227 time: 0.0261290
2026-04-10 11:09:21.665 10 INFO neutron.wsgi [None req-ecb44ab8-51cc-4441-8b6e-af5db7a11a97 35a2e1616a524ddc81b85daa253e5bbe 91e8c40c9d23464caac3c870ab782ec5 - - default default] 10.0.0.229 "PUT /v2.0/security-groups/360a5ffc-41bb-430f-af1a-0a5bbfeb28c0/tags/red HTTP/1.1" status: 201 len: 201 time: 0.0253842
2026-04-10 11:09:21.705 10 INFO neutron.wsgi [None req-1744c3d8-39df-4926-afa1-6e76bc9eec8e 35a2e1616a524ddc81b85daa253e5bbe 91e8c40c9d23464caac3c870ab782ec5 - - default default] 10.0.0.229 "GET /v2.0/security-groups/360a5ffc-41bb-430f-af1a-0a5bbfeb28c0/tags HTTP/1.1" status: 200 len: 227 time: 0.0350833
2026-04-10 11:09:21.742 9 INFO neutron.db.ovn_revision_numbers_db [None req-dc4ce8db-fbf0-40d8-9912-2060f459ea80 8bab4d9024bd4780961c6c824c537424 1abc3b7f42a94782876dd84423d6340c - - default default] Successfully bumped revision number for resource 1c6813f0-7e73-4af4-b113-134a9b4c5e7d (type: networks) to 1
2026-04-10 11:09:21.751 10 INFO neutron.wsgi [None req-b2105503-f07d-4242-8fcd-9c0f82251ced 35a2e1616a524ddc81b85daa253e5bbe 91e8c40c9d23464caac3c870ab782ec5 - - default default] 10.0.0.229 "PUT /v2.0/security-groups/360a5ffc-41bb-430f-af1a-0a5bbfeb28c0/tags/black.or.white HTTP/1.1" status: 201 len: 201 time: 0.0373993
2026-04-10 11:09:21.754 9 INFO neutron.wsgi [None req-0b0dc892-ee2f-4b82-a42f-774cd0a54581 3c54d671af804c5abf7f6e909a8dd0ef 7d27584540144364adbf518d4327f241 - - default default] 10.0.0.229 "POST /v2.0/floatingips HTTP/1.1" status: 201 len: 751 time: 1.0409861
2026-04-10 11:09:21.766 10 WARNING neutron_lib.context [None req-fa4c61b4-c006-48be-b130-086eb6342e47 3c54d671af804c5abf7f6e909a8dd0ef 7d27584540144364adbf518d4327f241 - - default default] Method 'is_advsvc' is deprecated since 2023.2 release (neutron-lib 3.8.0) and will be removed once support for the old RBAC API policies will be removed from Neutron. Please use method 'is_service_role' instead.
2026-04-10 11:09:21.794 10 INFO neutron.wsgi [None req-37da1685-2499-40ab-9e8e-cc98c67802c6 35a2e1616a524ddc81b85daa253e5bbe 91e8c40c9d23464caac3c870ab782ec5 - - default default] 10.0.0.229 "GET /v2.0/security-groups/360a5ffc-41bb-430f-af1a-0a5bbfeb28c0/tags HTTP/1.1" status: 200 len: 245 time: 0.0383368
2026-04-10 11:09:21.862 10 INFO neutron.wsgi [None req-ae70b647-af46-4f7d-ae34-3d3dfae4f7f7 35a2e1616a524ddc81b85daa253e5bbe 91e8c40c9d23464caac3c870ab782ec5 - - default default] 10.0.0.229 "PUT /v2.0/security-groups/360a5ffc-41bb-430f-af1a-0a5bbfeb28c0/tags HTTP/1.1" status: 200 len: 230 time: 0.0628252
2026-04-10 11:09:21.911 10 INFO neutron.wsgi [None req-b59ad2b4-a114-47f5-9b1e-31b2801c394f 35a2e1616a524ddc81b85daa253e5bbe 91e8c40c9d23464caac3c870ab782ec5 - - default default] 10.0.0.229 "GET /v2.0/security-groups/360a5ffc-41bb-430f-af1a-0a5bbfeb28c0/tags HTTP/1.1" status: 200 len: 230 time: 0.0394287
2026-04-10 11:09:21.922 9 WARNING neutron.scheduler.dhcp_agent_scheduler [None req-dc4ce8db-fbf0-40d8-9912-2060f459ea80 8bab4d9024bd4780961c6c824c537424 1abc3b7f42a94782876dd84423d6340c - - default default] No more DHCP agents
2026-04-10 11:09:21.923 9 WARNING neutron.api.rpc.agentnotifiers.dhcp_rpc_agent_api [None req-dc4ce8db-fbf0-40d8-9912-2060f459ea80 8bab4d9024bd4780961c6c824c537424 1abc3b7f42a94782876dd84423d6340c - - default default] Unable to schedule network 1c6813f0-7e73-4af4-b113-134a9b4c5e7d: no agents available; will retry on subsequent port and subnet creation events.
2026-04-10 11:09:21.943 10 INFO neutron.wsgi [None req-bce48ed3-7394-41ce-9973-69d738bbf354 35a2e1616a524ddc81b85daa253e5bbe 91e8c40c9d23464caac3c870ab782ec5 - - default default] 10.0.0.229 "GET /v2.0/security-groups/360a5ffc-41bb-430f-af1a-0a5bbfeb28c0/tags/red HTTP/1.1" status: 204 len: 168 time: 0.0267832
2026-04-10 11:09:22.001 9 WARNING neutron.plugins.ml2.drivers.ovn.mech_driver.ovsdb.ovn_client [None req-77b34222-c866-4411-9cd8-061608bc8b6c - - - - - -] No hosting information found for port 1b6b74ca-e336-4473-8098-d4dbfdb1abed: RuntimeError: No hosting information found for port 1b6b74ca-e336-4473-8098-d4dbfdb1abed
2026-04-10 11:09:22.011 9 INFO neutron.api.v2.resource [None req-c109e951-ef8f-437c-b7f8-457ed332186c 35a2e1616a524ddc81b85daa253e5bbe 91e8c40c9d23464caac3c870ab782ec5 - - default default] show failed (client error): The resource could not be found.
2026-04-10 11:09:22.012 9 INFO neutron.wsgi [None req-c109e951-ef8f-437c-b7f8-457ed332186c 35a2e1616a524ddc81b85daa253e5bbe 91e8c40c9d23464caac3c870ab782ec5 - - default default] 10.0.0.229 "GET /v2.0/security-groups/360a5ffc-41bb-430f-af1a-0a5bbfeb28c0/tags/green HTTP/1.1" status: 404 len: 299 time: 0.0623286
2026-04-10 11:09:22.048 9 INFO neutron.db.ovn_revision_numbers_db [None req-dc4ce8db-fbf0-40d8-9912-2060f459ea80 8bab4d9024bd4780961c6c824c537424 1abc3b7f42a94782876dd84423d6340c - - default default] Successfully bumped revision number for resource cbf2fe25-1761-435b-94d9-004d8fc499ed (type: ports) to 1
2026-04-10 11:09:22.098 10 INFO neutron.wsgi [None req-b1919d4b-a427-447a-92b0-7d47d42d5f2f 35a2e1616a524ddc81b85daa253e5bbe 91e8c40c9d23464caac3c870ab782ec5 - - default default] 10.0.0.229 "DELETE /v2.0/security-groups/360a5ffc-41bb-430f-af1a-0a5bbfeb28c0/tags/red HTTP/1.1" status: 204 len: 168 time: 0.0745859
2026-04-10 11:09:22.100 10 WARNING neutron.scheduler.dhcp_agent_scheduler [None req-fa4c61b4-c006-48be-b130-086eb6342e47 3c54d671af804c5abf7f6e909a8dd0ef 7d27584540144364adbf518d4327f241 - - default default] No more DHCP agents
2026-04-10 11:09:22.102 10 WARNING neutron.api.rpc.agentnotifiers.dhcp_rpc_agent_api [None req-fa4c61b4-c006-48be-b130-086eb6342e47 3c54d671af804c5abf7f6e909a8dd0ef 7d27584540144364adbf518d4327f241 - - default default] Unable to schedule network 37706f09-e95f-4b5e-b9a0-e338fa1d8409: no agents available; will retry on subsequent port and subnet creation events.
2026-04-10 11:09:22.155 9 INFO neutron.wsgi [None req-15830937-247b-4daa-a8e7-634fc51895b0 35a2e1616a524ddc81b85daa253e5bbe 91e8c40c9d23464caac3c870ab782ec5 - - default default] 10.0.0.229 "GET /v2.0/security-groups/360a5ffc-41bb-430f-af1a-0a5bbfeb28c0/tags HTTP/1.1" status: 200 len: 223 time: 0.0510800
2026-04-10 11:09:22.196 10 INFO neutron.api.v2.resource [None req-408571b5-c007-441e-be72-c7e1730c0015 35a2e1616a524ddc81b85daa253e5bbe 91e8c40c9d23464caac3c870ab782ec5 - - default default] delete failed (client error): The resource could not be found.
2026-04-10 11:09:22.197 10 INFO neutron.wsgi [None req-408571b5-c007-441e-be72-c7e1730c0015 35a2e1616a524ddc81b85daa253e5bbe 91e8c40c9d23464caac3c870ab782ec5 - - default default] 10.0.0.229 "DELETE /v2.0/security-groups/360a5ffc-41bb-430f-af1a-0a5bbfeb28c0/tags/green HTTP/1.1" status: 404 len: 299 time: 0.0381126
2026-04-10 11:09:22.235 9 WARNING neutron.scheduler.dhcp_agent_scheduler [None req-dc4ce8db-fbf0-40d8-9912-2060f459ea80 8bab4d9024bd4780961c6c824c537424 1abc3b7f42a94782876dd84423d6340c - - default default] No more DHCP agents
2026-04-10 11:09:22.242 9 WARNING neutron.api.rpc.agentnotifiers.dhcp_rpc_agent_api [None req-dc4ce8db-fbf0-40d8-9912-2060f459ea80 8bab4d9024bd4780961c6c824c537424 1abc3b7f42a94782876dd84423d6340c - - default default] Unable to schedule network 1c6813f0-7e73-4af4-b113-134a9b4c5e7d: no agents available; will retry on subsequent port and subnet creation events.
2026-04-10 11:09:22.265 9 INFO neutron.wsgi [None req-f4c633d4-c17b-4b4f-aadf-597d4ce0133a 35a2e1616a524ddc81b85daa253e5bbe 91e8c40c9d23464caac3c870ab782ec5 - - default default] 10.0.0.229 "DELETE /v2.0/security-groups/360a5ffc-41bb-430f-af1a-0a5bbfeb28c0/tags HTTP/1.1" status: 204 len: 168 time: 0.0624988
2026-04-10 11:09:22.276 9 INFO neutron.db.ovn_revision_numbers_db [None req-dc4ce8db-fbf0-40d8-9912-2060f459ea80 8bab4d9024bd4780961c6c824c537424 1abc3b7f42a94782876dd84423d6340c - - default default] Successfully bumped revision number for resource 61e91fb1-f420-43cf-b4fe-8760616dc605 (type: subnets) to 0
2026-04-10 11:09:22.336 9 INFO neutron.wsgi [None req-1a5dd370-d706-4f6f-90ca-9a4d0079f3f8 35a2e1616a524ddc81b85daa253e5bbe 91e8c40c9d23464caac3c870ab782ec5 - - default default] 10.0.0.229 "GET /v2.0/security-groups/360a5ffc-41bb-430f-af1a-0a5bbfeb28c0/tags HTTP/1.1" status: 200 len: 205 time: 0.0652995
2026-04-10 11:09:22.460 10 INFO neutron.wsgi [None req-fa4c61b4-c006-48be-b130-086eb6342e47 3c54d671af804c5abf7f6e909a8dd0ef 7d27584540144364adbf518d4327f241 - - default default] 10.0.0.229 "POST /v2.0/floatingips HTTP/1.1" status: 201 len: 751 time: 0.6995685
