2026-04-10 11:07:39.342 10 INFO neutron.db.ovn_revision_numbers_db [None req-97a24b5f-8276-43a3-8bd3-95be8f25dd9e a304790ba8194752a146b2033d6d7794 2ba55315547740999bfc5a2567fd5682 - - default default] Successfully bumped revision number for resource 10b62672-345c-47d1-afad-ac5a9495dae9 (type: ports) to 1
2026-04-10 11:07:39.427 9 INFO neutron.db.ovn_revision_numbers_db [None req-616065ff-9645-438e-97b3-0a84b7898744 - - - - - -] Successfully bumped revision number for resource 7b3e1e2e-1fde-42eb-a962-b54299f1a23a (type: router_ports) to 3
2026-04-10 11:07:39.478 9 WARNING neutron.scheduler.dhcp_agent_scheduler [None req-d6f1f9ad-a3fc-4fc3-85cf-a821b880d6f3 7c5dbf43765c41d08eeaf80ec6daee9b 7d7439fc153f4dbba50fc9e8015e5df3 - - default default] No more DHCP agents
2026-04-10 11:07:39.482 9 WARNING neutron.api.rpc.agentnotifiers.dhcp_rpc_agent_api [None req-d6f1f9ad-a3fc-4fc3-85cf-a821b880d6f3 7c5dbf43765c41d08eeaf80ec6daee9b 7d7439fc153f4dbba50fc9e8015e5df3 - - default default] Unable to schedule network b2fc84d6-372a-43ce-a62f-238928a342f5: no agents available; will retry on subsequent port and subnet creation events.
2026-04-10 11:07:39.546 9 INFO neutron.db.ovn_revision_numbers_db [None req-d6f1f9ad-a3fc-4fc3-85cf-a821b880d6f3 7c5dbf43765c41d08eeaf80ec6daee9b 7d7439fc153f4dbba50fc9e8015e5df3 - - default default] Successfully bumped revision number for resource b944c6b7-7a31-4daa-8c12-b4455392c0e3 (type: subnets) to 0
2026-04-10 11:07:39.564 9 INFO neutron.wsgi [None req-d6f1f9ad-a3fc-4fc3-85cf-a821b880d6f3 7c5dbf43765c41d08eeaf80ec6daee9b 7d7439fc153f4dbba50fc9e8015e5df3 - - default default] 10.0.0.229 "POST /v2.0/subnets HTTP/1.1" status: 201 len: 848 time: 0.4696252
2026-04-10 11:07:39.576 9 WARNING neutron_lib.context [None req-65015067-daa8-4cb0-872e-473b93d9723a 7c5dbf43765c41d08eeaf80ec6daee9b 7d7439fc153f4dbba50fc9e8015e5df3 - - default default] Method 'is_advsvc' is deprecated since 2023.2 release (neutron-lib 3.8.0) and will be removed once support for the old RBAC API policies will be removed from Neutron. Please use method 'is_service_role' instead.
2026-04-10 11:07:39.690 10 INFO neutron.wsgi [None req-58e3acfd-9c3a-46e0-967a-d35c94811a83 6537f2540c034a35a1f4afce88746c64 ef7603988ddf435790456c14f013088a - - default default] 10.0.0.229 "DELETE /v2.0/ports/50ee8dba-c14c-4499-bcb7-cd3e27a4aecd HTTP/1.1" status: 204 len: 168 time: 0.3653011
2026-04-10 11:07:39.915 9 INFO neutron.db.segments_db [None req-65015067-daa8-4cb0-872e-473b93d9723a 7c5dbf43765c41d08eeaf80ec6daee9b 7d7439fc153f4dbba50fc9e8015e5df3 - - default default] Added segment 1332702a-b198-4542-af00-263554bff9f5 of type geneve for network 37918771-4925-4248-b0a2-0f8baa60c480
2026-04-10 11:07:39.916 9 INFO neutron.db.ovn_revision_numbers_db [None req-616065ff-9645-438e-97b3-0a84b7898744 - - - - - -] Successfully bumped revision number for resource 7b3e1e2e-1fde-42eb-a962-b54299f1a23a (type: ports) to 2
2026-04-10 11:07:40.093 9 INFO neutron.db.ovn_revision_numbers_db [None req-65015067-daa8-4cb0-872e-473b93d9723a 7c5dbf43765c41d08eeaf80ec6daee9b 7d7439fc153f4dbba50fc9e8015e5df3 - - default default] Successfully bumped revision number for resource 37918771-4925-4248-b0a2-0f8baa60c480 (type: networks) to 1
2026-04-10 11:07:40.118 10 ERROR ovsdbapp.backend.ovs_idl.command [None req-97a24b5f-8276-43a3-8bd3-95be8f25dd9e a304790ba8194752a146b2033d6d7794 2ba55315547740999bfc5a2567fd5682 - - default default] Error executing command (DbGetCommand): ovsdbapp.backend.ovs_idl.idlutils.RowNotFound: Cannot find Logical_Router_Port with name=lrp-10b62672-345c-47d1-afad-ac5a9495dae9
2026-04-10 11:07:40.118 10 ERROR ovsdbapp.backend.ovs_idl.command
Traceback (most recent call last):
2026-04-10 11:07:40.118 10 ERROR ovsdbapp.backend.ovs_idl.command
File "/var/lib/openstack/lib/python3.10/site-packages/ovsdbapp/backend/ovs_idl/command.py", line 47, in execute
2026-04-10 11:07:40.118 10 ERROR ovsdbapp.backend.ovs_idl.command self.run_idl(None)
2026-04-10 11:07:40.118 10 ERROR ovsdbapp.backend.ovs_idl.command
File "/var/lib/openstack/lib/python3.10/site-packages/ovsdbapp/backend/ovs_idl/command.py", line 235, in run_idl
2026-04-10 11:07:40.118 10 ERROR ovsdbapp.backend.ovs_idl.command record = self.api.lookup(self.table, self.record)
2026-04-10 11:07:40.118 10 ERROR ovsdbapp.backend.ovs_idl.command
File "/var/lib/openstack/lib/python3.10/site-packages/ovsdbapp/backend/ovs_idl/__init__.py", line 184, in lookup
2026-04-10 11:07:40.118 10 ERROR ovsdbapp.backend.ovs_idl.command return self._lookup(table, record)
2026-04-10 11:07:40.118 10 ERROR ovsdbapp.backend.ovs_idl.command
File "/var/lib/openstack/lib/python3.10/site-packages/ovsdbapp/backend/ovs_idl/__init__.py", line 235, in _lookup
2026-04-10 11:07:40.118 10 ERROR ovsdbapp.backend.ovs_idl.command row = idlutils.row_by_value(self, rl.table, rl.column, record)
2026-04-10 11:07:40.118 10 ERROR ovsdbapp.backend.ovs_idl.command
File "/var/lib/openstack/lib/python3.10/site-packages/ovsdbapp/backend/ovs_idl/idlutils.py", line 114, in row_by_value
2026-04-10 11:07:40.118 10 ERROR ovsdbapp.backend.ovs_idl.command raise RowNotFound(table=table, col=column, match=match)
2026-04-10 11:07:40.118 10 ERROR ovsdbapp.backend.ovs_idl.command ovsdbapp.backend.ovs_idl.idlutils.RowNotFound: Cannot find Logical_Router_Port with name=lrp-10b62672-345c-47d1-afad-ac5a9495dae9
2026-04-10 11:07:40.118 10 ERROR ovsdbapp.backend.ovs_idl.command 
2026-04-10 11:07:40.118 10 ERROR neutron_lib.callbacks.manager [None req-97a24b5f-8276-43a3-8bd3-95be8f25dd9e a304790ba8194752a146b2033d6d7794 2ba55315547740999bfc5a2567fd5682 - - default default] Error during notification for neutron.services.ovn_l3.plugin.OVNL3RouterPlugin._port_update-8743294587631 port, after_update: ovsdbapp.backend.ovs_idl.idlutils.RowNotFound: Cannot find Logical_Router_Port with name=lrp-10b62672-345c-47d1-afad-ac5a9495dae9
2026-04-10 11:07:40.118 10 ERROR neutron_lib.callbacks.manager
Traceback (most recent call last):
2026-04-10 11:07:40.118 10 ERROR neutron_lib.callbacks.manager
File "/var/lib/openstack/lib/python3.10/site-packages/neutron_lib/callbacks/manager.py", line 189, in _notify_loop
2026-04-10 11:07:40.118 10 ERROR neutron_lib.callbacks.manager callback.method(resource, event, trigger, payload=payload)
2026-04-10 11:07:40.118 10 ERROR neutron_lib.callbacks.manager
File "/var/lib/openstack/lib/python3.10/site-packages/neutron/services/ovn_l3/plugin.py", line 391, in _port_update
2026-04-10 11:07:40.118 10 ERROR neutron_lib.callbacks.manager l3plugin._ovn_client.update_router_port(context,
2026-04-10 11:07:40.118 10 ERROR neutron_lib.callbacks.manager
File "/var/lib/openstack/lib/python3.10/site-packages/neutron/plugins/ml2/drivers/ovn/mech_driver/ovsdb/ovn_client.py", line 1878, in update_router_port
2026-04-10 11:07:40.118 10 ERROR neutron_lib.callbacks.manager self._update_lrouter_port(context, port, if_exists=if_exists,
2026-04-10 11:07:40.118 10 ERROR neutron_lib.callbacks.manager
File "/var/lib/openstack/lib/python3.10/site-packages/neutron/plugins/ml2/drivers/ovn/mech_driver/ovsdb/ovn_client.py", line 1855, in _update_lrouter_port
2026-04-10 11:07:40.118 10 ERROR neutron_lib.callbacks.manager external_ids = self._nb_idl.db_get(
2026-04-10 11:07:40.118 10 ERROR neutron_lib.callbacks.manager
File "/var/lib/openstack/lib/python3.10/site-packages/ovsdbapp/backend/ovs_idl/command.py", line 47, in execute
2026-04-10 11:07:40.118 10 ERROR neutron_lib.callbacks.manager self.run_idl(None)
2026-04-10 11:07:40.118 10 ERROR neutron_lib.callbacks.manager
File "/var/lib/openstack/lib/python3.10/site-packages/ovsdbapp/backend/ovs_idl/command.py", line 235, in run_idl
2026-04-10 11:07:40.118 10 ERROR neutron_lib.callbacks.manager record = self.api.lookup(self.table, self.record)
2026-04-10 11:07:40.118 10 ERROR neutron_lib.callbacks.manager
File "/var/lib/openstack/lib/python3.10/site-packages/ovsdbapp/backend/ovs_idl/__init__.py", line 184, in lookup
2026-04-10 11:07:40.118 10 ERROR neutron_lib.callbacks.manager return self._lookup(table, record)
2026-04-10 11:07:40.118 10 ERROR neutron_lib.callbacks.manager
File "/var/lib/openstack/lib/python3.10/site-packages/ovsdbapp/backend/ovs_idl/__init__.py", line 235, in _lookup
2026-04-10 11:07:40.118 10 ERROR neutron_lib.callbacks.manager row = idlutils.row_by_value(self, rl.table, rl.column, record)
2026-04-10 11:07:40.118 10 ERROR neutron_lib.callbacks.manager
File "/var/lib/openstack/lib/python3.10/site-packages/ovsdbapp/backend/ovs_idl/idlutils.py", line 114, in row_by_value
2026-04-10 11:07:40.118 10 ERROR neutron_lib.callbacks.manager raise RowNotFound(table=table, col=column, match=match)
2026-04-10 11:07:40.118 10 ERROR neutron_lib.callbacks.manager ovsdbapp.backend.ovs_idl.idlutils.RowNotFound: Cannot find Logical_Router_Port with name=lrp-10b62672-345c-47d1-afad-ac5a9495dae9
2026-04-10 11:07:40.118 10 ERROR neutron_lib.callbacks.manager 
2026-04-10 11:07:40.234 10 INFO neutron.services.segments.plugin [-] Segment 803bb52b-ab99-4cfd-bfec-3368adfa7ac2 resource provider aggregate not found
2026-04-10 11:07:40.237 10 INFO neutron.services.segments.plugin [-] Segment 803bb52b-ab99-4cfd-bfec-3368adfa7ac2 resource provider aggregate not found
2026-04-10 11:07:40.254 10 INFO neutron.services.segments.plugin [-] Segment 803bb52b-ab99-4cfd-bfec-3368adfa7ac2 resource provider not found; error: Placement Client Error (4xx): {"errors": [{"status": 404, "title": "Not Found", "detail": "The resource could not be found.\n\n No resource provider with uuid 803bb52b-ab99-4cfd-bfec-3368adfa7ac2 found for delete ", "request_id": "req-78603932-4e9a-4303-9c01-21067476aaca"}]}
2026-04-10 11:07:40.257 10 INFO neutron.services.segments.plugin [-] Segment 803bb52b-ab99-4cfd-bfec-3368adfa7ac2 resource provider not found; error: Placement Client Error (4xx): {"errors": [{"status": 404, "title": "Not Found", "detail": "The resource could not be found.\n\n No resource provider with uuid 803bb52b-ab99-4cfd-bfec-3368adfa7ac2 found for delete ", "request_id": "req-e143061a-cfd0-4233-95fd-2056ea535c6b"}]}
2026-04-10 11:07:40.286 10 INFO neutron.wsgi [None req-1d8c4b27-7fc6-4947-807c-2c523db6c5ee 6537f2540c034a35a1f4afce88746c64 ef7603988ddf435790456c14f013088a - - default default] 10.0.0.229 "DELETE /v2.0/networks/257daf23-50f4-47c9-b6d7-56e68eaecc2f HTTP/1.1" status: 204 len: 168 time: 0.5900214
2026-04-10 11:07:40.323 9 WARNING neutron.scheduler.dhcp_agent_scheduler [None req-65015067-daa8-4cb0-872e-473b93d9723a 7c5dbf43765c41d08eeaf80ec6daee9b 7d7439fc153f4dbba50fc9e8015e5df3 - - default default] No more DHCP agents
2026-04-10 11:07:40.340 9 WARNING neutron.api.rpc.agentnotifiers.dhcp_rpc_agent_api [None req-65015067-daa8-4cb0-872e-473b93d9723a 7c5dbf43765c41d08eeaf80ec6daee9b 7d7439fc153f4dbba50fc9e8015e5df3 - - default default] Unable to schedule network 37918771-4925-4248-b0a2-0f8baa60c480: no agents available; will retry on subsequent port and subnet creation events.
2026-04-10 11:07:40.404 10 INFO neutron.db.ovn_revision_numbers_db [None req-97a24b5f-8276-43a3-8bd3-95be8f25dd9e a304790ba8194752a146b2033d6d7794 2ba55315547740999bfc5a2567fd5682 - - default default] Successfully bumped revision number for resource 10b62672-345c-47d1-afad-ac5a9495dae9 (type: ports) to 1
2026-04-10 11:07:40.440 9 INFO neutron.db.ovn_revision_numbers_db [None req-616065ff-9645-438e-97b3-0a84b7898744 - - - - - -] Successfully bumped revision number for resource 7b3e1e2e-1fde-42eb-a962-b54299f1a23a (type: ports) to 4
2026-04-10 11:07:40.454 9 INFO neutron.db.ovn_revision_numbers_db [None req-65015067-daa8-4cb0-872e-473b93d9723a 7c5dbf43765c41d08eeaf80ec6daee9b 7d7439fc153f4dbba50fc9e8015e5df3 - - default default] Successfully bumped revision number for resource 7ec49159-9110-4808-899e-a1c776f68326 (type: ports) to 1
2026-04-10 11:07:40.465 10 WARNING neutron.scheduler.dhcp_agent_scheduler [None req-97a24b5f-8276-43a3-8bd3-95be8f25dd9e a304790ba8194752a146b2033d6d7794 2ba55315547740999bfc5a2567fd5682 - - default default] No more DHCP agents
2026-04-10 11:07:40.466 10 WARNING neutron.api.rpc.agentnotifiers.dhcp_rpc_agent_api [None req-97a24b5f-8276-43a3-8bd3-95be8f25dd9e a304790ba8194752a146b2033d6d7794 2ba55315547740999bfc5a2567fd5682 - - default default] Unable to schedule network 01fec208-e16e-4667-99b8-fd2b057a692e: no agents available; will retry on subsequent port and subnet creation events.
2026-04-10 11:07:40.499 9 INFO neutron.wsgi [None req-65015067-daa8-4cb0-872e-473b93d9723a 7c5dbf43765c41d08eeaf80ec6daee9b 7d7439fc153f4dbba50fc9e8015e5df3 - - default default] 10.0.0.229 "POST /v2.0/networks HTTP/1.1" status: 201 len: 846 time: 0.9279745
2026-04-10 11:07:40.731 9 INFO neutron.db.ovn_revision_numbers_db [None req-616065ff-9645-438e-97b3-0a84b7898744 - - - - - -] Successfully bumped revision number for resource 7b3e1e2e-1fde-42eb-a962-b54299f1a23a (type: router_ports) to 4
2026-04-10 11:07:40.783 10 INFO neutron.db.ovn_revision_numbers_db [None req-99465b90-a32a-405e-926d-1d057a41a684 7c5dbf43765c41d08eeaf80ec6daee9b 7d7439fc153f4dbba50fc9e8015e5df3 - - default default] Successfully bumped revision number for resource 37918771-4925-4248-b0a2-0f8baa60c480 (type: networks) to 2
2026-04-10 11:07:40.789 10 INFO neutron.wsgi [None req-99465b90-a32a-405e-926d-1d057a41a684 7c5dbf43765c41d08eeaf80ec6daee9b 7d7439fc153f4dbba50fc9e8015e5df3 - - default default] 10.0.0.229 "PUT /v2.0/networks/37918771-4925-4248-b0a2-0f8baa60c480 HTTP/1.1" status: 200 len: 792 time: 0.2829497
2026-04-10 11:07:40.799 10 WARNING neutron_lib.context [None req-1043d738-da8f-48b6-9d1f-31ef64c6d4f3 7c5dbf43765c41d08eeaf80ec6daee9b 7d7439fc153f4dbba50fc9e8015e5df3 - - default default] Method 'is_advsvc' is deprecated since 2023.2 release (neutron-lib 3.8.0) and will be removed once support for the old RBAC API policies will be removed from Neutron. Please use method 'is_service_role' instead.
2026-04-10 11:07:41.003 9 INFO neutron.plugins.ml2.drivers.ovn.mech_driver.mech_driver [None req-77b34222-c866-4411-9cd8-061608bc8b6c - - - - - -] OVN reports status down for port: e2a667fd-f493-44d3-b668-32b896ecbc3c
2026-04-10 11:07:41.015 9 INFO neutron.plugins.ml2.drivers.ovn.mech_driver.mech_driver [None req-77b34222-c866-4411-9cd8-061608bc8b6c - - - - - -] OVN reports status up for port: 10b62672-345c-47d1-afad-ac5a9495dae9
2026-04-10 11:07:41.021 9 INFO neutron.plugins.ml2.plugin [None req-77b34222-c866-4411-9cd8-061608bc8b6c - - - - - -] Attempt 1 to provision port 10b62672-345c-47d1-afad-ac5a9495dae9
2026-04-10 11:07:41.095 9 INFO neutron.wsgi [None req-e3e5bd46-7a0a-483d-9c7b-559d7282fb29 a304790ba8194752a146b2033d6d7794 2ba55315547740999bfc5a2567fd5682 - - default default] 10.0.0.229 "GET /v2.0/security-groups?tenant_id=ef7603988ddf435790456c14f013088a&name=default HTTP/1.1" status: 200 len: 3120 time: 0.2492847
2026-04-10 11:07:41.154 10 WARNING neutron.scheduler.dhcp_agent_scheduler [None req-1043d738-da8f-48b6-9d1f-31ef64c6d4f3 7c5dbf43765c41d08eeaf80ec6daee9b 7d7439fc153f4dbba50fc9e8015e5df3 - - default default] No more DHCP agents
2026-04-10 11:07:41.158 10 WARNING neutron.api.rpc.agentnotifiers.dhcp_rpc_agent_api [None req-1043d738-da8f-48b6-9d1f-31ef64c6d4f3 7c5dbf43765c41d08eeaf80ec6daee9b 7d7439fc153f4dbba50fc9e8015e5df3 - - default default] Unable to schedule network 37918771-4925-4248-b0a2-0f8baa60c480: no agents available; will retry on subsequent port and subnet creation events.
2026-04-10 11:07:41.227 10 INFO neutron.db.ovn_revision_numbers_db [None req-1043d738-da8f-48b6-9d1f-31ef64c6d4f3 7c5dbf43765c41d08eeaf80ec6daee9b 7d7439fc153f4dbba50fc9e8015e5df3 - - default default] Successfully bumped revision number for resource a86e3ce3-3ae3-45ae-a40f-c375e72d31ba (type: subnets) to 0
2026-04-10 11:07:41.252 10 INFO neutron.wsgi [None req-1043d738-da8f-48b6-9d1f-31ef64c6d4f3 7c5dbf43765c41d08eeaf80ec6daee9b 7d7439fc153f4dbba50fc9e8015e5df3 - - default default] 10.0.0.229 "POST /v2.0/subnets HTTP/1.1" status: 201 len: 821 time: 0.4588468
2026-04-10 11:07:41.352 10 INFO neutron.db.ovn_revision_numbers_db [None req-97a24b5f-8276-43a3-8bd3-95be8f25dd9e a304790ba8194752a146b2033d6d7794 2ba55315547740999bfc5a2567fd5682 - - default default] Successfully bumped revision number for resource 10b62672-345c-47d1-afad-ac5a9495dae9 (type: router_ports) to 1
2026-04-10 11:07:41.360 10 INFO neutron.wsgi [None req-97a24b5f-8276-43a3-8bd3-95be8f25dd9e a304790ba8194752a146b2033d6d7794 2ba55315547740999bfc5a2567fd5682 - - default default] 10.0.0.229 "PUT /v2.0/routers/13149091-ca55-4697-a6bf-00dfe206df30/add_router_interface HTTP/1.1" status: 200 len: 503 time: 3.5553958
2026-04-10 11:07:41.464 9 INFO neutron.db.ovn_revision_numbers_db [None req-77b34222-c866-4411-9cd8-061608bc8b6c - - - - - -] Successfully bumped revision number for resource 10b62672-345c-47d1-afad-ac5a9495dae9 (type: ports) to 2
2026-04-10 11:07:41.481 10 INFO neutron.wsgi [None req-5d7d1bde-1f1e-478f-ab6e-af2078e3c6a6 a304790ba8194752a146b2033d6d7794 2ba55315547740999bfc5a2567fd5682 - - default default] 10.0.0.229 "DELETE /v2.0/security-groups/352af21e-f5dc-4253-98a7-fb38cb5aaf9e HTTP/1.1" status: 204 len: 168 time: 0.3806860
2026-04-10 11:07:41.630 9 INFO neutron.db.ovn_revision_numbers_db [None req-77b34222-c866-4411-9cd8-061608bc8b6c - - - - - -] Successfully bumped revision number for resource 10b62672-345c-47d1-afad-ac5a9495dae9 (type: router_ports) to 2
2026-04-10 11:07:42.110 9 WARNING neutron_lib.context [None req-3cd0829d-8bf5-46ee-aae1-a9eea62d808a b6186ea8086a4eb0bfb4b6fac9f3fb42 dd72590752c041bd9b82a173baf98ec4 - - default default] Method 'is_advsvc' is deprecated since 2023.2 release (neutron-lib 3.8.0) and will be removed once support for the old RBAC API policies will be removed from Neutron. Please use method 'is_service_role' instead.
2026-04-10 11:07:42.236 9 INFO neutron.db.ovn_revision_numbers_db [None req-3cd0829d-8bf5-46ee-aae1-a9eea62d808a b6186ea8086a4eb0bfb4b6fac9f3fb42 dd72590752c041bd9b82a173baf98ec4 - - default default] Successfully bumped revision number for resource f2f785a2-bcbf-4b1d-ab1a-865a962aa4dd (type: security_groups) to 1
2026-04-10 11:07:42.252 9 INFO neutron.db.ovn_revision_numbers_db [None req-3cd0829d-8bf5-46ee-aae1-a9eea62d808a b6186ea8086a4eb0bfb4b6fac9f3fb42 dd72590752c041bd9b82a173baf98ec4 - - default default] Successfully bumped revision number for resource 5d294f03-ea05-44f5-a2b4-ed52e036689a (type: security_group_rules) to 0
2026-04-10 11:07:42.266 9 INFO neutron.db.ovn_revision_numbers_db [None req-3cd0829d-8bf5-46ee-aae1-a9eea62d808a b6186ea8086a4eb0bfb4b6fac9f3fb42 dd72590752c041bd9b82a173baf98ec4 - - default default] Successfully bumped revision number for resource 7867a0cc-c792-451e-b42e-a77148de0873 (type: security_group_rules) to 0
2026-04-10 11:07:42.276 10 INFO neutron.db.ovn_revision_numbers_db [None req-8963d9a6-2946-4534-af41-3337bbff4dfd 7c5dbf43765c41d08eeaf80ec6daee9b 7d7439fc153f4dbba50fc9e8015e5df3 - - default default] Successfully bumped revision number for resource 7ec49159-9110-4808-899e-a1c776f68326 (type: ports) to 2
2026-04-10 11:07:42.290 9 INFO neutron.wsgi [None req-3cd0829d-8bf5-46ee-aae1-a9eea62d808a b6186ea8086a4eb0bfb4b6fac9f3fb42 dd72590752c041bd9b82a173baf98ec4 - - default default] 10.0.0.229 "POST /v2.0/security-groups HTTP/1.1" status: 201 len: 1875 time: 0.1865766
2026-04-10 11:07:42.299 9 WARNING neutron_lib.context [None req-f8fad77a-e9f4-408d-9abd-5add4a51901d b6186ea8086a4eb0bfb4b6fac9f3fb42 dd72590752c041bd9b82a173baf98ec4 - - default default] Method 'is_advsvc' is deprecated since 2023.2 release (neutron-lib 3.8.0) and will be removed once support for the old RBAC API policies will be removed from Neutron. Please use method 'is_service_role' instead.
2026-04-10 11:07:42.318 10 INFO neutron.db.ovn_revision_numbers_db [None req-8963d9a6-2946-4534-af41-3337bbff4dfd 7c5dbf43765c41d08eeaf80ec6daee9b 7d7439fc153f4dbba50fc9e8015e5df3 - - default default] Successfully bumped revision number for resource a86e3ce3-3ae3-45ae-a40f-c375e72d31ba (type: subnets) to 1
2026-04-10 11:07:42.322 10 INFO neutron.wsgi [None req-8963d9a6-2946-4534-af41-3337bbff4dfd 7c5dbf43765c41d08eeaf80ec6daee9b 7d7439fc153f4dbba50fc9e8015e5df3 - - default default] 10.0.0.229 "PUT /v2.0/subnets/a86e3ce3-3ae3-45ae-a40f-c375e72d31ba HTTP/1.1" status: 200 len: 826 time: 1.0613368
2026-04-10 11:07:42.479 9 INFO neutron.db.ovn_revision_numbers_db [None req-f8fad77a-e9f4-408d-9abd-5add4a51901d b6186ea8086a4eb0bfb4b6fac9f3fb42 dd72590752c041bd9b82a173baf98ec4 - - default default] Successfully bumped revision number for resource ef94e6f8-1b25-45b2-836e-1dae7f2a2617 (type: security_group_rules) to 0
2026-04-10 11:07:42.505 9 INFO neutron.wsgi [None req-f8fad77a-e9f4-408d-9abd-5add4a51901d b6186ea8086a4eb0bfb4b6fac9f3fb42 dd72590752c041bd9b82a173baf98ec4 - - default default] 10.0.0.229 "POST /v2.0/security-group-rules HTTP/1.1" status: 201 len: 796 time: 0.2097826
2026-04-10 11:07:42.515 9 WARNING neutron_lib.context [None req-fb6b6c47-eb04-4c86-8412-c04adcff859c b6186ea8086a4eb0bfb4b6fac9f3fb42 dd72590752c041bd9b82a173baf98ec4 - - default default] Method 'is_advsvc' is deprecated since 2023.2 release (neutron-lib 3.8.0) and will be removed once support for the old RBAC API policies will be removed from Neutron. Please use method 'is_service_role' instead.
2026-04-10 11:07:42.644 9 INFO neutron.db.ovn_revision_numbers_db [None req-fb6b6c47-eb04-4c86-8412-c04adcff859c b6186ea8086a4eb0bfb4b6fac9f3fb42 dd72590752c041bd9b82a173baf98ec4 - - default default] Successfully bumped revision number for resource 4ec51b01-23b5-4a1f-bb56-702aaf106047 (type: security_group_rules) to 0
2026-04-10 11:07:42.668 9 INFO neutron.wsgi [None req-fb6b6c47-eb04-4c86-8412-c04adcff859c b6186ea8086a4eb0bfb4b6fac9f3fb42 dd72590752c041bd9b82a173baf98ec4 - - default default] 10.0.0.229 "POST /v2.0/security-group-rules HTTP/1.1" status: 201 len: 795 time: 0.1586061
2026-04-10 11:07:42.680 9 WARNING neutron_lib.context [None req-2a439479-06bb-40c6-87c4-b84793eff678 b6186ea8086a4eb0bfb4b6fac9f3fb42 dd72590752c041bd9b82a173baf98ec4 - - default default] Method 'is_advsvc' is deprecated since 2023.2 release (neutron-lib 3.8.0) and will be removed once support for the old RBAC API policies will be removed from Neutron. Please use method 'is_service_role' instead.
2026-04-10 11:07:42.809 9 INFO neutron.db.ovn_revision_numbers_db [None req-2a439479-06bb-40c6-87c4-b84793eff678 b6186ea8086a4eb0bfb4b6fac9f3fb42 dd72590752c041bd9b82a173baf98ec4 - - default default] Successfully bumped revision number for resource cb5b3220-0494-40c4-9a66-597915703ab9 (type: security_group_rules) to 0
2026-04-10 11:07:42.847 9 INFO neutron.wsgi [None req-2a439479-06bb-40c6-87c4-b84793eff678 b6186ea8086a4eb0bfb4b6fac9f3fb42 dd72590752c041bd9b82a173baf98ec4 - - default default] 10.0.0.229 "POST /v2.0/security-group-rules HTTP/1.1" status: 201 len: 801 time: 0.1715910
2026-04-10 11:07:42.851 10 INFO neutron.services.segments.plugin [-] Segment 1332702a-b198-4542-af00-263554bff9f5 resource provider aggregate not found
2026-04-10 11:07:42.854 9 WARNING neutron_lib.context [None req-c3a65c27-0303-461c-9289-3c3208d258fb b6186ea8086a4eb0bfb4b6fac9f3fb42 dd72590752c041bd9b82a173baf98ec4 - - default default] Method 'is_advsvc' is deprecated since 2023.2 release (neutron-lib 3.8.0) and will be removed once support for the old RBAC API policies will be removed from Neutron. Please use method 'is_service_role' instead.
2026-04-10 11:07:42.855 10 INFO neutron.services.segments.plugin [-] Segment 1332702a-b198-4542-af00-263554bff9f5 resource provider aggregate not found
2026-04-10 11:07:42.873 10 INFO neutron.services.segments.plugin [-] Segment 1332702a-b198-4542-af00-263554bff9f5 resource provider not found; error: Placement Client Error (4xx): {"errors": [{"status": 404, "title": "Not Found", "detail": "The resource could not be found.\n\n No resource provider with uuid 1332702a-b198-4542-af00-263554bff9f5 found for delete ", "request_id": "req-ee868404-9225-4129-ad0b-7487f118ff9f"}]}
2026-04-10 11:07:42.874 10 INFO neutron.services.segments.plugin [-] Segment 1332702a-b198-4542-af00-263554bff9f5 resource provider not found; error: Placement Client Error (4xx): {"errors": [{"status": 404, "title": "Not Found", "detail": "The resource could not be found.\n\n No resource provider with uuid 1332702a-b198-4542-af00-263554bff9f5 found for delete ", "request_id": "req-9f70f53e-1775-4668-acc7-a369cae0beb5"}]}
2026-04-10 11:07:42.896 10 INFO neutron.wsgi [None req-c01a0e15-0f50-4b18-a17c-859436e34a2b 7c5dbf43765c41d08eeaf80ec6daee9b 7d7439fc153f4dbba50fc9e8015e5df3 - - default default] 10.0.0.229 "DELETE /v2.0/networks/37918771-4925-4248-b0a2-0f8baa60c480 HTTP/1.1" status: 204 len: 168 time: 0.5683033
2026-04-10 11:07:42.922 9 INFO neutron.pecan_wsgi.hooks.translation [None req-38186ee5-6d31-4ea2-8cbb-96fdb7fc3e5d 7c5dbf43765c41d08eeaf80ec6daee9b 7d7439fc153f4dbba50fc9e8015e5df3 - - default default] DELETE failed (client error): The resource could not be found.
2026-04-10 11:07:42.925 9 INFO neutron.wsgi [None req-38186ee5-6d31-4ea2-8cbb-96fdb7fc3e5d 7c5dbf43765c41d08eeaf80ec6daee9b 7d7439fc153f4dbba50fc9e8015e5df3 - - default default] 10.0.0.229 "DELETE /v2.0/networks/37918771-4925-4248-b0a2-0f8baa60c480 HTTP/1.1" status: 404 len: 339 time: 0.0150323
2026-04-10 11:07:43.029 9 INFO neutron.wsgi [None req-df3129ed-6e79-4cf6-9da9-b7146a7d5323 7c5dbf43765c41d08eeaf80ec6daee9b 7d7439fc153f4dbba50fc9e8015e5df3 - - default default] 10.0.0.229 "GET /v2.0/networks?router%3Aexternal=True HTTP/1.1" status: 200 len: 845 time: 0.0984397
2026-04-10 11:07:43.074 9 INFO neutron.db.ovn_revision_numbers_db [None req-c3a65c27-0303-461c-9289-3c3208d258fb b6186ea8086a4eb0bfb4b6fac9f3fb42 dd72590752c041bd9b82a173baf98ec4 - - default default] Successfully bumped revision number for resource 5cda56d9-b4fd-40c1-8c21-b5f100f935fb (type: security_group_rules) to 0
2026-04-10 11:07:43.088 10 INFO neutron.wsgi [None req-dbb28bf3-5004-4fb4-a503-66b49a9cde42 7c5dbf43765c41d08eeaf80ec6daee9b 7d7439fc153f4dbba50fc9e8015e5df3 - - default default] 10.0.0.229 "GET /v2.0/subnets?network_id=37706f09-e95f-4b5e-b9a0-e338fa1d8409 HTTP/1.1" status: 200 len: 820 time: 0.0537863
2026-04-10 11:07:43.103 10 INFO neutron.wsgi [None req-4e1cc1ce-fe9e-4bcc-96fd-66b59c8a74e9 7c5dbf43765c41d08eeaf80ec6daee9b 7d7439fc153f4dbba50fc9e8015e5df3 - - default default] 10.0.0.229 "GET /v2.0/extensions HTTP/1.1" status: 200 len: 18678 time: 0.0108345
2026-04-10 11:07:43.107 9 INFO neutron.wsgi [None req-c3a65c27-0303-461c-9289-3c3208d258fb b6186ea8086a4eb0bfb4b6fac9f3fb42 dd72590752c041bd9b82a173baf98ec4 - - default default] 10.0.0.229 "POST /v2.0/security-group-rules HTTP/1.1" status: 201 len: 800 time: 0.2564178
2026-04-10 11:07:43.117 10 WARNING neutron_lib.context [None req-da7e358e-30eb-45a5-b78b-f3f3f4927fe0 b6186ea8086a4eb0bfb4b6fac9f3fb42 dd72590752c041bd9b82a173baf98ec4 - - default default] Method 'is_advsvc' is deprecated since 2023.2 release (neutron-lib 3.8.0) and will be removed once support for the old RBAC API policies will be removed from Neutron. Please use method 'is_service_role' instead.
2026-04-10 11:07:43.168 10 INFO neutron.db.securitygroups_db [None req-da7e358e-30eb-45a5-b78b-f3f3f4927fe0 b6186ea8086a4eb0bfb4b6fac9f3fb42 dd72590752c041bd9b82a173baf98ec4 - - default default] Project dd72590752c041bd9b82a173baf98ec4 added a security group rule with legacy IPv6 ICMP protocol name icmp, ipv6-icmp should be used instead. It was automatically converted.
2026-04-10 11:07:43.324 10 INFO neutron.db.ovn_revision_numbers_db [None req-da7e358e-30eb-45a5-b78b-f3f3f4927fe0 b6186ea8086a4eb0bfb4b6fac9f3fb42 dd72590752c041bd9b82a173baf98ec4 - - default default] Successfully bumped revision number for resource 33cbf51b-3d07-4206-a134-3d570f959ce5 (type: security_group_rules) to 0
2026-04-10 11:07:43.358 10 INFO neutron.wsgi [None req-da7e358e-30eb-45a5-b78b-f3f3f4927fe0 b6186ea8086a4eb0bfb4b6fac9f3fb42 dd72590752c041bd9b82a173baf98ec4 - - default default] 10.0.0.229 "POST /v2.0/security-group-rules HTTP/1.1" status: 201 len: 806 time: 0.2457707
2026-04-10 11:07:43.370 10 WARNING neutron_lib.context [None req-f6a19da8-18e8-451d-be55-06995c0b22cc b6186ea8086a4eb0bfb4b6fac9f3fb42 dd72590752c041bd9b82a173baf98ec4 - - default default] Method 'is_advsvc' is deprecated since 2023.2 release (neutron-lib 3.8.0) and will be removed once support for the old RBAC API policies will be removed from Neutron. Please use method 'is_service_role' instead.
2026-04-10 11:07:43.413 10 INFO neutron.db.securitygroups_db [None req-f6a19da8-18e8-451d-be55-06995c0b22cc b6186ea8086a4eb0bfb4b6fac9f3fb42 dd72590752c041bd9b82a173baf98ec4 - - default default] Project dd72590752c041bd9b82a173baf98ec4 added a security group rule with legacy IPv6 ICMP protocol name icmp, ipv6-icmp should be used instead. It was automatically converted.
2026-04-10 11:07:43.457 9 INFO neutron.wsgi [None req-b6af845f-1829-47f6-a15e-4f3c83ddda3b 7c5dbf43765c41d08eeaf80ec6daee9b 7d7439fc153f4dbba50fc9e8015e5df3 - - default default] 10.0.0.229 "GET /v2.0/networks HTTP/1.1" status: 200 len: 1508 time: 0.3468630
2026-04-10 11:07:43.475 10 WARNING neutron_lib.context [None req-bb6a9e13-9a7a-41ed-9be0-825a8429f1c4 94d03236f6e04eb88306d4aeaac5df5d 637a451b9e3e46e099a014a50340657a - - default default] Method 'is_advsvc' is deprecated since 2023.2 release (neutron-lib 3.8.0) and will be removed once support for the old RBAC API policies will be removed from Neutron. Please use method 'is_service_role' instead.
2026-04-10 11:07:43.504 9 INFO neutron.wsgi [None req-def21d09-dbe5-47c0-bd64-b3c6d65e183c 7c5dbf43765c41d08eeaf80ec6daee9b 7d7439fc153f4dbba50fc9e8015e5df3 - - default default] 10.0.0.229 "GET /v2.0/subnets HTTP/1.1" status: 200 len: 1460 time: 0.0396433
2026-04-10 11:07:43.557 10 INFO neutron.db.ovn_revision_numbers_db [None req-f6a19da8-18e8-451d-be55-06995c0b22cc b6186ea8086a4eb0bfb4b6fac9f3fb42 dd72590752c041bd9b82a173baf98ec4 - - default default] Successfully bumped revision number for resource c4d221b8-8f77-46a6-8340-060b296c5d6a (type: security_group_rules) to 0
2026-04-10 11:07:43.588 9 INFO neutron.wsgi [None req-dc77b358-8ff0-4428-998a-5cfaefe3f976 7c5dbf43765c41d08eeaf80ec6daee9b 7d7439fc153f4dbba50fc9e8015e5df3 - - default default] 10.0.0.229 "GET /v2.0/networks/b2fc84d6-372a-43ce-a62f-238928a342f5 HTTP/1.1" status: 200 len: 867 time: 0.0767910
2026-04-10 11:07:43.607 10 INFO neutron.wsgi [None req-f6a19da8-18e8-451d-be55-06995c0b22cc b6186ea8086a4eb0bfb4b6fac9f3fb42 dd72590752c041bd9b82a173baf98ec4 - - default default] 10.0.0.229 "POST /v2.0/security-group-rules HTTP/1.1" status: 201 len: 805 time: 0.2433929
2026-04-10 11:07:43.642 9 INFO neutron.wsgi [None req-3eb031fe-691e-4dd0-9506-911a33de95c1 7c5dbf43765c41d08eeaf80ec6daee9b 7d7439fc153f4dbba50fc9e8015e5df3 - - default default] 10.0.0.229 "GET /v2.0/subnets/b944c6b7-7a31-4daa-8c12-b4455392c0e3 HTTP/1.1" status: 200 len: 843 time: 0.0460334
2026-04-10 11:07:43.669 9 INFO neutron.pecan_wsgi.hooks.translation [None req-5b46ad00-585b-4999-95cd-481f5879d682 7c5dbf43765c41d08eeaf80ec6daee9b 7d7439fc153f4dbba50fc9e8015e5df3 - - default default] DELETE failed (client error): The resource could not be found.
2026-04-10 11:07:43.672 9 INFO neutron.wsgi [None req-5b46ad00-585b-4999-95cd-481f5879d682 7c5dbf43765c41d08eeaf80ec6daee9b 7d7439fc153f4dbba50fc9e8015e5df3 - - default default] 10.0.0.229 "DELETE /v2.0/subnets/a86e3ce3-3ae3-45ae-a40f-c375e72d31ba HTTP/1.1" status: 404 len: 337 time: 0.0208011
2026-04-10 11:07:43.686 10 INFO neutron.db.ovn_revision_numbers_db [None req-bb6a9e13-9a7a-41ed-9be0-825a8429f1c4 94d03236f6e04eb88306d4aeaac5df5d 637a451b9e3e46e099a014a50340657a - - default default] Successfully bumped revision number for resource e234c274-8356-4821-88ee-6b36d4272cec (type: security_groups) to 1
2026-04-10 11:07:43.687 9 INFO neutron.pecan_wsgi.hooks.translation [None req-bcab3835-3164-4e45-98ab-bd317ee8f0a0 7c5dbf43765c41d08eeaf80ec6daee9b 7d7439fc153f4dbba50fc9e8015e5df3 - - default default] DELETE failed (client error): The resource could not be found.
2026-04-10 11:07:43.691 9 INFO neutron.wsgi [None req-bcab3835-3164-4e45-98ab-bd317ee8f0a0 7c5dbf43765c41d08eeaf80ec6daee9b 7d7439fc153f4dbba50fc9e8015e5df3 - - default default] 10.0.0.229 "DELETE /v2.0/networks/37918771-4925-4248-b0a2-0f8baa60c480 HTTP/1.1" status: 404 len: 339 time: 0.0147233
2026-04-10 11:07:43.702 10 INFO neutron.db.ovn_revision_numbers_db [None req-bb6a9e13-9a7a-41ed-9be0-825a8429f1c4 94d03236f6e04eb88306d4aeaac5df5d 637a451b9e3e46e099a014a50340657a - - default default] Successfully bumped revision number for resource 6f2220ca-a094-4875-ac01-52396f88a9a8 (type: security_group_rules) to 0
2026-04-10 11:07:43.715 10 INFO neutron.db.ovn_revision_numbers_db [None req-bb6a9e13-9a7a-41ed-9be0-825a8429f1c4 94d03236f6e04eb88306d4aeaac5df5d 637a451b9e3e46e099a014a50340657a - - default default] Successfully bumped revision number for resource 8d969563-e994-42ab-aacf-a69017a9b81c (type: security_group_rules) to 0
2026-04-10 11:07:43.728 10 INFO neutron.db.ovn_revision_numbers_db [None req-bb6a9e13-9a7a-41ed-9be0-825a8429f1c4 94d03236f6e04eb88306d4aeaac5df5d 637a451b9e3e46e099a014a50340657a - - default default] Successfully bumped revision number for resource 9cb621c8-34bf-452e-8306-25da1bc0b9bf (type: security_group_rules) to 0
2026-04-10 11:07:43.742 10 INFO neutron.db.ovn_revision_numbers_db [None req-bb6a9e13-9a7a-41ed-9be0-825a8429f1c4 94d03236f6e04eb88306d4aeaac5df5d 637a451b9e3e46e099a014a50340657a - - default default] Successfully bumped revision number for resource bd615aef-ce0d-4be0-a0bc-c4118b352dc2 (type: security_group_rules) to 0
2026-04-10 11:07:43.794 10 INFO neutron.db.segments_db [None req-bb6a9e13-9a7a-41ed-9be0-825a8429f1c4 94d03236f6e04eb88306d4aeaac5df5d 637a451b9e3e46e099a014a50340657a - - default default] Added segment fcb666f8-782d-4950-a205-e7671576b9a9 of type geneve for network c456c4e1-cb0b-4c5b-b2a1-c432ec65b595
2026-04-10 11:07:43.856 9 INFO neutron.wsgi [None req-48c9482d-aa07-4373-97e7-ffadcda4c388 7c5dbf43765c41d08eeaf80ec6daee9b 7d7439fc153f4dbba50fc9e8015e5df3 - - default default] 10.0.0.229 "DELETE /v2.0/subnets/b944c6b7-7a31-4daa-8c12-b4455392c0e3 HTTP/1.1" status: 204 len: 168 time: 0.1615183
2026-04-10 11:07:43.940 10 INFO neutron.db.ovn_revision_numbers_db [None req-bb6a9e13-9a7a-41ed-9be0-825a8429f1c4 94d03236f6e04eb88306d4aeaac5df5d 637a451b9e3e46e099a014a50340657a - - default default] Successfully bumped revision number for resource c456c4e1-cb0b-4c5b-b2a1-c432ec65b595 (type: networks) to 1
2026-04-10 11:07:44.145 9 WARNING neutron_lib.context [None req-6078d9e3-fad8-43b5-8d9f-0c95c479bd5d b6186ea8086a4eb0bfb4b6fac9f3fb42 dd72590752c041bd9b82a173baf98ec4 - - default default] Method 'is_advsvc' is deprecated since 2023.2 release (neutron-lib 3.8.0) and will be removed once support for the old RBAC API policies will be removed from Neutron. Please use method 'is_service_role' instead.
2026-04-10 11:07:44.148 10 WARNING neutron.scheduler.dhcp_agent_scheduler [None req-bb6a9e13-9a7a-41ed-9be0-825a8429f1c4 94d03236f6e04eb88306d4aeaac5df5d 637a451b9e3e46e099a014a50340657a - - default default] No more DHCP agents
2026-04-10 11:07:44.150 10 WARNING neutron.api.rpc.agentnotifiers.dhcp_rpc_agent_api [None req-bb6a9e13-9a7a-41ed-9be0-825a8429f1c4 94d03236f6e04eb88306d4aeaac5df5d 637a451b9e3e46e099a014a50340657a - - default default] Unable to schedule network c456c4e1-cb0b-4c5b-b2a1-c432ec65b595: no agents available; will retry on subsequent port and subnet creation events.
2026-04-10 11:07:44.192 9 INFO neutron.services.segments.plugin [-] Segment eeb9b2a9-ccd4-4ee2-bf1a-fe372286f8e1 resource provider aggregate not found
2026-04-10 11:07:44.197 9 INFO neutron.services.segments.plugin [-] Segment eeb9b2a9-ccd4-4ee2-bf1a-fe372286f8e1 resource provider aggregate not found
2026-04-10 11:07:44.222 9 INFO neutron.services.segments.plugin [-] Segment eeb9b2a9-ccd4-4ee2-bf1a-fe372286f8e1 resource provider not found; error: Placement Client Error (4xx): {"errors": [{"status": 404, "title": "Not Found", "detail": "The resource could not be found.\n\n No resource provider with uuid eeb9b2a9-ccd4-4ee2-bf1a-fe372286f8e1 found for delete ", "request_id": "req-6afe42b4-118e-4023-a921-79cc4196318a"}]}
2026-04-10 11:07:44.225 9 INFO neutron.services.segments.plugin [-] Segment eeb9b2a9-ccd4-4ee2-bf1a-fe372286f8e1 resource provider not found; error: Placement Client Error (4xx): {"errors": [{"status": 404, "title": "Not Found", "detail": "The resource could not be found.\n\n No resource provider with uuid eeb9b2a9-ccd4-4ee2-bf1a-fe372286f8e1 found for delete ", "request_id": "req-a32ba459-1216-491f-9601-906c5aedc8e1"}]}
2026-04-10 11:07:44.240 10 INFO neutron.db.ovn_revision_numbers_db [None req-bb6a9e13-9a7a-41ed-9be0-825a8429f1c4 94d03236f6e04eb88306d4aeaac5df5d 637a451b9e3e46e099a014a50340657a - - default default] Successfully bumped revision number for resource cd064a21-7137-4747-931c-4b7b94e4ea7c (type: ports) to 1
2026-04-10 11:07:44.255 9 INFO neutron.wsgi [None req-74735b1c-9cf1-482e-9e79-25a28e707902 7c5dbf43765c41d08eeaf80ec6daee9b 7d7439fc153f4dbba50fc9e8015e5df3 - - default default] 10.0.0.229 "DELETE /v2.0/networks/b2fc84d6-372a-43ce-a62f-238928a342f5 HTTP/1.1" status: 204 len: 168 time: 0.3930621
2026-04-10 11:07:44.263 10 INFO neutron.wsgi [None req-bb6a9e13-9a7a-41ed-9be0-825a8429f1c4 94d03236f6e04eb88306d4aeaac5df5d 637a451b9e3e46e099a014a50340657a - - default default] 10.0.0.229 "POST /v2.0/networks HTTP/1.1" status: 201 len: 844 time: 1.0038075
2026-04-10 11:07:44.272 9 WARNING neutron_lib.context [None req-bb2b72e5-6656-42ee-aea2-40f5a8201655 94d03236f6e04eb88306d4aeaac5df5d 637a451b9e3e46e099a014a50340657a - - default default] Method 'is_advsvc' is deprecated since 2023.2 release (neutron-lib 3.8.0) and will be removed once support for the old RBAC API policies will be removed from Neutron. Please use method 'is_service_role' instead.
2026-04-10 11:07:44.356 9 INFO neutron.db.ovn_revision_numbers_db [None req-6078d9e3-fad8-43b5-8d9f-0c95c479bd5d b6186ea8086a4eb0bfb4b6fac9f3fb42 dd72590752c041bd9b82a173baf98ec4 - - default default] Successfully bumped revision number for resource 165fc2e9-5a50-4901-9f7e-7f4e5a62eec9 (type: security_groups) to 1
2026-04-10 11:07:44.385 9 INFO neutron.db.ovn_revision_numbers_db [None req-6078d9e3-fad8-43b5-8d9f-0c95c479bd5d b6186ea8086a4eb0bfb4b6fac9f3fb42 dd72590752c041bd9b82a173baf98ec4 - - default default] Successfully bumped revision number for resource 90606608-5dc1-497f-8a93-28e4ed592f40 (type: security_group_rules) to 0
2026-04-10 11:07:44.421 9 INFO neutron.db.ovn_revision_numbers_db [None req-6078d9e3-fad8-43b5-8d9f-0c95c479bd5d b6186ea8086a4eb0bfb4b6fac9f3fb42 dd72590752c041bd9b82a173baf98ec4 - - default default] Successfully bumped revision number for resource 99d96d7d-9fa6-48a7-8f54-ee0470402bcd (type: security_group_rules) to 0
2026-04-10 11:07:44.451 9 INFO neutron.wsgi [None req-6078d9e3-fad8-43b5-8d9f-0c95c479bd5d b6186ea8086a4eb0bfb4b6fac9f3fb42 dd72590752c041bd9b82a173baf98ec4 - - default default] 10.0.0.229 "POST /v2.0/security-groups HTTP/1.1" status: 201 len: 1859 time: 0.3103125
2026-04-10 11:07:44.465 10 WARNING neutron_lib.context [None req-f0f3df3b-dd1d-4d77-9ef2-f9569ef93b1b b6186ea8086a4eb0bfb4b6fac9f3fb42 dd72590752c041bd9b82a173baf98ec4 - - default default] Method 'is_advsvc' is deprecated since 2023.2 release (neutron-lib 3.8.0) and will be removed once support for the old RBAC API policies will be removed from Neutron. Please use method 'is_service_role' instead.
2026-04-10 11:07:44.603 10 INFO neutron.db.ovn_revision_numbers_db [None req-f0f3df3b-dd1d-4d77-9ef2-f9569ef93b1b b6186ea8086a4eb0bfb4b6fac9f3fb42 dd72590752c041bd9b82a173baf98ec4 - - default default] Successfully bumped revision number for resource e143043f-3855-40e4-8eea-60574978736e (type: security_group_rules) to 0
2026-04-10 11:07:44.611 9 WARNING neutron.scheduler.dhcp_agent_scheduler [None req-bb2b72e5-6656-42ee-aea2-40f5a8201655 94d03236f6e04eb88306d4aeaac5df5d 637a451b9e3e46e099a014a50340657a - - default default] No more DHCP agents
2026-04-10 11:07:44.612 9 WARNING neutron.api.rpc.agentnotifiers.dhcp_rpc_agent_api [None req-bb2b72e5-6656-42ee-aea2-40f5a8201655 94d03236f6e04eb88306d4aeaac5df5d 637a451b9e3e46e099a014a50340657a - - default default] Unable to schedule network c456c4e1-cb0b-4c5b-b2a1-c432ec65b595: no agents available; will retry on subsequent port and subnet creation events.
2026-04-10 11:07:44.630 10 INFO neutron.wsgi [None req-f0f3df3b-dd1d-4d77-9ef2-f9569ef93b1b b6186ea8086a4eb0bfb4b6fac9f3fb42 dd72590752c041bd9b82a173baf98ec4 - - default default] 10.0.0.229 "POST /v2.0/security-group-rules HTTP/1.1" status: 201 len: 796 time: 0.1713152
2026-04-10 11:07:44.640 10 WARNING neutron_lib.context [None req-23ad101a-6e43-4d43-9a99-f7fa75ca78b2 b6186ea8086a4eb0bfb4b6fac9f3fb42 dd72590752c041bd9b82a173baf98ec4 - - default default] Method 'is_advsvc' is deprecated since 2023.2 release (neutron-lib 3.8.0) and will be removed once support for the old RBAC API policies will be removed from Neutron. Please use method 'is_service_role' instead.
2026-04-10 11:07:44.710 9 INFO neutron.db.ovn_revision_numbers_db [None req-bb2b72e5-6656-42ee-aea2-40f5a8201655 94d03236f6e04eb88306d4aeaac5df5d 637a451b9e3e46e099a014a50340657a - - default default] Successfully bumped revision number for resource bf623979-ba7c-40c0-bc14-6baad2e23f81 (type: ports) to 1
2026-04-10 11:07:44.732 9 INFO neutron.wsgi [None req-bb2b72e5-6656-42ee-aea2-40f5a8201655 94d03236f6e04eb88306d4aeaac5df5d 637a451b9e3e46e099a014a50340657a - - default default] 10.0.0.229 "POST /v2.0/ports HTTP/1.1" status: 201 len: 974 time: 0.4646621 /var/lib/openstack/lib/python3.10/site-packages/pycadf/identifier.py:71: UserWarning: Invalid uuid: neutron. To ensure interoperability, identifiers should be a valid uuid. warnings.warn(('Invalid uuid: %s. To ensure interoperability, '
2026-04-10 11:07:44.742 9 WARNING neutron_lib.context [None req-99cf5b8e-aa09-4fdc-9c4f-9e26c0274d96 94d03236f6e04eb88306d4aeaac5df5d 637a451b9e3e46e099a014a50340657a - - default default] Method 'is_advsvc' is deprecated since 2023.2 release (neutron-lib 3.8.0) and will be removed once support for the old RBAC API policies will be removed from Neutron. Please use method 'is_service_role' instead.
2026-04-10 11:07:44.797 10 INFO neutron.db.ovn_revision_numbers_db [None req-23ad101a-6e43-4d43-9a99-f7fa75ca78b2 b6186ea8086a4eb0bfb4b6fac9f3fb42 dd72590752c041bd9b82a173baf98ec4 - - default default] Successfully bumped revision number for resource a59624d8-dfc2-4934-99c6-995190a6472d (type: security_group_rules) to 0
2026-04-10 11:07:44.824 9 INFO neutron.db.segments_db [None req-99cf5b8e-aa09-4fdc-9c4f-9e26c0274d96 94d03236f6e04eb88306d4aeaac5df5d 637a451b9e3e46e099a014a50340657a - - default default] Added segment ebea9600-1e79-41e4-9ebc-30b1079bcb88 of type geneve for network 5bc8c633-ac57-4774-a1af-8d199ea598b4
2026-04-10 11:07:44.825 10 INFO neutron.wsgi [None req-23ad101a-6e43-4d43-9a99-f7fa75ca78b2 b6186ea8086a4eb0bfb4b6fac9f3fb42 dd72590752c041bd9b82a173baf98ec4 - - default default] 10.0.0.229 "POST /v2.0/security-group-rules HTTP/1.1" status: 201 len: 801 time: 0.1898110
2026-04-10 11:07:44.836 10 WARNING neutron_lib.context [None req-31246f6a-c3b8-42c5-973c-91ebbac22a83 b6186ea8086a4eb0bfb4b6fac9f3fb42 dd72590752c041bd9b82a173baf98ec4 - - default default] Method 'is_advsvc' is deprecated since 2023.2 release (neutron-lib 3.8.0) and will be removed once support for the old RBAC API policies will be removed from Neutron. Please use method 'is_service_role' instead.
2026-04-10 11:07:44.949 9 INFO neutron.wsgi [None req-fc37e668-1cbd-4de4-b1e2-3ae6f5a8dabd a304790ba8194752a146b2033d6d7794 2ba55315547740999bfc5a2567fd5682 - - default default] 10.0.0.229 "GET /v2.0/security-groups?tenant_id=7d7439fc153f4dbba50fc9e8015e5df3&name=default HTTP/1.1" status: 200 len: 3120 time: 0.1640131
2026-04-10 11:07:44.980 9 INFO neutron.db.ovn_revision_numbers_db [None req-99cf5b8e-aa09-4fdc-9c4f-9e26c0274d96 94d03236f6e04eb88306d4aeaac5df5d 637a451b9e3e46e099a014a50340657a - - default default] Successfully bumped revision number for resource 5bc8c633-ac57-4774-a1af-8d199ea598b4 (type: networks) to 1
2026-04-10 11:07:45.138 10 WARNING neutron.scheduler.dhcp_agent_scheduler [None req-31246f6a-c3b8-42c5-973c-91ebbac22a83 b6186ea8086a4eb0bfb4b6fac9f3fb42 dd72590752c041bd9b82a173baf98ec4 - - default default] No more DHCP agents
2026-04-10 11:07:45.140 10 WARNING neutron.api.rpc.agentnotifiers.dhcp_rpc_agent_api [None req-31246f6a-c3b8-42c5-973c-91ebbac22a83 b6186ea8086a4eb0bfb4b6fac9f3fb42 dd72590752c041bd9b82a173baf98ec4 - - default default] Unable to schedule network 37706f09-e95f-4b5e-b9a0-e338fa1d8409: no agents available; will retry on subsequent port and subnet creation events.
2026-04-10 11:07:45.166 9 WARNING neutron.scheduler.dhcp_agent_scheduler [None req-99cf5b8e-aa09-4fdc-9c4f-9e26c0274d96 94d03236f6e04eb88306d4aeaac5df5d 637a451b9e3e46e099a014a50340657a - - default default] No more DHCP agents
2026-04-10 11:07:45.167 9 WARNING neutron.api.rpc.agentnotifiers.dhcp_rpc_agent_api [None req-99cf5b8e-aa09-4fdc-9c4f-9e26c0274d96 94d03236f6e04eb88306d4aeaac5df5d 637a451b9e3e46e099a014a50340657a - - default default] Unable to schedule network 5bc8c633-ac57-4774-a1af-8d199ea598b4: no agents available; will retry on subsequent port and subnet creation events.
2026-04-10 11:07:45.238 9 INFO neutron.db.ovn_revision_numbers_db [None req-99cf5b8e-aa09-4fdc-9c4f-9e26c0274d96 94d03236f6e04eb88306d4aeaac5df5d 637a451b9e3e46e099a014a50340657a - - default default] Successfully bumped revision number for resource 3afd54e5-73ea-4a2b-887a-b0cfa4b17b19 (type: ports) to 1
2026-04-10 11:07:45.251 10 INFO neutron.wsgi [None req-2f7fa8a8-00f7-4794-99e3-dd0d3bd03c2e a304790ba8194752a146b2033d6d7794 2ba55315547740999bfc5a2567fd5682 - - default default] 10.0.0.229 "DELETE /v2.0/security-groups/1ca0f7c2-ad0d-4b1e-950c-8aa83daa2e1a HTTP/1.1" status: 204 len: 168 time: 0.2954397
2026-04-10 11:07:45.268 9 INFO neutron.wsgi [None req-99cf5b8e-aa09-4fdc-9c4f-9e26c0274d96 94d03236f6e04eb88306d4aeaac5df5d 637a451b9e3e46e099a014a50340657a - - default default] 10.0.0.229 "POST /v2.0/networks HTTP/1.1" status: 201 len: 830 time: 0.5308673
2026-04-10 11:07:45.278 9 WARNING neutron_lib.context [None req-fb997edd-e172-44f5-821a-7500895b8a5e 94d03236f6e04eb88306d4aeaac5df5d 637a451b9e3e46e099a014a50340657a - - default default] Method 'is_advsvc' is deprecated since 2023.2 release (neutron-lib 3.8.0) and will be removed once support for the old RBAC API policies will be removed from Neutron. Please use method 'is_service_role' instead.
2026-04-10 11:07:45.467 10 INFO neutron.wsgi [None req-31246f6a-c3b8-42c5-973c-91ebbac22a83 b6186ea8086a4eb0bfb4b6fac9f3fb42 dd72590752c041bd9b82a173baf98ec4 - - default default] 10.0.0.229 "POST /v2.0/floatingips HTTP/1.1" status: 201 len: 751 time: 0.6359744
2026-04-10 11:07:45.526 9 WARNING neutron.scheduler.dhcp_agent_scheduler [None req-fb997edd-e172-44f5-821a-7500895b8a5e 94d03236f6e04eb88306d4aeaac5df5d 637a451b9e3e46e099a014a50340657a - - default default] No more DHCP agents
2026-04-10 11:07:45.528 9 WARNING neutron.api.rpc.agentnotifiers.dhcp_rpc_agent_api [None req-fb997edd-e172-44f5-821a-7500895b8a5e 94d03236f6e04eb88306d4aeaac5df5d 637a451b9e3e46e099a014a50340657a - - default default] Unable to schedule network 5bc8c633-ac57-4774-a1af-8d199ea598b4: no agents available; will retry on subsequent port and subnet creation events.
2026-04-10 11:07:45.615 9 INFO neutron.wsgi [req-ee8c525f-b135-40b0-ba2c-0259175eefe0 req-e3f6a124-a438-4216-b514-54ca82e0c176 b6186ea8086a4eb0bfb4b6fac9f3fb42 dd72590752c041bd9b82a173baf98ec4 - - default default] 10.0.0.29 "GET /v2.0/security-groups?name=tempest-secgroup-smoke-1620819707&fields=id&tenant_id=dd72590752c041bd9b82a173baf98ec4 HTTP/1.1" status: 200 len: 267 time: 0.0632207
2026-04-10 11:07:45.679 9 INFO neutron.wsgi [req-ee8c525f-b135-40b0-ba2c-0259175eefe0 req-a0b2fcce-a7a4-4ebe-a559-55be374a6106 b6186ea8086a4eb0bfb4b6fac9f3fb42 dd72590752c041bd9b82a173baf98ec4 - - default default] 10.0.0.29 "GET /v2.0/security-groups?name=tempest-securitygroup--76089671&fields=id&tenant_id=dd72590752c041bd9b82a173baf98ec4 HTTP/1.1" status: 200 len: 267 time: 0.0573425
2026-04-10 11:07:45.809 9 INFO neutron.wsgi [req-ee8c525f-b135-40b0-ba2c-0259175eefe0 req-9159658a-f4b3-41e2-8a4e-b14f74ef689f b6186ea8086a4eb0bfb4b6fac9f3fb42 dd72590752c041bd9b82a173baf98ec4 - - default default] 10.0.0.29 "GET /v2.0/networks?id=b3cb0e36-57dd-4958-9007-2c6023c83746 HTTP/1.1" status: 200 len: 871 time: 0.1132770
2026-04-10 11:07:45.837 9 INFO neutron.wsgi [req-ee8c525f-b135-40b0-ba2c-0259175eefe0 req-bcc2ceb6-9464-4ad3-8e36-5ae975ab0437 b6186ea8086a4eb0bfb4b6fac9f3fb42 dd72590752c041bd9b82a173baf98ec4 - - default default] 10.0.0.29 "GET /v2.0/quotas/dd72590752c041bd9b82a173baf98ec4 HTTP/1.1" status: 200 len: 491 time: 0.0198672
2026-04-10 11:07:46.016 9 INFO neutron.wsgi [req-ee8c525f-b135-40b0-ba2c-0259175eefe0 req-feceb7e4-a861-4d28-b5bd-f779a8dbb10f b6186ea8086a4eb0bfb4b6fac9f3fb42 dd72590752c041bd9b82a173baf98ec4 - - default default] 10.0.0.29 "GET /v2.0/ports?tenant_id=dd72590752c041bd9b82a173baf98ec4&fields=id HTTP/1.1" status: 200 len: 302 time: 0.1608508
2026-04-10 11:07:46.116 9 INFO neutron.wsgi [req-ee8c525f-b135-40b0-ba2c-0259175eefe0 req-81ea2082-ec62-4ec0-af14-a518a42ad30d 7b215ea8c998426d8ee5fed43b267543 cd2acf818572460fb8be50077c7f376e - - aeb13f56474a42dfbfe75d92688323ce aeb13f56474a42dfbfe75d92688323ce] 10.0.0.29 "GET /v2.0/networks/b3cb0e36-57dd-4958-9007-2c6023c83746?fields=segments HTTP/1.1" status: 200 len: 212 time: 0.0846045
