Apr 27 13:24:07.775086 np0000170588 devstack@neutron-api.service[104300]: DEBUG dbcounter [-] [104300] Writing DB stats neutron:UPDATE=1,neutron:SELECT=1 {{(pid=104300) stat_writer /opt/stack/data/venv/lib/python3.12/site-packages/dbcounter.py:115}}
Apr 27 13:24:11.730068 np0000170588 devstack@neutron-api.service[104299]: DEBUG futurist.periodics [-] Submitting periodic callback 'neutron.plugins.ml2.drivers.ovn.mech_driver.ovsdb.maintenance.HashRingHealthCheckPeriodics.touch_hash_ring_node' {{(pid=104299) _process_scheduled /opt/stack/data/venv/lib/python3.12/site-packages/futurist/periodics.py:784}}
Apr 27 13:24:11.730801 np0000170588 devstack@neutron-api.service[104299]: DEBUG neutron.plugins.ml2.drivers.ovn.mech_driver.ovsdb.maintenance [-] Touching Hash Ring node "c828989ed04b5adba90cf7f52825abdf" from periodic health check thread {{(pid=104299) touch_hash_ring_node /opt/stack/neutron/neutron/plugins/ml2/drivers/ovn/mech_driver/ovsdb/maintenance.py:1449}}
Apr 27 13:24:12.539621 np0000170588 devstack@neutron-api.service[104301]: DEBUG futurist.periodics [-] Submitting periodic callback 'neutron.plugins.ml2.drivers.ovn.mech_driver.ovsdb.maintenance.HashRingHealthCheckPeriodics.touch_hash_ring_node' {{(pid=104301) _process_scheduled /opt/stack/data/venv/lib/python3.12/site-packages/futurist/periodics.py:784}}
Apr 27 13:24:12.540552 np0000170588 devstack@neutron-api.service[104301]: DEBUG neutron.plugins.ml2.drivers.ovn.mech_driver.ovsdb.maintenance [-] Touching Hash Ring node "e5fdf0feb1e85ecfb2811c9fabd800d4" from periodic health check thread {{(pid=104301) touch_hash_ring_node /opt/stack/neutron/neutron/plugins/ml2/drivers/ovn/mech_driver/ovsdb/maintenance.py:1449}}
Apr 27 13:24:12.590570 np0000170588 devstack@neutron-api.service[104302]: DEBUG futurist.periodics [-] Submitting periodic callback 'neutron.plugins.ml2.drivers.ovn.mech_driver.ovsdb.maintenance.HashRingHealthCheckPeriodics.touch_hash_ring_node' {{(pid=104302) _process_scheduled /opt/stack/data/venv/lib/python3.12/site-packages/futurist/periodics.py:784}}
Apr 27 13:24:12.591033 np0000170588 devstack@neutron-api.service[104302]: DEBUG neutron.plugins.ml2.drivers.ovn.mech_driver.ovsdb.maintenance [-] Touching Hash Ring node "f49da340db0059a8a21db968e61da756" from periodic health check thread {{(pid=104302) touch_hash_ring_node /opt/stack/neutron/neutron/plugins/ml2/drivers/ovn/mech_driver/ovsdb/maintenance.py:1449}}
Apr 27 13:24:12.764340 np0000170588 devstack@neutron-api.service[104300]: DEBUG futurist.periodics [-] Submitting periodic callback 'neutron.plugins.ml2.drivers.ovn.mech_driver.ovsdb.maintenance.HashRingHealthCheckPeriodics.touch_hash_ring_node' {{(pid=104300) _process_scheduled /opt/stack/data/venv/lib/python3.12/site-packages/futurist/periodics.py:784}}
Apr 27 13:24:12.764922 np0000170588 devstack@neutron-api.service[104300]: DEBUG neutron.plugins.ml2.drivers.ovn.mech_driver.ovsdb.maintenance [-] Touching Hash Ring node "b8bdec8006315e79a5df84a9fd19cedf" from periodic health check thread {{(pid=104300) touch_hash_ring_node /opt/stack/neutron/neutron/plugins/ml2/drivers/ovn/mech_driver/ovsdb/maintenance.py:1449}}
Apr 27 13:24:13.363478 np0000170588 devstack@neutron-api.service[104302]: /opt/stack/neutron/neutron/extensions/quotasv2.py:134: UserWarning: "--check-limit" parameter is no longer needed since Epoxy (2025.1) release. By default, Neutron quota engine checks the resource usage before updating the limits
Apr 27 13:24:13.363478 np0000170588 devstack@neutron-api.service[104302]: warnings.warn('"--check-limit" parameter is no longer needed '
Apr 27 13:24:13.363671 np0000170588 devstack@neutron-api.service[104302]: DEBUG neutron.api.v2.base [None req-f4a33f7d-ff2f-41fd-bc56-e98167dc7059 admin admin] Request body: {'quota': {'security_group': 100}} {{(pid=104302) prepare_request_body /opt/stack/neutron/neutron/api/v2/base.py:727}}
Apr 27 13:24:13.383444 np0000170588 devstack@neutron-api.service[104302]: [pid: 104302|app: 0|req: 22/88] 199.204.45.23 () {68 vars in 1442 bytes} [Mon Apr 27 13:24:13 2026] PUT /networking/v2.0/quotas/b7747f6d5a864846bb004d84ba087229 => generated 175 bytes in 26 msecs (HTTP/1.1 200) 4 headers in 157 bytes (1 switches on core 0)
Apr 27 13:24:13.663744 np0000170588 devstack@neutron-api.service[104300]: /opt/stack/neutron/neutron/extensions/quotasv2.py:134: UserWarning: "--check-limit" parameter is no longer needed since Epoxy (2025.1) release. By default, Neutron quota engine checks the resource usage before updating the limits
Apr 27 13:24:13.663744 np0000170588 devstack@neutron-api.service[104300]: warnings.warn('"--check-limit" parameter is no longer needed '
Apr 27 13:24:13.663995 np0000170588 devstack@neutron-api.service[104300]: DEBUG neutron.api.v2.base [None req-5943daef-ac51-4581-bafd-04f7dec04b73 admin admin] Request body: {'quota': {'security_group_rule': 1000}} {{(pid=104300) prepare_request_body /opt/stack/neutron/neutron/api/v2/base.py:727}}
Apr 27 13:24:13.686977 np0000170588 devstack@neutron-api.service[104300]: [pid: 104300|app: 0|req: 22/89] 199.204.45.23 () {68 vars in 1442 bytes} [Mon Apr 27 13:24:13 2026] PUT /networking/v2.0/quotas/b7747f6d5a864846bb004d84ba087229 => generated 176 bytes in 29 msecs (HTTP/1.1 200) 4 headers in 157 bytes (1 switches on core 0)
Apr 27 13:24:21.743571 np0000170588 devstack@neutron-api.service[104299]: DEBUG dbcounter [-] [104299] Writing DB stats neutron:UPDATE=1,neutron:SELECT=1 {{(pid=104299) stat_writer /opt/stack/data/venv/lib/python3.12/site-packages/dbcounter.py:115}}
Apr 27 13:24:22.552276 np0000170588 devstack@neutron-api.service[104301]: DEBUG dbcounter [-] [104301] Writing DB stats neutron:UPDATE=1,neutron:SELECT=1 {{(pid=104301) stat_writer /opt/stack/data/venv/lib/python3.12/site-packages/dbcounter.py:115}}
Apr 27 13:24:23.382579 np0000170588 devstack@neutron-api.service[104302]: DEBUG dbcounter [-] [104302] Writing DB stats neutron:UPDATE=1,neutron:SELECT=5,neutron:INSERT=1 {{(pid=104302) stat_writer /opt/stack/data/venv/lib/python3.12/site-packages/dbcounter.py:115}}
Apr 27 13:24:23.687756 np0000170588 devstack@neutron-api.service[104300]: DEBUG dbcounter [-] [104300] Writing DB stats neutron:UPDATE=1,neutron:SELECT=5,neutron:INSERT=1 {{(pid=104300) stat_writer /opt/stack/data/venv/lib/python3.12/site-packages/dbcounter.py:115}}
Apr 27 13:24:26.731077 np0000170588 devstack@neutron-api.service[104299]: DEBUG futurist.periodics [-] Submitting periodic callback 'neutron.plugins.ml2.drivers.ovn.mech_driver.ovsdb.maintenance.HashRingHealthCheckPeriodics.touch_hash_ring_node' {{(pid=104299) _process_scheduled /opt/stack/data/venv/lib/python3.12/site-packages/futurist/periodics.py:784}}
Apr 27 13:24:26.731696 np0000170588 devstack@neutron-api.service[104299]: DEBUG neutron.plugins.ml2.drivers.ovn.mech_driver.ovsdb.maintenance [-] Touching Hash Ring node "c828989ed04b5adba90cf7f52825abdf" from periodic health check thread {{(pid=104299) touch_hash_ring_node /opt/stack/neutron/neutron/plugins/ml2/drivers/ovn/mech_driver/ovsdb/maintenance.py:1449}}
Apr 27 13:24:27.540766 np0000170588 devstack@neutron-api.service[104301]: DEBUG futurist.periodics [-] Submitting periodic callback 'neutron.plugins.ml2.drivers.ovn.mech_driver.ovsdb.maintenance.HashRingHealthCheckPeriodics.touch_hash_ring_node' {{(pid=104301) _process_scheduled /opt/stack/data/venv/lib/python3.12/site-packages/futurist/periodics.py:784}}
Apr 27 13:24:27.542194 np0000170588 devstack@neutron-api.service[104301]: DEBUG neutron.plugins.ml2.drivers.ovn.mech_driver.ovsdb.maintenance [-] Touching Hash Ring node "e5fdf0feb1e85ecfb2811c9fabd800d4" from periodic health check thread {{(pid=104301) touch_hash_ring_node /opt/stack/neutron/neutron/plugins/ml2/drivers/ovn/mech_driver/ovsdb/maintenance.py:1449}}
Apr 27 13:24:27.593781 np0000170588 devstack@neutron-api.service[104302]: DEBUG futurist.periodics [-] Submitting periodic callback 'neutron.plugins.ml2.drivers.ovn.mech_driver.ovsdb.maintenance.HashRingHealthCheckPeriodics.touch_hash_ring_node' {{(pid=104302) _process_scheduled /opt/stack/data/venv/lib/python3.12/site-packages/futurist/periodics.py:784}}
Apr 27 13:24:27.594542 np0000170588 devstack@neutron-api.service[104302]: DEBUG neutron.plugins.ml2.drivers.ovn.mech_driver.ovsdb.maintenance [-] Touching Hash Ring node "f49da340db0059a8a21db968e61da756" from periodic health check thread {{(pid=104302) touch_hash_ring_node /opt/stack/neutron/neutron/plugins/ml2/drivers/ovn/mech_driver/ovsdb/maintenance.py:1449}}
Apr 27 13:24:27.765065 np0000170588 devstack@neutron-api.service[104300]: DEBUG futurist.periodics [-] Submitting periodic callback 'neutron.plugins.ml2.drivers.ovn.mech_driver.ovsdb.maintenance.HashRingHealthCheckPeriodics.touch_hash_ring_node' {{(pid=104300) _process_scheduled /opt/stack/data/venv/lib/python3.12/site-packages/futurist/periodics.py:784}}
Apr 27 13:24:27.765979 np0000170588 devstack@neutron-api.service[104300]: DEBUG neutron.plugins.ml2.drivers.ovn.mech_driver.ovsdb.maintenance [-] Touching Hash Ring node "b8bdec8006315e79a5df84a9fd19cedf" from periodic health check thread {{(pid=104300) touch_hash_ring_node /opt/stack/neutron/neutron/plugins/ml2/drivers/ovn/mech_driver/ovsdb/maintenance.py:1449}}
Apr 27 13:24:28.146951 np0000170588 devstack@neutron-api.service[104299]: DEBUG neutron.pecan_wsgi.hooks.policy_enforcement [None req-bdc45f36-295b-4827-9b2c-cd9a63f7269e admin admin] Attributes excluded by policy engine: ['standard_attr_id'] {{(pid=104299) _exclude_attributes_by_policy /opt/stack/neutron/neutron/pecan_wsgi/hooks/policy_enforcement.py:256}}
Apr 27 13:24:28.149555 np0000170588 devstack@neutron-api.service[104299]: DEBUG neutron.pecan_wsgi.hooks.policy_enforcement [None req-bdc45f36-295b-4827-9b2c-cd9a63f7269e admin admin] Attributes excluded by policy engine: ['standard_attr_id'] {{(pid=104299) _exclude_attributes_by_policy /opt/stack/neutron/neutron/pecan_wsgi/hooks/policy_enforcement.py:256}}
Apr 27 13:24:28.150586 np0000170588 devstack@neutron-api.service[104299]: [pid: 104299|app: 0|req: 24/90] 199.204.45.23 () {64 vars in 1371 bytes} [Mon Apr 27 13:24:28 2026] GET /networking/v2.0/ports?device_owner=network%3Adistributed => generated 1650 bytes in 114 msecs (HTTP/1.1 200) 4 headers in 158 bytes (1 switches on core 0)
Apr 27 13:24:29.344701 np0000170588 devstack@neutron-api.service[104299]: DEBUG neutron.common.ovn.hash_ring_manager [None req-8dbbe803-9e05-4107-8cbd-dae6dc43b12d None None] Hash Ring loaded. 4 active nodes. 0 offline nodes {{(pid=104299) _load_hash_ring /opt/stack/neutron/neutron/common/ovn/hash_ring_manager.py:102}}
Apr 27 13:24:29.348921 np0000170588 devstack@neutron-api.service[104301]: DEBUG neutron.common.ovn.hash_ring_manager [None req-b2c9f2e9-1ab9-4ccc-8165-a6aef806139f None None] Hash Ring loaded. 4 active nodes. 0 offline nodes {{(pid=104301) _load_hash_ring /opt/stack/neutron/neutron/common/ovn/hash_ring_manager.py:102}}
Apr 27 13:24:29.349897 np0000170588 devstack@neutron-api.service[104302]: DEBUG neutron.common.ovn.hash_ring_manager [None req-74e755ad-26c3-4250-acb6-752073ff70cd None None] Hash Ring loaded. 4 active nodes. 0 offline nodes {{(pid=104302) _load_hash_ring /opt/stack/neutron/neutron/common/ovn/hash_ring_manager.py:102}}
Apr 27 13:24:29.353467 np0000170588 devstack@neutron-api.service[104300]: DEBUG neutron.common.ovn.hash_ring_manager [None req-e405e775-629f-4b8c-b474-df1ac14c47fb None None] Hash Ring loaded. 4 active nodes. 0 offline nodes {{(pid=104300) _load_hash_ring /opt/stack/neutron/neutron/common/ovn/hash_ring_manager.py:102}}
Apr 27 13:24:29.353467 np0000170588 devstack@neutron-api.service[104300]: DEBUG neutron.plugins.ml2.drivers.ovn.mech_driver.ovsdb.ovsdb_monitor [None req-e405e775-629f-4b8c-b474-df1ac14c47fb None None] Hash Ring: Node b8bdec8006315e79a5df84a9fd19cedf (host: np0000170588) handling event "update" for row 235b02d3-3017-4552-a680-c1aecd800663 (table: Connection) {{(pid=104300) notify /opt/stack/neutron/neutron/plugins/ml2/drivers/ovn/mech_driver/ovsdb/ovsdb_monitor.py:914}}
Apr 27 13:24:39.344455 np0000170588 devstack@neutron-api.service[104299]: DEBUG dbcounter [-] [104299] Writing DB stats neutron:UPDATE=1,neutron:SELECT=12 {{(pid=104299) stat_writer /opt/stack/data/venv/lib/python3.12/site-packages/dbcounter.py:115}}
Apr 27 13:24:39.346562 np0000170588 devstack@neutron-api.service[104302]: DEBUG dbcounter [-] [104302] Writing DB stats neutron:UPDATE=1,neutron:SELECT=3 {{(pid=104302) stat_writer /opt/stack/data/venv/lib/python3.12/site-packages/dbcounter.py:115}}
Apr 27 13:24:39.351719 np0000170588 devstack@neutron-api.service[104301]: DEBUG dbcounter [-] [104301] Writing DB stats neutron:UPDATE=1,neutron:SELECT=3 {{(pid=104301) stat_writer /opt/stack/data/venv/lib/python3.12/site-packages/dbcounter.py:115}}
Apr 27 13:24:39.352312 np0000170588 devstack@neutron-api.service[104300]: DEBUG dbcounter [-] [104300] Writing DB stats neutron:UPDATE=1,neutron:SELECT=3 {{(pid=104300) stat_writer /opt/stack/data/venv/lib/python3.12/site-packages/dbcounter.py:115}}
Apr 27 13:24:40.900446 np0000170588 devstack@neutron-api.service[104301]: INFO neutron.pecan_wsgi.hooks.translation [None req-076c9e10-6fcc-45ea-83ff-3809e8008b26 admin admin] GET failed (client error): The resource could not be found.
Apr 27 13:24:40.901000 np0000170588 devstack@neutron-api.service[104301]: [pid: 104301|app: 0|req: 23/91] 199.204.45.23 () {64 vars in 1327 bytes} [Mon Apr 27 13:24:40 2026] GET /networking/v2.0/networks/admin_net => generated 111 bytes in 13 msecs (HTTP/1.1 404) 4 headers in 164 bytes (1 switches on core 0)
Apr 27 13:24:40.931191 np0000170588 devstack@neutron-api.service[104302]: [pid: 104302|app: 0|req: 23/92] 199.204.45.23 () {64 vars in 1339 bytes} [Mon Apr 27 13:24:40 2026] GET /networking/v2.0/networks?name=admin_net => generated 15 bytes in 15 msecs (HTTP/1.1 200) 4 headers in 156 bytes (2 switches on core 0)
Apr 27 13:24:41.170054 np0000170588 devstack@neutron-api.service[104300]: DEBUG neutron.api.v2.base [None req-a241b7d4-059e-45f7-9421-717004b6cc02 admin admin] Request body: {'network': {'project_id': 'b5eca3b5a41844e2803f3d8d5b6f78fa', 'name': 'admin_net', 'admin_state_up': True}} {{(pid=104300) prepare_request_body /opt/stack/neutron/neutron/api/v2/base.py:727}}
Apr 27 13:24:41.188234 np0000170588 devstack@neutron-api.service[104300]: DEBUG neutron.pecan_wsgi.hooks.quota_enforcement [None req-a241b7d4-059e-45f7-9421-717004b6cc02 admin admin] Made reservation on behalf of b5eca3b5a41844e2803f3d8d5b6f78fa for: {'network': 1} {{(pid=104300) before /opt/stack/neutron/neutron/pecan_wsgi/hooks/quota_enforcement.py:66}}
Apr 27 13:24:41.192506 np0000170588 devstack@neutron-api.service[104300]: DEBUG neutron_lib.callbacks.manager [None req-a241b7d4-059e-45f7-9421-717004b6cc02 admin admin] Publish callbacks ['neutron.plugins.ml2.plugin.SecurityGroupDbMixin._ensure_default_security_group_handler-210320'] for network (None), before_create {{(pid=104300) _notify_loop /opt/stack/data/venv/lib/python3.12/site-packages/neutron_lib/callbacks/manager.py:184}}
Apr 27 13:24:41.198451 np0000170588 devstack@neutron-api.service[104300]: DEBUG neutron_lib.callbacks.manager [None req-a241b7d4-059e-45f7-9421-717004b6cc02 admin admin] Publish callbacks [] for security_group (None), before_create {{(pid=104300) _notify_loop /opt/stack/data/venv/lib/python3.12/site-packages/neutron_lib/callbacks/manager.py:184}}
Apr 27 13:24:41.256532 np0000170588 devstack@neutron-api.service[104300]: DEBUG neutron_lib.callbacks.manager [None req-a241b7d4-059e-45f7-9421-717004b6cc02 admin admin] Publish callbacks ['neutron.plugins.ml2.drivers.ovn.mech_driver.mech_driver.OVNMechanismDriver._create_security_group_precommit-1037082'] for security_group (69f09692-14b7-45c7-bb43-fcb8cb3c54f5), precommit_create {{(pid=104300) _notify_loop /opt/stack/data/venv/lib/python3.12/site-packages/neutron_lib/callbacks/manager.py:184}}
Apr 27 13:24:41.256532 np0000170588 devstack@neutron-api.service[104300]: DEBUG neutron.db.ovn_revision_numbers_db [None req-a241b7d4-059e-45f7-9421-717004b6cc02 admin admin] create_initial_revision uuid=69f09692-14b7-45c7-bb43-fcb8cb3c54f5, type=security_groups, rev=-1 {{(pid=104300) create_initial_revision /opt/stack/neutron/neutron/db/ovn_revision_numbers_db.py:98}}
Apr 27 13:24:41.257373 np0000170588 devstack@neutron-api.service[104300]: DEBUG neutron.db.ovn_revision_numbers_db [None req-a241b7d4-059e-45f7-9421-717004b6cc02 admin admin] create_initial_revision uuid=032ee63c-7f2d-4348-bac7-21528a7130e1, type=security_group_rules, rev=-1 {{(pid=104300) create_initial_revision /opt/stack/neutron/neutron/db/ovn_revision_numbers_db.py:98}}
Apr 27 13:24:41.258343 np0000170588 devstack@neutron-api.service[104300]: DEBUG neutron.db.ovn_revision_numbers_db [None req-a241b7d4-059e-45f7-9421-717004b6cc02 admin admin] create_initial_revision uuid=13049c3a-0364-4a1a-8da8-48e835ab11b4, type=security_group_rules, rev=-1 {{(pid=104300) create_initial_revision /opt/stack/neutron/neutron/db/ovn_revision_numbers_db.py:98}}
Apr 27 13:24:41.259290 np0000170588 devstack@neutron-api.service[104300]: DEBUG neutron.db.ovn_revision_numbers_db [None req-a241b7d4-059e-45f7-9421-717004b6cc02 admin admin] create_initial_revision uuid=3e2c5050-e042-4078-931a-1ea8e2d0a2eb, type=security_group_rules, rev=-1 {{(pid=104300) create_initial_revision /opt/stack/neutron/neutron/db/ovn_revision_numbers_db.py:98}}
Apr 27 13:24:41.260179 np0000170588 devstack@neutron-api.service[104300]: DEBUG neutron.db.ovn_revision_numbers_db [None req-a241b7d4-059e-45f7-9421-717004b6cc02 admin admin] create_initial_revision uuid=999a2b33-7dc2-4c88-b9e4-d7275d09ca56, type=security_group_rules, rev=-1 {{(pid=104300) create_initial_revision /opt/stack/neutron/neutron/db/ovn_revision_numbers_db.py:98}}
Apr 27 13:24:41.268316 np0000170588 devstack@neutron-api.service[104300]: DEBUG neutron_lib.callbacks.manager [None req-a241b7d4-059e-45f7-9421-717004b6cc02 admin admin] Publish callbacks ['neutron.plugins.ml2.drivers.ovn.mech_driver.mech_driver.OVNMechanismDriver._create_security_group-1037076', 'neutron.plugins.ml2.ovo_rpc._ObjectChangeHandler.handle_event-3235051'] for security_group (69f09692-14b7-45c7-bb43-fcb8cb3c54f5), after_create {{(pid=104300) _notify_loop /opt/stack/data/venv/lib/python3.12/site-packages/neutron_lib/callbacks/manager.py:184}}
Apr 27 13:24:41.274701 np0000170588 devstack@neutron-api.service[104300]: DEBUG ovsdbapp.backend.ovs_idl.transaction [None req-e405e775-629f-4b8c-b474-df1ac14c47fb None None] Running txn n=1 command(idx=0): PgAddCommand(_result=None, name=pg_69f09692_14b7_45c7_bb43_fcb8cb3c54f5, may_exist=False, columns={'acls': [], 'external_ids': {'neutron:security_group_id': '69f09692-14b7-45c7-bb43-fcb8cb3c54f5'}}) {{(pid=104300) do_commit /opt/stack/data/venv/lib/python3.12/site-packages/ovsdbapp/backend/ovs_idl/transaction.py:89}}
Apr 27 13:24:41.274701 np0000170588 devstack@neutron-api.service[104300]: DEBUG ovsdbapp.backend.ovs_idl.transaction [None req-e405e775-629f-4b8c-b474-df1ac14c47fb None None] Running txn n=1 command(idx=1): PgAclAddCommand(_result=None, entity=pg_69f09692_14b7_45c7_bb43_fcb8cb3c54f5, direction=from-lport, priority=1002, match=inport == @pg_69f09692_14b7_45c7_bb43_fcb8cb3c54f5 && ip6, action=allow-related, log=False, may_exist=True, severity=[], name=[], meter=[], external_ids={'neutron:security_group_rule_id': '032ee63c-7f2d-4348-bac7-21528a7130e1'}) {{(pid=104300) do_commit /opt/stack/data/venv/lib/python3.12/site-packages/ovsdbapp/backend/ovs_idl/transaction.py:89}}
Apr 27 13:24:41.274701 np0000170588 devstack@neutron-api.service[104300]: DEBUG ovsdbapp.backend.ovs_idl.transaction [None req-e405e775-629f-4b8c-b474-df1ac14c47fb None None] Running txn n=1 command(idx=2): PgAclAddCommand(_result=None, entity=pg_69f09692_14b7_45c7_bb43_fcb8cb3c54f5, direction=from-lport, priority=1002, match=inport == @pg_69f09692_14b7_45c7_bb43_fcb8cb3c54f5 && ip4, action=allow-related, log=False, may_exist=True, severity=[], name=[], meter=[], external_ids={'neutron:security_group_rule_id': '13049c3a-0364-4a1a-8da8-48e835ab11b4'}) {{(pid=104300) do_commit /opt/stack/data/venv/lib/python3.12/site-packages/ovsdbapp/backend/ovs_idl/transaction.py:89}}
Apr 27 13:24:41.274701 np0000170588 devstack@neutron-api.service[104300]: DEBUG ovsdbapp.backend.ovs_idl.transaction [None req-e405e775-629f-4b8c-b474-df1ac14c47fb None None] Running txn n=1 command(idx=3): PgAclAddCommand(_result=None, entity=pg_69f09692_14b7_45c7_bb43_fcb8cb3c54f5, direction=to-lport, priority=1002, match=outport == @pg_69f09692_14b7_45c7_bb43_fcb8cb3c54f5 && ip6 && ip6.src == $pg_69f09692_14b7_45c7_bb43_fcb8cb3c54f5_ip6, action=allow-related, log=False, may_exist=True, severity=[], name=[], meter=[], external_ids={'neutron:security_group_rule_id': '3e2c5050-e042-4078-931a-1ea8e2d0a2eb'}) {{(pid=104300) do_commit /opt/stack/data/venv/lib/python3.12/site-packages/ovsdbapp/backend/ovs_idl/transaction.py:89}}
Apr 27 13:24:41.274701 np0000170588 devstack@neutron-api.service[104300]: DEBUG ovsdbapp.backend.ovs_idl.transaction [None req-e405e775-629f-4b8c-b474-df1ac14c47fb None None] Running txn n=1 command(idx=4): PgAclAddCommand(_result=None, entity=pg_69f09692_14b7_45c7_bb43_fcb8cb3c54f5, direction=to-lport, priority=1002, match=outport == @pg_69f09692_14b7_45c7_bb43_fcb8cb3c54f5 && ip4 && ip4.src == $pg_69f09692_14b7_45c7_bb43_fcb8cb3c54f5_ip4, action=allow-related, log=False, may_exist=True, severity=[], name=[], meter=[], external_ids={'neutron:security_group_rule_id': '999a2b33-7dc2-4c88-b9e4-d7275d09ca56'}) {{(pid=104300) do_commit /opt/stack/data/venv/lib/python3.12/site-packages/ovsdbapp/backend/ovs_idl/transaction.py:89}}
Apr 27 13:24:41.311774 np0000170588 devstack@neutron-api.service[104300]: DEBUG neutron.plugins.ml2.drivers.ovn.mech_driver.ovsdb.ovsdb_monitor [None req-e405e775-629f-4b8c-b474-df1ac14c47fb None None] Hash Ring: Node b8bdec8006315e79a5df84a9fd19cedf (host: np0000170588) handling event "create" for row 1adc2c04-5a5e-4d4a-b05c-99e0c11bcca4 (table: Port_Group) {{(pid=104300) notify /opt/stack/neutron/neutron/plugins/ml2/drivers/ovn/mech_driver/ovsdb/ovsdb_monitor.py:914}}
Apr 27 13:24:41.312992 np0000170588 devstack@neutron-api.service[104301]: DEBUG neutron.plugins.ml2.drivers.ovn.mech_driver.ovsdb.ovsdb_monitor [None req-b2c9f2e9-1ab9-4ccc-8165-a6aef806139f None None] Hash Ring: Node e5fdf0feb1e85ecfb2811c9fabd800d4 (host: np0000170588) handling event "create" for row 37ca7044-7802-4c0d-8074-98d31ae0bb20 (table: ACL) {{(pid=104301) notify /opt/stack/neutron/neutron/plugins/ml2/drivers/ovn/mech_driver/ovsdb/ovsdb_monitor.py:914}}
Apr 27 13:24:41.313207 np0000170588 devstack@neutron-api.service[104301]: DEBUG neutron.plugins.ml2.drivers.ovn.mech_driver.ovsdb.ovsdb_monitor [None req-b2c9f2e9-1ab9-4ccc-8165-a6aef806139f None None] Hash Ring: Node e5fdf0feb1e85ecfb2811c9fabd800d4 (host: np0000170588) handling event "create" for row 8aa2a18e-a0c6-4616-b49e-395e00fcef9b (table: ACL) {{(pid=104301) notify /opt/stack/neutron/neutron/plugins/ml2/drivers/ovn/mech_driver/ovsdb/ovsdb_monitor.py:914}}
Apr 27 13:24:41.313427 np0000170588 devstack@neutron-api.service[104301]: DEBUG neutron.plugins.ml2.drivers.ovn.mech_driver.ovsdb.ovsdb_monitor [None req-b2c9f2e9-1ab9-4ccc-8165-a6aef806139f None None] Hash Ring: Node e5fdf0feb1e85ecfb2811c9fabd800d4 (host: np0000170588) handling event "create" for row a5ebed80-cea9-4fa7-8088-a22c74fc66e7 (table: ACL) {{(pid=104301) notify /opt/stack/neutron/neutron/plugins/ml2/drivers/ovn/mech_driver/ovsdb/ovsdb_monitor.py:914}}
Apr 27 13:24:41.313503 np0000170588 devstack@neutron-api.service[104302]: DEBUG neutron.plugins.ml2.drivers.ovn.mech_driver.ovsdb.ovsdb_monitor [None req-74e755ad-26c3-4250-acb6-752073ff70cd None None] Hash Ring: Node f49da340db0059a8a21db968e61da756 (host: np0000170588) handling event "create" for row 1644f14c-ce20-4b6f-96e1-421d12bf093e (table: ACL) {{(pid=104302) notify /opt/stack/neutron/neutron/plugins/ml2/drivers/ovn/mech_driver/ovsdb/ovsdb_monitor.py:914}}
Apr 27 13:24:41.335550 np0000170588 devstack@neutron-api.service[104300]: INFO neutron.db.ovn_revision_numbers_db [None req-a241b7d4-059e-45f7-9421-717004b6cc02 admin admin] Successfully bumped revision number for resource 69f09692-14b7-45c7-bb43-fcb8cb3c54f5 (type: security_groups) to 1
Apr 27 13:24:41.350024 np0000170588 devstack@neutron-api.service[104300]: INFO neutron.db.ovn_revision_numbers_db [None req-a241b7d4-059e-45f7-9421-717004b6cc02 admin admin] Successfully bumped revision number for resource 032ee63c-7f2d-4348-bac7-21528a7130e1 (type: security_group_rules) to 0
Apr 27 13:24:41.363350 np0000170588 devstack@neutron-api.service[104300]: INFO neutron.db.ovn_revision_numbers_db [None req-a241b7d4-059e-45f7-9421-717004b6cc02 admin admin] Successfully bumped revision number for resource 13049c3a-0364-4a1a-8da8-48e835ab11b4 (type: security_group_rules) to 0
Apr 27 13:24:41.378026 np0000170588 devstack@neutron-api.service[104300]: INFO neutron.db.ovn_revision_numbers_db [None req-a241b7d4-059e-45f7-9421-717004b6cc02 admin admin] Successfully bumped revision number for resource 3e2c5050-e042-4078-931a-1ea8e2d0a2eb (type: security_group_rules) to 0
Apr 27 13:24:41.391452 np0000170588 devstack@neutron-api.service[104300]: INFO neutron.db.ovn_revision_numbers_db [None req-a241b7d4-059e-45f7-9421-717004b6cc02 admin admin] Successfully bumped revision number for resource 999a2b33-7dc2-4c88-b9e4-d7275d09ca56 (type: security_group_rules) to 0
Apr 27 13:24:41.417035 np0000170588 devstack@neutron-api.service[104300]: DEBUG neutron.api.rpc.handlers.resources_rpc [None req-a241b7d4-059e-45f7-9421-717004b6cc02 admin admin] Pushing event updated for resources: {'SecurityGroup': ['ID=69f09692-14b7-45c7-bb43-fcb8cb3c54f5,revision_number=1']} {{(pid=104300) push /opt/stack/neutron/neutron/api/rpc/handlers/resources_rpc.py:237}}
Apr 27 13:24:41.425836 np0000170588 devstack@neutron-api.service[104300]: DEBUG ovsdbapp.backend.ovs_idl.transaction [None req-e405e775-629f-4b8c-b474-df1ac14c47fb None None] Running txn n=1 command(idx=0): CheckLivenessCommand(_result=None) {{(pid=104300) do_commit /opt/stack/data/venv/lib/python3.12/site-packages/ovsdbapp/backend/ovs_idl/transaction.py:89}}
Apr 27 13:24:41.431065 np0000170588 devstack@neutron-api.service[104300]: DEBUG neutron.api.rpc.callbacks.version_manager [None req-a241b7d4-059e-45f7-9421-717004b6cc02 admin admin] Tracked resource versions report:
Apr 27 13:24:41.431065 np0000170588 devstack@neutron-api.service[104300]: pushed versions:
Apr 27 13:24:41.431065 np0000170588 devstack@neutron-api.service[104300]: { 'AddressGroup': {'1.2'},
Apr 27 13:24:41.431065 np0000170588 devstack@neutron-api.service[104300]: 'Agent': {'1.1'},
Apr 27 13:24:41.431065 np0000170588 devstack@neutron-api.service[104300]: 'ConntrackHelper': {'1.0'},
Apr 27 13:24:41.431065 np0000170588 devstack@neutron-api.service[104300]: 'LocalIPAssociation': {'1.0'},
Apr 27 13:24:41.431065 np0000170588 devstack@neutron-api.service[104300]: 'Log': {'1.0'},
Apr 27 13:24:41.431065 np0000170588 devstack@neutron-api.service[104300]: 'NDPProxy': {'1.0'},
Apr 27 13:24:41.431065 np0000170588 devstack@neutron-api.service[104300]: 'Network': {'1.2'},
Apr 27 13:24:41.431065 np0000170588 devstack@neutron-api.service[104300]: 'Port': {'1.10'},
Apr 27 13:24:41.431065 np0000170588 devstack@neutron-api.service[104300]: 'PortForwarding': {'1.3'},
Apr 27 13:24:41.431065 np0000170588 devstack@neutron-api.service[104300]: 'QosPolicy': {'1.10'},
Apr 27 13:24:41.431065 np0000170588 devstack@neutron-api.service[104300]: 'SecurityGroup': {'1.6'},
Apr 27 13:24:41.431065 np0000170588 devstack@neutron-api.service[104300]: 'SecurityGroupRule': {'1.3'},
Apr 27 13:24:41.431065 np0000170588 devstack@neutron-api.service[104300]: 'SubPort': {'1.0'},
Apr 27 13:24:41.431065 np0000170588 devstack@neutron-api.service[104300]: 'Subnet': {'1.2'},
Apr 27 13:24:41.431065 np0000170588 devstack@neutron-api.service[104300]: 'Trunk': {'1.1'}}
Apr 27 13:24:41.431065 np0000170588 devstack@neutron-api.service[104300]: consumer versions:
Apr 27 13:24:41.431065 np0000170588 devstack@neutron-api.service[104300]: { OVN Controller Gateway agent@np0000170588: {},
Apr 27 13:24:41.431065 np0000170588 devstack@neutron-api.service[104300]: OVN Neutron agent@np0000170588: {}}
Apr 27 13:24:41.431065 np0000170588 devstack@neutron-api.service[104300]: {{(pid=104300) report /opt/stack/neutron/neutron/api/rpc/callbacks/version_manager.py:183}}
Apr 27 13:24:41.431704 np0000170588 devstack@neutron-api.service[104302]: DEBUG neutron.plugins.ml2.drivers.ovn.mech_driver.ovsdb.ovsdb_monitor [None req-74e755ad-26c3-4250-acb6-752073ff70cd None None] Hash Ring: Node f49da340db0059a8a21db968e61da756 (host: np0000170588) handling event "update" for row f703c6a0-997d-4f9e-9c37-511940bb6d64 (table: NB_Global) {{(pid=104302) notify /opt/stack/neutron/neutron/plugins/ml2/drivers/ovn/mech_driver/ovsdb/ovsdb_monitor.py:914}}
Apr 27 13:24:41.432171 np0000170588 devstack@neutron-api.service[104302]: DEBUG neutron.plugins.ml2.drivers.ovn.mech_driver.ovsdb.ovsdb_monitor [None req-74e755ad-26c3-4250-acb6-752073ff70cd None None] Hash Ring: Node f49da340db0059a8a21db968e61da756 (host: np0000170588) handling event "update" for row f703c6a0-997d-4f9e-9c37-511940bb6d64 (table: NB_Global) {{(pid=104302) notify /opt/stack/neutron/neutron/plugins/ml2/drivers/ovn/mech_driver/ovsdb/ovsdb_monitor.py:914}}
Apr 27 13:24:41.435595 np0000170588 devstack@neutron-api.service[104299]: DEBUG neutron.plugins.ml2.drivers.ovn.mech_driver.ovsdb.ovsdb_monitor [None req-73303f12-735d-45a3-9df9-9a4f5348ab7c None None] ChassisAgentWriteEvent : Matched Chassis_Private, update, None None {{(pid=104299) matches /opt/stack/neutron/neutron/plugins/ml2/drivers/ovn/mech_driver/ovsdb/ovsdb_monitor.py:64}}
Apr 27 13:24:41.436508 np0000170588 devstack@neutron-api.service[104302]: DEBUG neutron.plugins.ml2.drivers.ovn.mech_driver.ovsdb.ovsdb_monitor [None req-74e755ad-26c3-4250-acb6-752073ff70cd None None] Hash Ring: Node f49da340db0059a8a21db968e61da756 (host: np0000170588) handling event "update" for row f703c6a0-997d-4f9e-9c37-511940bb6d64 (table: NB_Global) {{(pid=104302) notify /opt/stack/neutron/neutron/plugins/ml2/drivers/ovn/mech_driver/ovsdb/ovsdb_monitor.py:914}}
Apr 27 13:24:41.438085 np0000170588 devstack@neutron-api.service[104301]: DEBUG neutron.plugins.ml2.drivers.ovn.mech_driver.ovsdb.ovsdb_monitor [None req-380896e9-d429-459a-b43d-49472076ce68 None None] ChassisAgentWriteEvent : Matched Chassis_Private, update, None None {{(pid=104301) matches /opt/stack/neutron/neutron/plugins/ml2/drivers/ovn/mech_driver/ovsdb/ovsdb_monitor.py:64}}
Apr 27 13:24:41.438960 np0000170588 devstack@neutron-api.service[104302]: DEBUG neutron.plugins.ml2.drivers.ovn.mech_driver.ovsdb.ovsdb_monitor [None req-74e755ad-26c3-4250-acb6-752073ff70cd None None] Hash Ring: Node f49da340db0059a8a21db968e61da756 (host: np0000170588) handling event "update" for row f703c6a0-997d-4f9e-9c37-511940bb6d64 (table: NB_Global) {{(pid=104302) notify /opt/stack/neutron/neutron/plugins/ml2/drivers/ovn/mech_driver/ovsdb/ovsdb_monitor.py:914}}
Apr 27 13:24:41.440157 np0000170588 devstack@neutron-api.service[104302]: DEBUG neutron.plugins.ml2.drivers.ovn.mech_driver.ovsdb.ovsdb_monitor [None req-4a997f20-d9fa-4d6d-a0ad-43ee4df40fa4 None None] ChassisAgentWriteEvent : Matched Chassis_Private, update, None None {{(pid=104302) matches /opt/stack/neutron/neutron/plugins/ml2/drivers/ovn/mech_driver/ovsdb/ovsdb_monitor.py:64}}
Apr 27 13:24:41.445846 np0000170588 devstack@neutron-api.service[104299]: DEBUG neutron.common.ovn.hash_ring_manager [None req-73303f12-735d-45a3-9df9-9a4f5348ab7c None None] Hash Ring loaded. 4 active nodes. 0 offline nodes {{(pid=104299) _load_hash_ring /opt/stack/neutron/neutron/common/ovn/hash_ring_manager.py:102}}
Apr 27 13:24:41.446460 np0000170588 devstack@neutron-api.service[104302]: DEBUG neutron.common.ovn.hash_ring_manager [None req-4a997f20-d9fa-4d6d-a0ad-43ee4df40fa4 None None] Hash Ring loaded. 4 active nodes. 0 offline nodes {{(pid=104302) _load_hash_ring /opt/stack/neutron/neutron/common/ovn/hash_ring_manager.py:102}}
Apr 27 13:24:41.446819 np0000170588 devstack@neutron-api.service[104300]: DEBUG neutron.plugins.ml2.drivers.ovn.mech_driver.ovsdb.ovsdb_monitor [None req-53c574d8-b375-45f8-97ba-3395eacce1fc None None] ChassisAgentWriteEvent : Matched Chassis_Private, update, None None {{(pid=104300) matches /opt/stack/neutron/neutron/plugins/ml2/drivers/ovn/mech_driver/ovsdb/ovsdb_monitor.py:64}}
Apr 27 13:24:41.449336 np0000170588 devstack@neutron-api.service[104301]: DEBUG neutron.common.ovn.hash_ring_manager [None req-380896e9-d429-459a-b43d-49472076ce68 None None] Hash Ring loaded. 4 active nodes. 0 offline nodes {{(pid=104301) _load_hash_ring /opt/stack/neutron/neutron/common/ovn/hash_ring_manager.py:102}}
Apr 27 13:24:41.449512 np0000170588 devstack@neutron-api.service[104301]: DEBUG neutron.plugins.ml2.drivers.ovn.mech_driver.ovsdb.ovsdb_monitor [None req-380896e9-d429-459a-b43d-49472076ce68 None None] Hash Ring: Node e5fdf0feb1e85ecfb2811c9fabd800d4 (host: np0000170588) handling event "update" for row be56bbda-34fb-41b5-bb16-4598f8f58023 (table: Chassis_Private) {{(pid=104301) notify /opt/stack/neutron/neutron/plugins/ml2/drivers/ovn/mech_driver/ovsdb/ovsdb_monitor.py:914}}
Apr 27 13:24:41.461054 np0000170588 devstack@neutron-api.service[104300]: DEBUG neutron.common.ovn.hash_ring_manager [None req-53c574d8-b375-45f8-97ba-3395eacce1fc None None] Hash Ring loaded. 4 active nodes. 0 offline nodes {{(pid=104300) _load_hash_ring /opt/stack/neutron/neutron/common/ovn/hash_ring_manager.py:102}}
Apr 27 13:24:41.486117 np0000170588 devstack@neutron-api.service[104300]: DEBUG neutron.plugins.ml2.drivers.helpers [None req-a241b7d4-059e-45f7-9421-717004b6cc02 admin admin] geneve segment allocate from pool success with {'geneve_vni': 29092} {{(pid=104300) allocate_partially_specified_segment /opt/stack/neutron/neutron/plugins/ml2/drivers/helpers.py:142}}
Apr 27 13:24:41.495111 np0000170588 devstack@neutron-api.service[104300]: DEBUG neutron_lib.callbacks.manager [None req-a241b7d4-059e-45f7-9421-717004b6cc02 admin admin] Publish callbacks ['neutron.services.segments.db._add_segment_host_mapping_for_segment-8294117454508', 'neutron.plugins.ml2.plugin.Ml2Plugin._handle_segment_change-472792'] for segment (5ddb75d8-3df2-4763-a66b-19bd4f1f6da2), precommit_create {{(pid=104300) _notify_loop /opt/stack/data/venv/lib/python3.12/site-packages/neutron_lib/callbacks/manager.py:184}}
Apr 27 13:24:41.495290 np0000170588 devstack@neutron-api.service[104300]: INFO neutron.db.segments_db [None req-a241b7d4-059e-45f7-9421-717004b6cc02 admin admin] Added segment 5ddb75d8-3df2-4763-a66b-19bd4f1f6da2 of type geneve for network 2ddb5faa-8b99-47df-b947-65d0f622689d
Apr 27 13:24:41.507473 np0000170588 devstack@neutron-api.service[104300]: DEBUG neutron_lib.callbacks.manager [None req-a241b7d4-059e-45f7-9421-717004b6cc02 admin admin] Publish callbacks ['neutron.services.auto_allocate.db._ensure_external_network_default_value_callback-8294116272252'] for network (2ddb5faa-8b99-47df-b947-65d0f622689d), precommit_create {{(pid=104300) _notify_loop /opt/stack/data/venv/lib/python3.12/site-packages/neutron_lib/callbacks/manager.py:184}}
Apr 27 13:24:41.519499 np0000170588 devstack@neutron-api.service[104300]: DEBUG neutron.plugins.ml2.drivers.ovn.mech_driver.mech_driver [None req-a241b7d4-059e-45f7-9421-717004b6cc02 admin admin] Validating network segment with type geneve, segmentation ID 29092, physical network None {{(pid=104300) _validate_network_segments /opt/stack/neutron/neutron/plugins/ml2/drivers/ovn/mech_driver/mech_driver.py:641}}
Apr 27 13:24:41.519604 np0000170588 devstack@neutron-api.service[104300]: DEBUG neutron.db.ovn_revision_numbers_db [None req-a241b7d4-059e-45f7-9421-717004b6cc02 admin admin] create_initial_revision uuid=2ddb5faa-8b99-47df-b947-65d0f622689d, type=networks, rev=-1 {{(pid=104300) create_initial_revision /opt/stack/neutron/neutron/db/ovn_revision_numbers_db.py:98}}
Apr 27 13:24:41.529767 np0000170588 devstack@neutron-api.service[104300]: DEBUG neutron_lib.callbacks.manager [None req-a241b7d4-059e-45f7-9421-717004b6cc02 admin admin] Publish callbacks ['neutron.plugins.ml2.ovo_rpc._ObjectChangeHandler.handle_event-3235062'] for network (2ddb5faa-8b99-47df-b947-65d0f622689d), after_create {{(pid=104300) _notify_loop /opt/stack/data/venv/lib/python3.12/site-packages/neutron_lib/callbacks/manager.py:184}}
Apr 27 13:24:41.546385 np0000170588 devstack@neutron-api.service[104300]: DEBUG neutron.api.rpc.handlers.resources_rpc [None req-a241b7d4-059e-45f7-9421-717004b6cc02 admin admin] Pushing event updated for resources: {'Network': ['ID=2ddb5faa-8b99-47df-b947-65d0f622689d,revision_number=1']} {{(pid=104300) push /opt/stack/neutron/neutron/api/rpc/handlers/resources_rpc.py:237}}
Apr 27 13:24:41.554473 np0000170588 devstack@neutron-api.service[104300]: DEBUG ovsdbapp.backend.ovs_idl.transaction [None req-e405e775-629f-4b8c-b474-df1ac14c47fb None None] Running txn n=1 command(idx=0): AddNetworkCommand(_result=None, network_uuid=2ddb5faa-8b99-47df-b947-65d0f622689d, may_exist=True, columns={'external_ids': {'neutron:network_name': 'admin_net', 'neutron:mtu': '1372', 'neutron:revision_number': '1', 'neutron:availability_zone_hints': '', 'neutron:provnet-network-type': 'geneve'}, 'other_config': {'mcast_snoop': 'false', 'mcast_flood_unregistered': 'false', 'vlan-passthru': 'false'}}) {{(pid=104300) do_commit /opt/stack/data/venv/lib/python3.12/site-packages/ovsdbapp/backend/ovs_idl/transaction.py:89}}
Apr 27 13:24:41.558440 np0000170588 devstack@neutron-api.service[104300]: DEBUG neutron.plugins.ml2.drivers.ovn.mech_driver.ovsdb.ovsdb_monitor [None req-e405e775-629f-4b8c-b474-df1ac14c47fb None None] Hash Ring: Node b8bdec8006315e79a5df84a9fd19cedf (host: np0000170588) handling event "create" for row 2ddb5faa-8b99-47df-b947-65d0f622689d (table: Logical_Switch) {{(pid=104300) notify /opt/stack/neutron/neutron/plugins/ml2/drivers/ovn/mech_driver/ovsdb/ovsdb_monitor.py:914}}
Apr 27 13:24:41.566629 np0000170588 devstack@neutron-api.service[104301]: DEBUG neutron.plugins.ml2.drivers.ovn.mech_driver.ovsdb.ovsdb_monitor [None req-380896e9-d429-459a-b43d-49472076ce68 None None] Hash Ring: Node e5fdf0feb1e85ecfb2811c9fabd800d4 (host: np0000170588) handling event "create" for row d324ee95-eac2-4576-a217-5fcef401b008 (table: Datapath_Binding) {{(pid=104301) notify /opt/stack/neutron/neutron/plugins/ml2/drivers/ovn/mech_driver/ovsdb/ovsdb_monitor.py:914}}
Apr 27 13:24:41.581726 np0000170588 devstack@neutron-api.service[104300]: INFO neutron.db.ovn_revision_numbers_db [None req-a241b7d4-059e-45f7-9421-717004b6cc02 admin admin] Successfully bumped revision number for resource 2ddb5faa-8b99-47df-b947-65d0f622689d (type: networks) to 1
Apr 27 13:24:41.596370 np0000170588 devstack@neutron-api.service[104300]: DEBUG neutron_lib.callbacks.manager [None req-a241b7d4-059e-45f7-9421-717004b6cc02 admin admin] Publish callbacks ['neutron.plugins.ml2.plugin.SecurityGroupDbMixin._ensure_default_security_group_handler-210320'] for port (None), before_create {{(pid=104300) _notify_loop /opt/stack/data/venv/lib/python3.12/site-packages/neutron_lib/callbacks/manager.py:184}}
Apr 27 13:24:41.655198 np0000170588 devstack@neutron-api.service[104300]: DEBUG neutron_lib.callbacks.manager [None req-a241b7d4-059e-45f7-9421-717004b6cc02 admin admin] Publish callbacks ['neutron.plugins.ml2.drivers.ovn.mech_driver.mech_driver.OVNMechanismDriver._validate_allowed_address_pairs-1036930'] for allowed_address_pair (082a24c1-31ef-4de3-8440-391fae517f12), before_create {{(pid=104300) _notify_loop /opt/stack/data/venv/lib/python3.12/site-packages/neutron_lib/callbacks/manager.py:184}}
Apr 27 13:24:41.655675 np0000170588 devstack@neutron-api.service[104300]: DEBUG neutron_lib.callbacks.manager [None req-a241b7d4-059e-45f7-9421-717004b6cc02 admin admin] Publish callbacks [] for port (082a24c1-31ef-4de3-8440-391fae517f12), precommit_create {{(pid=104300) _notify_loop /opt/stack/data/venv/lib/python3.12/site-packages/neutron_lib/callbacks/manager.py:184}}
Apr 27 13:24:41.655821 np0000170588 devstack@neutron-api.service[104300]: DEBUG neutron.plugins.ml2.drivers.ovn.mech_driver.mech_driver [None req-a241b7d4-059e-45f7-9421-717004b6cc02 admin admin] No provisioning block for port 082a24c1-31ef-4de3-8440-391fae517f12 since it does not have a host {{(pid=104300) _is_port_provisioning_required /opt/stack/neutron/neutron/plugins/ml2/drivers/ovn/mech_driver/mech_driver.py:894}}
Apr 27 13:24:41.655913 np0000170588 devstack@neutron-api.service[104300]: DEBUG neutron.db.ovn_revision_numbers_db [None req-a241b7d4-059e-45f7-9421-717004b6cc02 admin admin] create_initial_revision uuid=082a24c1-31ef-4de3-8440-391fae517f12, type=ports, rev=-1 {{(pid=104300) create_initial_revision /opt/stack/neutron/neutron/db/ovn_revision_numbers_db.py:98}}
Apr 27 13:24:41.682716 np0000170588 devstack@neutron-api.service[104300]: DEBUG neutron_lib.callbacks.manager [None req-a241b7d4-059e-45f7-9421-717004b6cc02 admin admin] Publish callbacks ['neutron.plugins.ml2.ovo_rpc._ObjectChangeHandler.handle_event-3235077'] for port (082a24c1-31ef-4de3-8440-391fae517f12), after_create {{(pid=104300) _notify_loop /opt/stack/data/venv/lib/python3.12/site-packages/neutron_lib/callbacks/manager.py:184}}
Apr 27 13:24:41.712645 np0000170588 devstack@neutron-api.service[104300]: DEBUG neutron.api.rpc.handlers.resources_rpc [None req-a241b7d4-059e-45f7-9421-717004b6cc02 admin admin] Pushing event updated for resources: {'Port': ['ID=082a24c1-31ef-4de3-8440-391fae517f12,revision_number=1']} {{(pid=104300) push /opt/stack/neutron/neutron/api/rpc/handlers/resources_rpc.py:237}}
Apr 27 13:24:41.720136 np0000170588 devstack@neutron-api.service[104300]: DEBUG ovsdbapp.backend.ovs_idl.transaction [None req-e405e775-629f-4b8c-b474-df1ac14c47fb None None] Running txn n=1 command(idx=0): AddLSwitchPortCommand(_result=None, lport=082a24c1-31ef-4de3-8440-391fae517f12, lswitch=neutron-2ddb5faa-8b99-47df-b947-65d0f622689d, may_exist=True, network_uuid=2ddb5faa-8b99-47df-b947-65d0f622689d, columns={'addresses': ['fa:16:3e:17:e3:b4'], 'external_ids': {'neutron:port_name': '', 'neutron:device_id': 'ovnmeta-2ddb5faa-8b99-47df-b947-65d0f622689d', 'neutron:project_id': 'b5eca3b5a41844e2803f3d8d5b6f78fa', 'neutron:cidrs': '', 'neutron:device_owner': 'network:distributed', 'neutron:subnet_pool_addr_scope4': '', 'neutron:subnet_pool_addr_scope6': '', 'neutron:network_name': 'neutron-2ddb5faa-8b99-47df-b947-65d0f622689d', 'neutron:security_group_ids': '', 'neutron:revision_number': '1', 'neutron:vnic_type': 'normal', 'neutron:port_capabilities': '', 'neutron:mtu': ''}, 'parent_name': [], 'tag': [], 'enabled': True, 'options': {}, 'type': 'localport', 'port_security': [], 'dhcpv4_options': [], 'dhcpv6_options': []}) {{(pid=104300) do_commit /opt/stack/data/venv/lib/python3.12/site-packages/ovsdbapp/backend/ovs_idl/transaction.py:89}}
Apr 27 13:24:41.722900 np0000170588 devstack@neutron-api.service[104300]: DEBUG ovsdbapp.backend.ovs_idl.transaction [None req-e405e775-629f-4b8c-b474-df1ac14c47fb None None] Running txn n=1 command(idx=1): QoSDelCommand(_result=None, switch=neutron-2ddb5faa-8b99-47df-b947-65d0f622689d, conditions=[('direction', '=', 'to-lport'), ('priority', '=', 2002), ('match', '=', 'outport == "082a24c1-31ef-4de3-8440-391fae517f12"')], if_exists=True) {{(pid=104300) do_commit /opt/stack/data/venv/lib/python3.12/site-packages/ovsdbapp/backend/ovs_idl/transaction.py:89}}
Apr 27 13:24:41.723340 np0000170588 devstack@neutron-api.service[104300]: DEBUG ovsdbapp.backend.ovs_idl.transaction [None req-e405e775-629f-4b8c-b474-df1ac14c47fb None None] Running txn n=1 command(idx=2): QoSDelCommand(_result=None, switch=neutron-2ddb5faa-8b99-47df-b947-65d0f622689d, conditions=[('direction', '=', 'from-lport'), ('priority', '=', 2002), ('match', '=', 'inport == "082a24c1-31ef-4de3-8440-391fae517f12"')], if_exists=True) {{(pid=104300) do_commit /opt/stack/data/venv/lib/python3.12/site-packages/ovsdbapp/backend/ovs_idl/transaction.py:89}}
Apr 27 13:24:41.727115 np0000170588 devstack@neutron-api.service[104300]: DEBUG neutron.plugins.ml2.drivers.ovn.mech_driver.ovsdb.ovsdb_monitor [None req-e405e775-629f-4b8c-b474-df1ac14c47fb None None] Hash Ring: Node b8bdec8006315e79a5df84a9fd19cedf (host: np0000170588) handling event "update" for row 2ddb5faa-8b99-47df-b947-65d0f622689d (table: Logical_Switch) {{(pid=104300) notify /opt/stack/neutron/neutron/plugins/ml2/drivers/ovn/mech_driver/ovsdb/ovsdb_monitor.py:914}}
Apr 27 13:24:41.732908 np0000170588 devstack@neutron-api.service[104299]: DEBUG futurist.periodics [-] Submitting periodic callback 'neutron.plugins.ml2.drivers.ovn.mech_driver.ovsdb.maintenance.HashRingHealthCheckPeriodics.touch_hash_ring_node' {{(pid=104299) _process_scheduled /opt/stack/data/venv/lib/python3.12/site-packages/futurist/periodics.py:784}}
Apr 27 13:24:41.733548 np0000170588 devstack@neutron-api.service[104299]: DEBUG neutron.plugins.ml2.drivers.ovn.mech_driver.ovsdb.maintenance [-] Touching Hash Ring node "c828989ed04b5adba90cf7f52825abdf" from periodic health check thread {{(pid=104299) touch_hash_ring_node /opt/stack/neutron/neutron/plugins/ml2/drivers/ovn/mech_driver/ovsdb/maintenance.py:1449}}
Apr 27 13:24:41.736541 np0000170588 devstack@neutron-api.service[104301]: DEBUG neutron.plugins.ml2.drivers.ovn.mech_driver.ovsdb.ovsdb_monitor [None req-b2c9f2e9-1ab9-4ccc-8165-a6aef806139f None None] Hash Ring: Node e5fdf0feb1e85ecfb2811c9fabd800d4 (host: np0000170588) handling event "create" for row ce874894-1bb8-4bb3-bf74-a55eafae8e35 (table: Logical_Switch_Port) {{(pid=104301) notify /opt/stack/neutron/neutron/plugins/ml2/drivers/ovn/mech_driver/ovsdb/ovsdb_monitor.py:914}}
Apr 27 13:24:41.737459 np0000170588 devstack@neutron-api.service[104301]: DEBUG ovsdbapp.backend.ovs_idl.event [None req-b2c9f2e9-1ab9-4ccc-8165-a6aef806139f None None] Matched CREATE: LogicalSwitchPortCreateEvent(events=('create',), table='Logical_Switch_Port', conditions=[], old_conditions=None), priority=20 to row=Logical_Switch_Port(uuid=ce874894-1bb8-4bb3-bf74-a55eafae8e35, addresses=['fa:16:3e:17:e3:b4'], dhcpv4_options=[], dhcpv6_options=[], dynamic_addresses=[], enabled=True, external_ids={'neutron:cidrs': '', 'neutron:device_id': 'ovnmeta-2ddb5faa-8b99-47df-b947-65d0f622689d', 'neutron:device_owner': 'network:distributed', 'neutron:mtu': '', 'neutron:network_name': 'neutron-2ddb5faa-8b99-47df-b947-65d0f622689d', 'neutron:port_capabilities': '', 'neutron:port_name': '', 'neutron:project_id': 'b5eca3b5a41844e2803f3d8d5b6f78fa', 'neutron:revision_number': '1', 'neutron:security_group_ids': '', 'neutron:subnet_pool_addr_scope4': '', 'neutron:subnet_pool_addr_scope6': '', 'neutron:vnic_type': 'normal'}, ha_chassis_group=[], mirror_rules=[], name='082a24c1-31ef-4de3-8440-391fae517f12', options={}, parent_name=[], port_security=[], tag=[], tag_request=[], type='localport', up=[]) old= {{(pid=104301) matches /opt/stack/data/venv/lib/python3.12/site-packages/ovsdbapp/backend/ovs_idl/event.py:55}}
Apr 27 13:24:41.740191 np0000170588 devstack@neutron-api.service[104301]: INFO neutron.plugins.ml2.drivers.ovn.mech_driver.mech_driver [None req-240d28e5-78c8-401d-a24b-f0126db205ec None None] OVN reports status down for port: 082a24c1-31ef-4de3-8440-391fae517f12
Apr 27 13:24:41.741560 np0000170588 devstack@neutron-api.service[104301]: DEBUG neutron.plugins.ml2.drivers.ovn.mech_driver.ovsdb.ovsdb_monitor [None req-b2c9f2e9-1ab9-4ccc-8165-a6aef806139f None None] Hash Ring: Node e5fdf0feb1e85ecfb2811c9fabd800d4 (host: np0000170588) handling event "update" for row ce874894-1bb8-4bb3-bf74-a55eafae8e35 (table: Logical_Switch_Port) {{(pid=104301) notify /opt/stack/neutron/neutron/plugins/ml2/drivers/ovn/mech_driver/ovsdb/ovsdb_monitor.py:914}}
Apr 27 13:24:41.742724 np0000170588 devstack@neutron-api.service[104300]: DEBUG neutron.plugins.ml2.drivers.ovn.mech_driver.ovsdb.ovsdb_monitor [None req-53c574d8-b375-45f8-97ba-3395eacce1fc None None] Hash Ring: Node b8bdec8006315e79a5df84a9fd19cedf (host: np0000170588) handling event "create" for row 5a1ad160-4baf-43fd-8d73-c1681a305a67 (table: Port_Binding) {{(pid=104300) notify /opt/stack/neutron/neutron/plugins/ml2/drivers/ovn/mech_driver/ovsdb/ovsdb_monitor.py:914}}
Apr 27 13:24:41.760014 np0000170588 devstack@neutron-api.service[104300]: INFO neutron.db.ovn_revision_numbers_db [None req-a241b7d4-059e-45f7-9421-717004b6cc02 admin admin] Successfully bumped revision number for resource 082a24c1-31ef-4de3-8440-391fae517f12 (type: ports) to 1
Apr 27 13:24:41.767248 np0000170588 devstack@neutron-api.service[104300]: DEBUG neutron.pecan_wsgi.hooks.policy_enforcement [None req-a241b7d4-059e-45f7-9421-717004b6cc02 admin admin] Attributes excluded by policy engine: ['standard_attr_id'] {{(pid=104300) _exclude_attributes_by_policy /opt/stack/neutron/neutron/pecan_wsgi/hooks/policy_enforcement.py:256}}
Apr 27 13:24:41.767569 np0000170588 devstack@neutron-api.service[104300]: DEBUG neutron_lib.callbacks.manager [None req-a241b7d4-059e-45f7-9421-717004b6cc02 admin admin] Publish callbacks [] for network (None), before_response {{(pid=104300) _notify_loop /opt/stack/data/venv/lib/python3.12/site-packages/neutron_lib/callbacks/manager.py:184}}
Apr 27 13:24:41.768872 np0000170588 devstack@neutron-api.service[104301]: DEBUG neutron.db.provisioning_blocks [None req-240d28e5-78c8-401d-a24b-f0126db205ec None None] Transition to ACTIVE for port object 082a24c1-31ef-4de3-8440-391fae517f12 will not be triggered until provisioned by entity L2. {{(pid=104301) add_provisioning_component /opt/stack/neutron/neutron/db/provisioning_blocks.py:74}}
