Apr 07 21:06:06.577047 np0000164084 devstack@neutron-api.service[101959]: DEBUG ovsdbapp.backend.ovs_idl.transaction [None req-8a7b4d86-d399-4887-8431-1f1a4e8fb61d None None] Running txn n=1 command(idx=3): PgAclAddCommand(_result=None, entity=pg_c2a1e972_d914_4e3e_88b4_5886d5446b2b, direction=from-lport, priority=1002, match=inport == @pg_c2a1e972_d914_4e3e_88b4_5886d5446b2b && ip6, action=allow-related, log=False, may_exist=True, severity=[], name=[], meter=[], external_ids={'neutron:security_group_rule_id': '40f665b7-0e7f-43cd-9fc2-c949c44a35d1'}) {{(pid=101959) do_commit /opt/stack/data/venv/lib/python3.12/site-packages/ovsdbapp/backend/ovs_idl/transaction.py:89}}
Apr 07 21:06:06.577369 np0000164084 devstack@neutron-api.service[101959]: DEBUG ovsdbapp.backend.ovs_idl.transaction [None req-8a7b4d86-d399-4887-8431-1f1a4e8fb61d None None] Running txn n=1 command(idx=4): PgAclAddCommand(_result=None, entity=pg_c2a1e972_d914_4e3e_88b4_5886d5446b2b, direction=to-lport, priority=1002, match=outport == @pg_c2a1e972_d914_4e3e_88b4_5886d5446b2b && ip6 && ip6.src == $pg_c2a1e972_d914_4e3e_88b4_5886d5446b2b_ip6, action=allow-related, log=False, may_exist=True, severity=[], name=[], meter=[], external_ids={'neutron:security_group_rule_id': 'bdb4095e-5264-4702-93b8-6b0c3ff57d11'}) {{(pid=101959) do_commit /opt/stack/data/venv/lib/python3.12/site-packages/ovsdbapp/backend/ovs_idl/transaction.py:89}}
Apr 07 21:06:06.589037 np0000164084 devstack@neutron-api.service[101959]: DEBUG neutron.common.ovn.hash_ring_manager [None req-8a7b4d86-d399-4887-8431-1f1a4e8fb61d None None] Hash Ring loaded. 4 active nodes. 0 offline nodes {{(pid=101959) _load_hash_ring /opt/stack/neutron/neutron/common/ovn/hash_ring_manager.py:102}}
Apr 07 21:06:06.592859 np0000164084 devstack@neutron-api.service[101958]: DEBUG neutron.common.ovn.hash_ring_manager [None req-b0201a07-2d41-4dbf-a7b6-445648fd7607 None None] Hash Ring loaded. 4 active nodes. 0 offline nodes {{(pid=101958) _load_hash_ring /opt/stack/neutron/neutron/common/ovn/hash_ring_manager.py:102}}
Apr 07 21:06:06.593031 np0000164084 devstack@neutron-api.service[101956]: DEBUG neutron.common.ovn.hash_ring_manager [None req-4855f09c-6695-4558-8c4a-ae1960dcfc56 None None] Hash Ring loaded. 4 active nodes. 0 offline nodes {{(pid=101956) _load_hash_ring /opt/stack/neutron/neutron/common/ovn/hash_ring_manager.py:102}}
Apr 07 21:06:06.593304 np0000164084 devstack@neutron-api.service[101958]: DEBUG neutron.plugins.ml2.drivers.ovn.mech_driver.ovsdb.ovsdb_monitor [None req-b0201a07-2d41-4dbf-a7b6-445648fd7607 None None] Hash Ring: Node 9d4ca92dbf7b5e498d9b87d3c5579e50 (host: np0000164084) handling event "create" for row ec3d7eac-db29-4bc2-b923-21bb5c7ea263 (table: ACL) {{(pid=101958) notify /opt/stack/neutron/neutron/plugins/ml2/drivers/ovn/mech_driver/ovsdb/ovsdb_monitor.py:912}}
Apr 07 21:06:06.593371 np0000164084 devstack@neutron-api.service[101957]: DEBUG neutron.common.ovn.hash_ring_manager [None req-0f9abe70-8213-46f3-acb5-e0e4f146c5ee None None] Hash Ring loaded. 4 active nodes. 0 offline nodes {{(pid=101957) _load_hash_ring /opt/stack/neutron/neutron/common/ovn/hash_ring_manager.py:102}}
Apr 07 21:06:06.593419 np0000164084 devstack@neutron-api.service[101956]: DEBUG neutron.plugins.ml2.drivers.ovn.mech_driver.ovsdb.ovsdb_monitor [None req-4855f09c-6695-4558-8c4a-ae1960dcfc56 None None] Hash Ring: Node 3157cf3c7276575db2cdd852ce949af4 (host: np0000164084) handling event "create" for row 2b7b9a0f-398d-4b04-a094-b05746e7acf5 (table: ACL) {{(pid=101956) notify /opt/stack/neutron/neutron/plugins/ml2/drivers/ovn/mech_driver/ovsdb/ovsdb_monitor.py:912}}
Apr 07 21:06:06.593457 np0000164084 devstack@neutron-api.service[101958]: DEBUG neutron.plugins.ml2.drivers.ovn.mech_driver.ovsdb.ovsdb_monitor [None req-b0201a07-2d41-4dbf-a7b6-445648fd7607 None None] Hash Ring: Node 9d4ca92dbf7b5e498d9b87d3c5579e50 (host: np0000164084) handling event "create" for row 2e751dda-0d64-4a5a-aa37-d2ffc1317237 (table: Port_Group) {{(pid=101958) notify /opt/stack/neutron/neutron/plugins/ml2/drivers/ovn/mech_driver/ovsdb/ovsdb_monitor.py:912}}
Apr 07 21:06:06.593501 np0000164084 devstack@neutron-api.service[101957]: DEBUG neutron.plugins.ml2.drivers.ovn.mech_driver.ovsdb.ovsdb_monitor [None req-0f9abe70-8213-46f3-acb5-e0e4f146c5ee None None] Hash Ring: Node 0efdb1febb995fe68dc2d48662e5da18 (host: np0000164084) handling event "create" for row 4199afb6-af2b-4718-8dcd-fb0c8e33eea6 (table: ACL) {{(pid=101957) notify /opt/stack/neutron/neutron/plugins/ml2/drivers/ovn/mech_driver/ovsdb/ovsdb_monitor.py:912}}
Apr 07 21:06:06.593551 np0000164084 devstack@neutron-api.service[101957]: DEBUG neutron.plugins.ml2.drivers.ovn.mech_driver.ovsdb.ovsdb_monitor [None req-0f9abe70-8213-46f3-acb5-e0e4f146c5ee None None] Hash Ring: Node 0efdb1febb995fe68dc2d48662e5da18 (host: np0000164084) handling event "create" for row 4385d675-235e-4904-bf23-d42c63883ccb (table: ACL) {{(pid=101957) notify /opt/stack/neutron/neutron/plugins/ml2/drivers/ovn/mech_driver/ovsdb/ovsdb_monitor.py:912}}
Apr 07 21:06:06.615721 np0000164084 devstack@neutron-api.service[101959]: INFO neutron.db.ovn_revision_numbers_db [None req-45e1b6ec-2649-4a3e-81d7-61c6d7a70325 admin admin] Successfully bumped revision number for resource c2a1e972-d914-4e3e-88b4-5886d5446b2b (type: security_groups) to 1
Apr 07 21:06:06.628123 np0000164084 devstack@neutron-api.service[101959]: INFO neutron.db.ovn_revision_numbers_db [None req-45e1b6ec-2649-4a3e-81d7-61c6d7a70325 admin admin] Successfully bumped revision number for resource 2d9cc1ee-6e86-422c-8664-1ad0cbb10ae3 (type: security_group_rules) to 0
Apr 07 21:06:06.644063 np0000164084 devstack@neutron-api.service[101959]: INFO neutron.db.ovn_revision_numbers_db [None req-45e1b6ec-2649-4a3e-81d7-61c6d7a70325 admin admin] Successfully bumped revision number for resource 36b8809f-05fc-4b6e-9213-ef7b1701be41 (type: security_group_rules) to 0
Apr 07 21:06:06.656144 np0000164084 devstack@neutron-api.service[101959]: INFO neutron.db.ovn_revision_numbers_db [None req-45e1b6ec-2649-4a3e-81d7-61c6d7a70325 admin admin] Successfully bumped revision number for resource 40f665b7-0e7f-43cd-9fc2-c949c44a35d1 (type: security_group_rules) to 0
Apr 07 21:06:06.668577 np0000164084 devstack@neutron-api.service[101959]: INFO neutron.db.ovn_revision_numbers_db [None req-45e1b6ec-2649-4a3e-81d7-61c6d7a70325 admin admin] Successfully bumped revision number for resource bdb4095e-5264-4702-93b8-6b0c3ff57d11 (type: security_group_rules) to 0
Apr 07 21:06:06.691030 np0000164084 devstack@neutron-api.service[101959]: DEBUG neutron.api.rpc.handlers.resources_rpc [None req-45e1b6ec-2649-4a3e-81d7-61c6d7a70325 admin admin] Pushing event updated for resources: {'SecurityGroup': ['ID=c2a1e972-d914-4e3e-88b4-5886d5446b2b,revision_number=1']} {{(pid=101959) push /opt/stack/neutron/neutron/api/rpc/handlers/resources_rpc.py:237}}
Apr 07 21:06:06.696018 np0000164084 devstack@neutron-api.service[101959]: DEBUG ovsdbapp.backend.ovs_idl.transaction [None req-8a7b4d86-d399-4887-8431-1f1a4e8fb61d None None] Running txn n=1 command(idx=0): CheckLivenessCommand(_result=None) {{(pid=101959) do_commit /opt/stack/data/venv/lib/python3.12/site-packages/ovsdbapp/backend/ovs_idl/transaction.py:89}}
Apr 07 21:06:06.700575 np0000164084 devstack@neutron-api.service[101957]: DEBUG neutron.plugins.ml2.drivers.ovn.mech_driver.ovsdb.ovsdb_monitor [None req-0f9abe70-8213-46f3-acb5-e0e4f146c5ee None None] Hash Ring: Node 0efdb1febb995fe68dc2d48662e5da18 (host: np0000164084) handling event "update" for row c9dca9e0-c889-433f-88cd-57b56aba14be (table: NB_Global) {{(pid=101957) notify /opt/stack/neutron/neutron/plugins/ml2/drivers/ovn/mech_driver/ovsdb/ovsdb_monitor.py:912}}
Apr 07 21:06:06.702111 np0000164084 devstack@neutron-api.service[101957]: DEBUG neutron.plugins.ml2.drivers.ovn.mech_driver.ovsdb.ovsdb_monitor [None req-0f9abe70-8213-46f3-acb5-e0e4f146c5ee None None] Hash Ring: Node 0efdb1febb995fe68dc2d48662e5da18 (host: np0000164084) handling event "update" for row c9dca9e0-c889-433f-88cd-57b56aba14be (table: NB_Global) {{(pid=101957) notify /opt/stack/neutron/neutron/plugins/ml2/drivers/ovn/mech_driver/ovsdb/ovsdb_monitor.py:912}}
Apr 07 21:06:06.703519 np0000164084 devstack@neutron-api.service[101956]: DEBUG neutron.plugins.ml2.drivers.ovn.mech_driver.ovsdb.ovsdb_monitor [None req-5c038ab8-0314-464e-8bdc-8ad1b9e048f3 None None] ChassisAgentWriteEvent : Matched Chassis_Private, update, None None {{(pid=101956) matches /opt/stack/neutron/neutron/plugins/ml2/drivers/ovn/mech_driver/ovsdb/ovsdb_monitor.py:64}}
Apr 07 21:06:06.704488 np0000164084 devstack@neutron-api.service[101958]: DEBUG neutron.plugins.ml2.drivers.ovn.mech_driver.ovsdb.ovsdb_monitor [None req-c8be0fce-5d32-4580-ba1f-cb315e7e08b1 None None] ChassisAgentWriteEvent : Matched Chassis_Private, update, None None {{(pid=101958) matches /opt/stack/neutron/neutron/plugins/ml2/drivers/ovn/mech_driver/ovsdb/ovsdb_monitor.py:64}}
Apr 07 21:06:06.704723 np0000164084 devstack@neutron-api.service[101957]: DEBUG neutron.plugins.ml2.drivers.ovn.mech_driver.ovsdb.ovsdb_monitor [None req-0f9abe70-8213-46f3-acb5-e0e4f146c5ee None None] Hash Ring: Node 0efdb1febb995fe68dc2d48662e5da18 (host: np0000164084) handling event "update" for row c9dca9e0-c889-433f-88cd-57b56aba14be (table: NB_Global) {{(pid=101957) notify /opt/stack/neutron/neutron/plugins/ml2/drivers/ovn/mech_driver/ovsdb/ovsdb_monitor.py:912}}
Apr 07 21:06:06.705327 np0000164084 devstack@neutron-api.service[101957]: DEBUG neutron.plugins.ml2.drivers.ovn.mech_driver.ovsdb.ovsdb_monitor [None req-afe938ae-fdaa-4fde-80d6-35dd4140fd0b None None] ChassisAgentWriteEvent : Matched Chassis_Private, update, None None {{(pid=101957) matches /opt/stack/neutron/neutron/plugins/ml2/drivers/ovn/mech_driver/ovsdb/ovsdb_monitor.py:64}}
Apr 07 21:06:06.708353 np0000164084 devstack@neutron-api.service[101959]: DEBUG neutron.plugins.ml2.drivers.ovn.mech_driver.ovsdb.ovsdb_monitor [None req-3a0bfce9-2350-432a-a9ef-cef154572c7a None None] ChassisAgentWriteEvent : Matched Chassis_Private, update, None None {{(pid=101959) matches /opt/stack/neutron/neutron/plugins/ml2/drivers/ovn/mech_driver/ovsdb/ovsdb_monitor.py:64}}
Apr 07 21:06:06.710350 np0000164084 devstack@neutron-api.service[101957]: DEBUG neutron.plugins.ml2.drivers.ovn.mech_driver.ovsdb.ovsdb_monitor [None req-0f9abe70-8213-46f3-acb5-e0e4f146c5ee None None] Hash Ring: Node 0efdb1febb995fe68dc2d48662e5da18 (host: np0000164084) handling event "update" for row c9dca9e0-c889-433f-88cd-57b56aba14be (table: NB_Global) {{(pid=101957) notify /opt/stack/neutron/neutron/plugins/ml2/drivers/ovn/mech_driver/ovsdb/ovsdb_monitor.py:912}}
Apr 07 21:06:06.712382 np0000164084 devstack@neutron-api.service[101958]: DEBUG neutron.common.ovn.hash_ring_manager [None req-c8be0fce-5d32-4580-ba1f-cb315e7e08b1 None None] Hash Ring loaded. 4 active nodes. 0 offline nodes {{(pid=101958) _load_hash_ring /opt/stack/neutron/neutron/common/ovn/hash_ring_manager.py:102}}
Apr 07 21:06:06.712515 np0000164084 devstack@neutron-api.service[101956]: DEBUG neutron.common.ovn.hash_ring_manager [None req-5c038ab8-0314-464e-8bdc-8ad1b9e048f3 None None] Hash Ring loaded. 4 active nodes. 0 offline nodes {{(pid=101956) _load_hash_ring /opt/stack/neutron/neutron/common/ovn/hash_ring_manager.py:102}}
Apr 07 21:06:06.714445 np0000164084 devstack@neutron-api.service[101957]: DEBUG neutron.common.ovn.hash_ring_manager [None req-afe938ae-fdaa-4fde-80d6-35dd4140fd0b None None] Hash Ring loaded. 4 active nodes. 0 offline nodes {{(pid=101957) _load_hash_ring /opt/stack/neutron/neutron/common/ovn/hash_ring_manager.py:102}}
Apr 07 21:06:06.714631 np0000164084 devstack@neutron-api.service[101957]: DEBUG neutron.plugins.ml2.drivers.ovn.mech_driver.ovsdb.ovsdb_monitor [None req-afe938ae-fdaa-4fde-80d6-35dd4140fd0b None None] Hash Ring: Node 0efdb1febb995fe68dc2d48662e5da18 (host: np0000164084) handling event "update" for row 2aacc212-26a5-47c8-8b1e-5fc2ea14adcd (table: Chassis_Private) {{(pid=101957) notify /opt/stack/neutron/neutron/plugins/ml2/drivers/ovn/mech_driver/ovsdb/ovsdb_monitor.py:912}}
Apr 07 21:06:06.728905 np0000164084 devstack@neutron-api.service[101959]: DEBUG neutron.common.ovn.hash_ring_manager [None req-3a0bfce9-2350-432a-a9ef-cef154572c7a None None] Hash Ring loaded. 4 active nodes. 0 offline nodes {{(pid=101959) _load_hash_ring /opt/stack/neutron/neutron/common/ovn/hash_ring_manager.py:102}}
Apr 07 21:06:06.763569 np0000164084 devstack@neutron-api.service[101959]: DEBUG neutron.plugins.ml2.drivers.helpers [None req-45e1b6ec-2649-4a3e-81d7-61c6d7a70325 admin admin] geneve segment allocate from pool success with {'geneve_vni': 36422} {{(pid=101959) allocate_partially_specified_segment /opt/stack/neutron/neutron/plugins/ml2/drivers/helpers.py:142}}
Apr 07 21:06:06.771482 np0000164084 devstack@neutron-api.service[101959]: DEBUG neutron_lib.callbacks.manager [None req-45e1b6ec-2649-4a3e-81d7-61c6d7a70325 admin admin] Publish callbacks ['neutron.plugins.ml2.plugin.Ml2Plugin._handle_segment_change-1792746'] for segment (91d884b7-3e16-42ce-a7bc-0865b387d54a), precommit_create {{(pid=101959) _notify_loop /opt/stack/data/venv/lib/python3.12/site-packages/neutron_lib/callbacks/manager.py:184}}
Apr 07 21:06:06.771615 np0000164084 devstack@neutron-api.service[101959]: INFO neutron.db.segments_db [None req-45e1b6ec-2649-4a3e-81d7-61c6d7a70325 admin admin] Added segment 91d884b7-3e16-42ce-a7bc-0865b387d54a of type geneve for network e58dba88-a2ca-4f74-99c3-e6db34fa26dc
Apr 07 21:06:06.782493 np0000164084 devstack@neutron-api.service[101959]: DEBUG neutron_lib.callbacks.manager [None req-45e1b6ec-2649-4a3e-81d7-61c6d7a70325 admin admin] Publish callbacks ['neutron.services.auto_allocate.db._ensure_external_network_default_value_callback-8165757322364'] for network (e58dba88-a2ca-4f74-99c3-e6db34fa26dc), precommit_create {{(pid=101959) _notify_loop /opt/stack/data/venv/lib/python3.12/site-packages/neutron_lib/callbacks/manager.py:184}}
Apr 07 21:06:06.790944 np0000164084 devstack@neutron-api.service[101959]: DEBUG neutron.plugins.ml2.drivers.ovn.mech_driver.mech_driver [None req-45e1b6ec-2649-4a3e-81d7-61c6d7a70325 admin admin] Validating network segment with type geneve, segmentation ID 36422, physical network None {{(pid=101959) _validate_network_segments /opt/stack/neutron/neutron/plugins/ml2/drivers/ovn/mech_driver/mech_driver.py:631}}
Apr 07 21:06:06.791074 np0000164084 devstack@neutron-api.service[101959]: DEBUG neutron.db.ovn_revision_numbers_db [None req-45e1b6ec-2649-4a3e-81d7-61c6d7a70325 admin admin] create_initial_revision uuid=e58dba88-a2ca-4f74-99c3-e6db34fa26dc, type=networks, rev=-1 {{(pid=101959) create_initial_revision /opt/stack/neutron/neutron/db/ovn_revision_numbers_db.py:98}}
Apr 07 21:06:06.799073 np0000164084 devstack@neutron-api.service[101959]: DEBUG neutron_lib.callbacks.manager [None req-45e1b6ec-2649-4a3e-81d7-61c6d7a70325 admin admin] Publish callbacks ['neutron.plugins.ml2.ovo_rpc._ObjectChangeHandler.handle_event-3762291'] for network (e58dba88-a2ca-4f74-99c3-e6db34fa26dc), after_create {{(pid=101959) _notify_loop /opt/stack/data/venv/lib/python3.12/site-packages/neutron_lib/callbacks/manager.py:184}}
Apr 07 21:06:06.815686 np0000164084 devstack@neutron-api.service[101959]: DEBUG neutron.api.rpc.handlers.resources_rpc [None req-45e1b6ec-2649-4a3e-81d7-61c6d7a70325 admin admin] Pushing event updated for resources: {'Network': ['ID=e58dba88-a2ca-4f74-99c3-e6db34fa26dc,revision_number=1']} {{(pid=101959) push /opt/stack/neutron/neutron/api/rpc/handlers/resources_rpc.py:237}}
Apr 07 21:06:06.823396 np0000164084 devstack@neutron-api.service[101959]: DEBUG ovsdbapp.backend.ovs_idl.transaction [None req-8a7b4d86-d399-4887-8431-1f1a4e8fb61d None None] Running txn n=1 command(idx=0): AddNetworkCommand(_result=None, network_uuid=e58dba88-a2ca-4f74-99c3-e6db34fa26dc, may_exist=True, columns={'external_ids': {'neutron:network_name': 'admin_net', 'neutron:mtu': '1372', 'neutron:revision_number': '1', 'neutron:availability_zone_hints': '', 'neutron:provnet-network-type': 'geneve'}, 'other_config': {'mcast_snoop': 'false', 'mcast_flood_unregistered': 'false', 'vlan-passthru': 'false'}}) {{(pid=101959) do_commit /opt/stack/data/venv/lib/python3.12/site-packages/ovsdbapp/backend/ovs_idl/transaction.py:89}}
Apr 07 21:06:06.874130 np0000164084 devstack@neutron-api.service[101956]: DEBUG neutron.plugins.ml2.drivers.ovn.mech_driver.ovsdb.ovsdb_monitor [None req-4855f09c-6695-4558-8c4a-ae1960dcfc56 None None] Hash Ring: Node 3157cf3c7276575db2cdd852ce949af4 (host: np0000164084) handling event "create" for row e58dba88-a2ca-4f74-99c3-e6db34fa26dc (table: Logical_Switch) {{(pid=101956) notify /opt/stack/neutron/neutron/plugins/ml2/drivers/ovn/mech_driver/ovsdb/ovsdb_monitor.py:912}}
Apr 07 21:06:06.877679 np0000164084 devstack@neutron-api.service[101956]: DEBUG neutron.plugins.ml2.drivers.ovn.mech_driver.ovsdb.ovsdb_monitor [None req-5c038ab8-0314-464e-8bdc-8ad1b9e048f3 None None] Hash Ring: Node 3157cf3c7276575db2cdd852ce949af4 (host: np0000164084) handling event "create" for row 75c3e779-ca1e-44f4-ad2b-678decd98714 (table: Datapath_Binding) {{(pid=101956) notify /opt/stack/neutron/neutron/plugins/ml2/drivers/ovn/mech_driver/ovsdb/ovsdb_monitor.py:912}}
Apr 07 21:06:06.898668 np0000164084 devstack@neutron-api.service[101959]: INFO neutron.db.ovn_revision_numbers_db [None req-45e1b6ec-2649-4a3e-81d7-61c6d7a70325 admin admin] Successfully bumped revision number for resource e58dba88-a2ca-4f74-99c3-e6db34fa26dc (type: networks) to 1
Apr 07 21:06:06.912215 np0000164084 devstack@neutron-api.service[101959]: DEBUG neutron_lib.callbacks.manager [None req-45e1b6ec-2649-4a3e-81d7-61c6d7a70325 admin admin] Publish callbacks ['neutron.plugins.ml2.plugin.SecurityGroupDbMixin._ensure_default_security_group_handler-1539568'] for port (None), before_create {{(pid=101959) _notify_loop /opt/stack/data/venv/lib/python3.12/site-packages/neutron_lib/callbacks/manager.py:184}}
Apr 07 21:06:06.978124 np0000164084 devstack@neutron-api.service[101959]: DEBUG neutron_lib.callbacks.manager [None req-45e1b6ec-2649-4a3e-81d7-61c6d7a70325 admin admin] Publish callbacks ['neutron.plugins.ml2.drivers.ovn.mech_driver.mech_driver.OVNMechanismDriver._validate_allowed_address_pairs-221787'] for allowed_address_pair (198997f5-2311-4d5a-838d-1e659fd0bd24), before_create {{(pid=101959) _notify_loop /opt/stack/data/venv/lib/python3.12/site-packages/neutron_lib/callbacks/manager.py:184}}
Apr 07 21:06:06.978601 np0000164084 devstack@neutron-api.service[101959]: DEBUG neutron_lib.callbacks.manager [None req-45e1b6ec-2649-4a3e-81d7-61c6d7a70325 admin admin] Publish callbacks [] for port (198997f5-2311-4d5a-838d-1e659fd0bd24), precommit_create {{(pid=101959) _notify_loop /opt/stack/data/venv/lib/python3.12/site-packages/neutron_lib/callbacks/manager.py:184}}
Apr 07 21:06:06.978723 np0000164084 devstack@neutron-api.service[101959]: DEBUG neutron.plugins.ml2.drivers.ovn.mech_driver.mech_driver [None req-45e1b6ec-2649-4a3e-81d7-61c6d7a70325 admin admin] No provisioning block for port 198997f5-2311-4d5a-838d-1e659fd0bd24 since it does not have a host {{(pid=101959) _is_port_provisioning_required /opt/stack/neutron/neutron/plugins/ml2/drivers/ovn/mech_driver/mech_driver.py:884}}
Apr 07 21:06:06.978856 np0000164084 devstack@neutron-api.service[101959]: DEBUG neutron.db.ovn_revision_numbers_db [None req-45e1b6ec-2649-4a3e-81d7-61c6d7a70325 admin admin] create_initial_revision uuid=198997f5-2311-4d5a-838d-1e659fd0bd24, type=ports, rev=-1 {{(pid=101959) create_initial_revision /opt/stack/neutron/neutron/db/ovn_revision_numbers_db.py:98}}
Apr 07 21:06:07.014321 np0000164084 devstack@neutron-api.service[101959]: DEBUG neutron_lib.callbacks.manager [None req-45e1b6ec-2649-4a3e-81d7-61c6d7a70325 admin admin] Publish callbacks ['neutron.plugins.ml2.ovo_rpc._ObjectChangeHandler.handle_event-3762242'] for port (198997f5-2311-4d5a-838d-1e659fd0bd24), after_create {{(pid=101959) _notify_loop /opt/stack/data/venv/lib/python3.12/site-packages/neutron_lib/callbacks/manager.py:184}}
Apr 07 21:06:07.047119 np0000164084 devstack@neutron-api.service[101959]: DEBUG neutron.api.rpc.handlers.resources_rpc [None req-45e1b6ec-2649-4a3e-81d7-61c6d7a70325 admin admin] Pushing event updated for resources: {'Port': ['ID=198997f5-2311-4d5a-838d-1e659fd0bd24,revision_number=1']} {{(pid=101959) push /opt/stack/neutron/neutron/api/rpc/handlers/resources_rpc.py:237}}
Apr 07 21:06:07.053196 np0000164084 devstack@neutron-api.service[101959]: DEBUG ovsdbapp.backend.ovs_idl.transaction [None req-8a7b4d86-d399-4887-8431-1f1a4e8fb61d None None] Running txn n=1 command(idx=0): AddLSwitchPortCommand(_result=None, lport=198997f5-2311-4d5a-838d-1e659fd0bd24, lswitch=neutron-e58dba88-a2ca-4f74-99c3-e6db34fa26dc, may_exist=True, network_uuid=e58dba88-a2ca-4f74-99c3-e6db34fa26dc, columns={'addresses': ['fa:16:3e:90:1b:24'], 'external_ids': {'neutron:port_name': '', 'neutron:device_id': 'ovnmeta-e58dba88-a2ca-4f74-99c3-e6db34fa26dc', 'neutron:project_id': '1a7f0485666b4c99bbc4e3ea481fc9fa', 'neutron:cidrs': '', 'neutron:device_owner': 'network:distributed', 'neutron:subnet_pool_addr_scope4': '', 'neutron:subnet_pool_addr_scope6': '', 'neutron:network_name': 'neutron-e58dba88-a2ca-4f74-99c3-e6db34fa26dc', 'neutron:security_group_ids': '', 'neutron:revision_number': '1', 'neutron:vnic_type': 'normal', 'neutron:port_capabilities': '', 'neutron:mtu': ''}, 'parent_name': [], 'tag': [], 'enabled': True, 'options': {}, 'type': 'localport', 'port_security': [], 'dhcpv4_options': [], 'dhcpv6_options': []}) {{(pid=101959) do_commit /opt/stack/data/venv/lib/python3.12/site-packages/ovsdbapp/backend/ovs_idl/transaction.py:89}}
Apr 07 21:06:07.053586 np0000164084 devstack@neutron-api.service[101959]: DEBUG ovsdbapp.backend.ovs_idl.transaction [None req-8a7b4d86-d399-4887-8431-1f1a4e8fb61d None None] Running txn n=1 command(idx=1): QoSDelCommand(_result=None, switch=neutron-e58dba88-a2ca-4f74-99c3-e6db34fa26dc, conditions=[('direction', '=', 'to-lport'), ('priority', '=', 2002), ('match', '=', 'outport == "198997f5-2311-4d5a-838d-1e659fd0bd24"')], if_exists=True) {{(pid=101959) do_commit /opt/stack/data/venv/lib/python3.12/site-packages/ovsdbapp/backend/ovs_idl/transaction.py:89}}
Apr 07 21:06:07.053756 np0000164084 devstack@neutron-api.service[101959]: DEBUG ovsdbapp.backend.ovs_idl.transaction [None req-8a7b4d86-d399-4887-8431-1f1a4e8fb61d None None] Running txn n=1 command(idx=2): QoSDelCommand(_result=None, switch=neutron-e58dba88-a2ca-4f74-99c3-e6db34fa26dc, conditions=[('direction', '=', 'from-lport'), ('priority', '=', 2002), ('match', '=', 'inport == "198997f5-2311-4d5a-838d-1e659fd0bd24"')], if_exists=True) {{(pid=101959) do_commit /opt/stack/data/venv/lib/python3.12/site-packages/ovsdbapp/backend/ovs_idl/transaction.py:89}}
Apr 07 21:06:07.060384 np0000164084 devstack@neutron-api.service[101956]: DEBUG neutron.plugins.ml2.drivers.ovn.mech_driver.ovsdb.ovsdb_monitor [None req-4855f09c-6695-4558-8c4a-ae1960dcfc56 None None] Hash Ring: Node 3157cf3c7276575db2cdd852ce949af4 (host: np0000164084) handling event "update" for row e58dba88-a2ca-4f74-99c3-e6db34fa26dc (table: Logical_Switch) {{(pid=101956) notify /opt/stack/neutron/neutron/plugins/ml2/drivers/ovn/mech_driver/ovsdb/ovsdb_monitor.py:912}}
Apr 07 21:06:07.060753 np0000164084 devstack@neutron-api.service[101956]: DEBUG neutron.plugins.ml2.drivers.ovn.mech_driver.ovsdb.ovsdb_monitor [None req-4855f09c-6695-4558-8c4a-ae1960dcfc56 None None] Hash Ring: Node 3157cf3c7276575db2cdd852ce949af4 (host: np0000164084) handling event "create" for row f52f78f2-ec9d-46b3-b75a-56804d858c8e (table: Logical_Switch_Port) {{(pid=101956) notify /opt/stack/neutron/neutron/plugins/ml2/drivers/ovn/mech_driver/ovsdb/ovsdb_monitor.py:912}}
Apr 07 21:06:07.062525 np0000164084 devstack@neutron-api.service[101956]: DEBUG ovsdbapp.backend.ovs_idl.event [None req-4855f09c-6695-4558-8c4a-ae1960dcfc56 None None] Matched CREATE: LogicalSwitchPortCreateEvent(events=('create',), table='Logical_Switch_Port', conditions=[], old_conditions=None), priority=20 to row=Logical_Switch_Port(uuid=f52f78f2-ec9d-46b3-b75a-56804d858c8e, addresses=['fa:16:3e:90:1b:24'], dhcpv4_options=[], dhcpv6_options=[], dynamic_addresses=[], enabled=True, external_ids={'neutron:cidrs': '', 'neutron:device_id': 'ovnmeta-e58dba88-a2ca-4f74-99c3-e6db34fa26dc', 'neutron:device_owner': 'network:distributed', 'neutron:mtu': '', 'neutron:network_name': 'neutron-e58dba88-a2ca-4f74-99c3-e6db34fa26dc', 'neutron:port_capabilities': '', 'neutron:port_name': '', 'neutron:project_id': '1a7f0485666b4c99bbc4e3ea481fc9fa', 'neutron:revision_number': '1', 'neutron:security_group_ids': '', 'neutron:subnet_pool_addr_scope4': '', 'neutron:subnet_pool_addr_scope6': '', 'neutron:vnic_type': 'normal'}, ha_chassis_group=[], mirror_rules=[], name='198997f5-2311-4d5a-838d-1e659fd0bd24', options={}, parent_name=[], port_security=[], tag=[], tag_request=[], type='localport', up=[]) old= {{(pid=101956) matches /opt/stack/data/venv/lib/python3.12/site-packages/ovsdbapp/backend/ovs_idl/event.py:55}}
Apr 07 21:06:07.063957 np0000164084 devstack@neutron-api.service[101956]: INFO neutron.plugins.ml2.drivers.ovn.mech_driver.mech_driver [None req-c2664b39-fde5-4204-821a-8479b6984d50 None None] OVN reports status down for port: 198997f5-2311-4d5a-838d-1e659fd0bd24
Apr 07 21:06:07.066122 np0000164084 devstack@neutron-api.service[101958]: DEBUG neutron.plugins.ml2.drivers.ovn.mech_driver.ovsdb.ovsdb_monitor [None req-c8be0fce-5d32-4580-ba1f-cb315e7e08b1 None None] Hash Ring: Node 9d4ca92dbf7b5e498d9b87d3c5579e50 (host: np0000164084) handling event "create" for row fee689e9-6673-4476-99b3-60b33fb490ae (table: Port_Binding) {{(pid=101958) notify /opt/stack/neutron/neutron/plugins/ml2/drivers/ovn/mech_driver/ovsdb/ovsdb_monitor.py:912}}
Apr 07 21:06:07.066375 np0000164084 devstack@neutron-api.service[101956]: DEBUG neutron.plugins.ml2.drivers.ovn.mech_driver.ovsdb.ovsdb_monitor [None req-4855f09c-6695-4558-8c4a-ae1960dcfc56 None None] Hash Ring: Node 3157cf3c7276575db2cdd852ce949af4 (host: np0000164084) handling event "update" for row f52f78f2-ec9d-46b3-b75a-56804d858c8e (table: Logical_Switch_Port) {{(pid=101956) notify /opt/stack/neutron/neutron/plugins/ml2/drivers/ovn/mech_driver/ovsdb/ovsdb_monitor.py:912}}
Apr 07 21:06:07.092189 np0000164084 devstack@neutron-api.service[101959]: INFO neutron.db.ovn_revision_numbers_db [None req-45e1b6ec-2649-4a3e-81d7-61c6d7a70325 admin admin] Successfully bumped revision number for resource 198997f5-2311-4d5a-838d-1e659fd0bd24 (type: ports) to 1
Apr 07 21:06:07.097819 np0000164084 devstack@neutron-api.service[101956]: DEBUG neutron.db.provisioning_blocks [None req-c2664b39-fde5-4204-821a-8479b6984d50 None None] Transition to ACTIVE for port object 198997f5-2311-4d5a-838d-1e659fd0bd24 will not be triggered until provisioned by entity L2. {{(pid=101956) add_provisioning_component /opt/stack/neutron/neutron/db/provisioning_blocks.py:74}}
Apr 07 21:06:07.101662 np0000164084 devstack@neutron-api.service[101959]: DEBUG neutron.pecan_wsgi.hooks.policy_enforcement [None req-45e1b6ec-2649-4a3e-81d7-61c6d7a70325 admin admin] Attributes excluded by policy engine: ['standard_attr_id'] {{(pid=101959) _exclude_attributes_by_policy /opt/stack/neutron/neutron/pecan_wsgi/hooks/policy_enforcement.py:258}}
Apr 07 21:06:07.101987 np0000164084 devstack@neutron-api.service[101959]: DEBUG neutron_lib.callbacks.manager [None req-45e1b6ec-2649-4a3e-81d7-61c6d7a70325 admin admin] Publish callbacks [] for network (None), before_response {{(pid=101959) _notify_loop /opt/stack/data/venv/lib/python3.12/site-packages/neutron_lib/callbacks/manager.py:184}}
Apr 07 21:06:07.120013 np0000164084 devstack@neutron-api.service[101959]: [pid: 101959|app: 0|req: 23/93] 199.204.45.238 () {68 vars in 1358 bytes} [Tue Apr 7 21:06:06 2026] POST /networking/v2.0/networks => generated 683 bytes in 661 msecs (HTTP/1.1 201) 4 headers in 162 bytes (1 switches on core 0)
Apr 07 21:06:07.122995 np0000164084 devstack@neutron-api.service[101956]: DEBUG neutron.plugins.ml2.plugin [None req-c2664b39-fde5-4204-821a-8479b6984d50 None None] Current status of the port 198997f5-2311-4d5a-838d-1e659fd0bd24 is: DOWN; New status is: DOWN {{(pid=101956) _update_individual_port_db_status /opt/stack/neutron/neutron/plugins/ml2/plugin.py:2468}}
Apr 07 21:06:07.124661 np0000164084 devstack@neutron-api.service[101956]: DEBUG ovsdbapp.backend.ovs_idl.transaction [None req-4855f09c-6695-4558-8c4a-ae1960dcfc56 None None] Running txn n=1 command(idx=0): DbRemoveCommand(_result=None, table=Logical_Switch_Port, record=198997f5-2311-4d5a-838d-1e659fd0bd24, column=external_ids, values=('neutron:host_id',), keyvalues={}, if_exists=True) {{(pid=101956) do_commit /opt/stack/data/venv/lib/python3.12/site-packages/ovsdbapp/backend/ovs_idl/transaction.py:89}}
Apr 07 21:06:07.322907 np0000164084 devstack@neutron-api.service[101956]: INFO neutron.pecan_wsgi.hooks.translation [None req-84aca7f7-994f-4d5d-b481-e1468728508d admin admin] GET failed (client error): The resource could not be found.
Apr 07 21:06:07.323655 np0000164084 devstack@neutron-api.service[101956]: [pid: 101956|app: 0|req: 25/94] 199.204.45.238 () {64 vars in 1334 bytes} [Tue Apr 7 21:06:07 2026] GET /networking/v2.0/networks/admin_net => generated 111 bytes in 13 msecs (HTTP/1.1 404) 4 headers in 164 bytes (1 switches on core 0)
Apr 07 21:06:07.371448 np0000164084 devstack@neutron-api.service[101957]: DEBUG neutron.pecan_wsgi.hooks.policy_enforcement [None req-7fc92d7b-a9d0-4077-8e0e-e6956366c281 admin admin] Attributes excluded by policy engine: ['standard_attr_id'] {{(pid=101957) _exclude_attributes_by_policy /opt/stack/neutron/neutron/pecan_wsgi/hooks/policy_enforcement.py:258}}
Apr 07 21:06:07.372312 np0000164084 devstack@neutron-api.service[101957]: [pid: 101957|app: 0|req: 24/95] 199.204.45.238 () {64 vars in 1346 bytes} [Tue Apr 7 21:06:07 2026] GET /networking/v2.0/networks?name=admin_net => generated 667 bytes in 38 msecs (HTTP/1.1 200) 4 headers in 157 bytes (1 switches on core 0)
Apr 07 21:06:07.573353 np0000164084 devstack@neutron-api.service[101958]: INFO neutron.pecan_wsgi.hooks.translation [None req-2ca19c1c-65d6-49fe-84bb-88b1d5905457 admin admin] GET failed (client error): The resource could not be found.
Apr 07 21:06:07.573984 np0000164084 devstack@neutron-api.service[101958]: [pid: 101958|app: 0|req: 24/96] 199.204.45.238 () {64 vars in 1340 bytes} [Tue Apr 7 21:06:07 2026] GET /networking/v2.0/subnets/admin_subnet => generated 112 bytes in 15 msecs (HTTP/1.1 404) 4 headers in 164 bytes (1 switches on core 0)
Apr 07 21:06:07.606036 np0000164084 devstack@neutron-api.service[101959]: [pid: 101959|app: 0|req: 24/97] 199.204.45.238 () {64 vars in 1349 bytes} [Tue Apr 7 21:06:07 2026] GET /networking/v2.0/subnets?name=admin_subnet => generated 14 bytes in 21 msecs (HTTP/1.1 200) 4 headers in 156 bytes (1 switches on core 0)
Apr 07 21:06:07.870542 np0000164084 devstack@neutron-api.service[101956]: DEBUG neutron.pecan_wsgi.hooks.policy_enforcement [None req-1665c8d3-c621-4e07-9265-605d87d01f10 admin admin] Attributes excluded by policy engine: ['standard_attr_id'] {{(pid=101956) _exclude_attributes_by_policy /opt/stack/neutron/neutron/pecan_wsgi/hooks/policy_enforcement.py:258}}
Apr 07 21:06:07.871264 np0000164084 devstack@neutron-api.service[101956]: [pid: 101956|app: 0|req: 26/98] 199.204.45.238 () {64 vars in 1415 bytes} [Tue Apr 7 21:06:07 2026] GET /networking/v2.0/networks/e58dba88-a2ca-4f74-99c3-e6db34fa26dc => generated 664 bytes in 30 msecs (HTTP/1.1 200) 4 headers in 157 bytes (1 switches on core 0)
Apr 07 21:06:07.889020 np0000164084 devstack@neutron-api.service[101957]: DEBUG neutron.api.v2.base [None req-be08fff8-c913-41d8-a108-cc3840771dd5 admin admin] Request body: {'subnet': {'cidr': '10.2.5.0/24', 'gateway_ip': None, 'ip_version': 4, 'network_id': 'e58dba88-a2ca-4f74-99c3-e6db34fa26dc', 'project_id': '1a7f0485666b4c99bbc4e3ea481fc9fa', 'name': 'admin_subnet'}} {{(pid=101957) prepare_request_body /opt/stack/neutron/neutron/api/v2/base.py:729}}
Apr 07 21:06:07.907519 np0000164084 devstack@neutron-api.service[101957]: DEBUG neutron.pecan_wsgi.hooks.quota_enforcement [None req-be08fff8-c913-41d8-a108-cc3840771dd5 admin admin] Made reservation on behalf of 1a7f0485666b4c99bbc4e3ea481fc9fa for: {'subnet': 1} {{(pid=101957) before /opt/stack/neutron/neutron/pecan_wsgi/hooks/quota_enforcement.py:66}}
Apr 07 21:06:07.911213 np0000164084 devstack@neutron-api.service[101957]: DEBUG neutron_lib.callbacks.manager [None req-be08fff8-c913-41d8-a108-cc3840771dd5 admin admin] Publish callbacks [] for subnet (None), before_create {{(pid=101957) _notify_loop /opt/stack/data/venv/lib/python3.12/site-packages/neutron_lib/callbacks/manager.py:184}}
Apr 07 21:06:07.974057 np0000164084 devstack@neutron-api.service[101957]: DEBUG neutron.db.ovn_revision_numbers_db [None req-be08fff8-c913-41d8-a108-cc3840771dd5 admin admin] create_initial_revision uuid=ede52e3c-4ad1-49df-b794-4377a1028951, type=subnets, rev=-1 {{(pid=101957) create_initial_revision /opt/stack/neutron/neutron/db/ovn_revision_numbers_db.py:98}}
Apr 07 21:06:07.979601 np0000164084 devstack@neutron-api.service[101957]: DEBUG neutron_lib.callbacks.manager [None req-be08fff8-c913-41d8-a108-cc3840771dd5 admin admin] Publish callbacks ['neutron.plugins.ml2.ovo_rpc._ObjectChangeHandler.handle_event-3162212'] for subnet (ede52e3c-4ad1-49df-b794-4377a1028951), after_create {{(pid=101957) _notify_loop /opt/stack/data/venv/lib/python3.12/site-packages/neutron_lib/callbacks/manager.py:184}}
Apr 07 21:06:07.990443 np0000164084 devstack@neutron-api.service[101957]: DEBUG neutron.api.rpc.handlers.resources_rpc [None req-be08fff8-c913-41d8-a108-cc3840771dd5 admin admin] Pushing event updated for resources: {'Subnet': ['ID=ede52e3c-4ad1-49df-b794-4377a1028951,revision_number=0']} {{(pid=101957) push /opt/stack/neutron/neutron/api/rpc/handlers/resources_rpc.py:237}}
Apr 07 21:06:07.994611 np0000164084 devstack@neutron-api.service[101957]: DEBUG neutron.api.rpc.callbacks.version_manager [None req-be08fff8-c913-41d8-a108-cc3840771dd5 admin admin] Tracked resource versions report:
Apr 07 21:06:07.994611 np0000164084 devstack@neutron-api.service[101957]: pushed versions:
Apr 07 21:06:07.994611 np0000164084 devstack@neutron-api.service[101957]: { 'AddressGroup': {'1.2'},
Apr 07 21:06:07.994611 np0000164084 devstack@neutron-api.service[101957]: 'Agent': {'1.1'},
Apr 07 21:06:07.994611 np0000164084 devstack@neutron-api.service[101957]: 'ConntrackHelper': {'1.0'},
Apr 07 21:06:07.994611 np0000164084 devstack@neutron-api.service[101957]: 'LocalIPAssociation': {'1.0'},
Apr 07 21:06:07.994611 np0000164084 devstack@neutron-api.service[101957]: 'Log': {'1.0'},
Apr 07 21:06:07.994611 np0000164084 devstack@neutron-api.service[101957]: 'NDPProxy': {'1.0'},
Apr 07 21:06:07.994611 np0000164084 devstack@neutron-api.service[101957]: 'Network': {'1.2'},
Apr 07 21:06:07.994611 np0000164084 devstack@neutron-api.service[101957]: 'Port': {'1.10'},
Apr 07 21:06:07.994611 np0000164084 devstack@neutron-api.service[101957]: 'PortForwarding': {'1.3'},
Apr 07 21:06:07.994611 np0000164084 devstack@neutron-api.service[101957]: 'QosPolicy': {'1.10'},
Apr 07 21:06:07.994611 np0000164084 devstack@neutron-api.service[101957]: 'SecurityGroup': {'1.6'},
Apr 07 21:06:07.994611 np0000164084 devstack@neutron-api.service[101957]: 'SecurityGroupRule': {'1.3'},
Apr 07 21:06:07.994611 np0000164084 devstack@neutron-api.service[101957]: 'SubPort': {'1.0'},
Apr 07 21:06:07.994611 np0000164084 devstack@neutron-api.service[101957]: 'Subnet': {'1.2'},
Apr 07 21:06:07.994611 np0000164084 devstack@neutron-api.service[101957]: 'Trunk': {'1.1'}}
Apr 07 21:06:07.994611 np0000164084 devstack@neutron-api.service[101957]: consumer versions:
Apr 07 21:06:07.994611 np0000164084 devstack@neutron-api.service[101957]: { OVN Neutron agent@np0000164084: {},
Apr 07 21:06:07.994611 np0000164084 devstack@neutron-api.service[101957]: OVN Controller Gateway agent@np0000164084: {}}
Apr 07 21:06:07.994611 np0000164084 devstack@neutron-api.service[101957]: {{(pid=101957) report /opt/stack/neutron/neutron/api/rpc/callbacks/version_manager.py:183}}
Apr 07 21:06:08.037539 np0000164084 devstack@neutron-api.service[101957]: DEBUG neutron_lib.callbacks.manager [None req-be08fff8-c913-41d8-a108-cc3840771dd5 admin admin] Publish callbacks ['neutron.plugins.ml2.plugin.SecurityGroupDbMixin._ensure_default_security_group_handler-350307', 'neutron.services.ovn_l3.plugin.OVNL3RouterPlugin._port_update-8165756456890', 'neutron.db.l3_db.L3_NAT_dbonly_mixin._prevent_internal_ip_change_for_fip-8165758924370'] for port (198997f5-2311-4d5a-838d-1e659fd0bd24), before_update {{(pid=101957) _notify_loop /opt/stack/data/venv/lib/python3.12/site-packages/neutron_lib/callbacks/manager.py:184}}
Apr 07 21:06:08.128113 np0000164084 devstack@neutron-api.service[101957]: DEBUG neutron.db.db_base_plugin_common [None req-be08fff8-c913-41d8-a108-cc3840771dd5 admin admin] Allocated IP 10.2.5.1 (e58dba88-a2ca-4f74-99c3-e6db34fa26dc/ede52e3c-4ad1-49df-b794-4377a1028951/198997f5-2311-4d5a-838d-1e659fd0bd24) {{(pid=101957) _store_ip_allocation /opt/stack/neutron/neutron/db/db_base_plugin_common.py:131}}
Apr 07 21:06:08.190107 np0000164084 devstack@neutron-api.service[101957]: DEBUG neutron_lib.callbacks.manager [None req-be08fff8-c913-41d8-a108-cc3840771dd5 admin admin] Publish callbacks [] for port (198997f5-2311-4d5a-838d-1e659fd0bd24), precommit_update {{(pid=101957) _notify_loop /opt/stack/data/venv/lib/python3.12/site-packages/neutron_lib/callbacks/manager.py:184}}
Apr 07 21:06:08.190309 np0000164084 devstack@neutron-api.service[101957]: DEBUG neutron.plugins.ml2.drivers.ovn.mech_driver.mech_driver [None req-be08fff8-c913-41d8-a108-cc3840771dd5 admin admin] No provisioning block for port 198997f5-2311-4d5a-838d-1e659fd0bd24 since it does not have a host {{(pid=101957) _is_port_provisioning_required /opt/stack/neutron/neutron/plugins/ml2/drivers/ovn/mech_driver/mech_driver.py:884}}
Apr 07 21:06:08.318509 np0000164084 devstack@neutron-api.service[101957]: DEBUG neutron_lib.callbacks.manager [None req-be08fff8-c913-41d8-a108-cc3840771dd5 admin admin] Publish callbacks ['neutron.plugins.ml2.ovo_rpc._ObjectChangeHandler.handle_event-3162229', 'neutron.db.l3_db.L3RpcNotifierMixin._notify_gateway_port_ip_changed-8165758928846', 'neutron.services.ovn_l3.plugin.OVNL3RouterPlugin._port_update-8165756456890'] for port (198997f5-2311-4d5a-838d-1e659fd0bd24), after_update {{(pid=101957) _notify_loop /opt/stack/data/venv/lib/python3.12/site-packages/neutron_lib/callbacks/manager.py:184}}
Apr 07 21:06:08.348274 np0000164084 devstack@neutron-api.service[101957]: DEBUG neutron.api.rpc.handlers.resources_rpc [None req-be08fff8-c913-41d8-a108-cc3840771dd5 admin admin] Pushing event updated for resources: {'Port': ['ID=198997f5-2311-4d5a-838d-1e659fd0bd24,revision_number=2']} {{(pid=101957) push /opt/stack/neutron/neutron/api/rpc/handlers/resources_rpc.py:237}}
Apr 07 21:06:08.483547 np0000164084 devstack@neutron-api.service[101957]: DEBUG ovsdbapp.backend.ovs_idl.transaction [None req-0f9abe70-8213-46f3-acb5-e0e4f146c5ee None None] Running txn n=1 command(idx=0): CheckRevisionNumberCommand(_result=None, name=198997f5-2311-4d5a-838d-1e659fd0bd24, resource={'id': '198997f5-2311-4d5a-838d-1e659fd0bd24', 'name': '', 'network_id': 'e58dba88-a2ca-4f74-99c3-e6db34fa26dc', 'project_id': '1a7f0485666b4c99bbc4e3ea481fc9fa', 'mac_address': 'fa:16:3e:90:1b:24', 'admin_state_up': True, 'status': 'DOWN', 'device_id': 'ovnmeta-e58dba88-a2ca-4f74-99c3-e6db34fa26dc', 'device_owner': 'network:distributed', 'standard_attr_id': 44, 'fixed_ips': [{'subnet_id': 'ede52e3c-4ad1-49df-b794-4377a1028951', 'ip_address': '10.2.5.1'}], 'allowed_address_pairs': [], 'extra_dhcp_opts': [], 'security_groups': [], 'description': '', 'binding:vnic_type': 'normal', 'binding:profile': {}, 'binding:host_id': '', 'binding:vif_type': 'unbound', 'binding:vif_details': {}, 'port_security_enabled': False, 'tags': [], 'created_at': '2026-04-07T21:06:06Z', 'updated_at': '2026-04-07T21:06:08Z', 'revision_number': 2, 'tenant_id': '1a7f0485666b4c99bbc4e3ea481fc9fa', 'network': {'id': 'e58dba88-a2ca-4f74-99c3-e6db34fa26dc', 'name': 'admin_net', 'tenant_id': '1a7f0485666b4c99bbc4e3ea481fc9fa', 'project_id': '1a7f0485666b4c99bbc4e3ea481fc9fa', 'admin_state_up': True, 'mtu': 1372, 'status': 'ACTIVE', 'subnets': ['ede52e3c-4ad1-49df-b794-4377a1028951'], 'standard_attr_id': 42, 'shared': False, 'availability_zone_hints': [], 'availability_zones': [], 'ipv4_address_scope': None, 'ipv6_address_scope': None, 'router:external': False, 'qinq': False, 'vlan_transparent': False, 'description': '', 'port_security_enabled': True, 'tags': [], 'created_at': '2026-04-07T21:06:06Z', 'updated_at': '2026-04-07T21:06:07Z', 'revision_number': 2, 'provider:network_type': 'geneve', 'provider:physical_network': None, 'provider:segmentation_id': 36422}}, resource_type=ports, if_exists=True) {{(pid=101957) do_commit /opt/stack/data/venv/lib/python3.12/site-packages/ovsdbapp/backend/ovs_idl/transaction.py:89}}
Apr 07 21:06:08.484358 np0000164084 devstack@neutron-api.service[101957]: DEBUG ovsdbapp.backend.ovs_idl.transaction [None req-0f9abe70-8213-46f3-acb5-e0e4f146c5ee None None] Running txn n=1 command(idx=1): AddDHCPOptionsCommand(_result=None, columns={'cidr': '10.2.5.0/24', 'options': {'server_id': '10.2.5.1', 'lease_time': '43200', 'mtu': '1372', 'server_mac': 'fa:16:3e:3b:55:22', 'dns_server': '{127.0.0.53}', 'classless_static_route': '{169.254.169.254/32,10.2.5.1}'}, 'external_ids': {'subnet_id': 'ede52e3c-4ad1-49df-b794-4377a1028951', 'neutron:network_id': 'e58dba88-a2ca-4f74-99c3-e6db34fa26dc', 'neutron:revision_number': '0'}}, may_exist=True, subnet_id=ede52e3c-4ad1-49df-b794-4377a1028951, port_id=None, new_insert=False) {{(pid=101957) do_commit /opt/stack/data/venv/lib/python3.12/site-packages/ovsdbapp/backend/ovs_idl/transaction.py:89}}
Apr 07 21:06:08.484674 np0000164084 devstack@neutron-api.service[101957]: DEBUG ovsdbapp.backend.ovs_idl.transaction [None req-0f9abe70-8213-46f3-acb5-e0e4f146c5ee None None] Running txn n=1 command(idx=2): SetLSwitchPortCommand(_result=None, lport=198997f5-2311-4d5a-838d-1e659fd0bd24, external_ids_update=None, columns={'external_ids': {'neutron:port_name': '', 'neutron:device_id': 'ovnmeta-e58dba88-a2ca-4f74-99c3-e6db34fa26dc', 'neutron:project_id': '1a7f0485666b4c99bbc4e3ea481fc9fa', 'neutron:cidrs': '10.2.5.1/24', 'neutron:device_owner': 'network:distributed', 'neutron:subnet_pool_addr_scope4': '', 'neutron:subnet_pool_addr_scope6': '', 'neutron:network_name': 'neutron-e58dba88-a2ca-4f74-99c3-e6db34fa26dc', 'neutron:security_group_ids': '', 'neutron:revision_number': '2', 'neutron:vnic_type': 'normal', 'neutron:port_capabilities': '', 'neutron:mtu': ''}, 'parent_name': [], 'tag': [], 'options': {}, 'enabled': True, 'port_security': [], 'dhcpv4_options': [], 'dhcpv6_options': [], 'type': 'localport', 'addresses': ['fa:16:3e:90:1b:24 10.2.5.1'], 'ha_chassis_group': []}, if_exists=False) {{(pid=101957) do_commit /opt/stack/data/venv/lib/python3.12/site-packages/ovsdbapp/backend/ovs_idl/transaction.py:89}}
Apr 07 21:06:08.485980 np0000164084 devstack@neutron-api.service[101957]: DEBUG ovsdbapp.backend.ovs_idl.transaction [None req-0f9abe70-8213-46f3-acb5-e0e4f146c5ee None None] Running txn n=1 command(idx=3): PgDelPortCommand(_result=None, port_group=neutron_pg_drop, lsp=['198997f5-2311-4d5a-838d-1e659fd0bd24'], if_exists=False) {{(pid=101957) do_commit /opt/stack/data/venv/lib/python3.12/site-packages/ovsdbapp/backend/ovs_idl/transaction.py:89}}
Apr 07 21:06:08.491579 np0000164084 devstack@neutron-api.service[101958]: DEBUG neutron.plugins.ml2.drivers.ovn.mech_driver.ovsdb.ovsdb_monitor [None req-b0201a07-2d41-4dbf-a7b6-445648fd7607 None None] Hash Ring: Node 9d4ca92dbf7b5e498d9b87d3c5579e50 (host: np0000164084) handling event "create" for row 4c7d103c-dd58-4ee9-add2-932ecfd072a6 (table: DHCP_Options) {{(pid=101958) notify /opt/stack/neutron/neutron/plugins/ml2/drivers/ovn/mech_driver/ovsdb/ovsdb_monitor.py:912}}
Apr 07 21:06:08.491991 np0000164084 devstack@neutron-api.service[101956]: DEBUG neutron.plugins.ml2.drivers.ovn.mech_driver.ovsdb.ovsdb_monitor [None req-4855f09c-6695-4558-8c4a-ae1960dcfc56 None None] Hash Ring: Node 3157cf3c7276575db2cdd852ce949af4 (host: np0000164084) handling event "update" for row f52f78f2-ec9d-46b3-b75a-56804d858c8e (table: Logical_Switch_Port) {{(pid=101956) notify /opt/stack/neutron/neutron/plugins/ml2/drivers/ovn/mech_driver/ovsdb/ovsdb_monitor.py:912}}
Apr 07 21:06:08.496465 np0000164084 devstack@neutron-api.service[101958]: DEBUG neutron.plugins.ml2.drivers.ovn.mech_driver.ovsdb.ovsdb_monitor [None req-c8be0fce-5d32-4580-ba1f-cb315e7e08b1 None None] Hash Ring: Node 9d4ca92dbf7b5e498d9b87d3c5579e50 (host: np0000164084) handling event "update" for row fee689e9-6673-4476-99b3-60b33fb490ae (table: Port_Binding) {{(pid=101958) notify /opt/stack/neutron/neutron/plugins/ml2/drivers/ovn/mech_driver/ovsdb/ovsdb_monitor.py:912}}
Apr 07 21:06:08.863019 np0000164084 devstack@neutron-api.service[101957]: INFO neutron.db.ovn_revision_numbers_db [None req-be08fff8-c913-41d8-a108-cc3840771dd5 admin admin] Successfully bumped revision number for resource 198997f5-2311-4d5a-838d-1e659fd0bd24 (type: ports) to 2
Apr 07 21:06:08.875429 np0000164084 devstack@neutron-api.service[101957]: DEBUG neutron.plugins.ml2.plugin [None req-be08fff8-c913-41d8-a108-cc3840771dd5 admin admin] In _notify_port_updated(), no bound segment for port 198997f5-2311-4d5a-838d-1e659fd0bd24 on network e58dba88-a2ca-4f74-99c3-e6db34fa26dc {{(pid=101957) _notify_port_updated /opt/stack/neutron/neutron/plugins/ml2/plugin.py:1036}}
Apr 07 21:06:09.049842 np0000164084 devstack@neutron-api.service[101957]: INFO neutron.db.ovn_revision_numbers_db [None req-be08fff8-c913-41d8-a108-cc3840771dd5 admin admin] Successfully bumped revision number for resource ede52e3c-4ad1-49df-b794-4377a1028951 (type: subnets) to 0
Apr 07 21:06:09.052554 np0000164084 devstack@neutron-api.service[101957]: DEBUG neutron.pecan_wsgi.hooks.policy_enforcement [None req-be08fff8-c913-41d8-a108-cc3840771dd5 admin admin] Attributes excluded by policy engine: ['standard_attr_id', 'shared', 'network'] {{(pid=101957) _exclude_attributes_by_policy /opt/stack/neutron/neutron/pecan_wsgi/hooks/policy_enforcement.py:258}}
Apr 07 21:06:09.053093 np0000164084 devstack@neutron-api.service[101957]: DEBUG neutron_lib.callbacks.manager [None req-be08fff8-c913-41d8-a108-cc3840771dd5 admin admin] Publish callbacks [] for subnet (None), before_response {{(pid=101957) _notify_loop /opt/stack/data/venv/lib/python3.12/site-packages/neutron_lib/callbacks/manager.py:184}}
Apr 07 21:06:09.188279 np0000164084 devstack@neutron-api.service[101957]: [pid: 101957|app: 0|req: 25/99] 199.204.45.238 () {68 vars in 1355 bytes} [Tue Apr 7 21:06:07 2026] POST /networking/v2.0/subnets => generated 625 bytes in 1304 msecs (HTTP/1.1 201) 4 headers in 162 bytes (1 switches on core 0)
Apr 07 21:06:09.413557 np0000164084 devstack@neutron-api.service[101958]: INFO neutron.pecan_wsgi.hooks.translation [None req-6f762048-c99d-4d0c-9fc1-5af8816c1613 admin admin] GET failed (client error): The resource could not be found.
Apr 07 21:06:09.414303 np0000164084 devstack@neutron-api.service[101958]: [pid: 101958|app: 0|req: 25/100] 199.204.45.238 () {64 vars in 1340 bytes} [Tue Apr 7 21:06:09 2026] GET /networking/v2.0/subnets/admin_subnet => generated 112 bytes in 10 msecs (HTTP/1.1 404) 4 headers in 164 bytes (1 switches on core 0)
Apr 07 21:06:09.451716 np0000164084 devstack@neutron-api.service[101959]: DEBUG neutron.pecan_wsgi.hooks.policy_enforcement [None req-b18752a9-11ab-4c85-b0da-3a86bb35c31e admin admin] Attributes excluded by policy engine: ['standard_attr_id', 'shared'] {{(pid=101959) _exclude_attributes_by_policy /opt/stack/neutron/neutron/pecan_wsgi/hooks/policy_enforcement.py:258}}
Apr 07 21:06:09.452403 np0000164084 devstack@neutron-api.service[101959]: [pid: 101959|app: 0|req: 25/101] 199.204.45.238 () {64 vars in 1349 bytes} [Tue Apr 7 21:06:09 2026] GET /networking/v2.0/subnets?name=admin_subnet => generated 628 bytes in 30 msecs (HTTP/1.1 200) 4 headers in 157 bytes (1 switches on core 0)
Apr 07 21:06:13.711484 np0000164084 devstack@neutron-api.service[101959]: DEBUG neutron.plugins.ml2.drivers.ovn.mech_driver.ovsdb.ovsdb_monitor [None req-3a0bfce9-2350-432a-a9ef-cef154572c7a None None] ChassisOVNAgentWriteEvent : Matched Chassis_Private, update, None None {{(pid=101959) matches /opt/stack/neutron/neutron/plugins/ml2/drivers/ovn/mech_driver/ovsdb/ovsdb_monitor.py:64}}
Apr 07 21:06:13.712528 np0000164084 devstack@neutron-api.service[101956]: DEBUG neutron.plugins.ml2.drivers.ovn.mech_driver.ovsdb.ovsdb_monitor [None req-5c038ab8-0314-464e-8bdc-8ad1b9e048f3 None None] ChassisOVNAgentWriteEvent : Matched Chassis_Private, update, None None {{(pid=101956) matches /opt/stack/neutron/neutron/plugins/ml2/drivers/ovn/mech_driver/ovsdb/ovsdb_monitor.py:64}}
Apr 07 21:06:13.713104 np0000164084 devstack@neutron-api.service[101957]: DEBUG neutron.plugins.ml2.drivers.ovn.mech_driver.ovsdb.ovsdb_monitor [None req-afe938ae-fdaa-4fde-80d6-35dd4140fd0b None None] ChassisOVNAgentWriteEvent : Matched Chassis_Private, update, None None {{(pid=101957) matches /opt/stack/neutron/neutron/plugins/ml2/drivers/ovn/mech_driver/ovsdb/ovsdb_monitor.py:64}}
