2026-07-09 10:46:13.263 7 INFO placement.requestlog [None req-7586f188-a8a3-444f-a2da-9068cb69f7b8 - - - - - -] 10.0.0.240 "GET /" status: 200 len: 136 microversion: 1.0
2026-07-09 10:46:19.311 8 INFO placement.requestlog [None req-3d17e0e2-1dd1-4a16-99f3-91148a89a49f 4338270a55b94d8b9fd259558968262c e6ba450db3e14345972a607633daa40c - - 9fb033ce87cc43a986bf15845136d4f1 9fb033ce87cc43a986bf15845136d4f1] 10.0.0.244 "GET /resource_providers/69b0f844-dee8-4a26-a494-07aa0a898ebb/aggregates" status: 404 len: 235 microversion: 1.1 [pid: 8|app: 0|req: 444/893] 10.0.0.244 () {32 vars in 816 bytes} [Thu Jul 9 10:46:19 2026] GET /resource_providers/69b0f844-dee8-4a26-a494-07aa0a898ebb/aggregates => generated 235 bytes in 10 msecs (HTTP/1.1 404) 5 headers in 202 bytes (1 switches on core 0)
2026-07-09 10:46:19.313 7 INFO placement.requestlog [None req-b8985b5a-d191-412a-869d-3514ed6ad323 4338270a55b94d8b9fd259558968262c e6ba450db3e14345972a607633daa40c - - 9fb033ce87cc43a986bf15845136d4f1 9fb033ce87cc43a986bf15845136d4f1] 10.0.0.244 "GET /resource_providers/69b0f844-dee8-4a26-a494-07aa0a898ebb/aggregates" status: 404 len: 235 microversion: 1.1 [pid: 7|app: 0|req: 450/894] 10.0.0.244 () {32 vars in 816 bytes} [Thu Jul 9 10:46:19 2026] GET /resource_providers/69b0f844-dee8-4a26-a494-07aa0a898ebb/aggregates => generated 235 bytes in 11 msecs (HTTP/1.1 404) 5 headers in 202 bytes (1 switches on core 0)
2026-07-09 10:46:19.353 8 INFO placement.requestlog [None req-b1a5ed9d-8f4b-40e8-85f8-28923a74feeb 4338270a55b94d8b9fd259558968262c e6ba450db3e14345972a607633daa40c - - 9fb033ce87cc43a986bf15845136d4f1 9fb033ce87cc43a986bf15845136d4f1] 10.0.0.244 "DELETE /resource_providers/69b0f844-dee8-4a26-a494-07aa0a898ebb" status: 404 len: 246 microversion: 1.1 [pid: 8|app: 0|req: 445/895] 10.0.0.244 () {34 vars in 816 bytes} [Thu Jul 9 10:46:19 2026] DELETE /resource_providers/69b0f844-dee8-4a26-a494-07aa0a898ebb => generated 246 bytes in 9 msecs (HTTP/1.1 404) 6 headers in 231 bytes (1 switches on core 0)
2026-07-09 10:46:19.354 7 INFO placement.requestlog [None req-0385454e-58b1-427a-bafc-881f1ffab764 4338270a55b94d8b9fd259558968262c e6ba450db3e14345972a607633daa40c - - 9fb033ce87cc43a986bf15845136d4f1 9fb033ce87cc43a986bf15845136d4f1] 10.0.0.244 "DELETE /resource_providers/69b0f844-dee8-4a26-a494-07aa0a898ebb" status: 404 len: 246 microversion: 1.1 [pid: 7|app: 0|req: 451/896] 10.0.0.244 () {34 vars in 816 bytes} [Thu Jul 9 10:46:19 2026] DELETE /resource_providers/69b0f844-dee8-4a26-a494-07aa0a898ebb => generated 246 bytes in 9 msecs (HTTP/1.1 404) 6 headers in 231 bytes (1 switches on core 0)
2026-07-09 10:46:19.765 7 INFO placement.requestlog [None req-d5998a61-dfb9-44c9-b46a-7474a7c98d09 4338270a55b94d8b9fd259558968262c e6ba450db3e14345972a607633daa40c - - 9fb033ce87cc43a986bf15845136d4f1 9fb033ce87cc43a986bf15845136d4f1] 10.0.0.244 "GET /resource_providers/46c9bb2c-c740-4b39-aca8-2d5343462e68/aggregates" status: 404 len: 235 microversion: 1.1 [pid: 7|app: 0|req: 452/897] 10.0.0.244 () {32 vars in 816 bytes} [Thu Jul 9 10:46:19 2026] GET /resource_providers/46c9bb2c-c740-4b39-aca8-2d5343462e68/aggregates => generated 235 bytes in 9 msecs (HTTP/1.1 404) 5 headers in 202 bytes (1 switches on core 0)
2026-07-09 10:46:19.766 8 INFO placement.requestlog [None req-e18d2b47-e844-4a16-bff7-624e37716319 4338270a55b94d8b9fd259558968262c e6ba450db3e14345972a607633daa40c - - 9fb033ce87cc43a986bf15845136d4f1 9fb033ce87cc43a986bf15845136d4f1] 10.0.0.244 "GET /resource_providers/46c9bb2c-c740-4b39-aca8-2d5343462e68/aggregates" status: 404 len: 235 microversion: 1.1 [pid: 8|app: 0|req: 446/898] 10.0.0.244 () {32 vars in 816 bytes} [Thu Jul 9 10:46:19 2026] GET /resource_providers/46c9bb2c-c740-4b39-aca8-2d5343462e68/aggregates => generated 235 bytes in 11 msecs (HTTP/1.1 404) 5 headers in 202 bytes (1 switches on core 0)
2026-07-09 10:46:19.799 8 INFO placement.requestlog [None req-ed9e2e91-bcc3-4786-afd8-fbc1facccfe9 4338270a55b94d8b9fd259558968262c e6ba450db3e14345972a607633daa40c - - 9fb033ce87cc43a986bf15845136d4f1 9fb033ce87cc43a986bf15845136d4f1] 10.0.0.244 "DELETE /resource_providers/46c9bb2c-c740-4b39-aca8-2d5343462e68" status: 404 len: 246 microversion: 1.1 [pid: 8|app: 0|req: 447/899] 10.0.0.244 () {34 vars in 816 bytes} [Thu Jul 9 10:46:19 2026] DELETE /resource_providers/46c9bb2c-c740-4b39-aca8-2d5343462e68 => generated 246 bytes in 10 msecs (HTTP/1.1 404) 6 headers in 231 bytes (1 switches on core 0)
2026-07-09 10:46:19.800 7 INFO placement.requestlog [None req-4777e48a-d525-4f5f-9cae-1f0b8827fade 4338270a55b94d8b9fd259558968262c e6ba450db3e14345972a607633daa40c - - 9fb033ce87cc43a986bf15845136d4f1 9fb033ce87cc43a986bf15845136d4f1] 10.0.0.244 "DELETE /resource_providers/46c9bb2c-c740-4b39-aca8-2d5343462e68" status: 404 len: 246 microversion: 1.1 [pid: 7|app: 0|req: 453/900] 10.0.0.244 () {34 vars in 816 bytes} [Thu Jul 9 10:46:19 2026] DELETE /resource_providers/46c9bb2c-c740-4b39-aca8-2d5343462e68 => generated 246 bytes in 13 msecs (HTTP/1.1 404) 6 headers in 231 bytes (1 switches on core 0)
2026-07-09 10:46:21.377 8 INFO placement.requestlog [None req-7a4838ea-838f-4021-bb16-e6f01ad0670c 4338270a55b94d8b9fd259558968262c e6ba450db3e14345972a607633daa40c - - 9fb033ce87cc43a986bf15845136d4f1 9fb033ce87cc43a986bf15845136d4f1] 10.0.0.244 "GET /resource_providers/b69528b9-3b37-4703-b67b-504123ddc361/aggregates" status: 404 len: 235 microversion: 1.1 [pid: 8|app: 0|req: 448/901] 10.0.0.244 () {32 vars in 816 bytes} [Thu Jul 9 10:46:21 2026] GET /resource_providers/b69528b9-3b37-4703-b67b-504123ddc361/aggregates => generated 235 bytes in 10 msecs (HTTP/1.1 404) 5 headers in 202 bytes (1 switches on core 0)
2026-07-09 10:46:21.383 7 INFO placement.requestlog [None req-33c81b52-dbaa-471f-81ff-795de1ee83e4 4338270a55b94d8b9fd259558968262c e6ba450db3e14345972a607633daa40c - - 9fb033ce87cc43a986bf15845136d4f1 9fb033ce87cc43a986bf15845136d4f1] 10.0.0.244 "GET /resource_providers/b69528b9-3b37-4703-b67b-504123ddc361/aggregates" status: 404 len: 235 microversion: 1.1 [pid: 7|app: 0|req: 454/902] 10.0.0.244 () {32 vars in 816 bytes} [Thu Jul 9 10:46:21 2026] GET /resource_providers/b69528b9-3b37-4703-b67b-504123ddc361/aggregates => generated 235 bytes in 13 msecs (HTTP/1.1 404) 5 headers in 202 bytes (1 switches on core 0)
2026-07-09 10:46:21.398 8 INFO placement.requestlog [None req-322db65d-68f4-4187-9cf2-3c1ec979a0c7 4338270a55b94d8b9fd259558968262c e6ba450db3e14345972a607633daa40c - - 9fb033ce87cc43a986bf15845136d4f1 9fb033ce87cc43a986bf15845136d4f1] 10.0.0.244 "DELETE /resource_providers/b69528b9-3b37-4703-b67b-504123ddc361" status: 404 len: 246 microversion: 1.1 [pid: 8|app: 0|req: 449/903] 10.0.0.244 () {34 vars in 816 bytes} [Thu Jul 9 10:46:21 2026] DELETE /resource_providers/b69528b9-3b37-4703-b67b-504123ddc361 => generated 246 bytes in 10 msecs (HTTP/1.1 404) 6 headers in 231 bytes (1 switches on core 0)
2026-07-09 10:46:21.399 7 INFO placement.requestlog [None req-f8385d75-01ee-4219-ac90-43dba957a185 4338270a55b94d8b9fd259558968262c e6ba450db3e14345972a607633daa40c - - 9fb033ce87cc43a986bf15845136d4f1 9fb033ce87cc43a986bf15845136d4f1] 10.0.0.244 "DELETE /resource_providers/b69528b9-3b37-4703-b67b-504123ddc361" status: 404 len: 246 microversion: 1.1 [pid: 7|app: 0|req: 455/904] 10.0.0.244 () {34 vars in 816 bytes} [Thu Jul 9 10:46:21 2026] DELETE /resource_providers/b69528b9-3b37-4703-b67b-504123ddc361 => generated 246 bytes in 8 msecs (HTTP/1.1 404) 6 headers in 231 bytes (1 switches on core 0)
2026-07-09 10:46:21.419 7 INFO placement.requestlog [None req-4edbaf7e-2eda-4147-ad94-8686a5ab4688 4338270a55b94d8b9fd259558968262c e6ba450db3e14345972a607633daa40c - - 9fb033ce87cc43a986bf15845136d4f1 9fb033ce87cc43a986bf15845136d4f1] 10.0.0.244 "GET /resource_providers/8ee008e0-71d0-4410-9cfd-1ffe1c736c54/aggregates" status: 404 len: 235 microversion: 1.1 [pid: 7|app: 0|req: 456/905] 10.0.0.244 () {32 vars in 816 bytes} [Thu Jul 9 10:46:21 2026] GET /resource_providers/8ee008e0-71d0-4410-9cfd-1ffe1c736c54/aggregates => generated 235 bytes in 8 msecs (HTTP/1.1 404) 5 headers in 202 bytes (1 switches on core 0)
2026-07-09 10:46:21.420 8 INFO placement.requestlog [None req-59a02c93-68c6-4069-b185-eb38081f4bf7 4338270a55b94d8b9fd259558968262c e6ba450db3e14345972a607633daa40c - - 9fb033ce87cc43a986bf15845136d4f1 9fb033ce87cc43a986bf15845136d4f1] 10.0.0.244 "GET /resource_providers/8ee008e0-71d0-4410-9cfd-1ffe1c736c54/aggregates" status: 404 len: 235 microversion: 1.1 [pid: 8|app: 0|req: 450/906] 10.0.0.244 () {32 vars in 816 bytes} [Thu Jul 9 10:46:21 2026] GET /resource_providers/8ee008e0-71d0-4410-9cfd-1ffe1c736c54/aggregates => generated 235 bytes in 11 msecs (HTTP/1.1 404) 5 headers in 202 bytes (1 switches on core 0)
2026-07-09 10:46:21.438 7 INFO placement.requestlog [None req-ceb12b14-f22e-429e-9149-fc20cbf97139 4338270a55b94d8b9fd259558968262c e6ba450db3e14345972a607633daa40c - - 9fb033ce87cc43a986bf15845136d4f1 9fb033ce87cc43a986bf15845136d4f1] 10.0.0.244 "DELETE /resource_providers/8ee008e0-71d0-4410-9cfd-1ffe1c736c54" status: 404 len: 246 microversion: 1.1 [pid: 7|app: 0|req: 457/907] 10.0.0.244 () {34 vars in 816 bytes} [Thu Jul 9 10:46:21 2026] DELETE /resource_providers/8ee008e0-71d0-4410-9cfd-1ffe1c736c54 => generated 246 bytes in 9 msecs (HTTP/1.1 404) 6 headers in 231 bytes (1 switches on core 0)
2026-07-09 10:46:21.441 8 INFO placement.requestlog [None req-093fdd53-5647-4df5-b150-958a0f86c4bd 4338270a55b94d8b9fd259558968262c e6ba450db3e14345972a607633daa40c - - 9fb033ce87cc43a986bf15845136d4f1 9fb033ce87cc43a986bf15845136d4f1] 10.0.0.244 "DELETE /resource_providers/8ee008e0-71d0-4410-9cfd-1ffe1c736c54" status: 404 len: 246 microversion: 1.1 [pid: 8|app: 0|req: 451/908] 10.0.0.244 () {34 vars in 816 bytes} [Thu Jul 9 10:46:21 2026] DELETE /resource_providers/8ee008e0-71d0-4410-9cfd-1ffe1c736c54 => generated 246 bytes in 10 msecs (HTTP/1.1 404) 6 headers in 231 bytes (1 switches on core 0)
2026-07-09 10:46:21.831 8 INFO placement.requestlog [None req-57e1bdc3-bfd3-4b3c-a61c-9ed96670077c 4338270a55b94d8b9fd259558968262c e6ba450db3e14345972a607633daa40c - - 9fb033ce87cc43a986bf15845136d4f1 9fb033ce87cc43a986bf15845136d4f1] 10.0.0.244 "GET /resource_providers/a761e663-8571-49ac-b4d0-5c1168dd1ad8/aggregates" status: 404 len: 235 microversion: 1.1 [pid: 8|app: 0|req: 452/909] 10.0.0.244 () {32 vars in 816 bytes} [Thu Jul 9 10:46:21 2026] GET /resource_providers/a761e663-8571-49ac-b4d0-5c1168dd1ad8/aggregates => generated 235 bytes in 13 msecs (HTTP/1.1 404) 5 headers in 202 bytes (1 switches on core 0)
2026-07-09 10:46:21.834 7 INFO placement.requestlog [None req-5ef89fcd-d744-4e05-aa16-f8e07405ed6c 4338270a55b94d8b9fd259558968262c e6ba450db3e14345972a607633daa40c - - 9fb033ce87cc43a986bf15845136d4f1 9fb033ce87cc43a986bf15845136d4f1] 10.0.0.244 "GET /resource_providers/a761e663-8571-49ac-b4d0-5c1168dd1ad8/aggregates" status: 404 len: 235 microversion: 1.1 [pid: 7|app: 0|req: 458/910] 10.0.0.244 () {32 vars in 816 bytes} [Thu Jul 9 10:46:21 2026] GET /resource_providers/a761e663-8571-49ac-b4d0-5c1168dd1ad8/aggregates => generated 235 bytes in 20 msecs (HTTP/1.1 404) 5 headers in 202 bytes (1 switches on core 0)
2026-07-09 10:46:21.859 8 INFO placement.requestlog [None req-59490e37-4b65-4113-bcde-e9c4aaa34306 4338270a55b94d8b9fd259558968262c e6ba450db3e14345972a607633daa40c - - 9fb033ce87cc43a986bf15845136d4f1 9fb033ce87cc43a986bf15845136d4f1] 10.0.0.244 "DELETE /resource_providers/a761e663-8571-49ac-b4d0-5c1168dd1ad8" status: 404 len: 246 microversion: 1.1 [pid: 8|app: 0|req: 453/911] 10.0.0.244 () {34 vars in 816 bytes} [Thu Jul 9 10:46:21 2026] DELETE /resource_providers/a761e663-8571-49ac-b4d0-5c1168dd1ad8 => generated 246 bytes in 13 msecs (HTTP/1.1 404) 6 headers in 231 bytes (1 switches on core 0)
2026-07-09 10:46:21.863 7 INFO placement.requestlog [None req-86e7b645-19bf-4fd6-a82d-d744adae5623 4338270a55b94d8b9fd259558968262c e6ba450db3e14345972a607633daa40c - - 9fb033ce87cc43a986bf15845136d4f1 9fb033ce87cc43a986bf15845136d4f1] 10.0.0.244 "DELETE /resource_providers/a761e663-8571-49ac-b4d0-5c1168dd1ad8" status: 404 len: 246 microversion: 1.1 [pid: 7|app: 0|req: 459/912] 10.0.0.244 () {34 vars in 816 bytes} [Thu Jul 9 10:46:21 2026] DELETE /resource_providers/a761e663-8571-49ac-b4d0-5c1168dd1ad8 => generated 246 bytes in 15 msecs (HTTP/1.1 404) 6 headers in 231 bytes (1 switches on core 0)
2026-07-09 10:46:22.009 8 INFO placement.requestlog [req-e6a4a5b3-bf73-4d84-8573-39f588d03e84 req-d93c81d3-645a-42ed-a711-ffaa1d317153 49fef5a1e7df4910adc5d13dccaaaff4 e6ba450db3e14345972a607633daa40c - - 9fb033ce87cc43a986bf15845136d4f1 9fb033ce87cc43a986bf15845136d4f1] 199.204.45.242 "GET /resource_providers/90159e59-1b0d-4cbe-a6f2-1f8182fd603d/allocations" status: 200 len: 453 microversion: 1.0 [pid: 8|app: 0|req: 454/913] 199.204.45.242 () {32 vars in 857 bytes} [Thu Jul 9 10:46:21 2026] GET /resource_providers/90159e59-1b0d-4cbe-a6f2-1f8182fd603d/allocations => generated 453 bytes in 22 msecs (HTTP/1.1 200) 6 headers in 224 bytes (1 switches on core 0)
2026-07-09 10:46:22.031 7 INFO placement.requestlog [req-e6a4a5b3-bf73-4d84-8573-39f588d03e84 req-62de4e1d-abea-442f-bd55-b36c29e6292d 49fef5a1e7df4910adc5d13dccaaaff4 e6ba450db3e14345972a607633daa40c - - 9fb033ce87cc43a986bf15845136d4f1 9fb033ce87cc43a986bf15845136d4f1] 199.204.45.242 "GET /allocations/8a90eac1-399d-4954-8517-252761491b51" status: 200 len: 258 microversion: 1.28 [pid: 7|app: 0|req: 460/914] 199.204.45.242 () {34 vars in 863 bytes} [Thu Jul 9 10:46:22 2026] GET /allocations/8a90eac1-399d-4954-8517-252761491b51 => generated 258 bytes in 14 msecs (HTTP/1.1 200) 8 headers in 296 bytes (1 switches on core 0)
2026-07-09 10:46:22.070 8 INFO placement.requestlog [req-e6a4a5b3-bf73-4d84-8573-39f588d03e84 req-48344cb5-3e8f-47e2-aa7f-4b3b257d6caa 49fef5a1e7df4910adc5d13dccaaaff4 e6ba450db3e14345972a607633daa40c - - 9fb033ce87cc43a986bf15845136d4f1 9fb033ce87cc43a986bf15845136d4f1] 199.204.45.242 "GET /allocations/43ac4e01-a4fb-45b4-9d29-46276c8180da" status: 200 len: 258 microversion: 1.28 [pid: 8|app: 0|req: 455/915] 199.204.45.242 () {34 vars in 863 bytes} [Thu Jul 9 10:46:22 2026] GET /allocations/43ac4e01-a4fb-45b4-9d29-46276c8180da => generated 258 bytes in 32 msecs (HTTP/1.1 200) 8 headers in 296 bytes (1 switches on core 0)
2026-07-09 10:46:22.093 7 INFO placement.requestlog [req-e6a4a5b3-bf73-4d84-8573-39f588d03e84 req-7959ac4a-a112-45ea-8aa1-88764a94f124 49fef5a1e7df4910adc5d13dccaaaff4 e6ba450db3e14345972a607633daa40c - - 9fb033ce87cc43a986bf15845136d4f1 9fb033ce87cc43a986bf15845136d4f1] 199.204.45.242 "GET /allocations/05b29f8d-8791-45ec-99d8-5a04457eab11" status: 200 len: 258 microversion: 1.28 [pid: 7|app: 0|req: 461/916] 199.204.45.242 () {34 vars in 863 bytes} [Thu Jul 9 10:46:22 2026] GET /allocations/05b29f8d-8791-45ec-99d8-5a04457eab11 => generated 258 bytes in 15 msecs (HTTP/1.1 200) 8 headers in 296 bytes (1 switches on core 0)
2026-07-09 10:46:22.115 8 INFO placement.requestlog [req-e6a4a5b3-bf73-4d84-8573-39f588d03e84 req-710b9bf9-e41a-4dfa-98fb-f8ffe2a2b8c7 49fef5a1e7df4910adc5d13dccaaaff4 e6ba450db3e14345972a607633daa40c - - 9fb033ce87cc43a986bf15845136d4f1 9fb033ce87cc43a986bf15845136d4f1] 199.204.45.242 "GET /allocations/04840815-5d7b-4096-a1e6-9ace7c43187d" status: 200 len: 258 microversion: 1.28 [pid: 8|app: 0|req: 456/917] 199.204.45.242 () {34 vars in 863 bytes} [Thu Jul 9 10:46:22 2026] GET /allocations/04840815-5d7b-4096-a1e6-9ace7c43187d => generated 258 bytes in 15 msecs (HTTP/1.1 200) 8 headers in 296 bytes (1 switches on core 0)
2026-07-09 10:46:23.176 7 INFO placement.requestlog [req-e6a4a5b3-bf73-4d84-8573-39f588d03e84 req-d67faf6d-18d2-443b-b3b6-ddd25047ac28 49fef5a1e7df4910adc5d13dccaaaff4 e6ba450db3e14345972a607633daa40c - - 9fb033ce87cc43a986bf15845136d4f1 9fb033ce87cc43a986bf15845136d4f1] 199.204.45.242 "DELETE /allocations/43ac4e01-a4fb-45b4-9d29-46276c8180da" status: 204 len: 0 microversion: 1.0 [pid: 7|app: 0|req: 462/918] 199.204.45.242 () {34 vars in 841 bytes} [Thu Jul 9 10:46:23 2026] DELETE /allocations/43ac4e01-a4fb-45b4-9d29-46276c8180da => generated 0 bytes in 24 msecs (HTTP/1.1 204) 5 headers in 198 bytes (1 switches on core 0)
2026-07-09 10:46:23.264 8 INFO placement.requestlog [None req-9897e3dd-6c7c-4f7f-b31b-f5e43307fa80 - - - - - -] 10.0.0.240 "GET /" status: 200 len: 136 microversion: 1.0
2026-07-09 10:46:23.265 7 INFO placement.requestlog [None req-1f0fb1ee-80fc-4f3d-8981-c128a13ef4ff - - - - - -] 10.0.0.240 "GET /" status: 200 len: 136 microversion: 1.0
2026-07-09 10:46:26.850 8 INFO placement.requestlog [None req-d8c75fa6-f39d-4c51-ac86-cfde15aa45f9 4338270a55b94d8b9fd259558968262c e6ba450db3e14345972a607633daa40c - - 9fb033ce87cc43a986bf15845136d4f1 9fb033ce87cc43a986bf15845136d4f1] 10.0.0.244 "GET /resource_providers/15921576-bb1a-47cd-8323-e82a455b3669/aggregates" status: 404 len: 235 microversion: 1.1 [pid: 8|app: 0|req: 458/921] 10.0.0.244 () {32 vars in 816 bytes} [Thu Jul 9 10:46:26 2026] GET /resource_providers/15921576-bb1a-47cd-8323-e82a455b3669/aggregates => generated 235 bytes in 10 msecs (HTTP/1.1 404) 5 headers in 202 bytes (1 switches on core 0)
2026-07-09 10:46:26.856 7 INFO placement.requestlog [None req-ccf9b6f7-aea6-4104-af1e-c6aba53c6da5 4338270a55b94d8b9fd259558968262c e6ba450db3e14345972a607633daa40c - - 9fb033ce87cc43a986bf15845136d4f1 9fb033ce87cc43a986bf15845136d4f1] 10.0.0.244 "GET /resource_providers/15921576-bb1a-47cd-8323-e82a455b3669/aggregates" status: 404 len: 235 microversion: 1.1 [pid: 7|app: 0|req: 464/922] 10.0.0.244 () {32 vars in 816 bytes} [Thu Jul 9 10:46:26 2026] GET /resource_providers/15921576-bb1a-47cd-8323-e82a455b3669/aggregates => generated 235 bytes in 16 msecs (HTTP/1.1 404) 5 headers in 202 bytes (1 switches on core 0)
2026-07-09 10:46:26.878 8 INFO placement.requestlog [None req-e21957a6-0be7-4ec7-9774-b651e587ea9d 4338270a55b94d8b9fd259558968262c e6ba450db3e14345972a607633daa40c - - 9fb033ce87cc43a986bf15845136d4f1 9fb033ce87cc43a986bf15845136d4f1] 10.0.0.244 "DELETE /resource_providers/15921576-bb1a-47cd-8323-e82a455b3669" status: 404 len: 246 microversion: 1.1 [pid: 8|app: 0|req: 459/923] 10.0.0.244 () {34 vars in 816 bytes} [Thu Jul 9 10:46:26 2026] DELETE /resource_providers/15921576-bb1a-47cd-8323-e82a455b3669 => generated 246 bytes in 13 msecs (HTTP/1.1 404) 6 headers in 231 bytes (1 switches on core 0)
2026-07-09 10:46:26.883 7 INFO placement.requestlog [None req-c3fbe638-5f77-4238-9693-b59978d5aaf9 4338270a55b94d8b9fd259558968262c e6ba450db3e14345972a607633daa40c - - 9fb033ce87cc43a986bf15845136d4f1 9fb033ce87cc43a986bf15845136d4f1] 10.0.0.244 "DELETE /resource_providers/15921576-bb1a-47cd-8323-e82a455b3669" status: 404 len: 246 microversion: 1.1 [pid: 7|app: 0|req: 465/924] 10.0.0.244 () {34 vars in 816 bytes} [Thu Jul 9 10:46:26 2026] DELETE /resource_providers/15921576-bb1a-47cd-8323-e82a455b3669 => generated 246 bytes in 8 msecs (HTTP/1.1 404) 6 headers in 231 bytes (1 switches on core 0)
2026-07-09 10:46:27.758 8 INFO placement.requestlog [req-eeac4c2b-84e0-4ab4-bd55-433024563646 req-8911aeb6-2c09-488e-916a-a16d9ffbd5df 49fef5a1e7df4910adc5d13dccaaaff4 e6ba450db3e14345972a607633daa40c - - 9fb033ce87cc43a986bf15845136d4f1 9fb033ce87cc43a986bf15845136d4f1] 199.204.45.242 "GET /resource_providers/90159e59-1b0d-4cbe-a6f2-1f8182fd603d/allocations" status: 200 len: 353 microversion: 1.0 [pid: 8|app: 0|req: 460/925] 199.204.45.242 () {32 vars in 857 bytes} [Thu Jul 9 10:46:27 2026] GET /resource_providers/90159e59-1b0d-4cbe-a6f2-1f8182fd603d/allocations => generated 353 bytes in 19 msecs (HTTP/1.1 200) 6 headers in 224 bytes (1 switches on core 0)
2026-07-09 10:46:27.787 7 INFO placement.requestlog [req-eeac4c2b-84e0-4ab4-bd55-433024563646 req-73a2b8e8-0314-4c98-8712-8bc30ffde12b 49fef5a1e7df4910adc5d13dccaaaff4 e6ba450db3e14345972a607633daa40c - - 9fb033ce87cc43a986bf15845136d4f1 9fb033ce87cc43a986bf15845136d4f1] 199.204.45.242 "GET /allocations/8a90eac1-399d-4954-8517-252761491b51" status: 200 len: 258 microversion: 1.28 [pid: 7|app: 0|req: 466/926] 199.204.45.242 () {34 vars in 863 bytes} [Thu Jul 9 10:46:27 2026] GET /allocations/8a90eac1-399d-4954-8517-252761491b51 => generated 258 bytes in 18 msecs (HTTP/1.1 200) 8 headers in 296 bytes (1 switches on core 0)
2026-07-09 10:46:27.808 8 INFO placement.requestlog [req-eeac4c2b-84e0-4ab4-bd55-433024563646 req-a91c9c53-e517-4622-b8d0-cbcd02cd0aaf 49fef5a1e7df4910adc5d13dccaaaff4 e6ba450db3e14345972a607633daa40c - - 9fb033ce87cc43a986bf15845136d4f1 9fb033ce87cc43a986bf15845136d4f1] 199.204.45.242 "GET /allocations/05b29f8d-8791-45ec-99d8-5a04457eab11" status: 200 len: 258 microversion: 1.28 [pid: 8|app: 0|req: 461/927] 199.204.45.242 () {34 vars in 863 bytes} [Thu Jul 9 10:46:27 2026] GET /allocations/05b29f8d-8791-45ec-99d8-5a04457eab11 => generated 258 bytes in 17 msecs (HTTP/1.1 200) 8 headers in 296 bytes (1 switches on core 0)
2026-07-09 10:46:27.835 7 INFO placement.requestlog [req-eeac4c2b-84e0-4ab4-bd55-433024563646 req-51463cd9-91cf-4dd9-bce4-88b17a21394d 49fef5a1e7df4910adc5d13dccaaaff4 e6ba450db3e14345972a607633daa40c - - 9fb033ce87cc43a986bf15845136d4f1 9fb033ce87cc43a986bf15845136d4f1] 199.204.45.242 "GET /allocations/04840815-5d7b-4096-a1e6-9ace7c43187d" status: 200 len: 258 microversion: 1.28 [pid: 7|app: 0|req: 467/928] 199.204.45.242 () {34 vars in 863 bytes} [Thu Jul 9 10:46:27 2026] GET /allocations/04840815-5d7b-4096-a1e6-9ace7c43187d => generated 258 bytes in 19 msecs (HTTP/1.1 200) 8 headers in 296 bytes (1 switches on core 0)
2026-07-09 10:46:28.895 7 INFO placement.requestlog [req-8570e8b6-ad79-4544-8ee6-4ddaf7f5459b req-d9a0d8ae-c8b2-45a0-9056-1226a6341dc8 49fef5a1e7df4910adc5d13dccaaaff4 e6ba450db3e14345972a607633daa40c - - 9fb033ce87cc43a986bf15845136d4f1 9fb033ce87cc43a986bf15845136d4f1] 199.204.45.242 "GET /resource_providers/90159e59-1b0d-4cbe-a6f2-1f8182fd603d/allocations" status: 200 len: 253 microversion: 1.0 [pid: 7|app: 0|req: 468/929] 199.204.45.242 () {32 vars in 857 bytes} [Thu Jul 9 10:46:28 2026] GET /resource_providers/90159e59-1b0d-4cbe-a6f2-1f8182fd603d/allocations => generated 253 bytes in 19 msecs (HTTP/1.1 200) 6 headers in 224 bytes (1 switches on core 0)
2026-07-09 10:46:28.897 8 INFO placement.requestlog [req-eeac4c2b-84e0-4ab4-bd55-433024563646 req-05c89271-5822-45c9-bbf6-d06a41ddea42 49fef5a1e7df4910adc5d13dccaaaff4 e6ba450db3e14345972a607633daa40c - - 9fb033ce87cc43a986bf15845136d4f1 9fb033ce87cc43a986bf15845136d4f1] 199.204.45.242 "DELETE /allocations/8a90eac1-399d-4954-8517-252761491b51" status: 204 len: 0 microversion: 1.0 [pid: 8|app: 0|req: 462/930] 199.204.45.242 () {34 vars in 841 bytes} [Thu Jul 9 10:46:28 2026] DELETE /allocations/8a90eac1-399d-4954-8517-252761491b51 => generated 0 bytes in 30 msecs (HTTP/1.1 204) 5 headers in 198 bytes (1 switches on core 0)
2026-07-09 10:46:28.922 7 INFO placement.requestlog [req-8570e8b6-ad79-4544-8ee6-4ddaf7f5459b req-a2503f69-4308-44d7-9355-5cd902621afd 49fef5a1e7df4910adc5d13dccaaaff4 e6ba450db3e14345972a607633daa40c - - 9fb033ce87cc43a986bf15845136d4f1 9fb033ce87cc43a986bf15845136d4f1] 199.204.45.242 "GET /allocations/05b29f8d-8791-45ec-99d8-5a04457eab11" status: 200 len: 258 microversion: 1.28 [pid: 7|app: 0|req: 469/931] 199.204.45.242 () {34 vars in 863 bytes} [Thu Jul 9 10:46:28 2026] GET /allocations/05b29f8d-8791-45ec-99d8-5a04457eab11 => generated 258 bytes in 15 msecs (HTTP/1.1 200) 8 headers in 296 bytes (1 switches on core 0)
2026-07-09 10:46:28.948 8 INFO placement.requestlog [req-8570e8b6-ad79-4544-8ee6-4ddaf7f5459b req-81d9d6ee-d8b4-4ac1-b35a-aca29c3b57e4 49fef5a1e7df4910adc5d13dccaaaff4 e6ba450db3e14345972a607633daa40c - - 9fb033ce87cc43a986bf15845136d4f1 9fb033ce87cc43a986bf15845136d4f1] 199.204.45.242 "GET /allocations/04840815-5d7b-4096-a1e6-9ace7c43187d" status: 200 len: 258 microversion: 1.28 [pid: 8|app: 0|req: 463/932] 199.204.45.242 () {34 vars in 863 bytes} [Thu Jul 9 10:46:28 2026] GET /allocations/04840815-5d7b-4096-a1e6-9ace7c43187d => generated 258 bytes in 18 msecs (HTTP/1.1 200) 8 headers in 296 bytes (1 switches on core 0)
2026-07-09 10:46:30.012 7 INFO placement.requestlog [req-8570e8b6-ad79-4544-8ee6-4ddaf7f5459b req-b8b90540-266a-4aed-a155-65451e219350 49fef5a1e7df4910adc5d13dccaaaff4 e6ba450db3e14345972a607633daa40c - - 9fb033ce87cc43a986bf15845136d4f1 9fb033ce87cc43a986bf15845136d4f1] 199.204.45.242 "DELETE /allocations/05b29f8d-8791-45ec-99d8-5a04457eab11" status: 204 len: 0 microversion: 1.0 [pid: 7|app: 0|req: 470/933] 199.204.45.242 () {34 vars in 841 bytes} [Thu Jul 9 10:46:29 2026] DELETE /allocations/05b29f8d-8791-45ec-99d8-5a04457eab11 => generated 0 bytes in 37 msecs (HTTP/1.1 204) 5 headers in 198 bytes (1 switches on core 0)
2026-07-09 10:46:33.263 8 INFO placement.requestlog [None req-2cbc7e3b-8eca-44a5-a9bb-ad2609c5d2a2 - - - - - -] 10.0.0.240 "GET /" status: 200 len: 136 microversion: 1.0
2026-07-09 10:46:33.264 7 INFO placement.requestlog [None req-eedb7e42-5f6c-48a6-9cea-c3eb9bd717b5 - - - - - -] 10.0.0.240 "GET /" status: 200 len: 136 microversion: 1.0
2026-07-09 10:46:34.274 8 INFO placement.requestlog [None req-3202a377-aa43-4cd9-bd2a-1a9989de5d78 4338270a55b94d8b9fd259558968262c e6ba450db3e14345972a607633daa40c - - 9fb033ce87cc43a986bf15845136d4f1 9fb033ce87cc43a986bf15845136d4f1] 10.0.0.244 "GET /resource_providers/6d4fcc85-c720-4d2c-92a3-fd72c473ad7a/aggregates" status: 404 len: 235 microversion: 1.1 [pid: 8|app: 0|req: 465/936] 10.0.0.244 () {32 vars in 816 bytes} [Thu Jul 9 10:46:34 2026] GET /resource_providers/6d4fcc85-c720-4d2c-92a3-fd72c473ad7a/aggregates => generated 235 bytes in 10 msecs (HTTP/1.1 404) 5 headers in 202 bytes (1 switches on core 0)
2026-07-09 10:46:34.278 7 INFO placement.requestlog [None req-cb010640-4b50-4b92-9b49-6313deb5dc7d 4338270a55b94d8b9fd259558968262c e6ba450db3e14345972a607633daa40c - - 9fb033ce87cc43a986bf15845136d4f1 9fb033ce87cc43a986bf15845136d4f1] 10.0.0.244 "GET /resource_providers/6d4fcc85-c720-4d2c-92a3-fd72c473ad7a/aggregates" status: 404 len: 235 microversion: 1.1 [pid: 7|app: 0|req: 472/937] 10.0.0.244 () {32 vars in 816 bytes} [Thu Jul 9 10:46:34 2026] GET /resource_providers/6d4fcc85-c720-4d2c-92a3-fd72c473ad7a/aggregates => generated 235 bytes in 11 msecs (HTTP/1.1 404) 5 headers in 202 bytes (1 switches on core 0)
2026-07-09 10:46:34.305 8 INFO placement.requestlog [None req-8c0c24d8-4e2f-4cbc-bb94-0632ea03f158 4338270a55b94d8b9fd259558968262c e6ba450db3e14345972a607633daa40c - - 9fb033ce87cc43a986bf15845136d4f1 9fb033ce87cc43a986bf15845136d4f1] 10.0.0.244 "DELETE /resource_providers/6d4fcc85-c720-4d2c-92a3-fd72c473ad7a" status: 404 len: 246 microversion: 1.1
2026-07-09 10:46:34.305 7 INFO placement.requestlog [None req-d61da2d9-0268-4286-88d7-bdb76bcd037d 4338270a55b94d8b9fd259558968262c e6ba450db3e14345972a607633daa40c - - 9fb033ce87cc43a986bf15845136d4f1 9fb033ce87cc43a986bf15845136d4f1] 10.0.0.244 "DELETE /resource_providers/6d4fcc85-c720-4d2c-92a3-fd72c473ad7a" status: 404 len: 246 microversion: 1.1 [pid: 8|app: 0|req: 466/938] 10.0.0.244 () {34 vars in 816 bytes} [Thu Jul 9 10:46:34 2026] DELETE /resource_providers/6d4fcc85-c720-4d2c-92a3-fd72c473ad7a => generated 246 bytes in 15 msecs (HTTP/1.1 404) 6 headers in 231 bytes (1 switches on core 0) [pid: 7|app: 0|req: 473/939] 10.0.0.244 () {34 vars in 816 bytes} [Thu Jul 9 10:46:34 2026] DELETE /resource_providers/6d4fcc85-c720-4d2c-92a3-fd72c473ad7a => generated 246 bytes in 15 msecs (HTTP/1.1 404) 6 headers in 231 bytes (1 switches on core 0)
2026-07-09 10:46:34.775 8 INFO placement.requestlog [req-071119b1-edac-43e6-a9fe-d8550d18fbcf req-78b86df4-5629-41ac-b342-00918822c077 49fef5a1e7df4910adc5d13dccaaaff4 e6ba450db3e14345972a607633daa40c - - 9fb033ce87cc43a986bf15845136d4f1 9fb033ce87cc43a986bf15845136d4f1] 199.204.45.242 "GET /resource_providers/90159e59-1b0d-4cbe-a6f2-1f8182fd603d/allocations" status: 200 len: 153 microversion: 1.0 [pid: 8|app: 0|req: 467/940] 199.204.45.242 () {32 vars in 857 bytes} [Thu Jul 9 10:46:34 2026] GET /resource_providers/90159e59-1b0d-4cbe-a6f2-1f8182fd603d/allocations => generated 153 bytes in 19 msecs (HTTP/1.1 200) 6 headers in 224 bytes (1 switches on core 0)
2026-07-09 10:46:34.799 7 INFO placement.requestlog [req-071119b1-edac-43e6-a9fe-d8550d18fbcf req-df1f907f-69c7-4042-b08f-a254701e3019 49fef5a1e7df4910adc5d13dccaaaff4 e6ba450db3e14345972a607633daa40c - - 9fb033ce87cc43a986bf15845136d4f1 9fb033ce87cc43a986bf15845136d4f1] 199.204.45.242 "GET /allocations/04840815-5d7b-4096-a1e6-9ace7c43187d" status: 200 len: 258 microversion: 1.28 [pid: 7|app: 0|req: 474/941] 199.204.45.242 () {34 vars in 863 bytes} [Thu Jul 9 10:46:34 2026] GET /allocations/04840815-5d7b-4096-a1e6-9ace7c43187d => generated 258 bytes in 18 msecs (HTTP/1.1 200) 8 headers in 296 bytes (1 switches on core 0)
2026-07-09 10:46:35.871 8 INFO placement.requestlog [req-071119b1-edac-43e6-a9fe-d8550d18fbcf req-649acdb5-8e37-4ce0-a2ea-e24b9b13d31b 49fef5a1e7df4910adc5d13dccaaaff4 e6ba450db3e14345972a607633daa40c - - 9fb033ce87cc43a986bf15845136d4f1 9fb033ce87cc43a986bf15845136d4f1] 199.204.45.242 "DELETE /allocations/04840815-5d7b-4096-a1e6-9ace7c43187d" status: 204 len: 0 microversion: 1.0 [pid: 8|app: 0|req: 468/942] 199.204.45.242 () {34 vars in 841 bytes} [Thu Jul 9 10:46:35 2026] DELETE /allocations/04840815-5d7b-4096-a1e6-9ace7c43187d => generated 0 bytes in 42 msecs (HTTP/1.1 204) 5 headers in 198 bytes (1 switches on core 0)
2026-07-09 10:46:39.401 7 INFO placement.requestlog [None req-04d32ffa-5715-4e99-8d72-bbae68d18719 4338270a55b94d8b9fd259558968262c e6ba450db3e14345972a607633daa40c - - 9fb033ce87cc43a986bf15845136d4f1 9fb033ce87cc43a986bf15845136d4f1] 10.0.0.244 "GET /resource_providers/d416099e-2b0b-46ea-89e2-1ef2625cdb96/aggregates" status: 404 len: 235 microversion: 1.1 [pid: 7|app: 0|req: 475/943] 10.0.0.244 () {32 vars in 816 bytes} [Thu Jul 9 10:46:39 2026] GET /resource_providers/d416099e-2b0b-46ea-89e2-1ef2625cdb96/aggregates => generated 235 bytes in 12 msecs (HTTP/1.1 404) 5 headers in 202 bytes (1 switches on core 0)
2026-07-09 10:46:39.404 8 INFO placement.requestlog [None req-b668ae76-a23e-4a61-8064-a436724e4d2c 4338270a55b94d8b9fd259558968262c e6ba450db3e14345972a607633daa40c - - 9fb033ce87cc43a986bf15845136d4f1 9fb033ce87cc43a986bf15845136d4f1] 10.0.0.244 "GET /resource_providers/d416099e-2b0b-46ea-89e2-1ef2625cdb96/aggregates" status: 404 len: 235 microversion: 1.1 [pid: 8|app: 0|req: 469/944] 10.0.0.244 () {32 vars in 816 bytes} [Thu Jul 9 10:46:39 2026] GET /resource_providers/d416099e-2b0b-46ea-89e2-1ef2625cdb96/aggregates => generated 235 bytes in 14 msecs (HTTP/1.1 404) 5 headers in 202 bytes (1 switches on core 0)
2026-07-09 10:46:39.430 7 INFO placement.requestlog [None req-2e23a835-ed53-4b9a-855c-e3f604037402 4338270a55b94d8b9fd259558968262c e6ba450db3e14345972a607633daa40c - - 9fb033ce87cc43a986bf15845136d4f1 9fb033ce87cc43a986bf15845136d4f1] 10.0.0.244 "DELETE /resource_providers/d416099e-2b0b-46ea-89e2-1ef2625cdb96" status: 404 len: 246 microversion: 1.1 [pid: 7|app: 0|req: 476/945] 10.0.0.244 () {34 vars in 816 bytes} [Thu Jul 9 10:46:39 2026] DELETE /resource_providers/d416099e-2b0b-46ea-89e2-1ef2625cdb96 => generated 246 bytes in 14 msecs (HTTP/1.1 404) 6 headers in 231 bytes (1 switches on core 0)
2026-07-09 10:46:39.433 8 INFO placement.requestlog [None req-304e3afa-6212-498f-954e-ce4c4395241a 4338270a55b94d8b9fd259558968262c e6ba450db3e14345972a607633daa40c - - 9fb033ce87cc43a986bf15845136d4f1 9fb033ce87cc43a986bf15845136d4f1] 10.0.0.244 "DELETE /resource_providers/d416099e-2b0b-46ea-89e2-1ef2625cdb96" status: 404 len: 246 microversion: 1.1 [pid: 8|app: 0|req: 470/946] 10.0.0.244 () {34 vars in 816 bytes} [Thu Jul 9 10:46:39 2026] DELETE /resource_providers/d416099e-2b0b-46ea-89e2-1ef2625cdb96 => generated 246 bytes in 12 msecs (HTTP/1.1 404) 6 headers in 231 bytes (1 switches on core 0)
2026-07-09 10:46:43.263 7 INFO placement.requestlog [None req-8af543f3-f6cd-4715-83fd-45bd5ac648c6 - - - - - -] 10.0.0.240 "GET /" status: 200 len: 136 microversion: 1.0
2026-07-09 10:46:43.264 8 INFO placement.requestlog [None req-80bb01b6-3f07-4861-b94c-88ff524c9b85 - - - - - -] 10.0.0.240 "GET /" status: 200 len: 136 microversion: 1.0
2026-07-09 10:46:48.296 8 INFO placement.requestlog [None req-f425fb9b-c094-4ad9-ab64-109cce390fb9 4338270a55b94d8b9fd259558968262c e6ba450db3e14345972a607633daa40c - - 9fb033ce87cc43a986bf15845136d4f1 9fb033ce87cc43a986bf15845136d4f1] 10.0.0.244 "GET /resource_providers/9fc293cc-e9ac-4afa-87a8-b8af46b20f44/aggregates" status: 404 len: 235 microversion: 1.1 [pid: 8|app: 0|req: 472/949] 10.0.0.244 () {32 vars in 816 bytes} [Thu Jul 9 10:46:48 2026] GET /resource_providers/9fc293cc-e9ac-4afa-87a8-b8af46b20f44/aggregates => generated 235 bytes in 17 msecs (HTTP/1.1 404) 5 headers in 202 bytes (1 switches on core 0)
2026-07-09 10:46:48.297 7 INFO placement.requestlog [None req-fab20261-dbd1-4528-8ca1-c1cffc2851d4 4338270a55b94d8b9fd259558968262c e6ba450db3e14345972a607633daa40c - - 9fb033ce87cc43a986bf15845136d4f1 9fb033ce87cc43a986bf15845136d4f1] 10.0.0.244 "GET /resource_providers/9fc293cc-e9ac-4afa-87a8-b8af46b20f44/aggregates" status: 404 len: 235 microversion: 1.1 [pid: 7|app: 0|req: 478/950] 10.0.0.244 () {32 vars in 816 bytes} [Thu Jul 9 10:46:48 2026] GET /resource_providers/9fc293cc-e9ac-4afa-87a8-b8af46b20f44/aggregates => generated 235 bytes in 13 msecs (HTTP/1.1 404) 5 headers in 202 bytes (1 switches on core 0)
2026-07-09 10:46:48.328 8 INFO placement.requestlog [None req-2bf686fa-199b-4832-b4c6-7c264500a9a8 4338270a55b94d8b9fd259558968262c e6ba450db3e14345972a607633daa40c - - 9fb033ce87cc43a986bf15845136d4f1 9fb033ce87cc43a986bf15845136d4f1] 10.0.0.244 "DELETE /resource_providers/9fc293cc-e9ac-4afa-87a8-b8af46b20f44" status: 404 len: 246 microversion: 1.1 [pid: 8|app: 0|req: 473/951] 10.0.0.244 () {34 vars in 816 bytes} [Thu Jul 9 10:46:48 2026] DELETE /resource_providers/9fc293cc-e9ac-4afa-87a8-b8af46b20f44 => generated 246 bytes in 11 msecs (HTTP/1.1 404) 6 headers in 231 bytes (1 switches on core 0)
2026-07-09 10:46:48.329 7 INFO placement.requestlog [None req-e2432aae-7af3-48af-898b-a3b99264b04c 4338270a55b94d8b9fd259558968262c e6ba450db3e14345972a607633daa40c - - 9fb033ce87cc43a986bf15845136d4f1 9fb033ce87cc43a986bf15845136d4f1] 10.0.0.244 "DELETE /resource_providers/9fc293cc-e9ac-4afa-87a8-b8af46b20f44" status: 404 len: 246 microversion: 1.1 [pid: 7|app: 0|req: 479/952] 10.0.0.244 () {34 vars in 816 bytes} [Thu Jul 9 10:46:48 2026] DELETE /resource_providers/9fc293cc-e9ac-4afa-87a8-b8af46b20f44 => generated 246 bytes in 13 msecs (HTTP/1.1 404) 6 headers in 231 bytes (1 switches on core 0)
2026-07-09 10:46:50.112 8 INFO placement.requestlog [None req-51454114-7520-40d0-bf63-532584bf7318 4338270a55b94d8b9fd259558968262c e6ba450db3e14345972a607633daa40c - - 9fb033ce87cc43a986bf15845136d4f1 9fb033ce87cc43a986bf15845136d4f1] 10.0.0.244 "GET /resource_providers/220847e1-b47b-4ff8-bc9a-80e659fe57a7/aggregates" status: 404 len: 235 microversion: 1.1 [pid: 8|app: 0|req: 474/953] 10.0.0.244 () {32 vars in 816 bytes} [Thu Jul 9 10:46:50 2026] GET /resource_providers/220847e1-b47b-4ff8-bc9a-80e659fe57a7/aggregates => generated 235 bytes in 14 msecs (HTTP/1.1 404) 5 headers in 202 bytes (1 switches on core 0)
2026-07-09 10:46:50.117 7 INFO placement.requestlog [None req-3e6a418f-01bc-4c61-8f94-baf4eb781113 4338270a55b94d8b9fd259558968262c e6ba450db3e14345972a607633daa40c - - 9fb033ce87cc43a986bf15845136d4f1 9fb033ce87cc43a986bf15845136d4f1] 10.0.0.244 "GET /resource_providers/220847e1-b47b-4ff8-bc9a-80e659fe57a7/aggregates" status: 404 len: 235 microversion: 1.1 [pid: 7|app: 0|req: 480/954] 10.0.0.244 () {32 vars in 816 bytes} [Thu Jul 9 10:46:50 2026] GET /resource_providers/220847e1-b47b-4ff8-bc9a-80e659fe57a7/aggregates => generated 235 bytes in 18 msecs (HTTP/1.1 404) 5 headers in 202 bytes (1 switches on core 0)
2026-07-09 10:46:50.140 8 INFO placement.requestlog [None req-c2c4ef7f-62cf-4de9-ab10-fad995f8c9d7 4338270a55b94d8b9fd259558968262c e6ba450db3e14345972a607633daa40c - - 9fb033ce87cc43a986bf15845136d4f1 9fb033ce87cc43a986bf15845136d4f1] 10.0.0.244 "DELETE /resource_providers/220847e1-b47b-4ff8-bc9a-80e659fe57a7" status: 404 len: 246 microversion: 1.1 [pid: 8|app: 0|req: 475/955] 10.0.0.244 () {34 vars in 816 bytes} [Thu Jul 9 10:46:50 2026] DELETE /resource_providers/220847e1-b47b-4ff8-bc9a-80e659fe57a7 => generated 246 bytes in 11 msecs (HTTP/1.1 404) 6 headers in 231 bytes (1 switches on core 0)
2026-07-09 10:46:50.142 7 INFO placement.requestlog [None req-19d18666-4f36-451e-be79-61e0dceae379 4338270a55b94d8b9fd259558968262c e6ba450db3e14345972a607633daa40c - - 9fb033ce87cc43a986bf15845136d4f1 9fb033ce87cc43a986bf15845136d4f1] 10.0.0.244 "DELETE /resource_providers/220847e1-b47b-4ff8-bc9a-80e659fe57a7" status: 404 len: 246 microversion: 1.1 [pid: 7|app: 0|req: 481/956] 10.0.0.244 () {34 vars in 816 bytes} [Thu Jul 9 10:46:50 2026] DELETE /resource_providers/220847e1-b47b-4ff8-bc9a-80e659fe57a7 => generated 246 bytes in 13 msecs (HTTP/1.1 404) 6 headers in 231 bytes (1 switches on core 0)
2026-07-09 10:46:53.263 8 INFO placement.requestlog [None req-eb54993e-6c89-4e6b-8a52-6a13f7864832 - - - - - -] 10.0.0.240 "GET /" status: 200 len: 136 microversion: 1.0
2026-07-09 10:46:53.263 7 INFO placement.requestlog [None req-c0081e6c-f269-4bc2-a22a-2dcb69d207af - - - - - -] 10.0.0.240 "GET /" status: 200 len: 136 microversion: 1.0
2026-07-09 10:46:53.910 8 INFO placement.requestlog [None req-5e1bb305-5c7b-4cc5-a541-36d75d048783 4338270a55b94d8b9fd259558968262c e6ba450db3e14345972a607633daa40c - - 9fb033ce87cc43a986bf15845136d4f1 9fb033ce87cc43a986bf15845136d4f1] 10.0.0.244 "GET /resource_providers/23e6473d-cfb5-4b0c-b50c-9d7d1ffa0deb/aggregates" status: 404 len: 235 microversion: 1.1 [pid: 8|app: 0|req: 477/959] 10.0.0.244 () {32 vars in 816 bytes} [Thu Jul 9 10:46:53 2026] GET /resource_providers/23e6473d-cfb5-4b0c-b50c-9d7d1ffa0deb/aggregates => generated 235 bytes in 16 msecs (HTTP/1.1 404) 5 headers in 202 bytes (1 switches on core 0)
2026-07-09 10:46:53.940 7 INFO placement.requestlog [None req-8ab9be39-e07d-48f6-ade9-baf40e9b863a 4338270a55b94d8b9fd259558968262c e6ba450db3e14345972a607633daa40c - - 9fb033ce87cc43a986bf15845136d4f1 9fb033ce87cc43a986bf15845136d4f1] 10.0.0.244 "GET /resource_providers/23e6473d-cfb5-4b0c-b50c-9d7d1ffa0deb/aggregates" status: 404 len: 235 microversion: 1.1 [pid: 7|app: 0|req: 483/960] 10.0.0.244 () {32 vars in 816 bytes} [Thu Jul 9 10:46:53 2026] GET /resource_providers/23e6473d-cfb5-4b0c-b50c-9d7d1ffa0deb/aggregates => generated 235 bytes in 18 msecs (HTTP/1.1 404) 5 headers in 202 bytes (1 switches on core 0)
2026-07-09 10:46:53.943 8 INFO placement.requestlog [None req-fa705147-363a-4288-9300-d7df1ea8783e 4338270a55b94d8b9fd259558968262c e6ba450db3e14345972a607633daa40c - - 9fb033ce87cc43a986bf15845136d4f1 9fb033ce87cc43a986bf15845136d4f1] 10.0.0.244 "DELETE /resource_providers/23e6473d-cfb5-4b0c-b50c-9d7d1ffa0deb" status: 404 len: 246 microversion: 1.1 [pid: 8|app: 0|req: 478/961] 10.0.0.244 () {34 vars in 816 bytes} [Thu Jul 9 10:46:53 2026] DELETE /resource_providers/23e6473d-cfb5-4b0c-b50c-9d7d1ffa0deb => generated 246 bytes in 18 msecs (HTTP/1.1 404) 6 headers in 231 bytes (1 switches on core 0)
2026-07-09 10:46:53.967 7 INFO placement.requestlog [None req-54a81874-9d71-4925-bf42-1ef690f8fa01 4338270a55b94d8b9fd259558968262c e6ba450db3e14345972a607633daa40c - - 9fb033ce87cc43a986bf15845136d4f1 9fb033ce87cc43a986bf15845136d4f1] 10.0.0.244 "DELETE /resource_providers/23e6473d-cfb5-4b0c-b50c-9d7d1ffa0deb" status: 404 len: 246 microversion: 1.1 [pid: 7|app: 0|req: 484/962] 10.0.0.244 () {34 vars in 816 bytes} [Thu Jul 9 10:46:53 2026] DELETE /resource_providers/23e6473d-cfb5-4b0c-b50c-9d7d1ffa0deb => generated 246 bytes in 16 msecs (HTTP/1.1 404) 6 headers in 231 bytes (1 switches on core 0)
2026-07-09 10:46:54.087 7 INFO placement.requestlog [None req-4da74893-b81e-41fb-bbd6-a411eb1f32e4 4338270a55b94d8b9fd259558968262c e6ba450db3e14345972a607633daa40c - - 9fb033ce87cc43a986bf15845136d4f1 9fb033ce87cc43a986bf15845136d4f1] 10.0.0.244 "GET /resource_providers/02a22f12-70c0-44ff-b2b1-38e14f48a28e/aggregates" status: 404 len: 235 microversion: 1.1 [pid: 7|app: 0|req: 485/963] 10.0.0.244 () {32 vars in 816 bytes} [Thu Jul 9 10:46:54 2026] GET /resource_providers/02a22f12-70c0-44ff-b2b1-38e14f48a28e/aggregates => generated 235 bytes in 8 msecs (HTTP/1.1 404) 5 headers in 202 bytes (1 switches on core 0)
2026-07-09 10:46:54.090 8 INFO placement.requestlog [None req-7c84e471-b3af-4990-8ec8-a425e746219f 4338270a55b94d8b9fd259558968262c e6ba450db3e14345972a607633daa40c - - 9fb033ce87cc43a986bf15845136d4f1 9fb033ce87cc43a986bf15845136d4f1] 10.0.0.244 "GET /resource_providers/02a22f12-70c0-44ff-b2b1-38e14f48a28e/aggregates" status: 404 len: 235 microversion: 1.1 [pid: 8|app: 0|req: 479/964] 10.0.0.244 () {32 vars in 816 bytes} [Thu Jul 9 10:46:54 2026] GET /resource_providers/02a22f12-70c0-44ff-b2b1-38e14f48a28e/aggregates => generated 235 bytes in 11 msecs (HTTP/1.1 404) 5 headers in 202 bytes (1 switches on core 0)
2026-07-09 10:46:54.112 7 INFO placement.requestlog [None req-996f42c9-0c1f-4a47-bc67-399a3961df80 4338270a55b94d8b9fd259558968262c e6ba450db3e14345972a607633daa40c - - 9fb033ce87cc43a986bf15845136d4f1 9fb033ce87cc43a986bf15845136d4f1] 10.0.0.244 "DELETE /resource_providers/02a22f12-70c0-44ff-b2b1-38e14f48a28e" status: 404 len: 246 microversion: 1.1 [pid: 7|app: 0|req: 486/965] 10.0.0.244 () {34 vars in 816 bytes} [Thu Jul 9 10:46:54 2026] DELETE /resource_providers/02a22f12-70c0-44ff-b2b1-38e14f48a28e => generated 246 bytes in 10 msecs (HTTP/1.1 404) 6 headers in 231 bytes (1 switches on core 0)
2026-07-09 10:46:54.114 8 INFO placement.requestlog [None req-d9d6eaee-8045-4980-9a53-0f65f8ba9426 4338270a55b94d8b9fd259558968262c e6ba450db3e14345972a607633daa40c - - 9fb033ce87cc43a986bf15845136d4f1 9fb033ce87cc43a986bf15845136d4f1] 10.0.0.244 "DELETE /resource_providers/02a22f12-70c0-44ff-b2b1-38e14f48a28e" status: 404 len: 246 microversion: 1.1 [pid: 8|app: 0|req: 480/966] 10.0.0.244 () {34 vars in 816 bytes} [Thu Jul 9 10:46:54 2026] DELETE /resource_providers/02a22f12-70c0-44ff-b2b1-38e14f48a28e => generated 246 bytes in 12 msecs (HTTP/1.1 404) 6 headers in 231 bytes (1 switches on core 0)
2026-07-09 10:47:03.263 7 INFO placement.requestlog [None req-ce5e53c1-a864-4f77-8a2e-94d35edd2d37 - - - - - -] 10.0.0.240 "GET /" status: 200 len: 136 microversion: 1.0
2026-07-09 10:47:03.263 8 INFO placement.requestlog [None req-5a860a23-3587-40c0-87a1-864229234fa4 - - - - - -] 10.0.0.240 "GET /" status: 200 len: 136 microversion: 1.0
2026-07-09 10:47:04.886 7 INFO placement.requestlog [req-51dfc5e4-c02f-44bf-ad53-059c1b348641 req-912639f0-b3a1-478c-aec8-7e8cd021529f 49fef5a1e7df4910adc5d13dccaaaff4 e6ba450db3e14345972a607633daa40c - - 9fb033ce87cc43a986bf15845136d4f1 9fb033ce87cc43a986bf15845136d4f1] 199.204.45.242 "GET /resource_providers/90159e59-1b0d-4cbe-a6f2-1f8182fd603d/allocations" status: 200 len: 55 microversion: 1.0 [pid: 7|app: 0|req: 488/969] 199.204.45.242 () {32 vars in 857 bytes} [Thu Jul 9 10:47:04 2026] GET /resource_providers/90159e59-1b0d-4cbe-a6f2-1f8182fd603d/allocations => generated 55 bytes in 21 msecs (HTTP/1.1 200) 6 headers in 223 bytes (1 switches on core 0)
2026-07-09 10:47:04.911 8 INFO placement.requestlog [req-51dfc5e4-c02f-44bf-ad53-059c1b348641 req-7a24b56f-d6b3-48db-b7df-a9913abb80bd 49fef5a1e7df4910adc5d13dccaaaff4 e6ba450db3e14345972a607633daa40c - - 9fb033ce87cc43a986bf15845136d4f1 9fb033ce87cc43a986bf15845136d4f1] 199.204.45.242 "GET /resource_providers/90159e59-1b0d-4cbe-a6f2-1f8182fd603d/allocations" status: 200 len: 55 microversion: 1.0 [pid: 8|app: 0|req: 482/970] 199.204.45.242 () {32 vars in 857 bytes} [Thu Jul 9 10:47:04 2026] GET /resource_providers/90159e59-1b0d-4cbe-a6f2-1f8182fd603d/allocations => generated 55 bytes in 17 msecs (HTTP/1.1 200) 6 headers in 223 bytes (1 switches on core 0)
2026-07-09 10:47:09.386 7 INFO placement.requestlog [None req-0761f028-e952-448b-9c86-15d286a52549 4338270a55b94d8b9fd259558968262c e6ba450db3e14345972a607633daa40c - - 9fb033ce87cc43a986bf15845136d4f1 9fb033ce87cc43a986bf15845136d4f1] 10.0.0.244 "GET /resource_providers/c68fbb03-6fe6-46a2-b660-8718153c3e60/aggregates" status: 404 len: 235 microversion: 1.1 [pid: 7|app: 0|req: 489/971] 10.0.0.244 () {32 vars in 816 bytes} [Thu Jul 9 10:47:09 2026] GET /resource_providers/c68fbb03-6fe6-46a2-b660-8718153c3e60/aggregates => generated 235 bytes in 9 msecs (HTTP/1.1 404) 5 headers in 202 bytes (1 switches on core 0)
2026-07-09 10:47:09.390 8 INFO placement.requestlog [None req-7e940ad3-954c-4f46-aeff-d0cb1545540a 4338270a55b94d8b9fd259558968262c e6ba450db3e14345972a607633daa40c - - 9fb033ce87cc43a986bf15845136d4f1 9fb033ce87cc43a986bf15845136d4f1] 10.0.0.244 "GET /resource_providers/c68fbb03-6fe6-46a2-b660-8718153c3e60/aggregates" status: 404 len: 235 microversion: 1.1 [pid: 8|app: 0|req: 483/972] 10.0.0.244 () {32 vars in 816 bytes} [Thu Jul 9 10:47:09 2026] GET /resource_providers/c68fbb03-6fe6-46a2-b660-8718153c3e60/aggregates => generated 235 bytes in 10 msecs (HTTP/1.1 404) 5 headers in 202 bytes (1 switches on core 0)
2026-07-09 10:47:09.411 7 INFO placement.requestlog [None req-db8809cd-f89f-4123-bdeb-f92c97f70a30 4338270a55b94d8b9fd259558968262c e6ba450db3e14345972a607633daa40c - - 9fb033ce87cc43a986bf15845136d4f1 9fb033ce87cc43a986bf15845136d4f1] 10.0.0.244 "DELETE /resource_providers/c68fbb03-6fe6-46a2-b660-8718153c3e60" status: 404 len: 246 microversion: 1.1 [pid: 7|app: 0|req: 490/973] 10.0.0.244 () {34 vars in 816 bytes} [Thu Jul 9 10:47:09 2026] DELETE /resource_providers/c68fbb03-6fe6-46a2-b660-8718153c3e60 => generated 246 bytes in 8 msecs (HTTP/1.1 404) 6 headers in 231 bytes (1 switches on core 0)
2026-07-09 10:47:09.417 8 INFO placement.requestlog [None req-37a99ec5-e372-4cb8-b7af-32b92ba7fab0 4338270a55b94d8b9fd259558968262c e6ba450db3e14345972a607633daa40c - - 9fb033ce87cc43a986bf15845136d4f1 9fb033ce87cc43a986bf15845136d4f1] 10.0.0.244 "DELETE /resource_providers/c68fbb03-6fe6-46a2-b660-8718153c3e60" status: 404 len: 246 microversion: 1.1 [pid: 8|app: 0|req: 484/974] 10.0.0.244 () {34 vars in 816 bytes} [Thu Jul 9 10:47:09 2026] DELETE /resource_providers/c68fbb03-6fe6-46a2-b660-8718153c3e60 => generated 246 bytes in 14 msecs (HTTP/1.1 404) 6 headers in 231 bytes (1 switches on core 0)
2026-07-09 10:47:11.451 7 INFO placement.requestlog [None req-c79ac5fc-a637-44f9-8a5b-4da6da916812 4338270a55b94d8b9fd259558968262c e6ba450db3e14345972a607633daa40c - - 9fb033ce87cc43a986bf15845136d4f1 9fb033ce87cc43a986bf15845136d4f1] 10.0.0.244 "GET /resource_providers/8f6900ec-ee2d-4fcf-86d6-4a1854bed881/aggregates" status: 404 len: 235 microversion: 1.1 [pid: 7|app: 0|req: 491/975] 10.0.0.244 () {32 vars in 816 bytes} [Thu Jul 9 10:47:11 2026] GET /resource_providers/8f6900ec-ee2d-4fcf-86d6-4a1854bed881/aggregates => generated 235 bytes in 14 msecs (HTTP/1.1 404) 5 headers in 202 bytes (1 switches on core 0)
2026-07-09 10:47:11.467 8 INFO placement.requestlog [None req-72d8e30c-5064-4388-8be9-bc87a136b968 4338270a55b94d8b9fd259558968262c e6ba450db3e14345972a607633daa40c - - 9fb033ce87cc43a986bf15845136d4f1 9fb033ce87cc43a986bf15845136d4f1] 10.0.0.244 "GET /resource_providers/8f6900ec-ee2d-4fcf-86d6-4a1854bed881/aggregates" status: 404 len: 235 microversion: 1.1 [pid: 8|app: 0|req: 485/976] 10.0.0.244 () {32 vars in 816 bytes} [Thu Jul 9 10:47:11 2026] GET /resource_providers/8f6900ec-ee2d-4fcf-86d6-4a1854bed881/aggregates => generated 235 bytes in 30 msecs (HTTP/1.1 404) 5 headers in 202 bytes (1 switches on core 0)
2026-07-09 10:47:11.476 7 INFO placement.requestlog [None req-055ecdf5-f1dd-4ca8-a45d-efc9177ca52b 4338270a55b94d8b9fd259558968262c e6ba450db3e14345972a607633daa40c - - 9fb033ce87cc43a986bf15845136d4f1 9fb033ce87cc43a986bf15845136d4f1] 10.0.0.244 "DELETE /resource_providers/8f6900ec-ee2d-4fcf-86d6-4a1854bed881" status: 404 len: 246 microversion: 1.1 [pid: 7|app: 0|req: 492/977] 10.0.0.244 () {34 vars in 816 bytes} [Thu Jul 9 10:47:11 2026] DELETE /resource_providers/8f6900ec-ee2d-4fcf-86d6-4a1854bed881 => generated 246 bytes in 14 msecs (HTTP/1.1 404) 6 headers in 231 bytes (1 switches on core 0)
2026-07-09 10:47:11.491 8 INFO placement.requestlog [None req-7d7ef11f-4e1f-44e8-9d8c-12dea8b01257 4338270a55b94d8b9fd259558968262c e6ba450db3e14345972a607633daa40c - - 9fb033ce87cc43a986bf15845136d4f1 9fb033ce87cc43a986bf15845136d4f1] 10.0.0.244 "DELETE /resource_providers/8f6900ec-ee2d-4fcf-86d6-4a1854bed881" status: 404 len: 246 microversion: 1.1 [pid: 8|app: 0|req: 486/978] 10.0.0.244 () {34 vars in 816 bytes} [Thu Jul 9 10:47:11 2026] DELETE /resource_providers/8f6900ec-ee2d-4fcf-86d6-4a1854bed881 => generated 246 bytes in 9 msecs (HTTP/1.1 404) 6 headers in 231 bytes (1 switches on core 0)
2026-07-09 10:47:12.087 7 INFO placement.requestlog [None req-500968ae-64d7-4153-8b80-206c8db92f9c 4338270a55b94d8b9fd259558968262c e6ba450db3e14345972a607633daa40c - - 9fb033ce87cc43a986bf15845136d4f1 9fb033ce87cc43a986bf15845136d4f1] 10.0.0.244 "GET /resource_providers/131a1a5a-ab51-4092-9b6f-dd4945cde665/aggregates" status: 404 len: 235 microversion: 1.1
