2026-07-09 10:47:54.189 8 WARNING neutron.scheduler.dhcp_agent_scheduler [None req-fe13ae49-2ba0-41f4-bdde-f45385ec3004 f6534884c74a44208e320bfdb118ae5c ef64d639272a4ed6bd92b30fe8d7ffc7 - - default default] No more DHCP agents
2026-07-09 10:47:54.191 8 WARNING neutron.api.rpc.agentnotifiers.dhcp_rpc_agent_api [None req-fe13ae49-2ba0-41f4-bdde-f45385ec3004 f6534884c74a44208e320bfdb118ae5c ef64d639272a4ed6bd92b30fe8d7ffc7 - - default default] Unable to schedule network ae754d34-1373-4b15-83d6-d34c436c790c: no agents available; will retry on subsequent port and subnet creation events.
2026-07-09 10:47:54.273 7 INFO neutron.plugins.ml2.drivers.ovn.mech_driver.mech_driver [None req-9d2eeac8-acf5-40ab-8815-dba1624af88b - - - - - -] OVN reports status down for port: e58928c6-af53-4f7a-a9b8-784a6ef2245e
2026-07-09 10:47:54.286 8 INFO neutron.db.ovn_revision_numbers_db [None req-fe13ae49-2ba0-41f4-bdde-f45385ec3004 f6534884c74a44208e320bfdb118ae5c ef64d639272a4ed6bd92b30fe8d7ffc7 - - default default] Successfully bumped revision number for resource e58928c6-af53-4f7a-a9b8-784a6ef2245e (type: ports) to 1 [pid: 8|app: 0|req: 1165/2367] 10.0.0.91 () {34 vars in 663 bytes} [Thu Jul 9 10:47:53 2026] POST /v2.0/ports => generated 743 bytes in 453 msecs (HTTP/1.1 201) 4 headers in 162 bytes (1 switches on core 0) /var/lib/openstack/lib/python3.12/site-packages/pycadf/identifier.py:70: UserWarning: Invalid uuid: neutron. To ensure interoperability, identifiers should be a valid uuid. warnings.warn(('Invalid uuid: %s. To ensure interoperability, '
2026-07-09 10:47:54.584 8 WARNING neutron.plugins.ml2.drivers.ovn.mech_driver.ovsdb.ovn_client [None req-b585242f-c273-4565-ba88-ef016156b570 - - - - - -] No hosting information found for port ee282280-20f5-4936-98b2-1330046490fc: RuntimeError: No hosting information found for port ee282280-20f5-4936-98b2-1330046490fc [pid: 8|app: 0|req: 1166/2368] 10.0.0.91 () {34 vars in 665 bytes} [Thu Jul 9 10:47:54 2026] POST /v2.0/trunks => generated 409 bytes in 337 msecs (HTTP/1.1 201) 4 headers in 162 bytes (1 switches on core 0)
2026-07-09 10:47:54.706 7 INFO neutron.db.ovn_revision_numbers_db [None req-4d856230-84ad-4d2c-91bd-fe43333ce537 - - - - - -] Successfully bumped revision number for resource 009ba3af-cced-4c6f-b409-9c291d3e2714 (type: ports) to 2
2026-07-09 10:47:54.735 7 INFO neutron.db.ovn_revision_numbers_db [None req-4d856230-84ad-4d2c-91bd-fe43333ce537 - - - - - -] Successfully bumped revision number for resource 9b87b132-f241-4737-b0ce-6051b529fba3 (type: subnets) to 0 [pid: 7|app: 0|req: 1203/2369] 10.0.0.91 () {34 vars in 668 bytes} [Thu Jul 9 10:47:53 2026] POST /v2.0/subnets => generated 687 bytes in 775 msecs (HTTP/1.1 201) 4 headers in 162 bytes (1 switches on core 0) [pid: 8|app: 0|req: 1167/2370] 10.0.0.91 () {34 vars in 748 bytes} [Thu Jul 9 10:47:54 2026] PUT /v2.0/trunks/73f17a7e-9c49-4174-9656-49967af7883b/tags => generated 25 bytes in 86 msecs (HTTP/1.1 200) 4 headers in 156 bytes (1 switches on core 0) [pid: 7|app: 0|req: 1204/2371] 10.0.0.91 () {32 vars in 728 bytes} [Thu Jul 9 10:47:54 2026] GET /v2.0/trunks/73f17a7e-9c49-4174-9656-49967af7883b/tags => generated 25 bytes in 42 msecs (HTTP/1.1 200) 4 headers in 156 bytes (1 switches on core 0)
2026-07-09 10:47:54.830 8 INFO neutron.db.ovn_revision_numbers_db [None req-b585242f-c273-4565-ba88-ef016156b570 - - - - - -] Successfully bumped revision number for resource ee282280-20f5-4936-98b2-1330046490fc (type: router_ports) to 2 [pid: 7|app: 0|req: 1205/2372] 10.0.0.91 () {34 vars in 759 bytes} [Thu Jul 9 10:47:54 2026] PUT /v2.0/trunks/73f17a7e-9c49-4174-9656-49967af7883b/tags/green => generated 4 bytes in 60 msecs (HTTP/1.1 201) 4 headers in 160 bytes (1 switches on core 0) [pid: 7|app: 0|req: 1206/2373] 10.0.0.91 () {32 vars in 728 bytes} [Thu Jul 9 10:47:54 2026] GET /v2.0/trunks/73f17a7e-9c49-4174-9656-49967af7883b/tags => generated 34 bytes in 32 msecs (HTTP/1.1 200) 4 headers in 156 bytes (1 switches on core 0)
2026-07-09 10:47:54.943 8 INFO neutron.plugins.ml2.drivers.ovn.mech_driver.mech_driver [None req-b585242f-c273-4565-ba88-ef016156b570 - - - - - -] OVN reports status down for port: bebb3a5b-41b6-4c19-8d82-98222c2ed5a8 [pid: 7|app: 0|req: 1207/2374] 10.0.0.91 () {32 vars in 716 bytes} [Thu Jul 9 10:47:54 2026] GET /v2.0/ports/bebb3a5b-41b6-4c19-8d82-98222c2ed5a8 => generated 941 bytes in 46 msecs (HTTP/1.1 200) 4 headers in 157 bytes (1 switches on core 0) [pid: 7|app: 0|req: 1208/2375] 10.0.0.91 () {34 vars in 755 bytes} [Thu Jul 9 10:47:54 2026] PUT /v2.0/trunks/73f17a7e-9c49-4174-9656-49967af7883b/tags/red => generated 4 bytes in 34 msecs (HTTP/1.1 201) 4 headers in 160 bytes (1 switches on core 0) [pid: 7|app: 0|req: 1209/2376] 10.0.0.91 () {32 vars in 728 bytes} [Thu Jul 9 10:47:55 2026] GET /v2.0/trunks/73f17a7e-9c49-4174-9656-49967af7883b/tags => generated 34 bytes in 22 msecs (HTTP/1.1 200) 4 headers in 156 bytes (1 switches on core 0) [pid: 7|app: 0|req: 1210/2377] 10.0.0.91 () {34 vars in 777 bytes} [Thu Jul 9 10:47:55 2026] PUT /v2.0/trunks/73f17a7e-9c49-4174-9656-49967af7883b/tags/black.or.white => generated 4 bytes in 47 msecs (HTTP/1.1 201) 4 headers in 160 bytes (1 switches on core 0) [pid: 7|app: 0|req: 1211/2378] 10.0.0.91 () {32 vars in 728 bytes} [Thu Jul 9 10:47:55 2026] GET /v2.0/trunks/73f17a7e-9c49-4174-9656-49967af7883b/tags => generated 52 bytes in 23 msecs (HTTP/1.1 200) 4 headers in 156 bytes (1 switches on core 0)
2026-07-09 10:47:55.122 8 WARNING neutron.plugins.ml2.drivers.ovn.mech_driver.ovsdb.ovn_client [None req-b585242f-c273-4565-ba88-ef016156b570 - - - - - -] Logical_Switch_Port bebb3a5b-41b6-4c19-8d82-98222c2ed5a8 host information not removed, the port state is up
2026-07-09 10:47:55.123 8 INFO neutron.plugins.ml2.drivers.ovn.mech_driver.mech_driver [None req-b585242f-c273-4565-ba88-ef016156b570 - - - - - -] OVN reports status up for port: bebb3a5b-41b6-4c19-8d82-98222c2ed5a8
2026-07-09 10:47:55.146 8 INFO neutron.plugins.ml2.plugin [None req-b585242f-c273-4565-ba88-ef016156b570 - - - - - -] Attempt 1 to provision port bebb3a5b-41b6-4c19-8d82-98222c2ed5a8 [pid: 7|app: 0|req: 1212/2379] 10.0.0.91 () {34 vars in 748 bytes} [Thu Jul 9 10:47:55 2026] PUT /v2.0/trunks/73f17a7e-9c49-4174-9656-49967af7883b/tags => generated 37 bytes in 39 msecs (HTTP/1.1 200) 4 headers in 156 bytes (1 switches on core 0) [pid: 7|app: 0|req: 1213/2380] 10.0.0.91 () {32 vars in 728 bytes} [Thu Jul 9 10:47:55 2026] GET /v2.0/trunks/73f17a7e-9c49-4174-9656-49967af7883b/tags => generated 37 bytes in 21 msecs (HTTP/1.1 200) 4 headers in 156 bytes (1 switches on core 0) [pid: 7|app: 0|req: 1214/2381] 10.0.0.91 () {32 vars in 736 bytes} [Thu Jul 9 10:47:55 2026] GET /v2.0/trunks/73f17a7e-9c49-4174-9656-49967af7883b/tags/red => generated 0 bytes in 35 msecs (HTTP/1.1 204) 2 headers in 112 bytes (1 switches on core 0)
2026-07-09 10:47:55.262 7 INFO neutron.api.v2.resource [None req-8beb62ed-a777-4050-afdb-47ae11ee238f f6534884c74a44208e320bfdb118ae5c ef64d639272a4ed6bd92b30fe8d7ffc7 - - default default] show failed (client error): The resource could not be found. [pid: 7|app: 0|req: 1215/2382] 10.0.0.91 () {32 vars in 740 bytes} [Thu Jul 9 10:47:55 2026] GET /v2.0/trunks/73f17a7e-9c49-4174-9656-49967af7883b/tags/green => generated 99 bytes in 30 msecs (HTTP/1.1 404) 4 headers in 163 bytes (1 switches on core 0) [pid: 7|app: 0|req: 1216/2383] 10.0.0.91 () {32 vars in 739 bytes} [Thu Jul 9 10:47:55 2026] DELETE /v2.0/trunks/73f17a7e-9c49-4174-9656-49967af7883b/tags/red => generated 0 bytes in 41 msecs (HTTP/1.1 204) 2 headers in 112 bytes (1 switches on core 0) [pid: 7|app: 0|req: 1217/2384] 10.0.0.91 () {32 vars in 728 bytes} [Thu Jul 9 10:47:55 2026] GET /v2.0/trunks/73f17a7e-9c49-4174-9656-49967af7883b/tags => generated 30 bytes in 24 msecs (HTTP/1.1 200) 4 headers in 156 bytes (1 switches on core 0)
2026-07-09 10:47:55.372 7 INFO neutron.api.v2.resource [None req-ef47115e-0cb6-4a0b-83a8-a0d8fe4c028a f6534884c74a44208e320bfdb118ae5c ef64d639272a4ed6bd92b30fe8d7ffc7 - - default default] delete failed (client error): The resource could not be found. [pid: 7|app: 0|req: 1218/2385] 10.0.0.91 () {32 vars in 743 bytes} [Thu Jul 9 10:47:55 2026] DELETE /v2.0/trunks/73f17a7e-9c49-4174-9656-49967af7883b/tags/green => generated 99 bytes in 26 msecs (HTTP/1.1 404) 4 headers in 163 bytes (1 switches on core 0) [pid: 7|app: 0|req: 1219/2386] 10.0.0.91 () {32 vars in 731 bytes} [Thu Jul 9 10:47:55 2026] DELETE /v2.0/trunks/73f17a7e-9c49-4174-9656-49967af7883b/tags => generated 0 bytes in 39 msecs (HTTP/1.1 204) 2 headers in 112 bytes (1 switches on core 0) [pid: 7|app: 0|req: 1220/2387] 10.0.0.91 () {32 vars in 728 bytes} [Thu Jul 9 10:47:55 2026] GET /v2.0/trunks/73f17a7e-9c49-4174-9656-49967af7883b/tags => generated 12 bytes in 21 msecs (HTTP/1.1 200) 4 headers in 156 bytes (1 switches on core 0) [pid: 7|app: 0|req: 1221/2388] 10.0.0.91 () {32 vars in 718 bytes} [Thu Jul 9 10:47:55 2026] GET /v2.0/trunks/73f17a7e-9c49-4174-9656-49967af7883b => generated 409 bytes in 20 msecs (HTTP/1.1 200) 4 headers in 157 bytes (1 switches on core 0) [pid: 7|app: 0|req: 1222/2389] 10.0.0.91 () {32 vars in 716 bytes} [Thu Jul 9 10:47:55 2026] GET /v2.0/ports/e58928c6-af53-4f7a-a9b8-784a6ef2245e => generated 826 bytes in 103 msecs (HTTP/1.1 200) 4 headers in 157 bytes (1 switches on core 0) [pid: 7|app: 0|req: 1223/2390] 10.0.0.91 () {32 vars in 716 bytes} [Thu Jul 9 10:47:56 2026] GET /v2.0/ports/bebb3a5b-41b6-4c19-8d82-98222c2ed5a8 => generated 943 bytes in 61 msecs (HTTP/1.1 200) 4 headers in 157 bytes (1 switches on core 0)
2026-07-09 10:47:56.677 8 WARNING neutron.scheduler.dhcp_agent_scheduler [None req-8f8377ae-8e81-40c0-84f7-a10ffda6286b 4243fa508a4e4c4abc24d04ac9c4260f 97700c5526e54c58976c7382eb439935 - - default default] No more DHCP agents
2026-07-09 10:47:56.682 8 WARNING neutron.api.rpc.agentnotifiers.dhcp_rpc_agent_api [None req-8f8377ae-8e81-40c0-84f7-a10ffda6286b 4243fa508a4e4c4abc24d04ac9c4260f 97700c5526e54c58976c7382eb439935 - - default default] Unable to schedule network c3f3e576-eda3-4845-9d61-240503d170c3: no agents available; will retry on subsequent port and subnet creation events. [pid: 7|app: 0|req: 1224/2391] 10.0.0.91 () {32 vars in 721 bytes} [Thu Jul 9 10:47:56 2026] DELETE /v2.0/trunks/73f17a7e-9c49-4174-9656-49967af7883b => generated 0 bytes in 103 msecs (HTTP/1.1 204) 2 headers in 112 bytes (1 switches on core 0)
2026-07-09 10:47:56.752 8 INFO neutron.db.ovn_revision_numbers_db [None req-b585242f-c273-4565-ba88-ef016156b570 - - - - - -] Successfully bumped revision number for resource bebb3a5b-41b6-4c19-8d82-98222c2ed5a8 (type: ports) to 2
2026-07-09 10:47:57.001 8 INFO neutron.db.ovn_revision_numbers_db [None req-8f8377ae-8e81-40c0-84f7-a10ffda6286b 4243fa508a4e4c4abc24d04ac9c4260f 97700c5526e54c58976c7382eb439935 - - default default] Successfully bumped revision number for resource e0e649ee-7bd1-413d-a124-77f45dff1b0a (type: ports) to 1
2026-07-09 10:47:57.044 7 INFO neutron_taas.services.taas.taas_plugin [None req-d72039ea-ce6c-4a9b-8156-4dd6d4ff0cb3 6974fd49b70748468a05d342a98909b9 d4672ffdbd9147ac8715244b3bd502d8 - - default default] TaaS: Handle Delete Port: bebb3a5b-41b6-4c19-8d82-98222c2ed5a8
2026-07-09 10:47:57.050 7 INFO neutron_taas.services.taas.tap_mirror_plugin [None req-d72039ea-ce6c-4a9b-8156-4dd6d4ff0cb3 6974fd49b70748468a05d342a98909b9 d4672ffdbd9147ac8715244b3bd502d8 - - default default] Tap Mirror: Handle Delete Port: bebb3a5b-41b6-4c19-8d82-98222c2ed5a8
2026-07-09 10:47:57.696 8 INFO neutron.plugins.ml2.drivers.ovn.mech_driver.ovsdb.commands [None req-8fffeb4f-81ce-47c2-bcf1-e312c71539b7 - - - - - -] Schedule LRP lrp-e0e649ee-7bd1-413d-a124-77f45dff1b0a on gateway 84d841d8-ea42-4e82-9c48-7bcef96d3c07 with priority 1
2026-07-09 10:47:57.777 8 INFO neutron.db.ovn_revision_numbers_db [None req-8f8377ae-8e81-40c0-84f7-a10ffda6286b 4243fa508a4e4c4abc24d04ac9c4260f 97700c5526e54c58976c7382eb439935 - - default default] Successfully bumped revision number for resource e0e649ee-7bd1-413d-a124-77f45dff1b0a (type: router_ports) to 1
2026-07-09 10:47:57.861 8 INFO neutron.db.ovn_revision_numbers_db [None req-8f8377ae-8e81-40c0-84f7-a10ffda6286b 4243fa508a4e4c4abc24d04ac9c4260f 97700c5526e54c58976c7382eb439935 - - default default] Successfully bumped revision number for resource 547d9672-4918-400f-98e1-82c46d6a8913 (type: routers) to 2 [pid: 8|app: 0|req: 1168/2392] 10.0.0.91 () {34 vars in 668 bytes} [Thu Jul 9 10:47:54 2026] POST /v2.0/routers => generated 965 bytes in 3114 msecs (HTTP/1.1 201) 4 headers in 162 bytes (1 switches on core 0)
2026-07-09 10:47:58.012 7 INFO neutron.plugins.ml2.drivers.ovn.mech_driver.ovsdb.ovsdb_monitor [None req-3cdc6ab0-bfff-4c33-9b47-12f9b3084938 - - - - - -] Router 547d9672-4918-400f-98e1-82c46d6a8913 is bound to host instance
2026-07-09 10:47:58.034 8 INFO neutron_taas.services.taas.taas_plugin [None req-0daf2838-d90a-418c-8cbe-5184cfec1145 f6534884c74a44208e320bfdb118ae5c ef64d639272a4ed6bd92b30fe8d7ffc7 - - default default] TaaS: Handle Delete Port: e58928c6-af53-4f7a-a9b8-784a6ef2245e
2026-07-09 10:47:58.036 8 INFO neutron_taas.services.taas.tap_mirror_plugin [None req-0daf2838-d90a-418c-8cbe-5184cfec1145 f6534884c74a44208e320bfdb118ae5c ef64d639272a4ed6bd92b30fe8d7ffc7 - - default default] Tap Mirror: Handle Delete Port: e58928c6-af53-4f7a-a9b8-784a6ef2245e [pid: 7|app: 0|req: 1225/2393] 10.0.0.91 () {34 vars in 788 bytes} [Thu Jul 9 10:47:56 2026] PUT /v2.0/routers/42cbc64e-73d0-4d50-951c-cba167a4926a/remove_router_interface => generated 309 bytes in 1360 msecs (HTTP/1.1 200) 4 headers in 157 bytes (1 switches on core 0) /var/lib/openstack/lib/python3.12/site-packages/pycadf/identifier.py:70: UserWarning: Invalid uuid: neutron. To ensure interoperability, identifiers should be a valid uuid. warnings.warn(('Invalid uuid: %s. To ensure interoperability, ' [pid: 8|app: 0|req: 1169/2394] 10.0.0.91 () {32 vars in 719 bytes} [Thu Jul 9 10:47:57 2026] DELETE /v2.0/ports/e58928c6-af53-4f7a-a9b8-784a6ef2245e => generated 0 bytes in 243 msecs (HTTP/1.1 204) 3 headers in 131 bytes (1 switches on core 0) [pid: 8|app: 0|req: 1170/2395] 10.0.0.91 () {32 vars in 716 bytes} [Thu Jul 9 10:47:58 2026] GET /v2.0/ports/ee282280-20f5-4936-98b2-1330046490fc => generated 943 bytes in 66 msecs (HTTP/1.1 200) 4 headers in 157 bytes (1 switches on core 0)
2026-07-09 10:47:58.317 8 INFO neutron_taas.services.taas.taas_plugin [None req-dd30f4ab-1f32-4667-aca8-ee8c62e0cccb f6534884c74a44208e320bfdb118ae5c ef64d639272a4ed6bd92b30fe8d7ffc7 - - default default] TaaS: Handle Delete Port: d4daae88-14c8-45d1-9dce-deab62b7b822
2026-07-09 10:47:58.319 8 INFO neutron_taas.services.taas.tap_mirror_plugin [None req-dd30f4ab-1f32-4667-aca8-ee8c62e0cccb f6534884c74a44208e320bfdb118ae5c ef64d639272a4ed6bd92b30fe8d7ffc7 - - default default] Tap Mirror: Handle Delete Port: d4daae88-14c8-45d1-9dce-deab62b7b822
2026-07-09 10:47:58.495 8 INFO neutron.services.segments.plugin [-] Segment 9bc354a2-eed9-484d-9f2e-aa19f797a722 resource provider aggregate not found
2026-07-09 10:47:58.498 8 INFO neutron.services.segments.plugin [-] Segment 9bc354a2-eed9-484d-9f2e-aa19f797a722 resource provider aggregate not found
2026-07-09 10:47:58.517 8 INFO neutron.services.segments.plugin [-] Client error retrieving segment 9bc354a2-eed9-484d-9f2e-aa19f797a722 resource provider; error: Placement Client Error (4xx): {"errors": [{"status": 404, "title": "Not Found", "detail": "The resource could not be found.\n\n No resource provider with uuid 9bc354a2-eed9-484d-9f2e-aa19f797a722 found for delete ", "request_id": "req-493e8e19-c201-4ea5-a41c-da7fb51afb03"}]}
2026-07-09 10:47:58.525 8 INFO neutron.services.segments.plugin [-] Client error retrieving segment 9bc354a2-eed9-484d-9f2e-aa19f797a722 resource provider; error: Placement Client Error (4xx): {"errors": [{"status": 404, "title": "Not Found", "detail": "The resource could not be found.\n\n No resource provider with uuid 9bc354a2-eed9-484d-9f2e-aa19f797a722 found for delete ", "request_id": "req-26b7a499-7ff0-4f29-82b4-173f467d576a"}]} [pid: 8|app: 0|req: 1171/2396] 10.0.0.91 () {32 vars in 725 bytes} [Thu Jul 9 10:47:58 2026] DELETE /v2.0/networks/ae754d34-1373-4b15-83d6-d34c436c790c => generated 0 bytes in 352 msecs (HTTP/1.1 204) 3 headers in 131 bytes (1 switches on core 0)
2026-07-09 10:47:58.907 8 INFO neutron_taas.services.taas.taas_plugin [None req-0a51e5dc-d275-44de-84e1-c43c8a0375bb 6974fd49b70748468a05d342a98909b9 d4672ffdbd9147ac8715244b3bd502d8 - - default default] TaaS: Handle Delete Port: ee282280-20f5-4936-98b2-1330046490fc
2026-07-09 10:47:58.910 8 INFO neutron_taas.services.taas.tap_mirror_plugin [None req-0a51e5dc-d275-44de-84e1-c43c8a0375bb 6974fd49b70748468a05d342a98909b9 d4672ffdbd9147ac8715244b3bd502d8 - - default default] Tap Mirror: Handle Delete Port: ee282280-20f5-4936-98b2-1330046490fc
2026-07-09 10:47:59.073 7 WARNING neutron.scheduler.dhcp_agent_scheduler [None req-5a552852-ef4f-41e4-bce8-367b0aa1bb7b 4243fa508a4e4c4abc24d04ac9c4260f 97700c5526e54c58976c7382eb439935 - - default default] No more DHCP agents
2026-07-09 10:47:59.075 7 WARNING neutron.api.rpc.agentnotifiers.dhcp_rpc_agent_api [None req-5a552852-ef4f-41e4-bce8-367b0aa1bb7b 4243fa508a4e4c4abc24d04ac9c4260f 97700c5526e54c58976c7382eb439935 - - default default] Unable to schedule network 750ffa32-022b-46c4-a2ad-20b27e71ff79: no agents available; will retry on subsequent port and subnet creation events. [pid: 8|app: 0|req: 1172/2397] 10.0.0.91 () {34 vars in 788 bytes} [Thu Jul 9 10:47:58 2026] PUT /v2.0/routers/42cbc64e-73d0-4d50-951c-cba167a4926a/remove_router_interface => generated 309 bytes in 706 msecs (HTTP/1.1 200) 4 headers in 157 bytes (1 switches on core 0)
2026-07-09 10:47:59.358 7 INFO neutron.db.ovn_revision_numbers_db [None req-5a552852-ef4f-41e4-bce8-367b0aa1bb7b 4243fa508a4e4c4abc24d04ac9c4260f 97700c5526e54c58976c7382eb439935 - - default default] Successfully bumped revision number for resource ccd6f9ab-8003-4222-9db7-64352583661c (type: ports) to 1 /var/lib/openstack/lib/python3.12/site-packages/pycadf/identifier.py:70: UserWarning: Invalid uuid: neutron. To ensure interoperability, identifiers should be a valid uuid. warnings.warn(('Invalid uuid: %s. To ensure interoperability, ' [pid: 8|app: 0|req: 1173/2398] 10.0.0.91 () {32 vars in 773 bytes} [Thu Jul 9 10:47:59 2026] GET /v2.0/security-groups?tenant_id=ef64d639272a4ed6bd92b30fe8d7ffc7&name=default => generated 2925 bytes in 153 msecs (HTTP/1.1 200) 4 headers in 158 bytes (1 switches on core 0) [pid: 8|app: 0|req: 1174/2399] 10.0.0.91 () {32 vars in 735 bytes} [Thu Jul 9 10:47:59 2026] GET /v2.0/ports?device_id=42cbc64e-73d0-4d50-951c-cba167a4926a => generated 12 bytes in 19 msecs (HTTP/1.1 200) 4 headers in 156 bytes (1 switches on core 0) [pid: 8|app: 0|req: 1175/2400] 10.0.0.91 () {32 vars in 739 bytes} [Thu Jul 9 10:47:59 2026] DELETE /v2.0/security-groups/4139e210-0f9d-4d05-b32e-31979bc199a8 => generated 0 bytes in 268 msecs (HTTP/1.1 204) 2 headers in 112 bytes (1 switches on core 0)
2026-07-09 10:47:59.866 7 INFO neutron.db.ovn_revision_numbers_db [None req-b92f2171-7cb6-4c84-a451-eb311099ac45 - - - - - -] Successfully bumped revision number for resource e0e649ee-7bd1-413d-a124-77f45dff1b0a (type: ports) to 4 [pid: 8|app: 0|req: 1176/2401] 10.0.0.91 () {32 vars in 723 bytes} [Thu Jul 9 10:47:59 2026] DELETE /v2.0/routers/42cbc64e-73d0-4d50-951c-cba167a4926a => generated 0 bytes in 292 msecs (HTTP/1.1 204) 2 headers in 112 bytes (1 switches on core 0)
2026-07-09 10:48:00.135 8 INFO neutron.db.ovn_revision_numbers_db [None req-9937f505-55e3-48cc-88aa-f627ed8af570 4243fa508a4e4c4abc24d04ac9c4260f 97700c5526e54c58976c7382eb439935 - - default default] Successfully bumped revision number for resource c639e5b6-759c-4a00-afc1-b531d18f7226 (type: security_groups) to 1
2026-07-09 10:48:00.146 8 INFO neutron.db.ovn_revision_numbers_db [None req-9937f505-55e3-48cc-88aa-f627ed8af570 4243fa508a4e4c4abc24d04ac9c4260f 97700c5526e54c58976c7382eb439935 - - default default] Successfully bumped revision number for resource 0f507971-ac39-43ba-84b6-f8eb62b6ad99 (type: security_group_rules) to 0
2026-07-09 10:48:00.158 8 INFO neutron.db.ovn_revision_numbers_db [None req-9937f505-55e3-48cc-88aa-f627ed8af570 4243fa508a4e4c4abc24d04ac9c4260f 97700c5526e54c58976c7382eb439935 - - default default] Successfully bumped revision number for resource a1c1d1b5-1763-4571-b700-40291f4cf71e (type: security_group_rules) to 0
2026-07-09 10:48:00.170 8 INFO neutron.db.ovn_revision_numbers_db [None req-9937f505-55e3-48cc-88aa-f627ed8af570 4243fa508a4e4c4abc24d04ac9c4260f 97700c5526e54c58976c7382eb439935 - - default default] Successfully bumped revision number for resource dcda7f75-794c-4548-a44f-3ea34cb09aed (type: security_group_rules) to 0
2026-07-09 10:48:00.182 8 INFO neutron.db.ovn_revision_numbers_db [None req-9937f505-55e3-48cc-88aa-f627ed8af570 4243fa508a4e4c4abc24d04ac9c4260f 97700c5526e54c58976c7382eb439935 - - default default] Successfully bumped revision number for resource f9b95a54-57db-4c4d-a0a1-66c79c67a062 (type: security_group_rules) to 0 [pid: 8|app: 0|req: 1177/2402] 10.0.0.91 () {32 vars in 773 bytes} [Thu Jul 9 10:47:59 2026] GET /v2.0/security-groups?tenant_id=3f1ceded369146fb95c84730bb8665af&name=default => generated 2925 bytes in 227 msecs (HTTP/1.1 200) 4 headers in 158 bytes (1 switches on core 0) [pid: 8|app: 0|req: 1178/2403] 10.0.0.91 () {32 vars in 723 bytes} [Thu Jul 9 10:48:00 2026] DELETE /v2.0/subnets/37ec5edc-cd07-4887-b2fb-1ac40e863e33 => generated 0 bytes in 167 msecs (HTTP/1.1 204) 3 headers in 131 bytes (1 switches on core 0)
2026-07-09 10:48:00.642 7 INFO neutron.db.ovn_revision_numbers_db [None req-b92f2171-7cb6-4c84-a451-eb311099ac45 - - - - - -] Successfully bumped revision number for resource e0e649ee-7bd1-413d-a124-77f45dff1b0a (type: ports) to 5 [pid: 8|app: 0|req: 1179/2404] 10.0.0.91 () {32 vars in 739 bytes} [Thu Jul 9 10:48:00 2026] DELETE /v2.0/security-groups/c639e5b6-759c-4a00-afc1-b531d18f7226 => generated 0 bytes in 278 msecs (HTTP/1.1 204) 2 headers in 112 bytes (1 switches on core 0)
2026-07-09 10:48:00.812 7 WARNING neutron.scheduler.dhcp_agent_scheduler [None req-5a552852-ef4f-41e4-bce8-367b0aa1bb7b 4243fa508a4e4c4abc24d04ac9c4260f 97700c5526e54c58976c7382eb439935 - - default default] No more DHCP agents
2026-07-09 10:48:00.813 7 WARNING neutron.api.rpc.agentnotifiers.dhcp_rpc_agent_api [None req-5a552852-ef4f-41e4-bce8-367b0aa1bb7b 4243fa508a4e4c4abc24d04ac9c4260f 97700c5526e54c58976c7382eb439935 - - default default] Unable to schedule network 750ffa32-022b-46c4-a2ad-20b27e71ff79: no agents available; will retry on subsequent port and subnet creation events. [pid: 8|app: 0|req: 1180/2405] 10.0.0.91 () {32 vars in 723 bytes} [Thu Jul 9 10:48:00 2026] DELETE /v2.0/subnets/119033c3-1815-460e-9653-d7df060f17aa => generated 0 bytes in 225 msecs (HTTP/1.1 204) 3 headers in 131 bytes (1 switches on core 0)
2026-07-09 10:48:01.099 8 INFO neutron_taas.services.taas.taas_plugin [None req-1ab9c354-e9c9-4ae1-8817-46ff24ec074f 6974fd49b70748468a05d342a98909b9 d4672ffdbd9147ac8715244b3bd502d8 - - default default] TaaS: Handle Delete Port: 057b69f2-87a1-4dec-9180-3b6eeb545712
2026-07-09 10:48:01.101 8 INFO neutron_taas.services.taas.tap_mirror_plugin [None req-1ab9c354-e9c9-4ae1-8817-46ff24ec074f 6974fd49b70748468a05d342a98909b9 d4672ffdbd9147ac8715244b3bd502d8 - - default default] Tap Mirror: Handle Delete Port: 057b69f2-87a1-4dec-9180-3b6eeb545712
2026-07-09 10:48:01.321 8 INFO neutron.services.segments.plugin [-] Segment 9c871af5-1430-4d34-814a-060f6ce131c6 resource provider aggregate not found
2026-07-09 10:48:01.325 8 INFO neutron.services.segments.plugin [-] Segment 9c871af5-1430-4d34-814a-060f6ce131c6 resource provider aggregate not found
2026-07-09 10:48:01.348 8 INFO neutron.services.segments.plugin [-] Client error retrieving segment 9c871af5-1430-4d34-814a-060f6ce131c6 resource provider; error: Placement Client Error (4xx): {"errors": [{"status": 404, "title": "Not Found", "detail": "The resource could not be found.\n\n No resource provider with uuid 9c871af5-1430-4d34-814a-060f6ce131c6 found for delete ", "request_id": "req-bf65684c-db2e-4b0d-9d1b-f7332eaeae50"}]}
2026-07-09 10:48:01.350 8 INFO neutron.services.segments.plugin [-] Client error retrieving segment 9c871af5-1430-4d34-814a-060f6ce131c6 resource provider; error: Placement Client Error (4xx): {"errors": [{"status": 404, "title": "Not Found", "detail": "The resource could not be found.\n\n No resource provider with uuid 9c871af5-1430-4d34-814a-060f6ce131c6 found for delete ", "request_id": "req-e0850ee1-f0b2-4ce0-a54d-8ff62c50114f"}]} [pid: 8|app: 0|req: 1181/2406] 10.0.0.91 () {32 vars in 725 bytes} [Thu Jul 9 10:48:00 2026] DELETE /v2.0/networks/0f46942f-5e45-42a2-a12e-f37d95c71f28 => generated 0 bytes in 484 msecs (HTTP/1.1 204) 3 headers in 131 bytes (1 switches on core 0)
2026-07-09 10:48:01.417 7 INFO neutron.db.ovn_revision_numbers_db [None req-5a552852-ef4f-41e4-bce8-367b0aa1bb7b 4243fa508a4e4c4abc24d04ac9c4260f 97700c5526e54c58976c7382eb439935 - - default default] Successfully bumped revision number for resource ccd6f9ab-8003-4222-9db7-64352583661c (type: router_ports) to 1 [pid: 7|app: 0|req: 1226/2407] 10.0.0.91 () {34 vars in 782 bytes} [Thu Jul 9 10:47:58 2026] PUT /v2.0/routers/547d9672-4918-400f-98e1-82c46d6a8913/add_router_interface => generated 309 bytes in 3378 msecs (HTTP/1.1 200) 4 headers in 157 bytes (1 switches on core 0)
2026-07-09 10:48:01.626 8 INFO neutron_taas.services.taas.taas_plugin [None req-876a3763-bad0-4cb2-a276-9201c912d6a0 6974fd49b70748468a05d342a98909b9 d4672ffdbd9147ac8715244b3bd502d8 - - default default] TaaS: Handle Delete Port: 035b1dc1-545e-47b4-8c4e-614af5bfabf5
2026-07-09 10:48:01.630 8 INFO neutron_taas.services.taas.tap_mirror_plugin [None req-876a3763-bad0-4cb2-a276-9201c912d6a0 6974fd49b70748468a05d342a98909b9 d4672ffdbd9147ac8715244b3bd502d8 - - default default] Tap Mirror: Handle Delete Port: 035b1dc1-545e-47b4-8c4e-614af5bfabf5 [pid: 8|app: 0|req: 1182/2408] 10.0.0.91 () {32 vars in 725 bytes} [Thu Jul 9 10:48:01 2026] DELETE /v2.0/networks/bc00d820-9695-479a-87c4-4b26db665a42 => generated 0 bytes in 493 msecs (HTTP/1.1 204) 3 headers in 131 bytes (1 switches on core 0)
2026-07-09 10:48:02.016 7 INFO neutron.db.segments_db [None req-281d4402-17ad-4e84-aff1-c06f3fff4f65 6974fd49b70748468a05d342a98909b9 d4672ffdbd9147ac8715244b3bd502d8 - - default default] Added segment 683696dc-2c3d-4679-9dac-c8bd62c16a1d of type geneve for network 3600e614-5343-46dd-8d8b-520af1b97c00
2026-07-09 10:48:02.094 8 WARNING neutron.plugins.ml2.drivers.ovn.mech_driver.ovsdb.ovn_client [None req-57283a0f-a6f2-4c0b-9c3f-4d7b5990968e - - - - - -] No port found with ID bebb3a5b-41b6-4c19-8d82-98222c2ed5a8: RuntimeError: No port found with ID bebb3a5b-41b6-4c19-8d82-98222c2ed5a8
2026-07-09 10:48:02.109 8 INFO neutron.plugins.ml2.drivers.ovn.mech_driver.mech_driver [None req-57283a0f-a6f2-4c0b-9c3f-4d7b5990968e - - - - - -] OVN reports status down for port: d4daae88-14c8-45d1-9dce-deab62b7b822
2026-07-09 10:48:02.125 8 INFO neutron.plugins.ml2.drivers.ovn.mech_driver.mech_driver [None req-57283a0f-a6f2-4c0b-9c3f-4d7b5990968e - - - - - -] OVN reports status down for port: 009ba3af-cced-4c6f-b409-9c291d3e2714
2026-07-09 10:48:02.135 7 INFO neutron.db.ovn_revision_numbers_db [None req-281d4402-17ad-4e84-aff1-c06f3fff4f65 6974fd49b70748468a05d342a98909b9 d4672ffdbd9147ac8715244b3bd502d8 - - default default] Successfully bumped revision number for resource 3600e614-5343-46dd-8d8b-520af1b97c00 (type: networks) to 1
2026-07-09 10:48:02.204 8 INFO neutron.plugins.ml2.drivers.ovn.mech_driver.mech_driver [None req-57283a0f-a6f2-4c0b-9c3f-4d7b5990968e - - - - - -] OVN reports status down for port: e0e649ee-7bd1-413d-a124-77f45dff1b0a
2026-07-09 10:48:02.344 7 WARNING neutron.scheduler.dhcp_agent_scheduler [None req-281d4402-17ad-4e84-aff1-c06f3fff4f65 6974fd49b70748468a05d342a98909b9 d4672ffdbd9147ac8715244b3bd502d8 - - default default] No more DHCP agents
2026-07-09 10:48:02.346 7 WARNING neutron.api.rpc.agentnotifiers.dhcp_rpc_agent_api [None req-281d4402-17ad-4e84-aff1-c06f3fff4f65 6974fd49b70748468a05d342a98909b9 d4672ffdbd9147ac8715244b3bd502d8 - - default default] Unable to schedule network 3600e614-5343-46dd-8d8b-520af1b97c00: no agents available; will retry on subsequent port and subnet creation events.
2026-07-09 10:48:02.404 7 INFO neutron.plugins.ml2.drivers.ovn.mech_driver.mech_driver [None req-9d2eeac8-acf5-40ab-8815-dba1624af88b - - - - - -] OVN reports status down for port: 285e685d-6235-49ec-a52b-8367190299ad
2026-07-09 10:48:02.481 7 INFO neutron.db.ovn_revision_numbers_db [None req-281d4402-17ad-4e84-aff1-c06f3fff4f65 6974fd49b70748468a05d342a98909b9 d4672ffdbd9147ac8715244b3bd502d8 - - default default] Successfully bumped revision number for resource 285e685d-6235-49ec-a52b-8367190299ad (type: ports) to 1 [pid: 7|app: 0|req: 1227/2411] 10.0.0.91 () {34 vars in 669 bytes} [Thu Jul 9 10:48:01 2026] POST /v2.0/networks => generated 630 bytes in 646 msecs (HTTP/1.1 201) 4 headers in 162 bytes (1 switches on core 0)
2026-07-09 10:48:02.742 8 INFO neutron.db.ovn_revision_numbers_db [None req-57283a0f-a6f2-4c0b-9c3f-4d7b5990968e - - - - - -] Successfully bumped revision number for resource e0e649ee-7bd1-413d-a124-77f45dff1b0a (type: ports) to 6
2026-07-09 10:48:02.772 7 INFO neutron.db.ovn_revision_numbers_db [None req-ba579f8e-9c14-4d26-888c-f055036cfd70 4243fa508a4e4c4abc24d04ac9c4260f 97700c5526e54c58976c7382eb439935 - - default default] Successfully bumped revision number for resource dae75220-d1a6-4b8f-8b36-c356ff499a1b (type: security_groups) to 1
2026-07-09 10:48:02.787 7 INFO neutron.db.ovn_revision_numbers_db [None req-ba579f8e-9c14-4d26-888c-f055036cfd70 4243fa508a4e4c4abc24d04ac9c4260f 97700c5526e54c58976c7382eb439935 - - default default] Successfully bumped revision number for resource 38d14a22-2ec2-4656-8b9c-bf22a1bf9f56 (type: security_group_rules) to 0
2026-07-09 10:48:02.804 7 INFO neutron.db.ovn_revision_numbers_db [None req-ba579f8e-9c14-4d26-888c-f055036cfd70 4243fa508a4e4c4abc24d04ac9c4260f 97700c5526e54c58976c7382eb439935 - - default default] Successfully bumped revision number for resource 533a3c3d-8fc2-4343-8318-d8cce858c648 (type: security_group_rules) to 0
2026-07-09 10:48:02.822 7 INFO neutron.db.ovn_revision_numbers_db [None req-ba579f8e-9c14-4d26-888c-f055036cfd70 4243fa508a4e4c4abc24d04ac9c4260f 97700c5526e54c58976c7382eb439935 - - default default] Successfully bumped revision number for resource a8d623f0-17fc-4f0e-916f-91d724c5df6e (type: security_group_rules) to 0
2026-07-09 10:48:02.841 7 INFO neutron.db.ovn_revision_numbers_db [None req-ba579f8e-9c14-4d26-888c-f055036cfd70 4243fa508a4e4c4abc24d04ac9c4260f 97700c5526e54c58976c7382eb439935 - - default default] Successfully bumped revision number for resource e6a8f267-f419-4ad5-9b7a-214caccbd504 (type: security_group_rules) to 0
2026-07-09 10:48:02.942 7 INFO neutron.db.segments_db [None req-ba579f8e-9c14-4d26-888c-f055036cfd70 4243fa508a4e4c4abc24d04ac9c4260f 97700c5526e54c58976c7382eb439935 - - default default] Added segment 4ac9b112-78f6-4345-86d2-5cd737699701 of type geneve for network a4cc97fc-6a71-4526-a248-cc6b29fb7fa5
2026-07-09 10:48:02.959 8 WARNING neutron.plugins.ml2.drivers.ovn.mech_driver.ovsdb.ovn_client [None req-16f5a16a-bb33-41de-bce0-9195477de563 - - - - - -] Logical_Switch_Port e0e649ee-7bd1-413d-a124-77f45dff1b0a host information not removed, the port state is up
2026-07-09 10:48:02.961 8 INFO neutron.plugins.ml2.drivers.ovn.mech_driver.mech_driver [None req-16f5a16a-bb33-41de-bce0-9195477de563 - - - - - -] OVN reports status up for port: e0e649ee-7bd1-413d-a124-77f45dff1b0a
2026-07-09 10:48:02.973 8 INFO neutron.plugins.ml2.plugin [None req-16f5a16a-bb33-41de-bce0-9195477de563 - - - - - -] Attempt 1 to provision port e0e649ee-7bd1-413d-a124-77f45dff1b0a
2026-07-09 10:48:02.977 8 WARNING neutron.scheduler.dhcp_agent_scheduler [None req-9e351c9f-c6bf-4371-9dd2-42c3471a1f97 6974fd49b70748468a05d342a98909b9 d4672ffdbd9147ac8715244b3bd502d8 - - default default] No more DHCP agents
2026-07-09 10:48:02.984 8 WARNING neutron.api.rpc.agentnotifiers.dhcp_rpc_agent_api [None req-9e351c9f-c6bf-4371-9dd2-42c3471a1f97 6974fd49b70748468a05d342a98909b9 d4672ffdbd9147ac8715244b3bd502d8 - - default default] Unable to schedule network 3600e614-5343-46dd-8d8b-520af1b97c00: no agents available; will retry on subsequent port and subnet creation events.
2026-07-09 10:48:03.080 7 INFO neutron.db.ovn_revision_numbers_db [None req-ba579f8e-9c14-4d26-888c-f055036cfd70 4243fa508a4e4c4abc24d04ac9c4260f 97700c5526e54c58976c7382eb439935 - - default default] Successfully bumped revision number for resource a4cc97fc-6a71-4526-a248-cc6b29fb7fa5 (type: networks) to 1
2026-07-09 10:48:03.252 7 WARNING neutron.scheduler.dhcp_agent_scheduler [None req-ba579f8e-9c14-4d26-888c-f055036cfd70 4243fa508a4e4c4abc24d04ac9c4260f 97700c5526e54c58976c7382eb439935 - - default default] No more DHCP agents
2026-07-09 10:48:03.254 7 WARNING neutron.api.rpc.agentnotifiers.dhcp_rpc_agent_api [None req-ba579f8e-9c14-4d26-888c-f055036cfd70 4243fa508a4e4c4abc24d04ac9c4260f 97700c5526e54c58976c7382eb439935 - - default default] Unable to schedule network a4cc97fc-6a71-4526-a248-cc6b29fb7fa5: no agents available; will retry on subsequent port and subnet creation events.
2026-07-09 10:48:03.354 7 INFO neutron.db.ovn_revision_numbers_db [None req-ba579f8e-9c14-4d26-888c-f055036cfd70 4243fa508a4e4c4abc24d04ac9c4260f 97700c5526e54c58976c7382eb439935 - - default default] Successfully bumped revision number for resource d66b112f-143a-4c0f-9906-78a660c976f4 (type: ports) to 1
2026-07-09 10:48:03.375 8 INFO neutron.services.segments.plugin [-] Segment 92a9cf46-df66-4ff7-aa0c-54717cefd501 resource provider aggregate not found [pid: 7|app: 0|req: 1228/2412] 10.0.0.91 () {34 vars in 670 bytes} [Thu Jul 9 10:48:02 2026] POST /v2.0/networks => generated 744 bytes in 780 msecs (HTTP/1.1 201) 4 headers in 162 bytes (1 switches on core 0)
2026-07-09 10:48:03.387 8 INFO neutron.services.segments.plugin [-] Segment 92a9cf46-df66-4ff7-aa0c-54717cefd501 resource provider aggregate not found
2026-07-09 10:48:03.416 8 INFO neutron.services.segments.plugin [-] Client error retrieving segment 92a9cf46-df66-4ff7-aa0c-54717cefd501 resource provider; error: Placement Client Error (4xx): {"errors": [{"status": 404, "title": "Not Found", "detail": "The resource could not be found.\n\n No resource provider with uuid 92a9cf46-df66-4ff7-aa0c-54717cefd501 found for delete ", "request_id": "req-bfd33afb-cc85-47bc-95c7-7a3c9b245872"}]}
2026-07-09 10:48:03.417 8 INFO neutron.services.segments.plugin [-] Client error retrieving segment 92a9cf46-df66-4ff7-aa0c-54717cefd501 resource provider; error: Placement Client Error (4xx): {"errors": [{"status": 404, "title": "Not Found", "detail": "The resource could not be found.\n\n No resource provider with uuid 92a9cf46-df66-4ff7-aa0c-54717cefd501 found for delete ", "request_id": "req-2fe21713-dc90-451c-8611-d5aa4056f31b"}]}
2026-07-09 10:48:03.529 7 WARNING neutron.scheduler.dhcp_agent_scheduler [None req-e4bf94a8-aa54-4b00-a088-a7f4fd7d111f 4243fa508a4e4c4abc24d04ac9c4260f 97700c5526e54c58976c7382eb439935 - - default default] No more DHCP agents
2026-07-09 10:48:03.530 7 WARNING neutron.api.rpc.agentnotifiers.dhcp_rpc_agent_api [None req-e4bf94a8-aa54-4b00-a088-a7f4fd7d111f 4243fa508a4e4c4abc24d04ac9c4260f 97700c5526e54c58976c7382eb439935 - - default default] Unable to schedule network a4cc97fc-6a71-4526-a248-cc6b29fb7fa5: no agents available; will retry on subsequent port and subnet creation events.
2026-07-09 10:48:03.689 8 INFO neutron.db.ovn_revision_numbers_db [None req-16f5a16a-bb33-41de-bce0-9195477de563 - - - - - -] Successfully bumped revision number for resource e0e649ee-7bd1-413d-a124-77f45dff1b0a (type: ports) to 7
2026-07-09 10:48:03.935 8 INFO neutron.plugins.ml2.drivers.ovn.mech_driver.mech_driver [None req-08c31f29-9445-472d-817f-dd0234869493 - - - - - -] OVN reports status down for port: ccd6f9ab-8003-4222-9db7-64352583661c
2026-07-09 10:48:03.952 8 INFO neutron.db.ovn_revision_numbers_db [None req-6c2a8bdf-50fa-4d3b-b2c8-5d1ee9b86346 - - - - - -] Successfully bumped revision number for resource 285e685d-6235-49ec-a52b-8367190299ad (type: ports) to 2
2026-07-09 10:48:04.031 7 INFO neutron.db.ovn_revision_numbers_db [None req-ad281313-ff56-4950-8121-43676ae9d7bb - - - - - -] Successfully bumped revision number for resource d66b112f-143a-4c0f-9906-78a660c976f4 (type: ports) to 2
2026-07-09 10:48:04.049 8 INFO neutron.db.ovn_revision_numbers_db [None req-6c2a8bdf-50fa-4d3b-b2c8-5d1ee9b86346 - - - - - -] Successfully bumped revision number for resource 23b1d4cd-6a46-4367-9dbe-a35ed5a66ea2 (type: subnets) to 0
2026-07-09 10:48:04.060 7 INFO neutron.db.ovn_revision_numbers_db [None req-ad281313-ff56-4950-8121-43676ae9d7bb - - - - - -] Successfully bumped revision number for resource fb4b0aa1-6d42-4a71-aeaf-9fd51ead778a (type: subnets) to 0
2026-07-09 10:48:04.065 8 WARNING neutron.plugins.ml2.drivers.ovn.mech_driver.ovsdb.ovn_client [None req-08c31f29-9445-472d-817f-dd0234869493 - - - - - -] Logical_Switch_Port ccd6f9ab-8003-4222-9db7-64352583661c host information not removed, the port state is up
2026-07-09 10:48:04.065 8 INFO neutron.plugins.ml2.drivers.ovn.mech_driver.mech_driver [None req-08c31f29-9445-472d-817f-dd0234869493 - - - - - -] OVN reports status up for port: ccd6f9ab-8003-4222-9db7-64352583661c [pid: 8|app: 0|req: 1185/2413] 10.0.0.91 () {34 vars in 668 bytes} [Thu Jul 9 10:48:02 2026] POST /v2.0/subnets => generated 626 bytes in 1520 msecs (HTTP/1.1 201) 4 headers in 162 bytes (1 switches on core 0) [pid: 7|app: 0|req: 1229/2414] 10.0.0.91 () {34 vars in 668 bytes} [Thu Jul 9 10:48:03 2026] POST /v2.0/subnets => generated 688 bytes in 693 msecs (HTTP/1.1 201) 4 headers in 162 bytes (1 switches on core 0)
2026-07-09 10:48:04.080 8 INFO neutron.plugins.ml2.plugin [None req-08c31f29-9445-472d-817f-dd0234869493 - - - - - -] Attempt 1 to provision port ccd6f9ab-8003-4222-9db7-64352583661c
2026-07-09 10:48:04.487 7 WARNING neutron.scheduler.dhcp_agent_scheduler [None req-18a792d0-145b-4712-917e-af0954808501 4243fa508a4e4c4abc24d04ac9c4260f 97700c5526e54c58976c7382eb439935 - - default default] No more DHCP agents
2026-07-09 10:48:04.488 7 WARNING neutron.api.rpc.agentnotifiers.dhcp_rpc_agent_api [None req-18a792d0-145b-4712-917e-af0954808501 4243fa508a4e4c4abc24d04ac9c4260f 97700c5526e54c58976c7382eb439935 - - default default] Unable to schedule network c3f3e576-eda3-4845-9d61-240503d170c3: no agents available; will retry on subsequent port and subnet creation events.
2026-07-09 10:48:04.662 7 INFO neutron.db.ovn_revision_numbers_db [None req-18a792d0-145b-4712-917e-af0954808501 4243fa508a4e4c4abc24d04ac9c4260f 97700c5526e54c58976c7382eb439935 - - default default] Successfully bumped revision number for resource 109265d1-3f4e-402f-a3ff-559e92ca97c7 (type: ports) to 1
2026-07-09 10:48:05.121 8 INFO neutron.db.ovn_revision_numbers_db [None req-81dfc6b8-15af-4f37-88b0-a5eef5d59b5a 6974fd49b70748468a05d342a98909b9 d4672ffdbd9147ac8715244b3bd502d8 - - default default] Successfully bumped revision number for resource 8235c62f-3d31-41ea-8d6c-b147c27b6c2f (type: routers) to 1 [pid: 8|app: 0|req: 1186/2415] 10.0.0.91 () {34 vars in 668 bytes} [Thu Jul 9 10:48:04 2026] POST /v2.0/routers => generated 601 bytes in 1078 msecs (HTTP/1.1 201) 4 headers in 162 bytes (1 switches on core 0)
2026-07-09 10:48:05.399 7 INFO neutron.plugins.ml2.drivers.ovn.mech_driver.ovsdb.commands [None req-e990982e-04c7-4455-bdb4-02aa7361e172 - - - - - -] Schedule LRP lrp-109265d1-3f4e-402f-a3ff-559e92ca97c7 on gateway 84d841d8-ea42-4e82-9c48-7bcef96d3c07 with priority 1
2026-07-09 10:48:05.453 7 INFO neutron.db.ovn_revision_numbers_db [None req-18a792d0-145b-4712-917e-af0954808501 4243fa508a4e4c4abc24d04ac9c4260f 97700c5526e54c58976c7382eb439935 - - default default] Successfully bumped revision number for resource 109265d1-3f4e-402f-a3ff-559e92ca97c7 (type: router_ports) to 1
2026-07-09 10:48:05.504 8 INFO neutron.plugins.ml2.drivers.ovn.mech_driver.ovsdb.ovsdb_monitor [None req-03189185-e856-4941-a29f-8187cc2e9483 - - - - - -] Router e142c41d-e38b-4e16-9c56-f5f3688d4dad is bound to host instance
2026-07-09 10:48:05.529 7 INFO neutron.db.ovn_revision_numbers_db [None req-18a792d0-145b-4712-917e-af0954808501 4243fa508a4e4c4abc24d04ac9c4260f 97700c5526e54c58976c7382eb439935 - - default default] Successfully bumped revision number for resource e142c41d-e38b-4e16-9c56-f5f3688d4dad (type: routers) to 2 [pid: 7|app: 0|req: 1230/2416] 10.0.0.91 () {34 vars in 668 bytes} [Thu Jul 9 10:48:04 2026] POST /v2.0/routers => generated 966 bytes in 1466 msecs (HTTP/1.1 201) 4 headers in 162 bytes (1 switches on core 0)
2026-07-09 10:48:05.670 8 INFO neutron.db.ovn_revision_numbers_db [None req-dc200c84-1f11-4423-8e67-798973650838 470f7764b912466ab2527e01c7a97407 4e63b892ac1648ac8b9ace2651255189 - - default default] Successfully bumped revision number for resource be6ec291-59e5-4542-9c81-d342eaf573c4 (type: security_groups) to 1
2026-07-09 10:48:05.709 8 INFO neutron.db.ovn_revision_numbers_db [None req-dc200c84-1f11-4423-8e67-798973650838 470f7764b912466ab2527e01c7a97407 4e63b892ac1648ac8b9ace2651255189 - - default default] Successfully bumped revision number for resource 2215d49b-aadc-458c-92f6-9d4c4ad458fd (type: security_group_rules) to 0
2026-07-09 10:48:05.769 8 INFO neutron.db.ovn_revision_numbers_db [None req-dc200c84-1f11-4423-8e67-798973650838 470f7764b912466ab2527e01c7a97407 4e63b892ac1648ac8b9ace2651255189 - - default default] Successfully bumped revision number for resource 6c4ce4b7-b16a-4b25-8677-f2fdce66a112 (type: security_group_rules) to 0
2026-07-09 10:48:05.819 8 INFO neutron.db.ovn_revision_numbers_db [None req-dc200c84-1f11-4423-8e67-798973650838 470f7764b912466ab2527e01c7a97407 4e63b892ac1648ac8b9ace2651255189 - - default default] Successfully bumped revision number for resource c9968c0a-e417-4bba-a5bd-5ab69fdd2f11 (type: security_group_rules) to 0
2026-07-09 10:48:05.859 8 INFO neutron.db.ovn_revision_numbers_db [None req-dc200c84-1f11-4423-8e67-798973650838 470f7764b912466ab2527e01c7a97407 4e63b892ac1648ac8b9ace2651255189 - - default default] Successfully bumped revision number for resource e828dbb0-508f-48b8-8a0f-325700deb9b5 (type: security_group_rules) to 0
2026-07-09 10:48:05.907 7 WARNING neutron.scheduler.dhcp_agent_scheduler [None req-2b9faf69-c6f2-4e1e-a203-60e4dab80df2 6974fd49b70748468a05d342a98909b9 d4672ffdbd9147ac8715244b3bd502d8 - - default default] No more DHCP agents
2026-07-09 10:48:05.910 7 WARNING neutron.api.rpc.agentnotifiers.dhcp_rpc_agent_api [None req-2b9faf69-c6f2-4e1e-a203-60e4dab80df2 6974fd49b70748468a05d342a98909b9 d4672ffdbd9147ac8715244b3bd502d8 - - default default] Unable to schedule network 3600e614-5343-46dd-8d8b-520af1b97c00: no agents available; will retry on subsequent port and subnet creation events.
2026-07-09 10:48:05.974 8 INFO neutron.db.ovn_revision_numbers_db [None req-08c31f29-9445-472d-817f-dd0234869493 - - - - - -] Successfully bumped revision number for resource ccd6f9ab-8003-4222-9db7-64352583661c (type: ports) to 2
2026-07-09 10:48:06.072 7 INFO neutron.db.ovn_revision_numbers_db [None req-2b9faf69-c6f2-4e1e-a203-60e4dab80df2 6974fd49b70748468a05d342a98909b9 d4672ffdbd9147ac8715244b3bd502d8 - - default default] Successfully bumped revision number for resource 9a290c84-d1c0-46be-a128-fdf61bbb6c75 (type: ports) to 1
2026-07-09 10:48:06.083 8 INFO neutron.db.segments_db [None req-dc200c84-1f11-4423-8e67-798973650838 470f7764b912466ab2527e01c7a97407 4e63b892ac1648ac8b9ace2651255189 - - default default] Added segment 23fc619b-529b-4693-92ff-89b4a0ef389c of type geneve for network 75cbdd8b-f248-4a60-9201-b5c1c691f3ae [pid: 7|app: 0|req: 1231/2417] 10.0.0.91 () {34 vars in 664 bytes} [Thu Jul 9 10:48:05 2026] POST /v2.0/ports => generated 952 bytes in 598 msecs (HTTP/1.1 201) 4 headers in 162 bytes (1 switches on core 0) /var/lib/openstack/lib/python3.12/site-packages/pycadf/identifier.py:70: UserWarning: Invalid uuid: neutron. To ensure interoperability, identifiers should be a valid uuid. warnings.warn(('Invalid uuid: %s. To ensure interoperability, '
2026-07-09 10:48:06.476 8 INFO neutron.db.ovn_revision_numbers_db [None req-dc200c84-1f11-4423-8e67-798973650838 470f7764b912466ab2527e01c7a97407 4e63b892ac1648ac8b9ace2651255189 - - default default] Successfully bumped revision number for resource 75cbdd8b-f248-4a60-9201-b5c1c691f3ae (type: networks) to 1
2026-07-09 10:48:06.658 7 WARNING neutron.scheduler.dhcp_agent_scheduler [None req-8643a3fd-826e-4fc9-83a8-4045b5d1fb86 4243fa508a4e4c4abc24d04ac9c4260f 97700c5526e54c58976c7382eb439935 - - default default] No more DHCP agents
2026-07-09 10:48:06.660 7 WARNING neutron.api.rpc.agentnotifiers.dhcp_rpc_agent_api [None req-8643a3fd-826e-4fc9-83a8-4045b5d1fb86 4243fa508a4e4c4abc24d04ac9c4260f 97700c5526e54c58976c7382eb439935 - - default default] Unable to schedule network a4cc97fc-6a71-4526-a248-cc6b29fb7fa5: no agents available; will retry on subsequent port and subnet creation events.
2026-07-09 10:48:06.832 7 INFO neutron.db.ovn_revision_numbers_db [None req-8643a3fd-826e-4fc9-83a8-4045b5d1fb86 4243fa508a4e4c4abc24d04ac9c4260f 97700c5526e54c58976c7382eb439935 - - default default] Successfully bumped revision number for resource abcbb49c-bc6e-4870-b5f3-83075efcb3d5 (type: ports) to 1
2026-07-09 10:48:06.946 8 WARNING neutron.scheduler.dhcp_agent_scheduler [None req-dc200c84-1f11-4423-8e67-798973650838 470f7764b912466ab2527e01c7a97407 4e63b892ac1648ac8b9ace2651255189 - - default default] No more DHCP agents
2026-07-09 10:48:06.950 8 WARNING neutron.api.rpc.agentnotifiers.dhcp_rpc_agent_api [None req-dc200c84-1f11-4423-8e67-798973650838 470f7764b912466ab2527e01c7a97407 4e63b892ac1648ac8b9ace2651255189 - - default default] Unable to schedule network 75cbdd8b-f248-4a60-9201-b5c1c691f3ae: no agents available; will retry on subsequent port and subnet creation events.
2026-07-09 10:48:07.118 8 INFO neutron.db.ovn_revision_numbers_db [None req-dc200c84-1f11-4423-8e67-798973650838 470f7764b912466ab2527e01c7a97407 4e63b892ac1648ac8b9ace2651255189 - - default default] Successfully bumped revision number for resource d62c4fe8-80c3-4bdf-a14b-09c92a22de7c (type: ports) to 1 [pid: 8|app: 0|req: 1187/2418] 10.0.0.91 () {34 vars in 669 bytes} [Thu Jul 9 10:48:05 2026] POST /v2.0/networks => generated 631 bytes in 2035 msecs (HTTP/1.1 201) 4 headers in 162 bytes (1 switches on core 0)
2026-07-09 10:48:07.553 7 WARNING neutron.scheduler.dhcp_agent_scheduler [None req-8643a3fd-826e-4fc9-83a8-4045b5d1fb86 4243fa508a4e4c4abc24d04ac9c4260f 97700c5526e54c58976c7382eb439935 - - default default] No more DHCP agents
2026-07-09 10:48:07.554 7 WARNING neutron.api.rpc.agentnotifiers.dhcp_rpc_agent_api [None req-8643a3fd-826e-4fc9-83a8-4045b5d1fb86 4243fa508a4e4c4abc24d04ac9c4260f 97700c5526e54c58976c7382eb439935 - - default default] Unable to schedule network a4cc97fc-6a71-4526-a248-cc6b29fb7fa5: no agents available; will retry on subsequent port and subnet creation events.
2026-07-09 10:48:07.823 8 INFO neutron.db.ovn_revision_numbers_db [None req-b6f1083b-db29-435d-9884-55a784f9fec0 - - - - - -] Successfully bumped revision number for resource 109265d1-3f4e-402f-a3ff-559e92ca97c7 (type: ports) to 4
2026-07-09 10:48:08.105 7 INFO neutron.db.ovn_revision_numbers_db [None req-8643a3fd-826e-4fc9-83a8-4045b5d1fb86 4243fa508a4e4c4abc24d04ac9c4260f 97700c5526e54c58976c7382eb439935 - - default default] Successfully bumped revision number for resource abcbb49c-bc6e-4870-b5f3-83075efcb3d5 (type: router_ports) to 1 [pid: 7|app: 0|req: 1232/2419] 10.0.0.91 () {34 vars in 782 bytes} [Thu Jul 9 10:48:06 2026] PUT /v2.0/routers/e142c41d-e38b-4e16-9c56-f5f3688d4dad/add_router_interface => generated 309 bytes in 1965 msecs (HTTP/1.1 200) 4 headers in 157 bytes (1 switches on core 0)
2026-07-09 10:48:08.206 7 INFO neutron.db.segments_db [None req-45e5589f-eb28-43bb-b994-615ceacaf051 470f7764b912466ab2527e01c7a97407 4e63b892ac1648ac8b9ace2651255189 - - default default] Added segment 530aeb23-abed-4bfa-a49f-78f34d96c74e of type geneve for network fd0970c9-4ec8-49c1-961c-dffaf2a0e109
2026-07-09 10:48:08.335 7 INFO neutron.db.ovn_revision_numbers_db [None req-45e5589f-eb28-43bb-b994-615ceacaf051 470f7764b912466ab2527e01c7a97407 4e63b892ac1648ac8b9ace2651255189 - - default default] Successfully bumped revision number for resource fd0970c9-4ec8-49c1-961c-dffaf2a0e109 (type: networks) to 1
2026-07-09 10:48:08.453 8 INFO neutron.db.ovn_revision_numbers_db [None req-53bf8730-620d-4652-bce4-6aa56c80c716 6974fd49b70748468a05d342a98909b9 d4672ffdbd9147ac8715244b3bd502d8 - - default default] Successfully bumped revision number for resource 9a290c84-d1c0-46be-a128-fdf61bbb6c75 (type: ports) to 2
2026-07-09 10:48:08.559 7 WARNING neutron.scheduler.dhcp_agent_scheduler [None req-45e5589f-eb28-43bb-b994-615ceacaf051 470f7764b912466ab2527e01c7a97407 4e63b892ac1648ac8b9ace2651255189 - - default default] No more DHCP agents
2026-07-09 10:48:08.561 7 WARNING neutron.api.rpc.agentnotifiers.dhcp_rpc_agent_api [None req-45e5589f-eb28-43bb-b994-615ceacaf051 470f7764b912466ab2527e01c7a97407 4e63b892ac1648ac8b9ace2651255189 - - default default] Unable to schedule network fd0970c9-4ec8-49c1-961c-dffaf2a0e109: no agents available; will retry on subsequent port and subnet creation events.
