2026-07-09 10:44:55.567 7 INFO neutron.notifiers.nova [-] Nova event matching ['req-5ff601ba-2866-4678-9263-327a5bd8d5ee'] response: {'name': 'network-changed', 'server_uuid': '9569be83-25d0-4525-8aa9-a636e86a3582', 'tag': '73614b9e-dd2c-4576-88bc-0354597ba720', 'status': 'completed', 'code': 200} [pid: 7|app: 0|req: 654/1268] 10.0.0.90 () {34 vars in 1039 bytes} [Thu Jul 9 10:44:55 2026] GET /v2.0/security-groups?id=e0d77ec3-2201-4871-b926-03c3adf5601b&fields=id&fields=name => generated 114 bytes in 44 msecs (HTTP/1.1 200) 4 headers in 157 bytes (1 switches on core 0) [pid: 8|app: 0|req: 615/1269] 10.0.0.90 () {34 vars in 989 bytes} [Thu Jul 9 10:44:55 2026] GET /v2.0/ports?device_id=9569be83-25d0-4525-8aa9-a636e86a3582 => generated 971 bytes in 71 msecs (HTTP/1.1 200) 4 headers in 157 bytes (1 switches on core 0) [pid: 7|app: 0|req: 655/1270] 10.0.0.90 () {34 vars in 1039 bytes} [Thu Jul 9 10:44:55 2026] GET /v2.0/security-groups?id=e0d77ec3-2201-4871-b926-03c3adf5601b&fields=id&fields=name => generated 114 bytes in 38 msecs (HTTP/1.1 200) 4 headers in 157 bytes (1 switches on core 0) [pid: 8|app: 0|req: 616/1271] 199.204.45.242 () {34 vars in 1080 bytes} [Thu Jul 9 10:44:56 2026] GET /v2.0/ports?tenant_id=bfc6903bd7e74e4d9a74bf9ac24ebf3c&device_id=9569be83-25d0-4525-8aa9-a636e86a3582 => generated 1209 bytes in 63 msecs (HTTP/1.1 200) 4 headers in 158 bytes (1 switches on core 0) [pid: 7|app: 0|req: 656/1272] 199.204.45.242 () {34 vars in 986 bytes} [Thu Jul 9 10:44:56 2026] GET /v2.0/networks?id=abecb1f1-5b60-4611-82e0-ed1f8f1255ab => generated 775 bytes in 70 msecs (HTTP/1.1 200) 4 headers in 157 bytes (1 switches on core 0) [pid: 8|app: 0|req: 617/1273] 199.204.45.242 () {34 vars in 1058 bytes} [Thu Jul 9 10:44:56 2026] GET /v2.0/floatingips?fixed_ip_address=10.100.0.7&port_id=73614b9e-dd2c-4576-88bc-0354597ba720 => generated 860 bytes in 52 msecs (HTTP/1.1 200) 4 headers in 157 bytes (1 switches on core 0) [pid: 7|app: 0|req: 657/1274] 199.204.45.242 () {34 vars in 984 bytes} [Thu Jul 9 10:44:56 2026] GET /v2.0/subnets?id=67e9e0ca-144a-44e9-a840-bb85c4fe9ebb => generated 694 bytes in 37 msecs (HTTP/1.1 200) 4 headers in 157 bytes (1 switches on core 0) [pid: 8|app: 0|req: 618/1275] 199.204.45.242 () {34 vars in 1052 bytes} [Thu Jul 9 10:44:56 2026] GET /v2.0/ports?network_id=abecb1f1-5b60-4611-82e0-ed1f8f1255ab&device_owner=network%3Adhcp => generated 12 bytes in 29 msecs (HTTP/1.1 200) 4 headers in 156 bytes (1 switches on core 0) [pid: 7|app: 0|req: 658/1276] 199.204.45.242 () {34 vars in 1012 bytes} [Thu Jul 9 10:44:56 2026] GET /v2.0/networks/abecb1f1-5b60-4611-82e0-ed1f8f1255ab?fields=segments => generated 14 bytes in 59 msecs (HTTP/1.1 200) 4 headers in 156 bytes (1 switches on core 0) [pid: 8|app: 0|req: 619/1277] 199.204.45.242 () {34 vars in 1112 bytes} [Thu Jul 9 10:44:56 2026] GET /v2.0/networks/abecb1f1-5b60-4611-82e0-ed1f8f1255ab?fields=provider%3Aphysical_network&fields=provider%3Anetwork_type => generated 79 bytes in 70 msecs (HTTP/1.1 200) 4 headers in 156 bytes (1 switches on core 0) [pid: 7|app: 0|req: 659/1278] 10.0.0.90 () {34 vars in 989 bytes} [Thu Jul 9 10:44:56 2026] GET /v2.0/ports?device_id=bb96bcd5-4199-41c5-a298-bf747de5c87e => generated 12 bytes in 29 msecs (HTTP/1.1 200) 4 headers in 156 bytes (1 switches on core 0)
2026-07-09 10:44:56.944 8 INFO neutron.plugins.ml2.drivers.ovn.mech_driver.mech_driver [None req-6c4de27e-86b5-4bca-b498-e309612afa4e - - - - - -] OVN reports status down for port: 73614b9e-dd2c-4576-88bc-0354597ba720
2026-07-09 10:44:57.123 8 INFO neutron.notifiers.nova [-] Nova event matching ['req-a6dc79df-aed8-403a-94dd-214412260075'] response: {'server_uuid': '9569be83-25d0-4525-8aa9-a636e86a3582', 'name': 'network-vif-unplugged', 'status': 'completed', 'tag': '73614b9e-dd2c-4576-88bc-0354597ba720', 'code': 200} [pid: 8|app: 0|req: 620/1279] 10.0.0.90 () {34 vars in 989 bytes} [Thu Jul 9 10:44:57 2026] GET /v2.0/ports?device_id=9569be83-25d0-4525-8aa9-a636e86a3582 => generated 969 bytes in 106 msecs (HTTP/1.1 200) 4 headers in 157 bytes (1 switches on core 0) [pid: 7|app: 0|req: 660/1280] 10.0.0.90 () {34 vars in 1039 bytes} [Thu Jul 9 10:44:57 2026] GET /v2.0/security-groups?id=e0d77ec3-2201-4871-b926-03c3adf5601b&fields=id&fields=name => generated 114 bytes in 48 msecs (HTTP/1.1 200) 4 headers in 157 bytes (1 switches on core 0)
2026-07-09 10:44:57.329 8 INFO neutron.db.ovn_revision_numbers_db [None req-6c4de27e-86b5-4bca-b498-e309612afa4e - - - - - -] Successfully bumped revision number for resource 73614b9e-dd2c-4576-88bc-0354597ba720 (type: ports) to 6 /var/lib/openstack/lib/python3.12/site-packages/pycadf/identifier.py:70: UserWarning: Invalid uuid: neutron. To ensure interoperability, identifiers should be a valid uuid. warnings.warn(('Invalid uuid: %s. To ensure interoperability, ' [pid: 8|app: 0|req: 621/1281] 10.0.0.91 () {32 vars in 739 bytes} [Thu Jul 9 10:44:57 2026] DELETE /v2.0/security-groups/57641866-7377-4a50-a6e4-0d7641762f05 => generated 0 bytes in 200 msecs (HTTP/1.1 204) 2 headers in 112 bytes (1 switches on core 0)
2026-07-09 10:44:57.973 7 INFO neutron.api.v2.resource [None req-c9feef1c-bb5c-4479-8615-050da46d256d 7535059fa1744668a781a2ff7bf6f8a5 a4742ba68dd5484a8f1901387a04562e - - default default] show failed (client error): The resource could not be found. [pid: 7|app: 0|req: 661/1282] 10.0.0.91 () {32 vars in 736 bytes} [Thu Jul 9 10:44:57 2026] GET /v2.0/security-groups/57641866-7377-4a50-a6e4-0d7641762f05 => generated 146 bytes in 19 msecs (HTTP/1.1 404) 4 headers in 164 bytes (1 switches on core 0)
2026-07-09 10:44:58.150 8 INFO neutron_taas.services.taas.taas_plugin [None req-d5ffe558-6acb-4899-8281-147efce70bb3 7535059fa1744668a781a2ff7bf6f8a5 a4742ba68dd5484a8f1901387a04562e - - default default] TaaS: Handle Delete Port: aee8459d-352c-4ce3-8039-27f8baba216c
2026-07-09 10:44:58.154 8 INFO neutron_taas.services.taas.tap_mirror_plugin [None req-d5ffe558-6acb-4899-8281-147efce70bb3 7535059fa1744668a781a2ff7bf6f8a5 a4742ba68dd5484a8f1901387a04562e - - default default] Tap Mirror: Handle Delete Port: aee8459d-352c-4ce3-8039-27f8baba216c [pid: 7|app: 0|req: 662/1283] 199.204.45.242 () {34 vars in 994 bytes} [Thu Jul 9 10:44:58 2026] GET /v2.0/ports?device_id=9569be83-25d0-4525-8aa9-a636e86a3582 => generated 969 bytes in 104 msecs (HTTP/1.1 200) 4 headers in 157 bytes (1 switches on core 0) [pid: 8|app: 0|req: 622/1284] 10.0.0.91 () {32 vars in 731 bytes} [Thu Jul 9 10:44:57 2026] DELETE /v2.0/floatingips/9b003ff8-21f5-49c6-8b9d-09e95b7bb47e => generated 0 bytes in 415 msecs (HTTP/1.1 204) 2 headers in 112 bytes (1 switches on core 0)
2026-07-09 10:44:58.403 7 INFO neutron_taas.services.taas.taas_plugin [req-dfee0fcb-2a43-4c20-847a-0c2d6ff76a61 req-85f01d2d-f44e-40bb-97d3-ff2db00fe207 7588378acf424480b8066e08495fd66c bfc6903bd7e74e4d9a74bf9ac24ebf3c - - default default] TaaS: Handle Delete Port: 73614b9e-dd2c-4576-88bc-0354597ba720
2026-07-09 10:44:58.406 7 INFO neutron_taas.services.taas.tap_mirror_plugin [req-dfee0fcb-2a43-4c20-847a-0c2d6ff76a61 req-85f01d2d-f44e-40bb-97d3-ff2db00fe207 7588378acf424480b8066e08495fd66c bfc6903bd7e74e4d9a74bf9ac24ebf3c - - default default] Tap Mirror: Handle Delete Port: 73614b9e-dd2c-4576-88bc-0354597ba720 [pid: 8|app: 0|req: 623/1285] 10.0.0.90 () {34 vars in 989 bytes} [Thu Jul 9 10:44:58 2026] GET /v2.0/ports?device_id=9569be83-25d0-4525-8aa9-a636e86a3582 => generated 969 bytes in 45 msecs (HTTP/1.1 200) 4 headers in 157 bytes (1 switches on core 0) [pid: 8|app: 0|req: 624/1286] 10.0.0.90 () {34 vars in 1039 bytes} [Thu Jul 9 10:44:58 2026] GET /v2.0/security-groups?id=e0d77ec3-2201-4871-b926-03c3adf5601b&fields=id&fields=name => generated 114 bytes in 39 msecs (HTTP/1.1 200) 4 headers in 157 bytes (1 switches on core 0)
2026-07-09 10:44:58.626 7 INFO neutron.db.l3_db [req-dfee0fcb-2a43-4c20-847a-0c2d6ff76a61 req-85f01d2d-f44e-40bb-97d3-ff2db00fe207 7588378acf424480b8066e08495fd66c bfc6903bd7e74e4d9a74bf9ac24ebf3c - - default default] Floating IP 0b15d50a-879a-4ebc-8cab-891df3de659a disassociated. External IP: 10.96.250.207, port: 73614b9e-dd2c-4576-88bc-0354597ba720. [pid: 7|app: 0|req: 663/1287] 199.204.45.242 () {36 vars in 997 bytes} [Thu Jul 9 10:44:58 2026] DELETE /v2.0/ports/73614b9e-dd2c-4576-88bc-0354597ba720 => generated 0 bytes in 561 msecs (HTTP/1.1 204) 3 headers in 131 bytes (1 switches on core 0)
2026-07-09 10:44:58.839 7 INFO neutron.notifiers.nova [-] Nova event matching ['req-8033b58b-a756-4347-ae48-c191e79f44f7'] response: {'server_uuid': '9569be83-25d0-4525-8aa9-a636e86a3582', 'name': 'network-vif-deleted', 'tag': '73614b9e-dd2c-4576-88bc-0354597ba720', 'status': 'completed', 'code': 200}
2026-07-09 10:44:58.884 8 INFO neutron_taas.services.taas.taas_plugin [None req-7fc88ed7-f40d-4055-9a4e-18cf5c7927d6 4243fa508a4e4c4abc24d04ac9c4260f 97700c5526e54c58976c7382eb439935 - - default default] TaaS: Handle Delete Port: c1e03552-7cf3-472e-8b23-eadb38df1e17
2026-07-09 10:44:58.889 8 INFO neutron_taas.services.taas.tap_mirror_plugin [None req-7fc88ed7-f40d-4055-9a4e-18cf5c7927d6 4243fa508a4e4c4abc24d04ac9c4260f 97700c5526e54c58976c7382eb439935 - - default default] Tap Mirror: Handle Delete Port: c1e03552-7cf3-472e-8b23-eadb38df1e17 /var/lib/openstack/lib/python3.12/site-packages/pycadf/identifier.py:70: UserWarning: Invalid uuid: neutron. To ensure interoperability, identifiers should be a valid uuid. warnings.warn(('Invalid uuid: %s. To ensure interoperability, '
2026-07-09 10:44:59.180 8 INFO neutron.notifiers.nova [-] Nova event matching ['req-a4b4e01d-81b3-4f83-86ef-66b800811ba8'] response: {'server_uuid': '9569be83-25d0-4525-8aa9-a636e86a3582', 'name': 'network-vif-unplugged', 'status': 'completed', 'tag': '73614b9e-dd2c-4576-88bc-0354597ba720', 'code': 200}
2026-07-09 10:44:59.224 7 INFO neutron.db.ovn_revision_numbers_db [None req-1528d14f-d0af-4824-ac77-8deda53703b2 4243fa508a4e4c4abc24d04ac9c4260f 97700c5526e54c58976c7382eb439935 - - default default] Successfully bumped revision number for resource d5793d12-831c-4f1b-b0fd-908c99f0170f (type: security_groups) to 1
2026-07-09 10:44:59.244 7 INFO neutron.db.ovn_revision_numbers_db [None req-1528d14f-d0af-4824-ac77-8deda53703b2 4243fa508a4e4c4abc24d04ac9c4260f 97700c5526e54c58976c7382eb439935 - - default default] Successfully bumped revision number for resource 151116fb-a980-45c0-a300-fdcb88f0a535 (type: security_group_rules) to 0
2026-07-09 10:44:59.262 7 INFO neutron.db.ovn_revision_numbers_db [None req-1528d14f-d0af-4824-ac77-8deda53703b2 4243fa508a4e4c4abc24d04ac9c4260f 97700c5526e54c58976c7382eb439935 - - default default] Successfully bumped revision number for resource 259da5de-54fa-463c-879b-181131f08fcf (type: security_group_rules) to 0
2026-07-09 10:44:59.276 7 INFO neutron.db.ovn_revision_numbers_db [None req-1528d14f-d0af-4824-ac77-8deda53703b2 4243fa508a4e4c4abc24d04ac9c4260f 97700c5526e54c58976c7382eb439935 - - default default] Successfully bumped revision number for resource 30ecf1ea-0d39-46f4-9a92-5d9ccc2ae0a5 (type: security_group_rules) to 0
2026-07-09 10:44:59.290 7 INFO neutron.db.ovn_revision_numbers_db [None req-1528d14f-d0af-4824-ac77-8deda53703b2 4243fa508a4e4c4abc24d04ac9c4260f 97700c5526e54c58976c7382eb439935 - - default default] Successfully bumped revision number for resource 49a0281f-abf2-448a-89f2-8aa0d1f10045 (type: security_group_rules) to 0 [pid: 7|app: 0|req: 664/1288] 10.0.0.91 () {32 vars in 773 bytes} [Thu Jul 9 10:44:58 2026] GET /v2.0/security-groups?tenant_id=aa5ad2df8e9b4ec0a1d31d0acf69a84e&name=default => generated 2925 bytes in 559 msecs (HTTP/1.1 200) 4 headers in 158 bytes (1 switches on core 0)
2026-07-09 10:44:59.693 7 INFO neutron.db.ovn_revision_numbers_db [None req-364002a6-35e4-4d4f-a2c0-5f8c06a71733 4243fa508a4e4c4abc24d04ac9c4260f 97700c5526e54c58976c7382eb439935 - - default default] Successfully bumped revision number for resource dce9c84a-95e3-4e81-800b-b326237b8f1d (type: security_groups) to 1
2026-07-09 10:44:59.708 7 INFO neutron.db.ovn_revision_numbers_db [None req-364002a6-35e4-4d4f-a2c0-5f8c06a71733 4243fa508a4e4c4abc24d04ac9c4260f 97700c5526e54c58976c7382eb439935 - - default default] Successfully bumped revision number for resource 1a6483b7-36fa-4cd3-adcd-25111a0802a0 (type: security_group_rules) to 0
2026-07-09 10:44:59.731 7 INFO neutron.db.ovn_revision_numbers_db [None req-364002a6-35e4-4d4f-a2c0-5f8c06a71733 4243fa508a4e4c4abc24d04ac9c4260f 97700c5526e54c58976c7382eb439935 - - default default] Successfully bumped revision number for resource 5825945b-cadd-42c9-adf8-c763797be808 (type: security_group_rules) to 0 [pid: 8|app: 0|req: 625/1289] 10.0.0.91 () {34 vars in 788 bytes} [Thu Jul 9 10:44:58 2026] PUT /v2.0/routers/fd5d97fa-8b6d-4866-9b25-4a9e9b0a9d79/remove_router_interface => generated 309 bytes in 1252 msecs (HTTP/1.1 200) 4 headers in 157 bytes (1 switches on core 0) /var/lib/openstack/lib/python3.12/site-packages/pycadf/identifier.py:70: UserWarning: Invalid uuid: neutron. To ensure interoperability, identifiers should be a valid uuid. warnings.warn(('Invalid uuid: %s. To ensure interoperability, '
2026-07-09 10:44:59.747 7 INFO neutron.db.ovn_revision_numbers_db [None req-364002a6-35e4-4d4f-a2c0-5f8c06a71733 4243fa508a4e4c4abc24d04ac9c4260f 97700c5526e54c58976c7382eb439935 - - default default] Successfully bumped revision number for resource 9fcbfd9c-682a-446c-a133-aaee5a9c4fb9 (type: security_group_rules) to 0
2026-07-09 10:44:59.764 7 INFO neutron.db.ovn_revision_numbers_db [None req-364002a6-35e4-4d4f-a2c0-5f8c06a71733 4243fa508a4e4c4abc24d04ac9c4260f 97700c5526e54c58976c7382eb439935 - - default default] Successfully bumped revision number for resource d548a46c-1e69-4240-83f3-49b4b87c0725 (type: security_group_rules) to 0 [pid: 7|app: 0|req: 665/1290] 10.0.0.91 () {32 vars in 773 bytes} [Thu Jul 9 10:44:59 2026] GET /v2.0/security-groups?tenant_id=c4fd0b50de374822821bac0d6a431a5f&name=default => generated 2925 bytes in 474 msecs (HTTP/1.1 200) 4 headers in 158 bytes (1 switches on core 0) [pid: 7|app: 0|req: 666/1291] 10.0.0.90 () {34 vars in 989 bytes} [Thu Jul 9 10:44:59 2026] GET /v2.0/ports?device_id=9569be83-25d0-4525-8aa9-a636e86a3582 => generated 12 bytes in 24 msecs (HTTP/1.1 200) 4 headers in 156 bytes (1 switches on core 0) [pid: 8|app: 0|req: 626/1292] 10.0.0.91 () {32 vars in 739 bytes} [Thu Jul 9 10:44:59 2026] DELETE /v2.0/security-groups/d5793d12-831c-4f1b-b0fd-908c99f0170f => generated 0 bytes in 291 msecs (HTTP/1.1 204) 2 headers in 112 bytes (1 switches on core 0) [pid: 8|app: 0|req: 627/1293] 10.0.0.91 () {32 vars in 739 bytes} [Thu Jul 9 10:45:00 2026] DELETE /v2.0/security-groups/dce9c84a-95e3-4e81-800b-b326237b8f1d => generated 0 bytes in 291 msecs (HTTP/1.1 204) 2 headers in 112 bytes (1 switches on core 0)
2026-07-09 10:45:00.347 7 INFO neutron_taas.services.taas.taas_plugin [None req-5bb1d8a0-c82e-43b7-8ec7-8268aa9b98e4 4243fa508a4e4c4abc24d04ac9c4260f 97700c5526e54c58976c7382eb439935 - - default default] TaaS: Handle Delete Port: dd0e0f1c-dc73-4ac3-90e1-618f7ef08d88
2026-07-09 10:45:00.351 7 INFO neutron_taas.services.taas.tap_mirror_plugin [None req-5bb1d8a0-c82e-43b7-8ec7-8268aa9b98e4 4243fa508a4e4c4abc24d04ac9c4260f 97700c5526e54c58976c7382eb439935 - - default default] Tap Mirror: Handle Delete Port: dd0e0f1c-dc73-4ac3-90e1-618f7ef08d88
2026-07-09 10:45:00.695 8 INFO neutron.db.ovn_revision_numbers_db [None req-7bd4fc1d-ab22-4646-a254-c4563fe4702d 4243fa508a4e4c4abc24d04ac9c4260f 97700c5526e54c58976c7382eb439935 - - default default] Successfully bumped revision number for resource 6b1023d3-04dd-4354-8e1c-3001ba7a5df7 (type: security_groups) to 1
2026-07-09 10:45:00.708 8 INFO neutron.db.ovn_revision_numbers_db [None req-7bd4fc1d-ab22-4646-a254-c4563fe4702d 4243fa508a4e4c4abc24d04ac9c4260f 97700c5526e54c58976c7382eb439935 - - default default] Successfully bumped revision number for resource 2bedb0c1-e55f-42e2-bba6-669ec7d969c0 (type: security_group_rules) to 0
2026-07-09 10:45:00.720 8 INFO neutron.db.ovn_revision_numbers_db [None req-7bd4fc1d-ab22-4646-a254-c4563fe4702d 4243fa508a4e4c4abc24d04ac9c4260f 97700c5526e54c58976c7382eb439935 - - default default] Successfully bumped revision number for resource 73d9cd95-0ff5-454d-bec0-92ebe5b0ca4b (type: security_group_rules) to 0
2026-07-09 10:45:00.731 8 INFO neutron.db.ovn_revision_numbers_db [None req-7bd4fc1d-ab22-4646-a254-c4563fe4702d 4243fa508a4e4c4abc24d04ac9c4260f 97700c5526e54c58976c7382eb439935 - - default default] Successfully bumped revision number for resource 9275f0c8-c035-470d-950a-a87887c16025 (type: security_group_rules) to 0
2026-07-09 10:45:00.748 8 INFO neutron.db.ovn_revision_numbers_db [None req-7bd4fc1d-ab22-4646-a254-c4563fe4702d 4243fa508a4e4c4abc24d04ac9c4260f 97700c5526e54c58976c7382eb439935 - - default default] Successfully bumped revision number for resource c52425c2-5877-4dec-bc2f-a9e92e4d7813 (type: security_group_rules) to 0 [pid: 8|app: 0|req: 628/1294] 10.0.0.91 () {32 vars in 773 bytes} [Thu Jul 9 10:45:00 2026] GET /v2.0/security-groups?tenant_id=a2327efc91c241b8837207d936aa6773&name=default => generated 2925 bytes in 299 msecs (HTTP/1.1 200) 4 headers in 158 bytes (1 switches on core 0) [pid: 7|app: 0|req: 667/1295] 10.0.0.91 () {32 vars in 723 bytes} [Thu Jul 9 10:44:59 2026] DELETE /v2.0/routers/fd5d97fa-8b6d-4866-9b25-4a9e9b0a9d79 => generated 0 bytes in 1064 msecs (HTTP/1.1 204) 2 headers in 112 bytes (1 switches on core 0) [pid: 8|app: 0|req: 629/1296] 10.0.0.91 () {32 vars in 739 bytes} [Thu Jul 9 10:45:00 2026] DELETE /v2.0/security-groups/6b1023d3-04dd-4354-8e1c-3001ba7a5df7 => generated 0 bytes in 384 msecs (HTTP/1.1 204) 2 headers in 112 bytes (1 switches on core 0) [pid: 7|app: 0|req: 668/1297] 10.0.0.91 () {32 vars in 723 bytes} [Thu Jul 9 10:45:00 2026] DELETE /v2.0/subnets/00e90634-a3ea-4151-bb89-73e33c8c77a6 => generated 0 bytes in 286 msecs (HTTP/1.1 204) 3 headers in 131 bytes (1 switches on core 0) [pid: 8|app: 0|req: 630/1298] 10.0.0.90 () {34 vars in 989 bytes} [Thu Jul 9 10:45:01 2026] GET /v2.0/ports?device_id=9569be83-25d0-4525-8aa9-a636e86a3582 => generated 12 bytes in 28 msecs (HTTP/1.1 200) 4 headers in 156 bytes (1 switches on core 0)
2026-07-09 10:45:01.385 7 INFO neutron_taas.services.taas.taas_plugin [None req-23c9907b-622e-4500-87ad-a69b98e0445e 4243fa508a4e4c4abc24d04ac9c4260f 97700c5526e54c58976c7382eb439935 - - default default] TaaS: Handle Delete Port: aa642a94-cebe-4427-8ef7-f792866617ce
2026-07-09 10:45:01.389 7 INFO neutron_taas.services.taas.tap_mirror_plugin [None req-23c9907b-622e-4500-87ad-a69b98e0445e 4243fa508a4e4c4abc24d04ac9c4260f 97700c5526e54c58976c7382eb439935 - - default default] Tap Mirror: Handle Delete Port: aa642a94-cebe-4427-8ef7-f792866617ce
2026-07-09 10:45:01.620 7 INFO neutron.services.segments.plugin [-] Segment 46f5e566-d776-4dca-bd5c-780279501f45 resource provider aggregate not found
2026-07-09 10:45:01.630 7 INFO neutron.services.segments.plugin [-] Segment 46f5e566-d776-4dca-bd5c-780279501f45 resource provider aggregate not found
2026-07-09 10:45:01.649 7 INFO neutron.services.segments.plugin [-] Client error retrieving segment 46f5e566-d776-4dca-bd5c-780279501f45 resource provider; error: Placement Client Error (4xx): {"errors": [{"status": 404, "title": "Not Found", "detail": "The resource could not be found.\n\n No resource provider with uuid 46f5e566-d776-4dca-bd5c-780279501f45 found for delete ", "request_id": "req-51bd04a8-de2c-45b1-b637-bc935df24126"}]}
2026-07-09 10:45:01.654 7 INFO neutron.services.segments.plugin [-] Client error retrieving segment 46f5e566-d776-4dca-bd5c-780279501f45 resource provider; error: Placement Client Error (4xx): {"errors": [{"status": 404, "title": "Not Found", "detail": "The resource could not be found.\n\n No resource provider with uuid 46f5e566-d776-4dca-bd5c-780279501f45 found for delete ", "request_id": "req-2018d3ed-ca82-4c7d-93d6-337247142594"}]} [pid: 7|app: 0|req: 669/1299] 10.0.0.91 () {32 vars in 725 bytes} [Thu Jul 9 10:45:01 2026] DELETE /v2.0/networks/98a70b03-c8e6-4ed0-875e-c7744981ea24 => generated 0 bytes in 462 msecs (HTTP/1.1 204) 3 headers in 131 bytes (1 switches on core 0) [pid: 8|app: 0|req: 631/1300] 10.0.0.91 () {32 vars in 773 bytes} [Thu Jul 9 10:45:01 2026] GET /v2.0/security-groups?tenant_id=a4742ba68dd5484a8f1901387a04562e&name=default => generated 2925 bytes in 43 msecs (HTTP/1.1 200) 4 headers in 158 bytes (1 switches on core 0) [pid: 7|app: 0|req: 670/1301] 10.0.0.91 () {32 vars in 739 bytes} [Thu Jul 9 10:45:01 2026] DELETE /v2.0/security-groups/adbd51b8-73db-4826-b0eb-47aea5e659f5 => generated 0 bytes in 258 msecs (HTTP/1.1 204) 2 headers in 112 bytes (1 switches on core 0) [pid: 8|app: 0|req: 633/1304] 10.0.0.91 () {32 vars in 739 bytes} [Thu Jul 9 10:45:02 2026] DELETE /v2.0/security-groups/e0d77ec3-2201-4871-b926-03c3adf5601b => generated 0 bytes in 211 msecs (HTTP/1.1 204) 2 headers in 112 bytes (1 switches on core 0)
2026-07-09 10:45:02.538 7 INFO neutron.api.v2.resource [None req-f3753438-00ac-4622-8a98-293e78e32425 7588378acf424480b8066e08495fd66c bfc6903bd7e74e4d9a74bf9ac24ebf3c - - default default] show failed (client error): The resource could not be found. [pid: 7|app: 0|req: 672/1305] 10.0.0.91 () {32 vars in 736 bytes} [Thu Jul 9 10:45:02 2026] GET /v2.0/security-groups/e0d77ec3-2201-4871-b926-03c3adf5601b => generated 146 bytes in 14 msecs (HTTP/1.1 404) 4 headers in 164 bytes (1 switches on core 0)
2026-07-09 10:45:02.697 8 INFO neutron_taas.services.taas.taas_plugin [None req-ef8a6f05-4a25-4914-90e9-ed09cb26d3c3 7588378acf424480b8066e08495fd66c bfc6903bd7e74e4d9a74bf9ac24ebf3c - - default default] TaaS: Handle Delete Port: da12a92c-22b6-4abd-b93b-0a5debcb4121
2026-07-09 10:45:02.702 8 INFO neutron_taas.services.taas.tap_mirror_plugin [None req-ef8a6f05-4a25-4914-90e9-ed09cb26d3c3 7588378acf424480b8066e08495fd66c bfc6903bd7e74e4d9a74bf9ac24ebf3c - - default default] Tap Mirror: Handle Delete Port: da12a92c-22b6-4abd-b93b-0a5debcb4121 [pid: 8|app: 0|req: 634/1306] 10.0.0.91 () {32 vars in 731 bytes} [Thu Jul 9 10:45:02 2026] DELETE /v2.0/floatingips/0b15d50a-879a-4ebc-8cab-891df3de659a => generated 0 bytes in 313 msecs (HTTP/1.1 204) 2 headers in 112 bytes (1 switches on core 0)
2026-07-09 10:45:03.210 7 INFO neutron_taas.services.taas.taas_plugin [None req-77704864-73ad-43a6-ba54-8e1bad40933a 4243fa508a4e4c4abc24d04ac9c4260f 97700c5526e54c58976c7382eb439935 - - default default] TaaS: Handle Delete Port: 47f84922-47d9-4e98-9dbb-a807d0123c56
2026-07-09 10:45:03.214 7 INFO neutron_taas.services.taas.tap_mirror_plugin [None req-77704864-73ad-43a6-ba54-8e1bad40933a 4243fa508a4e4c4abc24d04ac9c4260f 97700c5526e54c58976c7382eb439935 - - default default] Tap Mirror: Handle Delete Port: 47f84922-47d9-4e98-9dbb-a807d0123c56
2026-07-09 10:45:03.651 8 INFO neutron.db.ovn_revision_numbers_db [None req-fd6fc581-7ef5-4291-ad63-e6138aed006a ce9764524ea44f19b5c93fd4450a6eca bdbb1849c3c449358b81e3f6ade9c03e - - default default] Successfully bumped revision number for resource 5a7ffe30-8e09-46bc-90d1-86727f6ce144 (type: security_groups) to 1
2026-07-09 10:45:03.669 8 INFO neutron.db.ovn_revision_numbers_db [None req-fd6fc581-7ef5-4291-ad63-e6138aed006a ce9764524ea44f19b5c93fd4450a6eca bdbb1849c3c449358b81e3f6ade9c03e - - default default] Successfully bumped revision number for resource 3a5dff8c-de0b-47f1-b811-2a2ae1cbbc37 (type: security_group_rules) to 0
2026-07-09 10:45:03.681 8 INFO neutron.db.ovn_revision_numbers_db [None req-fd6fc581-7ef5-4291-ad63-e6138aed006a ce9764524ea44f19b5c93fd4450a6eca bdbb1849c3c449358b81e3f6ade9c03e - - default default] Successfully bumped revision number for resource 3b89c575-e4e7-49dd-b3c6-1b874461aee1 (type: security_group_rules) to 0
2026-07-09 10:45:03.692 8 INFO neutron.db.ovn_revision_numbers_db [None req-fd6fc581-7ef5-4291-ad63-e6138aed006a ce9764524ea44f19b5c93fd4450a6eca bdbb1849c3c449358b81e3f6ade9c03e - - default default] Successfully bumped revision number for resource 50f2377a-acde-4222-abb8-ddd405557a72 (type: security_group_rules) to 0
2026-07-09 10:45:03.707 8 INFO neutron.db.ovn_revision_numbers_db [None req-fd6fc581-7ef5-4291-ad63-e6138aed006a ce9764524ea44f19b5c93fd4450a6eca bdbb1849c3c449358b81e3f6ade9c03e - - default default] Successfully bumped revision number for resource a504e7e5-52d9-44ee-b01f-efb227f5c75a (type: security_group_rules) to 0
2026-07-09 10:45:03.793 8 INFO neutron.db.segments_db [None req-fd6fc581-7ef5-4291-ad63-e6138aed006a ce9764524ea44f19b5c93fd4450a6eca bdbb1849c3c449358b81e3f6ade9c03e - - default default] Added segment d416099e-2b0b-46ea-89e2-1ef2625cdb96 of type geneve for network 6ac4460e-7bca-4a28-a8c3-2f77b5f7763c
2026-07-09 10:45:03.952 8 INFO neutron.db.ovn_revision_numbers_db [None req-fd6fc581-7ef5-4291-ad63-e6138aed006a ce9764524ea44f19b5c93fd4450a6eca bdbb1849c3c449358b81e3f6ade9c03e - - default default] Successfully bumped revision number for resource 6ac4460e-7bca-4a28-a8c3-2f77b5f7763c (type: networks) to 1 [pid: 7|app: 0|req: 673/1307] 10.0.0.91 () {34 vars in 788 bytes} [Thu Jul 9 10:45:02 2026] PUT /v2.0/routers/5f23f5fa-be04-47bf-bdb8-fe6055e60cd1/remove_router_interface => generated 309 bytes in 1106 msecs (HTTP/1.1 200) 4 headers in 157 bytes (1 switches on core 0) /var/lib/openstack/lib/python3.12/site-packages/pycadf/identifier.py:70: UserWarning: Invalid uuid: neutron. To ensure interoperability, identifiers should be a valid uuid. warnings.warn(('Invalid uuid: %s. To ensure interoperability, '
2026-07-09 10:45:04.152 8 WARNING neutron.scheduler.dhcp_agent_scheduler [None req-fd6fc581-7ef5-4291-ad63-e6138aed006a ce9764524ea44f19b5c93fd4450a6eca bdbb1849c3c449358b81e3f6ade9c03e - - default default] No more DHCP agents
2026-07-09 10:45:04.153 8 WARNING neutron.api.rpc.agentnotifiers.dhcp_rpc_agent_api [None req-fd6fc581-7ef5-4291-ad63-e6138aed006a ce9764524ea44f19b5c93fd4450a6eca bdbb1849c3c449358b81e3f6ade9c03e - - default default] Unable to schedule network 6ac4460e-7bca-4a28-a8c3-2f77b5f7763c: no agents available; will retry on subsequent port and subnet creation events.
2026-07-09 10:45:04.231 7 INFO neutron.plugins.ml2.drivers.ovn.mech_driver.mech_driver [None req-774651fb-f747-40fb-b9e6-93693045174a - - - - - -] OVN reports status down for port: 714a0f3b-e3c8-4d7b-9c24-2423ba35047b
2026-07-09 10:45:04.237 8 INFO neutron.db.ovn_revision_numbers_db [None req-fd6fc581-7ef5-4291-ad63-e6138aed006a ce9764524ea44f19b5c93fd4450a6eca bdbb1849c3c449358b81e3f6ade9c03e - - default default] Successfully bumped revision number for resource 714a0f3b-e3c8-4d7b-9c24-2423ba35047b (type: ports) to 1 [pid: 8|app: 0|req: 635/1308] 10.0.0.91 () {34 vars in 670 bytes} [Thu Jul 9 10:45:03 2026] POST /v2.0/networks => generated 632 bytes in 1048 msecs (HTTP/1.1 201) 4 headers in 162 bytes (1 switches on core 0)
2026-07-09 10:45:04.487 7 INFO neutron_taas.services.taas.taas_plugin [None req-a162776d-8da3-4c2c-8356-5e9c9e274a5c 4243fa508a4e4c4abc24d04ac9c4260f 97700c5526e54c58976c7382eb439935 - - default default] TaaS: Handle Delete Port: e5a006d4-9bc3-4097-aa10-24962c5160c5
2026-07-09 10:45:04.491 7 INFO neutron_taas.services.taas.tap_mirror_plugin [None req-a162776d-8da3-4c2c-8356-5e9c9e274a5c 4243fa508a4e4c4abc24d04ac9c4260f 97700c5526e54c58976c7382eb439935 - - default default] Tap Mirror: Handle Delete Port: e5a006d4-9bc3-4097-aa10-24962c5160c5
2026-07-09 10:45:04.579 8 INFO neutron.db.ovn_revision_numbers_db [None req-3caa1c1d-8e8d-462c-8be1-0b72b898988f 4243fa508a4e4c4abc24d04ac9c4260f 97700c5526e54c58976c7382eb439935 - - default default] Successfully bumped revision number for resource 89abed21-7dc8-40e7-a390-85c6daf4874c (type: security_groups) to 1
2026-07-09 10:45:04.593 8 INFO neutron.db.ovn_revision_numbers_db [None req-3caa1c1d-8e8d-462c-8be1-0b72b898988f 4243fa508a4e4c4abc24d04ac9c4260f 97700c5526e54c58976c7382eb439935 - - default default] Successfully bumped revision number for resource 2906f563-098d-40e7-8243-4e1879a093f5 (type: security_group_rules) to 0
2026-07-09 10:45:04.606 8 INFO neutron.db.ovn_revision_numbers_db [None req-3caa1c1d-8e8d-462c-8be1-0b72b898988f 4243fa508a4e4c4abc24d04ac9c4260f 97700c5526e54c58976c7382eb439935 - - default default] Successfully bumped revision number for resource 2b927862-c4b6-4927-a2b0-2f7cf60213b2 (type: security_group_rules) to 0
2026-07-09 10:45:04.629 8 INFO neutron.db.ovn_revision_numbers_db [None req-3caa1c1d-8e8d-462c-8be1-0b72b898988f 4243fa508a4e4c4abc24d04ac9c4260f 97700c5526e54c58976c7382eb439935 - - default default] Successfully bumped revision number for resource 843abd3a-4af0-476c-9892-121f970655b2 (type: security_group_rules) to 0
2026-07-09 10:45:04.645 8 INFO neutron.db.ovn_revision_numbers_db [None req-3caa1c1d-8e8d-462c-8be1-0b72b898988f 4243fa508a4e4c4abc24d04ac9c4260f 97700c5526e54c58976c7382eb439935 - - default default] Successfully bumped revision number for resource dcd19a89-b059-48fd-b398-d071ef245ce5 (type: security_group_rules) to 0
2026-07-09 10:45:04.739 8 INFO neutron.db.segments_db [None req-3caa1c1d-8e8d-462c-8be1-0b72b898988f 4243fa508a4e4c4abc24d04ac9c4260f 97700c5526e54c58976c7382eb439935 - - default default] Added segment 7eb4012e-a922-4f13-a03b-266cc09ac41d of type geneve for network 5111c367-6f90-4ea4-8957-d90014e1d1ba
2026-07-09 10:45:04.902 8 INFO neutron.db.ovn_revision_numbers_db [None req-3caa1c1d-8e8d-462c-8be1-0b72b898988f 4243fa508a4e4c4abc24d04ac9c4260f 97700c5526e54c58976c7382eb439935 - - default default] Successfully bumped revision number for resource 5111c367-6f90-4ea4-8957-d90014e1d1ba (type: networks) to 1 [pid: 7|app: 0|req: 674/1309] 10.0.0.91 () {32 vars in 723 bytes} [Thu Jul 9 10:45:03 2026] DELETE /v2.0/routers/5f23f5fa-be04-47bf-bdb8-fe6055e60cd1 => generated 0 bytes in 1069 msecs (HTTP/1.1 204) 2 headers in 112 bytes (1 switches on core 0)
2026-07-09 10:45:05.151 8 WARNING neutron.scheduler.dhcp_agent_scheduler [None req-3caa1c1d-8e8d-462c-8be1-0b72b898988f 4243fa508a4e4c4abc24d04ac9c4260f 97700c5526e54c58976c7382eb439935 - - default default] No more DHCP agents
2026-07-09 10:45:05.153 8 WARNING neutron.api.rpc.agentnotifiers.dhcp_rpc_agent_api [None req-3caa1c1d-8e8d-462c-8be1-0b72b898988f 4243fa508a4e4c4abc24d04ac9c4260f 97700c5526e54c58976c7382eb439935 - - default default] Unable to schedule network 5111c367-6f90-4ea4-8957-d90014e1d1ba: no agents available; will retry on subsequent port and subnet creation events.
2026-07-09 10:45:05.214 8 INFO neutron.plugins.ml2.drivers.ovn.mech_driver.mech_driver [None req-b7e43f8a-5e41-4558-98e5-835cf03091e5 - - - - - -] OVN reports status down for port: d1277904-e6c9-4d05-848e-0c7be3a7cc91
2026-07-09 10:45:05.285 8 INFO neutron.db.ovn_revision_numbers_db [None req-3caa1c1d-8e8d-462c-8be1-0b72b898988f 4243fa508a4e4c4abc24d04ac9c4260f 97700c5526e54c58976c7382eb439935 - - default default] Successfully bumped revision number for resource d1277904-e6c9-4d05-848e-0c7be3a7cc91 (type: ports) to 1 [pid: 8|app: 0|req: 636/1310] 10.0.0.91 () {34 vars in 670 bytes} [Thu Jul 9 10:45:04 2026] POST /v2.0/networks => generated 750 bytes in 1073 msecs (HTTP/1.1 201) 4 headers in 162 bytes (1 switches on core 0) [pid: 8|app: 0|req: 637/1311] 10.0.0.91 () {32 vars in 723 bytes} [Thu Jul 9 10:45:05 2026] DELETE /v2.0/subnets/67e9e0ca-144a-44e9-a840-bb85c4fe9ebb => generated 0 bytes in 214 msecs (HTTP/1.1 204) 3 headers in 131 bytes (1 switches on core 0)
2026-07-09 10:45:05.623 7 WARNING neutron.scheduler.dhcp_agent_scheduler [None req-57ed0525-383d-4c64-a42d-6ecfd01b63f1 ce9764524ea44f19b5c93fd4450a6eca bdbb1849c3c449358b81e3f6ade9c03e - - default default] No more DHCP agents
2026-07-09 10:45:05.625 7 WARNING neutron.api.rpc.agentnotifiers.dhcp_rpc_agent_api [None req-57ed0525-383d-4c64-a42d-6ecfd01b63f1 ce9764524ea44f19b5c93fd4450a6eca bdbb1849c3c449358b81e3f6ade9c03e - - default default] Unable to schedule network c3f3e576-eda3-4845-9d61-240503d170c3: no agents available; will retry on subsequent port and subnet creation events.
2026-07-09 10:45:05.701 8 WARNING neutron.scheduler.dhcp_agent_scheduler [None req-9da60e06-e3ad-4b09-872c-a507495798d4 4243fa508a4e4c4abc24d04ac9c4260f 97700c5526e54c58976c7382eb439935 - - default default] No more DHCP agents
2026-07-09 10:45:05.703 8 WARNING neutron.api.rpc.agentnotifiers.dhcp_rpc_agent_api [None req-9da60e06-e3ad-4b09-872c-a507495798d4 4243fa508a4e4c4abc24d04ac9c4260f 97700c5526e54c58976c7382eb439935 - - default default] Unable to schedule network 5111c367-6f90-4ea4-8957-d90014e1d1ba: no agents available; will retry on subsequent port and subnet creation events.
2026-07-09 10:45:05.744 7 INFO neutron.plugins.ml2.drivers.ovn.mech_driver.mech_driver [None req-774651fb-f747-40fb-b9e6-93693045174a - - - - - -] OVN reports status down for port: fc2c541f-4a70-48bb-ae2a-f159fe02909d
2026-07-09 10:45:05.827 7 INFO neutron.db.ovn_revision_numbers_db [None req-57ed0525-383d-4c64-a42d-6ecfd01b63f1 ce9764524ea44f19b5c93fd4450a6eca bdbb1849c3c449358b81e3f6ade9c03e - - default default] Successfully bumped revision number for resource fc2c541f-4a70-48bb-ae2a-f159fe02909d (type: ports) to 1
2026-07-09 10:45:06.316 8 INFO neutron.db.ovn_revision_numbers_db [None req-0780c926-47cc-4705-a3d8-2c25d5c88c4b - - - - - -] Successfully bumped revision number for resource d1277904-e6c9-4d05-848e-0c7be3a7cc91 (type: ports) to 2
2026-07-09 10:45:06.393 8 INFO neutron.db.ovn_revision_numbers_db [None req-0780c926-47cc-4705-a3d8-2c25d5c88c4b - - - - - -] Successfully bumped revision number for resource f62b2d87-2de0-4021-b333-23980cb1b90d (type: subnets) to 0 [pid: 8|app: 0|req: 638/1312] 10.0.0.91 () {34 vars in 668 bytes} [Thu Jul 9 10:45:05 2026] POST /v2.0/subnets => generated 694 bytes in 891 msecs (HTTP/1.1 201) 4 headers in 162 bytes (1 switches on core 0)
2026-07-09 10:45:06.615 8 INFO neutron_taas.services.taas.taas_plugin [None req-4a835faf-ffae-4219-85ab-821a6adc1014 4243fa508a4e4c4abc24d04ac9c4260f 97700c5526e54c58976c7382eb439935 - - default default] TaaS: Handle Delete Port: 6f03dce0-1719-4db8-84f9-64688ca9acbd
2026-07-09 10:45:06.617 8 INFO neutron_taas.services.taas.tap_mirror_plugin [None req-4a835faf-ffae-4219-85ab-821a6adc1014 4243fa508a4e4c4abc24d04ac9c4260f 97700c5526e54c58976c7382eb439935 - - default default] Tap Mirror: Handle Delete Port: 6f03dce0-1719-4db8-84f9-64688ca9acbd
2026-07-09 10:45:06.828 8 INFO neutron.services.segments.plugin [-] Segment 73b78a46-a3fc-46a5-8db2-94276437c26c resource provider aggregate not found
2026-07-09 10:45:06.837 8 INFO neutron.services.segments.plugin [-] Segment 73b78a46-a3fc-46a5-8db2-94276437c26c resource provider aggregate not found
2026-07-09 10:45:06.848 8 INFO neutron.services.segments.plugin [-] Client error retrieving segment 73b78a46-a3fc-46a5-8db2-94276437c26c resource provider; error: Placement Client Error (4xx): {"errors": [{"status": 404, "title": "Not Found", "detail": "The resource could not be found.\n\n No resource provider with uuid 73b78a46-a3fc-46a5-8db2-94276437c26c found for delete ", "request_id": "req-8e8bf6d3-26af-4de1-b497-5d52eb00ec7e"}]}
2026-07-09 10:45:06.862 8 INFO neutron.services.segments.plugin [-] Client error retrieving segment 73b78a46-a3fc-46a5-8db2-94276437c26c resource provider; error: Placement Client Error (4xx): {"errors": [{"status": 404, "title": "Not Found", "detail": "The resource could not be found.\n\n No resource provider with uuid 73b78a46-a3fc-46a5-8db2-94276437c26c found for delete ", "request_id": "req-f0480995-e7f1-4161-82ef-5f3ed1688fbd"}]} [pid: 8|app: 0|req: 639/1313] 10.0.0.91 () {32 vars in 725 bytes} [Thu Jul 9 10:45:06 2026] DELETE /v2.0/networks/abecb1f1-5b60-4611-82e0-ed1f8f1255ab => generated 0 bytes in 447 msecs (HTTP/1.1 204) 3 headers in 131 bytes (1 switches on core 0)
2026-07-09 10:45:07.318 8 WARNING neutron.scheduler.dhcp_agent_scheduler [None req-b10e1785-f23b-434c-b3fc-efd8a64879e3 4243fa508a4e4c4abc24d04ac9c4260f 97700c5526e54c58976c7382eb439935 - - default default] No more DHCP agents
2026-07-09 10:45:07.320 8 WARNING neutron.api.rpc.agentnotifiers.dhcp_rpc_agent_api [None req-b10e1785-f23b-434c-b3fc-efd8a64879e3 4243fa508a4e4c4abc24d04ac9c4260f 97700c5526e54c58976c7382eb439935 - - default default] Unable to schedule network c3f3e576-eda3-4845-9d61-240503d170c3: no agents available; will retry on subsequent port and subnet creation events.
2026-07-09 10:45:07.440 7 INFO neutron.plugins.ml2.drivers.ovn.mech_driver.mech_driver [None req-774651fb-f747-40fb-b9e6-93693045174a - - - - - -] OVN reports status down for port: c879717d-d122-49e8-a2f6-fb58d016f3ae
2026-07-09 10:45:07.465 8 INFO neutron.db.ovn_revision_numbers_db [None req-b10e1785-f23b-434c-b3fc-efd8a64879e3 4243fa508a4e4c4abc24d04ac9c4260f 97700c5526e54c58976c7382eb439935 - - default default] Successfully bumped revision number for resource c879717d-d122-49e8-a2f6-fb58d016f3ae (type: ports) to 1
2026-07-09 10:45:07.508 7 INFO neutron.plugins.ml2.drivers.ovn.mech_driver.ovsdb.commands [None req-e990982e-04c7-4455-bdb4-02aa7361e172 - - - - - -] Schedule LRP lrp-fc2c541f-4a70-48bb-ae2a-f159fe02909d on gateway 84d841d8-ea42-4e82-9c48-7bcef96d3c07 with priority 1
2026-07-09 10:45:07.621 7 INFO neutron.plugins.ml2.drivers.ovn.mech_driver.mech_driver [None req-774651fb-f747-40fb-b9e6-93693045174a - - - - - -] OVN reports status up for port: fc2c541f-4a70-48bb-ae2a-f159fe02909d
2026-07-09 10:45:07.636 7 INFO neutron.plugins.ml2.drivers.ovn.mech_driver.ovsdb.ovsdb_monitor [None req-333121b4-3288-4dd1-9616-263f9a026b5a - - - - - -] Router 3e9e13f5-240f-4b15-8e48-c80315a6e7e8 is bound to host instance
2026-07-09 10:45:07.655 7 INFO neutron.plugins.ml2.plugin [None req-774651fb-f747-40fb-b9e6-93693045174a - - - - - -] Attempt 1 to provision port fc2c541f-4a70-48bb-ae2a-f159fe02909d
2026-07-09 10:45:07.696 7 INFO neutron.db.ovn_revision_numbers_db [None req-57ed0525-383d-4c64-a42d-6ecfd01b63f1 ce9764524ea44f19b5c93fd4450a6eca bdbb1849c3c449358b81e3f6ade9c03e - - default default] Successfully bumped revision number for resource fc2c541f-4a70-48bb-ae2a-f159fe02909d (type: router_ports) to 1
2026-07-09 10:45:07.919 7 INFO neutron.db.ovn_revision_numbers_db [None req-57ed0525-383d-4c64-a42d-6ecfd01b63f1 ce9764524ea44f19b5c93fd4450a6eca bdbb1849c3c449358b81e3f6ade9c03e - - default default] Successfully bumped revision number for resource 3e9e13f5-240f-4b15-8e48-c80315a6e7e8 (type: routers) to 2 [pid: 7|app: 0|req: 675/1314] 10.0.0.91 () {34 vars in 668 bytes} [Thu Jul 9 10:45:05 2026] POST /v2.0/routers => generated 955 bytes in 2905 msecs (HTTP/1.1 201) 4 headers in 162 bytes (1 switches on core 0)
2026-07-09 10:45:08.167 8 INFO neutron.plugins.ml2.drivers.ovn.mech_driver.ovsdb.commands [None req-8fffeb4f-81ce-47c2-bcf1-e312c71539b7 - - - - - -] Schedule LRP lrp-c879717d-d122-49e8-a2f6-fb58d016f3ae on gateway 84d841d8-ea42-4e82-9c48-7bcef96d3c07 with priority 1
2026-07-09 10:45:08.227 8 INFO neutron.plugins.ml2.drivers.ovn.mech_driver.ovsdb.ovsdb_monitor [None req-0074b778-3e34-4497-bfa0-22098f9991de - - - - - -] Router 7f535201-738a-4ee3-a38b-93bce4f00c83 is bound to host instance
2026-07-09 10:45:08.278 8 INFO neutron.db.ovn_revision_numbers_db [None req-b10e1785-f23b-434c-b3fc-efd8a64879e3 4243fa508a4e4c4abc24d04ac9c4260f 97700c5526e54c58976c7382eb439935 - - default default] Successfully bumped revision number for resource c879717d-d122-49e8-a2f6-fb58d016f3ae (type: router_ports) to 1
2026-07-09 10:45:08.438 8 INFO neutron.db.ovn_revision_numbers_db [None req-b10e1785-f23b-434c-b3fc-efd8a64879e3 4243fa508a4e4c4abc24d04ac9c4260f 97700c5526e54c58976c7382eb439935 - - default default] Successfully bumped revision number for resource 7f535201-738a-4ee3-a38b-93bce4f00c83 (type: routers) to 2 [pid: 8|app: 0|req: 640/1315] 10.0.0.91 () {34 vars in 668 bytes} [Thu Jul 9 10:45:06 2026] POST /v2.0/routers => generated 972 bytes in 1587 msecs (HTTP/1.1 201) 4 headers in 162 bytes (1 switches on core 0) [pid: 8|app: 0|req: 641/1316] 10.0.0.91 () {32 vars in 773 bytes} [Thu Jul 9 10:45:08 2026] GET /v2.0/security-groups?tenant_id=bfc6903bd7e74e4d9a74bf9ac24ebf3c&name=default => generated 2925 bytes in 80 msecs (HTTP/1.1 200) 4 headers in 158 bytes (1 switches on core 0)
2026-07-09 10:45:08.591 7 INFO neutron.db.ovn_revision_numbers_db [None req-7aaae950-9410-4e29-b8ee-2bc6c6f3ce94 4243fa508a4e4c4abc24d04ac9c4260f 97700c5526e54c58976c7382eb439935 - - default default] Successfully bumped revision number for resource 72dfcd94-52d8-45e5-aed7-a56a7046ee95 (type: security_groups) to 1
2026-07-09 10:45:08.618 7 INFO neutron.db.ovn_revision_numbers_db [None req-7aaae950-9410-4e29-b8ee-2bc6c6f3ce94 4243fa508a4e4c4abc24d04ac9c4260f 97700c5526e54c58976c7382eb439935 - - default default] Successfully bumped revision number for resource 57593c6f-e330-4448-aea4-56e2d7768c83 (type: security_group_rules) to 0
2026-07-09 10:45:08.641 7 INFO neutron.db.ovn_revision_numbers_db [None req-7aaae950-9410-4e29-b8ee-2bc6c6f3ce94 4243fa508a4e4c4abc24d04ac9c4260f 97700c5526e54c58976c7382eb439935 - - default default] Successfully bumped revision number for resource 8555e2b8-ab3d-4691-ae35-cc622038bd84 (type: security_group_rules) to 0
2026-07-09 10:45:08.667 7 INFO neutron.db.ovn_revision_numbers_db [None req-7aaae950-9410-4e29-b8ee-2bc6c6f3ce94 4243fa508a4e4c4abc24d04ac9c4260f 97700c5526e54c58976c7382eb439935 - - default default] Successfully bumped revision number for resource b136f0e0-ba64-450e-a437-4f77b39efd76 (type: security_group_rules) to 0
2026-07-09 10:45:08.706 7 INFO neutron.db.ovn_revision_numbers_db [None req-7aaae950-9410-4e29-b8ee-2bc6c6f3ce94 4243fa508a4e4c4abc24d04ac9c4260f 97700c5526e54c58976c7382eb439935 - - default default] Successfully bumped revision number for resource df2734e7-0583-4f4c-8a98-c444407aa33c (type: security_group_rules) to 0 [pid: 7|app: 0|req: 676/1317] 10.0.0.91 () {32 vars in 773 bytes} [Thu Jul 9 10:45:07 2026] GET /v2.0/security-groups?tenant_id=1a9c13d6b8444a3a9bc3cea3c5afe9d2&name=default => generated 2925 bytes in 856 msecs (HTTP/1.1 200) 4 headers in 158 bytes (1 switches on core 0) [pid: 8|app: 0|req: 642/1318] 10.0.0.91 () {32 vars in 775 bytes} [Thu Jul 9 10:45:08 2026] GET /v2.0/subnets?project_id=bdbb1849c3c449358b81e3f6ade9c03e&cidr=10.100.0.0%2F28 => generated 14 bytes in 276 msecs (HTTP/1.1 200) 4 headers in 156 bytes (1 switches on core 0) [pid: 8|app: 0|req: 643/1319] 10.0.0.91 () {32 vars in 739 bytes} [Thu Jul 9 10:45:08 2026] DELETE /v2.0/security-groups/b8cc099a-e65c-410f-b223-4f0da7401cd0 => generated 0 bytes in 513 msecs (HTTP/1.1 204) 2 headers in 112 bytes (1 switches on core 0)
2026-07-09 10:45:09.473 7 INFO neutron.db.ovn_revision_numbers_db [None req-12f355cd-cfd6-44bd-9a56-20c3fb7cdc1a - - - - - -] Successfully bumped revision number for resource fc2c541f-4a70-48bb-ae2a-f159fe02909d (type: ports) to 4
2026-07-09 10:45:09.677 8 INFO neutron.db.ovn_revision_numbers_db [None req-c400133a-ab3b-41c3-b8bf-e457f55d7282 - - - - - -] Successfully bumped revision number for resource c879717d-d122-49e8-a2f6-fb58d016f3ae (type: ports) to 4 [pid: 8|app: 0|req: 644/1320] 10.0.0.91 () {32 vars in 739 bytes} [Thu Jul 9 10:45:09 2026] DELETE /v2.0/security-groups/72dfcd94-52d8-45e5-aed7-a56a7046ee95 => generated 0 bytes in 541 msecs (HTTP/1.1 204) 2 headers in 112 bytes (1 switches on core 0)
2026-07-09 10:45:09.968 7 WARNING neutron.scheduler.dhcp_agent_scheduler [None req-71ea0b1a-dd61-406f-a599-8fc04262f25d 4243fa508a4e4c4abc24d04ac9c4260f 97700c5526e54c58976c7382eb439935 - - default default] No more DHCP agents
2026-07-09 10:45:09.971 7 WARNING neutron.api.rpc.agentnotifiers.dhcp_rpc_agent_api [None req-71ea0b1a-dd61-406f-a599-8fc04262f25d 4243fa508a4e4c4abc24d04ac9c4260f 97700c5526e54c58976c7382eb439935 - - default default] Unable to schedule network 5111c367-6f90-4ea4-8957-d90014e1d1ba: no agents available; will retry on subsequent port and subnet creation events. [pid: 8|app: 0|req: 645/1321] 10.0.0.91 () {32 vars in 693 bytes} [Thu Jul 9 10:45:09 2026] GET /v2.0/networks?router%3Aexternal=True => generated 753 bytes in 133 msecs (HTTP/1.1 200) 4 headers in 157 bytes (1 switches on core 0) [pid: 8|app: 0|req: 646/1322] 10.0.0.91 () {32 vars in 783 bytes} [Thu Jul 9 10:45:10 2026] GET /v2.0/subnets?network_id=c3f3e576-eda3-4845-9d61-240503d170c3&cidr=10.100.0.0%2F28 => generated 14 bytes in 51 msecs (HTTP/1.1 200) 4 headers in 156 bytes (1 switches on core 0)
2026-07-09 10:45:10.288 7 INFO neutron.db.ovn_revision_numbers_db [None req-71ea0b1a-dd61-406f-a599-8fc04262f25d 4243fa508a4e4c4abc24d04ac9c4260f 97700c5526e54c58976c7382eb439935 - - default default] Successfully bumped revision number for resource 18548847-5ea8-4a58-89a8-94754a9cf33d (type: ports) to 1
2026-07-09 10:45:10.381 7 INFO neutron.db.ovn_revision_numbers_db [None req-12f355cd-cfd6-44bd-9a56-20c3fb7cdc1a - - - - - -] Successfully bumped revision number for resource fc2c541f-4a70-48bb-ae2a-f159fe02909d (type: ports) to 5
2026-07-09 10:45:10.406 8 INFO neutron.db.ovn_revision_numbers_db [None req-cdfd578b-e45c-4bc6-853d-92eb9dd59921 4243fa508a4e4c4abc24d04ac9c4260f 97700c5526e54c58976c7382eb439935 - - default default] Successfully bumped revision number for resource 4d6090c8-b161-4d1f-9ee5-3297e747941a (type: security_groups) to 1
2026-07-09 10:45:10.430 8 INFO neutron.db.ovn_revision_numbers_db [None req-cdfd578b-e45c-4bc6-853d-92eb9dd59921 4243fa508a4e4c4abc24d04ac9c4260f 97700c5526e54c58976c7382eb439935 - - default default] Successfully bumped revision number for resource 477170fd-f405-4819-98de-e85b82a82193 (type: security_group_rules) to 0
2026-07-09 10:45:10.432 8 INFO neutron.db.ovn_revision_numbers_db [None req-c400133a-ab3b-41c3-b8bf-e457f55d7282 - - - - - -] Successfully bumped revision number for resource c879717d-d122-49e8-a2f6-fb58d016f3ae (type: ports) to 5
2026-07-09 10:45:10.449 8 INFO neutron.db.ovn_revision_numbers_db [None req-cdfd578b-e45c-4bc6-853d-92eb9dd59921 4243fa508a4e4c4abc24d04ac9c4260f 97700c5526e54c58976c7382eb439935 - - default default] Successfully bumped revision number for resource 84f42b64-3a1d-4575-8f19-2d56d7a2bce7 (type: security_group_rules) to 0
2026-07-09 10:45:10.480 8 INFO neutron.db.ovn_revision_numbers_db [None req-cdfd578b-e45c-4bc6-853d-92eb9dd59921 4243fa508a4e4c4abc24d04ac9c4260f 97700c5526e54c58976c7382eb439935 - - default default] Successfully bumped revision number for resource 9518ca5b-7061-4852-8b0d-5538c0cc2822 (type: security_group_rules) to 0
2026-07-09 10:45:10.504 8 INFO neutron.db.ovn_revision_numbers_db [None req-cdfd578b-e45c-4bc6-853d-92eb9dd59921 4243fa508a4e4c4abc24d04ac9c4260f 97700c5526e54c58976c7382eb439935 - - default default] Successfully bumped revision number for resource ad96ba5f-552c-4fd3-b9f6-70a69247db67 (type: security_group_rules) to 0 [pid: 8|app: 0|req: 647/1323] 10.0.0.91 () {32 vars in 773 bytes} [Thu Jul 9 10:45:10 2026] GET /v2.0/security-groups?tenant_id=f37c4ccb192e49629225dc6c94e10113&name=default => generated 2925 bytes in 504 msecs (HTTP/1.1 200) 4 headers in 158 bytes (1 switches on core 0)
2026-07-09 10:45:10.862 8 WARNING neutron.scheduler.dhcp_agent_scheduler [None req-e9c8586a-08da-48be-a0f6-18bdca6e8ec7 ce9764524ea44f19b5c93fd4450a6eca bdbb1849c3c449358b81e3f6ade9c03e - - default default] No more DHCP agents
2026-07-09 10:45:10.864 8 WARNING neutron.api.rpc.agentnotifiers.dhcp_rpc_agent_api [None req-e9c8586a-08da-48be-a0f6-18bdca6e8ec7 ce9764524ea44f19b5c93fd4450a6eca bdbb1849c3c449358b81e3f6ade9c03e - - default default] Unable to schedule network 6ac4460e-7bca-4a28-a8c3-2f77b5f7763c: no agents available; will retry on subsequent port and subnet creation events.
2026-07-09 10:45:10.879 7 INFO neutron.plugins.ml2.drivers.ovn.mech_driver.mech_driver [None req-774651fb-f747-40fb-b9e6-93693045174a - - - - - -] OVN reports status up for port: c879717d-d122-49e8-a2f6-fb58d016f3ae
2026-07-09 10:45:10.916 7 INFO neutron.plugins.ml2.plugin [None req-774651fb-f747-40fb-b9e6-93693045174a - - - - - -] Attempt 1 to provision port c879717d-d122-49e8-a2f6-fb58d016f3ae
2026-07-09 10:45:11.101 7 INFO neutron.plugins.ml2.drivers.ovn.mech_driver.mech_driver [None req-774651fb-f747-40fb-b9e6-93693045174a - - - - - -] OVN reports status down for port: 18548847-5ea8-4a58-89a8-94754a9cf33d
2026-07-09 10:45:11.328 7 INFO neutron.plugins.ml2.drivers.ovn.mech_driver.mech_driver [None req-774651fb-f747-40fb-b9e6-93693045174a - - - - - -] OVN reports status up for port: 18548847-5ea8-4a58-89a8-94754a9cf33d
2026-07-09 10:45:11.355 7 INFO neutron.plugins.ml2.plugin [None req-774651fb-f747-40fb-b9e6-93693045174a - - - - - -] Attempt 1 to provision port 18548847-5ea8-4a58-89a8-94754a9cf33d
2026-07-09 10:45:11.424 8 INFO neutron.db.ovn_revision_numbers_db [None req-da0cf3c0-461a-428b-bfbe-468f94e1bd38 - - - - - -] Successfully bumped revision number for resource 714a0f3b-e3c8-4d7b-9c24-2423ba35047b (type: ports) to 2
2026-07-09 10:45:11.461 8 INFO neutron.db.ovn_revision_numbers_db [None req-da0cf3c0-461a-428b-bfbe-468f94e1bd38 - - - - - -] Successfully bumped revision number for resource 1c5ebce8-2e95-4ff2-abec-f52d4ca10d84 (type: subnets) to 0 [pid: 8|app: 0|req: 648/1324] 10.0.0.91 () {34 vars in 668 bytes} [Thu Jul 9 10:45:10 2026] POST /v2.0/subnets => generated 657 bytes in 893 msecs (HTTP/1.1 201) 4 headers in 162 bytes (1 switches on core 0)
2026-07-09 10:45:11.498 7 WARNING neutron.scheduler.dhcp_agent_scheduler [None req-71ea0b1a-dd61-406f-a599-8fc04262f25d 4243fa508a4e4c4abc24d04ac9c4260f 97700c5526e54c58976c7382eb439935 - - default default] No more DHCP agents
