2026-07-09 10:45:11.501 7 WARNING neutron.api.rpc.agentnotifiers.dhcp_rpc_agent_api [None req-71ea0b1a-dd61-406f-a599-8fc04262f25d 4243fa508a4e4c4abc24d04ac9c4260f 97700c5526e54c58976c7382eb439935 - - default default] Unable to schedule network 5111c367-6f90-4ea4-8957-d90014e1d1ba: no agents available; will retry on subsequent port and subnet creation events. [pid: 8|app: 0|req: 649/1325] 10.0.0.91 () {32 vars in 739 bytes} [Thu Jul 9 10:45:11 2026] DELETE /v2.0/security-groups/4d6090c8-b161-4d1f-9ee5-3297e747941a => generated 0 bytes in 256 msecs (HTTP/1.1 204) 2 headers in 112 bytes (1 switches on core 0)
2026-07-09 10:45:12.199 8 INFO neutron.db.ovn_revision_numbers_db [None req-2549fc3c-712d-4eec-b17d-78cf6cda5e90 4243fa508a4e4c4abc24d04ac9c4260f 97700c5526e54c58976c7382eb439935 - - default default] Successfully bumped revision number for resource 04d7096f-69e6-40c3-b9b7-1ec439733f77 (type: security_groups) to 1
2026-07-09 10:45:12.216 8 INFO neutron.db.ovn_revision_numbers_db [None req-2549fc3c-712d-4eec-b17d-78cf6cda5e90 4243fa508a4e4c4abc24d04ac9c4260f 97700c5526e54c58976c7382eb439935 - - default default] Successfully bumped revision number for resource 5a0b73f1-7a94-44b4-8f59-061360db8e6d (type: security_group_rules) to 0
2026-07-09 10:45:12.247 8 INFO neutron.db.ovn_revision_numbers_db [None req-2549fc3c-712d-4eec-b17d-78cf6cda5e90 4243fa508a4e4c4abc24d04ac9c4260f 97700c5526e54c58976c7382eb439935 - - default default] Successfully bumped revision number for resource 693f3b52-4482-47b9-a8fe-bdb4a4a7c8f1 (type: security_group_rules) to 0
2026-07-09 10:45:12.277 8 INFO neutron.db.ovn_revision_numbers_db [None req-2549fc3c-712d-4eec-b17d-78cf6cda5e90 4243fa508a4e4c4abc24d04ac9c4260f 97700c5526e54c58976c7382eb439935 - - default default] Successfully bumped revision number for resource 90233613-dd7a-4a11-8bfd-e2d51faa12b2 (type: security_group_rules) to 0
2026-07-09 10:45:12.293 8 INFO neutron.db.ovn_revision_numbers_db [None req-2549fc3c-712d-4eec-b17d-78cf6cda5e90 4243fa508a4e4c4abc24d04ac9c4260f 97700c5526e54c58976c7382eb439935 - - default default] Successfully bumped revision number for resource f2394c70-a80e-4b7c-985d-99301aaf0780 (type: security_group_rules) to 0
2026-07-09 10:45:12.298 7 INFO neutron.db.ovn_revision_numbers_db [None req-774651fb-f747-40fb-b9e6-93693045174a - - - - - -] Successfully bumped revision number for resource 18548847-5ea8-4a58-89a8-94754a9cf33d (type: ports) to 2
2026-07-09 10:45:12.379 8 INFO neutron.db.segments_db [None req-2549fc3c-712d-4eec-b17d-78cf6cda5e90 4243fa508a4e4c4abc24d04ac9c4260f 97700c5526e54c58976c7382eb439935 - - default default] Added segment 6d4fcc85-c720-4d2c-92a3-fd72c473ad7a of type geneve for network d1dc190b-ed07-4c54-a6f9-6fafa8439167
2026-07-09 10:45:12.568 8 INFO neutron.db.ovn_revision_numbers_db [None req-2549fc3c-712d-4eec-b17d-78cf6cda5e90 4243fa508a4e4c4abc24d04ac9c4260f 97700c5526e54c58976c7382eb439935 - - default default] Successfully bumped revision number for resource d1dc190b-ed07-4c54-a6f9-6fafa8439167 (type: networks) to 1
2026-07-09 10:45:12.657 7 INFO neutron.db.ovn_revision_numbers_db [None req-71ea0b1a-dd61-406f-a599-8fc04262f25d 4243fa508a4e4c4abc24d04ac9c4260f 97700c5526e54c58976c7382eb439935 - - default default] Successfully bumped revision number for resource 18548847-5ea8-4a58-89a8-94754a9cf33d (type: router_ports) to 1 [pid: 7|app: 0|req: 677/1326] 10.0.0.91 () {34 vars in 782 bytes} [Thu Jul 9 10:45:08 2026] PUT /v2.0/routers/7f535201-738a-4ee3-a38b-93bce4f00c83/add_router_interface => generated 309 bytes in 3862 msecs (HTTP/1.1 200) 4 headers in 157 bytes (1 switches on core 0)
2026-07-09 10:45:12.792 8 WARNING neutron.scheduler.dhcp_agent_scheduler [None req-2549fc3c-712d-4eec-b17d-78cf6cda5e90 4243fa508a4e4c4abc24d04ac9c4260f 97700c5526e54c58976c7382eb439935 - - default default] No more DHCP agents
2026-07-09 10:45:12.794 8 WARNING neutron.api.rpc.agentnotifiers.dhcp_rpc_agent_api [None req-2549fc3c-712d-4eec-b17d-78cf6cda5e90 4243fa508a4e4c4abc24d04ac9c4260f 97700c5526e54c58976c7382eb439935 - - default default] Unable to schedule network d1dc190b-ed07-4c54-a6f9-6fafa8439167: no agents available; will retry on subsequent port and subnet creation events.
2026-07-09 10:45:12.862 8 INFO neutron.plugins.ml2.drivers.ovn.mech_driver.mech_driver [None req-b7e43f8a-5e41-4558-98e5-835cf03091e5 - - - - - -] OVN reports status down for port: c82efb4f-b1b0-453e-af82-8787fe0c4c32
2026-07-09 10:45:12.947 8 INFO neutron.db.ovn_revision_numbers_db [None req-2549fc3c-712d-4eec-b17d-78cf6cda5e90 4243fa508a4e4c4abc24d04ac9c4260f 97700c5526e54c58976c7382eb439935 - - default default] Successfully bumped revision number for resource c82efb4f-b1b0-453e-af82-8787fe0c4c32 (type: ports) to 1 [pid: 8|app: 0|req: 650/1327] 10.0.0.91 () {34 vars in 670 bytes} [Thu Jul 9 10:45:11 2026] POST /v2.0/networks => generated 746 bytes in 1254 msecs (HTTP/1.1 201) 4 headers in 162 bytes (1 switches on core 0)
2026-07-09 10:45:13.163 8 WARNING neutron.scheduler.dhcp_agent_scheduler [None req-0fd87491-e857-49ee-b083-be0624cedf2c 4243fa508a4e4c4abc24d04ac9c4260f 97700c5526e54c58976c7382eb439935 - - default default] No more DHCP agents
2026-07-09 10:45:13.165 8 WARNING neutron.api.rpc.agentnotifiers.dhcp_rpc_agent_api [None req-0fd87491-e857-49ee-b083-be0624cedf2c 4243fa508a4e4c4abc24d04ac9c4260f 97700c5526e54c58976c7382eb439935 - - default default] Unable to schedule network d1dc190b-ed07-4c54-a6f9-6fafa8439167: no agents available; will retry on subsequent port and subnet creation events.
2026-07-09 10:45:13.360 7 WARNING neutron.scheduler.dhcp_agent_scheduler [None req-dc5a3ae9-d9ce-4211-bb1d-c23410195cf8 ce9764524ea44f19b5c93fd4450a6eca bdbb1849c3c449358b81e3f6ade9c03e - - default default] No more DHCP agents
2026-07-09 10:45:13.362 7 WARNING neutron.api.rpc.agentnotifiers.dhcp_rpc_agent_api [None req-dc5a3ae9-d9ce-4211-bb1d-c23410195cf8 ce9764524ea44f19b5c93fd4450a6eca bdbb1849c3c449358b81e3f6ade9c03e - - default default] Unable to schedule network 6ac4460e-7bca-4a28-a8c3-2f77b5f7763c: no agents available; will retry on subsequent port and subnet creation events.
2026-07-09 10:45:13.491 8 INFO neutron.plugins.ml2.drivers.ovn.mech_driver.mech_driver [None req-b7e43f8a-5e41-4558-98e5-835cf03091e5 - - - - - -] OVN reports status down for port: b9926570-e118-4a05-a1b8-ca1cadaf5b69
2026-07-09 10:45:13.519 7 INFO neutron.db.ovn_revision_numbers_db [None req-dc5a3ae9-d9ce-4211-bb1d-c23410195cf8 ce9764524ea44f19b5c93fd4450a6eca bdbb1849c3c449358b81e3f6ade9c03e - - default default] Successfully bumped revision number for resource b9926570-e118-4a05-a1b8-ca1cadaf5b69 (type: ports) to 1
2026-07-09 10:45:13.748 8 INFO neutron.db.ovn_revision_numbers_db [None req-43b4242d-d7ac-4869-aa88-e7bb105e98a7 - - - - - -] Successfully bumped revision number for resource c82efb4f-b1b0-453e-af82-8787fe0c4c32 (type: ports) to 2
2026-07-09 10:45:13.788 8 INFO neutron.db.ovn_revision_numbers_db [None req-43b4242d-d7ac-4869-aa88-e7bb105e98a7 - - - - - -] Successfully bumped revision number for resource ca736cfa-5740-43b0-81a6-d6bdfc6a9678 (type: subnets) to 0 [pid: 8|app: 0|req: 651/1328] 10.0.0.91 () {34 vars in 668 bytes} [Thu Jul 9 10:45:12 2026] POST /v2.0/subnets => generated 690 bytes in 812 msecs (HTTP/1.1 201) 4 headers in 162 bytes (1 switches on core 0)
2026-07-09 10:45:13.953 8 INFO neutron.db.ovn_revision_numbers_db [None req-be9767cc-4706-48de-a168-f649affe7bf7 2cbaa4d04ad849db85ccc32066f59f22 7b3f7f60085a4f248f09a4414383d6ab - - default default] Successfully bumped revision number for resource 9cf6cf6b-d188-4ebd-ad4e-d89c3265c38b (type: security_groups) to 1
2026-07-09 10:45:13.969 8 INFO neutron.db.ovn_revision_numbers_db [None req-be9767cc-4706-48de-a168-f649affe7bf7 2cbaa4d04ad849db85ccc32066f59f22 7b3f7f60085a4f248f09a4414383d6ab - - default default] Successfully bumped revision number for resource 21c36f3b-0fcd-479b-90dd-eb698263aced (type: security_group_rules) to 0
2026-07-09 10:45:13.982 8 INFO neutron.db.ovn_revision_numbers_db [None req-be9767cc-4706-48de-a168-f649affe7bf7 2cbaa4d04ad849db85ccc32066f59f22 7b3f7f60085a4f248f09a4414383d6ab - - default default] Successfully bumped revision number for resource cec8ff4f-d673-41d9-9871-652f9bc91e93 (type: security_group_rules) to 0 [pid: 8|app: 0|req: 652/1329] 10.0.0.91 () {34 vars in 684 bytes} [Thu Jul 9 10:45:13 2026] POST /v2.0/security-groups => generated 1660 bytes in 213 msecs (HTTP/1.1 201) 4 headers in 163 bytes (1 switches on core 0)
2026-07-09 10:45:14.294 8 INFO neutron.plugins.ml2.drivers.ovn.mech_driver.mech_driver [None req-b7e43f8a-5e41-4558-98e5-835cf03091e5 - - - - - -] OVN reports status up for port: b9926570-e118-4a05-a1b8-ca1cadaf5b69
2026-07-09 10:45:14.323 8 INFO neutron.plugins.ml2.plugin [None req-b7e43f8a-5e41-4558-98e5-835cf03091e5 - - - - - -] Attempt 1 to provision port b9926570-e118-4a05-a1b8-ca1cadaf5b69
2026-07-09 10:45:14.342 7 WARNING neutron.scheduler.dhcp_agent_scheduler [None req-dc5a3ae9-d9ce-4211-bb1d-c23410195cf8 ce9764524ea44f19b5c93fd4450a6eca bdbb1849c3c449358b81e3f6ade9c03e - - default default] No more DHCP agents
2026-07-09 10:45:14.344 7 WARNING neutron.api.rpc.agentnotifiers.dhcp_rpc_agent_api [None req-dc5a3ae9-d9ce-4211-bb1d-c23410195cf8 ce9764524ea44f19b5c93fd4450a6eca bdbb1849c3c449358b81e3f6ade9c03e - - default default] Unable to schedule network 6ac4460e-7bca-4a28-a8c3-2f77b5f7763c: no agents available; will retry on subsequent port and subnet creation events.
2026-07-09 10:45:14.628 8 WARNING neutron.scheduler.dhcp_agent_scheduler [None req-2ffae27f-7a06-4b4d-8ea4-b71e3d0ae8cf 4243fa508a4e4c4abc24d04ac9c4260f 97700c5526e54c58976c7382eb439935 - - default default] No more DHCP agents
2026-07-09 10:45:14.630 8 WARNING neutron.api.rpc.agentnotifiers.dhcp_rpc_agent_api [None req-2ffae27f-7a06-4b4d-8ea4-b71e3d0ae8cf 4243fa508a4e4c4abc24d04ac9c4260f 97700c5526e54c58976c7382eb439935 - - default default] Unable to schedule network c3f3e576-eda3-4845-9d61-240503d170c3: no agents available; will retry on subsequent port and subnet creation events.
2026-07-09 10:45:14.711 7 INFO neutron.db.ovn_revision_numbers_db [None req-dc5a3ae9-d9ce-4211-bb1d-c23410195cf8 ce9764524ea44f19b5c93fd4450a6eca bdbb1849c3c449358b81e3f6ade9c03e - - default default] Successfully bumped revision number for resource b9926570-e118-4a05-a1b8-ca1cadaf5b69 (type: router_ports) to 1 [pid: 7|app: 0|req: 678/1330] 10.0.0.91 () {34 vars in 782 bytes} [Thu Jul 9 10:45:12 2026] PUT /v2.0/routers/3e9e13f5-240f-4b15-8e48-c80315a6e7e8/add_router_interface => generated 309 bytes in 2052 msecs (HTTP/1.1 200) 4 headers in 157 bytes (1 switches on core 0)
2026-07-09 10:45:14.996 8 INFO neutron.db.ovn_revision_numbers_db [None req-2ffae27f-7a06-4b4d-8ea4-b71e3d0ae8cf 4243fa508a4e4c4abc24d04ac9c4260f 97700c5526e54c58976c7382eb439935 - - default default] Successfully bumped revision number for resource 4fcacb09-f37f-4c2c-ac0e-aec99aa19caf (type: ports) to 1
2026-07-09 10:45:15.052 7 INFO neutron.db.ovn_revision_numbers_db [None req-c8866327-054b-4e5a-8108-422d57985390 4243fa508a4e4c4abc24d04ac9c4260f 97700c5526e54c58976c7382eb439935 - - default default] Successfully bumped revision number for resource 0aa77dd7-22fd-4ee6-9493-5f54ecbb7170 (type: security_groups) to 1
2026-07-09 10:45:15.067 7 INFO neutron.db.ovn_revision_numbers_db [None req-c8866327-054b-4e5a-8108-422d57985390 4243fa508a4e4c4abc24d04ac9c4260f 97700c5526e54c58976c7382eb439935 - - default default] Successfully bumped revision number for resource 10a22c22-9f52-4503-b43b-285fd2595c3d (type: security_group_rules) to 0
2026-07-09 10:45:15.083 7 INFO neutron.db.ovn_revision_numbers_db [None req-c8866327-054b-4e5a-8108-422d57985390 4243fa508a4e4c4abc24d04ac9c4260f 97700c5526e54c58976c7382eb439935 - - default default] Successfully bumped revision number for resource 35e8fd65-812f-40ec-97ef-5b0038428e22 (type: security_group_rules) to 0
2026-07-09 10:45:15.098 7 INFO neutron.db.ovn_revision_numbers_db [None req-c8866327-054b-4e5a-8108-422d57985390 4243fa508a4e4c4abc24d04ac9c4260f 97700c5526e54c58976c7382eb439935 - - default default] Successfully bumped revision number for resource 991b83ac-6c5a-41a6-99c8-cba4f144599b (type: security_group_rules) to 0
2026-07-09 10:45:15.110 7 INFO neutron.db.ovn_revision_numbers_db [None req-c8866327-054b-4e5a-8108-422d57985390 4243fa508a4e4c4abc24d04ac9c4260f 97700c5526e54c58976c7382eb439935 - - default default] Successfully bumped revision number for resource a30bc5ce-ba07-4d95-82b6-8a659fae31a5 (type: security_group_rules) to 0 [pid: 7|app: 0|req: 679/1331] 10.0.0.91 () {32 vars in 773 bytes} [Thu Jul 9 10:45:14 2026] GET /v2.0/security-groups?tenant_id=430bc364edb04883ab488937c8e61f90&name=default => generated 2925 bytes in 429 msecs (HTTP/1.1 200) 4 headers in 158 bytes (1 switches on core 0)
2026-07-09 10:45:15.301 7 INFO neutron.db.ovn_revision_numbers_db [None req-fb3c1321-172c-4580-9d7e-9b345688b989 2cbaa4d04ad849db85ccc32066f59f22 7b3f7f60085a4f248f09a4414383d6ab - - default default] Successfully bumped revision number for resource 3a7ae094-998d-4b0e-8337-1e35742b241d (type: security_group_rules) to 0 [pid: 7|app: 0|req: 680/1332] 10.0.0.91 () {34 vars in 694 bytes} [Thu Jul 9 10:45:15 2026] POST /v2.0/security-group-rules => generated 597 bytes in 185 msecs (HTTP/1.1 201) 4 headers in 162 bytes (1 switches on core 0) [pid: 7|app: 0|req: 681/1333] 10.0.0.91 () {32 vars in 648 bytes} [Thu Jul 9 10:45:15 2026] GET /v2.0/networks => generated 4443 bytes in 68 msecs (HTTP/1.1 200) 4 headers in 158 bytes (1 switches on core 0)
2026-07-09 10:45:15.429 8 INFO neutron.db.ovn_revision_numbers_db [None req-b7e43f8a-5e41-4558-98e5-835cf03091e5 - - - - - -] Successfully bumped revision number for resource b9926570-e118-4a05-a1b8-ca1cadaf5b69 (type: ports) to 2 [pid: 7|app: 0|req: 682/1334] 10.0.0.91 () {32 vars in 739 bytes} [Thu Jul 9 10:45:15 2026] DELETE /v2.0/security-groups/0aa77dd7-22fd-4ee6-9493-5f54ecbb7170 => generated 0 bytes in 266 msecs (HTTP/1.1 204) 2 headers in 112 bytes (1 switches on core 0)
2026-07-09 10:45:15.835 7 INFO neutron.db.ovn_revision_numbers_db [None req-bcc87ad2-71d9-41cb-8f3e-dc8e2468fec3 2cbaa4d04ad849db85ccc32066f59f22 7b3f7f60085a4f248f09a4414383d6ab - - default default] Successfully bumped revision number for resource 00c505af-52d9-482b-bd1b-d0c0814a9dc7 (type: security_group_rules) to 0 [pid: 7|app: 0|req: 683/1335] 10.0.0.91 () {34 vars in 694 bytes} [Thu Jul 9 10:45:15 2026] POST /v2.0/security-group-rules => generated 602 bytes in 207 msecs (HTTP/1.1 201) 4 headers in 162 bytes (1 switches on core 0) [pid: 7|app: 0|req: 684/1336] 10.0.0.91 () {32 vars in 646 bytes} [Thu Jul 9 10:45:15 2026] GET /v2.0/subnets => generated 3337 bytes in 47 msecs (HTTP/1.1 200) 4 headers in 158 bytes (1 switches on core 0)
2026-07-09 10:45:16.034 8 INFO neutron.plugins.ml2.drivers.ovn.mech_driver.ovsdb.commands [None req-8fffeb4f-81ce-47c2-bcf1-e312c71539b7 - - - - - -] Schedule LRP lrp-4fcacb09-f37f-4c2c-ac0e-aec99aa19caf on gateway 84d841d8-ea42-4e82-9c48-7bcef96d3c07 with priority 1
2026-07-09 10:45:16.082 8 INFO neutron.plugins.ml2.drivers.ovn.mech_driver.ovsdb.ovsdb_monitor [None req-c400133a-ab3b-41c3-b8bf-e457f55d7282 - - - - - -] Router 42803015-255f-4f00-874f-b7f9516749c1 is bound to host instance
2026-07-09 10:45:16.198 8 INFO neutron.db.ovn_revision_numbers_db [None req-2ffae27f-7a06-4b4d-8ea4-b71e3d0ae8cf 4243fa508a4e4c4abc24d04ac9c4260f 97700c5526e54c58976c7382eb439935 - - default default] Successfully bumped revision number for resource 4fcacb09-f37f-4c2c-ac0e-aec99aa19caf (type: router_ports) to 1
2026-07-09 10:45:16.295 7 WARNING neutron.scheduler.dhcp_agent_scheduler [None req-875f8415-7a9e-49ce-9c0e-6eb366af62d1 2cbaa4d04ad849db85ccc32066f59f22 7b3f7f60085a4f248f09a4414383d6ab - - default default] No more DHCP agents
2026-07-09 10:45:16.296 7 WARNING neutron.api.rpc.agentnotifiers.dhcp_rpc_agent_api [None req-875f8415-7a9e-49ce-9c0e-6eb366af62d1 2cbaa4d04ad849db85ccc32066f59f22 7b3f7f60085a4f248f09a4414383d6ab - - default default] Unable to schedule network c3f3e576-eda3-4845-9d61-240503d170c3: no agents available; will retry on subsequent port and subnet creation events.
2026-07-09 10:45:16.350 8 INFO neutron.db.ovn_revision_numbers_db [None req-2ffae27f-7a06-4b4d-8ea4-b71e3d0ae8cf 4243fa508a4e4c4abc24d04ac9c4260f 97700c5526e54c58976c7382eb439935 - - default default] Successfully bumped revision number for resource 42803015-255f-4f00-874f-b7f9516749c1 (type: routers) to 2 [pid: 8|app: 0|req: 653/1337] 10.0.0.91 () {34 vars in 668 bytes} [Thu Jul 9 10:45:14 2026] POST /v2.0/routers => generated 968 bytes in 2377 msecs (HTTP/1.1 201) 4 headers in 162 bytes (1 switches on core 0) [pid: 8|app: 0|req: 654/1338] 10.0.0.91 () {32 vars in 646 bytes} [Thu Jul 9 10:45:16 2026] GET /v2.0/routers => generated 2908 bytes in 186 msecs (HTTP/1.1 200) 4 headers in 158 bytes (1 switches on core 0) [pid: 7|app: 0|req: 685/1339] 10.0.0.91 () {34 vars in 675 bytes} [Thu Jul 9 10:45:15 2026] POST /v2.0/floatingips => generated 552 bytes in 753 msecs (HTTP/1.1 201) 4 headers in 162 bytes (1 switches on core 0)
2026-07-09 10:45:16.830 7 INFO neutron.db.ovn_revision_numbers_db [None req-dfe582d9-0d7b-40d6-a3d2-117a56200b2f ce9764524ea44f19b5c93fd4450a6eca bdbb1849c3c449358b81e3f6ade9c03e - - default default] Successfully bumped revision number for resource 11098a3e-2fec-4600-b844-b6d40150d3f7 (type: security_groups) to 1
2026-07-09 10:45:16.854 7 INFO neutron.db.ovn_revision_numbers_db [None req-dfe582d9-0d7b-40d6-a3d2-117a56200b2f ce9764524ea44f19b5c93fd4450a6eca bdbb1849c3c449358b81e3f6ade9c03e - - default default] Successfully bumped revision number for resource 0da1805b-9df6-4a2f-8f95-294d518d091b (type: security_group_rules) to 0
2026-07-09 10:45:16.869 7 INFO neutron.db.ovn_revision_numbers_db [None req-dfe582d9-0d7b-40d6-a3d2-117a56200b2f ce9764524ea44f19b5c93fd4450a6eca bdbb1849c3c449358b81e3f6ade9c03e - - default default] Successfully bumped revision number for resource df9f893c-ea7d-4e57-9b5a-e1d23cccaef3 (type: security_group_rules) to 0 [pid: 7|app: 0|req: 686/1340] 10.0.0.91 () {34 vars in 684 bytes} [Thu Jul 9 10:45:16 2026] POST /v2.0/security-groups => generated 1675 bytes in 233 msecs (HTTP/1.1 201) 4 headers in 163 bytes (1 switches on core 0)
2026-07-09 10:45:17.079 7 INFO neutron.db.ovn_revision_numbers_db [None req-b432bc50-2eb7-439b-a03b-a21d975d9f94 ce9764524ea44f19b5c93fd4450a6eca bdbb1849c3c449358b81e3f6ade9c03e - - default default] Successfully bumped revision number for resource 77a0bfb5-cbe8-47d6-af05-18846b557b24 (type: security_group_rules) to 0 [pid: 7|app: 0|req: 687/1341] 10.0.0.91 () {34 vars in 694 bytes} [Thu Jul 9 10:45:16 2026] POST /v2.0/security-group-rules => generated 597 bytes in 193 msecs (HTTP/1.1 201) 4 headers in 162 bytes (1 switches on core 0)
2026-07-09 10:45:17.305 7 INFO neutron.db.ovn_revision_numbers_db [None req-48124e25-3da7-451e-863e-ea0913b9183d ce9764524ea44f19b5c93fd4450a6eca bdbb1849c3c449358b81e3f6ade9c03e - - default default] Successfully bumped revision number for resource 8901e25e-4bb4-4c85-aded-2a9273e7502a (type: security_group_rules) to 0 [pid: 7|app: 0|req: 688/1342] 10.0.0.91 () {34 vars in 694 bytes} [Thu Jul 9 10:45:17 2026] POST /v2.0/security-group-rules => generated 596 bytes in 235 msecs (HTTP/1.1 201) 4 headers in 162 bytes (1 switches on core 0)
2026-07-09 10:45:17.503 7 INFO neutron.db.ovn_revision_numbers_db [None req-e4438bcd-c4cd-44c7-acdc-241694c0fe3d ce9764524ea44f19b5c93fd4450a6eca bdbb1849c3c449358b81e3f6ade9c03e - - default default] Successfully bumped revision number for resource d89ed19c-2d1e-4285-b1e2-e02406ebeb6f (type: security_group_rules) to 0 [pid: 7|app: 0|req: 691/1345] 10.0.0.91 () {34 vars in 694 bytes} [Thu Jul 9 10:45:17 2026] POST /v2.0/security-group-rules => generated 602 bytes in 175 msecs (HTTP/1.1 201) 4 headers in 162 bytes (1 switches on core 0)
2026-07-09 10:45:17.632 8 WARNING neutron.scheduler.dhcp_agent_scheduler [None req-9351a13a-2030-476e-a5f6-51e41c176749 4243fa508a4e4c4abc24d04ac9c4260f 97700c5526e54c58976c7382eb439935 - - default default] No more DHCP agents
2026-07-09 10:45:17.637 8 WARNING neutron.api.rpc.agentnotifiers.dhcp_rpc_agent_api [None req-9351a13a-2030-476e-a5f6-51e41c176749 4243fa508a4e4c4abc24d04ac9c4260f 97700c5526e54c58976c7382eb439935 - - default default] Unable to schedule network d1dc190b-ed07-4c54-a6f9-6fafa8439167: no agents available; will retry on subsequent port and subnet creation events.
2026-07-09 10:45:17.857 7 WARNING neutron.plugins.ml2.drivers.ovn.mech_driver.ovsdb.ovn_client [None req-ba2692f1-8a16-425f-aa34-3393147be1df - - - - - -] No hosting information found for port 18548847-5ea8-4a58-89a8-94754a9cf33d: RuntimeError: No hosting information found for port 18548847-5ea8-4a58-89a8-94754a9cf33d
2026-07-09 10:45:17.891 8 INFO neutron.db.ovn_revision_numbers_db [None req-770cd64f-9846-4270-a25b-2308b31c1e08 - - - - - -] Successfully bumped revision number for resource 4fcacb09-f37f-4c2c-ac0e-aec99aa19caf (type: ports) to 4
2026-07-09 10:45:17.939 7 INFO neutron.db.ovn_revision_numbers_db [None req-1b41fca7-0d1a-413c-98af-200f94b77f16 4243fa508a4e4c4abc24d04ac9c4260f 97700c5526e54c58976c7382eb439935 - - default default] Successfully bumped revision number for resource a0ceb9fb-7704-4973-8507-5eff955f8d90 (type: security_groups) to 1
2026-07-09 10:45:17.980 7 INFO neutron.db.ovn_revision_numbers_db [None req-1b41fca7-0d1a-413c-98af-200f94b77f16 4243fa508a4e4c4abc24d04ac9c4260f 97700c5526e54c58976c7382eb439935 - - default default] Successfully bumped revision number for resource 02e4d4dc-818b-4180-a7dc-c5f23fc57b97 (type: security_group_rules) to 0
2026-07-09 10:45:18.007 7 INFO neutron.db.ovn_revision_numbers_db [None req-1b41fca7-0d1a-413c-98af-200f94b77f16 4243fa508a4e4c4abc24d04ac9c4260f 97700c5526e54c58976c7382eb439935 - - default default] Successfully bumped revision number for resource 1bb207fd-9b4e-466f-9954-e321f131e9cd (type: security_group_rules) to 0
2026-07-09 10:45:18.037 7 INFO neutron.db.ovn_revision_numbers_db [None req-1b41fca7-0d1a-413c-98af-200f94b77f16 4243fa508a4e4c4abc24d04ac9c4260f 97700c5526e54c58976c7382eb439935 - - default default] Successfully bumped revision number for resource 58dc0892-0e37-4451-91fa-e9403a7cd506 (type: security_group_rules) to 0
2026-07-09 10:45:18.066 8 INFO neutron.db.ovn_revision_numbers_db [None req-9351a13a-2030-476e-a5f6-51e41c176749 4243fa508a4e4c4abc24d04ac9c4260f 97700c5526e54c58976c7382eb439935 - - default default] Successfully bumped revision number for resource af3d8482-7f22-4fd0-8bf6-6142eeafa5fa (type: ports) to 1
2026-07-09 10:45:18.071 7 INFO neutron.db.ovn_revision_numbers_db [None req-1b41fca7-0d1a-413c-98af-200f94b77f16 4243fa508a4e4c4abc24d04ac9c4260f 97700c5526e54c58976c7382eb439935 - - default default] Successfully bumped revision number for resource e20a2937-7c49-4434-a75a-ba776eca6602 (type: security_group_rules) to 0
2026-07-09 10:45:18.088 7 INFO neutron.db.ovn_revision_numbers_db [None req-ba2692f1-8a16-425f-aa34-3393147be1df - - - - - -] Successfully bumped revision number for resource 18548847-5ea8-4a58-89a8-94754a9cf33d (type: router_ports) to 2
2026-07-09 10:45:18.088 7 INFO neutron.plugins.ml2.drivers.ovn.mech_driver.mech_driver [None req-ba2692f1-8a16-425f-aa34-3393147be1df - - - - - -] OVN reports status down for port: 4fcacb09-f37f-4c2c-ac0e-aec99aa19caf
2026-07-09 10:45:18.186 7 WARNING neutron.plugins.ml2.drivers.ovn.mech_driver.ovsdb.ovn_client [None req-ba2692f1-8a16-425f-aa34-3393147be1df - - - - - -] Logical_Switch_Port 4fcacb09-f37f-4c2c-ac0e-aec99aa19caf host information not removed, the port state is up
2026-07-09 10:45:18.188 7 INFO neutron.plugins.ml2.drivers.ovn.mech_driver.mech_driver [None req-ba2692f1-8a16-425f-aa34-3393147be1df - - - - - -] OVN reports status up for port: 4fcacb09-f37f-4c2c-ac0e-aec99aa19caf
2026-07-09 10:45:18.192 7 INFO neutron.db.segments_db [None req-1b41fca7-0d1a-413c-98af-200f94b77f16 4243fa508a4e4c4abc24d04ac9c4260f 97700c5526e54c58976c7382eb439935 - - default default] Added segment 4f08804e-6fe6-47b8-a91d-e953c88294b1 of type geneve for network fef89811-eec2-4276-ab61-24e940f1c8fa
2026-07-09 10:45:18.253 7 INFO neutron.plugins.ml2.plugin [None req-ba2692f1-8a16-425f-aa34-3393147be1df - - - - - -] Attempt 1 to provision port 4fcacb09-f37f-4c2c-ac0e-aec99aa19caf
2026-07-09 10:45:18.384 7 INFO neutron.db.ovn_revision_numbers_db [None req-1b41fca7-0d1a-413c-98af-200f94b77f16 4243fa508a4e4c4abc24d04ac9c4260f 97700c5526e54c58976c7382eb439935 - - default default] Successfully bumped revision number for resource fef89811-eec2-4276-ab61-24e940f1c8fa (type: networks) to 1
2026-07-09 10:45:18.427 7 INFO neutron.plugins.ml2.drivers.ovn.mech_driver.mech_driver [None req-ba2692f1-8a16-425f-aa34-3393147be1df - - - - - -] OVN reports status down for port: af3d8482-7f22-4fd0-8bf6-6142eeafa5fa
2026-07-09 10:45:18.653 7 WARNING neutron.scheduler.dhcp_agent_scheduler [None req-1b41fca7-0d1a-413c-98af-200f94b77f16 4243fa508a4e4c4abc24d04ac9c4260f 97700c5526e54c58976c7382eb439935 - - default default] No more DHCP agents
2026-07-09 10:45:18.655 7 WARNING neutron.api.rpc.agentnotifiers.dhcp_rpc_agent_api [None req-1b41fca7-0d1a-413c-98af-200f94b77f16 4243fa508a4e4c4abc24d04ac9c4260f 97700c5526e54c58976c7382eb439935 - - default default] Unable to schedule network fef89811-eec2-4276-ab61-24e940f1c8fa: no agents available; will retry on subsequent port and subnet creation events.
2026-07-09 10:45:18.690 8 INFO neutron.db.ovn_revision_numbers_db [None req-770cd64f-9846-4270-a25b-2308b31c1e08 - - - - - -] Successfully bumped revision number for resource 4fcacb09-f37f-4c2c-ac0e-aec99aa19caf (type: ports) to 5
2026-07-09 10:45:18.747 7 INFO neutron.db.ovn_revision_numbers_db [None req-1b41fca7-0d1a-413c-98af-200f94b77f16 4243fa508a4e4c4abc24d04ac9c4260f 97700c5526e54c58976c7382eb439935 - - default default] Successfully bumped revision number for resource f0a9c205-cd98-45af-9e81-4a2c0fc9f153 (type: ports) to 1 [pid: 7|app: 0|req: 692/1346] 10.0.0.91 () {34 vars in 670 bytes} [Thu Jul 9 10:45:17 2026] POST /v2.0/networks => generated 743 bytes in 1238 msecs (HTTP/1.1 201) 4 headers in 162 bytes (1 switches on core 0)
2026-07-09 10:45:18.949 7 INFO neutron.db.ovn_revision_numbers_db [None req-d9eb08c4-627c-47d4-8670-37b85664d647 ce9764524ea44f19b5c93fd4450a6eca bdbb1849c3c449358b81e3f6ade9c03e - - default default] Successfully bumped revision number for resource 23761559-90be-481e-a9dd-60a5f29cedd7 (type: security_group_rules) to 0 [pid: 7|app: 0|req: 693/1347] 10.0.0.91 () {34 vars in 694 bytes} [Thu Jul 9 10:45:18 2026] POST /v2.0/security-group-rules => generated 601 bytes in 209 msecs (HTTP/1.1 201) 4 headers in 162 bytes (1 switches on core 0)
2026-07-09 10:45:19.096 7 WARNING neutron.scheduler.dhcp_agent_scheduler [None req-84c1df3a-ffd8-4ce8-a41c-ab11149642b6 4243fa508a4e4c4abc24d04ac9c4260f 97700c5526e54c58976c7382eb439935 - - default default] No more DHCP agents
2026-07-09 10:45:19.097 7 WARNING neutron.api.rpc.agentnotifiers.dhcp_rpc_agent_api [None req-84c1df3a-ffd8-4ce8-a41c-ab11149642b6 4243fa508a4e4c4abc24d04ac9c4260f 97700c5526e54c58976c7382eb439935 - - default default] Unable to schedule network fef89811-eec2-4276-ab61-24e940f1c8fa: no agents available; will retry on subsequent port and subnet creation events.
2026-07-09 10:45:19.632 7 INFO neutron.db.ovn_revision_numbers_db [None req-781a1d3b-450f-4dc0-836c-1192c190ee95 - - - - - -] Successfully bumped revision number for resource f0a9c205-cd98-45af-9e81-4a2c0fc9f153 (type: ports) to 2
2026-07-09 10:45:19.659 7 INFO neutron.db.ovn_revision_numbers_db [None req-781a1d3b-450f-4dc0-836c-1192c190ee95 - - - - - -] Successfully bumped revision number for resource 563a00a7-4331-4044-a241-4da78df7a0ee (type: subnets) to 0 [pid: 7|app: 0|req: 694/1348] 10.0.0.91 () {34 vars in 668 bytes} [Thu Jul 9 10:45:18 2026] POST /v2.0/subnets => generated 687 bytes in 698 msecs (HTTP/1.1 201) 4 headers in 162 bytes (1 switches on core 0)
2026-07-09 10:45:19.732 7 INFO neutron.db.securitygroups_db [None req-2e112654-4162-4415-bbde-2367681c6532 ce9764524ea44f19b5c93fd4450a6eca bdbb1849c3c449358b81e3f6ade9c03e - - default default] Project bdbb1849c3c449358b81e3f6ade9c03e added a security group rule with legacy IPv6 ICMP protocol name icmp, ipv6-icmp should be used instead. It was automatically converted.
2026-07-09 10:45:19.886 7 INFO neutron.db.ovn_revision_numbers_db [None req-2e112654-4162-4415-bbde-2367681c6532 ce9764524ea44f19b5c93fd4450a6eca bdbb1849c3c449358b81e3f6ade9c03e - - default default] Successfully bumped revision number for resource 74a86bbc-a206-4e1b-a389-f9bc51c5c4cc (type: security_group_rules) to 0
2026-07-09 10:45:19.891 7 INFO neutron.plugins.ml2.drivers.ovn.mech_driver.mech_driver [None req-ba2692f1-8a16-425f-aa34-3393147be1df - - - - - -] OVN reports status up for port: af3d8482-7f22-4fd0-8bf6-6142eeafa5fa
2026-07-09 10:45:19.916 7 INFO neutron.plugins.ml2.plugin [None req-ba2692f1-8a16-425f-aa34-3393147be1df - - - - - -] Attempt 1 to provision port af3d8482-7f22-4fd0-8bf6-6142eeafa5fa
2026-07-09 10:45:19.924 8 INFO neutron.plugins.ml2.plugin [None req-9351a13a-2030-476e-a5f6-51e41c176749 4243fa508a4e4c4abc24d04ac9c4260f 97700c5526e54c58976c7382eb439935 - - default default] Attempt 1 to provision port af3d8482-7f22-4fd0-8bf6-6142eeafa5fa [pid: 7|app: 0|req: 695/1349] 10.0.0.91 () {34 vars in 694 bytes} [Thu Jul 9 10:45:19 2026] POST /v2.0/security-group-rules => generated 607 bytes in 289 msecs (HTTP/1.1 201) 4 headers in 162 bytes (1 switches on core 0)
2026-07-09 10:45:20.003 8 WARNING neutron.scheduler.dhcp_agent_scheduler [None req-9351a13a-2030-476e-a5f6-51e41c176749 4243fa508a4e4c4abc24d04ac9c4260f 97700c5526e54c58976c7382eb439935 - - default default] No more DHCP agents
2026-07-09 10:45:20.004 8 WARNING neutron.api.rpc.agentnotifiers.dhcp_rpc_agent_api [None req-9351a13a-2030-476e-a5f6-51e41c176749 4243fa508a4e4c4abc24d04ac9c4260f 97700c5526e54c58976c7382eb439935 - - default default] Unable to schedule network d1dc190b-ed07-4c54-a6f9-6fafa8439167: no agents available; will retry on subsequent port and subnet creation events. [pid: 7|app: 0|req: 696/1350] 10.0.0.90 () {34 vars in 1097 bytes} [Thu Jul 9 10:45:19 2026] GET /v2.0/security-groups?name=tempest-securitygroup--502654986&fields=id&tenant_id=7b3f7f60085a4f248f09a4414383d6ab => generated 69 bytes in 72 msecs (HTTP/1.1 200) 4 headers in 156 bytes (1 switches on core 0)
2026-07-09 10:45:20.477 8 INFO neutron.db.ovn_revision_numbers_db [None req-9351a13a-2030-476e-a5f6-51e41c176749 4243fa508a4e4c4abc24d04ac9c4260f 97700c5526e54c58976c7382eb439935 - - default default] Successfully bumped revision number for resource af3d8482-7f22-4fd0-8bf6-6142eeafa5fa (type: router_ports) to 1 [pid: 8|app: 0|req: 655/1351] 10.0.0.91 () {34 vars in 782 bytes} [Thu Jul 9 10:45:16 2026] PUT /v2.0/routers/42803015-255f-4f00-874f-b7f9516749c1/add_router_interface => generated 309 bytes in 3896 msecs (HTTP/1.1 200) 4 headers in 157 bytes (1 switches on core 0)
2026-07-09 10:45:20.535 8 INFO neutron.db.securitygroups_db [None req-3884a7ac-f590-4457-b629-32550395b51f ce9764524ea44f19b5c93fd4450a6eca bdbb1849c3c449358b81e3f6ade9c03e - - default default] Project bdbb1849c3c449358b81e3f6ade9c03e added a security group rule with legacy IPv6 ICMP protocol name icmp, ipv6-icmp should be used instead. It was automatically converted.
2026-07-09 10:45:20.675 8 INFO neutron.db.ovn_revision_numbers_db [None req-3884a7ac-f590-4457-b629-32550395b51f ce9764524ea44f19b5c93fd4450a6eca bdbb1849c3c449358b81e3f6ade9c03e - - default default] Successfully bumped revision number for resource c83f3c69-ac1f-42eb-9f5c-18065a392ee5 (type: security_group_rules) to 0 [pid: 8|app: 0|req: 656/1352] 10.0.0.91 () {34 vars in 694 bytes} [Thu Jul 9 10:45:20 2026] POST /v2.0/security-group-rules => generated 606 bytes in 238 msecs (HTTP/1.1 201) 4 headers in 162 bytes (1 switches on core 0)
2026-07-09 10:45:20.806 8 WARNING neutron.plugins.ml2.drivers.ovn.mech_driver.ovsdb.ovn_client [None req-3530e261-e73e-4293-a683-39a6778153bf - - - - - -] No hosting information found for port b9926570-e118-4a05-a1b8-ca1cadaf5b69: RuntimeError: No hosting information found for port b9926570-e118-4a05-a1b8-ca1cadaf5b69 [pid: 8|app: 0|req: 657/1353] 10.0.0.90 () {34 vars in 981 bytes} [Thu Jul 9 10:45:20 2026] GET /v2.0/networks?id=5111c367-6f90-4ea4-8957-d90014e1d1ba => generated 679 bytes in 89 msecs (HTTP/1.1 200) 4 headers in 157 bytes (1 switches on core 0) [pid: 8|app: 0|req: 658/1354] 10.0.0.90 () {34 vars in 964 bytes} [Thu Jul 9 10:45:20 2026] GET /v2.0/quotas/7b3f7f60085a4f248f09a4414383d6ab => generated 292 bytes in 50 msecs (HTTP/1.1 200) 4 headers in 157 bytes (1 switches on core 0)
2026-07-09 10:45:20.957 7 WARNING neutron.scheduler.dhcp_agent_scheduler [None req-601b5159-0057-4a0c-83ed-f0b9bb48d3de 4243fa508a4e4c4abc24d04ac9c4260f 97700c5526e54c58976c7382eb439935 - - default default] No more DHCP agents
2026-07-09 10:45:20.960 7 WARNING neutron.api.rpc.agentnotifiers.dhcp_rpc_agent_api [None req-601b5159-0057-4a0c-83ed-f0b9bb48d3de 4243fa508a4e4c4abc24d04ac9c4260f 97700c5526e54c58976c7382eb439935 - - default default] Unable to schedule network c3f3e576-eda3-4845-9d61-240503d170c3: no agents available; will retry on subsequent port and subnet creation events.
2026-07-09 10:45:21.023 8 INFO neutron.db.ovn_revision_numbers_db [None req-3530e261-e73e-4293-a683-39a6778153bf - - - - - -] Successfully bumped revision number for resource b9926570-e118-4a05-a1b8-ca1cadaf5b69 (type: router_ports) to 2 [pid: 8|app: 0|req: 659/1355] 10.0.0.90 () {34 vars in 1001 bytes} [Thu Jul 9 10:45:20 2026] GET /v2.0/ports?tenant_id=7b3f7f60085a4f248f09a4414383d6ab&fields=id => generated 103 bytes in 167 msecs (HTTP/1.1 200) 4 headers in 157 bytes (1 switches on core 0)
2026-07-09 10:45:21.070 7 INFO neutron.db.ovn_revision_numbers_db [None req-ba2692f1-8a16-425f-aa34-3393147be1df - - - - - -] Successfully bumped revision number for resource af3d8482-7f22-4fd0-8bf6-6142eeafa5fa (type: ports) to 2
2026-07-09 10:45:21.109 8 INFO neutron.plugins.ml2.drivers.ovn.mech_driver.mech_driver [None req-3530e261-e73e-4293-a683-39a6778153bf - - - - - -] OVN reports status down for port: f0a9c205-cd98-45af-9e81-4a2c0fc9f153
2026-07-09 10:45:21.254 7 INFO neutron.db.ovn_revision_numbers_db [None req-601b5159-0057-4a0c-83ed-f0b9bb48d3de 4243fa508a4e4c4abc24d04ac9c4260f 97700c5526e54c58976c7382eb439935 - - default default] Successfully bumped revision number for resource 3e6c528b-9a46-4635-a1e7-b4ac4ccd3a25 (type: ports) to 1
2026-07-09 10:45:21.275 8 INFO neutron.db.ovn_revision_numbers_db [None req-de72e7d7-81d5-4aef-9f83-67aba1e67258 3b344c8b08b444e29e494f5144af591b 506d3ea4a2b84ecab8d9fcf59d5fd95e - - default default] Successfully bumped revision number for resource 439e7c14-cad7-4ce6-ba12-6413475af8c6 (type: security_groups) to 1
2026-07-09 10:45:21.288 8 INFO neutron.db.ovn_revision_numbers_db [None req-de72e7d7-81d5-4aef-9f83-67aba1e67258 3b344c8b08b444e29e494f5144af591b 506d3ea4a2b84ecab8d9fcf59d5fd95e - - default default] Successfully bumped revision number for resource 7a16c9fb-7180-4f7d-8359-9d59ed193244 (type: security_group_rules) to 0
2026-07-09 10:45:21.307 8 INFO neutron.db.ovn_revision_numbers_db [None req-de72e7d7-81d5-4aef-9f83-67aba1e67258 3b344c8b08b444e29e494f5144af591b 506d3ea4a2b84ecab8d9fcf59d5fd95e - - default default] Successfully bumped revision number for resource 95e9c68f-b9a3-484c-95f1-3f34b22c218e (type: security_group_rules) to 0 [pid: 8|app: 0|req: 660/1356] 10.0.0.91 () {34 vars in 684 bytes} [Thu Jul 9 10:45:21 2026] POST /v2.0/security-groups => generated 1659 bytes in 293 msecs (HTTP/1.1 201) 4 headers in 163 bytes (1 switches on core 0) [pid: 8|app: 0|req: 661/1357] 10.0.0.90 () {34 vars in 1007 bytes} [Thu Jul 9 10:45:21 2026] GET /v2.0/networks/5111c367-6f90-4ea4-8957-d90014e1d1ba?fields=segments => generated 14 bytes in 35 msecs (HTTP/1.1 200) 4 headers in 156 bytes (1 switches on core 0) [pid: 8|app: 0|req: 662/1358] 10.0.0.91 () {32 vars in 648 bytes} [Thu Jul 9 10:45:21 2026] GET /v2.0/networks => generated 1297 bytes in 97 msecs (HTTP/1.1 200) 4 headers in 158 bytes (1 switches on core 0)
2026-07-09 10:45:21.624 8 INFO neutron.db.ovn_revision_numbers_db [None req-48a75c2e-b8f5-42ae-8b45-b1321ed8ccd2 3b344c8b08b444e29e494f5144af591b 506d3ea4a2b84ecab8d9fcf59d5fd95e - - default default] Successfully bumped revision number for resource 8a0bdebe-0d0b-4c0d-9892-cdac4861977b (type: security_group_rules) to 0 [pid: 8|app: 0|req: 663/1359] 10.0.0.91 () {34 vars in 694 bytes} [Thu Jul 9 10:45:21 2026] POST /v2.0/security-group-rules => generated 597 bytes in 191 msecs (HTTP/1.1 201) 4 headers in 162 bytes (1 switches on core 0) [pid: 8|app: 0|req: 664/1360] 10.0.0.90 () {34 vars in 1107 bytes} [Thu Jul 9 10:45:21 2026] GET /v2.0/networks/5111c367-6f90-4ea4-8957-d90014e1d1ba?fields=provider%3Aphysical_network&fields=provider%3Anetwork_type => generated 79 bytes in 44 msecs (HTTP/1.1 200) 4 headers in 156 bytes (1 switches on core 0) [pid: 8|app: 0|req: 665/1361] 10.0.0.90 () {34 vars in 1099 bytes} [Thu Jul 9 10:45:21 2026] GET /v2.0/security-groups?name=tempest-secgroup-smoke-1672764129&fields=id&tenant_id=bdbb1849c3c449358b81e3f6ade9c03e => generated 69 bytes in 35 msecs (HTTP/1.1 200) 4 headers in 156 bytes (1 switches on core 0)
2026-07-09 10:45:21.915 8 INFO neutron.db.ovn_revision_numbers_db [None req-d5977238-8d05-4447-806a-40504a7ab625 3b344c8b08b444e29e494f5144af591b 506d3ea4a2b84ecab8d9fcf59d5fd95e - - default default] Successfully bumped revision number for resource 6504cea9-9ee5-485a-8eaa-47e6cfff6ec4 (type: security_group_rules) to 0 [pid: 8|app: 0|req: 666/1362] 10.0.0.91 () {34 vars in 694 bytes} [Thu Jul 9 10:45:21 2026] POST /v2.0/security-group-rules => generated 602 bytes in 202 msecs (HTTP/1.1 201) 4 headers in 162 bytes (1 switches on core 0)
2026-07-09 10:45:21.973 7 INFO neutron.plugins.ml2.drivers.ovn.mech_driver.ovsdb.commands [None req-e990982e-04c7-4455-bdb4-02aa7361e172 - - - - - -] Schedule LRP lrp-3e6c528b-9a46-4635-a1e7-b4ac4ccd3a25 on gateway 84d841d8-ea42-4e82-9c48-7bcef96d3c07 with priority 1
2026-07-09 10:45:22.046 7 INFO neutron.plugins.ml2.drivers.ovn.mech_driver.ovsdb.ovsdb_monitor [None req-12f355cd-cfd6-44bd-9a56-20c3fb7cdc1a - - - - - -] Router d826c970-4266-405e-9d04-48355556bd5f is bound to host instance [pid: 8|app: 0|req: 667/1363] 10.0.0.90 () {34 vars in 981 bytes} [Thu Jul 9 10:45:21 2026] GET /v2.0/networks?id=6ac4460e-7bca-4a28-a8c3-2f77b5f7763c => generated 660 bytes in 110 msecs (HTTP/1.1 200) 4 headers in 157 bytes (1 switches on core 0)
2026-07-09 10:45:22.125 7 INFO neutron.db.ovn_revision_numbers_db [None req-601b5159-0057-4a0c-83ed-f0b9bb48d3de 4243fa508a4e4c4abc24d04ac9c4260f 97700c5526e54c58976c7382eb439935 - - default default] Successfully bumped revision number for resource 3e6c528b-9a46-4635-a1e7-b4ac4ccd3a25 (type: router_ports) to 1
2026-07-09 10:45:22.261 7 INFO neutron.db.ovn_revision_numbers_db [None req-601b5159-0057-4a0c-83ed-f0b9bb48d3de 4243fa508a4e4c4abc24d04ac9c4260f 97700c5526e54c58976c7382eb439935 - - default default] Successfully bumped revision number for resource d826c970-4266-405e-9d04-48355556bd5f (type: routers) to 2 [pid: 7|app: 0|req: 697/1364] 10.0.0.91 () {34 vars in 668 bytes} [Thu Jul 9 10:45:20 2026] POST /v2.0/routers => generated 965 bytes in 2256 msecs (HTTP/1.1 201) 4 headers in 162 bytes (1 switches on core 0) [pid: 7|app: 0|req: 698/1365] 10.0.0.90 () {34 vars in 989 bytes} [Thu Jul 9 10:45:22 2026] GET /v2.0/ports?device_id=a029646b-ca51-417c-800f-4da741e11e58 => generated 12 bytes in 42 msecs (HTTP/1.1 200) 4 headers in 156 bytes (1 switches on core 0)
2026-07-09 10:45:22.353 8 WARNING neutron.scheduler.dhcp_agent_scheduler [None req-47da9a7c-6cef-4ec3-b053-98784985cf72 3b344c8b08b444e29e494f5144af591b 506d3ea4a2b84ecab8d9fcf59d5fd95e - - default default] No more DHCP agents
2026-07-09 10:45:22.355 8 WARNING neutron.api.rpc.agentnotifiers.dhcp_rpc_agent_api [None req-47da9a7c-6cef-4ec3-b053-98784985cf72 3b344c8b08b444e29e494f5144af591b 506d3ea4a2b84ecab8d9fcf59d5fd95e - - default default] Unable to schedule network c3f3e576-eda3-4845-9d61-240503d170c3: no agents available; will retry on subsequent port and subnet creation events. [pid: 7|app: 0|req: 699/1366] 10.0.0.90 () {34 vars in 964 bytes} [Thu Jul 9 10:45:22 2026] GET /v2.0/quotas/bdbb1849c3c449358b81e3f6ade9c03e => generated 292 bytes in 23 msecs (HTTP/1.1 200) 4 headers in 157 bytes (1 switches on core 0) [pid: 8|app: 0|req: 668/1367] 10.0.0.91 () {34 vars in 675 bytes} [Thu Jul 9 10:45:22 2026] POST /v2.0/floatingips => generated 552 bytes in 669 msecs (HTTP/1.1 201) 4 headers in 162 bytes (1 switches on core 0) [pid: 8|app: 0|req: 669/1368] 10.0.0.90 () {34 vars in 1001 bytes} [Thu Jul 9 10:45:22 2026] GET /v2.0/ports?tenant_id=bdbb1849c3c449358b81e3f6ade9c03e&fields=id => generated 103 bytes in 131 msecs (HTTP/1.1 200) 4 headers in 157 bytes (1 switches on core 0) [pid: 8|app: 0|req: 670/1369] 10.0.0.90 () {34 vars in 1007 bytes} [Thu Jul 9 10:45:22 2026] GET /v2.0/networks/6ac4460e-7bca-4a28-a8c3-2f77b5f7763c?fields=segments => generated 14 bytes in 60 msecs (HTTP/1.1 200) 4 headers in 156 bytes (1 switches on core 0) [pid: 8|app: 0|req: 671/1370] 10.0.0.90 () {34 vars in 1107 bytes} [Thu Jul 9 10:45:22 2026] GET /v2.0/networks/6ac4460e-7bca-4a28-a8c3-2f77b5f7763c?fields=provider%3Aphysical_network&fields=provider%3Anetwork_type => generated 79 bytes in 93 msecs (HTTP/1.1 200) 4 headers in 156 bytes (1 switches on core 0) [pid: 8|app: 0|req: 672/1371] 10.0.0.90 () {34 vars in 989 bytes} [Thu Jul 9 10:45:23 2026] GET /v2.0/ports?device_id=04840815-5d7b-4096-a1e6-9ace7c43187d => generated 12 bytes in 23 msecs (HTTP/1.1 200) 4 headers in 156 bytes (1 switches on core 0) [pid: 8|app: 0|req: 673/1372] 10.0.0.90 () {34 vars in 1097 bytes} [Thu Jul 9 10:45:23 2026] GET /v2.0/security-groups?name=tempest-securitygroup--253579183&fields=id&tenant_id=506d3ea4a2b84ecab8d9fcf59d5fd95e => generated 69 bytes in 31 msecs (HTTP/1.1 200) 4 headers in 156 bytes (1 switches on core 0) [pid: 8|app: 0|req: 674/1373] 10.0.0.90 () {34 vars in 981 bytes} [Thu Jul 9 10:45:23 2026] GET /v2.0/networks?id=d1dc190b-ed07-4c54-a6f9-6fafa8439167 => generated 675 bytes in 49 msecs (HTTP/1.1 200) 4 headers in 157 bytes (1 switches on core 0) [pid: 8|app: 0|req: 675/1374] 10.0.0.90 () {34 vars in 964 bytes} [Thu Jul 9 10:45:23 2026] GET /v2.0/quotas/506d3ea4a2b84ecab8d9fcf59d5fd95e => generated 292 bytes in 14 msecs (HTTP/1.1 200) 4 headers in 157 bytes (1 switches on core 0)
2026-07-09 10:45:23.345 7 WARNING neutron.scheduler.dhcp_agent_scheduler [None req-cbdbadec-d055-4bda-91c8-efc181f3c0f1 4243fa508a4e4c4abc24d04ac9c4260f 97700c5526e54c58976c7382eb439935 - - default default] No more DHCP agents
2026-07-09 10:45:23.348 7 WARNING neutron.api.rpc.agentnotifiers.dhcp_rpc_agent_api [None req-cbdbadec-d055-4bda-91c8-efc181f3c0f1 4243fa508a4e4c4abc24d04ac9c4260f 97700c5526e54c58976c7382eb439935 - - default default] Unable to schedule network fef89811-eec2-4276-ab61-24e940f1c8fa: no agents available; will retry on subsequent port and subnet creation events. [pid: 8|app: 0|req: 676/1375] 10.0.0.90 () {34 vars in 1001 bytes} [Thu Jul 9 10:45:23 2026] GET /v2.0/ports?tenant_id=506d3ea4a2b84ecab8d9fcf59d5fd95e&fields=id => generated 103 bytes in 84 msecs (HTTP/1.1 200) 4 headers in 157 bytes (1 switches on core 0) [pid: 8|app: 0|req: 677/1376] 10.0.0.90 () {34 vars in 989 bytes} [Thu Jul 9 10:45:23 2026] GET /v2.0/ports?device_id=a029646b-ca51-417c-800f-4da741e11e58 => generated 12 bytes in 19 msecs (HTTP/1.1 200) 4 headers in 156 bytes (1 switches on core 0) [pid: 8|app: 0|req: 678/1377] 10.0.0.90 () {34 vars in 1007 bytes} [Thu Jul 9 10:45:23 2026] GET /v2.0/networks/d1dc190b-ed07-4c54-a6f9-6fafa8439167?fields=segments => generated 14 bytes in 45 msecs (HTTP/1.1 200) 4 headers in 156 bytes (1 switches on core 0) [pid: 8|app: 0|req: 679/1378] 10.0.0.90 () {34 vars in 1107 bytes} [Thu Jul 9 10:45:23 2026] GET /v2.0/networks/d1dc190b-ed07-4c54-a6f9-6fafa8439167?fields=provider%3Aphysical_network&fields=provider%3Anetwork_type => generated 79 bytes in 68 msecs (HTTP/1.1 200) 4 headers in 156 bytes (1 switches on core 0)
2026-07-09 10:45:23.562 8 INFO neutron.plugins.ml2.drivers.ovn.mech_driver.mech_driver [None req-3530e261-e73e-4293-a683-39a6778153bf - - - - - -] OVN reports status down for port: 92c80825-aaf0-4797-ae54-b6183a0385f7
2026-07-09 10:45:23.622 7 INFO neutron.db.ovn_revision_numbers_db [None req-cbdbadec-d055-4bda-91c8-efc181f3c0f1 4243fa508a4e4c4abc24d04ac9c4260f 97700c5526e54c58976c7382eb439935 - - default default] Successfully bumped revision number for resource 92c80825-aaf0-4797-ae54-b6183a0385f7 (type: ports) to 1 [pid: 8|app: 0|req: 680/1379] 10.0.0.90 () {34 vars in 989 bytes} [Thu Jul 9 10:45:23 2026] GET /v2.0/ports?device_id=05b29f8d-8791-45ec-99d8-5a04457eab11 => generated 12 bytes in 23 msecs (HTTP/1.1 200) 4 headers in 156 bytes (1 switches on core 0)
2026-07-09 10:45:23.870 7 INFO neutron.db.ovn_revision_numbers_db [None req-3cdc6ab0-bfff-4c33-9b47-12f9b3084938 - - - - - -] Successfully bumped revision number for resource 3e6c528b-9a46-4635-a1e7-b4ac4ccd3a25 (type: ports) to 4 [pid: 8|app: 0|req: 681/1380] 10.0.0.90 () {34 vars in 989 bytes} [Thu Jul 9 10:45:24 2026] GET /v2.0/ports?device_id=04840815-5d7b-4096-a1e6-9ace7c43187d => generated 12 bytes in 25 msecs (HTTP/1.1 200) 4 headers in 156 bytes (1 switches on core 0) [pid: 8|app: 0|req: 682/1381] 10.0.0.90 () {34 vars in 989 bytes} [Thu Jul 9 10:45:24 2026] GET /v2.0/ports?device_id=a029646b-ca51-417c-800f-4da741e11e58 => generated 12 bytes in 18 msecs (HTTP/1.1 200) 4 headers in 156 bytes (1 switches on core 0)
2026-07-09 10:45:24.629 7 INFO neutron.db.ovn_revision_numbers_db [None req-3cdc6ab0-bfff-4c33-9b47-12f9b3084938 - - - - - -] Successfully bumped revision number for resource 3e6c528b-9a46-4635-a1e7-b4ac4ccd3a25 (type: ports) to 5 [pid: 8|app: 0|req: 683/1382] 10.0.0.90 () {34 vars in 989 bytes} [Thu Jul 9 10:45:24 2026] GET /v2.0/ports?device_id=05b29f8d-8791-45ec-99d8-5a04457eab11 => generated 12 bytes in 27 msecs (HTTP/1.1 200) 4 headers in 156 bytes (1 switches on core 0)
2026-07-09 10:45:24.891 8 INFO neutron.plugins.ml2.drivers.ovn.mech_driver.mech_driver [None req-3530e261-e73e-4293-a683-39a6778153bf - - - - - -] OVN reports status up for port: 92c80825-aaf0-4797-ae54-b6183a0385f7
2026-07-09 10:45:24.907 8 INFO neutron.plugins.ml2.plugin [None req-3530e261-e73e-4293-a683-39a6778153bf - - - - - -] Attempt 1 to provision port 92c80825-aaf0-4797-ae54-b6183a0385f7
2026-07-09 10:45:24.975 7 WARNING neutron.scheduler.dhcp_agent_scheduler [None req-cbdbadec-d055-4bda-91c8-efc181f3c0f1 4243fa508a4e4c4abc24d04ac9c4260f 97700c5526e54c58976c7382eb439935 - - default default] No more DHCP agents
2026-07-09 10:45:24.978 7 WARNING neutron.api.rpc.agentnotifiers.dhcp_rpc_agent_api [None req-cbdbadec-d055-4bda-91c8-efc181f3c0f1 4243fa508a4e4c4abc24d04ac9c4260f 97700c5526e54c58976c7382eb439935 - - default default] Unable to schedule network fef89811-eec2-4276-ab61-24e940f1c8fa: no agents available; will retry on subsequent port and subnet creation events.
2026-07-09 10:45:25.261 8 INFO neutron.db.ovn_revision_numbers_db [None req-3530e261-e73e-4293-a683-39a6778153bf - - - - - -] Successfully bumped revision number for resource 92c80825-aaf0-4797-ae54-b6183a0385f7 (type: ports) to 2 [pid: 8|app: 0|req: 684/1383] 10.0.0.90 () {34 vars in 989 bytes} [Thu Jul 9 10:45:25 2026] GET /v2.0/ports?device_id=04840815-5d7b-4096-a1e6-9ace7c43187d => generated 12 bytes in 23 msecs (HTTP/1.1 200) 4 headers in 156 bytes (1 switches on core 0)
2026-07-09 10:45:25.450 7 INFO neutron.db.ovn_revision_numbers_db [None req-cbdbadec-d055-4bda-91c8-efc181f3c0f1 4243fa508a4e4c4abc24d04ac9c4260f 97700c5526e54c58976c7382eb439935 - - default default] Successfully bumped revision number for resource 92c80825-aaf0-4797-ae54-b6183a0385f7 (type: router_ports) to 1 [pid: 7|app: 0|req: 700/1384] 10.0.0.91 () {34 vars in 782 bytes} [Thu Jul 9 10:45:22 2026] PUT /v2.0/routers/d826c970-4266-405e-9d04-48355556bd5f/add_router_interface => generated 309 bytes in 3089 msecs (HTTP/1.1 200) 4 headers in 157 bytes (1 switches on core 0) [pid: 8|app: 0|req: 685/1385] 10.0.0.90 () {34 vars in 989 bytes} [Thu Jul 9 10:45:25 2026] GET /v2.0/ports?device_id=a029646b-ca51-417c-800f-4da741e11e58 => generated 12 bytes in 22 msecs (HTTP/1.1 200) 4 headers in 156 bytes (1 switches on core 0) [pid: 7|app: 0|req: 701/1386] 10.0.0.90 () {34 vars in 989 bytes} [Thu Jul 9 10:45:25 2026] GET /v2.0/ports?device_id=05b29f8d-8791-45ec-99d8-5a04457eab11 => generated 12 bytes in 34 msecs (HTTP/1.1 200) 4 headers in 156 bytes (1 switches on core 0) [pid: 8|app: 0|req: 686/1387] 199.204.45.242 () {34 vars in 986 bytes} [Thu Jul 9 10:45:26 2026] GET /v2.0/networks?id=5111c367-6f90-4ea4-8957-d90014e1d1ba => generated 679 bytes in 51 msecs (HTTP/1.1 200) 4 headers in 157 bytes (1 switches on core 0) [pid: 8|app: 0|req: 687/1388] 10.0.0.90 () {34 vars in 989 bytes} [Thu Jul 9 10:45:26 2026] GET /v2.0/ports?device_id=04840815-5d7b-4096-a1e6-9ace7c43187d => generated 12 bytes in 27 msecs (HTTP/1.1 200) 4 headers in 156 bytes (1 switches on core 0) [pid: 7|app: 0|req: 702/1389] 199.204.45.242 () {34 vars in 1050 bytes} [Thu Jul 9 10:45:26 2026] GET /v2.0/security-groups?fields=id&fields=name&tenant_id=7b3f7f60085a4f248f09a4414383d6ab => generated 180 bytes in 50 msecs (HTTP/1.1 200) 4 headers in 157 bytes (1 switches on core 0)
