2026-07-09 17:25:51.908 8 INFO neutron.api.extensions [None req-703bb9f7-8158-4125-9c01-92634e573d17 - - - - - -] Extension port-hint-ovs-tx-steering not supported by any of loaded plugins
2026-07-09 17:25:51.908 8 INFO neutron.api.extensions [None req-703bb9f7-8158-4125-9c01-92634e573d17 - - - - - -] Extension port-hints not supported by any of loaded plugins
2026-07-09 17:25:51.909 8 INFO neutron.api.extensions [None req-703bb9f7-8158-4125-9c01-92634e573d17 - - - - - -] Loaded extension: port-mac-override
2026-07-09 17:25:51.910 8 INFO neutron.api.extensions [None req-703bb9f7-8158-4125-9c01-92634e573d17 - - - - - -] Loaded extension: port-mac-address-regenerate
2026-07-09 17:25:51.910 8 INFO neutron.api.extensions [None req-703bb9f7-8158-4125-9c01-92634e573d17 - - - - - -] Loaded extension: port-numa-affinity-policy
2026-07-09 17:25:51.911 8 INFO neutron.api.extensions [None req-703bb9f7-8158-4125-9c01-92634e573d17 - - - - - -] Loaded extension: port-numa-affinity-policy-socket
2026-07-09 17:25:51.912 8 INFO neutron.api.extensions [None req-703bb9f7-8158-4125-9c01-92634e573d17 - - - - - -] Loaded extension: port-resource-request
2026-07-09 17:25:51.913 8 INFO neutron.api.extensions [None req-703bb9f7-8158-4125-9c01-92634e573d17 - - - - - -] Loaded extension: port-resource-request-groups
2026-07-09 17:25:51.914 8 INFO neutron.api.extensions [None req-703bb9f7-8158-4125-9c01-92634e573d17 - - - - - -] Extension port-trusted-vif not supported by any of loaded plugins
2026-07-09 17:25:51.915 8 INFO neutron.api.extensions [None req-703bb9f7-8158-4125-9c01-92634e573d17 - - - - - -] Loaded extension: binding
2026-07-09 17:25:51.915 8 INFO neutron.api.extensions [None req-703bb9f7-8158-4125-9c01-92634e573d17 - - - - - -] Loaded extension: binding-extended
2026-07-09 17:25:51.916 8 INFO neutron.api.extensions [None req-703bb9f7-8158-4125-9c01-92634e573d17 - - - - - -] Loaded extension: port-security
2026-07-09 17:25:51.917 8 INFO neutron.api.extensions [None req-703bb9f7-8158-4125-9c01-92634e573d17 - - - - - -] Loaded extension: project-id
2026-07-09 17:25:51.917 8 INFO neutron.api.extensions [None req-703bb9f7-8158-4125-9c01-92634e573d17 - - - - - -] Loaded extension: provider
2026-07-09 17:25:51.920 8 INFO neutron.api.extensions [None req-703bb9f7-8158-4125-9c01-92634e573d17 - - - - - -] Loaded extension: qos
2026-07-09 17:25:51.921 8 INFO neutron.api.extensions [None req-703bb9f7-8158-4125-9c01-92634e573d17 - - - - - -] Loaded extension: qos-bw-limit-direction
2026-07-09 17:25:51.921 8 INFO neutron.api.extensions [None req-703bb9f7-8158-4125-9c01-92634e573d17 - - - - - -] Loaded extension: qos-bw-minimum-ingress
2026-07-09 17:25:51.922 8 INFO neutron.api.extensions [None req-703bb9f7-8158-4125-9c01-92634e573d17 - - - - - -] Loaded extension: qos-default
2026-07-09 17:25:51.922 8 INFO neutron.api.extensions [None req-703bb9f7-8158-4125-9c01-92634e573d17 - - - - - -] Loaded extension: qos-fip
2026-07-09 17:25:51.923 8 INFO neutron.api.extensions [None req-703bb9f7-8158-4125-9c01-92634e573d17 - - - - - -] Extension qos-fip-network-policy not supported by any of loaded plugins
2026-07-09 17:25:51.923 8 INFO neutron.api.extensions [None req-703bb9f7-8158-4125-9c01-92634e573d17 - - - - - -] Loaded extension: qos-gateway-ip
2026-07-09 17:25:51.924 8 INFO neutron.api.extensions [None req-703bb9f7-8158-4125-9c01-92634e573d17 - - - - - -] Loaded extension: qos-port-network-policy
2026-07-09 17:25:51.925 8 INFO neutron.api.extensions [None req-703bb9f7-8158-4125-9c01-92634e573d17 - - - - - -] Loaded extension: qos-pps-minimum
2026-07-09 17:25:51.925 8 INFO neutron.api.extensions [None req-703bb9f7-8158-4125-9c01-92634e573d17 - - - - - -] Loaded extension: qos-pps-minimum-rule-alias
2026-07-09 17:25:51.926 8 INFO neutron.api.extensions [None req-703bb9f7-8158-4125-9c01-92634e573d17 - - - - - -] Loaded extension: qos-pps
2026-07-09 17:25:51.927 8 INFO neutron.api.extensions [None req-703bb9f7-8158-4125-9c01-92634e573d17 - - - - - -] Loaded extension: qos-rule-type-details
2026-07-09 17:25:51.927 8 INFO neutron.api.extensions [None req-703bb9f7-8158-4125-9c01-92634e573d17 - - - - - -] Loaded extension: qos-rule-type-filter
2026-07-09 17:25:51.928 8 INFO neutron.api.extensions [None req-703bb9f7-8158-4125-9c01-92634e573d17 - - - - - -] Loaded extension: qos-rules-alias
2026-07-09 17:25:51.929 8 INFO neutron.api.extensions [None req-703bb9f7-8158-4125-9c01-92634e573d17 - - - - - -] Loaded extension: quota-check-limit
2026-07-09 17:25:51.932 8 INFO neutron.api.extensions [None req-703bb9f7-8158-4125-9c01-92634e573d17 - - - - - -] Loaded extension: quotas
2026-07-09 17:25:51.934 8 INFO neutron.api.extensions [None req-703bb9f7-8158-4125-9c01-92634e573d17 - - - - - -] Loaded extension: quota_details
2026-07-09 17:25:51.936 8 INFO neutron.api.extensions [None req-703bb9f7-8158-4125-9c01-92634e573d17 - - - - - -] Loaded extension: rbac-policies
2026-07-09 17:25:51.936 8 INFO neutron.api.extensions [None req-703bb9f7-8158-4125-9c01-92634e573d17 - - - - - -] Loaded extension: rbac-address-group
2026-07-09 17:25:51.937 8 INFO neutron.api.extensions [None req-703bb9f7-8158-4125-9c01-92634e573d17 - - - - - -] Loaded extension: rbac-address-scope
2026-07-09 17:25:51.937 8 INFO neutron.api.extensions [None req-703bb9f7-8158-4125-9c01-92634e573d17 - - - - - -] Loaded extension: rbac-security-groups
2026-07-09 17:25:51.938 8 INFO neutron.api.extensions [None req-703bb9f7-8158-4125-9c01-92634e573d17 - - - - - -] Loaded extension: rbac-subnetpool
2026-07-09 17:25:51.938 8 INFO neutron.api.extensions [None req-703bb9f7-8158-4125-9c01-92634e573d17 - - - - - -] Loaded extension: revision-if-match
2026-07-09 17:25:51.939 8 INFO neutron.api.extensions [None req-703bb9f7-8158-4125-9c01-92634e573d17 - - - - - -] Loaded extension: standard-attr-revisions
2026-07-09 17:25:51.940 8 INFO neutron.api.extensions [None req-703bb9f7-8158-4125-9c01-92634e573d17 - - - - - -] Loaded extension: router_availability_zone
2026-07-09 17:25:51.940 8 INFO neutron.api.extensions [None req-703bb9f7-8158-4125-9c01-92634e573d17 - - - - - -] Extension router-service-type not supported by any of loaded plugins
2026-07-09 17:25:51.942 8 INFO neutron.api.extensions [None req-703bb9f7-8158-4125-9c01-92634e573d17 - - - - - -] Loaded extension: security-groups-default-rules
2026-07-09 17:25:51.943 8 INFO neutron.api.extensions [None req-703bb9f7-8158-4125-9c01-92634e573d17 - - - - - -] Loaded extension: security-groups-normalized-cidr
2026-07-09 17:25:51.944 8 INFO neutron.api.extensions [None req-703bb9f7-8158-4125-9c01-92634e573d17 - - - - - -] Loaded extension: port-security-groups-filtering
2026-07-09 17:25:51.944 8 INFO neutron.api.extensions [None req-703bb9f7-8158-4125-9c01-92634e573d17 - - - - - -] Loaded extension: security-groups-remote-address-group
2026-07-09 17:25:51.945 8 INFO neutron.api.extensions [None req-703bb9f7-8158-4125-9c01-92634e573d17 - - - - - -] Loaded extension: security-groups-rules-belongs-to-default-sg
2026-07-09 17:25:51.945 8 INFO neutron.api.extensions [None req-703bb9f7-8158-4125-9c01-92634e573d17 - - - - - -] Loaded extension: security-groups-shared-filtering
2026-07-09 17:25:51.950 8 INFO neutron.api.extensions [None req-703bb9f7-8158-4125-9c01-92634e573d17 - - - - - -] Loaded extension: security-group
2026-07-09 17:25:51.951 8 INFO neutron.api.extensions [None req-703bb9f7-8158-4125-9c01-92634e573d17 - - - - - -] Loaded extension: segment
2026-07-09 17:25:51.952 8 INFO neutron.api.extensions [None req-703bb9f7-8158-4125-9c01-92634e573d17 - - - - - -] Loaded extension: segments-peer-subnet-host-routes
2026-07-09 17:25:51.953 8 INFO neutron.api.extensions [None req-703bb9f7-8158-4125-9c01-92634e573d17 - - - - - -] Loaded extension: service-type
2026-07-09 17:25:51.953 8 INFO neutron.api.extensions [None req-703bb9f7-8158-4125-9c01-92634e573d17 - - - - - -] Loaded extension: sorting
2026-07-09 17:25:51.954 8 INFO neutron.api.extensions [None req-703bb9f7-8158-4125-9c01-92634e573d17 - - - - - -] Loaded extension: standard-attr-segment
2026-07-09 17:25:51.955 8 INFO neutron.api.extensions [None req-703bb9f7-8158-4125-9c01-92634e573d17 - - - - - -] Loaded extension: standard-attr-description
2026-07-09 17:25:51.955 8 INFO neutron.api.extensions [None req-703bb9f7-8158-4125-9c01-92634e573d17 - - - - - -] Loaded extension: stateful-security-group
2026-07-09 17:25:51.956 8 WARNING neutron.api.extensions [None req-703bb9f7-8158-4125-9c01-92634e573d17 - - - - - -] Did not find expected name "Stdattrs_common" in /var/lib/openstack/lib/python3.12/site-packages/neutron/extensions/stdattrs_common.py
2026-07-09 17:25:51.956 8 INFO neutron.api.extensions [None req-703bb9f7-8158-4125-9c01-92634e573d17 - - - - - -] Extension subnet-dns-publish-fixed-ip not supported by any of loaded plugins
2026-07-09 17:25:51.957 8 INFO neutron.api.extensions [None req-703bb9f7-8158-4125-9c01-92634e573d17 - - - - - -] Loaded extension: subnet-external-network
2026-07-09 17:25:51.957 8 INFO neutron.api.extensions [None req-703bb9f7-8158-4125-9c01-92634e573d17 - - - - - -] Loaded extension: subnet_onboard
2026-07-09 17:25:51.958 8 INFO neutron.api.extensions [None req-703bb9f7-8158-4125-9c01-92634e573d17 - - - - - -] Loaded extension: subnet-segmentid-writable
2026-07-09 17:25:51.959 8 INFO neutron.api.extensions [None req-703bb9f7-8158-4125-9c01-92634e573d17 - - - - - -] Loaded extension: subnet-service-types
2026-07-09 17:25:51.959 8 INFO neutron.api.extensions [None req-703bb9f7-8158-4125-9c01-92634e573d17 - - - - - -] Loaded extension: subnet_allocation
2026-07-09 17:25:51.960 8 INFO neutron.api.extensions [None req-703bb9f7-8158-4125-9c01-92634e573d17 - - - - - -] Loaded extension: subnetpool-prefix-ops
2026-07-09 17:25:51.961 8 INFO neutron.api.extensions [None req-703bb9f7-8158-4125-9c01-92634e573d17 - - - - - -] Loaded extension: tag-creation
2026-07-09 17:25:51.961 8 INFO neutron.api.extensions [None req-703bb9f7-8158-4125-9c01-92634e573d17 - - - - - -] Extension tag-ports-during-bulk-creation not supported by any of loaded plugins
2026-07-09 17:25:51.965 8 INFO neutron.api.extensions [None req-703bb9f7-8158-4125-9c01-92634e573d17 - - - - - -] Loaded extension: standard-attr-tag
2026-07-09 17:25:51.966 8 INFO neutron.api.extensions [None req-703bb9f7-8158-4125-9c01-92634e573d17 - - - - - -] Loaded extension: standard-attr-timestamp
2026-07-09 17:25:51.968 8 INFO neutron.api.extensions [None req-703bb9f7-8158-4125-9c01-92634e573d17 - - - - - -] Loaded extension: trunk
2026-07-09 17:25:51.968 8 INFO neutron.api.extensions [None req-703bb9f7-8158-4125-9c01-92634e573d17 - - - - - -] Loaded extension: trunk-details
2026-07-09 17:25:51.969 8 INFO neutron.api.extensions [None req-703bb9f7-8158-4125-9c01-92634e573d17 - - - - - -] Extension uplink-status-propagation not supported by any of loaded plugins
2026-07-09 17:25:51.970 8 INFO neutron.api.extensions [None req-703bb9f7-8158-4125-9c01-92634e573d17 - - - - - -] Extension vlan-transparent not supported by any of loaded plugins
2026-07-09 17:25:51.972 8 INFO neutron.api.extensions [None req-703bb9f7-8158-4125-9c01-92634e573d17 - - - - - -] Extension vpn-agent-scheduler not supported by any of loaded plugins
2026-07-09 17:25:51.973 8 INFO neutron.api.extensions [None req-703bb9f7-8158-4125-9c01-92634e573d17 - - - - - -] Loaded extension: vpn-endpoint-groups
2026-07-09 17:25:51.973 8 INFO neutron.api.extensions [None req-703bb9f7-8158-4125-9c01-92634e573d17 - - - - - -] Loaded extension: vpn-flavors
2026-07-09 17:25:51.975 8 INFO neutron.api.extensions [None req-703bb9f7-8158-4125-9c01-92634e573d17 - - - - - -] Loaded extension: vpnaas
2026-07-09 17:25:51.978 8 INFO neutron.quota.resource_registry [None req-703bb9f7-8158-4125-9c01-92634e573d17 - - - - - -] Creating instance of TrackedResource for resource:network
2026-07-09 17:25:51.978 8 INFO neutron.quota.resource_registry [None req-703bb9f7-8158-4125-9c01-92634e573d17 - - - - - -] Creating instance of TrackedResource for resource:subnet
2026-07-09 17:25:51.978 8 INFO neutron.quota.resource_registry [None req-703bb9f7-8158-4125-9c01-92634e573d17 - - - - - -] Creating instance of TrackedResource for resource:subnetpool
2026-07-09 17:25:51.978 8 INFO neutron.quota.resource_registry [None req-703bb9f7-8158-4125-9c01-92634e573d17 - - - - - -] Creating instance of TrackedResource for resource:port
2026-07-09 17:25:51.982 8 INFO neutron.quota.resource_registry [None req-703bb9f7-8158-4125-9c01-92634e573d17 - - - - - -] Creating instance of TrackedResource for resource:router
2026-07-09 17:25:51.983 8 INFO neutron.quota.resource_registry [None req-703bb9f7-8158-4125-9c01-92634e573d17 - - - - - -] Creating instance of TrackedResource for resource:floatingip
2026-07-09 17:25:51.778 7 INFO neutron.quota.resource_registry [None req-a03c58d3-6fb9-4622-883c-686a5f6af896 - - - - - -] Creating instance of CountableResource for resource:rbac_policy
2026-07-09 17:25:51.987 7 INFO neutron.quota.resource_registry [None req-a03c58d3-6fb9-4622-883c-686a5f6af896 - - - - - -] Creating instance of TrackedResource for resource:security_group
2026-07-09 17:25:51.988 8 INFO neutron.quota.resource_registry [None req-703bb9f7-8158-4125-9c01-92634e573d17 - - - - - -] Creating instance of CountableResource for resource:rbac_policy
2026-07-09 17:25:51.988 7 INFO neutron.quota.resource_registry [None req-a03c58d3-6fb9-4622-883c-686a5f6af896 - - - - - -] Creating instance of TrackedResource for resource:security_group_rule
2026-07-09 17:25:51.988 8 INFO neutron.quota.resource_registry [None req-703bb9f7-8158-4125-9c01-92634e573d17 - - - - - -] Creating instance of TrackedResource for resource:security_group
2026-07-09 17:25:51.989 8 INFO neutron.quota.resource_registry [None req-703bb9f7-8158-4125-9c01-92634e573d17 - - - - - -] Creating instance of TrackedResource for resource:security_group_rule
2026-07-09 17:25:51.989 7 INFO neutron.quota.resource_registry [None req-a03c58d3-6fb9-4622-883c-686a5f6af896 - - - - - -] Creating instance of TrackedResource for resource:subnetpool
2026-07-09 17:25:51.989 7 WARNING neutron.quota.resource_registry [None req-a03c58d3-6fb9-4622-883c-686a5f6af896 - - - - - -] subnetpool is already registered
2026-07-09 17:25:51.990 8 INFO neutron.quota.resource_registry [None req-703bb9f7-8158-4125-9c01-92634e573d17 - - - - - -] Creating instance of TrackedResource for resource:subnetpool
2026-07-09 17:25:51.990 7 INFO neutron.quota.resource_registry [None req-a03c58d3-6fb9-4622-883c-686a5f6af896 - - - - - -] Creating instance of TrackedResource for resource:subnetpool
2026-07-09 17:25:51.990 8 WARNING neutron.quota.resource_registry [None req-703bb9f7-8158-4125-9c01-92634e573d17 - - - - - -] subnetpool is already registered
2026-07-09 17:25:51.990 7 WARNING neutron.quota.resource_registry [None req-a03c58d3-6fb9-4622-883c-686a5f6af896 - - - - - -] subnetpool is already registered
2026-07-09 17:25:51.991 8 INFO neutron.quota.resource_registry [None req-703bb9f7-8158-4125-9c01-92634e573d17 - - - - - -] Creating instance of TrackedResource for resource:subnetpool
2026-07-09 17:25:51.991 8 WARNING neutron.quota.resource_registry [None req-703bb9f7-8158-4125-9c01-92634e573d17 - - - - - -] subnetpool is already registered
2026-07-09 17:25:51.991 7 INFO neutron.quota.resource_registry [None req-a03c58d3-6fb9-4622-883c-686a5f6af896 - - - - - -] Creating instance of CountableResource for resource:trunk
2026-07-09 17:25:51.991 8 INFO neutron.quota.resource_registry [None req-703bb9f7-8158-4125-9c01-92634e573d17 - - - - - -] Creating instance of CountableResource for resource:trunk
2026-07-09 17:25:51.992 7 INFO neutron.quota.resource_registry [None req-a03c58d3-6fb9-4622-883c-686a5f6af896 - - - - - -] Creating instance of CountableResource for resource:endpoint_group
2026-07-09 17:25:51.992 8 INFO neutron.quota.resource_registry [None req-703bb9f7-8158-4125-9c01-92634e573d17 - - - - - -] Creating instance of CountableResource for resource:endpoint_group
2026-07-09 17:25:51.992 8 INFO neutron.quota.resource_registry [None req-703bb9f7-8158-4125-9c01-92634e573d17 - - - - - -] Creating instance of CountableResource for resource:vpnservice
2026-07-09 17:25:51.992 7 INFO neutron.quota.resource_registry [None req-a03c58d3-6fb9-4622-883c-686a5f6af896 - - - - - -] Creating instance of CountableResource for resource:vpnservice
2026-07-09 17:25:51.993 8 INFO neutron.quota.resource_registry [None req-703bb9f7-8158-4125-9c01-92634e573d17 - - - - - -] Creating instance of CountableResource for resource:ipsec_site_connection
2026-07-09 17:25:51.993 7 INFO neutron.quota.resource_registry [None req-a03c58d3-6fb9-4622-883c-686a5f6af896 - - - - - -] Creating instance of CountableResource for resource:ipsec_site_connection
2026-07-09 17:25:51.993 8 INFO neutron.quota.resource_registry [None req-703bb9f7-8158-4125-9c01-92634e573d17 - - - - - -] Creating instance of CountableResource for resource:ipsecpolicy
2026-07-09 17:25:51.993 7 INFO neutron.quota.resource_registry [None req-a03c58d3-6fb9-4622-883c-686a5f6af896 - - - - - -] Creating instance of CountableResource for resource:ipsecpolicy
2026-07-09 17:25:51.994 8 INFO neutron.quota.resource_registry [None req-703bb9f7-8158-4125-9c01-92634e573d17 - - - - - -] Creating instance of CountableResource for resource:ikepolicy
2026-07-09 17:25:51.994 7 INFO neutron.quota.resource_registry [None req-a03c58d3-6fb9-4622-883c-686a5f6af896 - - - - - -] Creating instance of CountableResource for resource:ikepolicy
2026-07-09 17:25:51.998 8 INFO neutron.quota.resource_registry [None req-703bb9f7-8158-4125-9c01-92634e573d17 - - - - - -] Creating instance of TrackedResource for resource:router
2026-07-09 17:25:51.998 8 WARNING neutron.quota.resource_registry [None req-703bb9f7-8158-4125-9c01-92634e573d17 - - - - - -] router is already registered
2026-07-09 17:25:51.999 8 INFO neutron.quota.resource_registry [None req-703bb9f7-8158-4125-9c01-92634e573d17 - - - - - -] Creating instance of TrackedResource for resource:floatingip
2026-07-09 17:25:51.999 8 WARNING neutron.quota.resource_registry [None req-703bb9f7-8158-4125-9c01-92634e573d17 - - - - - -] floatingip is already registered
2026-07-09 17:25:52.000 7 INFO neutron.quota.resource_registry [None req-a03c58d3-6fb9-4622-883c-686a5f6af896 - - - - - -] Creating instance of TrackedResource for resource:router
2026-07-09 17:25:52.000 7 WARNING neutron.quota.resource_registry [None req-a03c58d3-6fb9-4622-883c-686a5f6af896 - - - - - -] router is already registered
2026-07-09 17:25:52.001 7 INFO neutron.quota.resource_registry [None req-a03c58d3-6fb9-4622-883c-686a5f6af896 - - - - - -] Creating instance of TrackedResource for resource:floatingip
2026-07-09 17:25:52.001 7 WARNING neutron.quota.resource_registry [None req-a03c58d3-6fb9-4622-883c-686a5f6af896 - - - - - -] floatingip is already registered
2026-07-09 17:25:52.003 8 INFO neutron.quota.resource_registry [None req-703bb9f7-8158-4125-9c01-92634e573d17 - - - - - -] Creating instance of CountableResource for resource:rbac_policy
2026-07-09 17:25:52.003 8 WARNING neutron.quota.resource_registry [None req-703bb9f7-8158-4125-9c01-92634e573d17 - - - - - -] rbac_policy is already registered
2026-07-09 17:25:52.004 8 INFO neutron.quota.resource_registry [None req-703bb9f7-8158-4125-9c01-92634e573d17 - - - - - -] Creating instance of TrackedResource for resource:security_group
2026-07-09 17:25:52.004 8 WARNING neutron.quota.resource_registry [None req-703bb9f7-8158-4125-9c01-92634e573d17 - - - - - -] security_group is already registered
2026-07-09 17:25:52.004 8 INFO neutron.quota.resource_registry [None req-703bb9f7-8158-4125-9c01-92634e573d17 - - - - - -] Creating instance of TrackedResource for resource:security_group_rule
2026-07-09 17:25:52.004 8 WARNING neutron.quota.resource_registry [None req-703bb9f7-8158-4125-9c01-92634e573d17 - - - - - -] security_group_rule is already registered
2026-07-09 17:25:52.005 7 INFO neutron.quota.resource_registry [None req-a03c58d3-6fb9-4622-883c-686a5f6af896 - - - - - -] Creating instance of CountableResource for resource:rbac_policy
2026-07-09 17:25:52.005 7 WARNING neutron.quota.resource_registry [None req-a03c58d3-6fb9-4622-883c-686a5f6af896 - - - - - -] rbac_policy is already registered
2026-07-09 17:25:52.005 8 INFO neutron.quota.resource_registry [None req-703bb9f7-8158-4125-9c01-92634e573d17 - - - - - -] Creating instance of TrackedResource for resource:subnetpool
2026-07-09 17:25:52.006 8 WARNING neutron.quota.resource_registry [None req-703bb9f7-8158-4125-9c01-92634e573d17 - - - - - -] subnetpool is already registered
2026-07-09 17:25:52.006 8 INFO neutron.quota.resource_registry [None req-703bb9f7-8158-4125-9c01-92634e573d17 - - - - - -] Creating instance of TrackedResource for resource:subnetpool
2026-07-09 17:25:52.006 7 INFO neutron.quota.resource_registry [None req-a03c58d3-6fb9-4622-883c-686a5f6af896 - - - - - -] Creating instance of TrackedResource for resource:security_group
2026-07-09 17:25:52.006 8 WARNING neutron.quota.resource_registry [None req-703bb9f7-8158-4125-9c01-92634e573d17 - - - - - -] subnetpool is already registered
2026-07-09 17:25:52.006 7 WARNING neutron.quota.resource_registry [None req-a03c58d3-6fb9-4622-883c-686a5f6af896 - - - - - -] security_group is already registered
2026-07-09 17:25:52.007 7 INFO neutron.quota.resource_registry [None req-a03c58d3-6fb9-4622-883c-686a5f6af896 - - - - - -] Creating instance of TrackedResource for resource:security_group_rule
2026-07-09 17:25:52.007 8 INFO neutron.quota.resource_registry [None req-703bb9f7-8158-4125-9c01-92634e573d17 - - - - - -] Creating instance of CountableResource for resource:trunk
2026-07-09 17:25:52.007 8 WARNING neutron.quota.resource_registry [None req-703bb9f7-8158-4125-9c01-92634e573d17 - - - - - -] trunk is already registered
2026-07-09 17:25:52.007 7 WARNING neutron.quota.resource_registry [None req-a03c58d3-6fb9-4622-883c-686a5f6af896 - - - - - -] security_group_rule is already registered
2026-07-09 17:25:52.007 8 INFO neutron.quota.resource_registry [None req-703bb9f7-8158-4125-9c01-92634e573d17 - - - - - -] Creating instance of CountableResource for resource:endpoint_group
2026-07-09 17:25:52.008 8 WARNING neutron.quota.resource_registry [None req-703bb9f7-8158-4125-9c01-92634e573d17 - - - - - -] endpoint_group is already registered
2026-07-09 17:25:52.008 7 INFO neutron.quota.resource_registry [None req-a03c58d3-6fb9-4622-883c-686a5f6af896 - - - - - -] Creating instance of TrackedResource for resource:subnetpool
2026-07-09 17:25:52.008 7 WARNING neutron.quota.resource_registry [None req-a03c58d3-6fb9-4622-883c-686a5f6af896 - - - - - -] subnetpool is already registered
2026-07-09 17:25:52.008 8 INFO neutron.quota.resource_registry [None req-703bb9f7-8158-4125-9c01-92634e573d17 - - - - - -] Creating instance of CountableResource for resource:vpnservice
2026-07-09 17:25:52.008 8 WARNING neutron.quota.resource_registry [None req-703bb9f7-8158-4125-9c01-92634e573d17 - - - - - -] vpnservice is already registered
2026-07-09 17:25:52.009 7 INFO neutron.quota.resource_registry [None req-a03c58d3-6fb9-4622-883c-686a5f6af896 - - - - - -] Creating instance of TrackedResource for resource:subnetpool
2026-07-09 17:25:52.009 7 WARNING neutron.quota.resource_registry [None req-a03c58d3-6fb9-4622-883c-686a5f6af896 - - - - - -] subnetpool is already registered
2026-07-09 17:25:52.009 8 INFO neutron.quota.resource_registry [None req-703bb9f7-8158-4125-9c01-92634e573d17 - - - - - -] Creating instance of CountableResource for resource:ipsec_site_connection
2026-07-09 17:25:52.009 8 WARNING neutron.quota.resource_registry [None req-703bb9f7-8158-4125-9c01-92634e573d17 - - - - - -] ipsec_site_connection is already registered
2026-07-09 17:25:52.009 7 INFO neutron.quota.resource_registry [None req-a03c58d3-6fb9-4622-883c-686a5f6af896 - - - - - -] Creating instance of CountableResource for resource:trunk
2026-07-09 17:25:52.010 8 INFO neutron.quota.resource_registry [None req-703bb9f7-8158-4125-9c01-92634e573d17 - - - - - -] Creating instance of CountableResource for resource:ipsecpolicy
2026-07-09 17:25:52.010 7 WARNING neutron.quota.resource_registry [None req-a03c58d3-6fb9-4622-883c-686a5f6af896 - - - - - -] trunk is already registered
2026-07-09 17:25:52.010 8 WARNING neutron.quota.resource_registry [None req-703bb9f7-8158-4125-9c01-92634e573d17 - - - - - -] ipsecpolicy is already registered
2026-07-09 17:25:52.010 7 INFO neutron.quota.resource_registry [None req-a03c58d3-6fb9-4622-883c-686a5f6af896 - - - - - -] Creating instance of CountableResource for resource:endpoint_group
2026-07-09 17:25:52.010 7 WARNING neutron.quota.resource_registry [None req-a03c58d3-6fb9-4622-883c-686a5f6af896 - - - - - -] endpoint_group is already registered
2026-07-09 17:25:52.010 8 INFO neutron.quota.resource_registry [None req-703bb9f7-8158-4125-9c01-92634e573d17 - - - - - -] Creating instance of CountableResource for resource:ikepolicy
2026-07-09 17:25:52.011 8 WARNING neutron.quota.resource_registry [None req-703bb9f7-8158-4125-9c01-92634e573d17 - - - - - -] ikepolicy is already registered
2026-07-09 17:25:52.011 7 INFO neutron.quota.resource_registry [None req-a03c58d3-6fb9-4622-883c-686a5f6af896 - - - - - -] Creating instance of CountableResource for resource:vpnservice
2026-07-09 17:25:52.011 7 WARNING neutron.quota.resource_registry [None req-a03c58d3-6fb9-4622-883c-686a5f6af896 - - - - - -] vpnservice is already registered
2026-07-09 17:25:52.012 7 INFO neutron.quota.resource_registry [None req-a03c58d3-6fb9-4622-883c-686a5f6af896 - - - - - -] Creating instance of CountableResource for resource:ipsec_site_connection
2026-07-09 17:25:52.012 7 WARNING neutron.quota.resource_registry [None req-a03c58d3-6fb9-4622-883c-686a5f6af896 - - - - - -] ipsec_site_connection is already registered
2026-07-09 17:25:52.012 7 INFO neutron.quota.resource_registry [None req-a03c58d3-6fb9-4622-883c-686a5f6af896 - - - - - -] Creating instance of CountableResource for resource:ipsecpolicy
2026-07-09 17:25:52.013 7 WARNING neutron.quota.resource_registry [None req-a03c58d3-6fb9-4622-883c-686a5f6af896 - - - - - -] ipsecpolicy is already registered
2026-07-09 17:25:52.013 7 INFO neutron.quota.resource_registry [None req-a03c58d3-6fb9-4622-883c-686a5f6af896 - - - - - -] Creating instance of CountableResource for resource:ikepolicy
2026-07-09 17:25:52.013 7 WARNING neutron.quota.resource_registry [None req-a03c58d3-6fb9-4622-883c-686a5f6af896 - - - - - -] ikepolicy is already registered
2026-07-09 17:25:52.049 8 WARNING keystonemiddleware._common.config [None req-703bb9f7-8158-4125-9c01-92634e573d17 - - - - - -] The option "audit_map_file" is not known to keystonemiddleware
2026-07-09 17:25:52.058 7 WARNING keystonemiddleware._common.config [None req-a03c58d3-6fb9-4622-883c-686a5f6af896 - - - - - -] The option "audit_map_file" is not known to keystonemiddleware
2026-07-09 17:25:52.059 8 WARNING oslo_config.cfg [None req-703bb9f7-8158-4125-9c01-92634e573d17 - - - - - -] Deprecated: Option "auth_uri" from group "keystone_authtoken" is deprecated. Use option "www_authenticate_uri" from group "keystone_authtoken". WSGI app 0 (mountpoint='') ready in 10 seconds on interpreter 0x7f1dd48d5668 pid: 8 (default app)
2026-07-09 17:25:52.067 7 WARNING oslo_config.cfg [None req-a03c58d3-6fb9-4622-883c-686a5f6af896 - - - - - -] Deprecated: Option "auth_uri" from group "keystone_authtoken" is deprecated. Use option "www_authenticate_uri" from group "keystone_authtoken". WSGI app 0 (mountpoint='') ready in 10 seconds on interpreter 0x7f1dd48d5668 pid: 7 (default app) /var/lib/openstack/lib/python3.12/site-packages/pycadf/identifier.py:71: UserWarning: Invalid uuid: unknown. To ensure interoperability, identifiers should be a valid uuid. warnings.warn(('Invalid uuid: %s. To ensure interoperability, '
2026-07-09 17:25:55.714 8 INFO neutron.pecan_wsgi.hooks.translation [None req-3ebd3d54-5618-43f5-8bc1-664676ab0384 60568f2c74be49cea6910e52d7c804b0 bfdd4aea41cb4e76b369636c97f9bb9d - - default default] GET failed (client error): The resource could not be found. [pid: 8|app: 0|req: 3/4] 199.19.213.108 () {44 vars in 927 bytes} [Thu Jul 9 17:25:54 2026] GET /v2.0/networks/public => generated 108 bytes in 904 msecs (HTTP/1.1 404) 4 headers in 164 bytes (1 switches on core 0) /var/lib/openstack/lib/python3.12/site-packages/pycadf/identifier.py:71: UserWarning: Invalid uuid: unknown. To ensure interoperability, identifiers should be a valid uuid. warnings.warn(('Invalid uuid: %s. To ensure interoperability, ' [pid: 7|app: 0|req: 2/5] 199.19.213.108 () {44 vars in 949 bytes} [Thu Jul 9 17:25:55 2026] GET /v2.0/networks?name=public => generated 15 bytes in 240 msecs (HTTP/1.1 200) 4 headers in 156 bytes (1 switches on core 0)
2026-07-09 17:25:56.512 8 WARNING neutron.services.revisions.revision_plugin [None req-93028865-d63f-411d-bc18-32cceb1beab5 60568f2c74be49cea6910e52d7c804b0 bfdd4aea41cb4e76b369636c97f9bb9d - - default default] Could not find related network for resource to bump revision.
2026-07-09 17:25:56.552 8 INFO neutron.db.segments_db [None req-93028865-d63f-411d-bc18-32cceb1beab5 60568f2c74be49cea6910e52d7c804b0 bfdd4aea41cb4e76b369636c97f9bb9d - - default default] Added segment 2ef8db6d-09bc-4131-835a-48f6c9bc782f of type flat for network 557d52c1-9623-403a-8fee-df5210f6d79c
2026-07-09 17:25:56.593 8 INFO neutron.pecan_wsgi.hooks.translation [None req-93028865-d63f-411d-bc18-32cceb1beab5 60568f2c74be49cea6910e52d7c804b0 bfdd4aea41cb4e76b369636c97f9bb9d - - default default] POST failed (client error): The resource could not be found. [pid: 8|app: 0|req: 4/6] 199.19.213.108 () {48 vars in 967 bytes} [Thu Jul 9 17:25:55 2026] POST /v2.0/networks => generated 124 bytes in 654 msecs (HTTP/1.1 404) 4 headers in 164 bytes (1 switches on core 0)
2026-07-09 17:26:02.973 7 INFO neutron.pecan_wsgi.hooks.translation [None req-90fa745b-df43-4560-b398-64cee01681d1 60568f2c74be49cea6910e52d7c804b0 bfdd4aea41cb4e76b369636c97f9bb9d - - default default] GET failed (client error): The resource could not be found. [pid: 7|app: 0|req: 3/7] 199.19.213.108 () {44 vars in 927 bytes} [Thu Jul 9 17:26:02 2026] GET /v2.0/networks/public => generated 108 bytes in 388 msecs (HTTP/1.1 404) 4 headers in 164 bytes (1 switches on core 0) [pid: 8|app: 0|req: 5/8] 199.19.213.108 () {44 vars in 949 bytes} [Thu Jul 9 17:26:02 2026] GET /v2.0/networks?name=public => generated 15 bytes in 28 msecs (HTTP/1.1 200) 4 headers in 156 bytes (1 switches on core 0)
2026-07-09 17:26:03.277 7 WARNING neutron.services.revisions.revision_plugin [None req-1301ce51-72c0-4edb-ac7c-5394995338c2 60568f2c74be49cea6910e52d7c804b0 bfdd4aea41cb4e76b369636c97f9bb9d - - default default] Could not find related network for resource to bump revision.
2026-07-09 17:26:03.301 7 INFO neutron.db.segments_db [None req-1301ce51-72c0-4edb-ac7c-5394995338c2 60568f2c74be49cea6910e52d7c804b0 bfdd4aea41cb4e76b369636c97f9bb9d - - default default] Added segment 95691750-866d-48df-ac00-79098c113415 of type flat for network d65a83fa-9fe0-41cb-a88f-a42abc03d5bf
2026-07-09 17:26:03.352 7 INFO neutron.pecan_wsgi.hooks.translation [None req-1301ce51-72c0-4edb-ac7c-5394995338c2 60568f2c74be49cea6910e52d7c804b0 bfdd4aea41cb4e76b369636c97f9bb9d - - default default] POST failed (client error): The resource could not be found. [pid: 7|app: 0|req: 4/9] 199.19.213.108 () {48 vars in 967 bytes} [Thu Jul 9 17:26:03 2026] POST /v2.0/networks => generated 124 bytes in 367 msecs (HTTP/1.1 404) 4 headers in 164 bytes (1 switches on core 0)
2026-07-09 17:26:09.330 8 INFO neutron.pecan_wsgi.hooks.translation [None req-561a74fa-4fae-4eee-863d-72ac078dff32 60568f2c74be49cea6910e52d7c804b0 bfdd4aea41cb4e76b369636c97f9bb9d - - default default] GET failed (client error): The resource could not be found. [pid: 8|app: 0|req: 6/10] 199.19.213.108 () {44 vars in 927 bytes} [Thu Jul 9 17:26:09 2026] GET /v2.0/networks/public => generated 108 bytes in 44 msecs (HTTP/1.1 404) 4 headers in 164 bytes (1 switches on core 0) [pid: 7|app: 0|req: 5/11] 199.19.213.108 () {44 vars in 949 bytes} [Thu Jul 9 17:26:09 2026] GET /v2.0/networks?name=public => generated 15 bytes in 18 msecs (HTTP/1.1 200) 4 headers in 156 bytes (1 switches on core 0)
2026-07-09 17:26:09.446 8 WARNING neutron.services.revisions.revision_plugin [None req-7000c4be-971c-4596-9f8a-affba0fc998c 60568f2c74be49cea6910e52d7c804b0 bfdd4aea41cb4e76b369636c97f9bb9d - - default default] Could not find related network for resource to bump revision.
2026-07-09 17:26:09.458 8 INFO neutron.db.segments_db [None req-7000c4be-971c-4596-9f8a-affba0fc998c 60568f2c74be49cea6910e52d7c804b0 bfdd4aea41cb4e76b369636c97f9bb9d - - default default] Added segment 742c651a-b21e-42ed-a40f-6980cf5530ba of type flat for network 7f9776a7-e004-4a49-9f51-41d1a18cd909
2026-07-09 17:26:09.479 8 INFO neutron.pecan_wsgi.hooks.translation [None req-7000c4be-971c-4596-9f8a-affba0fc998c 60568f2c74be49cea6910e52d7c804b0 bfdd4aea41cb4e76b369636c97f9bb9d - - default default] POST failed (client error): The resource could not be found. [pid: 8|app: 0|req: 7/12] 199.19.213.108 () {48 vars in 967 bytes} [Thu Jul 9 17:26:09 2026] POST /v2.0/networks => generated 124 bytes in 129 msecs (HTTP/1.1 404) 4 headers in 164 bytes (1 switches on core 0)
2026-07-09 17:26:15.462 8 INFO neutron.pecan_wsgi.hooks.translation [None req-7c8e46e0-e6a6-426b-a0b6-bdf3b367f682 60568f2c74be49cea6910e52d7c804b0 bfdd4aea41cb4e76b369636c97f9bb9d - - default default] GET failed (client error): The resource could not be found. [pid: 8|app: 0|req: 8/14] 199.19.213.108 () {44 vars in 927 bytes} [Thu Jul 9 17:26:15 2026] GET /v2.0/networks/public => generated 108 bytes in 56 msecs (HTTP/1.1 404) 4 headers in 164 bytes (1 switches on core 0) [pid: 7|app: 0|req: 7/15] 199.19.213.108 () {44 vars in 949 bytes} [Thu Jul 9 17:26:15 2026] GET /v2.0/networks?name=public => generated 15 bytes in 13 msecs (HTTP/1.1 200) 4 headers in 156 bytes (1 switches on core 0)
2026-07-09 17:26:15.550 8 WARNING neutron.services.revisions.revision_plugin [None req-4ebc08e9-0536-41f9-9c55-d0ac87943b31 60568f2c74be49cea6910e52d7c804b0 bfdd4aea41cb4e76b369636c97f9bb9d - - default default] Could not find related network for resource to bump revision.
2026-07-09 17:26:15.566 8 INFO neutron.db.segments_db [None req-4ebc08e9-0536-41f9-9c55-d0ac87943b31 60568f2c74be49cea6910e52d7c804b0 bfdd4aea41cb4e76b369636c97f9bb9d - - default default] Added segment 300098cc-899f-4c62-84ba-e6f333dd7f4f of type flat for network 456f9236-3d42-4142-b952-30111d7c8d75
2026-07-09 17:26:15.600 8 INFO neutron.pecan_wsgi.hooks.translation [None req-4ebc08e9-0536-41f9-9c55-d0ac87943b31 60568f2c74be49cea6910e52d7c804b0 bfdd4aea41cb4e76b369636c97f9bb9d - - default default] POST failed (client error): The resource could not be found. [pid: 8|app: 0|req: 9/16] 199.19.213.108 () {48 vars in 967 bytes} [Thu Jul 9 17:26:15 2026] POST /v2.0/networks => generated 124 bytes in 125 msecs (HTTP/1.1 404) 4 headers in 164 bytes (1 switches on core 0)
2026-07-09 17:26:21.617 7 INFO neutron.pecan_wsgi.hooks.translation [None req-497105fb-b7f4-457f-8683-c0e42aa6292d 60568f2c74be49cea6910e52d7c804b0 bfdd4aea41cb4e76b369636c97f9bb9d - - default default] GET failed (client error): The resource could not be found. [pid: 7|app: 0|req: 8/17] 199.19.213.108 () {44 vars in 927 bytes} [Thu Jul 9 17:26:21 2026] GET /v2.0/networks/public => generated 108 bytes in 49 msecs (HTTP/1.1 404) 4 headers in 164 bytes (1 switches on core 0) [pid: 8|app: 0|req: 10/18] 199.19.213.108 () {44 vars in 949 bytes} [Thu Jul 9 17:26:21 2026] GET /v2.0/networks?name=public => generated 15 bytes in 16 msecs (HTTP/1.1 200) 4 headers in 156 bytes (1 switches on core 0)
2026-07-09 17:26:21.752 7 WARNING neutron.services.revisions.revision_plugin [None req-9f41d277-0241-47f0-8c65-1c1801fff7d3 60568f2c74be49cea6910e52d7c804b0 bfdd4aea41cb4e76b369636c97f9bb9d - - default default] Could not find related network for resource to bump revision.
2026-07-09 17:26:21.772 7 INFO neutron.db.segments_db [None req-9f41d277-0241-47f0-8c65-1c1801fff7d3 60568f2c74be49cea6910e52d7c804b0 bfdd4aea41cb4e76b369636c97f9bb9d - - default default] Added segment 64e8c812-b1ac-48f2-9655-8c702bcb3cec of type flat for network 98444c76-c36d-42be-99be-95558512c6d8
2026-07-09 17:26:21.800 7 INFO neutron.pecan_wsgi.hooks.translation [None req-9f41d277-0241-47f0-8c65-1c1801fff7d3 60568f2c74be49cea6910e52d7c804b0 bfdd4aea41cb4e76b369636c97f9bb9d - - default default] POST failed (client error): The resource could not be found. [pid: 7|app: 0|req: 9/19] 199.19.213.108 () {48 vars in 967 bytes} [Thu Jul 9 17:26:21 2026] POST /v2.0/networks => generated 124 bytes in 168 msecs (HTTP/1.1 404) 4 headers in 164 bytes (1 switches on core 0)
2026-07-09 17:26:27.875 7 INFO neutron.pecan_wsgi.hooks.translation [None req-4c223948-78d4-4238-b5ce-92b084210519 60568f2c74be49cea6910e52d7c804b0 bfdd4aea41cb4e76b369636c97f9bb9d - - default default] GET failed (client error): The resource could not be found. [pid: 7|app: 0|req: 10/21] 199.19.213.108 () {44 vars in 927 bytes} [Thu Jul 9 17:26:27 2026] GET /v2.0/networks/public => generated 108 bytes in 80 msecs (HTTP/1.1 404) 4 headers in 164 bytes (1 switches on core 0) [pid: 8|app: 0|req: 12/22] 199.19.213.108 () {44 vars in 949 bytes} [Thu Jul 9 17:26:27 2026] GET /v2.0/networks?name=public => generated 15 bytes in 17 msecs (HTTP/1.1 200) 4 headers in 156 bytes (1 switches on core 0)
2026-07-09 17:26:27.960 7 WARNING neutron.services.revisions.revision_plugin [None req-43fbc05c-23f3-4d24-a55f-5f6910635f64 60568f2c74be49cea6910e52d7c804b0 bfdd4aea41cb4e76b369636c97f9bb9d - - default default] Could not find related network for resource to bump revision.
2026-07-09 17:26:27.987 7 INFO neutron.db.segments_db [None req-43fbc05c-23f3-4d24-a55f-5f6910635f64 60568f2c74be49cea6910e52d7c804b0 bfdd4aea41cb4e76b369636c97f9bb9d - - default default] Added segment 3ac6be55-02f9-47d9-8c02-9979bf5434de of type flat for network e71913fb-25d0-42bc-af58-c7ea4c80c5a1
2026-07-09 17:26:28.019 7 INFO neutron.pecan_wsgi.hooks.translation [None req-43fbc05c-23f3-4d24-a55f-5f6910635f64 60568f2c74be49cea6910e52d7c804b0 bfdd4aea41cb4e76b369636c97f9bb9d - - default default] POST failed (client error): The resource could not be found. [pid: 7|app: 0|req: 11/23] 199.19.213.108 () {48 vars in 967 bytes} [Thu Jul 9 17:26:27 2026] POST /v2.0/networks => generated 124 bytes in 127 msecs (HTTP/1.1 404) 4 headers in 164 bytes (1 switches on core 0)
2026-07-09 17:26:34.197 8 INFO neutron.pecan_wsgi.hooks.translation [None req-2964afa6-021d-4071-9c97-883da37efd45 60568f2c74be49cea6910e52d7c804b0 bfdd4aea41cb4e76b369636c97f9bb9d - - default default] GET failed (client error): The resource could not be found. [pid: 8|app: 0|req: 13/24] 199.19.213.108 () {44 vars in 927 bytes} [Thu Jul 9 17:26:34 2026] GET /v2.0/networks/public => generated 108 bytes in 45 msecs (HTTP/1.1 404) 4 headers in 164 bytes (1 switches on core 0) [pid: 7|app: 0|req: 12/25] 199.19.213.108 () {44 vars in 949 bytes} [Thu Jul 9 17:26:34 2026] GET /v2.0/networks?name=public => generated 15 bytes in 16 msecs (HTTP/1.1 200) 4 headers in 156 bytes (1 switches on core 0)
2026-07-09 17:26:34.479 8 WARNING neutron.services.revisions.revision_plugin [None req-e3ad0309-3691-4732-87ae-297062ab029f 60568f2c74be49cea6910e52d7c804b0 bfdd4aea41cb4e76b369636c97f9bb9d - - default default] Could not find related network for resource to bump revision.
2026-07-09 17:26:34.500 8 INFO neutron.db.segments_db [None req-e3ad0309-3691-4732-87ae-297062ab029f 60568f2c74be49cea6910e52d7c804b0 bfdd4aea41cb4e76b369636c97f9bb9d - - default default] Added segment 153456af-75cb-4bcd-bc15-d6487647e381 of type flat for network 32cf7ffb-875e-495b-929e-c726957c97f3 [pid: 8|app: 0|req: 14/26] 199.19.213.108 () {48 vars in 967 bytes} [Thu Jul 9 17:26:34 2026] POST /v2.0/networks => generated 706 bytes in 754 msecs (HTTP/1.1 201) 4 headers in 162 bytes (1 switches on core 0)
2026-07-09 17:26:36.227 7 INFO neutron.pecan_wsgi.hooks.translation [None req-721c3362-ec68-4b98-b76d-437ecee65f9c 60568f2c74be49cea6910e52d7c804b0 bfdd4aea41cb4e76b369636c97f9bb9d - - default default] GET failed (client error): The resource could not be found. [pid: 7|app: 0|req: 13/27] 199.19.213.108 () {44 vars in 927 bytes} [Thu Jul 9 17:26:36 2026] GET /v2.0/networks/public => generated 108 bytes in 44 msecs (HTTP/1.1 404) 4 headers in 164 bytes (1 switches on core 0) [pid: 8|app: 0|req: 15/28] 199.19.213.108 () {44 vars in 949 bytes} [Thu Jul 9 17:26:36 2026] GET /v2.0/networks?name=public => generated 709 bytes in 44 msecs (HTTP/1.1 200) 4 headers in 157 bytes (1 switches on core 0)
2026-07-09 17:26:36.313 7 INFO neutron.pecan_wsgi.hooks.translation [None req-8d4e849c-72a5-44c7-8957-37c315cb6b05 60568f2c74be49cea6910e52d7c804b0 bfdd4aea41cb4e76b369636c97f9bb9d - - default default] GET failed (client error): The resource could not be found. [pid: 7|app: 0|req: 14/29] 199.19.213.108 () {44 vars in 1034 bytes} [Thu Jul 9 17:26:36 2026] GET /v2.0/subnets/public-subnet?network_id=32cf7ffb-875e-495b-929e-c726957c97f3 => generated 113 bytes in 27 msecs (HTTP/1.1 404) 4 headers in 164 bytes (1 switches on core 0) [pid: 8|app: 0|req: 16/30] 199.19.213.108 () {44 vars in 1057 bytes} [Thu Jul 9 17:26:36 2026] GET /v2.0/subnets?name=public-subnet&network_id=32cf7ffb-875e-495b-929e-c726957c97f3 => generated 14 bytes in 286 msecs (HTTP/1.1 200) 4 headers in 156 bytes (1 switches on core 0) [pid: 7|app: 0|req: 15/32] 199.19.213.108 () {48 vars in 965 bytes} [Thu Jul 9 17:26:36 2026] POST /v2.0/subnets => generated 664 bytes in 8024 msecs (HTTP/1.1 201) 4 headers in 162 bytes (1 switches on core 0)
2026-07-09 17:31:52.383 8 ERROR oslo.messaging._drivers.impl_rabbit [-] [3b4e8acb-053c-43df-ac6a-39d0cb0f3cb3] AMQP server on rabbitmq-neutron.openstack.svc.cluster.local:5672 is unreachable: . Trying again in 1 seconds.: amqp.exceptions.RecoverableConnectionError:
2026-07-09 17:31:52.385 8 INFO oslo.messaging._drivers.impl_rabbit [-] A recoverable connection/channel error occurred, trying to reconnect: Server unexpectedly closed connection Thu Jul 9 17:31:52 2026 - SIGPIPE: writing to a closed pipe/socket/fd (probably the client disconnected) on request /v2.0/networks/lb-mgmt-net (ip 199.19.213.108) !!!
2026-07-09 17:31:52.524 8 INFO neutron.pecan_wsgi.hooks.translation [None req-3cddd1b2-3e28-4bc8-a6d3-18e11b3be8ee 60568f2c74be49cea6910e52d7c804b0 bfdd4aea41cb4e76b369636c97f9bb9d - - default default] GET failed (client error): The resource could not be found. [pid: 8|app: 0|req: 38/73] 199.19.213.108 () {44 vars in 937 bytes} [Thu Jul 9 17:31:52 2026] GET /v2.0/networks/lb-mgmt-net => generated 113 bytes in 149 msecs (HTTP/1.1 404) 4 headers in 164 bytes (1 switches on core 0)
2026-07-09 17:31:52.536 7 ERROR oslo.messaging._drivers.impl_rabbit [-] [b7563314-f856-4ff8-bb67-be2519c6a09d] AMQP server on rabbitmq-neutron.openstack.svc.cluster.local:5672 is unreachable: . Trying again in 1 seconds.: amqp.exceptions.RecoverableConnectionError:
2026-07-09 17:31:52.538 7 INFO oslo.messaging._drivers.impl_rabbit [-] A recoverable connection/channel error occurred, trying to reconnect: Server unexpectedly closed connection Thu Jul 9 17:31:52 2026 - SIGPIPE: writing to a closed pipe/socket/fd (probably the client disconnected) on request /v2.0/networks?name=lb-mgmt-net (ip 199.19.213.108) !!! [pid: 7|app: 0|req: 36/74] 199.19.213.108 () {44 vars in 959 bytes} [Thu Jul 9 17:31:52 2026] GET /v2.0/networks?name=lb-mgmt-net => generated 15 bytes in 27 msecs (HTTP/1.1 200) 4 headers in 156 bytes (1 switches on core 0)
2026-07-09 17:31:52.631 8 INFO neutron.db.segments_db [None req-ac51ea9b-9a0d-43a5-81da-38a300b4c3f1 60568f2c74be49cea6910e52d7c804b0 bfdd4aea41cb4e76b369636c97f9bb9d - - default default] Added segment dfa949af-d139-405d-b8c2-0f3755cbfd67 of type vxlan for network dcd20482-e612-4f4d-b86d-55710c7589e2 [pid: 8|app: 0|req: 39/75] 199.19.213.108 () {48 vars in 966 bytes} [Thu Jul 9 17:31:52 2026] POST /v2.0/networks => generated 707 bytes in 168 msecs (HTTP/1.1 201) 4 headers in 162 bytes (1 switches on core 0)
2026-07-09 17:31:53.718 7 INFO oslo.messaging._drivers.impl_rabbit [-] [b7563314-f856-4ff8-bb67-be2519c6a09d] Reconnected to AMQP server on rabbitmq-neutron.openstack.svc.cluster.local:5672 via [amqp] client with port 38742.
2026-07-09 17:31:53.765 7 INFO neutron.pecan_wsgi.hooks.translation [None req-53ebcf6f-ac8d-444b-951f-6424875195f9 60568f2c74be49cea6910e52d7c804b0 bfdd4aea41cb4e76b369636c97f9bb9d - - default default] GET failed (client error): The resource could not be found. [pid: 7|app: 0|req: 37/76] 199.19.213.108 () {44 vars in 937 bytes} [Thu Jul 9 17:31:53 2026] GET /v2.0/networks/lb-mgmt-net => generated 113 bytes in 69 msecs (HTTP/1.1 404) 4 headers in 164 bytes (1 switches on core 0)
2026-07-09 17:31:53.818 8 INFO oslo.messaging._drivers.impl_rabbit [-] [3b4e8acb-053c-43df-ac6a-39d0cb0f3cb3] Reconnected to AMQP server on rabbitmq-neutron.openstack.svc.cluster.local:5672 via [amqp] client with port 38752. [pid: 8|app: 0|req: 40/77] 199.19.213.108 () {44 vars in 959 bytes} [Thu Jul 9 17:31:53 2026] GET /v2.0/networks?name=lb-mgmt-net => generated 691 bytes in 52 msecs (HTTP/1.1 200) 4 headers in 157 bytes (1 switches on core 0)
2026-07-09 17:31:53.847 7 INFO neutron.pecan_wsgi.hooks.translation [None req-51b7d90b-97d6-4b55-a9b8-8aa89f14e3e7 60568f2c74be49cea6910e52d7c804b0 bfdd4aea41cb4e76b369636c97f9bb9d - - default default] GET failed (client error): The resource could not be found. [pid: 7|app: 0|req: 38/78] 199.19.213.108 () {44 vars in 1036 bytes} [Thu Jul 9 17:31:53 2026] GET /v2.0/subnets/lb-mgmt-subnet?network_id=dcd20482-e612-4f4d-b86d-55710c7589e2 => generated 114 bytes in 16 msecs (HTTP/1.1 404) 4 headers in 164 bytes (1 switches on core 0) [pid: 8|app: 0|req: 41/79] 199.19.213.108 () {44 vars in 1059 bytes} [Thu Jul 9 17:31:53 2026] GET /v2.0/subnets?name=lb-mgmt-subnet&network_id=dcd20482-e612-4f4d-b86d-55710c7589e2 => generated 14 bytes in 20 msecs (HTTP/1.1 200) 4 headers in 156 bytes (1 switches on core 0) [pid: 7|app: 0|req: 39/80] 199.19.213.108 () {48 vars in 965 bytes} [Thu Jul 9 17:31:53 2026] POST /v2.0/subnets => generated 651 bytes in 274 msecs (HTTP/1.1 201) 4 headers in 162 bytes (1 switches on core 0)
