+ COMMAND=start + start + for KEYSTONE_WSGI_SCRIPT in keystone-wsgi-public ++ type -p keystone-wsgi-public + cp -a /var/lib/openstack/bin/keystone-wsgi-public /var/www/cgi-bin/keystone/ + '[' -f /etc/apache2/envvars ']' + source /etc/apache2/envvars ++ unset HOME ++ '[' '' '!=' '' ']' ++ SUFFIX= ++ export APACHE_RUN_USER=www-data ++ APACHE_RUN_USER=www-data ++ export APACHE_RUN_GROUP=www-data ++ APACHE_RUN_GROUP=www-data ++ export APACHE_PID_FILE=/var/run/apache2/apache2.pid ++ APACHE_PID_FILE=/var/run/apache2/apache2.pid ++ export APACHE_RUN_DIR=/var/run/apache2 ++ APACHE_RUN_DIR=/var/run/apache2 ++ export APACHE_LOCK_DIR=/var/lock/apache2 ++ APACHE_LOCK_DIR=/var/lock/apache2 ++ export APACHE_LOG_DIR=/var/log/apache2 ++ APACHE_LOG_DIR=/var/log/apache2 ++ export LANG=C ++ LANG=C ++ export LANG + '[' -f /var/run/apache2/apache2.pid ']' + exec apache2 -DFOREGROUND AH00558: apache2: Could not reliably determine the server's fully qualified domain name, using 10.0.0.72. Set the 'ServerName' directive globally to suppress this message AH00558: apache2: Could not reliably determine the server's fully qualified domain name, using 10.0.0.72. Set the 'ServerName' directive globally to suppress this message
[Tue Jun 16 05:17:48.574529 2026] [mpm_event:notice] [pid 1:tid 140525919008640] AH00489: Apache/2.4.58 (Ubuntu) mod_wsgi/5.0.0 Python/3.12 configured -- resuming normal operations
[Tue Jun 16 05:17:48.574879 2026] [core:notice] [pid 1:tid 140525919008640] AH00094: Command line: 'apache2 -D FOREGROUND'
[Tue Jun 16 05:18:50.199395 2026] [wsgi:error] [pid 11:tid 140525282236096] /var/lib/openstack/lib/python3.12/site-packages/oslo_utils/importutils.py:77: EventletDeprecationWarning:
[Tue Jun 16 05:18:50.199452 2026] [wsgi:error] [pid 11:tid 140525282236096] Eventlet is deprecated. It is currently being maintained in bugfix mode, and
[Tue Jun 16 05:18:50.199455 2026] [wsgi:error] [pid 11:tid 140525282236096] we strongly recommend against using it for new projects.
[Tue Jun 16 05:18:50.199456 2026] [wsgi:error] [pid 11:tid 140525282236096]
[Tue Jun 16 05:18:50.199457 2026] [wsgi:error] [pid 11:tid 140525282236096] If you are already using Eventlet, we recommend migrating to a different
[Tue Jun 16 05:18:50.199458 2026] [wsgi:error] [pid 11:tid 140525282236096] framework. For more detail see
[Tue Jun 16 05:18:50.199459 2026] [wsgi:error] [pid 11:tid 140525282236096] https://eventlet.readthedocs.io/en/latest/asyncio/migration.html
[Tue Jun 16 05:18:50.199460 2026] [wsgi:error] [pid 11:tid 140525282236096]
[Tue Jun 16 05:18:50.199461 2026] [wsgi:error] [pid 11:tid 140525282236096] __import__(import_str)
[Tue Jun 16 05:18:50.205973 2026] [wsgi:error] [pid 10:tid 140525282236096] /var/lib/openstack/lib/python3.12/site-packages/oslo_utils/importutils.py:77: EventletDeprecationWarning:
[Tue Jun 16 05:18:50.206016 2026] [wsgi:error] [pid 10:tid 140525282236096] Eventlet is deprecated. It is currently being maintained in bugfix mode, and
[Tue Jun 16 05:18:50.206018 2026] [wsgi:error] [pid 10:tid 140525282236096] we strongly recommend against using it for new projects.
[Tue Jun 16 05:18:50.206019 2026] [wsgi:error] [pid 10:tid 140525282236096]
[Tue Jun 16 05:18:50.206020 2026] [wsgi:error] [pid 10:tid 140525282236096] If you are already using Eventlet, we recommend migrating to a different
[Tue Jun 16 05:18:50.206022 2026] [wsgi:error] [pid 10:tid 140525282236096] framework. For more detail see
[Tue Jun 16 05:18:50.206023 2026] [wsgi:error] [pid 10:tid 140525282236096] https://eventlet.readthedocs.io/en/latest/asyncio/migration.html
[Tue Jun 16 05:18:50.206024 2026] [wsgi:error] [pid 10:tid 140525282236096]
[Tue Jun 16 05:18:50.206025 2026] [wsgi:error] [pid 10:tid 140525282236096] __import__(import_str) 10.0.0.233 - - [16/Jun/2026:05:18:49 +0000] "GET /v3/ HTTP/1.1" 200 249 10.0.0.233 - - [16/Jun/2026:05:18:49 +0000] "GET /v3/ HTTP/1.1" 200 249
[Tue Jun 16 05:19:03.764408 2026] [wsgi:error] [pid 9:tid 140525282236096] /var/lib/openstack/lib/python3.12/site-packages/oslo_utils/importutils.py:77: EventletDeprecationWarning:
[Tue Jun 16 05:19:03.764458 2026] [wsgi:error] [pid 9:tid 140525282236096] Eventlet is deprecated. It is currently being maintained in bugfix mode, and
[Tue Jun 16 05:19:03.764460 2026] [wsgi:error] [pid 9:tid 140525282236096] we strongly recommend against using it for new projects.
[Tue Jun 16 05:19:03.764462 2026] [wsgi:error] [pid 9:tid 140525282236096]
[Tue Jun 16 05:19:03.764463 2026] [wsgi:error] [pid 9:tid 140525282236096] If you are already using Eventlet, we recommend migrating to a different
[Tue Jun 16 05:19:03.764465 2026] [wsgi:error] [pid 9:tid 140525282236096] framework. For more detail see
[Tue Jun 16 05:19:03.764466 2026] [wsgi:error] [pid 9:tid 140525282236096] https://eventlet.readthedocs.io/en/latest/asyncio/migration.html
[Tue Jun 16 05:19:03.764468 2026] [wsgi:error] [pid 9:tid 140525282236096]
[Tue Jun 16 05:19:03.764469 2026] [wsgi:error] [pid 9:tid 140525282236096] __import__(import_str) 10.0.0.142 - - [16/Jun/2026:05:19:02 +0000] "GET / HTTP/1.1" 300 295
[Tue Jun 16 05:19:09.128555 2026] [wsgi:error] [pid 12:tid 140525282236096] /var/lib/openstack/lib/python3.12/site-packages/oslo_utils/importutils.py:77: EventletDeprecationWarning:
[Tue Jun 16 05:19:09.128595 2026] [wsgi:error] [pid 12:tid 140525282236096] Eventlet is deprecated. It is currently being maintained in bugfix mode, and
[Tue Jun 16 05:19:09.128597 2026] [wsgi:error] [pid 12:tid 140525282236096] we strongly recommend against using it for new projects.
[Tue Jun 16 05:19:09.128598 2026] [wsgi:error] [pid 12:tid 140525282236096]
[Tue Jun 16 05:19:09.128599 2026] [wsgi:error] [pid 12:tid 140525282236096] If you are already using Eventlet, we recommend migrating to a different
[Tue Jun 16 05:19:09.128600 2026] [wsgi:error] [pid 12:tid 140525282236096] framework. For more detail see
[Tue Jun 16 05:19:09.128601 2026] [wsgi:error] [pid 12:tid 140525282236096] https://eventlet.readthedocs.io/en/latest/asyncio/migration.html
[Tue Jun 16 05:19:09.128603 2026] [wsgi:error] [pid 12:tid 140525282236096]
[Tue Jun 16 05:19:09.128604 2026] [wsgi:error] [pid 12:tid 140525282236096] __import__(import_str)
[Tue Jun 16 05:19:13.781389 2026] [wsgi:error] [pid 12:tid 140525282236096] [remote 10.0.0.142:33612] 2026-06-16 05:19:13.778 12 WARNING keystone.identity.core [None req-b9f4ebc4-30a2-49da-b808-e0f28450abe0 - - - - - -] Invalid domain name (atmosphere) found in config file name: keystone.exception.DomainNotFound: Could not find domain: atmosphere.
[Tue Jun 16 05:19:13.827434 2026] [wsgi:error] [pid 12:tid 140525282236096] [remote 10.0.0.142:33612] 2026-06-16 05:19:13.827 12 WARNING keystone.common.password_hashing [None req-b9f4ebc4-30a2-49da-b808-e0f28450abe0 - - - - - -] Truncating password to algorithm specific maximum length 72 characters.
[Tue Jun 16 05:19:14.104515 2026] [wsgi:error] [pid 12:tid 140525282236096] [remote 10.0.0.142:33612] 2026-06-16 05:19:14.104 12 WARNING keystone.common.fernet_utils [None req-b9f4ebc4-30a2-49da-b808-e0f28450abe0 - - - - - -] key_repository is world readable: /etc/keystone/fernet-keys/ 10.0.0.142 - - [16/Jun/2026:05:19:08 +0000] "POST /v3/auth/tokens HTTP/1.1" 201 1359
[Tue Jun 16 05:19:14.497389 2026] [wsgi:error] [pid 10:tid 140525282236096] [remote 10.0.0.142:33612] 2026-06-16 05:19:14.494 10 WARNING keystone.identity.core [None req-4c4a95d8-8d61-4c64-93ad-75294bdd74ba - - - - - -] Invalid domain name (atmosphere) found in config file name: keystone.exception.DomainNotFound: Could not find domain: atmosphere. 10.0.0.142 - - [16/Jun/2026:05:19:14 +0000] "POST /v3/domains HTTP/1.1" 201 261 10.0.0.67 - - [16/Jun/2026:05:19:27 +0000] "GET / HTTP/1.1" 300 295
[Tue Jun 16 05:19:27.363624 2026] [wsgi:error] [pid 9:tid 140525282236096] [remote 10.0.0.67:32954] 2026-06-16 05:19:27.362 9 WARNING keystone.common.password_hashing [None req-b68d88c3-e1fe-43e3-8e5d-c10afee2478e - - - - - -] Truncating password to algorithm specific maximum length 72 characters.
[Tue Jun 16 05:19:27.654311 2026] [wsgi:error] [pid 9:tid 140525282236096] [remote 10.0.0.67:32954] 2026-06-16 05:19:27.653 9 WARNING keystone.common.fernet_utils [None req-b68d88c3-e1fe-43e3-8e5d-c10afee2478e - - - - - -] key_repository is world readable: /etc/keystone/fernet-keys/ 10.0.0.67 - - [16/Jun/2026:05:19:27 +0000] "POST /v3/auth/tokens HTTP/1.1" 201 1359 10.0.0.67 - - [16/Jun/2026:05:19:27 +0000] "GET /v3/roles/admin HTTP/1.1" 404 83
[Tue Jun 16 05:19:27.911817 2026] [wsgi:error] [pid 10:tid 140525282236096] [remote 10.0.0.67:32954] 2026-06-16 05:19:27.911 10 WARNING keystone.common.rbac_enforcer.enforcer [None req-bb2733fa-7409-49e2-a926-d14e8d880035 4a970372f9ff46be9b3708679bc8b0b0 75ab84b2f24944f2b2c195bc224b25bf - - default default] Deprecated policy rules found. Use oslopolicy-policy-generator and oslopolicy-policy-upgrade to detect and resolve deprecated policies in your configuration. 10.0.0.67 - - [16/Jun/2026:05:19:27 +0000] "GET /v3/roles?name=admin HTTP/1.1" 200 389
[Tue Jun 16 05:19:28.453418 2026] [wsgi:error] [pid 11:tid 140525282236096] [remote 10.0.0.67:32954] 2026-06-16 05:19:28.453 11 WARNING keystone.common.rbac_enforcer.enforcer [None req-5db05217-9671-46c4-8e26-23c5100f0271 4a970372f9ff46be9b3708679bc8b0b0 75ab84b2f24944f2b2c195bc224b25bf - - default default] Deprecated policy rules found. Use oslopolicy-policy-generator and oslopolicy-policy-upgrade to detect and resolve deprecated policies in your configuration. 10.0.0.67 - - [16/Jun/2026:05:19:28 +0000] "GET /v3/users/admin-RegionOne HTTP/1.1" 404 93
[Tue Jun 16 05:19:28.593795 2026] [wsgi:error] [pid 9:tid 140525282236096] [remote 10.0.0.67:32954] 2026-06-16 05:19:28.593 9 WARNING keystone.common.rbac_enforcer.enforcer [None req-b7d89436-2bff-4291-bf2f-e1dd97868445 4a970372f9ff46be9b3708679bc8b0b0 75ab84b2f24944f2b2c195bc224b25bf - - default default] Deprecated policy rules found. Use oslopolicy-policy-generator and oslopolicy-policy-upgrade to detect and resolve deprecated policies in your configuration. 10.0.0.67 - - [16/Jun/2026:05:19:28 +0000] "GET /v3/users?name=admin-RegionOne HTTP/1.1" 200 422
[Tue Jun 16 05:19:28.890487 2026] [wsgi:error] [pid 12:tid 140525282236096] [remote 10.0.0.67:32954] 2026-06-16 05:19:28.890 12 WARNING keystone.common.rbac_enforcer.enforcer [None req-e3c25b94-2587-4f22-8b95-24d4f7fc6d47 4a970372f9ff46be9b3708679bc8b0b0 75ab84b2f24944f2b2c195bc224b25bf - - default default] Deprecated policy rules found. Use oslopolicy-policy-generator and oslopolicy-policy-upgrade to detect and resolve deprecated policies in your configuration. 10.0.0.67 - - [16/Jun/2026:05:19:28 +0000] "GET /v3/domains/default HTTP/1.1" 200 224 10.0.0.67 - - [16/Jun/2026:05:19:28 +0000] "PUT /v3/domains/default/users/4a970372f9ff46be9b3708679bc8b0b0/roles/e44dc8542093440ca481eb43b491e003 HTTP/1.1" 204 - 10.0.0.233 - - [16/Jun/2026:05:19:39 +0000] "GET / HTTP/1.1" 300 280 10.0.0.233 - - [16/Jun/2026:05:19:40 +0000] "GET /v3 HTTP/1.1" 200 265
[Tue Jun 16 05:19:40.551567 2026] [wsgi:error] [pid 12:tid 140525282236096] [remote 10.0.0.233:51706] 2026-06-16 05:19:40.551 12 WARNING keystone.common.password_hashing [None req-22812140-8506-4610-bde4-db03b11b7578 - - - - - -] Truncating password to algorithm specific maximum length 72 characters.
[Tue Jun 16 05:19:40.822989 2026] [wsgi:error] [pid 12:tid 140525282236096] [remote 10.0.0.233:51706] 2026-06-16 05:19:40.822 12 WARNING keystone.common.fernet_utils [None req-22812140-8506-4610-bde4-db03b11b7578 - - - - - -] key_repository is world readable: /etc/keystone/fernet-keys/ 10.0.0.233 - - [16/Jun/2026:05:19:40 +0000] "POST /v3/auth/tokens HTTP/1.1" 201 1359 10.0.0.233 - - [16/Jun/2026:05:19:40 +0000] "GET / HTTP/1.1" 300 280 10.0.0.233 - - [16/Jun/2026:05:19:40 +0000] "GET /v3/domains/atmosphere HTTP/1.1" 404 90 10.0.0.233 - - [16/Jun/2026:05:19:41 +0000] "GET /v3/domains?name=atmosphere HTTP/1.1" 200 368 10.0.0.233 - - [16/Jun/2026:05:19:41 +0000] "GET /v3/domains/a18f15151ef14bbe8d3fb81dd9677c0c HTTP/1.1" 200 246 10.0.0.233 - - [16/Jun/2026:05:19:41 +0000] "GET /v3 HTTP/1.1" 200 265
[Tue Jun 16 05:19:41.953606 2026] [wsgi:error] [pid 11:tid 140525282236096] [remote 10.0.0.233:50894] 2026-06-16 05:19:41.953 11 WARNING keystone.common.password_hashing [None req-d1b23904-e04d-498f-8be1-c4452d478484 - - - - - -] Truncating password to algorithm specific maximum length 72 characters.
[Tue Jun 16 05:19:42.232390 2026] [wsgi:error] [pid 11:tid 140525282236096] [remote 10.0.0.233:50894] 2026-06-16 05:19:42.232 11 WARNING keystone.common.fernet_utils [None req-d1b23904-e04d-498f-8be1-c4452d478484 - - - - - -] key_repository is world readable: /etc/keystone/fernet-keys/ 10.0.0.233 - - [16/Jun/2026:05:19:41 +0000] "POST /v3/auth/tokens HTTP/1.1" 201 1359 10.0.0.233 - - [16/Jun/2026:05:19:42 +0000] "GET / HTTP/1.1" 300 280 10.0.0.233 - - [16/Jun/2026:05:19:42 +0000] "GET /v3/OS-FEDERATION/identity_providers/atmosphere HTTP/1.1" 404 101 10.0.0.233 - - [16/Jun/2026:05:19:42 +0000] "GET /v3/OS-FEDERATION/identity_providers HTTP/1.1" 200 155 10.0.0.233 - - [16/Jun/2026:05:19:42 +0000] "PUT /v3/OS-FEDERATION/identity_providers/atmosphere HTTP/1.1" 201 340 10.0.0.233 - - [16/Jun/2026:05:19:42 +0000] "GET /v3 HTTP/1.1" 200 265
[Tue Jun 16 05:19:42.987655 2026] [wsgi:error] [pid 12:tid 140525282236096] [remote 10.0.0.233:50894] 2026-06-16 05:19:42.987 12 WARNING keystone.common.password_hashing [None req-dcb665a2-31e8-4b89-b7da-4d53574aca64 - - - - - -] Truncating password to algorithm specific maximum length 72 characters.
[Tue Jun 16 05:19:43.265726 2026] [wsgi:error] [pid 12:tid 140525282236096] [remote 10.0.0.233:50894] 2026-06-16 05:19:43.265 12 WARNING keystone.common.fernet_utils [None req-dcb665a2-31e8-4b89-b7da-4d53574aca64 - - - - - -] key_repository is world readable: /etc/keystone/fernet-keys/ 10.0.0.233 - - [16/Jun/2026:05:19:42 +0000] "POST /v3/auth/tokens HTTP/1.1" 201 1359 10.0.0.233 - - [16/Jun/2026:05:19:43 +0000] "GET / HTTP/1.1" 300 280 10.0.0.233 - - [16/Jun/2026:05:19:43 +0000] "GET /v3/OS-FEDERATION/mappings/atmosphere-openid HTTP/1.1" 404 98 10.0.0.233 - - [16/Jun/2026:05:19:43 +0000] "GET /v3/OS-FEDERATION/mappings HTTP/1.1" 200 135 10.0.0.233 - - [16/Jun/2026:05:19:43 +0000] "PUT /v3/OS-FEDERATION/mappings/atmosphere-openid HTTP/1.1" 201 356 10.0.0.233 - - [16/Jun/2026:05:19:43 +0000] "GET /v3 HTTP/1.1" 200 265
[Tue Jun 16 05:19:44.009646 2026] [wsgi:error] [pid 11:tid 140525282236096] [remote 10.0.0.233:51706] 2026-06-16 05:19:44.009 11 WARNING keystone.common.password_hashing [None req-4deac6f7-5309-45aa-910e-0dfe2a878c49 - - - - - -] Truncating password to algorithm specific maximum length 72 characters.
[Tue Jun 16 05:19:44.287410 2026] [wsgi:error] [pid 11:tid 140525282236096] [remote 10.0.0.233:51706] 2026-06-16 05:19:44.287 11 WARNING keystone.common.fernet_utils [None req-4deac6f7-5309-45aa-910e-0dfe2a878c49 - - - - - -] key_repository is world readable: /etc/keystone/fernet-keys/ 10.0.0.233 - - [16/Jun/2026:05:19:43 +0000] "POST /v3/auth/tokens HTTP/1.1" 201 1359 10.0.0.233 - - [16/Jun/2026:05:19:44 +0000] "GET / HTTP/1.1" 300 280 10.0.0.233 - - [16/Jun/2026:05:19:44 +0000] "GET /v3/OS-FEDERATION/identity_providers/atmosphere/protocols/openid?idp_id=atmosphere HTTP/1.1" 404 131 10.0.0.233 - - [16/Jun/2026:05:19:44 +0000] "GET /v3/OS-FEDERATION/identity_providers/atmosphere/protocols HTTP/1.1" 200 167 10.0.0.233 - - [16/Jun/2026:05:19:44 +0000] "PUT /v3/OS-FEDERATION/identity_providers/atmosphere/protocols/openid HTTP/1.1" 201 222 10.0.0.233 - - [16/Jun/2026:05:19:49 +0000] "GET /v3/ HTTP/1.1" 200 249 10.0.0.233 - - [16/Jun/2026:05:19:49 +0000] "GET /v3/ HTTP/1.1" 200 249 10.0.0.233 - - [16/Jun/2026:05:20:49 +0000] "GET /v3/ HTTP/1.1" 200 249 10.0.0.233 - - [16/Jun/2026:05:20:49 +0000] "GET /v3/ HTTP/1.1" 200 249 10.0.0.99 - - [16/Jun/2026:05:21:03 +0000] "GET / HTTP/1.1" 300 295
[Tue Jun 16 05:21:03.892331 2026] [wsgi:error] [pid 12:tid 140525282236096] [remote 10.0.0.99:44074] 2026-06-16 05:21:03.892 12 WARNING keystone.common.password_hashing [None req-d1074018-003d-40ba-872d-000c90021c34 - - - - - -] Truncating password to algorithm specific maximum length 72 characters.
[Tue Jun 16 05:21:04.167257 2026] [wsgi:error] [pid 12:tid 140525282236096] [remote 10.0.0.99:44074] 2026-06-16 05:21:04.167 12 WARNING keystone.common.fernet_utils [None req-d1074018-003d-40ba-872d-000c90021c34 - - - - - -] key_repository is world readable: /etc/keystone/fernet-keys/ 10.0.0.99 - - [16/Jun/2026:05:21:03 +0000] "POST /v3/auth/tokens HTTP/1.1" 201 1359 10.0.0.99 - - [16/Jun/2026:05:21:04 +0000] "GET /v3/services HTTP/1.1" 200 355 10.0.0.99 - - [16/Jun/2026:05:21:07 +0000] "GET / HTTP/1.1" 300 295
[Tue Jun 16 05:21:07.822918 2026] [wsgi:error] [pid 9:tid 140525282236096] [remote 10.0.0.99:44078] 2026-06-16 05:21:07.822 9 WARNING keystone.common.password_hashing [None req-1143cfe9-11a6-41b5-a158-9e1ac0c14911 - - - - - -] Truncating password to algorithm specific maximum length 72 characters.
[Tue Jun 16 05:21:08.108316 2026] [wsgi:error] [pid 9:tid 140525282236096] [remote 10.0.0.99:44078] 2026-06-16 05:21:08.108 9 WARNING keystone.common.fernet_utils [None req-1143cfe9-11a6-41b5-a158-9e1ac0c14911 - - - - - -] key_repository is world readable: /etc/keystone/fernet-keys/ 10.0.0.99 - - [16/Jun/2026:05:21:07 +0000] "POST /v3/auth/tokens HTTP/1.1" 201 1359 10.0.0.99 - - [16/Jun/2026:05:21:08 +0000] "GET /v3/services HTTP/1.1" 200 355 10.0.0.99 - - [16/Jun/2026:05:21:11 +0000] "GET / HTTP/1.1" 300 295
[Tue Jun 16 05:21:11.642848 2026] [wsgi:error] [pid 11:tid 140525282236096] [remote 10.0.0.99:44776] 2026-06-16 05:21:11.642 11 WARNING keystone.common.password_hashing [None req-1b5b195b-ceb1-4f45-998c-6c3aef0bc368 - - - - - -] Truncating password to algorithm specific maximum length 72 characters.
[Tue Jun 16 05:21:11.924550 2026] [wsgi:error] [pid 11:tid 140525282236096] [remote 10.0.0.99:44776] 2026-06-16 05:21:11.924 11 WARNING keystone.common.fernet_utils [None req-1b5b195b-ceb1-4f45-998c-6c3aef0bc368 - - - - - -] key_repository is world readable: /etc/keystone/fernet-keys/ 10.0.0.99 - - [16/Jun/2026:05:21:11 +0000] "POST /v3/auth/tokens HTTP/1.1" 201 1359 10.0.0.99 - - [16/Jun/2026:05:21:12 +0000] "GET /v3/services HTTP/1.1" 200 355 10.0.0.99 - - [16/Jun/2026:05:21:15 +0000] "GET / HTTP/1.1" 300 295
[Tue Jun 16 05:21:15.582342 2026] [wsgi:error] [pid 10:tid 140525282236096] [remote 10.0.0.99:44780] 2026-06-16 05:21:15.581 10 WARNING keystone.common.password_hashing [None req-3e5f15da-b231-4eac-a9ae-38ad501c4c55 - - - - - -] Truncating password to algorithm specific maximum length 72 characters.
[Tue Jun 16 05:21:15.860525 2026] [wsgi:error] [pid 10:tid 140525282236096] [remote 10.0.0.99:44780] 2026-06-16 05:21:15.860 10 WARNING keystone.common.fernet_utils [None req-3e5f15da-b231-4eac-a9ae-38ad501c4c55 - - - - - -] key_repository is world readable: /etc/keystone/fernet-keys/ 10.0.0.99 - - [16/Jun/2026:05:21:15 +0000] "POST /v3/auth/tokens HTTP/1.1" 201 1359 10.0.0.99 - - [16/Jun/2026:05:21:15 +0000] "POST /v3/services HTTP/1.1" 201 296 10.0.0.102 - - [16/Jun/2026:05:21:27 +0000] "GET / HTTP/1.1" 300 295
[Tue Jun 16 05:21:27.067954 2026] [wsgi:error] [pid 12:tid 140525282236096] [remote 10.0.0.102:41934] 2026-06-16 05:21:27.067 12 WARNING keystone.common.password_hashing [None req-93fd1d66-3c0d-4cc8-ba5a-3c748a97d659 - - - - - -] Truncating password to algorithm specific maximum length 72 characters. 10.0.0.102 - - [16/Jun/2026:05:21:27 +0000] "GET / HTTP/1.1" 300 295
[Tue Jun 16 05:21:27.311831 2026] [wsgi:error] [pid 11:tid 140525282236096] [remote 10.0.0.102:41936] 2026-06-16 05:21:27.311 11 WARNING keystone.common.password_hashing [None req-13104d59-a855-4d25-b99f-56e03c74c849 - - - - - -] Truncating password to algorithm specific maximum length 72 characters. 10.0.0.102 - - [16/Jun/2026:05:21:27 +0000] "GET / HTTP/1.1" 300 295
[Tue Jun 16 05:21:27.351382 2026] [wsgi:error] [pid 10:tid 140525282236096] [remote 10.0.0.102:41952] 2026-06-16 05:21:27.351 10 WARNING keystone.common.password_hashing [None req-8684570b-09e6-435d-a497-6d872808b88d - - - - - -] Truncating password to algorithm specific maximum length 72 characters.
[Tue Jun 16 05:21:27.355848 2026] [wsgi:error] [pid 12:tid 140525282236096] [remote 10.0.0.102:41934] 2026-06-16 05:21:27.355 12 WARNING keystone.common.fernet_utils [None req-93fd1d66-3c0d-4cc8-ba5a-3c748a97d659 - - - - - -] key_repository is world readable: /etc/keystone/fernet-keys/ 10.0.0.102 - - [16/Jun/2026:05:21:27 +0000] "POST /v3/auth/tokens HTTP/1.1" 201 1463 10.0.0.102 - - [16/Jun/2026:05:21:27 +0000] "GET /v3/services HTTP/1.1" 200 639
[Tue Jun 16 05:21:27.604418 2026] [wsgi:error] [pid 11:tid 140525282236096] [remote 10.0.0.102:41936] 2026-06-16 05:21:27.604 11 WARNING keystone.common.fernet_utils [None req-13104d59-a855-4d25-b99f-56e03c74c849 - - - - - -] key_repository is world readable: /etc/keystone/fernet-keys/ 10.0.0.102 - - [16/Jun/2026:05:21:27 +0000] "POST /v3/auth/tokens HTTP/1.1" 201 1463
[Tue Jun 16 05:21:27.622211 2026] [wsgi:error] [pid 10:tid 140525282236096] [remote 10.0.0.102:41952] 2026-06-16 05:21:27.622 10 WARNING keystone.common.fernet_utils [None req-8684570b-09e6-435d-a497-6d872808b88d - - - - - -] key_repository is world readable: /etc/keystone/fernet-keys/ 10.0.0.102 - - [16/Jun/2026:05:21:27 +0000] "POST /v3/auth/tokens HTTP/1.1" 201 1463 10.0.0.102 - - [16/Jun/2026:05:21:27 +0000] "GET /v3/services HTTP/1.1" 200 639 10.0.0.102 - - [16/Jun/2026:05:21:27 +0000] "GET /v3/services HTTP/1.1" 200 639 10.0.0.102 - - [16/Jun/2026:05:21:28 +0000] "GET / HTTP/1.1" 300 295
[Tue Jun 16 05:21:28.966483 2026] [wsgi:error] [pid 10:tid 140525282236096] [remote 10.0.0.102:41966] 2026-06-16 05:21:28.966 10 WARNING keystone.common.password_hashing [None req-e10d4160-6250-42e8-af5d-df10a35790ab - - - - - -] Truncating password to algorithm specific maximum length 72 characters.
[Tue Jun 16 05:21:29.239987 2026] [wsgi:error] [pid 10:tid 140525282236096] [remote 10.0.0.102:41966] 2026-06-16 05:21:29.239 10 WARNING keystone.common.fernet_utils [None req-e10d4160-6250-42e8-af5d-df10a35790ab - - - - - -] key_repository is world readable: /etc/keystone/fernet-keys/ 10.0.0.102 - - [16/Jun/2026:05:21:28 +0000] "POST /v3/auth/tokens HTTP/1.1" 201 1463 10.0.0.102 - - [16/Jun/2026:05:21:29 +0000] "GET / HTTP/1.1" 300 295 10.0.0.102 - - [16/Jun/2026:05:21:29 +0000] "GET / HTTP/1.1" 300 295
[Tue Jun 16 05:21:29.273733 2026] [wsgi:error] [pid 11:tid 140525282236096] [remote 10.0.0.102:41972] 2026-06-16 05:21:29.273 11 WARNING keystone.common.password_hashing [None req-375f34ac-beca-4a4d-a75b-b7832d26d766 - - - - - -] Truncating password to algorithm specific maximum length 72 characters.
[Tue Jun 16 05:21:29.276793 2026] [wsgi:error] [pid 10:tid 140525282236096] [remote 10.0.0.102:41978] 2026-06-16 05:21:29.276 10 WARNING keystone.common.password_hashing [None req-83619ee2-4c14-4bb4-8856-0ec407e1111e - - - - - -] Truncating password to algorithm specific maximum length 72 characters. 10.0.0.102 - - [16/Jun/2026:05:21:29 +0000] "GET /v3/endpoints HTTP/1.1" 200 1226 10.0.0.102 - - [16/Jun/2026:05:21:29 +0000] "GET /v3/services/a565c39c0c7b4948abefc8e48de9b26f HTTP/1.1" 200 233 10.0.0.102 - - [16/Jun/2026:05:21:29 +0000] "GET /v3/services/a565c39c0c7b4948abefc8e48de9b26f HTTP/1.1" 200 233 10.0.0.102 - - [16/Jun/2026:05:21:29 +0000] "GET /v3/services/a565c39c0c7b4948abefc8e48de9b26f HTTP/1.1" 200 233
[Tue Jun 16 05:21:29.544332 2026] [wsgi:error] [pid 11:tid 140525282236096] [remote 10.0.0.102:41972] 2026-06-16 05:21:29.544 11 WARNING keystone.common.fernet_utils [None req-375f34ac-beca-4a4d-a75b-b7832d26d766 - - - - - -] key_repository is world readable: /etc/keystone/fernet-keys/
[Tue Jun 16 05:21:29.547739 2026] [wsgi:error] [pid 10:tid 140525282236096] [remote 10.0.0.102:41978] 2026-06-16 05:21:29.547 10 WARNING keystone.common.fernet_utils [None req-83619ee2-4c14-4bb4-8856-0ec407e1111e - - - - - -] key_repository is world readable: /etc/keystone/fernet-keys/ 10.0.0.102 - - [16/Jun/2026:05:21:29 +0000] "POST /v3/auth/tokens HTTP/1.1" 201 1463 10.0.0.102 - - [16/Jun/2026:05:21:29 +0000] "POST /v3/auth/tokens HTTP/1.1" 201 1463 10.0.0.102 - - [16/Jun/2026:05:21:29 +0000] "GET /v3/endpoints HTTP/1.1" 200 1226 10.0.0.102 - - [16/Jun/2026:05:21:29 +0000] "GET /v3/endpoints HTTP/1.1" 200 1226 10.0.0.102 - - [16/Jun/2026:05:21:29 +0000] "GET /v3/services/a565c39c0c7b4948abefc8e48de9b26f HTTP/1.1" 200 233 10.0.0.102 - - [16/Jun/2026:05:21:29 +0000] "GET /v3/services/a565c39c0c7b4948abefc8e48de9b26f HTTP/1.1" 200 233 10.0.0.102 - - [16/Jun/2026:05:21:29 +0000] "GET /v3/services/a565c39c0c7b4948abefc8e48de9b26f HTTP/1.1" 200 233 10.0.0.102 - - [16/Jun/2026:05:21:29 +0000] "GET /v3/services/a565c39c0c7b4948abefc8e48de9b26f HTTP/1.1" 200 233 10.0.0.102 - - [16/Jun/2026:05:21:29 +0000] "GET /v3/services/a565c39c0c7b4948abefc8e48de9b26f HTTP/1.1" 200 233 10.0.0.102 - - [16/Jun/2026:05:21:29 +0000] "GET /v3/services/a565c39c0c7b4948abefc8e48de9b26f HTTP/1.1" 200 233 10.0.0.102 - - [16/Jun/2026:05:21:30 +0000] "GET / HTTP/1.1" 300 295
[Tue Jun 16 05:21:30.953284 2026] [wsgi:error] [pid 9:tid 140525282236096] [remote 10.0.0.102:49544] 2026-06-16 05:21:30.953 9 WARNING keystone.common.password_hashing [None req-7b71b74f-7734-40c7-b706-65fac8942abf - - - - - -] Truncating password to algorithm specific maximum length 72 characters. 10.0.0.102 - - [16/Jun/2026:05:21:31 +0000] "GET / HTTP/1.1" 300 295
[Tue Jun 16 05:21:31.184343 2026] [wsgi:error] [pid 10:tid 140525282236096] [remote 10.0.0.102:49546] 2026-06-16 05:21:31.184 10 WARNING keystone.common.password_hashing [None req-92ded9c7-37af-4acd-90c8-2563981d023c - - - - - -] Truncating password to algorithm specific maximum length 72 characters. 10.0.0.102 - - [16/Jun/2026:05:21:31 +0000] "GET / HTTP/1.1" 300 295
[Tue Jun 16 05:21:31.248668 2026] [wsgi:error] [pid 9:tid 140525282236096] [remote 10.0.0.102:49544] 2026-06-16 05:21:31.248 9 WARNING keystone.common.fernet_utils [None req-7b71b74f-7734-40c7-b706-65fac8942abf - - - - - -] key_repository is world readable: /etc/keystone/fernet-keys/ 10.0.0.102 - - [16/Jun/2026:05:21:30 +0000] "POST /v3/auth/tokens HTTP/1.1" 201 1463
[Tue Jun 16 05:21:31.261182 2026] [wsgi:error] [pid 11:tid 140525282236096] [remote 10.0.0.102:49552] 2026-06-16 05:21:31.260 11 WARNING keystone.common.password_hashing [None req-314975a8-b7eb-40aa-826f-0483fd441e53 - - - - - -] Truncating password to algorithm specific maximum length 72 characters. 10.0.0.102 - - [16/Jun/2026:05:21:31 +0000] "GET /v3/services/c6e52ee8662842a0a6977c8737934386 HTTP/1.1" 200 296 10.0.0.102 - - [16/Jun/2026:05:21:31 +0000] "GET /v3/regions/RegionOne HTTP/1.1" 200 173
[Tue Jun 16 05:21:31.467998 2026] [wsgi:error] [pid 10:tid 140525282236096] [remote 10.0.0.102:49546] 2026-06-16 05:21:31.467 10 WARNING keystone.common.fernet_utils [None req-92ded9c7-37af-4acd-90c8-2563981d023c - - - - - -] key_repository is world readable: /etc/keystone/fernet-keys/ 10.0.0.102 - - [16/Jun/2026:05:21:31 +0000] "POST /v3/auth/tokens HTTP/1.1" 201 1463
[Tue Jun 16 05:21:31.532739 2026] [wsgi:error] [pid 11:tid 140525282236096] [remote 10.0.0.102:49552] 2026-06-16 05:21:31.532 11 WARNING keystone.common.fernet_utils [None req-314975a8-b7eb-40aa-826f-0483fd441e53 - - - - - -] key_repository is world readable: /etc/keystone/fernet-keys/ 10.0.0.102 - - [16/Jun/2026:05:21:31 +0000] "POST /v3/auth/tokens HTTP/1.1" 201 1463 10.0.0.102 - - [16/Jun/2026:05:21:31 +0000] "POST /v3/endpoints HTTP/1.1" 201 380 10.0.0.102 - - [16/Jun/2026:05:21:31 +0000] "GET /v3/services/c6e52ee8662842a0a6977c8737934386 HTTP/1.1" 200 296 10.0.0.102 - - [16/Jun/2026:05:21:31 +0000] "GET /v3/regions/RegionOne HTTP/1.1" 200 173 10.0.0.102 - - [16/Jun/2026:05:21:31 +0000] "GET /v3/services/c6e52ee8662842a0a6977c8737934386 HTTP/1.1" 200 296 10.0.0.102 - - [16/Jun/2026:05:21:31 +0000] "POST /v3/endpoints HTTP/1.1" 201 383 10.0.0.102 - - [16/Jun/2026:05:21:31 +0000] "GET /v3/regions/RegionOne HTTP/1.1" 200 173 10.0.0.102 - - [16/Jun/2026:05:21:31 +0000] "POST /v3/endpoints HTTP/1.1" 201 369 10.0.0.102 - - [16/Jun/2026:05:21:32 +0000] "GET / HTTP/1.1" 300 295
[Tue Jun 16 05:21:33.018762 2026] [wsgi:error] [pid 12:tid 140525282236096] [remote 10.0.0.102:49554] 2026-06-16 05:21:33.018 12 WARNING keystone.common.password_hashing [None req-c8418cef-6ca5-4a3c-a010-2c920fd0fd89 - - - - - -] Truncating password to algorithm specific maximum length 72 characters. 10.0.0.102 - - [16/Jun/2026:05:21:33 +0000] "GET / HTTP/1.1" 300 295 10.0.0.102 - - [16/Jun/2026:05:21:33 +0000] "GET / HTTP/1.1" 300 295
[Tue Jun 16 05:21:33.160251 2026] [wsgi:error] [pid 10:tid 140525282236096] [remote 10.0.0.102:49564] 2026-06-16 05:21:33.160 10 WARNING keystone.common.password_hashing [None req-f78cbbaa-9c38-4bca-a7e3-d1e518794252 - - - - - -] Truncating password to algorithm specific maximum length 72 characters.
[Tue Jun 16 05:21:33.189147 2026] [wsgi:error] [pid 9:tid 140525282236096] [remote 10.0.0.102:49578] 2026-06-16 05:21:33.188 9 WARNING keystone.common.password_hashing [None req-80e9511d-f2df-4a6d-aa15-2f36e0c52b02 - - - - - -] Truncating password to algorithm specific maximum length 72 characters.
[Tue Jun 16 05:21:33.293836 2026] [wsgi:error] [pid 12:tid 140525282236096] [remote 10.0.0.102:49554] 2026-06-16 05:21:33.293 12 WARNING keystone.common.fernet_utils [None req-c8418cef-6ca5-4a3c-a010-2c920fd0fd89 - - - - - -] key_repository is world readable: /etc/keystone/fernet-keys/ 10.0.0.102 - - [16/Jun/2026:05:21:32 +0000] "POST /v3/auth/tokens HTTP/1.1" 201 1990 10.0.0.102 - - [16/Jun/2026:05:21:33 +0000] "GET /v3/endpoints/572c98bbfe0b4b9aae6ec5e0c42da5bf HTTP/1.1" 200 380
[Tue Jun 16 05:21:33.457129 2026] [wsgi:error] [pid 10:tid 140525282236096] [remote 10.0.0.102:49564] 2026-06-16 05:21:33.456 10 WARNING keystone.common.fernet_utils [None req-f78cbbaa-9c38-4bca-a7e3-d1e518794252 - - - - - -] key_repository is world readable: /etc/keystone/fernet-keys/ 10.0.0.102 - - [16/Jun/2026:05:21:33 +0000] "GET /v3/services/c6e52ee8662842a0a6977c8737934386 HTTP/1.1" 200 296 10.0.0.102 - - [16/Jun/2026:05:21:33 +0000] "POST /v3/auth/tokens HTTP/1.1" 201 1990
[Tue Jun 16 05:21:33.466994 2026] [wsgi:error] [pid 9:tid 140525282236096] [remote 10.0.0.102:49578] 2026-06-16 05:21:33.466 9 WARNING keystone.common.fernet_utils [None req-80e9511d-f2df-4a6d-aa15-2f36e0c52b02 - - - - - -] key_repository is world readable: /etc/keystone/fernet-keys/ 10.0.0.102 - - [16/Jun/2026:05:21:33 +0000] "POST /v3/auth/tokens HTTP/1.1" 201 1990 10.0.0.102 - - [16/Jun/2026:05:21:33 +0000] "GET /v3/endpoints/26147f7aeb7845978b1a9f1896ca1f1a HTTP/1.1" 200 383 10.0.0.102 - - [16/Jun/2026:05:21:33 +0000] "GET /v3/endpoints/67d36c50758e41608ff8fe73f3ae861e HTTP/1.1" 200 369 10.0.0.102 - - [16/Jun/2026:05:21:33 +0000] "GET /v3/services/c6e52ee8662842a0a6977c8737934386 HTTP/1.1" 200 296 10.0.0.102 - - [16/Jun/2026:05:21:33 +0000] "GET /v3/services/c6e52ee8662842a0a6977c8737934386 HTTP/1.1" 200 296 10.0.0.27 - - [16/Jun/2026:05:21:44 +0000] "GET / HTTP/1.1" 300 295
[Tue Jun 16 05:21:44.333798 2026] [wsgi:error] [pid 12:tid 140525282236096] [remote 10.0.0.27:56624] 2026-06-16 05:21:44.333 12 WARNING keystone.common.password_hashing [None req-fb67a8d0-e135-4ffe-a20a-cefb6fcf6e51 - - - - - -] Truncating password to algorithm specific maximum length 72 characters.
[Tue Jun 16 05:21:44.610549 2026] [wsgi:error] [pid 12:tid 140525282236096] [remote 10.0.0.27:56624] 2026-06-16 05:21:44.610 12 WARNING keystone.common.fernet_utils [None req-fb67a8d0-e135-4ffe-a20a-cefb6fcf6e51 - - - - - -] key_repository is world readable: /etc/keystone/fernet-keys/ 10.0.0.27 - - [16/Jun/2026:05:21:44 +0000] "POST /v3/auth/tokens HTTP/1.1" 201 1990 10.0.0.27 - - [16/Jun/2026:05:21:44 +0000] "POST /v3/domains HTTP/1.1" 201 284 10.0.0.27 - - [16/Jun/2026:05:21:46 +0000] "GET / HTTP/1.1" 300 295
[Tue Jun 16 05:21:46.263895 2026] [wsgi:error] [pid 11:tid 140525282236096] [remote 10.0.0.27:56640] 2026-06-16 05:21:46.263 11 WARNING keystone.common.password_hashing [None req-e99e7dbc-2505-4e4b-9998-f74672c1f576 - - - - - -] Truncating password to algorithm specific maximum length 72 characters.
[Tue Jun 16 05:21:46.539137 2026] [wsgi:error] [pid 11:tid 140525282236096] [remote 10.0.0.27:56640] 2026-06-16 05:21:46.538 11 WARNING keystone.common.fernet_utils [None req-e99e7dbc-2505-4e4b-9998-f74672c1f576 - - - - - -] key_repository is world readable: /etc/keystone/fernet-keys/ 10.0.0.27 - - [16/Jun/2026:05:21:46 +0000] "POST /v3/auth/tokens HTTP/1.1" 201 1990
[Tue Jun 16 05:21:46.723766 2026] [wsgi:error] [pid 12:tid 140525282236096] [remote 10.0.0.27:56640] 2026-06-16 05:21:46.712 12 ERROR keystone.server.flask.application [None req-2ec62fe6-fbf0-425a-bfc1-07901bcf9447 4a970372f9ff46be9b3708679bc8b0b0 75ab84b2f24944f2b2c195bc224b25bf - - default default] Conflict occurred attempting to store project - it is not permitted to have two projects acting as domains with the same name: service.: keystone.exception.Conflict: Conflict occurred attempting to store project - it is not permitted to have two projects acting as domains with the same name: service.
[Tue Jun 16 05:21:46.723792 2026] [wsgi:error] [pid 12:tid 140525282236096] [remote 10.0.0.27:56640] 2026-06-16 05:21:46.712 12 ERROR keystone.server.flask.application
Traceback (most recent call last):
[Tue Jun 16 05:21:46.723794 2026] [wsgi:error] [pid 12:tid 140525282236096] [remote 10.0.0.27:56640] 2026-06-16 05:21:46.712 12 ERROR keystone.server.flask.application
File "/var/lib/openstack/lib/python3.12/site-packages/sqlalchemy/engine/base.py", line 1969, in _exec_single_context
[Tue Jun 16 05:21:46.723796 2026] [wsgi:error] [pid 12:tid 140525282236096] [remote 10.0.0.27:56640] 2026-06-16 05:21:46.712 12 ERROR keystone.server.flask.application self.dialect.do_execute(
[Tue Jun 16 05:21:46.723797 2026] [wsgi:error] [pid 12:tid 140525282236096] [remote 10.0.0.27:56640] 2026-06-16 05:21:46.712 12 ERROR keystone.server.flask.application
File "/var/lib/openstack/lib/python3.12/site-packages/sqlalchemy/engine/default.py", line 952, in do_execute
[Tue Jun 16 05:21:46.723799 2026] [wsgi:error] [pid 12:tid 140525282236096] [remote 10.0.0.27:56640] 2026-06-16 05:21:46.712 12 ERROR keystone.server.flask.application cursor.execute(statement, parameters)
[Tue Jun 16 05:21:46.723801 2026] [wsgi:error] [pid 12:tid 140525282236096] [remote 10.0.0.27:56640] 2026-06-16 05:21:46.712 12 ERROR keystone.server.flask.application
File "/var/lib/openstack/lib/python3.12/site-packages/pymysql/cursors.py", line 159, in execute
[Tue Jun 16 05:21:46.723802 2026] [wsgi:error] [pid 12:tid 140525282236096] [remote 10.0.0.27:56640] 2026-06-16 05:21:46.712 12 ERROR keystone.server.flask.application result = self._query(query)
[Tue Jun 16 05:21:46.723803 2026] [wsgi:error] [pid 12:tid 140525282236096] [remote 10.0.0.27:56640] 2026-06-16 05:21:46.712 12 ERROR keystone.server.flask.application ^^^^^^^^^^^^^^^^^^
[Tue Jun 16 05:21:46.723805 2026] [wsgi:error] [pid 12:tid 140525282236096] [remote 10.0.0.27:56640] 2026-06-16 05:21:46.712 12 ERROR keystone.server.flask.application
File "/var/lib/openstack/lib/python3.12/site-packages/pymysql/cursors.py", line 330, in _query
[Tue Jun 16 05:21:46.723806 2026] [wsgi:error] [pid 12:tid 140525282236096] [remote 10.0.0.27:56640] 2026-06-16 05:21:46.712 12 ERROR keystone.server.flask.application conn.query(q)
[Tue Jun 16 05:21:46.723807 2026] [wsgi:error] [pid 12:tid 140525282236096] [remote 10.0.0.27:56640] 2026-06-16 05:21:46.712 12 ERROR keystone.server.flask.application
File "/var/lib/openstack/lib/python3.12/site-packages/pymysql/connections.py", line 582, in query
[Tue Jun 16 05:21:46.723809 2026] [wsgi:error] [pid 12:tid 140525282236096] [remote 10.0.0.27:56640] 2026-06-16 05:21:46.712 12 ERROR keystone.server.flask.application self._affected_rows = self._read_query_result(unbuffered=unbuffered)
[Tue Jun 16 05:21:46.723810 2026] [wsgi:error] [pid 12:tid 140525282236096] [remote 10.0.0.27:56640] 2026-06-16 05:21:46.712 12 ERROR keystone.server.flask.application ^^^^^^^^^^^^^^^^^^^^^^^^^^^^^^^^^^^^^^^^^^^^^^
[Tue Jun 16 05:21:46.723812 2026] [wsgi:error] [pid 12:tid 140525282236096] [remote 10.0.0.27:56640] 2026-06-16 05:21:46.712 12 ERROR keystone.server.flask.application
File "/var/lib/openstack/lib/python3.12/site-packages/pymysql/connections.py", line 847, in _read_query_result
[Tue Jun 16 05:21:46.723813 2026] [wsgi:error] [pid 12:tid 140525282236096] [remote 10.0.0.27:56640] 2026-06-16 05:21:46.712 12 ERROR keystone.server.flask.application result.read()
[Tue Jun 16 05:21:46.723816 2026] [wsgi:error] [pid 12:tid 140525282236096] [remote 10.0.0.27:56640] 2026-06-16 05:21:46.712 12 ERROR keystone.server.flask.application
File "/var/lib/openstack/lib/python3.12/site-packages/pymysql/connections.py", line 1245, in read
[Tue Jun 16 05:21:46.723817 2026] [wsgi:error] [pid 12:tid 140525282236096] [remote 10.0.0.27:56640] 2026-06-16 05:21:46.712 12 ERROR keystone.server.flask.application first_packet = self.connection._read_packet()
[Tue Jun 16 05:21:46.723819 2026] [wsgi:error] [pid 12:tid 140525282236096] [remote 10.0.0.27:56640] 2026-06-16 05:21:46.712 12 ERROR keystone.server.flask.application ^^^^^^^^^^^^^^^^^^^^^^^^^^^^^^
[Tue Jun 16 05:21:46.723820 2026] [wsgi:error] [pid 12:tid 140525282236096] [remote 10.0.0.27:56640] 2026-06-16 05:21:46.712 12 ERROR keystone.server.flask.application
File "/var/lib/openstack/lib/python3.12/site-packages/pymysql/connections.py", line 803, in _read_packet
[Tue Jun 16 05:21:46.723822 2026] [wsgi:error] [pid 12:tid 140525282236096] [remote 10.0.0.27:56640] 2026-06-16 05:21:46.712 12 ERROR keystone.server.flask.application packet.raise_for_error()
[Tue Jun 16 05:21:46.723823 2026] [wsgi:error] [pid 12:tid 140525282236096] [remote 10.0.0.27:56640] 2026-06-16 05:21:46.712 12 ERROR keystone.server.flask.application
File "/var/lib/openstack/lib/python3.12/site-packages/pymysql/protocol.py", line 219, in raise_for_error
[Tue Jun 16 05:21:46.723825 2026] [wsgi:error] [pid 12:tid 140525282236096] [remote 10.0.0.27:56640] 2026-06-16 05:21:46.712 12 ERROR keystone.server.flask.application err.raise_mysql_exception(self._data)
[Tue Jun 16 05:21:46.723826 2026] [wsgi:error] [pid 12:tid 140525282236096] [remote 10.0.0.27:56640] 2026-06-16 05:21:46.712 12 ERROR keystone.server.flask.application
File "/var/lib/openstack/lib/python3.12/site-packages/pymysql/err.py", line 154, in raise_mysql_exception
[Tue Jun 16 05:21:46.723828 2026] [wsgi:error] [pid 12:tid 140525282236096] [remote 10.0.0.27:56640] 2026-06-16 05:21:46.712 12 ERROR keystone.server.flask.application raise errorclass(errno, errval, sqlstate=sqlstate)
[Tue Jun 16 05:21:46.723829 2026] [wsgi:error] [pid 12:tid 140525282236096] [remote 10.0.0.27:56640] 2026-06-16 05:21:46.712 12 ERROR keystone.server.flask.application pymysql.err.IntegrityError: (1062, "Duplicate entry '<>-service' for key 'project.ixu_project_name_domain_id'")
[Tue Jun 16 05:21:46.723831 2026] [wsgi:error] [pid 12:tid 140525282236096] [remote 10.0.0.27:56640] 2026-06-16 05:21:46.712 12 ERROR keystone.server.flask.application
[Tue Jun 16 05:21:46.723832 2026] [wsgi:error] [pid 12:tid 140525282236096] [remote 10.0.0.27:56640] 2026-06-16 05:21:46.712 12 ERROR keystone.server.flask.application The above exception was the direct cause of the following exception:
[Tue Jun 16 05:21:46.723833 2026] [wsgi:error] [pid 12:tid 140525282236096] [remote 10.0.0.27:56640] 2026-06-16 05:21:46.712 12 ERROR keystone.server.flask.application
[Tue Jun 16 05:21:46.723834 2026] [wsgi:error] [pid 12:tid 140525282236096] [remote 10.0.0.27:56640] 2026-06-16 05:21:46.712 12 ERROR keystone.server.flask.application
Traceback (most recent call last):
[Tue Jun 16 05:21:46.723836 2026] [wsgi:error] [pid 12:tid 140525282236096] [remote 10.0.0.27:56640] 2026-06-16 05:21:46.712 12 ERROR keystone.server.flask.application
File "/var/lib/openstack/lib/python3.12/site-packages/keystone/common/sql/core.py", line 575, in wrapper
[Tue Jun 16 05:21:46.723837 2026] [wsgi:error] [pid 12:tid 140525282236096] [remote 10.0.0.27:56640] 2026-06-16 05:21:46.712 12 ERROR keystone.server.flask.application return method(*args, **kwargs)
[Tue Jun 16 05:21:46.723838 2026] [wsgi:error] [pid 12:tid 140525282236096] [remote 10.0.0.27:56640] 2026-06-16 05:21:46.712 12 ERROR keystone.server.flask.application ^^^^^^^^^^^^^^^^^^^^^^^
[Tue Jun 16 05:21:46.723841 2026] [wsgi:error] [pid 12:tid 140525282236096] [remote 10.0.0.27:56640] 2026-06-16 05:21:46.712 12 ERROR keystone.server.flask.application
File "/var/lib/openstack/lib/python3.12/site-packages/keystone/resource/backends/sql.py", line 278, in create_project
[Tue Jun 16 05:21:46.723842 2026] [wsgi:error] [pid 12:tid 140525282236096] [remote 10.0.0.27:56640] 2026-06-16 05:21:46.712 12 ERROR keystone.server.flask.application with sql.session_for_write() as session:
[Tue Jun 16 05:21:46.723844 2026] [wsgi:error] [pid 12:tid 140525282236096] [remote 10.0.0.27:56640] 2026-06-16 05:21:46.712 12 ERROR keystone.server.flask.application
File "/usr/lib/python3.12/contextlib.py", line 144, in __exit__
[Tue Jun 16 05:21:46.723845 2026] [wsgi:error] [pid 12:tid 140525282236096] [remote 10.0.0.27:56640] 2026-06-16 05:21:46.712 12 ERROR keystone.server.flask.application next(self.gen)
[Tue Jun 16 05:21:46.723846 2026] [wsgi:error] [pid 12:tid 140525282236096] [remote 10.0.0.27:56640] 2026-06-16 05:21:46.712 12 ERROR keystone.server.flask.application
File "/var/lib/openstack/lib/python3.12/site-packages/oslo_db/sqlalchemy/enginefacade.py", line 1175, in _transaction_scope
[Tue Jun 16 05:21:46.723848 2026] [wsgi:error] [pid 12:tid 140525282236096] [remote 10.0.0.27:56640] 2026-06-16 05:21:46.712 12 ERROR keystone.server.flask.application with current._produce_block(
[Tue Jun 16 05:21:46.723849 2026] [wsgi:error] [pid 12:tid 140525282236096] [remote 10.0.0.27:56640] 2026-06-16 05:21:46.712 12 ERROR keystone.server.flask.application
File "/usr/lib/python3.12/contextlib.py", line 144, in __exit__
[Tue Jun 16 05:21:46.723850 2026] [wsgi:error] [pid 12:tid 140525282236096] [remote 10.0.0.27:56640] 2026-06-16 05:21:46.712 12 ERROR keystone.server.flask.application next(self.gen)
[Tue Jun 16 05:21:46.723852 2026] [wsgi:error] [pid 12:tid 140525282236096] [remote 10.0.0.27:56640] 2026-06-16 05:21:46.712 12 ERROR keystone.server.flask.application
File "/var/lib/openstack/lib/python3.12/site-packages/oslo_db/sqlalchemy/enginefacade.py", line 837, in _session
[Tue Jun 16 05:21:46.723879 2026] [wsgi:error] [pid 12:tid 140525282236096] [remote 10.0.0.27:56640] 2026-06-16 05:21:46.712 12 ERROR keystone.server.flask.application with excutils.save_and_reraise_exception():
[Tue Jun 16 05:21:46.723881 2026] [wsgi:error] [pid 12:tid 140525282236096] [remote 10.0.0.27:56640] 2026-06-16 05:21:46.712 12 ERROR keystone.server.flask.application
File "/var/lib/openstack/lib/python3.12/site-packages/oslo_utils/excutils.py", line 266, in __exit__
[Tue Jun 16 05:21:46.723882 2026] [wsgi:error] [pid 12:tid 140525282236096] [remote 10.0.0.27:56640] 2026-06-16 05:21:46.712 12 ERROR keystone.server.flask.application self.force_reraise()
[Tue Jun 16 05:21:46.723884 2026] [wsgi:error] [pid 12:tid 140525282236096] [remote 10.0.0.27:56640] 2026-06-16 05:21:46.712 12 ERROR keystone.server.flask.application
File "/var/lib/openstack/lib/python3.12/site-packages/oslo_utils/excutils.py", line 232, in force_reraise
[Tue Jun 16 05:21:46.723886 2026] [wsgi:error] [pid 12:tid 140525282236096] [remote 10.0.0.27:56640] 2026-06-16 05:21:46.712 12 ERROR keystone.server.flask.application raise self.value
[Tue Jun 16 05:21:46.723887 2026] [wsgi:error] [pid 12:tid 140525282236096] [remote 10.0.0.27:56640] 2026-06-16 05:21:46.712 12 ERROR keystone.server.flask.application
File "/var/lib/openstack/lib/python3.12/site-packages/oslo_db/sqlalchemy/enginefacade.py", line 835, in _session
[Tue Jun 16 05:21:46.723889 2026] [wsgi:error] [pid 12:tid 140525282236096] [remote 10.0.0.27:56640] 2026-06-16 05:21:46.712 12 ERROR keystone.server.flask.application self._end_session_transaction(self.session)
[Tue Jun 16 05:21:46.723891 2026] [wsgi:error] [pid 12:tid 140525282236096] [remote 10.0.0.27:56640] 2026-06-16 05:21:46.712 12 ERROR keystone.server.flask.application
File "/var/lib/openstack/lib/python3.12/site-packages/oslo_db/sqlalchemy/enginefacade.py", line 748, in _end_session_transaction
[Tue Jun 16 05:21:46.723893 2026] [wsgi:error] [pid 12:tid 140525282236096] [remote 10.0.0.27:56640] 2026-06-16 05:21:46.712 12 ERROR keystone.server.flask.application session.commit()
[Tue Jun 16 05:21:46.723894 2026] [wsgi:error] [pid 12:tid 140525282236096] [remote 10.0.0.27:56640] 2026-06-16 05:21:46.712 12 ERROR keystone.server.flask.application
File "/var/lib/openstack/lib/python3.12/site-packages/sqlalchemy/orm/session.py", line 2034, in commit
[Tue Jun 16 05:21:46.723896 2026] [wsgi:error] [pid 12:tid 140525282236096] [remote 10.0.0.27:56640] 2026-06-16 05:21:46.712 12 ERROR keystone.server.flask.application trans.commit(_to_root=True)
[Tue Jun 16 05:21:46.723898 2026] [wsgi:error] [pid 12:tid 140525282236096] [remote 10.0.0.27:56640] 2026-06-16 05:21:46.712 12 ERROR keystone.server.flask.application File "", line 2, in commit
[Tue Jun 16 05:21:46.723899 2026] [wsgi:error] [pid 12:tid 140525282236096] [remote 10.0.0.27:56640] 2026-06-16 05:21:46.712 12 ERROR keystone.server.flask.application
File "/var/lib/openstack/lib/python3.12/site-packages/sqlalchemy/orm/state_changes.py", line 137, in _go
[Tue Jun 16 05:21:46.723901 2026] [wsgi:error] [pid 12:tid 140525282236096] [remote 10.0.0.27:56640] 2026-06-16 05:21:46.712 12 ERROR keystone.server.flask.application ret_value = fn(self, *arg, **kw)
[Tue Jun 16 05:21:46.723903 2026] [wsgi:error] [pid 12:tid 140525282236096] [remote 10.0.0.27:56640] 2026-06-16 05:21:46.712 12 ERROR keystone.server.flask.application ^^^^^^^^^^^^^^^^^^^^
[Tue Jun 16 05:21:46.723904 2026] [wsgi:error] [pid 12:tid 140525282236096] [remote 10.0.0.27:56640] 2026-06-16 05:21:46.712 12 ERROR keystone.server.flask.application
File "/var/lib/openstack/lib/python3.12/site-packages/sqlalchemy/orm/session.py", line 1315, in commit
[Tue Jun 16 05:21:46.723908 2026] [wsgi:error] [pid 12:tid 140525282236096] [remote 10.0.0.27:56640] 2026-06-16 05:21:46.712 12 ERROR keystone.server.flask.application self._prepare_impl()
[Tue Jun 16 05:21:46.723910 2026] [wsgi:error] [pid 12:tid 140525282236096] [remote 10.0.0.27:56640] 2026-06-16 05:21:46.712 12 ERROR keystone.server.flask.application File "", line 2, in _prepare_impl
[Tue Jun 16 05:21:46.723912 2026] [wsgi:error] [pid 12:tid 140525282236096] [remote 10.0.0.27:56640] 2026-06-16 05:21:46.712 12 ERROR keystone.server.flask.application
File "/var/lib/openstack/lib/python3.12/site-packages/sqlalchemy/orm/state_changes.py", line 137, in _go
[Tue Jun 16 05:21:46.723914 2026] [wsgi:error] [pid 12:tid 140525282236096] [remote 10.0.0.27:56640] 2026-06-16 05:21:46.712 12 ERROR keystone.server.flask.application ret_value = fn(self, *arg, **kw)
[Tue Jun 16 05:21:46.723916 2026] [wsgi:error] [pid 12:tid 140525282236096] [remote 10.0.0.27:56640] 2026-06-16 05:21:46.712 12 ERROR keystone.server.flask.application ^^^^^^^^^^^^^^^^^^^^
[Tue Jun 16 05:21:46.723919 2026] [wsgi:error] [pid 12:tid 140525282236096] [remote 10.0.0.27:56640] 2026-06-16 05:21:46.712 12 ERROR keystone.server.flask.application
File "/var/lib/openstack/lib/python3.12/site-packages/sqlalchemy/orm/session.py", line 1290, in _prepare_impl
[Tue Jun 16 05:21:46.723922 2026] [wsgi:error] [pid 12:tid 140525282236096] [remote 10.0.0.27:56640] 2026-06-16 05:21:46.712 12 ERROR keystone.server.flask.application self.session.flush()
[Tue Jun 16 05:21:46.723924 2026] [wsgi:error] [pid 12:tid 140525282236096] [remote 10.0.0.27:56640] 2026-06-16 05:21:46.712 12 ERROR keystone.server.flask.application
File "/var/lib/openstack/lib/python3.12/site-packages/sqlalchemy/orm/session.py", line 4352, in flush
[Tue Jun 16 05:21:46.723926 2026] [wsgi:error] [pid 12:tid 140525282236096] [remote 10.0.0.27:56640] 2026-06-16 05:21:46.712 12 ERROR keystone.server.flask.application self._flush(objects)
[Tue Jun 16 05:21:46.723928 2026] [wsgi:error] [pid 12:tid 140525282236096] [remote 10.0.0.27:56640] 2026-06-16 05:21:46.712 12 ERROR keystone.server.flask.application
File "/var/lib/openstack/lib/python3.12/site-packages/sqlalchemy/orm/session.py", line 4487, in _flush
[Tue Jun 16 05:21:46.723930 2026] [wsgi:error] [pid 12:tid 140525282236096] [remote 10.0.0.27:56640] 2026-06-16 05:21:46.712 12 ERROR keystone.server.flask.application with util.safe_reraise():
[Tue Jun 16 05:21:46.723932 2026] [wsgi:error] [pid 12:tid 140525282236096] [remote 10.0.0.27:56640] 2026-06-16 05:21:46.712 12 ERROR keystone.server.flask.application
File "/var/lib/openstack/lib/python3.12/site-packages/sqlalchemy/util/langhelpers.py", line 122, in __exit__
[Tue Jun 16 05:21:46.723935 2026] [wsgi:error] [pid 12:tid 140525282236096] [remote 10.0.0.27:56640] 2026-06-16 05:21:46.712 12 ERROR keystone.server.flask.application raise exc_value.with_traceback(exc_tb)
[Tue Jun 16 05:21:46.723938 2026] [wsgi:error] [pid 12:tid 140525282236096] [remote 10.0.0.27:56640] 2026-06-16 05:21:46.712 12 ERROR keystone.server.flask.application
File "/var/lib/openstack/lib/python3.12/site-packages/sqlalchemy/orm/session.py", line 4448, in _flush
[Tue Jun 16 05:21:46.723942 2026] [wsgi:error] [pid 12:tid 140525282236096] [remote 10.0.0.27:56640] 2026-06-16 05:21:46.712 12 ERROR keystone.server.flask.application flush_context.execute()
[Tue Jun 16 05:21:46.723944 2026] [wsgi:error] [pid 12:tid 140525282236096] [remote 10.0.0.27:56640] 2026-06-16 05:21:46.712 12 ERROR keystone.server.flask.application
File "/var/lib/openstack/lib/python3.12/site-packages/sqlalchemy/orm/unitofwork.py", line 465, in execute
