Mar 19 18:06:53.522956 np0000160120 devstack@neutron-api.service[102402]: DEBUG oslo_concurrency.lockutils [None req-29c23c19-398f-471a-b310-cc3b0c8e5943 None None] Acquired lock "singleton_lock" {{(pid=102402) lock /opt/stack/data/venv/lib/python3.12/site-packages/oslo_concurrency/lockutils.py:393}}
Mar 19 18:06:53.523371 np0000160120 devstack@neutron-api.service[102402]: DEBUG oslo_concurrency.lockutils [None req-29c23c19-398f-471a-b310-cc3b0c8e5943 None None] Releasing lock "singleton_lock" {{(pid=102402) lock /opt/stack/data/venv/lib/python3.12/site-packages/oslo_concurrency/lockutils.py:413}}
Mar 19 18:06:53.523459 np0000160120 devstack@neutron-api.service[102403]: INFO neutron.quota.resource_registry [None req-36ab7c38-3d34-4682-94ee-d56fcbad20d8 None None] Creating instance of TrackedResource for resource:security_group
Mar 19 18:06:53.523920 np0000160120 devstack@neutron-api.service[102403]: INFO neutron.quota.resource_registry [None req-36ab7c38-3d34-4682-94ee-d56fcbad20d8 None None] Creating instance of TrackedResource for resource:security_group_rule
Mar 19 18:06:53.524545 np0000160120 devstack@neutron-api.service[102403]: DEBUG neutron.api.v2.resource_helper [None req-36ab7c38-3d34-4682-94ee-d56fcbad20d8 None None] Service CORE assigned prefix: {{(pid=102403) build_resource_info /opt/stack/neutron/neutron/api/v2/resource_helper.py:77}}
Mar 19 18:06:53.524695 np0000160120 devstack@neutron-api.service[102403]: INFO neutron.quota.resource_registry [None req-36ab7c38-3d34-4682-94ee-d56fcbad20d8 None None] Creating instance of TrackedResource for resource:subnetpool
Mar 19 18:06:53.524823 np0000160120 devstack@neutron-api.service[102403]: WARNING neutron.quota.resource_registry [None req-36ab7c38-3d34-4682-94ee-d56fcbad20d8 None None] subnetpool is already registered
Mar 19 18:06:53.526617 np0000160120 devstack@neutron-api.service[102402]: DEBUG neutron.plugins.ml2.drivers.ovn.mech_driver.mech_driver [None req-29c23c19-398f-471a-b310-cc3b0c8e5943 None None] Hash Ring setup using WSGI start time 2026-03-19 18:06:46+00:00 {{(pid=102402) _init_hash_ring /opt/stack/neutron/neutron/plugins/ml2/drivers/ovn/mech_driver/mech_driver.py:401}}
Mar 19 18:06:53.526828 np0000160120 devstack@neutron-api.service[102403]: DEBUG neutron.api.v2.resource_helper [None req-36ab7c38-3d34-4682-94ee-d56fcbad20d8 None None] Service L3_ROUTER_NAT assigned prefix: {{(pid=102403) build_resource_info /opt/stack/neutron/neutron/api/v2/resource_helper.py:77}}
Mar 19 18:06:53.527188 np0000160120 devstack@neutron-api.service[102403]: DEBUG neutron.api.v2.resource_helper [None req-36ab7c38-3d34-4682-94ee-d56fcbad20d8 None None] Service FLAVORS assigned prefix: {{(pid=102403) build_resource_info /opt/stack/neutron/neutron/api/v2/resource_helper.py:77}}
Mar 19 18:06:53.528113 np0000160120 devstack@neutron-api.service[102403]: DEBUG neutron.api.v2.resource_helper [None req-36ab7c38-3d34-4682-94ee-d56fcbad20d8 None None] Service L3_ROUTER_NAT assigned prefix: {{(pid=102403) build_resource_info /opt/stack/neutron/neutron/api/v2/resource_helper.py:77}}
Mar 19 18:06:53.528423 np0000160120 devstack@neutron-api.service[102403]: DEBUG neutron.api.v2.resource_helper [None req-36ab7c38-3d34-4682-94ee-d56fcbad20d8 None None] Service L3_ROUTER_NAT assigned prefix: {{(pid=102403) build_resource_info /opt/stack/neutron/neutron/api/v2/resource_helper.py:77}}
Mar 19 18:06:53.528575 np0000160120 devstack@neutron-api.service[102403]: INFO neutron.quota.resource_registry [None req-36ab7c38-3d34-4682-94ee-d56fcbad20d8 None None] Creating instance of TrackedResource for resource:router
Mar 19 18:06:53.528682 np0000160120 devstack@neutron-api.service[102403]: WARNING neutron.quota.resource_registry [None req-36ab7c38-3d34-4682-94ee-d56fcbad20d8 None None] router is already registered
Mar 19 18:06:53.529115 np0000160120 devstack@neutron-api.service[102403]: INFO neutron.quota.resource_registry [None req-36ab7c38-3d34-4682-94ee-d56fcbad20d8 None None] Creating instance of TrackedResource for resource:floatingip
Mar 19 18:06:53.529241 np0000160120 devstack@neutron-api.service[102403]: WARNING neutron.quota.resource_registry [None req-36ab7c38-3d34-4682-94ee-d56fcbad20d8 None None] floatingip is already registered
Mar 19 18:06:53.530145 np0000160120 devstack@neutron-api.service[102403]: INFO neutron.quota.resource_registry [None req-36ab7c38-3d34-4682-94ee-d56fcbad20d8 None None] Creating instance of CountableResource for resource:rbac_policy
Mar 19 18:06:53.530270 np0000160120 devstack@neutron-api.service[102403]: WARNING neutron.quota.resource_registry [None req-36ab7c38-3d34-4682-94ee-d56fcbad20d8 None None] rbac_policy is already registered
Mar 19 18:06:53.530801 np0000160120 devstack@neutron-api.service[102403]: INFO neutron.quota.resource_registry [None req-36ab7c38-3d34-4682-94ee-d56fcbad20d8 None None] Creating instance of TrackedResource for resource:security_group
Mar 19 18:06:53.530923 np0000160120 devstack@neutron-api.service[102403]: WARNING neutron.quota.resource_registry [None req-36ab7c38-3d34-4682-94ee-d56fcbad20d8 None None] security_group is already registered
Mar 19 18:06:53.531259 np0000160120 devstack@neutron-api.service[102403]: INFO neutron.quota.resource_registry [None req-36ab7c38-3d34-4682-94ee-d56fcbad20d8 None None] Creating instance of TrackedResource for resource:security_group_rule
Mar 19 18:06:53.531399 np0000160120 devstack@neutron-api.service[102403]: WARNING neutron.quota.resource_registry [None req-36ab7c38-3d34-4682-94ee-d56fcbad20d8 None None] security_group_rule is already registered
Mar 19 18:06:53.531991 np0000160120 devstack@neutron-api.service[102403]: DEBUG neutron.api.v2.resource_helper [None req-36ab7c38-3d34-4682-94ee-d56fcbad20d8 None None] Service CORE assigned prefix: {{(pid=102403) build_resource_info /opt/stack/neutron/neutron/api/v2/resource_helper.py:77}}
Mar 19 18:06:53.532112 np0000160120 devstack@neutron-api.service[102403]: INFO neutron.quota.resource_registry [None req-36ab7c38-3d34-4682-94ee-d56fcbad20d8 None None] Creating instance of TrackedResource for resource:subnetpool
Mar 19 18:06:53.532234 np0000160120 devstack@neutron-api.service[102403]: WARNING neutron.quota.resource_registry [None req-36ab7c38-3d34-4682-94ee-d56fcbad20d8 None None] subnetpool is already registered
Mar 19 18:06:53.532709 np0000160120 devstack@neutron-api.service[102403]: DEBUG neutron.api.extensions [None req-36ab7c38-3d34-4682-94ee-d56fcbad20d8 None None] Extended resource: extensions {{(pid=102403) __init__ /opt/stack/neutron/neutron/api/extensions.py:156}}
Mar 19 18:06:53.533402 np0000160120 devstack@neutron-api.service[102403]: DEBUG neutron.api.extensions [None req-36ab7c38-3d34-4682-94ee-d56fcbad20d8 None None] Extended resource: address-groups {{(pid=102403) __init__ /opt/stack/neutron/neutron/api/extensions.py:156}}
Mar 19 18:06:53.534064 np0000160120 devstack@neutron-api.service[102403]: DEBUG neutron.api.extensions [None req-36ab7c38-3d34-4682-94ee-d56fcbad20d8 None None] Extended resource: address-scopes {{(pid=102403) __init__ /opt/stack/neutron/neutron/api/extensions.py:156}}
Mar 19 18:06:53.534562 np0000160120 devstack@neutron-api.service[102403]: DEBUG neutron.api.extensions [None req-36ab7c38-3d34-4682-94ee-d56fcbad20d8 None None] Extended resource: agents {{(pid=102403) __init__ /opt/stack/neutron/neutron/api/extensions.py:156}}
Mar 19 18:06:53.535168 np0000160120 devstack@neutron-api.service[102402]: INFO neutron.db.ovn_hash_ring_db [None req-29c23c19-398f-471a-b310-cc3b0c8e5943 None None] Nodes from host "np0000160120" and group "mechanism_driver" removed from the Hash Ring created at 2026-03-19 18:06:46+00:00
Mar 19 18:06:53.535916 np0000160120 devstack@neutron-api.service[102403]: DEBUG neutron.api.extensions [None req-36ab7c38-3d34-4682-94ee-d56fcbad20d8 None None] Extended resource: auto-allocated-topology {{(pid=102403) __init__ /opt/stack/neutron/neutron/api/extensions.py:156}}
Mar 19 18:06:53.536441 np0000160120 devstack@neutron-api.service[102403]: DEBUG neutron.api.extensions [None req-36ab7c38-3d34-4682-94ee-d56fcbad20d8 None None] Extended resource: availability_zones {{(pid=102403) __init__ /opt/stack/neutron/neutron/api/extensions.py:156}}
Mar 19 18:06:53.537019 np0000160120 devstack@neutron-api.service[102403]: DEBUG neutron.api.extensions [None req-36ab7c38-3d34-4682-94ee-d56fcbad20d8 None None] Extended resource: dhcp-networks {{(pid=102403) __init__ /opt/stack/neutron/neutron/api/extensions.py:156}}
Mar 19 18:06:53.537695 np0000160120 devstack@neutron-api.service[102403]: DEBUG neutron.api.extensions [None req-36ab7c38-3d34-4682-94ee-d56fcbad20d8 None None] Extended resource: dhcp-agents {{(pid=102403) __init__ /opt/stack/neutron/neutron/api/extensions.py:156}}
Mar 19 18:06:53.538440 np0000160120 devstack@neutron-api.service[102402]: INFO neutron.db.ovn_hash_ring_db [None req-29c23c19-398f-471a-b310-cc3b0c8e5943 None None] Node 025d9e8771875a2f871515687e9a90ce from host "np0000160120" and group "mechanism_driver" added to the Hash Ring
Mar 19 18:06:53.538472 np0000160120 devstack@neutron-api.service[102403]: DEBUG neutron.api.extensions [None req-36ab7c38-3d34-4682-94ee-d56fcbad20d8 None None] Extended resource: routers {{(pid=102403) __init__ /opt/stack/neutron/neutron/api/extensions.py:156}}
Mar 19 18:06:53.539384 np0000160120 devstack@neutron-api.service[102403]: DEBUG neutron.api.extensions [None req-36ab7c38-3d34-4682-94ee-d56fcbad20d8 None None] Extended resource: flavors {{(pid=102403) __init__ /opt/stack/neutron/neutron/api/extensions.py:156}}
Mar 19 18:06:53.539935 np0000160120 devstack@neutron-api.service[102403]: DEBUG neutron.api.extensions [None req-36ab7c38-3d34-4682-94ee-d56fcbad20d8 None None] Extended resource: service_profiles {{(pid=102403) __init__ /opt/stack/neutron/neutron/api/extensions.py:156}}
Mar 19 18:06:53.540500 np0000160120 devstack@neutron-api.service[102403]: DEBUG neutron.api.extensions [None req-36ab7c38-3d34-4682-94ee-d56fcbad20d8 None None] Extended resource: next_providers {{(pid=102403) __init__ /opt/stack/neutron/neutron/api/extensions.py:156}}
Mar 19 18:06:53.541217 np0000160120 devstack@neutron-api.service[102403]: DEBUG neutron.api.extensions [None req-36ab7c38-3d34-4682-94ee-d56fcbad20d8 None None] Extended resource: service_profiles {{(pid=102403) __init__ /opt/stack/neutron/neutron/api/extensions.py:156}}
Mar 19 18:06:53.541376 np0000160120 devstack@neutron-api.service[102402]: DEBUG neutron.plugins.ml2.drivers.ovn.mech_driver.mech_driver [None req-29c23c19-398f-471a-b310-cc3b0c8e5943 None None] Hash Ring setup, this worker has detected 2 OVN hash ring registers in the database {{(pid=102402) _init_hash_ring /opt/stack/neutron/neutron/plugins/ml2/drivers/ovn/mech_driver/mech_driver.py:411}}
Mar 19 18:06:53.541879 np0000160120 devstack@neutron-api.service[102403]: DEBUG neutron.api.extensions [None req-36ab7c38-3d34-4682-94ee-d56fcbad20d8 None None] Extended resource: floatingip-pools {{(pid=102403) __init__ /opt/stack/neutron/neutron/api/extensions.py:156}}
Mar 19 18:06:53.542423 np0000160120 devstack@neutron-api.service[102403]: DEBUG neutron.api.extensions [None req-36ab7c38-3d34-4682-94ee-d56fcbad20d8 None None] Extended resource: routers {{(pid=102403) __init__ /opt/stack/neutron/neutron/api/extensions.py:156}}
Mar 19 18:06:53.543864 np0000160120 devstack@neutron-api.service[102403]: DEBUG neutron.api.extensions [None req-36ab7c38-3d34-4682-94ee-d56fcbad20d8 None None] Extended resource: floatingips {{(pid=102403) __init__ /opt/stack/neutron/neutron/api/extensions.py:156}}
Mar 19 18:06:53.544211 np0000160120 devstack@neutron-api.service[102403]: DEBUG neutron.api.extensions [None req-36ab7c38-3d34-4682-94ee-d56fcbad20d8 None None] Extended resource: network-ip-availabilities {{(pid=102403) __init__ /opt/stack/neutron/neutron/api/extensions.py:156}}
Mar 19 18:06:53.544522 np0000160120 devstack@neutron-api.service[102403]: DEBUG neutron.api.extensions [None req-36ab7c38-3d34-4682-94ee-d56fcbad20d8 None None] Extended resource: network-ip-availabilities {{(pid=102403) __init__ /opt/stack/neutron/neutron/api/extensions.py:156}}
Mar 19 18:06:53.545106 np0000160120 devstack@neutron-api.service[102403]: DEBUG neutron.api.extensions [None req-36ab7c38-3d34-4682-94ee-d56fcbad20d8 None None] Extended resource: bindings {{(pid=102403) __init__ /opt/stack/neutron/neutron/api/extensions.py:156}}
Mar 19 18:06:53.545786 np0000160120 devstack@neutron-api.service[102403]: DEBUG neutron.api.extensions [None req-36ab7c38-3d34-4682-94ee-d56fcbad20d8 None None] Extended resource: quotas {{(pid=102403) __init__ /opt/stack/neutron/neutron/api/extensions.py:156}}
Mar 19 18:06:53.546516 np0000160120 devstack@neutron-api.service[102403]: DEBUG neutron.api.extensions [None req-36ab7c38-3d34-4682-94ee-d56fcbad20d8 None None] Extended resource: quotas {{(pid=102403) __init__ /opt/stack/neutron/neutron/api/extensions.py:156}}
Mar 19 18:06:53.547338 np0000160120 devstack@neutron-api.service[102403]: DEBUG neutron.api.extensions [None req-36ab7c38-3d34-4682-94ee-d56fcbad20d8 None None] Extended resource: rbac-policies {{(pid=102403) __init__ /opt/stack/neutron/neutron/api/extensions.py:156}}
Mar 19 18:06:53.547978 np0000160120 devstack@neutron-api.service[102403]: DEBUG neutron.api.extensions [None req-36ab7c38-3d34-4682-94ee-d56fcbad20d8 None None] Extended resource: default-security-group-rules {{(pid=102403) __init__ /opt/stack/neutron/neutron/api/extensions.py:156}}
Mar 19 18:06:53.548590 np0000160120 devstack@neutron-api.service[102403]: DEBUG neutron.api.extensions [None req-36ab7c38-3d34-4682-94ee-d56fcbad20d8 None None] Extended resource: security-groups {{(pid=102403) __init__ /opt/stack/neutron/neutron/api/extensions.py:156}}
Mar 19 18:06:53.549092 np0000160120 devstack@neutron-api.service[102403]: DEBUG neutron.api.extensions [None req-36ab7c38-3d34-4682-94ee-d56fcbad20d8 None None] Extended resource: security-group-rules {{(pid=102403) __init__ /opt/stack/neutron/neutron/api/extensions.py:156}}
Mar 19 18:06:53.549807 np0000160120 devstack@neutron-api.service[102403]: DEBUG neutron.api.extensions [None req-36ab7c38-3d34-4682-94ee-d56fcbad20d8 None None] Extended resource: service-providers {{(pid=102403) __init__ /opt/stack/neutron/neutron/api/extensions.py:156}}
Mar 19 18:06:53.550359 np0000160120 devstack@neutron-api.service[102403]: DEBUG neutron.api.extensions [None req-36ab7c38-3d34-4682-94ee-d56fcbad20d8 None None] Extended resource: subnetpools {{(pid=102403) __init__ /opt/stack/neutron/neutron/api/extensions.py:156}}
Mar 19 18:06:53.552485 np0000160120 devstack@neutron-api.service[102402]: DEBUG neutron.plugins.ml2.drivers.ovn.mech_driver.ovsdb.maintenance [None req-29c23c19-398f-471a-b310-cc3b0c8e5943 None None] Periodic task found: HashRingHealthCheckPeriodics.touch_hash_ring_node {{(pid=102402) add_periodics /opt/stack/neutron/neutron/plugins/ml2/drivers/ovn/mech_driver/ovsdb/maintenance.py:99}}
Mar 19 18:06:53.553037 np0000160120 devstack@neutron-api.service[102403]: DEBUG neutron.api.extensions [None req-36ab7c38-3d34-4682-94ee-d56fcbad20d8 None None] Extended resource: tags {{(pid=102403) __init__ /opt/stack/neutron/neutron/api/extensions.py:156}}
Mar 19 18:06:53.553788 np0000160120 devstack@neutron-api.service[102403]: DEBUG neutron.api.extensions [None req-36ab7c38-3d34-4682-94ee-d56fcbad20d8 None None] Extended resource: tags {{(pid=102403) __init__ /opt/stack/neutron/neutron/api/extensions.py:156}}
Mar 19 18:06:53.553916 np0000160120 devstack@neutron-api.service[102402]: INFO neutron.plugins.ml2.drivers.ovn.mech_driver.mech_driver [None req-29c23c19-398f-471a-b310-cc3b0c8e5943 None None] Hash Ring probing thread for node 025d9e8771875a2f871515687e9a90ce has started
Mar 19 18:06:53.554673 np0000160120 devstack@neutron-api.service[102403]: DEBUG neutron.api.extensions [None req-36ab7c38-3d34-4682-94ee-d56fcbad20d8 None None] Extended resource: tags {{(pid=102403) __init__ /opt/stack/neutron/neutron/api/extensions.py:156}}
Mar 19 18:06:53.554704 np0000160120 devstack@neutron-api.service[102402]: INFO neutron.plugins.ml2.drivers.ovn.mech_driver.ovsdb.impl_idl_ovn [None req-29c23c19-398f-471a-b310-cc3b0c8e5943 None None] Getting OvsdbNbOvnIdl for WorkerService with retry
Mar 19 18:06:53.558132 np0000160120 devstack@neutron-api.service[102403]: DEBUG neutron.api.extensions [None req-36ab7c38-3d34-4682-94ee-d56fcbad20d8 None None] Extended resource: tags {{(pid=102403) __init__ /opt/stack/neutron/neutron/api/extensions.py:156}}
Mar 19 18:06:53.559000 np0000160120 devstack@neutron-api.service[102403]: DEBUG neutron.api.extensions [None req-36ab7c38-3d34-4682-94ee-d56fcbad20d8 None None] Extended resource: tags {{(pid=102403) __init__ /opt/stack/neutron/neutron/api/extensions.py:156}}
Mar 19 18:06:53.559888 np0000160120 devstack@neutron-api.service[102403]: DEBUG neutron.api.extensions [None req-36ab7c38-3d34-4682-94ee-d56fcbad20d8 None None] Extended resource: tags {{(pid=102403) __init__ /opt/stack/neutron/neutron/api/extensions.py:156}}
Mar 19 18:06:53.562878 np0000160120 devstack@neutron-api.service[102403]: DEBUG neutron.api.extensions [None req-36ab7c38-3d34-4682-94ee-d56fcbad20d8 None None] Extended resource: tags {{(pid=102403) __init__ /opt/stack/neutron/neutron/api/extensions.py:156}}
Mar 19 18:06:53.564227 np0000160120 devstack@neutron-api.service[102403]: DEBUG neutron.api.extensions [None req-36ab7c38-3d34-4682-94ee-d56fcbad20d8 None None] Extended resource: tags {{(pid=102403) __init__ /opt/stack/neutron/neutron/api/extensions.py:156}}
Mar 19 18:06:53.565362 np0000160120 devstack@neutron-api.service[102403]: DEBUG neutron.api.extensions [None req-36ab7c38-3d34-4682-94ee-d56fcbad20d8 None None] Extended resource: tags {{(pid=102403) __init__ /opt/stack/neutron/neutron/api/extensions.py:156}}
Mar 19 18:06:53.569793 np0000160120 devstack@neutron-api.service[102403]: DEBUG neutron.api.extensions [None req-36ab7c38-3d34-4682-94ee-d56fcbad20d8 None None] Extended resource: tags {{(pid=102403) __init__ /opt/stack/neutron/neutron/api/extensions.py:156}}
Mar 19 18:06:53.578934 np0000160120 devstack@neutron-api.service[102403]: WARNING keystonemiddleware.auth_token [None req-36ab7c38-3d34-4682-94ee-d56fcbad20d8 None None] AuthToken middleware is set with keystone_authtoken.service_token_roles_required set to False. This is backwards compatible but deprecated behaviour. Please set this to True.
Mar 19 18:06:53.586303 np0000160120 devstack@neutron-api.service[102403]: DEBUG neutron_lib.callbacks.manager [None req-36ab7c38-3d34-4682-94ee-d56fcbad20d8 None None] Publish callbacks ['neutron.plugins.ml2.drivers.ovn.mech_driver.mech_driver.OVNMechanismDriver.pre_fork_initialize-884162'] for process (None), before_spawn {{(pid=102403) _notify_loop /opt/stack/data/venv/lib/python3.12/site-packages/neutron_lib/callbacks/manager.py:184}}
Mar 19 18:06:53.586733 np0000160120 devstack@neutron-api.service[102403]: DEBUG oslo_concurrency.processutils [None req-36ab7c38-3d34-4682-94ee-d56fcbad20d8 None None] Running cmd (subprocess): ovsdb-client transact ssl:199.204.45.4:6641 --timeout 180 -p /opt/stack/data/CA/int-ca/private/devstack-cert.key -c /opt/stack/data/CA/int-ca/devstack-cert.crt -C /opt/stack/data/CA/int-ca/ca-chain.pem ["OVN_Northbound", {"op": "wait", "timeout": 0, "table": "Port_Group", "where": [["name", "==", "neutron_pg_drop"]], "until": "==", "rows": []}, {"op": "insert", "table": "ACL", "row": {"action": "drop", "direction": "to-lport", "match": "outport == @neutron_pg_drop && ip", "priority": 1001}, "uuid-name": "droptoport"}, {"op": "insert", "table": "ACL", "row": {"action": "drop", "direction": "from-lport", "match": "inport == @neutron_pg_drop && ip", "priority": 1001}, "uuid-name": "dropfromport"}, {"op": "insert", "table": "Port_Group", "row": {"name": "neutron_pg_drop", "acls": ["set", [["named-uuid", "droptoport"], ["named-uuid", "dropfromport"]]]}}] {{(pid=102403) execute /opt/stack/data/venv/lib/python3.12/site-packages/oslo_concurrency/processutils.py:440}}
Mar 19 18:06:53.625173 np0000160120 devstack@neutron-api.service[102403]: DEBUG oslo_concurrency.processutils [None req-36ab7c38-3d34-4682-94ee-d56fcbad20d8 None None] CMD "ovsdb-client transact ssl:199.204.45.4:6641 --timeout 180 -p /opt/stack/data/CA/int-ca/private/devstack-cert.key -c /opt/stack/data/CA/int-ca/devstack-cert.crt -C /opt/stack/data/CA/int-ca/ca-chain.pem ["OVN_Northbound", {"op": "wait", "timeout": 0, "table": "Port_Group", "where": [["name", "==", "neutron_pg_drop"]], "until": "==", "rows": []}, {"op": "insert", "table": "ACL", "row": {"action": "drop", "direction": "to-lport", "match": "outport == @neutron_pg_drop && ip", "priority": 1001}, "uuid-name": "droptoport"}, {"op": "insert", "table": "ACL", "row": {"action": "drop", "direction": "from-lport", "match": "inport == @neutron_pg_drop && ip", "priority": 1001}, "uuid-name": "dropfromport"}, {"op": "insert", "table": "Port_Group", "row": {"name": "neutron_pg_drop", "acls": ["set", [["named-uuid", "droptoport"], ["named-uuid", "dropfromport"]]]}}]" returned: 0 in 0.038s {{(pid=102403) execute /opt/stack/data/venv/lib/python3.12/site-packages/oslo_concurrency/processutils.py:468}}
Mar 19 18:06:53.625752 np0000160120 devstack@neutron-api.service[102403]: DEBUG neutron_lib.callbacks.manager [None req-36ab7c38-3d34-4682-94ee-d56fcbad20d8 None None] Publish callbacks ['neutron.plugins.ml2.drivers.ovn.mech_driver.mech_driver.OVNMechanismDriver.post_fork_initialize-884202', 'neutron.services.ovn_l3.plugin.OVNL3RouterPlugin._post_fork_initialize-46289'] for process (None), after_init {{(pid=102403) _notify_loop /opt/stack/data/venv/lib/python3.12/site-packages/neutron_lib/callbacks/manager.py:184}}
Mar 19 18:06:53.626568 np0000160120 devstack@neutron-api.service[102403]: DEBUG oslo_concurrency.lockutils [None req-36ab7c38-3d34-4682-94ee-d56fcbad20d8 None None] Acquiring lock "singleton_lock" {{(pid=102403) lock /opt/stack/data/venv/lib/python3.12/site-packages/oslo_concurrency/lockutils.py:390}}
Mar 19 18:06:53.626802 np0000160120 devstack@neutron-api.service[102403]: DEBUG oslo_concurrency.lockutils [None req-36ab7c38-3d34-4682-94ee-d56fcbad20d8 None None] Acquired lock "singleton_lock" {{(pid=102403) lock /opt/stack/data/venv/lib/python3.12/site-packages/oslo_concurrency/lockutils.py:393}}
Mar 19 18:06:53.627228 np0000160120 devstack@neutron-api.service[102403]: DEBUG oslo_concurrency.lockutils [None req-36ab7c38-3d34-4682-94ee-d56fcbad20d8 None None] Releasing lock "singleton_lock" {{(pid=102403) lock /opt/stack/data/venv/lib/python3.12/site-packages/oslo_concurrency/lockutils.py:413}}
Mar 19 18:06:53.630405 np0000160120 devstack@neutron-api.service[102403]: DEBUG neutron.plugins.ml2.drivers.ovn.mech_driver.mech_driver [None req-36ab7c38-3d34-4682-94ee-d56fcbad20d8 None None] Hash Ring setup using WSGI start time 2026-03-19 18:06:46+00:00 {{(pid=102403) _init_hash_ring /opt/stack/neutron/neutron/plugins/ml2/drivers/ovn/mech_driver/mech_driver.py:401}}
Mar 19 18:06:53.696903 np0000160120 devstack@neutron-api.service[102404]: DEBUG neutron.api.extensions [None req-fe145866-d83a-4e23-9a8d-840b79470717 None None] Extended resource: subnetpools {{(pid=102404) __init__ /opt/stack/neutron/neutron/api/extensions.py:156}}
Mar 19 18:06:53.697560 np0000160120 devstack@neutron-api.service[102404]: DEBUG neutron.api.extensions [None req-fe145866-d83a-4e23-9a8d-840b79470717 None None] Extended resource: tags {{(pid=102404) __init__ /opt/stack/neutron/neutron/api/extensions.py:156}}
Mar 19 18:06:53.698435 np0000160120 devstack@neutron-api.service[102404]: DEBUG neutron.api.extensions [None req-fe145866-d83a-4e23-9a8d-840b79470717 None None] Extended resource: tags {{(pid=102404) __init__ /opt/stack/neutron/neutron/api/extensions.py:156}}
Mar 19 18:06:53.699390 np0000160120 devstack@neutron-api.service[102404]: DEBUG neutron.api.extensions [None req-fe145866-d83a-4e23-9a8d-840b79470717 None None] Extended resource: tags {{(pid=102404) __init__ /opt/stack/neutron/neutron/api/extensions.py:156}}
Mar 19 18:06:53.700158 np0000160120 devstack@neutron-api.service[102404]: DEBUG neutron.api.extensions [None req-fe145866-d83a-4e23-9a8d-840b79470717 None None] Extended resource: tags {{(pid=102404) __init__ /opt/stack/neutron/neutron/api/extensions.py:156}}
Mar 19 18:06:53.700963 np0000160120 devstack@neutron-api.service[102404]: DEBUG neutron.api.extensions [None req-fe145866-d83a-4e23-9a8d-840b79470717 None None] Extended resource: tags {{(pid=102404) __init__ /opt/stack/neutron/neutron/api/extensions.py:156}}
Mar 19 18:06:53.701764 np0000160120 devstack@neutron-api.service[102404]: DEBUG neutron.api.extensions [None req-fe145866-d83a-4e23-9a8d-840b79470717 None None] Extended resource: tags {{(pid=102404) __init__ /opt/stack/neutron/neutron/api/extensions.py:156}}
Mar 19 18:06:53.702519 np0000160120 devstack@neutron-api.service[102404]: DEBUG neutron.api.extensions [None req-fe145866-d83a-4e23-9a8d-840b79470717 None None] Extended resource: tags {{(pid=102404) __init__ /opt/stack/neutron/neutron/api/extensions.py:156}}
Mar 19 18:06:53.703337 np0000160120 devstack@neutron-api.service[102404]: DEBUG neutron.api.extensions [None req-fe145866-d83a-4e23-9a8d-840b79470717 None None] Extended resource: tags {{(pid=102404) __init__ /opt/stack/neutron/neutron/api/extensions.py:156}}
Mar 19 18:06:53.704174 np0000160120 devstack@neutron-api.service[102404]: DEBUG neutron.api.extensions [None req-fe145866-d83a-4e23-9a8d-840b79470717 None None] Extended resource: tags {{(pid=102404) __init__ /opt/stack/neutron/neutron/api/extensions.py:156}}
Mar 19 18:06:53.704944 np0000160120 devstack@neutron-api.service[102404]: DEBUG neutron.api.extensions [None req-fe145866-d83a-4e23-9a8d-840b79470717 None None] Extended resource: tags {{(pid=102404) __init__ /opt/stack/neutron/neutron/api/extensions.py:156}}
Mar 19 18:06:53.708374 np0000160120 devstack@neutron-api.service[102404]: WARNING keystonemiddleware.auth_token [None req-fe145866-d83a-4e23-9a8d-840b79470717 None None] AuthToken middleware is set with keystone_authtoken.service_token_roles_required set to False. This is backwards compatible but deprecated behaviour. Please set this to True.
Mar 19 18:06:53.716011 np0000160120 devstack@neutron-api.service[102404]: DEBUG neutron_lib.callbacks.manager [None req-fe145866-d83a-4e23-9a8d-840b79470717 None None] Publish callbacks ['neutron.plugins.ml2.drivers.ovn.mech_driver.mech_driver.OVNMechanismDriver.pre_fork_initialize-883588'] for process (None), before_spawn {{(pid=102404) _notify_loop /opt/stack/data/venv/lib/python3.12/site-packages/neutron_lib/callbacks/manager.py:184}}
Mar 19 18:06:53.716452 np0000160120 devstack@neutron-api.service[102404]: DEBUG oslo_concurrency.processutils [None req-fe145866-d83a-4e23-9a8d-840b79470717 None None] Running cmd (subprocess): ovsdb-client transact ssl:199.204.45.4:6641 --timeout 180 -p /opt/stack/data/CA/int-ca/private/devstack-cert.key -c /opt/stack/data/CA/int-ca/devstack-cert.crt -C /opt/stack/data/CA/int-ca/ca-chain.pem ["OVN_Northbound", {"op": "wait", "timeout": 0, "table": "Port_Group", "where": [["name", "==", "neutron_pg_drop"]], "until": "==", "rows": []}, {"op": "insert", "table": "ACL", "row": {"action": "drop", "direction": "to-lport", "match": "outport == @neutron_pg_drop && ip", "priority": 1001}, "uuid-name": "droptoport"}, {"op": "insert", "table": "ACL", "row": {"action": "drop", "direction": "from-lport", "match": "inport == @neutron_pg_drop && ip", "priority": 1001}, "uuid-name": "dropfromport"}, {"op": "insert", "table": "Port_Group", "row": {"name": "neutron_pg_drop", "acls": ["set", [["named-uuid", "droptoport"], ["named-uuid", "dropfromport"]]]}}] {{(pid=102404) execute /opt/stack/data/venv/lib/python3.12/site-packages/oslo_concurrency/processutils.py:440}}
Mar 19 18:06:53.752902 np0000160120 devstack@neutron-api.service[102404]: DEBUG oslo_concurrency.processutils [None req-fe145866-d83a-4e23-9a8d-840b79470717 None None] CMD "ovsdb-client transact ssl:199.204.45.4:6641 --timeout 180 -p /opt/stack/data/CA/int-ca/private/devstack-cert.key -c /opt/stack/data/CA/int-ca/devstack-cert.crt -C /opt/stack/data/CA/int-ca/ca-chain.pem ["OVN_Northbound", {"op": "wait", "timeout": 0, "table": "Port_Group", "where": [["name", "==", "neutron_pg_drop"]], "until": "==", "rows": []}, {"op": "insert", "table": "ACL", "row": {"action": "drop", "direction": "to-lport", "match": "outport == @neutron_pg_drop && ip", "priority": 1001}, "uuid-name": "droptoport"}, {"op": "insert", "table": "ACL", "row": {"action": "drop", "direction": "from-lport", "match": "inport == @neutron_pg_drop && ip", "priority": 1001}, "uuid-name": "dropfromport"}, {"op": "insert", "table": "Port_Group", "row": {"name": "neutron_pg_drop", "acls": ["set", [["named-uuid", "droptoport"], ["named-uuid", "dropfromport"]]]}}]" returned: 0 in 0.036s {{(pid=102404) execute /opt/stack/data/venv/lib/python3.12/site-packages/oslo_concurrency/processutils.py:468}}
Mar 19 18:06:53.753653 np0000160120 devstack@neutron-api.service[102404]: DEBUG neutron_lib.callbacks.manager [None req-fe145866-d83a-4e23-9a8d-840b79470717 None None] Publish callbacks ['neutron.plugins.ml2.drivers.ovn.mech_driver.mech_driver.OVNMechanismDriver.post_fork_initialize-883692', 'neutron.services.ovn_l3.plugin.OVNL3RouterPlugin._post_fork_initialize-491095'] for process (None), after_init {{(pid=102404) _notify_loop /opt/stack/data/venv/lib/python3.12/site-packages/neutron_lib/callbacks/manager.py:184}}
Mar 19 18:06:53.754368 np0000160120 devstack@neutron-api.service[102404]: DEBUG oslo_concurrency.lockutils [None req-fe145866-d83a-4e23-9a8d-840b79470717 None None] Acquiring lock "singleton_lock" {{(pid=102404) lock /opt/stack/data/venv/lib/python3.12/site-packages/oslo_concurrency/lockutils.py:390}}
Mar 19 18:06:53.754574 np0000160120 devstack@neutron-api.service[102404]: DEBUG oslo_concurrency.lockutils [None req-fe145866-d83a-4e23-9a8d-840b79470717 None None] Acquired lock "singleton_lock" {{(pid=102404) lock /opt/stack/data/venv/lib/python3.12/site-packages/oslo_concurrency/lockutils.py:393}}
Mar 19 18:06:53.755055 np0000160120 devstack@neutron-api.service[102404]: DEBUG oslo_concurrency.lockutils [None req-fe145866-d83a-4e23-9a8d-840b79470717 None None] Releasing lock "singleton_lock" {{(pid=102404) lock /opt/stack/data/venv/lib/python3.12/site-packages/oslo_concurrency/lockutils.py:413}}
Mar 19 18:06:53.758625 np0000160120 devstack@neutron-api.service[102404]: DEBUG neutron.plugins.ml2.drivers.ovn.mech_driver.mech_driver [None req-fe145866-d83a-4e23-9a8d-840b79470717 None None] Hash Ring setup using WSGI start time 2026-03-19 18:06:46+00:00 {{(pid=102404) _init_hash_ring /opt/stack/neutron/neutron/plugins/ml2/drivers/ovn/mech_driver/mech_driver.py:401}}
Mar 19 18:06:53.766165 np0000160120 devstack@neutron-api.service[102404]: INFO neutron.db.ovn_hash_ring_db [None req-fe145866-d83a-4e23-9a8d-840b79470717 None None] Nodes from host "np0000160120" and group "mechanism_driver" removed from the Hash Ring created at 2026-03-19 18:06:46+00:00
Mar 19 18:06:53.768878 np0000160120 devstack@neutron-api.service[102404]: INFO neutron.db.ovn_hash_ring_db [None req-fe145866-d83a-4e23-9a8d-840b79470717 None None] Node 187c658f7b005a15845c11dd7b8caff2 from host "np0000160120" and group "mechanism_driver" added to the Hash Ring
Mar 19 18:06:53.771848 np0000160120 devstack@neutron-api.service[102404]: DEBUG neutron.plugins.ml2.drivers.ovn.mech_driver.mech_driver [None req-fe145866-d83a-4e23-9a8d-840b79470717 None None] Hash Ring setup, this worker has detected 3 OVN hash ring registers in the database {{(pid=102404) _init_hash_ring /opt/stack/neutron/neutron/plugins/ml2/drivers/ovn/mech_driver/mech_driver.py:411}}
Mar 19 18:06:53.778230 np0000160120 devstack@neutron-api.service[102404]: DEBUG neutron.plugins.ml2.drivers.ovn.mech_driver.ovsdb.maintenance [None req-fe145866-d83a-4e23-9a8d-840b79470717 None None] Periodic task found: HashRingHealthCheckPeriodics.touch_hash_ring_node {{(pid=102404) add_periodics /opt/stack/neutron/neutron/plugins/ml2/drivers/ovn/mech_driver/ovsdb/maintenance.py:99}}
Mar 19 18:06:53.779608 np0000160120 devstack@neutron-api.service[102404]: INFO neutron.plugins.ml2.drivers.ovn.mech_driver.mech_driver [None req-fe145866-d83a-4e23-9a8d-840b79470717 None None] Hash Ring probing thread for node 187c658f7b005a15845c11dd7b8caff2 has started
Mar 19 18:06:53.781169 np0000160120 devstack@neutron-api.service[102404]: INFO neutron.plugins.ml2.drivers.ovn.mech_driver.ovsdb.impl_idl_ovn [None req-fe145866-d83a-4e23-9a8d-840b79470717 None None] Getting OvsdbNbOvnIdl for WorkerService with retry
Mar 19 18:06:53.831813 np0000160120 devstack@neutron-api.service[102404]: DEBUG ovsdbapp.backend.ovs_idl [None req-fe145866-d83a-4e23-9a8d-840b79470717 None None] Created lookup_table index Logical_Switch.name {{(pid=102404) autocreate_indices /opt/stack/data/venv/lib/python3.12/site-packages/ovsdbapp/backend/ovs_idl/__init__.py:87}}
Mar 19 18:06:53.831926 np0000160120 devstack@neutron-api.service[102404]: DEBUG ovsdbapp.backend.ovs_idl [None req-fe145866-d83a-4e23-9a8d-840b79470717 None None] Created lookup_table index Logical_Router.name {{(pid=102404) autocreate_indices /opt/stack/data/venv/lib/python3.12/site-packages/ovsdbapp/backend/ovs_idl/__init__.py:87}}
Mar 19 18:06:53.832011 np0000160120 devstack@neutron-api.service[102404]: DEBUG ovsdbapp.backend.ovs_idl [None req-fe145866-d83a-4e23-9a8d-840b79470717 None None] Created lookup_table index Load_Balancer.name {{(pid=102404) autocreate_indices /opt/stack/data/venv/lib/python3.12/site-packages/ovsdbapp/backend/ovs_idl/__init__.py:87}}
Mar 19 18:06:53.832073 np0000160120 devstack@neutron-api.service[102404]: DEBUG ovsdbapp.backend.ovs_idl [None req-fe145866-d83a-4e23-9a8d-840b79470717 None None] Created schema index Copp.name {{(pid=102404) autocreate_indices /opt/stack/data/venv/lib/python3.12/site-packages/ovsdbapp/backend/ovs_idl/__init__.py:106}}
Mar 19 18:06:53.832184 np0000160120 devstack@neutron-api.service[102404]: DEBUG ovsdbapp.backend.ovs_idl [None req-fe145866-d83a-4e23-9a8d-840b79470717 None None] Created schema index Meter.name {{(pid=102404) autocreate_indices /opt/stack/data/venv/lib/python3.12/site-packages/ovsdbapp/backend/ovs_idl/__init__.py:106}}
Mar 19 18:06:53.832272 np0000160120 devstack@neutron-api.service[102404]: DEBUG ovsdbapp.backend.ovs_idl [None req-fe145866-d83a-4e23-9a8d-840b79470717 None None] Created schema index Load_Balancer_Group.name {{(pid=102404) autocreate_indices /opt/stack/data/venv/lib/python3.12/site-packages/ovsdbapp/backend/ovs_idl/__init__.py:106}}
Mar 19 18:06:53.832336 np0000160120 devstack@neutron-api.service[102404]: DEBUG ovsdbapp.backend.ovs_idl [None req-fe145866-d83a-4e23-9a8d-840b79470717 None None] Created schema index HA_Chassis_Group.name {{(pid=102404) autocreate_indices /opt/stack/data/venv/lib/python3.12/site-packages/ovsdbapp/backend/ovs_idl/__init__.py:106}}
Mar 19 18:06:53.832415 np0000160120 devstack@neutron-api.service[102404]: DEBUG ovsdbapp.backend.ovs_idl [None req-fe145866-d83a-4e23-9a8d-840b79470717 None None] Created schema index Address_Set.name {{(pid=102404) autocreate_indices /opt/stack/data/venv/lib/python3.12/site-packages/ovsdbapp/backend/ovs_idl/__init__.py:106}}
Mar 19 18:06:53.832525 np0000160120 devstack@neutron-api.service[102404]: DEBUG ovsdbapp.backend.ovs_idl [None req-fe145866-d83a-4e23-9a8d-840b79470717 None None] Created schema index Connection.target {{(pid=102404) autocreate_indices /opt/stack/data/venv/lib/python3.12/site-packages/ovsdbapp/backend/ovs_idl/__init__.py:106}}
Mar 19 18:06:53.832605 np0000160120 devstack@neutron-api.service[102404]: DEBUG ovsdbapp.backend.ovs_idl [None req-fe145866-d83a-4e23-9a8d-840b79470717 None None] Created schema index Gateway_Chassis.name {{(pid=102404) autocreate_indices /opt/stack/data/venv/lib/python3.12/site-packages/ovsdbapp/backend/ovs_idl/__init__.py:106}}
Mar 19 18:06:53.832710 np0000160120 devstack@neutron-api.service[102404]: DEBUG ovsdbapp.backend.ovs_idl [None req-fe145866-d83a-4e23-9a8d-840b79470717 None None] Created schema index Mirror.name {{(pid=102404) autocreate_indices /opt/stack/data/venv/lib/python3.12/site-packages/ovsdbapp/backend/ovs_idl/__init__.py:106}}
Mar 19 18:06:53.832818 np0000160120 devstack@neutron-api.service[102404]: DEBUG ovsdbapp.backend.ovs_idl [None req-fe145866-d83a-4e23-9a8d-840b79470717 None None] Created schema index Chassis_Template_Var.chassis {{(pid=102404) autocreate_indices /opt/stack/data/venv/lib/python3.12/site-packages/ovsdbapp/backend/ovs_idl/__init__.py:106}}
Mar 19 18:06:53.832877 np0000160120 devstack@neutron-api.service[102404]: DEBUG ovsdbapp.backend.ovs_idl [None req-fe145866-d83a-4e23-9a8d-840b79470717 None None] Created schema index Logical_Router_Port.name {{(pid=102404) autocreate_indices /opt/stack/data/venv/lib/python3.12/site-packages/ovsdbapp/backend/ovs_idl/__init__.py:106}}
Mar 19 18:06:53.833111 np0000160120 devstack@neutron-api.service[102404]: DEBUG ovsdbapp.backend.ovs_idl [None req-fe145866-d83a-4e23-9a8d-840b79470717 None None] Created schema index Port_Group.name {{(pid=102404) autocreate_indices /opt/stack/data/venv/lib/python3.12/site-packages/ovsdbapp/backend/ovs_idl/__init__.py:106}}
Mar 19 18:06:53.833111 np0000160120 devstack@neutron-api.service[102404]: DEBUG ovsdbapp.backend.ovs_idl [None req-fe145866-d83a-4e23-9a8d-840b79470717 None None] Created schema index Logical_Switch_Port.name {{(pid=102404) autocreate_indices /opt/stack/data/venv/lib/python3.12/site-packages/ovsdbapp/backend/ovs_idl/__init__.py:106}}
Mar 19 18:06:53.836081 np0000160120 devstack@neutron-api.service[102404]: INFO ovsdbapp.backend.ovs_idl.vlog [None req-fe145866-d83a-4e23-9a8d-840b79470717 None None] ssl:199.204.45.4:6641: connecting...
Mar 19 18:06:53.843871 np0000160120 devstack@neutron-api.service[102404]: INFO ovsdbapp.backend.ovs_idl.vlog [None req-fe145866-d83a-4e23-9a8d-840b79470717 None None] ssl:199.204.45.4:6641: connected
Mar 19 18:06:53.852016 np0000160120 devstack@neutron-api.service[102403]: INFO neutron.db.ovn_hash_ring_db [None req-36ab7c38-3d34-4682-94ee-d56fcbad20d8 None None] Nodes from host "np0000160120" and group "mechanism_driver" removed from the Hash Ring created at 2026-03-19 18:06:46+00:00
Mar 19 18:06:53.854937 np0000160120 devstack@neutron-api.service[102403]: INFO neutron.db.ovn_hash_ring_db [None req-36ab7c38-3d34-4682-94ee-d56fcbad20d8 None None] Node 2b735fd3e6525c5285b3d1a084d2b967 from host "np0000160120" and group "mechanism_driver" added to the Hash Ring
Mar 19 18:06:53.857650 np0000160120 devstack@neutron-api.service[102403]: DEBUG neutron.plugins.ml2.drivers.ovn.mech_driver.mech_driver [None req-36ab7c38-3d34-4682-94ee-d56fcbad20d8 None None] Hash Ring setup, this worker has detected 4 OVN hash ring registers in the database {{(pid=102403) _init_hash_ring /opt/stack/neutron/neutron/plugins/ml2/drivers/ovn/mech_driver/mech_driver.py:411}}
Mar 19 18:06:53.863960 np0000160120 devstack@neutron-api.service[102403]: DEBUG neutron.plugins.ml2.drivers.ovn.mech_driver.ovsdb.maintenance [None req-36ab7c38-3d34-4682-94ee-d56fcbad20d8 None None] Periodic task found: HashRingHealthCheckPeriodics.touch_hash_ring_node {{(pid=102403) add_periodics /opt/stack/neutron/neutron/plugins/ml2/drivers/ovn/mech_driver/ovsdb/maintenance.py:99}}
Mar 19 18:06:53.864698 np0000160120 devstack@neutron-api.service[102403]: INFO neutron.plugins.ml2.drivers.ovn.mech_driver.mech_driver [None req-36ab7c38-3d34-4682-94ee-d56fcbad20d8 None None] Hash Ring probing thread for node 2b735fd3e6525c5285b3d1a084d2b967 has started
Mar 19 18:06:53.865233 np0000160120 devstack@neutron-api.service[102403]: INFO neutron.plugins.ml2.drivers.ovn.mech_driver.ovsdb.impl_idl_ovn [None req-36ab7c38-3d34-4682-94ee-d56fcbad20d8 None None] Getting OvsdbNbOvnIdl for WorkerService with retry
Mar 19 18:06:53.878227 np0000160120 devstack@neutron-api.service[102404]: DEBUG neutron.common.ovn.hash_ring_manager [None req-fe145866-d83a-4e23-9a8d-840b79470717 None None] Allow caching, nodes 4>=4 {{(pid=102404) _wait_startup_before_caching /opt/stack/neutron/neutron/common/ovn/hash_ring_manager.py:65}}
Mar 19 18:06:53.883592 np0000160120 devstack@neutron-api.service[102402]: DEBUG ovsdbapp.backend.ovs_idl [None req-29c23c19-398f-471a-b310-cc3b0c8e5943 None None] Created lookup_table index Logical_Switch.name {{(pid=102402) autocreate_indices /opt/stack/data/venv/lib/python3.12/site-packages/ovsdbapp/backend/ovs_idl/__init__.py:87}}
Mar 19 18:06:53.883717 np0000160120 devstack@neutron-api.service[102402]: DEBUG ovsdbapp.backend.ovs_idl [None req-29c23c19-398f-471a-b310-cc3b0c8e5943 None None] Created lookup_table index Logical_Router.name {{(pid=102402) autocreate_indices /opt/stack/data/venv/lib/python3.12/site-packages/ovsdbapp/backend/ovs_idl/__init__.py:87}}
Mar 19 18:06:53.883805 np0000160120 devstack@neutron-api.service[102402]: DEBUG ovsdbapp.backend.ovs_idl [None req-29c23c19-398f-471a-b310-cc3b0c8e5943 None None] Created lookup_table index Load_Balancer.name {{(pid=102402) autocreate_indices /opt/stack/data/venv/lib/python3.12/site-packages/ovsdbapp/backend/ovs_idl/__init__.py:87}}
Mar 19 18:06:53.884110 np0000160120 devstack@neutron-api.service[102402]: DEBUG ovsdbapp.backend.ovs_idl [None req-29c23c19-398f-471a-b310-cc3b0c8e5943 None None] Created schema index Copp.name {{(pid=102402) autocreate_indices /opt/stack/data/venv/lib/python3.12/site-packages/ovsdbapp/backend/ovs_idl/__init__.py:106}}
Mar 19 18:06:53.884110 np0000160120 devstack@neutron-api.service[102402]: DEBUG ovsdbapp.backend.ovs_idl [None req-29c23c19-398f-471a-b310-cc3b0c8e5943 None None] Created schema index Meter.name {{(pid=102402) autocreate_indices /opt/stack/data/venv/lib/python3.12/site-packages/ovsdbapp/backend/ovs_idl/__init__.py:106}}
Mar 19 18:06:53.884110 np0000160120 devstack@neutron-api.service[102402]: DEBUG ovsdbapp.backend.ovs_idl [None req-29c23c19-398f-471a-b310-cc3b0c8e5943 None None] Created schema index Load_Balancer_Group.name {{(pid=102402) autocreate_indices /opt/stack/data/venv/lib/python3.12/site-packages/ovsdbapp/backend/ovs_idl/__init__.py:106}}
Mar 19 18:06:53.884345 np0000160120 devstack@neutron-api.service[102402]: DEBUG ovsdbapp.backend.ovs_idl [None req-29c23c19-398f-471a-b310-cc3b0c8e5943 None None] Created schema index HA_Chassis_Group.name {{(pid=102402) autocreate_indices /opt/stack/data/venv/lib/python3.12/site-packages/ovsdbapp/backend/ovs_idl/__init__.py:106}}
Mar 19 18:06:53.884499 np0000160120 devstack@neutron-api.service[102404]: DEBUG neutron.common.ovn.hash_ring_manager [None req-fe145866-d83a-4e23-9a8d-840b79470717 None None] Hash Ring loaded. 4 active nodes. 0 offline nodes {{(pid=102404) _load_hash_ring /opt/stack/neutron/neutron/common/ovn/hash_ring_manager.py:102}}
Mar 19 18:06:53.884647 np0000160120 devstack@neutron-api.service[102402]: DEBUG ovsdbapp.backend.ovs_idl [None req-29c23c19-398f-471a-b310-cc3b0c8e5943 None None] Created schema index Address_Set.name {{(pid=102402) autocreate_indices /opt/stack/data/venv/lib/python3.12/site-packages/ovsdbapp/backend/ovs_idl/__init__.py:106}}
Mar 19 18:06:53.884647 np0000160120 devstack@neutron-api.service[102402]: DEBUG ovsdbapp.backend.ovs_idl [None req-29c23c19-398f-471a-b310-cc3b0c8e5943 None None] Created schema index Connection.target {{(pid=102402) autocreate_indices /opt/stack/data/venv/lib/python3.12/site-packages/ovsdbapp/backend/ovs_idl/__init__.py:106}}
Mar 19 18:06:53.885042 np0000160120 devstack@neutron-api.service[102404]: DEBUG neutron.plugins.ml2.drivers.ovn.mech_driver.ovsdb.ovsdb_monitor [None req-fe145866-d83a-4e23-9a8d-840b79470717 None None] Hash Ring: Node 187c658f7b005a15845c11dd7b8caff2 (host: np0000160120) handling event "create" for row 21f08e67-0ff6-4172-84dd-b4dbef4cfe5d (table: ACL) {{(pid=102404) notify /opt/stack/neutron/neutron/plugins/ml2/drivers/ovn/mech_driver/ovsdb/ovsdb_monitor.py:906}}
Mar 19 18:06:53.885137 np0000160120 devstack@neutron-api.service[102402]: DEBUG ovsdbapp.backend.ovs_idl [None req-29c23c19-398f-471a-b310-cc3b0c8e5943 None None] Created schema index Gateway_Chassis.name {{(pid=102402) autocreate_indices /opt/stack/data/venv/lib/python3.12/site-packages/ovsdbapp/backend/ovs_idl/__init__.py:106}}
Mar 19 18:06:53.885137 np0000160120 devstack@neutron-api.service[102402]: DEBUG ovsdbapp.backend.ovs_idl [None req-29c23c19-398f-471a-b310-cc3b0c8e5943 None None] Created schema index Mirror.name {{(pid=102402) autocreate_indices /opt/stack/data/venv/lib/python3.12/site-packages/ovsdbapp/backend/ovs_idl/__init__.py:106}}
Mar 19 18:06:53.885137 np0000160120 devstack@neutron-api.service[102402]: DEBUG ovsdbapp.backend.ovs_idl [None req-29c23c19-398f-471a-b310-cc3b0c8e5943 None None] Created schema index Chassis_Template_Var.chassis {{(pid=102402) autocreate_indices /opt/stack/data/venv/lib/python3.12/site-packages/ovsdbapp/backend/ovs_idl/__init__.py:106}}
Mar 19 18:06:53.885362 np0000160120 devstack@neutron-api.service[102404]: DEBUG neutron.plugins.ml2.drivers.ovn.mech_driver.ovsdb.ovsdb_monitor [None req-fe145866-d83a-4e23-9a8d-840b79470717 None None] Hash Ring: Node 187c658f7b005a15845c11dd7b8caff2 (host: np0000160120) handling event "create" for row 63e67dfe-51cf-4633-bf94-70c1921ba83a (table: Port_Group) {{(pid=102404) notify /opt/stack/neutron/neutron/plugins/ml2/drivers/ovn/mech_driver/ovsdb/ovsdb_monitor.py:906}}
Mar 19 18:06:53.885453 np0000160120 devstack@neutron-api.service[102402]: DEBUG ovsdbapp.backend.ovs_idl [None req-29c23c19-398f-471a-b310-cc3b0c8e5943 None None] Created schema index Logical_Router_Port.name {{(pid=102402) autocreate_indices /opt/stack/data/venv/lib/python3.12/site-packages/ovsdbapp/backend/ovs_idl/__init__.py:106}}
Mar 19 18:06:53.885453 np0000160120 devstack@neutron-api.service[102402]: DEBUG ovsdbapp.backend.ovs_idl [None req-29c23c19-398f-471a-b310-cc3b0c8e5943 None None] Created schema index Port_Group.name {{(pid=102402) autocreate_indices /opt/stack/data/venv/lib/python3.12/site-packages/ovsdbapp/backend/ovs_idl/__init__.py:106}}
Mar 19 18:06:53.885453 np0000160120 devstack@neutron-api.service[102402]: DEBUG ovsdbapp.backend.ovs_idl [None req-29c23c19-398f-471a-b310-cc3b0c8e5943 None None] Created schema index Logical_Switch_Port.name {{(pid=102402) autocreate_indices /opt/stack/data/venv/lib/python3.12/site-packages/ovsdbapp/backend/ovs_idl/__init__.py:106}}
Mar 19 18:06:53.885703 np0000160120 devstack@neutron-api.service[102404]: INFO neutron.plugins.ml2.drivers.ovn.mech_driver.ovsdb.impl_idl_ovn [None req-fe145866-d83a-4e23-9a8d-840b79470717 None None] Getting OvsdbSbOvnIdl for WorkerService with retry
Mar 19 18:06:53.887711 np0000160120 devstack@neutron-api.service[102402]: INFO ovsdbapp.backend.ovs_idl.vlog [None req-29c23c19-398f-471a-b310-cc3b0c8e5943 None None] ssl:199.204.45.4:6641: connecting...
Mar 19 18:06:53.892329 np0000160120 devstack@neutron-api.service[102402]: INFO ovsdbapp.backend.ovs_idl.vlog [None req-29c23c19-398f-471a-b310-cc3b0c8e5943 None None] ssl:199.204.45.4:6641: connected
Mar 19 18:06:53.917380 np0000160120 devstack@neutron-api.service[102404]: DEBUG ovsdbapp.backend.ovs_idl [None req-fe145866-d83a-4e23-9a8d-840b79470717 None None] Created lookup_table index Chassis.name {{(pid=102404) autocreate_indices /opt/stack/data/venv/lib/python3.12/site-packages/ovsdbapp/backend/ovs_idl/__init__.py:87}}
Mar 19 18:06:53.917380 np0000160120 devstack@neutron-api.service[102404]: DEBUG ovsdbapp.backend.ovs_idl [None req-fe145866-d83a-4e23-9a8d-840b79470717 None None] Created lookup_table index Port_Binding.logical_port {{(pid=102404) autocreate_indices /opt/stack/data/venv/lib/python3.12/site-packages/ovsdbapp/backend/ovs_idl/__init__.py:87}}
Mar 19 18:06:53.917380 np0000160120 devstack@neutron-api.service[102404]: DEBUG ovsdbapp.backend.ovs_idl [None req-fe145866-d83a-4e23-9a8d-840b79470717 None None] Created schema index Chassis_Private.name {{(pid=102404) autocreate_indices /opt/stack/data/venv/lib/python3.12/site-packages/ovsdbapp/backend/ovs_idl/__init__.py:106}}
Mar 19 18:06:53.917809 np0000160120 devstack@neutron-api.service[102404]: DEBUG ovsdbapp.backend.ovs_idl [None req-fe145866-d83a-4e23-9a8d-840b79470717 None None] Created schema index Datapath_Binding.tunnel_key {{(pid=102404) autocreate_indices /opt/stack/data/venv/lib/python3.12/site-packages/ovsdbapp/backend/ovs_idl/__init__.py:106}}
Mar 19 18:06:53.919920 np0000160120 devstack@neutron-api.service[102404]: INFO ovsdbapp.backend.ovs_idl.vlog [None req-fe145866-d83a-4e23-9a8d-840b79470717 None None] ssl:199.204.45.4:6642: connecting...
Mar 19 18:06:53.924390 np0000160120 devstack@neutron-api.service[102402]: DEBUG neutron.common.ovn.hash_ring_manager [None req-29c23c19-398f-471a-b310-cc3b0c8e5943 None None] Allow caching, nodes 4>=4 {{(pid=102402) _wait_startup_before_caching /opt/stack/neutron/neutron/common/ovn/hash_ring_manager.py:65}}
Mar 19 18:06:53.926702 np0000160120 devstack@neutron-api.service[102404]: INFO ovsdbapp.backend.ovs_idl.vlog [None req-fe145866-d83a-4e23-9a8d-840b79470717 None None] ssl:199.204.45.4:6642: connected
Mar 19 18:06:53.926750 np0000160120 devstack@neutron-api.service[102403]: DEBUG ovsdbapp.backend.ovs_idl [None req-36ab7c38-3d34-4682-94ee-d56fcbad20d8 None None] Created lookup_table index Logical_Switch.name {{(pid=102403) autocreate_indices /opt/stack/data/venv/lib/python3.12/site-packages/ovsdbapp/backend/ovs_idl/__init__.py:87}}
Mar 19 18:06:53.927014 np0000160120 devstack@neutron-api.service[102403]: DEBUG ovsdbapp.backend.ovs_idl [None req-36ab7c38-3d34-4682-94ee-d56fcbad20d8 None None] Created lookup_table index Logical_Router.name {{(pid=102403) autocreate_indices /opt/stack/data/venv/lib/python3.12/site-packages/ovsdbapp/backend/ovs_idl/__init__.py:87}}
