Jun 25 20:06:59.562251 np0000182854 devstack@neutron-api.service[103381]: DEBUG neutron.plugins.ml2.drivers.ovn.mech_driver.ovsdb.ovsdb_monitor [None req-83ed3e16-3c6d-4a6b-9aab-975c48709efa None None] Hash Ring: Node 363186f0282251f1bc7b5117cc89b933 (host: np0000182854) handling event "update" for row 78b77ab0-3fe0-4174-8fa4-855742d913e9 (table: Logical_Switch_Port) {{(pid=103381) notify /opt/stack/neutron/neutron/plugins/ml2/drivers/ovn/mech_driver/ovsdb/ovsdb_monitor.py:1015}}
Jun 25 20:06:59.568021 np0000182854 devstack@neutron-api.service[103380]: DEBUG neutron.plugins.ml2.drivers.ovn.mech_driver.ovsdb.ovsdb_monitor [None req-7e27de36-e3dc-45ee-8683-3c7ace25abe5 None None] Hash Ring: Node 4f9d0a04f00151b0b686224cc93db1da (host: np0000182854) handling event "update" for row 45bd1483-88da-43f2-a9ea-456d41185bb9 (table: Port_Binding) {{(pid=103380) notify /opt/stack/neutron/neutron/plugins/ml2/drivers/ovn/mech_driver/ovsdb/ovsdb_monitor.py:1015}}
Jun 25 20:06:59.571398 np0000182854 devstack@neutron-api.service[103381]: DEBUG neutron.plugins.ml2.drivers.ovn.mech_driver.ovsdb.ovsdb_monitor [None req-a2757735-d30a-40ae-ad69-5c1e6a5dfc7a None None] Hash Ring: Node 363186f0282251f1bc7b5117cc89b933 (host: np0000182854) handling event "update" for row 45bd1483-88da-43f2-a9ea-456d41185bb9 (table: Port_Binding) {{(pid=103381) notify /opt/stack/neutron/neutron/plugins/ml2/drivers/ovn/mech_driver/ovsdb/ovsdb_monitor.py:1015}}
Jun 25 20:06:59.612179 np0000182854 devstack@neutron-api.service[103381]: DEBUG ovsdbapp.backend.ovs_idl.event [None req-83ed3e16-3c6d-4a6b-9aab-975c48709efa None None] Matched UPDATE: LogicalSwitchPortUpdateLogicalRouterPortEvent(events=('update',), table='Logical_Switch_Port', conditions=None, old_conditions=None), priority=20 to row=Logical_Switch_Port(uuid=78b77ab0-3fe0-4174-8fa4-855742d913e9, addresses=['router'], dhcpv4_options=[], dhcpv6_options=[], dynamic_addresses=[], enabled=True, external_ids={'neutron:cidrs': '10.1.0.1/26', 'neutron:device_id': 'bd74c131-e1f4-484f-b380-17b1b96eefeb', 'neutron:device_owner': 'network:router_interface', 'neutron:mtu': '', 'neutron:network_name': 'neutron-390314cf-2606-4581-9c34-d4d4db8d3fe5', 'neutron:port_capabilities': '', 'neutron:port_name': '', 'neutron:project_id': '2037db6fbcf24da5a72dd7346188d6e9', 'neutron:revision_number': '2', 'neutron:security_group_ids': '', 'neutron:subnet_pool_addr_scope4': '', 'neutron:subnet_pool_addr_scope6': '', 'neutron:vnic_type': 'normal'}, ha_chassis_group=[], mirror_rules=[], name='d25623a3-cb58-4969-adbd-23612aed1c78', options={'router-port': 'lrp-d25623a3-cb58-4969-adbd-23612aed1c78'}, parent_name=[], port_security=[], tag=[], tag_request=[], type='router', up=True) old=Logical_Switch_Port(uuid=78b77ab0-3fe0-4174-8fa4-855742d913e9, external_ids={'neutron:cidrs': '10.1.0.1/26', 'neutron:device_id': 'bd74c131-e1f4-484f-b380-17b1b96eefeb', 'neutron:device_owner': 'network:router_interface', 'neutron:mtu': '', 'neutron:network_name': 'neutron-390314cf-2606-4581-9c34-d4d4db8d3fe5', 'neutron:port_capabilities': '', 'neutron:port_name': '', 'neutron:project_id': '2037db6fbcf24da5a72dd7346188d6e9', 'neutron:revision_number': '1', 'neutron:security_group_ids': '', 'neutron:subnet_pool_addr_scope4': '', 'neutron:subnet_pool_addr_scope6': '', 'neutron:vnic_type': 'normal'}) {{(pid=103381) matches /opt/stack/data/venv/lib/python3.12/site-packages/ovsdbapp/backend/ovs_idl/event.py:55}}
Jun 25 20:06:59.668892 np0000182854 devstack@neutron-api.service[103381]: INFO neutron.db.ovn_revision_numbers_db [None req-beb6ff5c-95fe-4a26-830e-8742281030fc None None] Successfully bumped revision number for resource d25623a3-cb58-4969-adbd-23612aed1c78 (type: ports) to 2
Jun 25 20:06:59.673667 np0000182854 devstack@neutron-api.service[103381]: DEBUG neutron_lib.callbacks.manager [None req-beb6ff5c-95fe-4a26-830e-8742281030fc None None] Publish callbacks ['neutron.plugins.ml2.ovo_rpc._ObjectChangeHandler.handle_event-647524', 'neutron.services.ovn_l3.plugin.OVNL3RouterPlugin._port_update-8296612172360'] for port (d25623a3-cb58-4969-adbd-23612aed1c78), after_update {{(pid=103381) _notify_loop /opt/stack/data/venv/lib/python3.12/site-packages/neutron_lib/callbacks/manager.py:184}}
Jun 25 20:06:59.715889 np0000182854 devstack@neutron-api.service[103381]: DEBUG neutron.api.rpc.handlers.resources_rpc [None req-a97bde3f-78e2-4e3f-b33d-7cd79ba0b862 None None] Pushing event updated for resources: {'Port': ['ID=d25623a3-cb58-4969-adbd-23612aed1c78,revision_number=2']} {{(pid=103381) push /opt/stack/neutron/neutron/api/rpc/handlers/resources_rpc.py:237}}
Jun 25 20:06:59.722054 np0000182854 devstack@neutron-api.service[103381]: DEBUG neutron.api.rpc.callbacks.version_manager [None req-a97bde3f-78e2-4e3f-b33d-7cd79ba0b862 None None] Tracked resource versions report:
Jun 25 20:06:59.722054 np0000182854 devstack@neutron-api.service[103381]: pushed versions:
Jun 25 20:06:59.722054 np0000182854 devstack@neutron-api.service[103381]: { 'AddressGroup': {'1.2'},
Jun 25 20:06:59.722054 np0000182854 devstack@neutron-api.service[103381]: 'Agent': {'1.1'},
Jun 25 20:06:59.722054 np0000182854 devstack@neutron-api.service[103381]: 'ConntrackHelper': {'1.0'},
Jun 25 20:06:59.722054 np0000182854 devstack@neutron-api.service[103381]: 'LocalIPAssociation': {'1.0'},
Jun 25 20:06:59.722054 np0000182854 devstack@neutron-api.service[103381]: 'Log': {'1.0'},
Jun 25 20:06:59.722054 np0000182854 devstack@neutron-api.service[103381]: 'NDPProxy': {'1.0'},
Jun 25 20:06:59.722054 np0000182854 devstack@neutron-api.service[103381]: 'Network': {'1.3'},
Jun 25 20:06:59.722054 np0000182854 devstack@neutron-api.service[103381]: 'Port': {'1.11'},
Jun 25 20:06:59.722054 np0000182854 devstack@neutron-api.service[103381]: 'PortForwarding': {'1.3'},
Jun 25 20:06:59.722054 np0000182854 devstack@neutron-api.service[103381]: 'QosPolicy': {'1.10'},
Jun 25 20:06:59.722054 np0000182854 devstack@neutron-api.service[103381]: 'SecurityGroup': {'1.6'},
Jun 25 20:06:59.722054 np0000182854 devstack@neutron-api.service[103381]: 'SecurityGroupRule': {'1.3'},
Jun 25 20:06:59.722054 np0000182854 devstack@neutron-api.service[103381]: 'SubPort': {'1.0'},
Jun 25 20:06:59.722054 np0000182854 devstack@neutron-api.service[103381]: 'Subnet': {'1.2'},
Jun 25 20:06:59.722054 np0000182854 devstack@neutron-api.service[103381]: 'Trunk': {'1.1'}}
Jun 25 20:06:59.722054 np0000182854 devstack@neutron-api.service[103381]: consumer versions:
Jun 25 20:06:59.722054 np0000182854 devstack@neutron-api.service[103381]: { OVN Controller Gateway agent@np0000182854: {},
Jun 25 20:06:59.722054 np0000182854 devstack@neutron-api.service[103381]: OVN Neutron agent@np0000182854: {}}
Jun 25 20:06:59.722054 np0000182854 devstack@neutron-api.service[103381]: {{(pid=103381) report /opt/stack/neutron/neutron/api/rpc/callbacks/version_manager.py:183}}
Jun 25 20:06:59.825315 np0000182854 devstack@neutron-api.service[103381]: DEBUG neutron.api.wsgi [None req-f687a576-6178-429b-9acf-cd8f50cbdd09 admin admin] Missing Content-Type {{(pid=103381) get_content_type /opt/stack/neutron/neutron/api/wsgi.py:80}}
Jun 25 20:06:59.879799 np0000182854 devstack@neutron-api.service[103381]: [pid: 103381|app: 0|req: 7/22] 199.19.213.88 () {64 vars in 1405 bytes} [Thu Jun 25 20:06:59 2026] GET /networking/v2.0/routers/bd74c131-e1f4-484f-b380-17b1b96eefeb => generated 599 bytes in 60 msecs (HTTP/1.1 200) 4 headers in 157 bytes (1 switches on core 0)
Jun 25 20:06:59.938523 np0000182854 devstack@neutron-api.service[103379]: DEBUG neutron.pecan_wsgi.hooks.policy_enforcement [None req-eb325632-3d6f-479f-88ec-865f683b70c4 admin admin] Attributes excluded by policy engine: ['standard_attr_id'] {{(pid=103379) _exclude_attributes_by_policy /opt/stack/neutron/neutron/pecan_wsgi/hooks/policy_enforcement.py:259}}
Jun 25 20:06:59.939684 np0000182854 devstack@neutron-api.service[103379]: [pid: 103379|app: 0|req: 6/23] 199.19.213.88 () {64 vars in 1408 bytes} [Thu Jun 25 20:06:59 2026] GET /networking/v2.0/networks/db353e39-e35b-439c-8cbd-6d000245eede => generated 717 bytes in 43 msecs (HTTP/1.1 200) 4 headers in 157 bytes (1 switches on core 0)
Jun 25 20:06:59.958994 np0000182854 devstack@neutron-api.service[103380]: DEBUG neutron.api.wsgi [None req-0754fd29-fb74-490e-bbf5-232c08b71fa6 admin admin] Missing Content-Type {{(pid=103380) get_content_type /opt/stack/neutron/neutron/api/wsgi.py:80}}
Jun 25 20:06:59.959479 np0000182854 devstack@neutron-api.service[103380]: DEBUG neutron.api.wsgi [None req-0754fd29-fb74-490e-bbf5-232c08b71fa6 admin admin] https://199.19.213.88/networking/v2.0/extensions/external-gateway-multihoming returned with HTTP 200 {{(pid=103380) __call__ /opt/stack/neutron/neutron/api/wsgi.py:540}}
Jun 25 20:06:59.959975 np0000182854 devstack@neutron-api.service[103380]: [pid: 103380|app: 0|req: 6/24] 199.19.213.88 () {64 vars in 1390 bytes} [Thu Jun 25 20:06:59 2026] GET /networking/v2.0/extensions/external-gateway-multihoming => generated 227 bytes in 6 msecs (HTTP/1.1 200) 4 headers in 157 bytes (1 switches on core 0)
Jun 25 20:07:00.235580 np0000182854 devstack@neutron-api.service[103382]: DEBUG neutron_lib.callbacks.manager [None req-cb130621-84bd-44f8-9004-679f22cabe74 admin admin] Publish callbacks [] for router_gateway (bd74c131-e1f4-484f-b380-17b1b96eefeb), precommit_update {{(pid=103382) _notify_loop /opt/stack/data/venv/lib/python3.12/site-packages/neutron_lib/callbacks/manager.py:184}}
Jun 25 20:07:00.321042 np0000182854 devstack@neutron-api.service[103382]: DEBUG neutron_lib.callbacks.manager [None req-cb130621-84bd-44f8-9004-679f22cabe74 admin admin] Publish callbacks [] for router_gateway (bd74c131-e1f4-484f-b380-17b1b96eefeb), before_create {{(pid=103382) _notify_loop /opt/stack/data/venv/lib/python3.12/site-packages/neutron_lib/callbacks/manager.py:184}}
Jun 25 20:07:00.363428 np0000182854 devstack@neutron-api.service[103382]: DEBUG neutron_lib.callbacks.manager [None req-cb130621-84bd-44f8-9004-679f22cabe74 admin admin] Publish callbacks ['neutron.plugins.ml2.plugin.SecurityGroupDbMixin._ensure_default_security_group_handler-69296'] for port (None), before_create {{(pid=103382) _notify_loop /opt/stack/data/venv/lib/python3.12/site-packages/neutron_lib/callbacks/manager.py:184}}
Jun 25 20:07:00.441454 np0000182854 devstack@neutron-api.service[103382]: DEBUG neutron.db.db_base_plugin_common [None req-cb130621-84bd-44f8-9004-679f22cabe74 admin admin] Allocated IP 172.24.5.13 (db353e39-e35b-439c-8cbd-6d000245eede/f18c1f27-4521-491e-bbd2-242da89c8c92/d906e48f-5a98-4fb5-a594-e56fdd2509dd) {{(pid=103382) _store_ip_allocation /opt/stack/neutron/neutron/db/db_base_plugin_common.py:131}}
Jun 25 20:07:00.504020 np0000182854 devstack@neutron-api.service[103382]: DEBUG neutron_lib.callbacks.manager [None req-cb130621-84bd-44f8-9004-679f22cabe74 admin admin] Publish callbacks ['neutron.plugins.ml2.drivers.ovn.mech_driver.mech_driver.OVNMechanismDriver._validate_allowed_address_pairs-490214'] for allowed_address_pair (d906e48f-5a98-4fb5-a594-e56fdd2509dd), before_create {{(pid=103382) _notify_loop /opt/stack/data/venv/lib/python3.12/site-packages/neutron_lib/callbacks/manager.py:184}}
Jun 25 20:07:00.504751 np0000182854 devstack@neutron-api.service[103382]: DEBUG neutron_lib.callbacks.manager [None req-cb130621-84bd-44f8-9004-679f22cabe74 admin admin] Publish callbacks [] for port (d906e48f-5a98-4fb5-a594-e56fdd2509dd), precommit_create {{(pid=103382) _notify_loop /opt/stack/data/venv/lib/python3.12/site-packages/neutron_lib/callbacks/manager.py:184}}
Jun 25 20:07:00.505028 np0000182854 devstack@neutron-api.service[103382]: DEBUG neutron.plugins.ml2.drivers.ovn.mech_driver.mech_driver [None req-cb130621-84bd-44f8-9004-679f22cabe74 admin admin] No provisioning block for port d906e48f-5a98-4fb5-a594-e56fdd2509dd since it does not have a host {{(pid=103382) _is_port_provisioning_required /opt/stack/neutron/neutron/plugins/ml2/drivers/ovn/mech_driver/mech_driver.py:899}}
Jun 25 20:07:00.505229 np0000182854 devstack@neutron-api.service[103382]: DEBUG neutron.db.ovn_revision_numbers_db [None req-cb130621-84bd-44f8-9004-679f22cabe74 admin admin] create_initial_revision uuid=d906e48f-5a98-4fb5-a594-e56fdd2509dd, type=ports, rev=-1 {{(pid=103382) create_initial_revision /opt/stack/neutron/neutron/db/ovn_revision_numbers_db.py:98}}
Jun 25 20:07:00.611683 np0000182854 devstack@neutron-api.service[103382]: DEBUG neutron.db.ovn_revision_numbers_db [None req-cb130621-84bd-44f8-9004-679f22cabe74 admin admin] create_initial_revision uuid=d906e48f-5a98-4fb5-a594-e56fdd2509dd, type=router_ports, rev=-1 {{(pid=103382) create_initial_revision /opt/stack/neutron/neutron/db/ovn_revision_numbers_db.py:98}}
Jun 25 20:07:00.643934 np0000182854 devstack@neutron-api.service[103382]: DEBUG neutron_lib.callbacks.manager [None req-cb130621-84bd-44f8-9004-679f22cabe74 admin admin] Publish callbacks ['neutron.plugins.ml2.ovo_rpc._ObjectChangeHandler.handle_event-1966278'] for port (d906e48f-5a98-4fb5-a594-e56fdd2509dd), after_create {{(pid=103382) _notify_loop /opt/stack/data/venv/lib/python3.12/site-packages/neutron_lib/callbacks/manager.py:184}}
Jun 25 20:07:00.675077 np0000182854 devstack@neutron-api.service[103382]: DEBUG neutron.api.rpc.handlers.resources_rpc [None req-cb130621-84bd-44f8-9004-679f22cabe74 admin admin] Pushing event updated for resources: {'Port': ['ID=d906e48f-5a98-4fb5-a594-e56fdd2509dd,revision_number=1']} {{(pid=103382) push /opt/stack/neutron/neutron/api/rpc/handlers/resources_rpc.py:237}}
Jun 25 20:07:00.725847 np0000182854 devstack@neutron-api.service[103382]: DEBUG neutron.plugins.ml2.drivers.ovn.mech_driver.ovsdb.commands [None req-cb130621-84bd-44f8-9004-679f22cabe74 admin admin] Converting tag [] to a tag_request {{(pid=103382) _tag_column_to_tag_request /opt/stack/neutron/neutron/plugins/ml2/drivers/ovn/mech_driver/ovsdb/commands.py:205}}
Jun 25 20:07:00.727158 np0000182854 devstack@neutron-api.service[103382]: DEBUG ovsdbapp.backend.ovs_idl.transaction [None req-3a721c7e-31fb-421b-815a-7378027e3397 None None] Running txn n=1 command(idx=0): AddLSwitchPortCommand(_result=None, lport=d906e48f-5a98-4fb5-a594-e56fdd2509dd, lswitch=neutron-db353e39-e35b-439c-8cbd-6d000245eede, may_exist=True, network_uuid=db353e39-e35b-439c-8cbd-6d000245eede, columns={'addresses': ['unknown'], 'external_ids': {'neutron:port_name': '', 'neutron:device_id': 'bd74c131-e1f4-484f-b380-17b1b96eefeb', 'neutron:project_id': '', 'neutron:cidrs': '172.24.5.13/24', 'neutron:device_owner': 'network:router_gateway', 'neutron:subnet_pool_addr_scope4': '', 'neutron:subnet_pool_addr_scope6': '', 'neutron:network_name': 'neutron-db353e39-e35b-439c-8cbd-6d000245eede', 'neutron:security_group_ids': '', 'neutron:revision_number': '1', 'neutron:vnic_type': 'normal', 'neutron:port_capabilities': '', 'neutron:mtu': ''}, 'parent_name': [], 'enabled': True, 'options': {}, 'type': '', 'port_security': [], 'dhcpv4_options': [], 'dhcpv6_options': [], 'tag_request': []}) {{(pid=103382) do_commit /opt/stack/data/venv/lib/python3.12/site-packages/ovsdbapp/backend/ovs_idl/transaction.py:89}}
Jun 25 20:07:00.728212 np0000182854 devstack@neutron-api.service[103382]: DEBUG ovsdbapp.backend.ovs_idl.transaction [None req-3a721c7e-31fb-421b-815a-7378027e3397 None None] Running txn n=1 command(idx=1): QoSDelCommand(_result=None, switch=neutron-db353e39-e35b-439c-8cbd-6d000245eede, conditions=[('direction', '=', 'to-lport'), ('priority', '=', 2002), ('match', '=', 'outport == "d906e48f-5a98-4fb5-a594-e56fdd2509dd"')], if_exists=True) {{(pid=103382) do_commit /opt/stack/data/venv/lib/python3.12/site-packages/ovsdbapp/backend/ovs_idl/transaction.py:89}}
Jun 25 20:07:00.728595 np0000182854 devstack@neutron-api.service[103382]: DEBUG ovsdbapp.backend.ovs_idl.transaction [None req-3a721c7e-31fb-421b-815a-7378027e3397 None None] Running txn n=1 command(idx=2): QoSDelCommand(_result=None, switch=neutron-db353e39-e35b-439c-8cbd-6d000245eede, conditions=[('direction', '=', 'from-lport'), ('priority', '=', 2002), ('match', '=', 'inport == "d906e48f-5a98-4fb5-a594-e56fdd2509dd"')], if_exists=True) {{(pid=103382) do_commit /opt/stack/data/venv/lib/python3.12/site-packages/ovsdbapp/backend/ovs_idl/transaction.py:89}}
Jun 25 20:07:00.729016 np0000182854 devstack@neutron-api.service[103382]: DEBUG ovsdbapp.backend.ovs_idl.transaction [None req-3a721c7e-31fb-421b-815a-7378027e3397 None None] Running txn n=1 command(idx=3): UpdateLSwitchPortQosOptionsCommand(_result=None, lport=AddLSwitchPortCommand(_result=bd094fdd-d539-4cea-b8a6-f6d36a60b01c, lport=d906e48f-5a98-4fb5-a594-e56fdd2509dd, lswitch=neutron-db353e39-e35b-439c-8cbd-6d000245eede, may_exist=True, network_uuid=db353e39-e35b-439c-8cbd-6d000245eede, columns={'addresses': ['unknown'], 'external_ids': {'neutron:port_name': '', 'neutron:device_id': 'bd74c131-e1f4-484f-b380-17b1b96eefeb', 'neutron:project_id': '', 'neutron:cidrs': '172.24.5.13/24', 'neutron:device_owner': 'network:router_gateway', 'neutron:subnet_pool_addr_scope4': '', 'neutron:subnet_pool_addr_scope6': '', 'neutron:network_name': 'neutron-db353e39-e35b-439c-8cbd-6d000245eede', 'neutron:security_group_ids': '', 'neutron:revision_number': '1', 'neutron:vnic_type': 'normal', 'neutron:port_capabilities': '', 'neutron:mtu': ''}, 'parent_name': [], 'enabled': True, 'options': {}, 'type': '', 'port_security': [], 'tag_request': []}), if_exists=True, qos={'qos_max_rate': None, 'qos_burst': None, 'qos_min_rate': None}) {{(pid=103382) do_commit /opt/stack/data/venv/lib/python3.12/site-packages/ovsdbapp/backend/ovs_idl/transaction.py:89}}
Jun 25 20:07:00.735439 np0000182854 devstack@neutron-api.service[103382]: DEBUG neutron.plugins.ml2.drivers.ovn.mech_driver.ovsdb.ovsdb_monitor [None req-3a721c7e-31fb-421b-815a-7378027e3397 None None] Touching Hash Ring node "3b234d14e9315cfe8e81739085dac4c4" from IDL notify handler {{(pid=103382) notify /opt/stack/neutron/neutron/plugins/ml2/drivers/ovn/mech_driver/ovsdb/ovsdb_monitor.py:1007}}
Jun 25 20:07:00.742491 np0000182854 devstack@neutron-api.service[103380]: DEBUG neutron.plugins.ml2.drivers.ovn.mech_driver.ovsdb.ovsdb_monitor [None req-12b6ffe6-6ff6-4dde-9240-30bc8e0b1dbd None None] Touching Hash Ring node "4f9d0a04f00151b0b686224cc93db1da" from IDL notify handler {{(pid=103380) notify /opt/stack/neutron/neutron/plugins/ml2/drivers/ovn/mech_driver/ovsdb/ovsdb_monitor.py:1007}}
Jun 25 20:07:00.742929 np0000182854 devstack@neutron-api.service[103379]: DEBUG neutron.plugins.ml2.drivers.ovn.mech_driver.ovsdb.ovsdb_monitor [None req-d42056b9-253d-4be2-9e6b-408c7469a96f None None] Touching Hash Ring node "a51a43519acf5efd915ea6ca5a1c5f20" from IDL notify handler {{(pid=103379) notify /opt/stack/neutron/neutron/plugins/ml2/drivers/ovn/mech_driver/ovsdb/ovsdb_monitor.py:1007}}
Jun 25 20:07:00.743466 np0000182854 devstack@neutron-api.service[103381]: DEBUG neutron.plugins.ml2.drivers.ovn.mech_driver.ovsdb.ovsdb_monitor [None req-83ed3e16-3c6d-4a6b-9aab-975c48709efa None None] Touching Hash Ring node "363186f0282251f1bc7b5117cc89b933" from IDL notify handler {{(pid=103381) notify /opt/stack/neutron/neutron/plugins/ml2/drivers/ovn/mech_driver/ovsdb/ovsdb_monitor.py:1007}}
Jun 25 20:07:00.748655 np0000182854 devstack@neutron-api.service[103381]: DEBUG neutron.plugins.ml2.drivers.ovn.mech_driver.ovsdb.ovsdb_monitor [None req-a2757735-d30a-40ae-ad69-5c1e6a5dfc7a None None] Touching Hash Ring node "363186f0282251f1bc7b5117cc89b933" from IDL notify handler {{(pid=103381) notify /opt/stack/neutron/neutron/plugins/ml2/drivers/ovn/mech_driver/ovsdb/ovsdb_monitor.py:1007}}
Jun 25 20:07:00.749109 np0000182854 devstack@neutron-api.service[103382]: DEBUG neutron.plugins.ml2.drivers.ovn.mech_driver.ovsdb.ovsdb_monitor [None req-3a721c7e-31fb-421b-815a-7378027e3397 None None] Hash Ring: Node 3b234d14e9315cfe8e81739085dac4c4 (host: np0000182854) handling event "update" for row db353e39-e35b-439c-8cbd-6d000245eede (table: Logical_Switch) {{(pid=103382) notify /opt/stack/neutron/neutron/plugins/ml2/drivers/ovn/mech_driver/ovsdb/ovsdb_monitor.py:1015}}
Jun 25 20:07:00.753004 np0000182854 devstack@neutron-api.service[103380]: DEBUG neutron.plugins.ml2.drivers.ovn.mech_driver.ovsdb.ovsdb_monitor [None req-12b6ffe6-6ff6-4dde-9240-30bc8e0b1dbd None None] Hash Ring: Node 4f9d0a04f00151b0b686224cc93db1da (host: np0000182854) handling event "create" for row cfd6d285-fbdd-4c15-9676-e14b1f9d6a92 (table: Logical_Switch_Port) {{(pid=103380) notify /opt/stack/neutron/neutron/plugins/ml2/drivers/ovn/mech_driver/ovsdb/ovsdb_monitor.py:1015}}
Jun 25 20:07:00.754944 np0000182854 devstack@neutron-api.service[103380]: DEBUG ovsdbapp.backend.ovs_idl.event [None req-12b6ffe6-6ff6-4dde-9240-30bc8e0b1dbd None None] Matched CREATE: LogicalSwitchPortCreateEvent(events=('create',), table='Logical_Switch_Port', conditions=[], old_conditions=None), priority=20 to row=Logical_Switch_Port(uuid=cfd6d285-fbdd-4c15-9676-e14b1f9d6a92, addresses=['unknown'], dhcpv4_options=[], dhcpv6_options=[], dynamic_addresses=[], enabled=True, external_ids={'neutron:cidrs': '172.24.5.13/24', 'neutron:device_id': 'bd74c131-e1f4-484f-b380-17b1b96eefeb', 'neutron:device_owner': 'network:router_gateway', 'neutron:mtu': '', 'neutron:network_name': 'neutron-db353e39-e35b-439c-8cbd-6d000245eede', 'neutron:port_capabilities': '', 'neutron:port_name': '', 'neutron:project_id': '', 'neutron:revision_number': '1', 'neutron:security_group_ids': '', 'neutron:subnet_pool_addr_scope4': '', 'neutron:subnet_pool_addr_scope6': '', 'neutron:vnic_type': 'normal'}, ha_chassis_group=[], mirror_rules=[], name='d906e48f-5a98-4fb5-a594-e56fdd2509dd', options={}, parent_name=[], port_security=[], tag=[], tag_request=[], type='', up=[]) old= {{(pid=103380) matches /opt/stack/data/venv/lib/python3.12/site-packages/ovsdbapp/backend/ovs_idl/event.py:55}}
Jun 25 20:07:00.756166 np0000182854 devstack@neutron-api.service[103380]: INFO neutron.plugins.ml2.drivers.ovn.mech_driver.mech_driver [-] OVN reports status down for port: d906e48f-5a98-4fb5-a594-e56fdd2509dd
Jun 25 20:07:00.757542 np0000182854 devstack@neutron-api.service[103381]: DEBUG neutron.plugins.ml2.drivers.ovn.mech_driver.ovsdb.ovsdb_monitor [None req-83ed3e16-3c6d-4a6b-9aab-975c48709efa None None] Hash Ring: Node 363186f0282251f1bc7b5117cc89b933 (host: np0000182854) handling event "update" for row db353e39-e35b-439c-8cbd-6d000245eede (table: Logical_Switch) {{(pid=103381) notify /opt/stack/neutron/neutron/plugins/ml2/drivers/ovn/mech_driver/ovsdb/ovsdb_monitor.py:1015}}
Jun 25 20:07:00.758152 np0000182854 devstack@neutron-api.service[103380]: DEBUG neutron.plugins.ml2.drivers.ovn.mech_driver.ovsdb.ovsdb_monitor [None req-12b6ffe6-6ff6-4dde-9240-30bc8e0b1dbd None None] Touching Hash Ring node "4f9d0a04f00151b0b686224cc93db1da" from IDL notify handler {{(pid=103380) notify /opt/stack/neutron/neutron/plugins/ml2/drivers/ovn/mech_driver/ovsdb/ovsdb_monitor.py:1007}}
Jun 25 20:07:00.758622 np0000182854 devstack@neutron-api.service[103379]: DEBUG neutron.plugins.ml2.drivers.ovn.mech_driver.ovsdb.ovsdb_monitor [None req-d42056b9-253d-4be2-9e6b-408c7469a96f None None] Hash Ring: Node a51a43519acf5efd915ea6ca5a1c5f20 (host: np0000182854) handling event "create" for row 15570ecf-c560-4e5a-839b-30fefe48ce90 (table: Port_Binding) {{(pid=103379) notify /opt/stack/neutron/neutron/plugins/ml2/drivers/ovn/mech_driver/ovsdb/ovsdb_monitor.py:1015}}
Jun 25 20:07:00.759135 np0000182854 devstack@neutron-api.service[103381]: DEBUG neutron.plugins.ml2.drivers.ovn.mech_driver.ovsdb.ovsdb_monitor [None req-83ed3e16-3c6d-4a6b-9aab-975c48709efa None None] Touching Hash Ring node "363186f0282251f1bc7b5117cc89b933" from IDL notify handler {{(pid=103381) notify /opt/stack/neutron/neutron/plugins/ml2/drivers/ovn/mech_driver/ovsdb/ovsdb_monitor.py:1007}}
Jun 25 20:07:00.760849 np0000182854 devstack@neutron-api.service[103380]: DEBUG neutron.plugins.ml2.drivers.ovn.mech_driver.ovsdb.ovsdb_monitor [None req-12b6ffe6-6ff6-4dde-9240-30bc8e0b1dbd None None] Hash Ring: Node 4f9d0a04f00151b0b686224cc93db1da (host: np0000182854) handling event "update" for row cfd6d285-fbdd-4c15-9676-e14b1f9d6a92 (table: Logical_Switch_Port) {{(pid=103380) notify /opt/stack/neutron/neutron/plugins/ml2/drivers/ovn/mech_driver/ovsdb/ovsdb_monitor.py:1015}}
Jun 25 20:07:00.761079 np0000182854 devstack@neutron-api.service[103381]: DEBUG neutron.plugins.ml2.drivers.ovn.mech_driver.ovsdb.ovsdb_monitor [None req-a2757735-d30a-40ae-ad69-5c1e6a5dfc7a None None] Hash Ring: Node 363186f0282251f1bc7b5117cc89b933 (host: np0000182854) handling event "create" for row 15570ecf-c560-4e5a-839b-30fefe48ce90 (table: Port_Binding) {{(pid=103381) notify /opt/stack/neutron/neutron/plugins/ml2/drivers/ovn/mech_driver/ovsdb/ovsdb_monitor.py:1015}}
Jun 25 20:07:00.762843 np0000182854 devstack@neutron-api.service[103381]: DEBUG neutron.plugins.ml2.drivers.ovn.mech_driver.ovsdb.ovsdb_monitor [None req-83ed3e16-3c6d-4a6b-9aab-975c48709efa None None] Hash Ring: Node 363186f0282251f1bc7b5117cc89b933 (host: np0000182854) handling event "create" for row cfd6d285-fbdd-4c15-9676-e14b1f9d6a92 (table: Logical_Switch_Port) {{(pid=103381) notify /opt/stack/neutron/neutron/plugins/ml2/drivers/ovn/mech_driver/ovsdb/ovsdb_monitor.py:1015}}
Jun 25 20:07:00.764797 np0000182854 devstack@neutron-api.service[103381]: DEBUG ovsdbapp.backend.ovs_idl.event [None req-83ed3e16-3c6d-4a6b-9aab-975c48709efa None None] Matched CREATE: LogicalSwitchPortCreateEvent(events=('create',), table='Logical_Switch_Port', conditions=[], old_conditions=None), priority=20 to row=Logical_Switch_Port(uuid=cfd6d285-fbdd-4c15-9676-e14b1f9d6a92, addresses=['unknown'], dhcpv4_options=[], dhcpv6_options=[], dynamic_addresses=[], enabled=True, external_ids={'neutron:cidrs': '172.24.5.13/24', 'neutron:device_id': 'bd74c131-e1f4-484f-b380-17b1b96eefeb', 'neutron:device_owner': 'network:router_gateway', 'neutron:mtu': '', 'neutron:network_name': 'neutron-db353e39-e35b-439c-8cbd-6d000245eede', 'neutron:port_capabilities': '', 'neutron:port_name': '', 'neutron:project_id': '', 'neutron:revision_number': '1', 'neutron:security_group_ids': '', 'neutron:subnet_pool_addr_scope4': '', 'neutron:subnet_pool_addr_scope6': '', 'neutron:vnic_type': 'normal'}, ha_chassis_group=[], mirror_rules=[], name='d906e48f-5a98-4fb5-a594-e56fdd2509dd', options={}, parent_name=[], port_security=[], tag=[], tag_request=[], type='', up=[]) old= {{(pid=103381) matches /opt/stack/data/venv/lib/python3.12/site-packages/ovsdbapp/backend/ovs_idl/event.py:55}}
Jun 25 20:07:00.767509 np0000182854 devstack@neutron-api.service[103381]: DEBUG neutron.plugins.ml2.drivers.ovn.mech_driver.ovsdb.ovsdb_monitor [None req-83ed3e16-3c6d-4a6b-9aab-975c48709efa None None] Touching Hash Ring node "363186f0282251f1bc7b5117cc89b933" from IDL notify handler {{(pid=103381) notify /opt/stack/neutron/neutron/plugins/ml2/drivers/ovn/mech_driver/ovsdb/ovsdb_monitor.py:1007}}
Jun 25 20:07:00.769896 np0000182854 devstack@neutron-api.service[103381]: DEBUG neutron.plugins.ml2.drivers.ovn.mech_driver.ovsdb.ovsdb_monitor [None req-83ed3e16-3c6d-4a6b-9aab-975c48709efa None None] Hash Ring: Node 363186f0282251f1bc7b5117cc89b933 (host: np0000182854) handling event "update" for row cfd6d285-fbdd-4c15-9676-e14b1f9d6a92 (table: Logical_Switch_Port) {{(pid=103381) notify /opt/stack/neutron/neutron/plugins/ml2/drivers/ovn/mech_driver/ovsdb/ovsdb_monitor.py:1015}}
Jun 25 20:07:00.783112 np0000182854 devstack@neutron-api.service[103382]: INFO neutron.db.ovn_revision_numbers_db [None req-cb130621-84bd-44f8-9004-679f22cabe74 admin admin] Successfully bumped revision number for resource d906e48f-5a98-4fb5-a594-e56fdd2509dd (type: ports) to 1
Jun 25 20:07:00.802464 np0000182854 devstack@neutron-api.service[103380]: DEBUG neutron.db.provisioning_blocks [None req-ebfcbeb0-c061-4af8-90ee-fa14f3125531 None None] Transition to ACTIVE for port object d906e48f-5a98-4fb5-a594-e56fdd2509dd will not be triggered until provisioned by entity L2. {{(pid=103380) add_provisioning_component /opt/stack/neutron/neutron/db/provisioning_blocks.py:74}}
Jun 25 20:07:00.843545 np0000182854 devstack@neutron-api.service[103380]: DEBUG neutron.plugins.ml2.plugin [None req-ebfcbeb0-c061-4af8-90ee-fa14f3125531 None None] Current status of the port d906e48f-5a98-4fb5-a594-e56fdd2509dd is: DOWN; New status is: DOWN {{(pid=103380) _update_individual_port_db_status /opt/stack/neutron/neutron/plugins/ml2/plugin.py:2473}}
Jun 25 20:07:00.844898 np0000182854 devstack@neutron-api.service[103380]: DEBUG ovsdbapp.backend.ovs_idl.transaction [None req-12b6ffe6-6ff6-4dde-9240-30bc8e0b1dbd None None] Running txn n=1 command(idx=0): DbRemoveCommand(_result=None, table=Logical_Switch_Port, record=d906e48f-5a98-4fb5-a594-e56fdd2509dd, column=external_ids, values=('neutron:host_id',), keyvalues={}, if_exists=True) {{(pid=103380) do_commit /opt/stack/data/venv/lib/python3.12/site-packages/ovsdbapp/backend/ovs_idl/transaction.py:89}}
Jun 25 20:07:00.938559 np0000182854 devstack@neutron-api.service[103382]: DEBUG neutron_lib.callbacks.manager [None req-cb130621-84bd-44f8-9004-679f22cabe74 admin admin] Publish callbacks [] for router_gateway (bd74c131-e1f4-484f-b380-17b1b96eefeb), after_create {{(pid=103382) _notify_loop /opt/stack/data/venv/lib/python3.12/site-packages/neutron_lib/callbacks/manager.py:184}}
Jun 25 20:07:01.542688 np0000182854 devstack@neutron-api.service[103382]: DEBUG neutron_lib.callbacks.manager [None req-cb130621-84bd-44f8-9004-679f22cabe74 admin admin] Publish callbacks ['neutron.services.ovn_l3.plugin.ExtraGatewaysDbOnlyMixin._process_bfd_ecmp_update-3579549', 'neutron.services.ovn_l3.service_providers.driver_controller.DriverController._update_router_provider-3571681'] for router (bd74c131-e1f4-484f-b380-17b1b96eefeb), precommit_update {{(pid=103382) _notify_loop /opt/stack/data/venv/lib/python3.12/site-packages/neutron_lib/callbacks/manager.py:184}}
Jun 25 20:07:01.547143 np0000182854 devstack@neutron-api.service[103382]: DEBUG neutron_lib.callbacks.manager [None req-cb130621-84bd-44f8-9004-679f22cabe74 admin admin] Publish callbacks ['neutron.services.ovn_l3.service_providers.ovn.OvnDriver._process_router_update-14350'] for router (bd74c131-e1f4-484f-b380-17b1b96eefeb), after_update {{(pid=103382) _notify_loop /opt/stack/data/venv/lib/python3.12/site-packages/neutron_lib/callbacks/manager.py:184}}
Jun 25 20:07:01.547333 np0000182854 devstack@neutron-api.service[103382]: INFO neutron.plugins.ml2.drivers.ovn.mech_driver.ovsdb.extensions.qos [None req-cb130621-84bd-44f8-9004-679f22cabe74 admin admin] Starting OVNClientQosExtension
Jun 25 20:07:01.659088 np0000182854 devstack@neutron-api.service[103382]: ERROR ovsdbapp.backend.ovs_idl.command [None req-cb130621-84bd-44f8-9004-679f22cabe74 admin admin] Error executing command (DbGetCommand): ovsdbapp.backend.ovs_idl.idlutils.RowNotFound: Cannot find Logical_Router_Port with name=lrp-d906e48f-5a98-4fb5-a594-e56fdd2509dd
Jun 25 20:07:01.659088 np0000182854 devstack@neutron-api.service[103382]: ERROR ovsdbapp.backend.ovs_idl.command
Traceback (most recent call last):
Jun 25 20:07:01.659088 np0000182854 devstack@neutron-api.service[103382]: ERROR ovsdbapp.backend.ovs_idl.command
File "/opt/stack/data/venv/lib/python3.12/site-packages/ovsdbapp/backend/ovs_idl/command.py", line 47, in execute
Jun 25 20:07:01.659088 np0000182854 devstack@neutron-api.service[103382]: ERROR ovsdbapp.backend.ovs_idl.command self.run_idl(None)
Jun 25 20:07:01.659088 np0000182854 devstack@neutron-api.service[103382]: ERROR ovsdbapp.backend.ovs_idl.command
File "/opt/stack/data/venv/lib/python3.12/site-packages/ovsdbapp/backend/ovs_idl/command.py", line 235, in run_idl
Jun 25 20:07:01.659088 np0000182854 devstack@neutron-api.service[103382]: ERROR ovsdbapp.backend.ovs_idl.command record = self.api.lookup(self.table, self.record)
Jun 25 20:07:01.659088 np0000182854 devstack@neutron-api.service[103382]: ERROR ovsdbapp.backend.ovs_idl.command ^^^^^^^^^^^^^^^^^^^^^^^^^^^^^^^^^^^^^^^^
Jun 25 20:07:01.659088 np0000182854 devstack@neutron-api.service[103382]: ERROR ovsdbapp.backend.ovs_idl.command
File "/opt/stack/data/venv/lib/python3.12/site-packages/ovsdbapp/backend/ovs_idl/__init__.py", line 184, in lookup
Jun 25 20:07:01.659088 np0000182854 devstack@neutron-api.service[103382]: ERROR ovsdbapp.backend.ovs_idl.command return self._lookup(table, record)
Jun 25 20:07:01.659088 np0000182854 devstack@neutron-api.service[103382]: ERROR ovsdbapp.backend.ovs_idl.command ^^^^^^^^^^^^^^^^^^^^^^^^^^^
Jun 25 20:07:01.659088 np0000182854 devstack@neutron-api.service[103382]: ERROR ovsdbapp.backend.ovs_idl.command
File "/opt/stack/data/venv/lib/python3.12/site-packages/ovsdbapp/backend/ovs_idl/__init__.py", line 235, in _lookup
Jun 25 20:07:01.659088 np0000182854 devstack@neutron-api.service[103382]: ERROR ovsdbapp.backend.ovs_idl.command row = idlutils.row_by_value(self, rl.table, rl.column, record)
Jun 25 20:07:01.659088 np0000182854 devstack@neutron-api.service[103382]: ERROR ovsdbapp.backend.ovs_idl.command ^^^^^^^^^^^^^^^^^^^^^^^^^^^^^^^^^^^^^^^^^^^^^^^^^^^^^^^^
Jun 25 20:07:01.659088 np0000182854 devstack@neutron-api.service[103382]: ERROR ovsdbapp.backend.ovs_idl.command
File "/opt/stack/data/venv/lib/python3.12/site-packages/ovsdbapp/backend/ovs_idl/idlutils.py", line 116, in row_by_value
Jun 25 20:07:01.659088 np0000182854 devstack@neutron-api.service[103382]: ERROR ovsdbapp.backend.ovs_idl.command raise RowNotFound(table=table, col=column, match=match)
Jun 25 20:07:01.659088 np0000182854 devstack@neutron-api.service[103382]: ERROR ovsdbapp.backend.ovs_idl.command ovsdbapp.backend.ovs_idl.idlutils.RowNotFound: Cannot find Logical_Router_Port with name=lrp-d906e48f-5a98-4fb5-a594-e56fdd2509dd
Jun 25 20:07:01.659088 np0000182854 devstack@neutron-api.service[103382]: ERROR ovsdbapp.backend.ovs_idl.command
Jun 25 20:07:01.885158 np0000182854 devstack@neutron-api.service[103382]: DEBUG ovsdbapp.backend.ovs_idl.transaction [None req-3a721c7e-31fb-421b-815a-7378027e3397 None None] Running txn n=1 command(idx=0): CheckRevisionNumberCommand(_result=None, name=neutron-bd74c131-e1f4-484f-b380-17b1b96eefeb, resource={'id': 'bd74c131-e1f4-484f-b380-17b1b96eefeb', 'name': 'router1', 'project_id': '2037db6fbcf24da5a72dd7346188d6e9', 'admin_state_up': True, 'status': 'ACTIVE', 'enable_snat': True, 'external_gateway_info': {'network_id': 'db353e39-e35b-439c-8cbd-6d000245eede', 'external_fixed_ips': [{'subnet_id': 'f18c1f27-4521-491e-bbd2-242da89c8c92', 'ip_address': '172.24.5.13'}], 'enable_snat': True}, 'gw_port_id': 'd906e48f-5a98-4fb5-a594-e56fdd2509dd', 'description': '', 'availability_zones': [], 'distributed': False, 'ha': True, 'ha_vr_id': 0, 'availability_zone_hints': [], 'enable_default_route_ecmp': False, 'enable_default_route_bfd': False, 'external_gateways': [{'network_id': 'db353e39-e35b-439c-8cbd-6d000245eede', 'external_fixed_ips': [{'ip_address': '172.24.5.13', 'subnet_id': 'f18c1f27-4521-491e-bbd2-242da89c8c92'}]}], 'routes': [], 'flavor_id': None, 'tags': [], 'created_at': '2026-06-25T20:06:55Z', 'updated_at': '2026-06-25T20:07:00Z', 'revision_number': 3, 'tenant_id': '2037db6fbcf24da5a72dd7346188d6e9'}, resource_type=routers, if_exists=True) {{(pid=103382) do_commit /opt/stack/data/venv/lib/python3.12/site-packages/ovsdbapp/backend/ovs_idl/transaction.py:89}}
Jun 25 20:07:01.885949 np0000182854 devstack@neutron-api.service[103382]: DEBUG ovsdbapp.backend.ovs_idl.transaction [None req-3a721c7e-31fb-421b-815a-7378027e3397 None None] Running txn n=1 command(idx=1): DeleteLRouterExtGwCommand(_result=None, lrouter=neutron-bd74c131-e1f4-484f-b380-17b1b96eefeb, if_exists=True, maintain_bfd=True) {{(pid=103382) do_commit /opt/stack/data/venv/lib/python3.12/site-packages/ovsdbapp/backend/ovs_idl/transaction.py:89}}
Jun 25 20:07:01.886853 np0000182854 devstack@neutron-api.service[103382]: DEBUG ovsdbapp.backend.ovs_idl.transaction [None req-3a721c7e-31fb-421b-815a-7378027e3397 None None] Running txn n=1 command(idx=2): DeleteNATRuleInLRouterCommand(_result=None, lrouter=neutron-bd74c131-e1f4-484f-b380-17b1b96eefeb, type=snat, logical_ip=0.0.0.0/0, external_ip=172.24.5.13, if_exists=True) {{(pid=103382) do_commit /opt/stack/data/venv/lib/python3.12/site-packages/ovsdbapp/backend/ovs_idl/transaction.py:89}}
Jun 25 20:07:01.887187 np0000182854 devstack@neutron-api.service[103382]: DEBUG ovsdbapp.backend.ovs_idl.transaction [None req-3a721c7e-31fb-421b-815a-7378027e3397 None None] Running txn n=1 command(idx=3): DelStaticRoutesCommand(_result=None, lrouter=neutron-bd74c131-e1f4-484f-b380-17b1b96eefeb, routes=[('0.0.0.0/0', '172.24.5.1')], if_exists=True) {{(pid=103382) do_commit /opt/stack/data/venv/lib/python3.12/site-packages/ovsdbapp/backend/ovs_idl/transaction.py:89}}
Jun 25 20:07:01.887627 np0000182854 devstack@neutron-api.service[103382]: DEBUG ovsdbapp.backend.ovs_idl.transaction [None req-3a721c7e-31fb-421b-815a-7378027e3397 None None] Running txn n=1 command(idx=4): DelLRouterPortCommand(_result=None, name=lrp-d906e48f-5a98-4fb5-a594-e56fdd2509dd, lrouter=neutron-bd74c131-e1f4-484f-b380-17b1b96eefeb, if_exists=True) {{(pid=103382) do_commit /opt/stack/data/venv/lib/python3.12/site-packages/ovsdbapp/backend/ovs_idl/transaction.py:89}}
Jun 25 20:07:01.888007 np0000182854 devstack@neutron-api.service[103382]: DEBUG ovsdbapp.backend.ovs_idl.transaction [None req-3a721c7e-31fb-421b-815a-7378027e3397 None None] Running txn n=1 command(idx=5): AddLRouterPortCommand(_result=None, name=lrp-d906e48f-5a98-4fb5-a594-e56fdd2509dd, lrouter=neutron-bd74c131-e1f4-484f-b380-17b1b96eefeb, may_exist=True, columns={'mac': 'fa:16:3e:b4:de:3b', 'networks': ['172.24.5.13/24'], 'external_ids': {'neutron:revision_number': '1', 'neutron:subnet_ids': 'f18c1f27-4521-491e-bbd2-242da89c8c92', 'neutron:network_name': 'neutron-db353e39-e35b-439c-8cbd-6d000245eede', 'neutron:is_ext_gw': 'True', 'neutron:router_name': 'neutron-bd74c131-e1f4-484f-b380-17b1b96eefeb'}, 'options': {'reside-on-redirect-chassis': 'true', 'gateway_mtu': '1372'}}) {{(pid=103382) do_commit /opt/stack/data/venv/lib/python3.12/site-packages/ovsdbapp/backend/ovs_idl/transaction.py:89}}
Jun 25 20:07:01.888858 np0000182854 devstack@neutron-api.service[103382]: DEBUG ovsdbapp.backend.ovs_idl.transaction [None req-3a721c7e-31fb-421b-815a-7378027e3397 None None] Running txn n=1 command(idx=6): ScheduleNewGatewayCommand(_result=None, g_name=lrp-d906e48f-5a98-4fb5-a594-e56fdd2509dd, sb_api=, lrouter_name=neutron-bd74c131-e1f4-484f-b380-17b1b96eefeb, ovn_client=, scheduler=, physnet=public, az_hints=[]) {{(pid=103382) do_commit /opt/stack/data/venv/lib/python3.12/site-packages/ovsdbapp/backend/ovs_idl/transaction.py:89}}
Jun 25 20:07:01.890122 np0000182854 devstack@neutron-api.service[103382]: DEBUG neutron.plugins.ml2.drivers.ovn.mech_driver.ovsdb.ovn_client [None req-3a721c7e-31fb-421b-815a-7378027e3397 None None] Chassis candidates for scheduling gateway router ports for "public" physical network: ['4a398fd4-2b66-4579-bb05-06d0d26e2a00'] {{(pid=103382) get_candidates_for_scheduling /opt/stack/neutron/neutron/plugins/ml2/drivers/ovn/mech_driver/ovsdb/ovn_client.py:1759}}
Jun 25 20:07:01.891107 np0000182854 devstack@neutron-api.service[103382]: DEBUG neutron.scheduler.l3_ovn_scheduler [None req-3a721c7e-31fb-421b-815a-7378027e3397 None None] Gateway lrp-d906e48f-5a98-4fb5-a594-e56fdd2509dd scheduled on chassis ['4a398fd4-2b66-4579-bb05-06d0d26e2a00'] {{(pid=103382) _schedule_gateway /opt/stack/neutron/neutron/scheduler/l3_ovn_scheduler.py:88}}
Jun 25 20:07:01.892070 np0000182854 devstack@neutron-api.service[103382]: DEBUG ovsdbapp.backend.ovs_idl.transaction [None req-3a721c7e-31fb-421b-815a-7378027e3397 None None] Running txn n=1 command(idx=7): SetLRouterPortInLSwitchPortCommand(_result=None, lswitch_port=d906e48f-5a98-4fb5-a594-e56fdd2509dd, lrouter_port=lrp-d906e48f-5a98-4fb5-a594-e56fdd2509dd, is_gw_port=True, if_exists=True, lsp_address=router) {{(pid=103382) do_commit /opt/stack/data/venv/lib/python3.12/site-packages/ovsdbapp/backend/ovs_idl/transaction.py:89}}
Jun 25 20:07:01.892622 np0000182854 devstack@neutron-api.service[103382]: DEBUG ovsdbapp.backend.ovs_idl.transaction [None req-3a721c7e-31fb-421b-815a-7378027e3397 None None] Running txn n=1 command(idx=8): AddStaticRouteCommand(_result=None, lrouter=neutron-bd74c131-e1f4-484f-b380-17b1b96eefeb, maintain_bfd=False, columns={'ip_prefix': '0.0.0.0/0', 'nexthop': '172.24.5.1', 'external_ids': {'neutron:is_ext_gw': 'true', 'neutron:subnet_id': 'f18c1f27-4521-491e-bbd2-242da89c8c92', 'neutron:is_static_route': 'true'}}) {{(pid=103382) do_commit /opt/stack/data/venv/lib/python3.12/site-packages/ovsdbapp/backend/ovs_idl/transaction.py:89}}
Jun 25 20:07:01.893153 np0000182854 devstack@neutron-api.service[103382]: DEBUG ovsdbapp.backend.ovs_idl.transaction [None req-3a721c7e-31fb-421b-815a-7378027e3397 None None] Running txn n=1 command(idx=9): AddNATRuleInLRouterCommand(_result=None, lrouter=neutron-bd74c131-e1f4-484f-b380-17b1b96eefeb, nat_uuid=None, columns={'type': 'snat', 'logical_ip': '0.0.0.0/0', 'external_ip': '172.24.5.13'}) {{(pid=103382) do_commit /opt/stack/data/venv/lib/python3.12/site-packages/ovsdbapp/backend/ovs_idl/transaction.py:89}}
Jun 25 20:07:01.893656 np0000182854 devstack@neutron-api.service[103382]: DEBUG ovsdbapp.backend.ovs_idl.transaction [None req-3a721c7e-31fb-421b-815a-7378027e3397 None None] Running txn n=1 command(idx=10): UpdateLRouterCommand(_result=None, name=neutron-bd74c131-e1f4-484f-b380-17b1b96eefeb, columns={'external_ids': {'neutron:router_name': 'router1', 'neutron:revision_number': '3', 'neutron:availability_zone_hints': ''}, 'enabled': True}, if_exists=True) {{(pid=103382) do_commit /opt/stack/data/venv/lib/python3.12/site-packages/ovsdbapp/backend/ovs_idl/transaction.py:89}}
Jun 25 20:07:01.894249 np0000182854 devstack@neutron-api.service[103382]: DEBUG ovsdbapp.backend.ovs_idl.transaction [None req-3a721c7e-31fb-421b-815a-7378027e3397 None None] Running txn n=1 command(idx=11): QoSDelCommand(_result=None, switch=neutron-db353e39-e35b-439c-8cbd-6d000245eede, conditions=[('direction', '=', 'from-lport'), ('priority', '=', 2002), ('match', '=', 'inport == "d906e48f-5a98-4fb5-a594-e56fdd2509dd"')], if_exists=True) {{(pid=103382) do_commit /opt/stack/data/venv/lib/python3.12/site-packages/ovsdbapp/backend/ovs_idl/transaction.py:89}}
Jun 25 20:07:01.894715 np0000182854 devstack@neutron-api.service[103382]: DEBUG ovsdbapp.backend.ovs_idl.transaction [None req-3a721c7e-31fb-421b-815a-7378027e3397 None None] Running txn n=1 command(idx=12): QoSDelCommand(_result=None, switch=neutron-db353e39-e35b-439c-8cbd-6d000245eede, conditions=[('direction', '=', 'to-lport'), ('priority', '=', 2002), ('match', '=', 'outport == "d906e48f-5a98-4fb5-a594-e56fdd2509dd"')], if_exists=True) {{(pid=103382) do_commit /opt/stack/data/venv/lib/python3.12/site-packages/ovsdbapp/backend/ovs_idl/transaction.py:89}}
Jun 25 20:07:01.901895 np0000182854 devstack@neutron-api.service[103382]: DEBUG neutron.plugins.ml2.drivers.ovn.mech_driver.ovsdb.ovsdb_monitor [None req-3a721c7e-31fb-421b-815a-7378027e3397 None None] Touching Hash Ring node "3b234d14e9315cfe8e81739085dac4c4" from IDL notify handler {{(pid=103382) notify /opt/stack/neutron/neutron/plugins/ml2/drivers/ovn/mech_driver/ovsdb/ovsdb_monitor.py:1007}}
Jun 25 20:07:01.910445 np0000182854 devstack@neutron-api.service[103382]: DEBUG neutron.plugins.ml2.drivers.ovn.mech_driver.ovsdb.ovsdb_monitor [None req-3a721c7e-31fb-421b-815a-7378027e3397 None None] Hash Ring: Node 3b234d14e9315cfe8e81739085dac4c4 (host: np0000182854) handling event "update" for row 8f974584-8312-4142-b5dd-930aab1f9606 (table: Logical_Router) {{(pid=103382) notify /opt/stack/neutron/neutron/plugins/ml2/drivers/ovn/mech_driver/ovsdb/ovsdb_monitor.py:1015}}
Jun 25 20:07:01.910889 np0000182854 devstack@neutron-api.service[103381]: DEBUG neutron.plugins.ml2.drivers.ovn.mech_driver.ovsdb.ovsdb_monitor [None req-83ed3e16-3c6d-4a6b-9aab-975c48709efa None None] Touching Hash Ring node "363186f0282251f1bc7b5117cc89b933" from IDL notify handler {{(pid=103381) notify /opt/stack/neutron/neutron/plugins/ml2/drivers/ovn/mech_driver/ovsdb/ovsdb_monitor.py:1007}}
Jun 25 20:07:01.912545 np0000182854 devstack@neutron-api.service[103379]: DEBUG neutron.plugins.ml2.drivers.ovn.mech_driver.ovsdb.ovsdb_monitor [None req-55e8a432-0bb7-4a29-a3d1-b9adf7fe45a6 None None] Touching Hash Ring node "a51a43519acf5efd915ea6ca5a1c5f20" from IDL notify handler {{(pid=103379) notify /opt/stack/neutron/neutron/plugins/ml2/drivers/ovn/mech_driver/ovsdb/ovsdb_monitor.py:1007}}
Jun 25 20:07:01.918109 np0000182854 devstack@neutron-api.service[103379]: DEBUG neutron.plugins.ml2.drivers.ovn.mech_driver.ovsdb.ovsdb_monitor [None req-d42056b9-253d-4be2-9e6b-408c7469a96f None None] Touching Hash Ring node "a51a43519acf5efd915ea6ca5a1c5f20" from IDL notify handler {{(pid=103379) notify /opt/stack/neutron/neutron/plugins/ml2/drivers/ovn/mech_driver/ovsdb/ovsdb_monitor.py:1007}}
Jun 25 20:07:01.919943 np0000182854 devstack@neutron-api.service[103380]: DEBUG neutron.plugins.ml2.drivers.ovn.mech_driver.ovsdb.ovsdb_monitor [None req-12b6ffe6-6ff6-4dde-9240-30bc8e0b1dbd None None] Touching Hash Ring node "4f9d0a04f00151b0b686224cc93db1da" from IDL notify handler {{(pid=103380) notify /opt/stack/neutron/neutron/plugins/ml2/drivers/ovn/mech_driver/ovsdb/ovsdb_monitor.py:1007}}
Jun 25 20:07:01.926452 np0000182854 devstack@neutron-api.service[103381]: DEBUG neutron.plugins.ml2.drivers.ovn.mech_driver.ovsdb.ovsdb_monitor [None req-a2757735-d30a-40ae-ad69-5c1e6a5dfc7a None None] Touching Hash Ring node "363186f0282251f1bc7b5117cc89b933" from IDL notify handler {{(pid=103381) notify /opt/stack/neutron/neutron/plugins/ml2/drivers/ovn/mech_driver/ovsdb/ovsdb_monitor.py:1007}}
Jun 25 20:07:01.931760 np0000182854 devstack@neutron-api.service[103379]: DEBUG neutron.plugins.ml2.drivers.ovn.mech_driver.ovsdb.ovsdb_monitor [None req-55e8a432-0bb7-4a29-a3d1-b9adf7fe45a6 None None] Hash Ring: Node a51a43519acf5efd915ea6ca5a1c5f20 (host: np0000182854) handling event "create" for row d1dafa36-0747-48ec-9750-0c4b87778b16 (table: HA_Chassis_Group) {{(pid=103379) notify /opt/stack/neutron/neutron/plugins/ml2/drivers/ovn/mech_driver/ovsdb/ovsdb_monitor.py:1015}}
Jun 25 20:07:01.934216 np0000182854 devstack@neutron-api.service[103380]: DEBUG neutron.plugins.ml2.drivers.ovn.mech_driver.ovsdb.ovsdb_monitor [None req-12b6ffe6-6ff6-4dde-9240-30bc8e0b1dbd None None] Hash Ring: Node 4f9d0a04f00151b0b686224cc93db1da (host: np0000182854) handling event "create" for row 02206457-59db-4b3b-9a97-da97a0ba030b (table: HA_Chassis) {{(pid=103380) notify /opt/stack/neutron/neutron/plugins/ml2/drivers/ovn/mech_driver/ovsdb/ovsdb_monitor.py:1015}}
Jun 25 20:07:01.935765 np0000182854 devstack@neutron-api.service[103379]: DEBUG neutron.plugins.ml2.drivers.ovn.mech_driver.ovsdb.ovsdb_monitor [None req-55e8a432-0bb7-4a29-a3d1-b9adf7fe45a6 None None] Touching Hash Ring node "a51a43519acf5efd915ea6ca5a1c5f20" from IDL notify handler {{(pid=103379) notify /opt/stack/neutron/neutron/plugins/ml2/drivers/ovn/mech_driver/ovsdb/ovsdb_monitor.py:1007}}
Jun 25 20:07:01.937531 np0000182854 devstack@neutron-api.service[103379]: DEBUG neutron.plugins.ml2.drivers.ovn.mech_driver.ovsdb.ovsdb_monitor [None req-d42056b9-253d-4be2-9e6b-408c7469a96f None None] Hash Ring: Node a51a43519acf5efd915ea6ca5a1c5f20 (host: np0000182854) handling event "update" for row 15570ecf-c560-4e5a-839b-30fefe48ce90 (table: Port_Binding) {{(pid=103379) notify /opt/stack/neutron/neutron/plugins/ml2/drivers/ovn/mech_driver/ovsdb/ovsdb_monitor.py:1015}}
Jun 25 20:07:01.938072 np0000182854 devstack@neutron-api.service[103380]: DEBUG neutron.plugins.ml2.drivers.ovn.mech_driver.ovsdb.ovsdb_monitor [None req-12b6ffe6-6ff6-4dde-9240-30bc8e0b1dbd None None] Touching Hash Ring node "4f9d0a04f00151b0b686224cc93db1da" from IDL notify handler {{(pid=103380) notify /opt/stack/neutron/neutron/plugins/ml2/drivers/ovn/mech_driver/ovsdb/ovsdb_monitor.py:1007}}
Jun 25 20:07:01.938612 np0000182854 devstack@neutron-api.service[103381]: DEBUG neutron.plugins.ml2.drivers.ovn.mech_driver.ovsdb.ovsdb_monitor [None req-83ed3e16-3c6d-4a6b-9aab-975c48709efa None None] Hash Ring: Node 363186f0282251f1bc7b5117cc89b933 (host: np0000182854) handling event "create" for row 02206457-59db-4b3b-9a97-da97a0ba030b (table: HA_Chassis) {{(pid=103381) notify /opt/stack/neutron/neutron/plugins/ml2/drivers/ovn/mech_driver/ovsdb/ovsdb_monitor.py:1015}}
Jun 25 20:07:01.940109 np0000182854 devstack@neutron-api.service[103381]: DEBUG neutron.plugins.ml2.drivers.ovn.mech_driver.ovsdb.ovsdb_monitor [None req-a2757735-d30a-40ae-ad69-5c1e6a5dfc7a None None] Hash Ring: Node 363186f0282251f1bc7b5117cc89b933 (host: np0000182854) handling event "update" for row 15570ecf-c560-4e5a-839b-30fefe48ce90 (table: Port_Binding) {{(pid=103381) notify /opt/stack/neutron/neutron/plugins/ml2/drivers/ovn/mech_driver/ovsdb/ovsdb_monitor.py:1015}}
Jun 25 20:07:01.941794 np0000182854 devstack@neutron-api.service[103382]: DEBUG neutron.plugins.ml2.drivers.ovn.mech_driver.ovsdb.ovsdb_monitor [None req-a8cda401-b8ef-4801-bdc2-dab02bf5437c None None] Touching Hash Ring node "3b234d14e9315cfe8e81739085dac4c4" from IDL notify handler {{(pid=103382) notify /opt/stack/neutron/neutron/plugins/ml2/drivers/ovn/mech_driver/ovsdb/ovsdb_monitor.py:1007}}
Jun 25 20:07:01.942161 np0000182854 devstack@neutron-api.service[103379]: DEBUG neutron.plugins.ml2.drivers.ovn.mech_driver.ovsdb.ovsdb_monitor [None req-55e8a432-0bb7-4a29-a3d1-b9adf7fe45a6 None None] Hash Ring: Node a51a43519acf5efd915ea6ca5a1c5f20 (host: np0000182854) handling event "create" for row 06ef987e-89f0-4f71-b9ae-9d4d10db0c07 (table: NAT) {{(pid=103379) notify /opt/stack/neutron/neutron/plugins/ml2/drivers/ovn/mech_driver/ovsdb/ovsdb_monitor.py:1015}}
