2026-05-29 07:06:36.994 9 INFO neutron.wsgi [None req-de58cb74-d7e4-493d-8e6f-c9e02eecc886 fb3568f55d084cab8b8229912420dc38 11d75ab74abe48cfa09aaf9361ce27de - - default default] 10.0.0.97 "POST /v2.0/security-group-rules HTTP/1.1" status: 201 len: 764 time: 0.2598813
2026-05-29 07:06:36.997 9 INFO neutron.wsgi [None req-ac08f53e-6baf-4b5b-9ab0-3af0b063191a fc41e98fe9fe4fd48eaad12733a888ce 05f2b33ad4ba49f18b05c72302e3cf4a - - default default] 10.0.0.97 "GET /v2.0/security-groups/5b87a694-e3eb-4400-a167-803472531055/tags HTTP/1.1" status: 200 len: 245 time: 0.0590920
2026-05-29 07:06:37.004 9 WARNING neutron_lib.context [None req-60900e10-491f-4469-97f7-16ac68c897dc fb3568f55d084cab8b8229912420dc38 11d75ab74abe48cfa09aaf9361ce27de - - default default] Method 'is_advsvc' is deprecated since 2023.2 release (neutron-lib 3.8.0) and will be removed once support for the old RBAC API policies will be removed from Neutron. Please use method 'is_service_role' instead.
2026-05-29 07:06:37.020 9 INFO neutron.wsgi [None req-d94da0eb-26bb-41d2-9e7b-aa585e8cc6f5 fb514e81ac09446ba6a63487b312e7ae 9b2f828e09e24a8cbc2d22a6f60e01e3 - - default default] 10.0.0.97 "PUT /v2.0/subnets/128fe31d-6f81-428f-9f6f-0e468543c88d/tags HTTP/1.1" status: 200 len: 212 time: 0.0847120
2026-05-29 07:06:37.132 10 INFO neutron.wsgi [None req-8e8c71bd-8936-4805-a02a-6ff70599d8c8 fb514e81ac09446ba6a63487b312e7ae 9b2f828e09e24a8cbc2d22a6f60e01e3 - - default default] 10.0.0.97 "GET /v2.0/subnets?tags=red HTTP/1.1" status: 200 len: 2027 time: 0.1026528
2026-05-29 07:06:37.143 10 INFO neutron.wsgi [None req-0bafc799-9169-4046-b432-cf5602edbf5e fc41e98fe9fe4fd48eaad12733a888ce 05f2b33ad4ba49f18b05c72302e3cf4a - - default default] 10.0.0.97 "PUT /v2.0/security-groups/5b87a694-e3eb-4400-a167-803472531055/tags HTTP/1.1" status: 200 len: 230 time: 0.1411617
2026-05-29 07:06:37.163 10 INFO neutron.db.ovn_revision_numbers_db [None req-2a3f324f-f047-4764-922a-a06fd19eac68 - - - - - -] Successfully bumped revision number for resource 554f6376-ad97-4234-bfd9-1aa71f926e64 (type: router_ports) to 2
2026-05-29 07:06:37.169 9 INFO neutron.db.ovn_revision_numbers_db [None req-60900e10-491f-4469-97f7-16ac68c897dc fb3568f55d084cab8b8229912420dc38 11d75ab74abe48cfa09aaf9361ce27de - - default default] Successfully bumped revision number for resource f7b27ff6-e56b-4737-b4fd-3e6aac0bf775 (type: security_group_rules) to 0
2026-05-29 07:06:37.185 10 INFO neutron.wsgi [None req-70a7d45b-af58-4323-9546-4a2c36c10410 fc41e98fe9fe4fd48eaad12733a888ce 05f2b33ad4ba49f18b05c72302e3cf4a - - default default] 10.0.0.97 "GET /v2.0/security-groups/5b87a694-e3eb-4400-a167-803472531055/tags HTTP/1.1" status: 200 len: 230 time: 0.0351131
2026-05-29 07:06:37.197 9 INFO neutron.wsgi [None req-14be3430-0548-403e-a5fc-172d85700192 fb514e81ac09446ba6a63487b312e7ae 9b2f828e09e24a8cbc2d22a6f60e01e3 - - default default] 10.0.0.97 "GET /v2.0/subnets?tags=red%2Cblue HTTP/1.1" status: 200 len: 1430 time: 0.0576704
2026-05-29 07:06:37.204 9 INFO neutron.wsgi [None req-60900e10-491f-4469-97f7-16ac68c897dc fb3568f55d084cab8b8229912420dc38 11d75ab74abe48cfa09aaf9361ce27de - - default default] 10.0.0.97 "POST /v2.0/security-group-rules HTTP/1.1" status: 201 len: 764 time: 0.2042055
2026-05-29 07:06:37.213 9 WARNING neutron_lib.context [None req-fa46a4bf-80f0-437a-b529-4a6766cdadb0 fb3568f55d084cab8b8229912420dc38 11d75ab74abe48cfa09aaf9361ce27de - - default default] Method 'is_advsvc' is deprecated since 2023.2 release (neutron-lib 3.8.0) and will be removed once support for the old RBAC API policies will be removed from Neutron. Please use method 'is_service_role' instead.
2026-05-29 07:06:37.262 10 INFO neutron.wsgi [None req-275bcdd6-1d42-44c8-8f32-da8bc35f238e fc41e98fe9fe4fd48eaad12733a888ce 05f2b33ad4ba49f18b05c72302e3cf4a - - default default] 10.0.0.97 "GET /v2.0/security-groups/5b87a694-e3eb-4400-a167-803472531055/tags/red HTTP/1.1" status: 204 len: 168 time: 0.0712700
2026-05-29 07:06:37.285 10 INFO neutron.wsgi [None req-57c454ab-c7c5-4a43-a0bf-cad0921e71a1 fb514e81ac09446ba6a63487b312e7ae 9b2f828e09e24a8cbc2d22a6f60e01e3 - - default default] 10.0.0.97 "GET /v2.0/subnets?tags-any=blue HTTP/1.1" status: 200 len: 1430 time: 0.0804954
2026-05-29 07:06:37.308 10 INFO neutron.api.v2.resource [None req-b8baae03-78c8-4dec-9431-367855dcb501 fc41e98fe9fe4fd48eaad12733a888ce 05f2b33ad4ba49f18b05c72302e3cf4a - - default default] show failed (client error): The resource could not be found.
2026-05-29 07:06:37.309 10 INFO neutron.wsgi [None req-b8baae03-78c8-4dec-9431-367855dcb501 fc41e98fe9fe4fd48eaad12733a888ce 05f2b33ad4ba49f18b05c72302e3cf4a - - default default] 10.0.0.97 "GET /v2.0/security-groups/5b87a694-e3eb-4400-a167-803472531055/tags/green HTTP/1.1" status: 404 len: 299 time: 0.0397375
2026-05-29 07:06:37.353 10 INFO neutron.wsgi [None req-147a51dd-f20d-4f9f-90f7-237c3a00eb04 fc41e98fe9fe4fd48eaad12733a888ce 05f2b33ad4ba49f18b05c72302e3cf4a - - default default] 10.0.0.97 "DELETE /v2.0/security-groups/5b87a694-e3eb-4400-a167-803472531055/tags/red HTTP/1.1" status: 204 len: 168 time: 0.0377374
2026-05-29 07:06:37.371 9 INFO neutron.wsgi [None req-3ce4c58e-5b7c-47c7-bdf0-640cf92ffc9a fb514e81ac09446ba6a63487b312e7ae 9b2f828e09e24a8cbc2d22a6f60e01e3 - - default default] 10.0.0.97 "GET /v2.0/subnets?tags-any=red%2Cblue HTTP/1.1" status: 200 len: 2027 time: 0.0792437
2026-05-29 07:06:37.400 10 INFO neutron.wsgi [None req-b1e71695-a856-4eb5-97c6-7d88f6910529 fc41e98fe9fe4fd48eaad12733a888ce 05f2b33ad4ba49f18b05c72302e3cf4a - - default default] 10.0.0.97 "GET /v2.0/security-groups/5b87a694-e3eb-4400-a167-803472531055/tags HTTP/1.1" status: 200 len: 223 time: 0.0405042
2026-05-29 07:06:37.439 9 INFO neutron.db.ovn_revision_numbers_db [None req-fa46a4bf-80f0-437a-b529-4a6766cdadb0 fb3568f55d084cab8b8229912420dc38 11d75ab74abe48cfa09aaf9361ce27de - - default default] Successfully bumped revision number for resource 7f95432b-3281-4a92-ab5a-9c7c742be258 (type: security_group_rules) to 0
2026-05-29 07:06:37.445 9 INFO neutron.api.v2.resource [None req-232ef4c4-e4ba-439e-94ac-25e0bcde9a12 fc41e98fe9fe4fd48eaad12733a888ce 05f2b33ad4ba49f18b05c72302e3cf4a - - default default] delete failed (client error): The resource could not be found.
2026-05-29 07:06:37.446 9 INFO neutron.wsgi [None req-232ef4c4-e4ba-439e-94ac-25e0bcde9a12 fc41e98fe9fe4fd48eaad12733a888ce 05f2b33ad4ba49f18b05c72302e3cf4a - - default default] 10.0.0.97 "DELETE /v2.0/security-groups/5b87a694-e3eb-4400-a167-803472531055/tags/green HTTP/1.1" status: 404 len: 299 time: 0.0389605
2026-05-29 07:06:37.462 9 INFO neutron.wsgi [None req-fa46a4bf-80f0-437a-b529-4a6766cdadb0 fb3568f55d084cab8b8229912420dc38 11d75ab74abe48cfa09aaf9361ce27de - - default default] 10.0.0.97 "POST /v2.0/security-group-rules HTTP/1.1" status: 201 len: 764 time: 0.2531307
2026-05-29 07:06:37.471 9 WARNING neutron_lib.context [None req-63556e3b-8584-4b6c-8e0e-82e7df348f5d fb3568f55d084cab8b8229912420dc38 11d75ab74abe48cfa09aaf9361ce27de - - default default] Method 'is_advsvc' is deprecated since 2023.2 release (neutron-lib 3.8.0) and will be removed once support for the old RBAC API policies will be removed from Neutron. Please use method 'is_service_role' instead.
2026-05-29 07:06:37.476 10 INFO neutron.wsgi [None req-7219d59b-e1cb-4888-b872-ca7764555adb fb514e81ac09446ba6a63487b312e7ae 9b2f828e09e24a8cbc2d22a6f60e01e3 - - default default] 10.0.0.97 "GET /v2.0/subnets?not-tags=red HTTP/1.1" status: 200 len: 2018 time: 0.0962801
2026-05-29 07:06:37.500 10 INFO neutron.wsgi [None req-b1a406ef-4341-4e2e-af84-408327ce06f8 fc41e98fe9fe4fd48eaad12733a888ce 05f2b33ad4ba49f18b05c72302e3cf4a - - default default] 10.0.0.97 "DELETE /v2.0/security-groups/5b87a694-e3eb-4400-a167-803472531055/tags HTTP/1.1" status: 204 len: 168 time: 0.0462000
2026-05-29 07:06:37.531 10 INFO neutron.wsgi [None req-cfc5d5a4-b96d-4a16-8a79-5e9fd50151fb fc41e98fe9fe4fd48eaad12733a888ce 05f2b33ad4ba49f18b05c72302e3cf4a - - default default] 10.0.0.97 "GET /v2.0/security-groups/5b87a694-e3eb-4400-a167-803472531055/tags HTTP/1.1" status: 200 len: 205 time: 0.0248668
2026-05-29 07:06:37.587 9 INFO neutron.wsgi [None req-a6b3f9dd-d6a0-43c9-a42f-93958cb40008 fb514e81ac09446ba6a63487b312e7ae 9b2f828e09e24a8cbc2d22a6f60e01e3 - - default default] 10.0.0.97 "GET /v2.0/subnets?not-tags=red%2Cblue HTTP/1.1" status: 200 len: 2615 time: 0.1052673
2026-05-29 07:06:37.654 10 INFO neutron.wsgi [None req-88167661-5c2c-4558-bca9-26efa6b48c6c fc41e98fe9fe4fd48eaad12733a888ce 05f2b33ad4ba49f18b05c72302e3cf4a - - default default] 10.0.0.97 "DELETE /v2.0/security-groups/5b87a694-e3eb-4400-a167-803472531055 HTTP/1.1" status: 204 len: 168 time: 0.1151567
2026-05-29 07:06:37.662 9 INFO neutron.wsgi [None req-24d7c51e-69d9-49e1-800f-c8a8c070d5aa fb514e81ac09446ba6a63487b312e7ae 9b2f828e09e24a8cbc2d22a6f60e01e3 - - default default] 10.0.0.97 "GET /v2.0/subnets?not-tags-any=blue HTTP/1.1" status: 200 len: 2615 time: 0.0692108
2026-05-29 07:06:37.733 10 INFO neutron.wsgi [None req-5c9512d7-7d1e-4a88-9791-99f36396f2f7 fb514e81ac09446ba6a63487b312e7ae 9b2f828e09e24a8cbc2d22a6f60e01e3 - - default default] 10.0.0.97 "GET /v2.0/subnets?not-tags-any=red%2Cblue HTTP/1.1" status: 200 len: 2018 time: 0.0636694
2026-05-29 07:06:37.734 9 INFO neutron.db.ovn_revision_numbers_db [None req-63556e3b-8584-4b6c-8e0e-82e7df348f5d fb3568f55d084cab8b8229912420dc38 11d75ab74abe48cfa09aaf9361ce27de - - default default] Successfully bumped revision number for resource 2408ffff-b809-46bf-ab96-adc090db8dda (type: security_group_rules) to 0
2026-05-29 07:06:37.763 9 INFO neutron.wsgi [None req-63556e3b-8584-4b6c-8e0e-82e7df348f5d fb3568f55d084cab8b8229912420dc38 11d75ab74abe48cfa09aaf9361ce27de - - default default] 10.0.0.97 "POST /v2.0/security-group-rules HTTP/1.1" status: 201 len: 766 time: 0.2959139
2026-05-29 07:06:37.772 9 WARNING neutron_lib.context [None req-f66f63a6-030d-4a6b-a61e-1f0449756b33 fb3568f55d084cab8b8229912420dc38 11d75ab74abe48cfa09aaf9361ce27de - - default default] Method 'is_advsvc' is deprecated since 2023.2 release (neutron-lib 3.8.0) and will be removed once support for the old RBAC API policies will be removed from Neutron. Please use method 'is_service_role' instead.
2026-05-29 07:06:37.934 9 INFO neutron.db.ovn_revision_numbers_db [None req-f66f63a6-030d-4a6b-a61e-1f0449756b33 fb3568f55d084cab8b8229912420dc38 11d75ab74abe48cfa09aaf9361ce27de - - default default] Successfully bumped revision number for resource c77823d3-1019-4883-b944-f3d24d67fb24 (type: security_group_rules) to 0
2026-05-29 07:06:37.958 9 INFO neutron.wsgi [None req-f66f63a6-030d-4a6b-a61e-1f0449756b33 fb3568f55d084cab8b8229912420dc38 11d75ab74abe48cfa09aaf9361ce27de - - default default] 10.0.0.97 "POST /v2.0/security-group-rules HTTP/1.1" status: 201 len: 768 time: 0.1906824
2026-05-29 07:06:37.970 9 WARNING neutron_lib.context [None req-ba98584c-0dc7-4212-b901-e02d4427cdec fb3568f55d084cab8b8229912420dc38 11d75ab74abe48cfa09aaf9361ce27de - - default default] Method 'is_advsvc' is deprecated since 2023.2 release (neutron-lib 3.8.0) and will be removed once support for the old RBAC API policies will be removed from Neutron. Please use method 'is_service_role' instead.
2026-05-29 07:06:38.019 10 INFO neutron.wsgi [None req-e92669d7-04e3-46f2-85fe-13573de82ec9 fb514e81ac09446ba6a63487b312e7ae 9b2f828e09e24a8cbc2d22a6f60e01e3 - - default default] 10.0.0.97 "DELETE /v2.0/subnets/996082ae-2e65-4110-ab59-4453a62a9a46 HTTP/1.1" status: 204 len: 168 time: 0.2777991
2026-05-29 07:06:38.101 9 INFO neutron.db.ovn_revision_numbers_db [None req-ba98584c-0dc7-4212-b901-e02d4427cdec fb3568f55d084cab8b8229912420dc38 11d75ab74abe48cfa09aaf9361ce27de - - default default] Successfully bumped revision number for resource eeab6825-9eb5-4aeb-852e-a3035c099597 (type: security_group_rules) to 0
2026-05-29 07:06:38.130 9 INFO neutron.wsgi [None req-ba98584c-0dc7-4212-b901-e02d4427cdec fb3568f55d084cab8b8229912420dc38 11d75ab74abe48cfa09aaf9361ce27de - - default default] 10.0.0.97 "POST /v2.0/security-group-rules HTTP/1.1" status: 201 len: 764 time: 0.1656706
2026-05-29 07:06:38.236 10 INFO neutron.wsgi [None req-206ac064-2462-4a5d-a045-336957dafa79 fb514e81ac09446ba6a63487b312e7ae 9b2f828e09e24a8cbc2d22a6f60e01e3 - - default default] 10.0.0.97 "DELETE /v2.0/subnets/b13eaeba-5002-43cd-a2f6-48f22445b3e6 HTTP/1.1" status: 204 len: 168 time: 0.2113438
2026-05-29 07:06:38.404 9 INFO neutron.wsgi [req-1bcf565c-bb43-48b1-b98a-42a0fe1a8007 req-9bf430e5-9fc0-4aa0-99d8-51a24fce81b2 fb3568f55d084cab8b8229912420dc38 11d75ab74abe48cfa09aaf9361ce27de - - default default] 10.0.0.151 "GET /v2.0/security-groups?name=tempest-lb_member_SG-1816062539&fields=id&tenant_id=11d75ab74abe48cfa09aaf9361ce27de HTTP/1.1" status: 200 len: 267 time: 0.0611601
2026-05-29 07:06:38.466 10 INFO neutron.wsgi [None req-9a1beb74-fc62-4266-9a63-d94018139699 fb514e81ac09446ba6a63487b312e7ae 9b2f828e09e24a8cbc2d22a6f60e01e3 - - default default] 10.0.0.97 "DELETE /v2.0/subnets/3edf16d9-3b0e-4e3e-ab1a-43b61434d416 HTTP/1.1" status: 204 len: 168 time: 0.2239740
2026-05-29 07:06:38.515 9 INFO neutron.wsgi [req-1bcf565c-bb43-48b1-b98a-42a0fe1a8007 req-e3aa7b57-264d-47aa-856c-dfa112e35ddb fb3568f55d084cab8b8229912420dc38 11d75ab74abe48cfa09aaf9361ce27de - - default default] 10.0.0.151 "GET /v2.0/networks?id=2fc73610-6914-44f7-be79-71f48f4e05db HTTP/1.1" status: 200 len: 904 time: 0.1015012
2026-05-29 07:06:38.542 9 INFO neutron.wsgi [req-1bcf565c-bb43-48b1-b98a-42a0fe1a8007 req-b9320293-6244-4404-ad46-35488d5ca0b5 fb3568f55d084cab8b8229912420dc38 11d75ab74abe48cfa09aaf9361ce27de - - default default] 10.0.0.151 "GET /v2.0/quotas/11d75ab74abe48cfa09aaf9361ce27de HTTP/1.1" status: 200 len: 386 time: 0.0199671
2026-05-29 07:06:38.682 9 INFO neutron.wsgi [-] 10.0.0.7 "GET / HTTP/1.1" status: 200 len: 246 time: 0.0022023
2026-05-29 07:06:38.684 9 INFO neutron.wsgi [-] 10.0.0.7 "GET / HTTP/1.1" status: 200 len: 246 time: 0.0012074
2026-05-29 07:06:38.724 10 INFO neutron.wsgi [None req-52cede4a-2fd6-419b-82db-6dc9126fca48 fb514e81ac09446ba6a63487b312e7ae 9b2f828e09e24a8cbc2d22a6f60e01e3 - - default default] 10.0.0.97 "DELETE /v2.0/subnets/128fe31d-6f81-428f-9f6f-0e468543c88d HTTP/1.1" status: 204 len: 168 time: 0.2528231
2026-05-29 07:06:38.740 9 INFO neutron.db.ovn_revision_numbers_db [None req-c8f75349-5975-4390-b126-ca9408f2bf65 5af4d8153f78468fab62759554c78630 a3ad3e858eb04234a54a62e3101c8323 - - default default] Successfully bumped revision number for resource 6c0a2041-aac2-4e86-ab28-97a4cbc2e874 (type: security_groups) to 1
2026-05-29 07:06:38.760 9 INFO neutron.db.ovn_revision_numbers_db [None req-c8f75349-5975-4390-b126-ca9408f2bf65 5af4d8153f78468fab62759554c78630 a3ad3e858eb04234a54a62e3101c8323 - - default default] Successfully bumped revision number for resource 3930725d-cba6-43a5-b5f4-92ef1190dad7 (type: security_group_rules) to 0
2026-05-29 07:06:38.780 9 INFO neutron.db.ovn_revision_numbers_db [None req-c8f75349-5975-4390-b126-ca9408f2bf65 5af4d8153f78468fab62759554c78630 a3ad3e858eb04234a54a62e3101c8323 - - default default] Successfully bumped revision number for resource 7c8bb8b6-999e-477e-91bc-dbc636cadf11 (type: security_group_rules) to 0
2026-05-29 07:06:38.807 9 INFO neutron.db.ovn_revision_numbers_db [None req-c8f75349-5975-4390-b126-ca9408f2bf65 5af4d8153f78468fab62759554c78630 a3ad3e858eb04234a54a62e3101c8323 - - default default] Successfully bumped revision number for resource d865d566-210b-490c-ba7c-d19443ece935 (type: security_group_rules) to 0
2026-05-29 07:06:38.824 9 INFO neutron.db.ovn_revision_numbers_db [None req-c8f75349-5975-4390-b126-ca9408f2bf65 5af4d8153f78468fab62759554c78630 a3ad3e858eb04234a54a62e3101c8323 - - default default] Successfully bumped revision number for resource d878bc9b-3a32-41b3-a5be-5084ef0940c8 (type: security_group_rules) to 0
2026-05-29 07:06:38.845 9 INFO neutron.wsgi [req-1bcf565c-bb43-48b1-b98a-42a0fe1a8007 req-845b3ff8-f5f4-414d-8eeb-e0ca7ebb42a8 fb3568f55d084cab8b8229912420dc38 11d75ab74abe48cfa09aaf9361ce27de - - default default] 10.0.0.151 "GET /v2.0/ports?tenant_id=11d75ab74abe48cfa09aaf9361ce27de&fields=id HTTP/1.1" status: 200 len: 486 time: 0.2962384
2026-05-29 07:06:38.856 9 INFO neutron.wsgi [None req-c8f75349-5975-4390-b126-ca9408f2bf65 5af4d8153f78468fab62759554c78630 a3ad3e858eb04234a54a62e3101c8323 - - default default] 10.0.0.97 "GET /v2.0/security-groups?tenant_id=645d5952a66c49c19d6a969ee73cdb08&name=default HTTP/1.1" status: 200 len: 2996 time: 0.4718332
2026-05-29 07:06:38.944 9 INFO neutron.wsgi [req-1bcf565c-bb43-48b1-b98a-42a0fe1a8007 req-e8f3f8ec-cfee-4190-9f91-0203b63a6de9 8ccd67e3d6794f418eaf234fb8ea2616 cab9c5b69d5c4ee7a91f227694af28c3 - - cd4e054b602b420090beb20b074e9986 cd4e054b602b420090beb20b074e9986] 10.0.0.151 "GET /v2.0/networks/2fc73610-6914-44f7-be79-71f48f4e05db?fields=segments HTTP/1.1" status: 200 len: 212 time: 0.0745869
2026-05-29 07:06:38.962 10 INFO neutron.wsgi [None req-dc8a6aad-0b3e-43ad-a73e-2435295f0bfa fb514e81ac09446ba6a63487b312e7ae 9b2f828e09e24a8cbc2d22a6f60e01e3 - - default default] 10.0.0.97 "DELETE /v2.0/subnets/8bfc8972-2bd0-4645-9edb-0c8d2c67f134 HTTP/1.1" status: 204 len: 168 time: 0.2279038
2026-05-29 07:06:39.023 9 INFO neutron.wsgi [req-1bcf565c-bb43-48b1-b98a-42a0fe1a8007 req-4c9f2270-603f-4802-8c4c-182acbb3e5b2 8ccd67e3d6794f418eaf234fb8ea2616 cab9c5b69d5c4ee7a91f227694af28c3 - - cd4e054b602b420090beb20b074e9986 cd4e054b602b420090beb20b074e9986] 10.0.0.151 "GET /v2.0/networks/2fc73610-6914-44f7-be79-71f48f4e05db?fields=provider%3Aphysical_network&fields=provider%3Anetwork_type HTTP/1.1" status: 200 len: 277 time: 0.0724308
2026-05-29 07:06:39.111 9 INFO neutron.wsgi [None req-0af55063-5e31-475b-8a25-72d7a4591a4f 5af4d8153f78468fab62759554c78630 a3ad3e858eb04234a54a62e3101c8323 - - default default] 10.0.0.97 "DELETE /v2.0/security-groups/6c0a2041-aac2-4e86-ab28-97a4cbc2e874 HTTP/1.1" status: 204 len: 168 time: 0.2487283
2026-05-29 07:06:39.191 9 INFO neutron.wsgi [req-2165bf0d-776e-4056-bde1-bb041a0cb95c req-7aebc6b3-54b9-42c9-b71d-43cbeb4a733e fb3568f55d084cab8b8229912420dc38 11d75ab74abe48cfa09aaf9361ce27de - - default default] 10.0.0.151 "GET /v2.0/ports?device_id=e4ce0ab4-8d59-4c12-beb3-79a519c7b21d HTTP/1.1" status: 200 len: 210 time: 0.0304837
2026-05-29 07:06:39.285 9 INFO neutron.wsgi [None req-e2d3a744-27f8-4659-97e4-1c03be3957b1 5af4d8153f78468fab62759554c78630 a3ad3e858eb04234a54a62e3101c8323 - - default default] 10.0.0.97 "GET /v2.0/security-groups?tenant_id=05f2b33ad4ba49f18b05c72302e3cf4a&name=default HTTP/1.1" status: 200 len: 2996 time: 0.0392549
2026-05-29 07:06:39.384 10 INFO neutron.services.segments.plugin [-] Segment 5af452f1-813b-44cc-bb82-28c21a0d9b06 resource provider aggregate not found
2026-05-29 07:06:39.390 10 INFO neutron.services.segments.plugin [-] Segment 5af452f1-813b-44cc-bb82-28c21a0d9b06 resource provider aggregate not found
2026-05-29 07:06:39.401 10 INFO neutron.services.segments.plugin [-] Segment 5af452f1-813b-44cc-bb82-28c21a0d9b06 resource provider not found; error: Placement Client Error (4xx): {"errors": [{"status": 404, "title": "Not Found", "detail": "The resource could not be found.\n\n No resource provider with uuid 5af452f1-813b-44cc-bb82-28c21a0d9b06 found for delete ", "request_id": "req-56a06997-9880-49f3-ab73-8ebd5471198c"}]}
2026-05-29 07:06:39.423 10 INFO neutron.services.segments.plugin [-] Segment 5af452f1-813b-44cc-bb82-28c21a0d9b06 resource provider not found; error: Placement Client Error (4xx): {"errors": [{"status": 404, "title": "Not Found", "detail": "The resource could not be found.\n\n No resource provider with uuid 5af452f1-813b-44cc-bb82-28c21a0d9b06 found for delete ", "request_id": "req-75c49f64-7a62-4fd5-813d-41a2cbf10b9c"}]}
2026-05-29 07:06:39.450 10 INFO neutron.wsgi [None req-72cb0fc2-63d2-4e71-8310-2c1ac01c5d5a fb514e81ac09446ba6a63487b312e7ae 9b2f828e09e24a8cbc2d22a6f60e01e3 - - default default] 10.0.0.97 "DELETE /v2.0/networks/99106566-e2b8-4e8c-b762-de037294aa71 HTTP/1.1" status: 204 len: 168 time: 0.4794557
2026-05-29 07:06:39.559 9 INFO neutron.wsgi [None req-c43304cf-bb3a-477c-8a41-e8e47485477c 5af4d8153f78468fab62759554c78630 a3ad3e858eb04234a54a62e3101c8323 - - default default] 10.0.0.97 "DELETE /v2.0/security-groups/78e4bdd7-bf2d-41b5-9232-2f5d1de8aa33 HTTP/1.1" status: 204 len: 168 time: 0.2678149
2026-05-29 07:06:39.887 9 INFO neutron.services.segments.plugin [-] Segment 7719ed74-5ffe-447f-9345-29bd7f42ba31 resource provider aggregate not found
2026-05-29 07:06:39.893 9 INFO neutron.services.segments.plugin [-] Segment 7719ed74-5ffe-447f-9345-29bd7f42ba31 resource provider aggregate not found
2026-05-29 07:06:39.910 9 INFO neutron.services.segments.plugin [-] Segment 7719ed74-5ffe-447f-9345-29bd7f42ba31 resource provider not found; error: Placement Client Error (4xx): {"errors": [{"status": 404, "title": "Not Found", "detail": "The resource could not be found.\n\n No resource provider with uuid 7719ed74-5ffe-447f-9345-29bd7f42ba31 found for delete ", "request_id": "req-90af09b4-d42e-466e-b0e7-47bad3daa99e"}]}
2026-05-29 07:06:39.917 9 INFO neutron.services.segments.plugin [-] Segment 7719ed74-5ffe-447f-9345-29bd7f42ba31 resource provider not found; error: Placement Client Error (4xx): {"errors": [{"status": 404, "title": "Not Found", "detail": "The resource could not be found.\n\n No resource provider with uuid 7719ed74-5ffe-447f-9345-29bd7f42ba31 found for delete ", "request_id": "req-4ba519e5-0344-4a8b-aea8-673852000ad2"}]}
2026-05-29 07:06:39.941 9 INFO neutron.wsgi [None req-9586f334-8c82-41a7-b6a9-4870d3e23a20 fb514e81ac09446ba6a63487b312e7ae 9b2f828e09e24a8cbc2d22a6f60e01e3 - - default default] 10.0.0.97 "DELETE /v2.0/networks/4b6c7c86-7965-4db5-b2c4-268b82fd2af9 HTTP/1.1" status: 204 len: 168 time: 0.4810166
2026-05-29 07:06:40.025 9 INFO neutron.wsgi [req-1bcf565c-bb43-48b1-b98a-42a0fe1a8007 req-f3083f47-878c-4774-8226-92dad76cd36e fb3568f55d084cab8b8229912420dc38 11d75ab74abe48cfa09aaf9361ce27de - - default default] 199.204.45.144 "GET /v2.0/networks?id=2fc73610-6914-44f7-be79-71f48f4e05db HTTP/1.1" status: 200 len: 904 time: 0.0835962
2026-05-29 07:06:40.089 9 INFO neutron.wsgi [req-1bcf565c-bb43-48b1-b98a-42a0fe1a8007 req-a173b0ac-49ee-40a2-9eb9-ec33b6d85661 fb3568f55d084cab8b8229912420dc38 11d75ab74abe48cfa09aaf9361ce27de - - default default] 199.204.45.144 "GET /v2.0/security-groups?fields=id&fields=name&tenant_id=11d75ab74abe48cfa09aaf9361ce27de HTTP/1.1" status: 200 len: 378 time: 0.0544524
2026-05-29 07:06:40.114 9 WARNING neutron_lib.context [req-1bcf565c-bb43-48b1-b98a-42a0fe1a8007 req-655c5dae-5074-4d19-9108-ceebaf7decd7 fb3568f55d084cab8b8229912420dc38 11d75ab74abe48cfa09aaf9361ce27de - - default default] Method 'is_advsvc' is deprecated since 2023.2 release (neutron-lib 3.8.0) and will be removed once support for the old RBAC API policies will be removed from Neutron. Please use method 'is_service_role' instead.
2026-05-29 07:06:40.369 10 INFO neutron.wsgi [None req-4012eb89-1a71-43ee-8750-d77fb6c4e31a 5af4d8153f78468fab62759554c78630 a3ad3e858eb04234a54a62e3101c8323 - - default default] 10.0.0.221 "GET /v2.0/ports HTTP/1.1" status: 200 len: 14491 time: 0.2736802
2026-05-29 07:06:40.413 10 INFO neutron.wsgi [None req-6cbd28ca-0615-4e33-ab54-a3b859196532 5af4d8153f78468fab62759554c78630 a3ad3e858eb04234a54a62e3101c8323 - - default default] 10.0.0.221 "GET /v2.0/floatingips HTTP/1.1" status: 200 len: 193 time: 0.0325522
2026-05-29 07:06:40.437 10 INFO neutron.wsgi [None req-64121631-2b52-44b1-a280-be81a57325e1 5af4d8153f78468fab62759554c78630 a3ad3e858eb04234a54a62e3101c8323 - - default default] 10.0.0.221 "GET /v2.0/network-ip-availabilities HTTP/1.1" status: 200 len: 4164 time: 0.0217092
2026-05-29 07:06:40.513 10 INFO neutron.wsgi [None req-61fb2b48-14d3-437d-ac9b-462cb11346a8 5af4d8153f78468fab62759554c78630 a3ad3e858eb04234a54a62e3101c8323 - - default default] 10.0.0.221 "GET /v2.0/subnets HTTP/1.1" status: 200 len: 5496 time: 0.0720396
2026-05-29 07:06:40.547 10 INFO neutron.wsgi [None req-e0a6d875-e78a-4a64-b64d-e5118d675de5 fb514e81ac09446ba6a63487b312e7ae 9b2f828e09e24a8cbc2d22a6f60e01e3 - - default default] 10.0.0.97 "DELETE /v2.0/networks/63fc7679-291f-447b-af0e-b1b46daa6e8f HTTP/1.1" status: 204 len: 168 time: 0.5978389
2026-05-29 07:06:40.604 9 WARNING neutron.scheduler.dhcp_agent_scheduler [req-1bcf565c-bb43-48b1-b98a-42a0fe1a8007 req-655c5dae-5074-4d19-9108-ceebaf7decd7 fb3568f55d084cab8b8229912420dc38 11d75ab74abe48cfa09aaf9361ce27de - - default default] No more DHCP agents
2026-05-29 07:06:40.607 9 WARNING neutron.api.rpc.agentnotifiers.dhcp_rpc_agent_api [req-1bcf565c-bb43-48b1-b98a-42a0fe1a8007 req-655c5dae-5074-4d19-9108-ceebaf7decd7 fb3568f55d084cab8b8229912420dc38 11d75ab74abe48cfa09aaf9361ce27de - - default default] Unable to schedule network 2fc73610-6914-44f7-be79-71f48f4e05db: no agents available; will retry on subsequent port and subnet creation events.
2026-05-29 07:06:40.663 10 INFO neutron.wsgi [None req-9ec83820-2901-4ac0-82f6-cb4e0b824444 5af4d8153f78468fab62759554c78630 a3ad3e858eb04234a54a62e3101c8323 - - default default] 10.0.0.221 "GET /v2.0/networks HTTP/1.1" status: 200 len: 6133 time: 0.1477385
2026-05-29 07:06:41.349 10 INFO neutron.wsgi [None req-d80e06fa-f07c-43ca-8fd5-3a22a2d8d29b 5af4d8153f78468fab62759554c78630 a3ad3e858eb04234a54a62e3101c8323 - - default default] 10.0.0.221 "GET /v2.0/routers HTTP/1.1" status: 200 len: 850 time: 0.6811552
2026-05-29 07:06:41.350 9 INFO neutron.db.ovn_revision_numbers_db [req-1bcf565c-bb43-48b1-b98a-42a0fe1a8007 req-655c5dae-5074-4d19-9108-ceebaf7decd7 fb3568f55d084cab8b8229912420dc38 11d75ab74abe48cfa09aaf9361ce27de - - default default] Successfully bumped revision number for resource e2286812-0e7c-4e6b-8e83-7be6413289ce (type: ports) to 1
2026-05-29 07:06:41.373 9 INFO neutron.wsgi [req-1bcf565c-bb43-48b1-b98a-42a0fe1a8007 req-655c5dae-5074-4d19-9108-ceebaf7decd7 fb3568f55d084cab8b8229912420dc38 11d75ab74abe48cfa09aaf9361ce27de - - default default] 199.204.45.144 "POST /v2.0/ports HTTP/1.1" status: 201 len: 1388 time: 1.2667892 /var/lib/openstack/lib/python3.10/site-packages/pycadf/identifier.py:71: UserWarning: Invalid uuid: neutron. To ensure interoperability, identifiers should be a valid uuid. warnings.warn(('Invalid uuid: %s. To ensure interoperability, '
2026-05-29 07:06:41.392 10 INFO neutron.wsgi [None req-e1469048-7537-4a95-881b-64707bbed897 5af4d8153f78468fab62759554c78630 a3ad3e858eb04234a54a62e3101c8323 - - default default] 10.0.0.221 "GET /v2.0/agents?binary=ovn-controller HTTP/1.1" status: 200 len: 591 time: 0.0417974
2026-05-29 07:06:41.443 10 INFO neutron.wsgi [None req-cdd648c4-a316-4c87-9e91-c76524411791 5af4d8153f78468fab62759554c78630 a3ad3e858eb04234a54a62e3101c8323 - - default default] 10.0.0.221 "GET /v2.0/agents HTTP/1.1" status: 200 len: 997 time: 0.0481822
2026-05-29 07:06:41.455 10 INFO neutron.services.segments.plugin [-] Segment e2a2f5c2-58c3-4c99-9e1d-9635a8929104 resource provider aggregate not found
2026-05-29 07:06:41.469 10 INFO neutron.services.segments.plugin [-] Segment e2a2f5c2-58c3-4c99-9e1d-9635a8929104 resource provider aggregate not found
2026-05-29 07:06:41.485 10 INFO neutron.services.segments.plugin [-] Segment e2a2f5c2-58c3-4c99-9e1d-9635a8929104 resource provider not found; error: Placement Client Error (4xx): {"errors": [{"status": 404, "title": "Not Found", "detail": "The resource could not be found.\n\n No resource provider with uuid e2a2f5c2-58c3-4c99-9e1d-9635a8929104 found for delete ", "request_id": "req-595a6173-6e7a-447b-bc0b-f298b868ae7b"}]}
2026-05-29 07:06:41.496 10 INFO neutron.services.segments.plugin [-] Segment e2a2f5c2-58c3-4c99-9e1d-9635a8929104 resource provider not found; error: Placement Client Error (4xx): {"errors": [{"status": 404, "title": "Not Found", "detail": "The resource could not be found.\n\n No resource provider with uuid e2a2f5c2-58c3-4c99-9e1d-9635a8929104 found for delete ", "request_id": "req-d1215860-2815-4b8c-aecb-f4ba78895d6d"}]}
2026-05-29 07:06:41.510 10 INFO neutron.wsgi [None req-c1f329d1-9757-4a79-8fa5-ff9742669c86 5af4d8153f78468fab62759554c78630 a3ad3e858eb04234a54a62e3101c8323 - - default default] 10.0.0.221 "GET /v2.0/subnets HTTP/1.1" status: 200 len: 5496 time: 0.0642443
2026-05-29 07:06:41.522 10 INFO neutron.wsgi [None req-37502f39-6f26-407f-9e95-53a90b9c002c 5af4d8153f78468fab62759554c78630 a3ad3e858eb04234a54a62e3101c8323 - - default default] 10.0.0.221 "GET /v2.0/subnetpools HTTP/1.1" status: 200 len: 193 time: 0.0107179
2026-05-29 07:06:41.609 10 INFO neutron.wsgi [None req-d4b2ef08-e053-4705-8cef-5da03ce07e79 5af4d8153f78468fab62759554c78630 a3ad3e858eb04234a54a62e3101c8323 - - default default] 10.0.0.221 "GET /v2.0/security-groups HTTP/1.1" status: 200 len: 30295 time: 0.0853641
2026-05-29 07:06:41.738 10 INFO neutron.wsgi [None req-96ef7d06-8330-416c-842e-2bd3700fd9b7 fb514e81ac09446ba6a63487b312e7ae 9b2f828e09e24a8cbc2d22a6f60e01e3 - - default default] 10.0.0.97 "DELETE /v2.0/networks/9c56981d-db6f-4984-8f04-2f022327223a HTTP/1.1" status: 204 len: 168 time: 1.1833830
2026-05-29 07:06:41.842 9 INFO neutron.db.ovn_revision_numbers_db [req-1bcf565c-bb43-48b1-b98a-42a0fe1a8007 req-2fa150c4-9d8f-4a3c-bc82-5ff9cd3c114e 8ccd67e3d6794f418eaf234fb8ea2616 cab9c5b69d5c4ee7a91f227694af28c3 - - cd4e054b602b420090beb20b074e9986 cd4e054b602b420090beb20b074e9986] Successfully bumped revision number for resource e2286812-0e7c-4e6b-8e83-7be6413289ce (type: ports) to 2
2026-05-29 07:06:42.094 9 INFO neutron.db.ovn_revision_numbers_db [req-1bcf565c-bb43-48b1-b98a-42a0fe1a8007 req-2fa150c4-9d8f-4a3c-bc82-5ff9cd3c114e 8ccd67e3d6794f418eaf234fb8ea2616 cab9c5b69d5c4ee7a91f227694af28c3 - - cd4e054b602b420090beb20b074e9986 cd4e054b602b420090beb20b074e9986] Successfully bumped revision number for resource e2286812-0e7c-4e6b-8e83-7be6413289ce (type: ports) to 2
2026-05-29 07:06:42.118 9 INFO neutron.wsgi [req-1bcf565c-bb43-48b1-b98a-42a0fe1a8007 req-2fa150c4-9d8f-4a3c-bc82-5ff9cd3c114e 8ccd67e3d6794f418eaf234fb8ea2616 cab9c5b69d5c4ee7a91f227694af28c3 - - cd4e054b602b420090beb20b074e9986 cd4e054b602b420090beb20b074e9986] 199.204.45.144 "PUT /v2.0/ports/e2286812-0e7c-4e6b-8e83-7be6413289ce HTTP/1.1" status: 200 len: 1605 time: 0.7335999 /var/lib/openstack/lib/python3.10/site-packages/pycadf/identifier.py:71: UserWarning: Invalid uuid: neutron. To ensure interoperability, identifiers should be a valid uuid. warnings.warn(('Invalid uuid: %s. To ensure interoperability, '
2026-05-29 07:06:42.171 9 INFO neutron.notifiers.nova [-] Nova event matching ['req-b9d50ec4-6d51-4a17-a726-1134df07b1ee'] response: {'name': 'network-changed', 'server_uuid': 'e4ce0ab4-8d59-4c12-beb3-79a519c7b21d', 'tag': 'e2286812-0e7c-4e6b-8e83-7be6413289ce', 'status': 'completed', 'code': 200}
2026-05-29 07:06:42.220 9 INFO neutron.wsgi [req-1bcf565c-bb43-48b1-b98a-42a0fe1a8007 req-cb4b4388-250c-40d5-aef1-e9feea96edf7 8ccd67e3d6794f418eaf234fb8ea2616 cab9c5b69d5c4ee7a91f227694af28c3 - - cd4e054b602b420090beb20b074e9986 cd4e054b602b420090beb20b074e9986] 199.204.45.144 "GET /v2.0/ports?tenant_id=11d75ab74abe48cfa09aaf9361ce27de&device_id=e4ce0ab4-8d59-4c12-beb3-79a519c7b21d HTTP/1.1" status: 200 len: 1636 time: 0.0602517
2026-05-29 07:06:42.255 10 INFO neutron.wsgi [None req-d06a5dad-8a69-4331-982c-fe2f8253623a fb514e81ac09446ba6a63487b312e7ae 9b2f828e09e24a8cbc2d22a6f60e01e3 - - default default] 10.0.0.97 "DELETE /v2.0/networks/75f76ea8-0f62-4cb3-b1e0-bac7512a4c3f HTTP/1.1" status: 204 len: 168 time: 0.5063469
2026-05-29 07:06:42.267 9 INFO neutron.wsgi [req-1bcf565c-bb43-48b1-b98a-42a0fe1a8007 req-1e22c396-44b3-4d2a-a38a-f27df7ee8b27 8ccd67e3d6794f418eaf234fb8ea2616 cab9c5b69d5c4ee7a91f227694af28c3 - - cd4e054b602b420090beb20b074e9986 cd4e054b602b420090beb20b074e9986] 199.204.45.144 "GET /v2.0/floatingips?fixed_ip_address=10.2.1.238&port_id=e2286812-0e7c-4e6b-8e83-7be6413289ce HTTP/1.1" status: 200 len: 217 time: 0.0337558
2026-05-29 07:06:42.299 9 INFO neutron.wsgi [req-1bcf565c-bb43-48b1-b98a-42a0fe1a8007 req-d0255b4e-5eb1-4ee9-b653-a35dbb5ff35b 8ccd67e3d6794f418eaf234fb8ea2616 cab9c5b69d5c4ee7a91f227694af28c3 - - cd4e054b602b420090beb20b074e9986 cd4e054b602b420090beb20b074e9986] 199.204.45.144 "GET /v2.0/floatingips?fixed_ip_address=fd7b%3Af9f7%3Afff%3A4eca%3A%3A22a&port_id=e2286812-0e7c-4e6b-8e83-7be6413289ce HTTP/1.1" status: 200 len: 217 time: 0.0252180
2026-05-29 07:06:42.351 9 INFO neutron.wsgi [req-1bcf565c-bb43-48b1-b98a-42a0fe1a8007 req-6ec5c300-cd8d-4e1b-b5b1-d75b82bbf96b 8ccd67e3d6794f418eaf234fb8ea2616 cab9c5b69d5c4ee7a91f227694af28c3 - - cd4e054b602b420090beb20b074e9986 cd4e054b602b420090beb20b074e9986] 199.204.45.144 "GET /v2.0/subnets?id=88491e48-2fe0-40bc-9023-ad165d673f12&id=d9a6327f-aa1c-43a3-b5ec-6cda6498bc24 HTTP/1.1" status: 200 len: 1563 time: 0.0460260
2026-05-29 07:06:42.420 9 INFO neutron.wsgi [req-1bcf565c-bb43-48b1-b98a-42a0fe1a8007 req-5ecbf97f-ca3e-4479-a915-701abf1f3469 8ccd67e3d6794f418eaf234fb8ea2616 cab9c5b69d5c4ee7a91f227694af28c3 - - cd4e054b602b420090beb20b074e9986 cd4e054b602b420090beb20b074e9986] 199.204.45.144 "GET /v2.0/ports?network_id=2fc73610-6914-44f7-be79-71f48f4e05db&device_owner=network%3Adhcp HTTP/1.1" status: 200 len: 210 time: 0.0613084
2026-05-29 07:06:42.448 9 INFO neutron.wsgi [req-1bcf565c-bb43-48b1-b98a-42a0fe1a8007 req-85d0ad08-5959-4faf-987e-c9fa1a3d7ffd 8ccd67e3d6794f418eaf234fb8ea2616 cab9c5b69d5c4ee7a91f227694af28c3 - - cd4e054b602b420090beb20b074e9986 cd4e054b602b420090beb20b074e9986] 199.204.45.144 "GET /v2.0/ports?network_id=2fc73610-6914-44f7-be79-71f48f4e05db&device_owner=network%3Adhcp HTTP/1.1" status: 200 len: 210 time: 0.0234604
2026-05-29 07:06:42.509 9 INFO neutron.wsgi [req-1bcf565c-bb43-48b1-b98a-42a0fe1a8007 req-71bed5b2-1b84-4497-a96e-03871e52103f 8ccd67e3d6794f418eaf234fb8ea2616 cab9c5b69d5c4ee7a91f227694af28c3 - - cd4e054b602b420090beb20b074e9986 cd4e054b602b420090beb20b074e9986] 199.204.45.144 "GET /v2.0/networks/2fc73610-6914-44f7-be79-71f48f4e05db?fields=segments HTTP/1.1" status: 200 len: 212 time: 0.0559635
2026-05-29 07:06:42.584 9 INFO neutron.wsgi [req-1bcf565c-bb43-48b1-b98a-42a0fe1a8007 req-2f8806d8-0c94-4686-b149-060ad0cf61b2 8ccd67e3d6794f418eaf234fb8ea2616 cab9c5b69d5c4ee7a91f227694af28c3 - - cd4e054b602b420090beb20b074e9986 cd4e054b602b420090beb20b074e9986] 199.204.45.144 "GET /v2.0/networks/2fc73610-6914-44f7-be79-71f48f4e05db?fields=provider%3Aphysical_network&fields=provider%3Anetwork_type HTTP/1.1" status: 200 len: 277 time: 0.0663819
2026-05-29 07:06:42.596 10 WARNING neutron.plugins.ml2.drivers.ovn.mech_driver.ovsdb.ovn_client [None req-2a3f324f-f047-4764-922a-a06fd19eac68 - - - - - -] No hosting information found for port 554f6376-ad97-4234-bfd9-1aa71f926e64: RuntimeError: No hosting information found for port 554f6376-ad97-4234-bfd9-1aa71f926e64
2026-05-29 07:06:42.597 10 INFO neutron.plugins.ml2.drivers.ovn.mech_driver.mech_driver [None req-2a3f324f-f047-4764-922a-a06fd19eac68 - - - - - -] OVN reports status up for port: ab3f8a97-f71f-4dc7-95ba-30c21ff08dda
2026-05-29 07:06:42.605 10 INFO neutron.plugins.ml2.plugin [None req-2a3f324f-f047-4764-922a-a06fd19eac68 - - - - - -] Attempt 1 to provision port ab3f8a97-f71f-4dc7-95ba-30c21ff08dda
2026-05-29 07:06:42.691 9 INFO neutron.wsgi [req-2813efb0-a8f8-461e-893d-664ba63ccfda req-1fa68a28-7cfa-4d81-8a39-2b68e9c0c8c3 8ccd67e3d6794f418eaf234fb8ea2616 cab9c5b69d5c4ee7a91f227694af28c3 - - cd4e054b602b420090beb20b074e9986 cd4e054b602b420090beb20b074e9986] 199.204.45.144 "GET /v2.0/ports?tenant_id=11d75ab74abe48cfa09aaf9361ce27de&device_id=e4ce0ab4-8d59-4c12-beb3-79a519c7b21d HTTP/1.1" status: 200 len: 1636 time: 0.0435004
2026-05-29 07:06:42.764 9 INFO neutron.wsgi [req-2813efb0-a8f8-461e-893d-664ba63ccfda req-d53b3598-bd77-4f0c-bf7d-395e25efe7d4 8ccd67e3d6794f418eaf234fb8ea2616 cab9c5b69d5c4ee7a91f227694af28c3 - - cd4e054b602b420090beb20b074e9986 cd4e054b602b420090beb20b074e9986] 199.204.45.144 "GET /v2.0/networks?id=2fc73610-6914-44f7-be79-71f48f4e05db HTTP/1.1" status: 200 len: 1003 time: 0.0680006
2026-05-29 07:06:42.804 9 INFO neutron.wsgi [req-2813efb0-a8f8-461e-893d-664ba63ccfda req-f36c2c8b-1575-4b1d-883e-501160ea2e55 8ccd67e3d6794f418eaf234fb8ea2616 cab9c5b69d5c4ee7a91f227694af28c3 - - cd4e054b602b420090beb20b074e9986 cd4e054b602b420090beb20b074e9986] 199.204.45.144 "GET /v2.0/floatingips?fixed_ip_address=10.2.1.238&port_id=e2286812-0e7c-4e6b-8e83-7be6413289ce HTTP/1.1" status: 200 len: 217 time: 0.0325518
2026-05-29 07:06:42.839 9 INFO neutron.wsgi [req-2813efb0-a8f8-461e-893d-664ba63ccfda req-624568c6-2fc4-419c-8fab-93d11620634c 8ccd67e3d6794f418eaf234fb8ea2616 cab9c5b69d5c4ee7a91f227694af28c3 - - cd4e054b602b420090beb20b074e9986 cd4e054b602b420090beb20b074e9986] 199.204.45.144 "GET /v2.0/floatingips?fixed_ip_address=fd7b%3Af9f7%3Afff%3A4eca%3A%3A22a&port_id=e2286812-0e7c-4e6b-8e83-7be6413289ce HTTP/1.1" status: 200 len: 217 time: 0.0289149
2026-05-29 07:06:42.908 9 INFO neutron.plugins.ml2.drivers.ovn.mech_driver.mech_driver [None req-7c75fedf-3653-429d-b6a0-42a37f17b186 - - - - - -] OVN reports status up for port: e2286812-0e7c-4e6b-8e83-7be6413289ce
2026-05-29 07:06:42.927 9 INFO neutron.wsgi [req-2813efb0-a8f8-461e-893d-664ba63ccfda req-44b8ccaa-e48a-46c3-ba83-3b3bfb8bb0ee 8ccd67e3d6794f418eaf234fb8ea2616 cab9c5b69d5c4ee7a91f227694af28c3 - - cd4e054b602b420090beb20b074e9986 cd4e054b602b420090beb20b074e9986] 199.204.45.144 "GET /v2.0/subnets?id=88491e48-2fe0-40bc-9023-ad165d673f12&id=d9a6327f-aa1c-43a3-b5ec-6cda6498bc24 HTTP/1.1" status: 200 len: 1563 time: 0.0813539
2026-05-29 07:06:42.935 9 INFO neutron.plugins.ml2.plugin [None req-7c75fedf-3653-429d-b6a0-42a37f17b186 - - - - - -] Attempt 1 to provision port e2286812-0e7c-4e6b-8e83-7be6413289ce
2026-05-29 07:06:42.962 9 INFO neutron.wsgi [req-2813efb0-a8f8-461e-893d-664ba63ccfda req-a36a7be2-4302-446a-a529-f2b4ca174e05 8ccd67e3d6794f418eaf234fb8ea2616 cab9c5b69d5c4ee7a91f227694af28c3 - - cd4e054b602b420090beb20b074e9986 cd4e054b602b420090beb20b074e9986] 199.204.45.144 "GET /v2.0/ports?network_id=2fc73610-6914-44f7-be79-71f48f4e05db&device_owner=network%3Adhcp HTTP/1.1" status: 200 len: 210 time: 0.0274489
2026-05-29 07:06:42.992 9 INFO neutron.wsgi [req-2813efb0-a8f8-461e-893d-664ba63ccfda req-7a90d59c-be63-4fb2-a6d1-22b10d168e95 8ccd67e3d6794f418eaf234fb8ea2616 cab9c5b69d5c4ee7a91f227694af28c3 - - cd4e054b602b420090beb20b074e9986 cd4e054b602b420090beb20b074e9986] 199.204.45.144 "GET /v2.0/ports?network_id=2fc73610-6914-44f7-be79-71f48f4e05db&device_owner=network%3Adhcp HTTP/1.1" status: 200 len: 210 time: 0.0223396
2026-05-29 07:06:43.023 10 INFO neutron.db.ovn_revision_numbers_db [None req-2a3f324f-f047-4764-922a-a06fd19eac68 - - - - - -] Successfully bumped revision number for resource ab3f8a97-f71f-4dc7-95ba-30c21ff08dda (type: ports) to 2
2026-05-29 07:06:43.090 9 INFO neutron.wsgi [req-2813efb0-a8f8-461e-893d-664ba63ccfda req-111f6293-7d68-4686-a2a3-575ceb2d2ca1 8ccd67e3d6794f418eaf234fb8ea2616 cab9c5b69d5c4ee7a91f227694af28c3 - - cd4e054b602b420090beb20b074e9986 cd4e054b602b420090beb20b074e9986] 199.204.45.144 "GET /v2.0/networks/2fc73610-6914-44f7-be79-71f48f4e05db?fields=segments HTTP/1.1" status: 200 len: 212 time: 0.0912359
2026-05-29 07:06:43.121 10 INFO neutron.db.ovn_revision_numbers_db [None req-2a3f324f-f047-4764-922a-a06fd19eac68 - - - - - -] Successfully bumped revision number for resource ab3f8a97-f71f-4dc7-95ba-30c21ff08dda (type: router_ports) to 2
2026-05-29 07:06:43.183 9 INFO neutron.wsgi [req-2813efb0-a8f8-461e-893d-664ba63ccfda req-f1507444-7055-4f3d-bae2-8b3df1a1626a 8ccd67e3d6794f418eaf234fb8ea2616 cab9c5b69d5c4ee7a91f227694af28c3 - - cd4e054b602b420090beb20b074e9986 cd4e054b602b420090beb20b074e9986] 199.204.45.144 "GET /v2.0/networks/2fc73610-6914-44f7-be79-71f48f4e05db?fields=provider%3Aphysical_network&fields=provider%3Anetwork_type HTTP/1.1" status: 200 len: 277 time: 0.0841057
2026-05-29 07:06:43.302 9 WARNING neutron_lib.context [None req-6399f289-12f5-4b2a-982f-40e719299c79 d50d37dd03de4c49a17846a8217fd2d2 419d3d32aa4d4d73acfe40bc5f07ef13 - - default default] Method 'is_advsvc' is deprecated since 2023.2 release (neutron-lib 3.8.0) and will be removed once support for the old RBAC API policies will be removed from Neutron. Please use method 'is_service_role' instead.
2026-05-29 07:06:43.323 9 INFO neutron.db.ovn_revision_numbers_db [None req-7c75fedf-3653-429d-b6a0-42a37f17b186 - - - - - -] Successfully bumped revision number for resource e2286812-0e7c-4e6b-8e83-7be6413289ce (type: ports) to 4
2026-05-29 07:06:43.486 9 INFO neutron.db.ovn_revision_numbers_db [None req-6399f289-12f5-4b2a-982f-40e719299c79 d50d37dd03de4c49a17846a8217fd2d2 419d3d32aa4d4d73acfe40bc5f07ef13 - - default default] Successfully bumped revision number for resource ebd9c31a-1f25-40fa-b869-1b13c389a548 (type: security_groups) to 1
2026-05-29 07:06:43.504 9 INFO neutron.db.ovn_revision_numbers_db [None req-6399f289-12f5-4b2a-982f-40e719299c79 d50d37dd03de4c49a17846a8217fd2d2 419d3d32aa4d4d73acfe40bc5f07ef13 - - default default] Successfully bumped revision number for resource 0b0d7482-89a3-4f8f-afb1-c53093b547b7 (type: security_group_rules) to 0
2026-05-29 07:06:43.505 9 INFO neutron.db.ovn_revision_numbers_db [None req-4f1b2e44-8c7b-4e07-ad2e-0bc206770109 5af4d8153f78468fab62759554c78630 a3ad3e858eb04234a54a62e3101c8323 - - default default] Successfully bumped revision number for resource f551f9a8-2ab7-4b44-a946-fc66d8df2443 (type: security_groups) to 1
2026-05-29 07:06:43.516 10 INFO neutron.services.segments.plugin [-] Segment 13c8595d-b8c2-45a8-be89-79c647caabcb resource provider aggregate not found
2026-05-29 07:06:43.521 9 INFO neutron.db.ovn_revision_numbers_db [None req-6399f289-12f5-4b2a-982f-40e719299c79 d50d37dd03de4c49a17846a8217fd2d2 419d3d32aa4d4d73acfe40bc5f07ef13 - - default default] Successfully bumped revision number for resource 1eca8588-8410-45c7-a6a1-7fcea84ca145 (type: security_group_rules) to 0
2026-05-29 07:06:43.523 10 INFO neutron.services.segments.plugin [-] Segment 13c8595d-b8c2-45a8-be89-79c647caabcb resource provider aggregate not found
2026-05-29 07:06:43.524 9 INFO neutron.db.ovn_revision_numbers_db [None req-4f1b2e44-8c7b-4e07-ad2e-0bc206770109 5af4d8153f78468fab62759554c78630 a3ad3e858eb04234a54a62e3101c8323 - - default default] Successfully bumped revision number for resource 15e120f2-7b84-4b4f-bd0c-2acf08d1c3fb (type: security_group_rules) to 0
2026-05-29 07:06:43.535 10 INFO neutron.services.segments.plugin [-] Segment 13c8595d-b8c2-45a8-be89-79c647caabcb resource provider not found; error: Placement Client Error (4xx): {"errors": [{"status": 404, "title": "Not Found", "detail": "The resource could not be found.\n\n No resource provider with uuid 13c8595d-b8c2-45a8-be89-79c647caabcb found for delete ", "request_id": "req-5c83059b-ac30-4622-986f-ce12afe3f8f5"}]}
2026-05-29 07:06:43.538 9 INFO neutron.db.ovn_revision_numbers_db [None req-6399f289-12f5-4b2a-982f-40e719299c79 d50d37dd03de4c49a17846a8217fd2d2 419d3d32aa4d4d73acfe40bc5f07ef13 - - default default] Successfully bumped revision number for resource 3b3f7214-f687-4c92-b754-de117fba451a (type: security_group_rules) to 0
2026-05-29 07:06:43.541 9 INFO neutron.db.ovn_revision_numbers_db [None req-4f1b2e44-8c7b-4e07-ad2e-0bc206770109 5af4d8153f78468fab62759554c78630 a3ad3e858eb04234a54a62e3101c8323 - - default default] Successfully bumped revision number for resource 3acfbecd-ffb0-4c29-adbe-dfa31c28c4e5 (type: security_group_rules) to 0
2026-05-29 07:06:43.543 10 INFO neutron.services.segments.plugin [-] Segment 13c8595d-b8c2-45a8-be89-79c647caabcb resource provider not found; error: Placement Client Error (4xx): {"errors": [{"status": 404, "title": "Not Found", "detail": "The resource could not be found.\n\n No resource provider with uuid 13c8595d-b8c2-45a8-be89-79c647caabcb found for delete ", "request_id": "req-4a446343-b282-4859-8909-64325d09cf89"}]}
2026-05-29 07:06:43.554 10 INFO neutron.services.segments.plugin [-] Segment 0fcabf52-7150-40d6-9a28-2db1a4c6a233 resource provider aggregate not found
2026-05-29 07:06:43.556 9 INFO neutron.db.ovn_revision_numbers_db [None req-6399f289-12f5-4b2a-982f-40e719299c79 d50d37dd03de4c49a17846a8217fd2d2 419d3d32aa4d4d73acfe40bc5f07ef13 - - default default] Successfully bumped revision number for resource 5f2f047a-336e-4cd2-802d-298cdb368999 (type: security_group_rules) to 0
2026-05-29 07:06:43.560 9 INFO neutron.db.ovn_revision_numbers_db [None req-4f1b2e44-8c7b-4e07-ad2e-0bc206770109 5af4d8153f78468fab62759554c78630 a3ad3e858eb04234a54a62e3101c8323 - - default default] Successfully bumped revision number for resource 8604b7a8-2db9-46ab-9380-19a268be0dd0 (type: security_group_rules) to 0
2026-05-29 07:06:43.560 10 INFO neutron.services.segments.plugin [-] Segment 0fcabf52-7150-40d6-9a28-2db1a4c6a233 resource provider aggregate not found
2026-05-29 07:06:43.568 10 INFO neutron.services.segments.plugin [-] Segment 0fcabf52-7150-40d6-9a28-2db1a4c6a233 resource provider not found; error: Placement Client Error (4xx): {"errors": [{"status": 404, "title": "Not Found", "detail": "The resource could not be found.\n\n No resource provider with uuid 0fcabf52-7150-40d6-9a28-2db1a4c6a233 found for delete ", "request_id": "req-98cd6b76-1af6-4ca9-815a-022af0f83991"}]}
2026-05-29 07:06:43.573 10 INFO neutron.services.segments.plugin [-] Segment 0fcabf52-7150-40d6-9a28-2db1a4c6a233 resource provider not found; error: Placement Client Error (4xx): {"errors": [{"status": 404, "title": "Not Found", "detail": "The resource could not be found.\n\n No resource provider with uuid 0fcabf52-7150-40d6-9a28-2db1a4c6a233 found for delete ", "request_id": "req-beb26828-7c10-466b-a539-1f1745137610"}]}
2026-05-29 07:06:43.580 9 INFO neutron.db.ovn_revision_numbers_db [None req-4f1b2e44-8c7b-4e07-ad2e-0bc206770109 5af4d8153f78468fab62759554c78630 a3ad3e858eb04234a54a62e3101c8323 - - default default] Successfully bumped revision number for resource cf1fed6b-ba4d-435b-98a9-6ac4e439aaf8 (type: security_group_rules) to 0
2026-05-29 07:06:43.608 9 INFO neutron.wsgi [None req-4f1b2e44-8c7b-4e07-ad2e-0bc206770109 5af4d8153f78468fab62759554c78630 a3ad3e858eb04234a54a62e3101c8323 - - default default] 10.0.0.97 "GET /v2.0/security-groups?tenant_id=200a4a8f82bc4d46a8d0c906b6021dda&name=default HTTP/1.1" status: 200 len: 2999 time: 0.3206904
2026-05-29 07:06:43.610 9 INFO neutron.db.segments_db [None req-6399f289-12f5-4b2a-982f-40e719299c79 d50d37dd03de4c49a17846a8217fd2d2 419d3d32aa4d4d73acfe40bc5f07ef13 - - default default] Added segment 005e259f-0f2d-454b-8021-2b700e80e65b of type geneve for network 1fd1e116-f300-4f2e-ae34-5a83a97eabd7 /var/lib/openstack/lib/python3.10/site-packages/pycadf/identifier.py:71: UserWarning: Invalid uuid: neutron. To ensure interoperability, identifiers should be a valid uuid. warnings.warn(('Invalid uuid: %s. To ensure interoperability, '
2026-05-29 07:06:43.789 9 INFO neutron.db.ovn_revision_numbers_db [None req-6399f289-12f5-4b2a-982f-40e719299c79 d50d37dd03de4c49a17846a8217fd2d2 419d3d32aa4d4d73acfe40bc5f07ef13 - - default default] Successfully bumped revision number for resource 1fd1e116-f300-4f2e-ae34-5a83a97eabd7 (type: networks) to 1
2026-05-29 07:06:43.945 9 INFO neutron.wsgi [None req-fe83c143-889e-4acb-a320-b735bdcbd2b1 5af4d8153f78468fab62759554c78630 a3ad3e858eb04234a54a62e3101c8323 - - default default] 10.0.0.97 "DELETE /v2.0/security-groups/f551f9a8-2ab7-4b44-a946-fc66d8df2443 HTTP/1.1" status: 204 len: 168 time: 0.3296585
2026-05-29 07:06:43.980 9 WARNING neutron.scheduler.dhcp_agent_scheduler [None req-6399f289-12f5-4b2a-982f-40e719299c79 d50d37dd03de4c49a17846a8217fd2d2 419d3d32aa4d4d73acfe40bc5f07ef13 - - default default] No more DHCP agents
2026-05-29 07:06:43.982 9 WARNING neutron.api.rpc.agentnotifiers.dhcp_rpc_agent_api [None req-6399f289-12f5-4b2a-982f-40e719299c79 d50d37dd03de4c49a17846a8217fd2d2 419d3d32aa4d4d73acfe40bc5f07ef13 - - default default] Unable to schedule network 1fd1e116-f300-4f2e-ae34-5a83a97eabd7: no agents available; will retry on subsequent port and subnet creation events.
2026-05-29 07:06:44.062 9 INFO neutron.db.ovn_revision_numbers_db [None req-6399f289-12f5-4b2a-982f-40e719299c79 d50d37dd03de4c49a17846a8217fd2d2 419d3d32aa4d4d73acfe40bc5f07ef13 - - default default] Successfully bumped revision number for resource c382db87-d713-4bad-8d0e-10cd0bba4a8a (type: ports) to 1
2026-05-29 07:06:44.086 9 INFO neutron.wsgi [None req-6399f289-12f5-4b2a-982f-40e719299c79 d50d37dd03de4c49a17846a8217fd2d2 419d3d32aa4d4d73acfe40bc5f07ef13 - - default default] 10.0.0.97 "POST /v2.0/networks HTTP/1.1" status: 201 len: 830 time: 1.0081775
2026-05-29 07:06:44.099 10 WARNING neutron_lib.context [None req-8295e47d-366e-4b9f-b1b9-946021a388e4 d50d37dd03de4c49a17846a8217fd2d2 419d3d32aa4d4d73acfe40bc5f07ef13 - - default default] Method 'is_advsvc' is deprecated since 2023.2 release (neutron-lib 3.8.0) and will be removed once support for the old RBAC API policies will be removed from Neutron. Please use method 'is_service_role' instead.
2026-05-29 07:06:44.175 10 INFO neutron.db.ovn_revision_numbers_db [None req-fc18da3a-417e-4219-8696-3da82993f1f6 5af4d8153f78468fab62759554c78630 a3ad3e858eb04234a54a62e3101c8323 - - default default] Successfully bumped revision number for resource 64c91459-6b1b-46ce-b565-1f3a3c6b9009 (type: security_groups) to 1
2026-05-29 07:06:44.178 10 INFO neutron.db.segments_db [None req-8295e47d-366e-4b9f-b1b9-946021a388e4 d50d37dd03de4c49a17846a8217fd2d2 419d3d32aa4d4d73acfe40bc5f07ef13 - - default default] Added segment 7a7e8e86-3177-4624-bad2-dbebec6d995f of type geneve for network 6eb02522-07da-4baf-8c06-24c2c55c0517
2026-05-29 07:06:44.202 10 INFO neutron.db.ovn_revision_numbers_db [None req-fc18da3a-417e-4219-8696-3da82993f1f6 5af4d8153f78468fab62759554c78630 a3ad3e858eb04234a54a62e3101c8323 - - default default] Successfully bumped revision number for resource 384c6f65-5453-4d58-8d4a-d9744d1fc688 (type: security_group_rules) to 0
