2026-05-29 07:06:02.388 9 INFO neutron.db.ovn_revision_numbers_db [None req-2f42fba8-294c-4b01-bd32-7a1a4e6cc1bd 01f38cf13c81490181b2f66ac78b79f0 495e008086aa445a824cb3aa162d52ba - - default default] Successfully bumped revision number for resource 2767f534-4b9b-4299-a043-1c7c4a6f0cbe (type: ports) to 1
2026-05-29 07:06:02.411 9 INFO neutron.wsgi [None req-2f42fba8-294c-4b01-bd32-7a1a4e6cc1bd 01f38cf13c81490181b2f66ac78b79f0 495e008086aa445a824cb3aa162d52ba - - default default] 10.0.0.97 "POST /v2.0/networks HTTP/1.1" status: 201 len: 830 time: 1.0249212
2026-05-29 07:06:02.422 9 WARNING neutron_lib.context [None req-621dc388-223a-4259-848d-51c774bab94a 01f38cf13c81490181b2f66ac78b79f0 495e008086aa445a824cb3aa162d52ba - - default default] Method 'is_advsvc' is deprecated since 2023.2 release (neutron-lib 3.8.0) and will be removed once support for the old RBAC API policies will be removed from Neutron. Please use method 'is_service_role' instead.
2026-05-29 07:06:02.662 9 WARNING neutron.scheduler.dhcp_agent_scheduler [None req-621dc388-223a-4259-848d-51c774bab94a 01f38cf13c81490181b2f66ac78b79f0 495e008086aa445a824cb3aa162d52ba - - default default] No more DHCP agents
2026-05-29 07:06:02.664 9 WARNING neutron.api.rpc.agentnotifiers.dhcp_rpc_agent_api [None req-621dc388-223a-4259-848d-51c774bab94a 01f38cf13c81490181b2f66ac78b79f0 495e008086aa445a824cb3aa162d52ba - - default default] Unable to schedule network c0e77cb8-7dcf-4d3e-a5eb-f07bc108a747: no agents available; will retry on subsequent port and subnet creation events.
2026-05-29 07:06:02.757 9 INFO neutron.db.ovn_revision_numbers_db [None req-621dc388-223a-4259-848d-51c774bab94a 01f38cf13c81490181b2f66ac78b79f0 495e008086aa445a824cb3aa162d52ba - - default default] Successfully bumped revision number for resource e2a47727-5297-4796-b2b1-7b2f93e8d1c9 (type: ports) to 1
2026-05-29 07:06:02.784 9 INFO neutron.wsgi [None req-621dc388-223a-4259-848d-51c774bab94a 01f38cf13c81490181b2f66ac78b79f0 495e008086aa445a824cb3aa162d52ba - - default default] 10.0.0.97 "POST /v2.0/ports HTTP/1.1" status: 201 len: 942 time: 0.3672407 /var/lib/openstack/lib/python3.10/site-packages/pycadf/identifier.py:71: UserWarning: Invalid uuid: neutron. To ensure interoperability, identifiers should be a valid uuid. warnings.warn(('Invalid uuid: %s. To ensure interoperability, '
2026-05-29 07:06:02.800 9 WARNING neutron_lib.context [None req-0d0df1a3-1990-4f7d-a93f-7fbf7e89c625 01f38cf13c81490181b2f66ac78b79f0 495e008086aa445a824cb3aa162d52ba - - default default] Method 'is_advsvc' is deprecated since 2023.2 release (neutron-lib 3.8.0) and will be removed once support for the old RBAC API policies will be removed from Neutron. Please use method 'is_service_role' instead.
2026-05-29 07:06:02.878 10 INFO neutron.services.segments.plugin [-] Segment 6c48083f-892e-493b-96cb-4f988ececb3e resource provider aggregate not found
2026-05-29 07:06:02.886 9 INFO neutron.db.segments_db [None req-0d0df1a3-1990-4f7d-a93f-7fbf7e89c625 01f38cf13c81490181b2f66ac78b79f0 495e008086aa445a824cb3aa162d52ba - - default default] Added segment 1099219c-3782-4917-adb3-94ef07f96589 of type geneve for network 3a96f337-ebed-446b-8e99-58cffe0ed98f
2026-05-29 07:06:02.887 10 INFO neutron.services.segments.plugin [-] Segment 6c48083f-892e-493b-96cb-4f988ececb3e resource provider aggregate not found
2026-05-29 07:06:02.897 10 INFO neutron.services.segments.plugin [-] Segment 6c48083f-892e-493b-96cb-4f988ececb3e resource provider not found; error: Placement Client Error (4xx): {"errors": [{"status": 404, "title": "Not Found", "detail": "The resource could not be found.\n\n No resource provider with uuid 6c48083f-892e-493b-96cb-4f988ececb3e found for delete ", "request_id": "req-2e0101a1-60a7-4518-b285-31b5b9b8095b"}]}
2026-05-29 07:06:02.908 10 INFO neutron.services.segments.plugin [-] Segment 6c48083f-892e-493b-96cb-4f988ececb3e resource provider not found; error: Placement Client Error (4xx): {"errors": [{"status": 404, "title": "Not Found", "detail": "The resource could not be found.\n\n No resource provider with uuid 6c48083f-892e-493b-96cb-4f988ececb3e found for delete ", "request_id": "req-22373061-ed9a-480e-83ad-16781a980270"}]}
2026-05-29 07:06:02.928 10 INFO neutron.wsgi [None req-03cf0315-dc70-4b4a-9e8c-7e5a07dda2da fb31a104187549a09f4074b059daeae2 59430c17722c466592bff16c7209ff74 - - default default] 10.0.0.97 "DELETE /v2.0/networks/ea65a843-385f-45f9-9d81-527ef4273242 HTTP/1.1" status: 204 len: 168 time: 0.6418328
2026-05-29 07:06:02.951 10 INFO neutron.pecan_wsgi.hooks.translation [None req-eb96ba44-c1cc-4b1f-acea-d8b6b427c5ce fb31a104187549a09f4074b059daeae2 59430c17722c466592bff16c7209ff74 - - default default] DELETE failed (client error): The resource could not be found.
2026-05-29 07:06:02.953 10 INFO neutron.wsgi [None req-eb96ba44-c1cc-4b1f-acea-d8b6b427c5ce fb31a104187549a09f4074b059daeae2 59430c17722c466592bff16c7209ff74 - - default default] 10.0.0.97 "DELETE /v2.0/networks/ea65a843-385f-45f9-9d81-527ef4273242 HTTP/1.1" status: 404 len: 339 time: 0.0166545
2026-05-29 07:06:03.036 10 INFO neutron.wsgi [None req-a68abb1f-d35d-4406-b9b4-a9ed0c7e77f2 fb31a104187549a09f4074b059daeae2 59430c17722c466592bff16c7209ff74 - - default default] 10.0.0.97 "GET /v2.0/networks?router%3Aexternal=True HTTP/1.1" status: 200 len: 845 time: 0.0759556
2026-05-29 07:06:03.058 9 INFO neutron.db.ovn_revision_numbers_db [None req-0d0df1a3-1990-4f7d-a93f-7fbf7e89c625 01f38cf13c81490181b2f66ac78b79f0 495e008086aa445a824cb3aa162d52ba - - default default] Successfully bumped revision number for resource 3a96f337-ebed-446b-8e99-58cffe0ed98f (type: networks) to 1
2026-05-29 07:06:03.085 10 INFO neutron.wsgi [None req-3dcacda3-a85f-4bd9-b44e-5c8d4771be67 fb31a104187549a09f4074b059daeae2 59430c17722c466592bff16c7209ff74 - - default default] 10.0.0.97 "GET /v2.0/subnets?network_id=e98ca2f6-9d03-45b7-a913-0503db65e33d HTTP/1.1" status: 200 len: 820 time: 0.0402300
2026-05-29 07:06:03.096 10 INFO neutron.wsgi [None req-e65eac86-59df-4872-9ad8-1f9acd15bc00 fb31a104187549a09f4074b059daeae2 59430c17722c466592bff16c7209ff74 - - default default] 10.0.0.97 "GET /v2.0/extensions HTTP/1.1" status: 200 len: 16975 time: 0.0057209
2026-05-29 07:06:03.158 10 INFO neutron.wsgi [None req-ef688467-96e2-42b7-8a7e-2dc70f5eee19 fb31a104187549a09f4074b059daeae2 59430c17722c466592bff16c7209ff74 - - default default] 10.0.0.97 "GET /v2.0/networks HTTP/1.1" status: 200 len: 1504 time: 0.0565252
2026-05-29 07:06:03.220 9 INFO neutron.wsgi [None req-3ebe8208-6f83-4931-a988-73e6e477fb9e fb31a104187549a09f4074b059daeae2 59430c17722c466592bff16c7209ff74 - - default default] 10.0.0.97 "GET /v2.0/subnets HTTP/1.1" status: 200 len: 1428 time: 0.0555089
2026-05-29 07:06:03.276 9 WARNING neutron.scheduler.dhcp_agent_scheduler [None req-0d0df1a3-1990-4f7d-a93f-7fbf7e89c625 01f38cf13c81490181b2f66ac78b79f0 495e008086aa445a824cb3aa162d52ba - - default default] No more DHCP agents
2026-05-29 07:06:03.279 9 WARNING neutron.api.rpc.agentnotifiers.dhcp_rpc_agent_api [None req-0d0df1a3-1990-4f7d-a93f-7fbf7e89c625 01f38cf13c81490181b2f66ac78b79f0 495e008086aa445a824cb3aa162d52ba - - default default] Unable to schedule network 3a96f337-ebed-446b-8e99-58cffe0ed98f: no agents available; will retry on subsequent port and subnet creation events.
2026-05-29 07:06:03.300 10 INFO neutron.wsgi [None req-cb0da310-1c01-44c2-8b43-bf5a622df676 fb31a104187549a09f4074b059daeae2 59430c17722c466592bff16c7209ff74 - - default default] 10.0.0.97 "GET /v2.0/networks/98bbeabb-965b-4ad6-b01a-5a8c3115ba86 HTTP/1.1" status: 200 len: 863 time: 0.0736892
2026-05-29 07:06:03.341 10 INFO neutron.wsgi [None req-c4e79709-c375-4cfe-89fc-52fbe1151a7c fb31a104187549a09f4074b059daeae2 59430c17722c466592bff16c7209ff74 - - default default] 10.0.0.97 "GET /v2.0/subnets/42e2d3d3-90bf-4238-9d2f-a867e11ae7da HTTP/1.1" status: 200 len: 811 time: 0.0353446
2026-05-29 07:06:03.368 10 INFO neutron.pecan_wsgi.hooks.translation [None req-1ff1d8cd-b9e0-4c42-8a3c-5e4b2090e696 fb31a104187549a09f4074b059daeae2 59430c17722c466592bff16c7209ff74 - - default default] DELETE failed (client error): The resource could not be found.
2026-05-29 07:06:03.371 10 INFO neutron.wsgi [None req-1ff1d8cd-b9e0-4c42-8a3c-5e4b2090e696 fb31a104187549a09f4074b059daeae2 59430c17722c466592bff16c7209ff74 - - default default] 10.0.0.97 "DELETE /v2.0/subnets/10d2d476-a665-449c-81d2-8da4ca38f3f8 HTTP/1.1" status: 404 len: 337 time: 0.0184429
2026-05-29 07:06:03.385 9 INFO neutron.db.ovn_revision_numbers_db [None req-0d0df1a3-1990-4f7d-a93f-7fbf7e89c625 01f38cf13c81490181b2f66ac78b79f0 495e008086aa445a824cb3aa162d52ba - - default default] Successfully bumped revision number for resource 38dcf34a-208c-4c49-a017-dd0760b2c4fc (type: ports) to 1
2026-05-29 07:06:03.389 10 INFO neutron.pecan_wsgi.hooks.translation [None req-18edd295-2d36-434b-8880-f235b2c3c28c fb31a104187549a09f4074b059daeae2 59430c17722c466592bff16c7209ff74 - - default default] DELETE failed (client error): The resource could not be found.
2026-05-29 07:06:03.392 10 INFO neutron.wsgi [None req-18edd295-2d36-434b-8880-f235b2c3c28c fb31a104187549a09f4074b059daeae2 59430c17722c466592bff16c7209ff74 - - default default] 10.0.0.97 "DELETE /v2.0/networks/ea65a843-385f-45f9-9d81-527ef4273242 HTTP/1.1" status: 404 len: 339 time: 0.0155692
2026-05-29 07:06:03.410 9 INFO neutron.wsgi [None req-0d0df1a3-1990-4f7d-a93f-7fbf7e89c625 01f38cf13c81490181b2f66ac78b79f0 495e008086aa445a824cb3aa162d52ba - - default default] 10.0.0.97 "POST /v2.0/networks HTTP/1.1" status: 201 len: 831 time: 0.6181588
2026-05-29 07:06:03.422 9 WARNING neutron_lib.context [None req-4dcfd547-491b-4730-baef-7156c9c0f071 01f38cf13c81490181b2f66ac78b79f0 495e008086aa445a824cb3aa162d52ba - - default default] Method 'is_advsvc' is deprecated since 2023.2 release (neutron-lib 3.8.0) and will be removed once support for the old RBAC API policies will be removed from Neutron. Please use method 'is_service_role' instead.
2026-05-29 07:06:03.657 10 INFO neutron.wsgi [None req-a463e082-b5ad-4679-a569-904f2e1bdc27 fb31a104187549a09f4074b059daeae2 59430c17722c466592bff16c7209ff74 - - default default] 10.0.0.97 "DELETE /v2.0/subnets/42e2d3d3-90bf-4238-9d2f-a867e11ae7da HTTP/1.1" status: 204 len: 168 time: 0.2588058
2026-05-29 07:06:03.736 9 WARNING neutron.scheduler.dhcp_agent_scheduler [None req-4dcfd547-491b-4730-baef-7156c9c0f071 01f38cf13c81490181b2f66ac78b79f0 495e008086aa445a824cb3aa162d52ba - - default default] No more DHCP agents
2026-05-29 07:06:03.738 9 WARNING neutron.api.rpc.agentnotifiers.dhcp_rpc_agent_api [None req-4dcfd547-491b-4730-baef-7156c9c0f071 01f38cf13c81490181b2f66ac78b79f0 495e008086aa445a824cb3aa162d52ba - - default default] Unable to schedule network 3a96f337-ebed-446b-8e99-58cffe0ed98f: no agents available; will retry on subsequent port and subnet creation events.
2026-05-29 07:06:03.821 9 INFO neutron.db.ovn_revision_numbers_db [None req-4dcfd547-491b-4730-baef-7156c9c0f071 01f38cf13c81490181b2f66ac78b79f0 495e008086aa445a824cb3aa162d52ba - - default default] Successfully bumped revision number for resource 91e61794-2471-4b08-80fb-f518e9d61b29 (type: ports) to 1
2026-05-29 07:06:03.844 9 INFO neutron.wsgi [None req-4dcfd547-491b-4730-baef-7156c9c0f071 01f38cf13c81490181b2f66ac78b79f0 495e008086aa445a824cb3aa162d52ba - - default default] 10.0.0.97 "POST /v2.0/ports HTTP/1.1" status: 201 len: 942 time: 0.4274588 /var/lib/openstack/lib/python3.10/site-packages/pycadf/identifier.py:71: UserWarning: Invalid uuid: neutron. To ensure interoperability, identifiers should be a valid uuid. warnings.warn(('Invalid uuid: %s. To ensure interoperability, '
2026-05-29 07:06:03.859 9 WARNING neutron_lib.context [None req-0e177fc7-600f-492a-b7b2-60f53a98fa30 01f38cf13c81490181b2f66ac78b79f0 495e008086aa445a824cb3aa162d52ba - - default default] Method 'is_advsvc' is deprecated since 2023.2 release (neutron-lib 3.8.0) and will be removed once support for the old RBAC API policies will be removed from Neutron. Please use method 'is_service_role' instead.
2026-05-29 07:06:03.947 9 INFO neutron.db.segments_db [None req-0e177fc7-600f-492a-b7b2-60f53a98fa30 01f38cf13c81490181b2f66ac78b79f0 495e008086aa445a824cb3aa162d52ba - - default default] Added segment e4a52e3d-7666-4759-9497-ced61ec71a63 of type geneve for network 26b4c4e1-7840-4085-b1f4-6bcc260494b5
2026-05-29 07:06:04.098 10 INFO neutron.wsgi [None req-5df6fe84-13c5-47e9-8e11-383e5400c56f fb31a104187549a09f4074b059daeae2 59430c17722c466592bff16c7209ff74 - - default default] 10.0.0.97 "DELETE /v2.0/networks/98bbeabb-965b-4ad6-b01a-5a8c3115ba86 HTTP/1.1" status: 204 len: 168 time: 0.4356782
2026-05-29 07:06:04.148 9 INFO neutron.db.ovn_revision_numbers_db [None req-0e177fc7-600f-492a-b7b2-60f53a98fa30 01f38cf13c81490181b2f66ac78b79f0 495e008086aa445a824cb3aa162d52ba - - default default] Successfully bumped revision number for resource 26b4c4e1-7840-4085-b1f4-6bcc260494b5 (type: networks) to 1
2026-05-29 07:06:04.303 9 WARNING neutron.scheduler.dhcp_agent_scheduler [None req-0e177fc7-600f-492a-b7b2-60f53a98fa30 01f38cf13c81490181b2f66ac78b79f0 495e008086aa445a824cb3aa162d52ba - - default default] No more DHCP agents
2026-05-29 07:06:04.306 9 WARNING neutron.api.rpc.agentnotifiers.dhcp_rpc_agent_api [None req-0e177fc7-600f-492a-b7b2-60f53a98fa30 01f38cf13c81490181b2f66ac78b79f0 495e008086aa445a824cb3aa162d52ba - - default default] Unable to schedule network 26b4c4e1-7840-4085-b1f4-6bcc260494b5: no agents available; will retry on subsequent port and subnet creation events.
2026-05-29 07:06:04.387 9 INFO neutron.db.ovn_revision_numbers_db [None req-0e177fc7-600f-492a-b7b2-60f53a98fa30 01f38cf13c81490181b2f66ac78b79f0 495e008086aa445a824cb3aa162d52ba - - default default] Successfully bumped revision number for resource 49a7b2b3-9b76-462d-9b52-c8d110f363e1 (type: ports) to 1
2026-05-29 07:06:04.406 9 INFO neutron.wsgi [None req-0e177fc7-600f-492a-b7b2-60f53a98fa30 01f38cf13c81490181b2f66ac78b79f0 495e008086aa445a824cb3aa162d52ba - - default default] 10.0.0.97 "POST /v2.0/networks HTTP/1.1" status: 201 len: 831 time: 0.5535991
2026-05-29 07:06:04.416 9 WARNING neutron_lib.context [None req-3cc08565-fb85-4758-9102-553bfd1c2d24 01f38cf13c81490181b2f66ac78b79f0 495e008086aa445a824cb3aa162d52ba - - default default] Method 'is_advsvc' is deprecated since 2023.2 release (neutron-lib 3.8.0) and will be removed once support for the old RBAC API policies will be removed from Neutron. Please use method 'is_service_role' instead.
2026-05-29 07:06:04.646 9 WARNING neutron.scheduler.dhcp_agent_scheduler [None req-3cc08565-fb85-4758-9102-553bfd1c2d24 01f38cf13c81490181b2f66ac78b79f0 495e008086aa445a824cb3aa162d52ba - - default default] No more DHCP agents
2026-05-29 07:06:04.649 9 WARNING neutron.api.rpc.agentnotifiers.dhcp_rpc_agent_api [None req-3cc08565-fb85-4758-9102-553bfd1c2d24 01f38cf13c81490181b2f66ac78b79f0 495e008086aa445a824cb3aa162d52ba - - default default] Unable to schedule network 26b4c4e1-7840-4085-b1f4-6bcc260494b5: no agents available; will retry on subsequent port and subnet creation events.
2026-05-29 07:06:04.734 9 INFO neutron.db.ovn_revision_numbers_db [None req-3cc08565-fb85-4758-9102-553bfd1c2d24 01f38cf13c81490181b2f66ac78b79f0 495e008086aa445a824cb3aa162d52ba - - default default] Successfully bumped revision number for resource d8612a39-0f43-4d4a-a1aa-f468db793f58 (type: ports) to 1
2026-05-29 07:06:04.781 9 INFO neutron.wsgi [None req-3cc08565-fb85-4758-9102-553bfd1c2d24 01f38cf13c81490181b2f66ac78b79f0 495e008086aa445a824cb3aa162d52ba - - default default] 10.0.0.97 "POST /v2.0/ports HTTP/1.1" status: 201 len: 942 time: 0.3691535
2026-05-29 07:06:04.798 10 WARNING neutron_lib.context [None req-cdf21842-0a52-467e-bd84-60ce594fe752 01f38cf13c81490181b2f66ac78b79f0 495e008086aa445a824cb3aa162d52ba - - default default] Method 'is_advsvc' is deprecated since 2023.2 release (neutron-lib 3.8.0) and will be removed once support for the old RBAC API policies will be removed from Neutron. Please use method 'is_service_role' instead.
2026-05-29 07:06:04.859 10 INFO neutron.wsgi [None req-b41f1f4f-de8c-49f4-aca4-0adb33ceb248 5af4d8153f78468fab62759554c78630 a3ad3e858eb04234a54a62e3101c8323 - - default default] 10.0.0.97 "GET /v2.0/security-groups?tenant_id=59430c17722c466592bff16c7209ff74&name=default HTTP/1.1" status: 200 len: 2996 time: 0.1822097
2026-05-29 07:06:04.914 10 INFO neutron.db.segments_db [None req-cdf21842-0a52-467e-bd84-60ce594fe752 01f38cf13c81490181b2f66ac78b79f0 495e008086aa445a824cb3aa162d52ba - - default default] Added segment 990195e7-bfc3-4e1e-95c2-030956b08c2f of type geneve for network 4e17ef1f-c55e-4bf1-8575-6da960a8e21c
2026-05-29 07:06:04.923 10 INFO neutron.services.segments.plugin [-] Segment 7396bc4f-87a3-4ee5-b819-7f0a01dfc629 resource provider aggregate not found
2026-05-29 07:06:04.935 10 INFO neutron.services.segments.plugin [-] Segment 7396bc4f-87a3-4ee5-b819-7f0a01dfc629 resource provider aggregate not found
2026-05-29 07:06:04.943 10 INFO neutron.services.segments.plugin [-] Segment 7396bc4f-87a3-4ee5-b819-7f0a01dfc629 resource provider not found; error: Placement Client Error (4xx): {"errors": [{"status": 404, "title": "Not Found", "detail": "The resource could not be found.\n\n No resource provider with uuid 7396bc4f-87a3-4ee5-b819-7f0a01dfc629 found for delete ", "request_id": "req-831db7df-40dd-4340-9093-078d4de43874"}]}
2026-05-29 07:06:04.954 10 INFO neutron.services.segments.plugin [-] Segment 7396bc4f-87a3-4ee5-b819-7f0a01dfc629 resource provider not found; error: Placement Client Error (4xx): {"errors": [{"status": 404, "title": "Not Found", "detail": "The resource could not be found.\n\n No resource provider with uuid 7396bc4f-87a3-4ee5-b819-7f0a01dfc629 found for delete ", "request_id": "req-049718ee-1ac5-46e5-b5a6-f03827093185"}]}
2026-05-29 07:06:05.103 10 INFO neutron.db.ovn_revision_numbers_db [None req-cdf21842-0a52-467e-bd84-60ce594fe752 01f38cf13c81490181b2f66ac78b79f0 495e008086aa445a824cb3aa162d52ba - - default default] Successfully bumped revision number for resource 4e17ef1f-c55e-4bf1-8575-6da960a8e21c (type: networks) to 1
2026-05-29 07:06:05.246 10 INFO neutron.wsgi [None req-af8c1e9c-265a-4230-8d2a-c1df7df4e24c 5af4d8153f78468fab62759554c78630 a3ad3e858eb04234a54a62e3101c8323 - - default default] 10.0.0.97 "DELETE /v2.0/security-groups/21adfb24-1b31-46de-8bd3-50bc0ec6eae9 HTTP/1.1" status: 204 len: 168 time: 0.3816712
2026-05-29 07:06:05.291 10 WARNING neutron.scheduler.dhcp_agent_scheduler [None req-cdf21842-0a52-467e-bd84-60ce594fe752 01f38cf13c81490181b2f66ac78b79f0 495e008086aa445a824cb3aa162d52ba - - default default] No more DHCP agents
2026-05-29 07:06:05.293 10 WARNING neutron.api.rpc.agentnotifiers.dhcp_rpc_agent_api [None req-cdf21842-0a52-467e-bd84-60ce594fe752 01f38cf13c81490181b2f66ac78b79f0 495e008086aa445a824cb3aa162d52ba - - default default] Unable to schedule network 4e17ef1f-c55e-4bf1-8575-6da960a8e21c: no agents available; will retry on subsequent port and subnet creation events.
2026-05-29 07:06:05.370 10 INFO neutron.db.ovn_revision_numbers_db [None req-cdf21842-0a52-467e-bd84-60ce594fe752 01f38cf13c81490181b2f66ac78b79f0 495e008086aa445a824cb3aa162d52ba - - default default] Successfully bumped revision number for resource 0798c7d7-a7ab-4c20-9ed2-cdaa33b079d0 (type: ports) to 1
2026-05-29 07:06:05.392 10 INFO neutron.wsgi [None req-cdf21842-0a52-467e-bd84-60ce594fe752 01f38cf13c81490181b2f66ac78b79f0 495e008086aa445a824cb3aa162d52ba - - default default] 10.0.0.97 "POST /v2.0/networks HTTP/1.1" status: 201 len: 830 time: 0.6025321
2026-05-29 07:06:05.400 10 WARNING neutron_lib.context [None req-d88a2cad-a7e9-4a20-a966-ef40adf60588 01f38cf13c81490181b2f66ac78b79f0 495e008086aa445a824cb3aa162d52ba - - default default] Method 'is_advsvc' is deprecated since 2023.2 release (neutron-lib 3.8.0) and will be removed once support for the old RBAC API policies will be removed from Neutron. Please use method 'is_service_role' instead.
2026-05-29 07:06:05.660 10 WARNING neutron.scheduler.dhcp_agent_scheduler [None req-d88a2cad-a7e9-4a20-a966-ef40adf60588 01f38cf13c81490181b2f66ac78b79f0 495e008086aa445a824cb3aa162d52ba - - default default] No more DHCP agents
2026-05-29 07:06:05.662 10 WARNING neutron.api.rpc.agentnotifiers.dhcp_rpc_agent_api [None req-d88a2cad-a7e9-4a20-a966-ef40adf60588 01f38cf13c81490181b2f66ac78b79f0 495e008086aa445a824cb3aa162d52ba - - default default] Unable to schedule network 4e17ef1f-c55e-4bf1-8575-6da960a8e21c: no agents available; will retry on subsequent port and subnet creation events.
2026-05-29 07:06:05.743 10 INFO neutron.db.ovn_revision_numbers_db [None req-d88a2cad-a7e9-4a20-a966-ef40adf60588 01f38cf13c81490181b2f66ac78b79f0 495e008086aa445a824cb3aa162d52ba - - default default] Successfully bumped revision number for resource d1843cc6-0746-4d4a-9857-6d25a2f8f12b (type: ports) to 1 /var/lib/openstack/lib/python3.10/site-packages/pycadf/identifier.py:71: UserWarning: Invalid uuid: neutron. To ensure interoperability, identifiers should be a valid uuid. warnings.warn(('Invalid uuid: %s. To ensure interoperability, '
2026-05-29 07:06:05.780 10 INFO neutron.wsgi [None req-d88a2cad-a7e9-4a20-a966-ef40adf60588 01f38cf13c81490181b2f66ac78b79f0 495e008086aa445a824cb3aa162d52ba - - default default] 10.0.0.97 "POST /v2.0/ports HTTP/1.1" status: 201 len: 942 time: 0.3834863
2026-05-29 07:06:05.797 10 WARNING neutron_lib.context [None req-55d0d22b-1513-4448-8df0-4b631dc61755 01f38cf13c81490181b2f66ac78b79f0 495e008086aa445a824cb3aa162d52ba - - default default] Method 'is_advsvc' is deprecated since 2023.2 release (neutron-lib 3.8.0) and will be removed once support for the old RBAC API policies will be removed from Neutron. Please use method 'is_service_role' instead.
2026-05-29 07:06:05.891 10 INFO neutron.db.segments_db [None req-55d0d22b-1513-4448-8df0-4b631dc61755 01f38cf13c81490181b2f66ac78b79f0 495e008086aa445a824cb3aa162d52ba - - default default] Added segment f00960d1-2cdf-4eb4-8bf9-b134f2449554 of type geneve for network 546f3b69-71ea-4d9f-a7c6-1c9ffc288ce8
2026-05-29 07:06:06.047 10 INFO neutron.db.ovn_revision_numbers_db [None req-55d0d22b-1513-4448-8df0-4b631dc61755 01f38cf13c81490181b2f66ac78b79f0 495e008086aa445a824cb3aa162d52ba - - default default] Successfully bumped revision number for resource 546f3b69-71ea-4d9f-a7c6-1c9ffc288ce8 (type: networks) to 1
2026-05-29 07:06:06.228 10 WARNING neutron.scheduler.dhcp_agent_scheduler [None req-55d0d22b-1513-4448-8df0-4b631dc61755 01f38cf13c81490181b2f66ac78b79f0 495e008086aa445a824cb3aa162d52ba - - default default] No more DHCP agents
2026-05-29 07:06:06.229 10 WARNING neutron.api.rpc.agentnotifiers.dhcp_rpc_agent_api [None req-55d0d22b-1513-4448-8df0-4b631dc61755 01f38cf13c81490181b2f66ac78b79f0 495e008086aa445a824cb3aa162d52ba - - default default] Unable to schedule network 546f3b69-71ea-4d9f-a7c6-1c9ffc288ce8: no agents available; will retry on subsequent port and subnet creation events. /var/lib/openstack/lib/python3.10/site-packages/pycadf/identifier.py:71: UserWarning: Invalid uuid: neutron. To ensure interoperability, identifiers should be a valid uuid. warnings.warn(('Invalid uuid: %s. To ensure interoperability, '
2026-05-29 07:06:06.533 10 INFO neutron.db.ovn_revision_numbers_db [None req-55d0d22b-1513-4448-8df0-4b631dc61755 01f38cf13c81490181b2f66ac78b79f0 495e008086aa445a824cb3aa162d52ba - - default default] Successfully bumped revision number for resource 799cb7cc-2874-4470-9dbd-920ce64397cd (type: ports) to 1
2026-05-29 07:06:06.560 10 INFO neutron.wsgi [None req-55d0d22b-1513-4448-8df0-4b631dc61755 01f38cf13c81490181b2f66ac78b79f0 495e008086aa445a824cb3aa162d52ba - - default default] 10.0.0.97 "POST /v2.0/networks HTTP/1.1" status: 201 len: 831 time: 0.7739179
2026-05-29 07:06:06.570 10 WARNING neutron_lib.context [None req-ba681e13-ed83-4d91-815a-a6cb94891d72 01f38cf13c81490181b2f66ac78b79f0 495e008086aa445a824cb3aa162d52ba - - default default] Method 'is_advsvc' is deprecated since 2023.2 release (neutron-lib 3.8.0) and will be removed once support for the old RBAC API policies will be removed from Neutron. Please use method 'is_service_role' instead.
2026-05-29 07:06:06.643 9 INFO neutron.wsgi [req-f042b367-054b-4618-b907-707d398338f3 req-ff81c2d7-58a2-4fab-89fc-066fcbe2f2fb bee219d4668340b590dc6ea5844b2360 adf2fd64b38440ae9d59f7770aa0c2f7 - - default default] 10.0.0.151 "GET /v2.0/ports?device_id=c22b4a53-24e5-4b2b-a204-e4d8eef725cd HTTP/1.1" status: 200 len: 1210 time: 0.1277950
2026-05-29 07:06:06.713 9 INFO neutron.wsgi [req-f042b367-054b-4618-b907-707d398338f3 req-96a19925-6503-4477-892b-a200a4327d7e bee219d4668340b590dc6ea5844b2360 adf2fd64b38440ae9d59f7770aa0c2f7 - - default default] 10.0.0.151 "GET /v2.0/security-groups?id=4816ac11-2520-483c-a9e1-911130a5569d&id=e50da908-3ffa-4265-8357-aa048ae8eb4f&fields=id&fields=name HTTP/1.1" status: 200 len: 406 time: 0.0638695
2026-05-29 07:06:06.827 10 WARNING neutron.scheduler.dhcp_agent_scheduler [None req-ba681e13-ed83-4d91-815a-a6cb94891d72 01f38cf13c81490181b2f66ac78b79f0 495e008086aa445a824cb3aa162d52ba - - default default] No more DHCP agents
2026-05-29 07:06:06.829 10 WARNING neutron.api.rpc.agentnotifiers.dhcp_rpc_agent_api [None req-ba681e13-ed83-4d91-815a-a6cb94891d72 01f38cf13c81490181b2f66ac78b79f0 495e008086aa445a824cb3aa162d52ba - - default default] Unable to schedule network 546f3b69-71ea-4d9f-a7c6-1c9ffc288ce8: no agents available; will retry on subsequent port and subnet creation events.
2026-05-29 07:06:06.927 10 INFO neutron.db.ovn_revision_numbers_db [None req-ba681e13-ed83-4d91-815a-a6cb94891d72 01f38cf13c81490181b2f66ac78b79f0 495e008086aa445a824cb3aa162d52ba - - default default] Successfully bumped revision number for resource a7a8e181-42da-4781-a262-e13b8f3be554 (type: ports) to 1
2026-05-29 07:06:06.952 10 INFO neutron.wsgi [None req-ba681e13-ed83-4d91-815a-a6cb94891d72 01f38cf13c81490181b2f66ac78b79f0 495e008086aa445a824cb3aa162d52ba - - default default] 10.0.0.97 "POST /v2.0/ports HTTP/1.1" status: 201 len: 942 time: 0.3878460 /var/lib/openstack/lib/python3.10/site-packages/pycadf/identifier.py:71: UserWarning: Invalid uuid: neutron. To ensure interoperability, identifiers should be a valid uuid. warnings.warn(('Invalid uuid: %s. To ensure interoperability, '
2026-05-29 07:06:07.041 10 INFO neutron.wsgi [None req-cfd2ff6a-0c37-4db6-a59a-8ff360911b2f 01f38cf13c81490181b2f66ac78b79f0 495e008086aa445a824cb3aa162d52ba - - default default] 10.0.0.97 "PUT /v2.0/ports/e2a47727-5297-4796-b2b1-7b2f93e8d1c9/tags HTTP/1.1" status: 200 len: 210 time: 0.0841911
2026-05-29 07:06:07.053 10 INFO neutron.wsgi [None req-db365dc6-1c96-4170-a026-6693f1045453 ec8416ae6b344b4d90f8487820e62595 a5a61b4ba846425096facbb0f7fb6f64 - - default default] 10.0.0.97 "GET /v2.0/ports?device_id=c22b4a53-24e5-4b2b-a204-e4d8eef725cd HTTP/1.1" status: 200 len: 1443 time: 0.3085408
2026-05-29 07:06:07.107 9 INFO neutron.wsgi [None req-4944ca1b-aefa-46c7-b822-f89879d467ea 01f38cf13c81490181b2f66ac78b79f0 495e008086aa445a824cb3aa162d52ba - - default default] 10.0.0.97 "PUT /v2.0/ports/91e61794-2471-4b08-80fb-f518e9d61b29/tags HTTP/1.1" status: 200 len: 218 time: 0.0575814
2026-05-29 07:06:07.148 10 INFO neutron.wsgi [None req-d0472446-90cf-4d6a-9d02-86be737885da bee219d4668340b590dc6ea5844b2360 adf2fd64b38440ae9d59f7770aa0c2f7 - - default default] 10.0.0.97 "GET /v2.0/floatingips?floating_network_id=e98ca2f6-9d03-45b7-a913-0503db65e33d&port_id=b6b1b448-6b20-4223-8a02-d9cba9fa2ed0 HTTP/1.1" status: 200 len: 1054 time: 0.0885189
2026-05-29 07:06:07.179 10 INFO neutron.wsgi [None req-afdd010f-6322-4d9c-88f3-54551581acd3 01f38cf13c81490181b2f66ac78b79f0 495e008086aa445a824cb3aa162d52ba - - default default] 10.0.0.97 "PUT /v2.0/ports/d8612a39-0f43-4d4a-a1aa-f468db793f58/tags HTTP/1.1" status: 200 len: 227 time: 0.0669057
2026-05-29 07:06:07.246 10 INFO neutron.wsgi [None req-4991b1cd-ee0c-4115-94d8-0e0d61f8597d 01f38cf13c81490181b2f66ac78b79f0 495e008086aa445a824cb3aa162d52ba - - default default] 10.0.0.97 "PUT /v2.0/ports/d1843cc6-0746-4d4a-9857-6d25a2f8f12b/tags HTTP/1.1" status: 200 len: 212 time: 0.0597522
2026-05-29 07:06:07.396 10 INFO neutron.wsgi [req-63e36667-7c26-4176-919b-a872cd8c7cba req-dbae1225-4eab-424b-90ae-81204d73722b 8ccd67e3d6794f418eaf234fb8ea2616 cab9c5b69d5c4ee7a91f227694af28c3 - - cd4e054b602b420090beb20b074e9986 cd4e054b602b420090beb20b074e9986] 10.0.0.72 "GET /v2.0/ports?device_id=c22b4a53-24e5-4b2b-a204-e4d8eef725cd HTTP/1.1" status: 200 len: 1448 time: 0.0492237
2026-05-29 07:06:07.486 10 INFO neutron.wsgi [req-63e36667-7c26-4176-919b-a872cd8c7cba req-58b7bad7-0373-487f-9185-0d78943a8a1a 8ccd67e3d6794f418eaf234fb8ea2616 cab9c5b69d5c4ee7a91f227694af28c3 - - cd4e054b602b420090beb20b074e9986 cd4e054b602b420090beb20b074e9986] 10.0.0.72 "GET /v2.0/security-groups?id=4816ac11-2520-483c-a9e1-911130a5569d&id=e50da908-3ffa-4265-8357-aa048ae8eb4f&fields=id&fields=name HTTP/1.1" status: 200 len: 406 time: 0.0774987
2026-05-29 07:06:07.497 10 INFO neutron.wsgi [None req-8026a07b-26b4-4f90-8c81-eb4dd263e71f 01f38cf13c81490181b2f66ac78b79f0 495e008086aa445a824cb3aa162d52ba - - default default] 10.0.0.97 "GET /v2.0/ports?tags=red HTTP/1.1" status: 200 len: 2448 time: 0.2457595
2026-05-29 07:06:07.576 10 INFO neutron.wsgi [None req-a36673a3-5c12-4974-bb61-4135c14fd002 01f38cf13c81490181b2f66ac78b79f0 495e008086aa445a824cb3aa162d52ba - - default default] 10.0.0.97 "GET /v2.0/ports?tags=red%2Cblue HTTP/1.1" status: 200 len: 1708 time: 0.0739810
2026-05-29 07:06:07.649 10 INFO neutron.wsgi [None req-2762a190-3f7e-41db-a8f4-11311334cc6f 01f38cf13c81490181b2f66ac78b79f0 495e008086aa445a824cb3aa162d52ba - - default default] 10.0.0.97 "GET /v2.0/ports?tags-any=blue HTTP/1.1" status: 200 len: 1708 time: 0.0687213
2026-05-29 07:06:07.713 10 INFO neutron.wsgi [None req-16717357-38ce-48b7-81c2-b8f58b95080c 01f38cf13c81490181b2f66ac78b79f0 495e008086aa445a824cb3aa162d52ba - - default default] 10.0.0.97 "GET /v2.0/ports?tags-any=red%2Cblue HTTP/1.1" status: 200 len: 2448 time: 0.0585723
2026-05-29 07:06:08.011 9 INFO neutron.wsgi [None req-97c50d68-5165-4a67-8421-141109194da1 01f38cf13c81490181b2f66ac78b79f0 495e008086aa445a824cb3aa162d52ba - - default default] 10.0.0.97 "GET /v2.0/ports?not-tags=red HTTP/1.1" status: 200 len: 5463 time: 0.2910783
2026-05-29 07:06:08.183 10 INFO neutron.wsgi [None req-07ddcbfa-cc70-465d-a3cc-b070e50c9e4e 01f38cf13c81490181b2f66ac78b79f0 495e008086aa445a824cb3aa162d52ba - - default default] 10.0.0.97 "GET /v2.0/ports?not-tags=red%2Cblue HTTP/1.1" status: 200 len: 6203 time: 0.1651165
2026-05-29 07:06:08.279 10 INFO neutron.wsgi [None req-7863ce97-731d-4bff-944d-8d0da30ee587 01f38cf13c81490181b2f66ac78b79f0 495e008086aa445a824cb3aa162d52ba - - default default] 10.0.0.97 "GET /v2.0/ports?not-tags-any=blue HTTP/1.1" status: 200 len: 6203 time: 0.0907114
2026-05-29 07:06:08.353 10 INFO neutron.wsgi [None req-0d70dc7f-b779-422b-874b-fecda61e0955 01f38cf13c81490181b2f66ac78b79f0 495e008086aa445a824cb3aa162d52ba - - default default] 10.0.0.97 "GET /v2.0/ports?not-tags-any=red%2Cblue HTTP/1.1" status: 200 len: 5463 time: 0.0671520
2026-05-29 07:06:08.618 10 INFO neutron.wsgi [None req-84a8da3f-83ba-42a6-abcf-6c4b1ce104a6 01f38cf13c81490181b2f66ac78b79f0 495e008086aa445a824cb3aa162d52ba - - default default] 10.0.0.97 "DELETE /v2.0/ports/e2a47727-5297-4796-b2b1-7b2f93e8d1c9 HTTP/1.1" status: 204 len: 168 time: 0.2571311
2026-05-29 07:06:08.682 10 INFO neutron.wsgi [-] 10.0.0.7 "GET / HTTP/1.1" status: 200 len: 246 time: 0.0026674
2026-05-29 07:06:08.685 10 INFO neutron.wsgi [-] 10.0.0.7 "GET / HTTP/1.1" status: 200 len: 246 time: 0.0018513
2026-05-29 07:06:08.873 10 INFO neutron.wsgi [None req-83e18b97-c144-40ac-9620-50ccef1ec679 01f38cf13c81490181b2f66ac78b79f0 495e008086aa445a824cb3aa162d52ba - - default default] 10.0.0.97 "DELETE /v2.0/ports/91e61794-2471-4b08-80fb-f518e9d61b29 HTTP/1.1" status: 204 len: 168 time: 0.2458463
2026-05-29 07:06:08.970 9 INFO neutron.db.ovn_revision_numbers_db [None req-83509cfa-7e37-423f-98cd-abc3c45cb559 5af4d8153f78468fab62759554c78630 a3ad3e858eb04234a54a62e3101c8323 - - default default] Successfully bumped revision number for resource 45a78247-ce0c-4086-b9f1-bd2bd50acc02 (type: security_groups) to 1
2026-05-29 07:06:09.001 9 INFO neutron.db.ovn_revision_numbers_db [None req-83509cfa-7e37-423f-98cd-abc3c45cb559 5af4d8153f78468fab62759554c78630 a3ad3e858eb04234a54a62e3101c8323 - - default default] Successfully bumped revision number for resource 0cfae28d-1d76-456f-a38f-ab0df9291330 (type: security_group_rules) to 0
2026-05-29 07:06:09.018 9 INFO neutron.db.ovn_revision_numbers_db [None req-83509cfa-7e37-423f-98cd-abc3c45cb559 5af4d8153f78468fab62759554c78630 a3ad3e858eb04234a54a62e3101c8323 - - default default] Successfully bumped revision number for resource 244bac9c-e9d9-4a3d-a9a4-03ff3041ad47 (type: security_group_rules) to 0
2026-05-29 07:06:09.034 9 INFO neutron.db.ovn_revision_numbers_db [None req-83509cfa-7e37-423f-98cd-abc3c45cb559 5af4d8153f78468fab62759554c78630 a3ad3e858eb04234a54a62e3101c8323 - - default default] Successfully bumped revision number for resource 721a26cc-91c7-4cb9-9a81-49661a9fe17e (type: security_group_rules) to 0
2026-05-29 07:06:09.048 9 INFO neutron.db.ovn_revision_numbers_db [None req-83509cfa-7e37-423f-98cd-abc3c45cb559 5af4d8153f78468fab62759554c78630 a3ad3e858eb04234a54a62e3101c8323 - - default default] Successfully bumped revision number for resource 78d497c7-baf2-4bb3-924c-6c9ad5fd3447 (type: security_group_rules) to 0
2026-05-29 07:06:09.076 9 INFO neutron.wsgi [None req-83509cfa-7e37-423f-98cd-abc3c45cb559 5af4d8153f78468fab62759554c78630 a3ad3e858eb04234a54a62e3101c8323 - - default default] 10.0.0.97 "GET /v2.0/security-groups?tenant_id=98b36a3151ec4a20a76d718a2d578955&name=default HTTP/1.1" status: 200 len: 2996 time: 0.3505905
2026-05-29 07:06:09.172 10 INFO neutron.wsgi [None req-fa92dbf7-e421-4b67-aefc-d83a55d0b2f2 01f38cf13c81490181b2f66ac78b79f0 495e008086aa445a824cb3aa162d52ba - - default default] 10.0.0.97 "DELETE /v2.0/ports/d8612a39-0f43-4d4a-a1aa-f468db793f58 HTTP/1.1" status: 204 len: 168 time: 0.2925074
2026-05-29 07:06:09.300 9 INFO neutron.wsgi [None req-4abaa52b-e72e-430c-9fa8-7e9478464d00 5af4d8153f78468fab62759554c78630 a3ad3e858eb04234a54a62e3101c8323 - - default default] 10.0.0.97 "DELETE /v2.0/security-groups/45a78247-ce0c-4086-b9f1-bd2bd50acc02 HTTP/1.1" status: 204 len: 168 time: 0.2180593
2026-05-29 07:06:09.380 10 INFO neutron.wsgi [None req-748509f0-b965-4d59-ab7b-cbf38b095450 01f38cf13c81490181b2f66ac78b79f0 495e008086aa445a824cb3aa162d52ba - - default default] 10.0.0.97 "DELETE /v2.0/ports/d1843cc6-0746-4d4a-9857-6d25a2f8f12b HTTP/1.1" status: 204 len: 168 time: 0.2017174
2026-05-29 07:06:09.631 10 INFO neutron.wsgi [None req-d14f9cdd-30e7-4345-9b5b-af9e5bea8c4c 01f38cf13c81490181b2f66ac78b79f0 495e008086aa445a824cb3aa162d52ba - - default default] 10.0.0.97 "DELETE /v2.0/ports/a7a8e181-42da-4781-a262-e13b8f3be554 HTTP/1.1" status: 204 len: 168 time: 0.2458603
2026-05-29 07:06:09.767 9 INFO neutron.wsgi [req-4dd0a938-1a6a-4be0-a619-0b217c4a4d4c req-95e29623-395e-409a-8b2a-3019f4d1b4ed bee219d4668340b590dc6ea5844b2360 adf2fd64b38440ae9d59f7770aa0c2f7 - - default default] 10.0.0.151 "GET /v2.0/ports?device_id=c22b4a53-24e5-4b2b-a204-e4d8eef725cd HTTP/1.1" status: 200 len: 1210 time: 0.0580044
2026-05-29 07:06:09.771 9 INFO neutron.plugins.ml2.drivers.ovn.mech_driver.mech_driver [None req-7c75fedf-3653-429d-b6a0-42a37f17b186 - - - - - -] OVN reports status down for port: b6b1b448-6b20-4223-8a02-d9cba9fa2ed0
2026-05-29 07:06:10.262 9 INFO neutron.wsgi [req-4dd0a938-1a6a-4be0-a619-0b217c4a4d4c req-2e43c091-11fe-46fb-870e-bc2d4a6784be bee219d4668340b590dc6ea5844b2360 adf2fd64b38440ae9d59f7770aa0c2f7 - - default default] 10.0.0.151 "GET /v2.0/security-groups?id=4816ac11-2520-483c-a9e1-911130a5569d&id=e50da908-3ffa-4265-8357-aa048ae8eb4f&fields=id&fields=name HTTP/1.1" status: 200 len: 406 time: 0.4862988
2026-05-29 07:06:10.301 9 INFO neutron.wsgi [req-051fb7fc-1bf9-46bc-82d3-309743b53880 req-3a5c0e10-cb3e-4c54-825d-32ddf32bfa3f bee219d4668340b590dc6ea5844b2360 adf2fd64b38440ae9d59f7770aa0c2f7 - - default default] 199.204.45.144 "GET /v2.0/ports?device_id=c22b4a53-24e5-4b2b-a204-e4d8eef725cd HTTP/1.1" status: 200 len: 1210 time: 0.0836537
2026-05-29 07:06:10.412 9 INFO neutron.notifiers.nova [-] Nova event matching ['req-727c8d8b-cc79-4667-aa55-79da502bf348'] response: {'server_uuid': 'c22b4a53-24e5-4b2b-a204-e4d8eef725cd', 'name': 'network-vif-unplugged', 'status': 'completed', 'tag': 'b6b1b448-6b20-4223-8a02-d9cba9fa2ed0', 'code': 200}
2026-05-29 07:06:10.705 9 INFO neutron.services.segments.plugin [-] Segment 21c68959-f970-491b-bd80-0e1594e41631 resource provider aggregate not found
2026-05-29 07:06:10.712 9 INFO neutron.services.segments.plugin [-] Segment 21c68959-f970-491b-bd80-0e1594e41631 resource provider aggregate not found
2026-05-29 07:06:10.733 9 INFO neutron.services.segments.plugin [-] Segment 21c68959-f970-491b-bd80-0e1594e41631 resource provider not found; error: Placement Client Error (4xx): {"errors": [{"status": 404, "title": "Not Found", "detail": "The resource could not be found.\n\n No resource provider with uuid 21c68959-f970-491b-bd80-0e1594e41631 found for delete ", "request_id": "req-31ce3e19-8725-4705-aeff-b71db639ab62"}]}
2026-05-29 07:06:10.737 9 INFO neutron.services.segments.plugin [-] Segment 21c68959-f970-491b-bd80-0e1594e41631 resource provider not found; error: Placement Client Error (4xx): {"errors": [{"status": 404, "title": "Not Found", "detail": "The resource could not be found.\n\n No resource provider with uuid 21c68959-f970-491b-bd80-0e1594e41631 found for delete ", "request_id": "req-8ba0053d-6124-4877-ac7a-e81032dac362"}]}
2026-05-29 07:06:10.793 9 INFO neutron.wsgi [None req-cf0f096c-727b-4c71-b3a9-bc28c85c0df7 01f38cf13c81490181b2f66ac78b79f0 495e008086aa445a824cb3aa162d52ba - - default default] 10.0.0.97 "DELETE /v2.0/networks/c0e77cb8-7dcf-4d3e-a5eb-f07bc108a747 HTTP/1.1" status: 204 len: 168 time: 1.1529951
2026-05-29 07:06:10.796 9 INFO neutron.db.ovn_revision_numbers_db [None req-7c75fedf-3653-429d-b6a0-42a37f17b186 - - - - - -] Successfully bumped revision number for resource b6b1b448-6b20-4223-8a02-d9cba9fa2ed0 (type: ports) to 5
2026-05-29 07:06:10.859 9 INFO neutron.db.l3_db [req-051fb7fc-1bf9-46bc-82d3-309743b53880 req-c45be49c-0865-40d2-a674-814dc55cd13d bee219d4668340b590dc6ea5844b2360 adf2fd64b38440ae9d59f7770aa0c2f7 - - default default] Floating IP c89420c7-3c95-434d-b290-df2d3ac96385 disassociated. External IP: 10.96.250.202, port: b6b1b448-6b20-4223-8a02-d9cba9fa2ed0.
2026-05-29 07:06:11.045 9 INFO neutron.wsgi [req-051fb7fc-1bf9-46bc-82d3-309743b53880 req-c45be49c-0865-40d2-a674-814dc55cd13d bee219d4668340b590dc6ea5844b2360 adf2fd64b38440ae9d59f7770aa0c2f7 - - default default] 199.204.45.144 "DELETE /v2.0/ports/b6b1b448-6b20-4223-8a02-d9cba9fa2ed0 HTTP/1.1" status: 204 len: 173 time: 0.7299664
2026-05-29 07:06:11.180 10 INFO neutron.services.segments.plugin [-] Segment 1099219c-3782-4917-adb3-94ef07f96589 resource provider aggregate not found
2026-05-29 07:06:11.185 10 INFO neutron.services.segments.plugin [-] Segment 1099219c-3782-4917-adb3-94ef07f96589 resource provider aggregate not found
2026-05-29 07:06:11.200 10 INFO neutron.services.segments.plugin [-] Segment 1099219c-3782-4917-adb3-94ef07f96589 resource provider not found; error: Placement Client Error (4xx): {"errors": [{"status": 404, "title": "Not Found", "detail": "The resource could not be found.\n\n No resource provider with uuid 1099219c-3782-4917-adb3-94ef07f96589 found for delete ", "request_id": "req-741d2885-1555-41c7-a5f5-723a1d744c78"}]}
2026-05-29 07:06:11.201 10 INFO neutron.services.segments.plugin [-] Segment 1099219c-3782-4917-adb3-94ef07f96589 resource provider not found; error: Placement Client Error (4xx): {"errors": [{"status": 404, "title": "Not Found", "detail": "The resource could not be found.\n\n No resource provider with uuid 1099219c-3782-4917-adb3-94ef07f96589 found for delete ", "request_id": "req-6079b838-438b-4b50-9451-696a7fa3ee11"}]}
2026-05-29 07:06:11.227 10 INFO neutron.wsgi [None req-aee73e8c-44cc-42e1-840b-d5ea10a17525 01f38cf13c81490181b2f66ac78b79f0 495e008086aa445a824cb3aa162d52ba - - default default] 10.0.0.97 "DELETE /v2.0/networks/3a96f337-ebed-446b-8e99-58cffe0ed98f HTTP/1.1" status: 204 len: 168 time: 0.4251544 /var/lib/openstack/lib/python3.10/site-packages/pycadf/identifier.py:71: UserWarning: Invalid uuid: neutron. To ensure interoperability, identifiers should be a valid uuid. warnings.warn(('Invalid uuid: %s. To ensure interoperability, '
2026-05-29 07:06:11.383 9 INFO neutron.wsgi [req-3ade0e84-7595-492c-aac0-c277381abd34 req-db0c8064-f762-465d-9e97-552935c28223 bee219d4668340b590dc6ea5844b2360 adf2fd64b38440ae9d59f7770aa0c2f7 - - default default] 10.0.0.151 "GET /v2.0/ports?device_id=c22b4a53-24e5-4b2b-a204-e4d8eef725cd HTTP/1.1" status: 200 len: 210 time: 0.0319235
2026-05-29 07:06:11.666 9 INFO neutron.wsgi [None req-6ee47f69-17fc-4d3f-b306-845ec4d79689 01f38cf13c81490181b2f66ac78b79f0 495e008086aa445a824cb3aa162d52ba - - default default] 10.0.0.97 "DELETE /v2.0/networks/26b4c4e1-7840-4085-b1f4-6bcc260494b5 HTTP/1.1" status: 204 len: 168 time: 0.4311826 /var/lib/openstack/lib/python3.10/site-packages/pycadf/identifier.py:71: UserWarning: Invalid uuid: neutron. To ensure interoperability, identifiers should be a valid uuid. warnings.warn(('Invalid uuid: %s. To ensure interoperability, '
2026-05-29 07:06:12.460 9 INFO neutron.notifiers.nova [-] Nova event matching ['req-7128c725-0dc7-4f91-9fad-3c8a68da9591'] response: {'server_uuid': 'c22b4a53-24e5-4b2b-a204-e4d8eef725cd', 'name': 'network-vif-plugged', 'status': 'completed', 'tag': 'b6b1b448-6b20-4223-8a02-d9cba9fa2ed0', 'code': 200}
2026-05-29 07:06:12.461 9 INFO neutron.notifiers.nova [-] Nova event matching ['req-7128c725-0dc7-4f91-9fad-3c8a68da9591'] response: {'server_uuid': 'c22b4a53-24e5-4b2b-a204-e4d8eef725cd', 'name': 'network-vif-deleted', 'tag': 'b6b1b448-6b20-4223-8a02-d9cba9fa2ed0', 'status': 'completed', 'code': 200}
2026-05-29 07:06:12.547 10 INFO neutron.wsgi [None req-748c96fe-3faf-40ab-b2f6-68e1201f643e 01f38cf13c81490181b2f66ac78b79f0 495e008086aa445a824cb3aa162d52ba - - default default] 10.0.0.97 "DELETE /v2.0/networks/4e17ef1f-c55e-4bf1-8575-6da960a8e21c HTTP/1.1" status: 204 len: 168 time: 0.8757503
2026-05-29 07:06:12.713 10 INFO neutron.wsgi [None req-8704135d-bb35-42cb-b924-0327ed5bc7d0 bee219d4668340b590dc6ea5844b2360 adf2fd64b38440ae9d59f7770aa0c2f7 - - default default] 10.0.0.97 "DELETE /v2.0/security-groups/e50da908-3ffa-4265-8357-aa048ae8eb4f HTTP/1.1" status: 204 len: 168 time: 0.1453593
2026-05-29 07:06:12.732 10 INFO neutron.api.v2.resource [None req-3893f846-1de6-41b6-820c-de2d0b7fe1cf bee219d4668340b590dc6ea5844b2360 adf2fd64b38440ae9d59f7770aa0c2f7 - - default default] show failed (client error): The resource could not be found.
2026-05-29 07:06:12.734 10 INFO neutron.wsgi [None req-3893f846-1de6-41b6-820c-de2d0b7fe1cf bee219d4668340b590dc6ea5844b2360 adf2fd64b38440ae9d59f7770aa0c2f7 - - default default] 10.0.0.97 "GET /v2.0/security-groups/e50da908-3ffa-4265-8357-aa048ae8eb4f HTTP/1.1" status: 404 len: 347 time: 0.0145049
2026-05-29 07:06:12.777 9 INFO neutron.services.segments.plugin [-] Segment e4a52e3d-7666-4759-9497-ced61ec71a63 resource provider aggregate not found
2026-05-29 07:06:12.783 9 INFO neutron.services.segments.plugin [-] Segment e4a52e3d-7666-4759-9497-ced61ec71a63 resource provider aggregate not found
2026-05-29 07:06:12.802 9 INFO neutron.services.segments.plugin [-] Segment e4a52e3d-7666-4759-9497-ced61ec71a63 resource provider not found; error: Placement Client Error (4xx): {"errors": [{"status": 404, "title": "Not Found", "detail": "The resource could not be found.\n\n No resource provider with uuid e4a52e3d-7666-4759-9497-ced61ec71a63 found for delete ", "request_id": "req-316d99c4-77ca-4a33-8d59-43c4c76060dc"}]}
2026-05-29 07:06:12.803 9 INFO neutron.services.segments.plugin [-] Segment e4a52e3d-7666-4759-9497-ced61ec71a63 resource provider not found; error: Placement Client Error (4xx): {"errors": [{"status": 404, "title": "Not Found", "detail": "The resource could not be found.\n\n No resource provider with uuid e4a52e3d-7666-4759-9497-ced61ec71a63 found for delete ", "request_id": "req-bec9427d-e733-412c-bf7a-594a7ea83042"}]}
2026-05-29 07:06:13.006 9 INFO neutron.wsgi [None req-96ba8d6e-7619-4e5f-82ff-b7b9c74f9b9e 01f38cf13c81490181b2f66ac78b79f0 495e008086aa445a824cb3aa162d52ba - - default default] 10.0.0.97 "DELETE /v2.0/networks/546f3b69-71ea-4d9f-a7c6-1c9ffc288ce8 HTTP/1.1" status: 204 len: 168 time: 0.4527159
2026-05-29 07:06:13.070 10 INFO neutron.wsgi [None req-c56dfcc8-b41f-4778-bc5d-987cdd08c9a9 bee219d4668340b590dc6ea5844b2360 adf2fd64b38440ae9d59f7770aa0c2f7 - - default default] 10.0.0.97 "DELETE /v2.0/floatingips/c89420c7-3c95-434d-b290-df2d3ac96385 HTTP/1.1" status: 204 len: 168 time: 0.3309600
2026-05-29 07:06:13.219 10 INFO neutron.services.segments.plugin [-] Segment 990195e7-bfc3-4e1e-95c2-030956b08c2f resource provider aggregate not found
2026-05-29 07:06:13.229 10 INFO neutron.services.segments.plugin [-] Segment 990195e7-bfc3-4e1e-95c2-030956b08c2f resource provider aggregate not found
2026-05-29 07:06:13.235 10 INFO neutron.services.segments.plugin [-] Segment 990195e7-bfc3-4e1e-95c2-030956b08c2f resource provider not found; error: Placement Client Error (4xx): {"errors": [{"status": 404, "title": "Not Found", "detail": "The resource could not be found.\n\n No resource provider with uuid 990195e7-bfc3-4e1e-95c2-030956b08c2f found for delete ", "request_id": "req-af574e17-b6e2-4bd0-891d-90b177d88374"}]}
2026-05-29 07:06:13.244 10 INFO neutron.services.segments.plugin [-] Segment 990195e7-bfc3-4e1e-95c2-030956b08c2f resource provider not found; error: Placement Client Error (4xx): {"errors": [{"status": 404, "title": "Not Found", "detail": "The resource could not be found.\n\n No resource provider with uuid 990195e7-bfc3-4e1e-95c2-030956b08c2f found for delete ", "request_id": "req-b34c0bd8-da0c-44b3-8133-1f40d4b050fd"}]}
2026-05-29 07:06:13.253 10 INFO neutron.wsgi [None req-e71f7416-d862-4122-864d-554b23ad8289 bee219d4668340b590dc6ea5844b2360 adf2fd64b38440ae9d59f7770aa0c2f7 - - default default] 10.0.0.97 "DELETE /v2.0/security-groups/4816ac11-2520-483c-a9e1-911130a5569d HTTP/1.1" status: 204 len: 168 time: 0.1757195
2026-05-29 07:06:14.289 10 INFO neutron.db.ovn_revision_numbers_db [None req-3590e8be-62a7-4ba4-85ed-778ce5c1a70a 5af4d8153f78468fab62759554c78630 a3ad3e858eb04234a54a62e3101c8323 - - default default] Successfully bumped revision number for resource 5f6b4c9f-220b-42ac-a798-af2541134b79 (type: security_groups) to 1
2026-05-29 07:06:14.308 10 INFO neutron.db.ovn_revision_numbers_db [None req-3590e8be-62a7-4ba4-85ed-778ce5c1a70a 5af4d8153f78468fab62759554c78630 a3ad3e858eb04234a54a62e3101c8323 - - default default] Successfully bumped revision number for resource 41716594-3ec6-4729-93b5-4c8964f35e06 (type: security_group_rules) to 0
2026-05-29 07:06:14.328 10 INFO neutron.db.ovn_revision_numbers_db [None req-3590e8be-62a7-4ba4-85ed-778ce5c1a70a 5af4d8153f78468fab62759554c78630 a3ad3e858eb04234a54a62e3101c8323 - - default default] Successfully bumped revision number for resource 4b608244-2fef-4e59-98b0-ae12fe1bc92d (type: security_group_rules) to 0
2026-05-29 07:06:14.357 10 INFO neutron.db.ovn_revision_numbers_db [None req-3590e8be-62a7-4ba4-85ed-778ce5c1a70a 5af4d8153f78468fab62759554c78630 a3ad3e858eb04234a54a62e3101c8323 - - default default] Successfully bumped revision number for resource 8ea4a5b4-db7b-42d4-a194-621ae1688d1a (type: security_group_rules) to 0
2026-05-29 07:06:14.385 10 INFO neutron.db.ovn_revision_numbers_db [None req-3590e8be-62a7-4ba4-85ed-778ce5c1a70a 5af4d8153f78468fab62759554c78630 a3ad3e858eb04234a54a62e3101c8323 - - default default] Successfully bumped revision number for resource d2a10aee-e339-439b-94c9-cdd1033f3f33 (type: security_group_rules) to 0
2026-05-29 07:06:14.429 10 INFO neutron.wsgi [None req-3590e8be-62a7-4ba4-85ed-778ce5c1a70a 5af4d8153f78468fab62759554c78630 a3ad3e858eb04234a54a62e3101c8323 - - default default] 10.0.0.97 "GET /v2.0/security-groups?tenant_id=58c5f549a1fe47978702a1a799dec400&name=default HTTP/1.1" status: 200 len: 2996 time: 0.5510781
2026-05-29 07:06:14.596 10 INFO neutron.wsgi [None req-47ec64b0-d3fe-454c-9841-c8cb407212b0 5af4d8153f78468fab62759554c78630 a3ad3e858eb04234a54a62e3101c8323 - - default default] 10.0.0.97 "PUT /v2.0/routers/61b14dd5-2cf3-4cd4-91a6-fa71a4592d91/remove_router_interface HTTP/1.1" status: 200 len: 503 time: 1.2998340
2026-05-29 07:06:14.712 10 INFO neutron.wsgi [None req-420a669a-3467-48be-935c-6387a8298725 5af4d8153f78468fab62759554c78630 a3ad3e858eb04234a54a62e3101c8323 - - default default] 10.0.0.97 "DELETE /v2.0/security-groups/5f6b4c9f-220b-42ac-a798-af2541134b79 HTTP/1.1" status: 204 len: 168 time: 0.2761838
2026-05-29 07:06:14.841 9 INFO neutron.services.segments.plugin [-] Segment f00960d1-2cdf-4eb4-8bf9-b134f2449554 resource provider aggregate not found
2026-05-29 07:06:14.847 9 INFO neutron.services.segments.plugin [-] Segment f00960d1-2cdf-4eb4-8bf9-b134f2449554 resource provider aggregate not found
2026-05-29 07:06:14.858 9 INFO neutron.services.segments.plugin [-] Segment f00960d1-2cdf-4eb4-8bf9-b134f2449554 resource provider not found; error: Placement Client Error (4xx): {"errors": [{"status": 404, "title": "Not Found", "detail": "The resource could not be found.\n\n No resource provider with uuid f00960d1-2cdf-4eb4-8bf9-b134f2449554 found for delete ", "request_id": "req-2f1e3862-ecdd-49bd-93be-5a6a6abdfd4e"}]}
