2026-05-29 07:05:20.428 10 WARNING neutron_lib.context [None req-0a7434c3-ffed-4f77-a102-2322f93bb7d9 431cdd92755e4e3386ce3b88fa2a287f 4112ad1b9e044d5aa52ec21f2168d752 - - default default] Method 'is_advsvc' is deprecated since 2023.2 release (neutron-lib 3.8.0) and will be removed once support for the old RBAC API policies will be removed from Neutron. Please use method 'is_service_role' instead.
2026-05-29 07:05:20.475 10 WARNING neutron_lib.context [None req-0a7434c3-ffed-4f77-a102-2322f93bb7d9 431cdd92755e4e3386ce3b88fa2a287f 4112ad1b9e044d5aa52ec21f2168d752 - - default default] Method 'is_advsvc' is deprecated since 2023.2 release (neutron-lib 3.8.0) and will be removed once support for the old RBAC API policies will be removed from Neutron. Please use method 'is_service_role' instead.
2026-05-29 07:05:20.579 10 INFO neutron.services.segments.plugin [-] Segment 50e641d6-153c-419e-ad74-e184185af484 resource provider aggregate not found
2026-05-29 07:05:20.586 10 INFO neutron.services.segments.plugin [-] Segment 50e641d6-153c-419e-ad74-e184185af484 resource provider aggregate not found
2026-05-29 07:05:20.604 10 INFO neutron.services.segments.plugin [-] Segment 50e641d6-153c-419e-ad74-e184185af484 resource provider not found; error: Placement Client Error (4xx): {"errors": [{"status": 404, "title": "Not Found", "detail": "The resource could not be found.\n\n No resource provider with uuid 50e641d6-153c-419e-ad74-e184185af484 found for delete ", "request_id": "req-77f170aa-4694-4515-bd4a-7dd49de9f1b9"}]}
2026-05-29 07:05:20.610 10 INFO neutron.services.segments.plugin [-] Segment 50e641d6-153c-419e-ad74-e184185af484 resource provider not found; error: Placement Client Error (4xx): {"errors": [{"status": 404, "title": "Not Found", "detail": "The resource could not be found.\n\n No resource provider with uuid 50e641d6-153c-419e-ad74-e184185af484 found for delete ", "request_id": "req-f9658482-b8f8-455e-b415-b64885131c8a"}]}
2026-05-29 07:05:20.959 10 WARNING neutron.scheduler.dhcp_agent_scheduler [None req-0a7434c3-ffed-4f77-a102-2322f93bb7d9 431cdd92755e4e3386ce3b88fa2a287f 4112ad1b9e044d5aa52ec21f2168d752 - - default default] No more DHCP agents
2026-05-29 07:05:20.961 10 WARNING neutron.api.rpc.agentnotifiers.dhcp_rpc_agent_api [None req-0a7434c3-ffed-4f77-a102-2322f93bb7d9 431cdd92755e4e3386ce3b88fa2a287f 4112ad1b9e044d5aa52ec21f2168d752 - - default default] Unable to schedule network 1c46c574-fed2-4267-af18-25f7387eba25: no agents available; will retry on subsequent port and subnet creation events.
2026-05-29 07:05:21.042 10 INFO neutron.db.ovn_revision_numbers_db [None req-0a7434c3-ffed-4f77-a102-2322f93bb7d9 431cdd92755e4e3386ce3b88fa2a287f 4112ad1b9e044d5aa52ec21f2168d752 - - default default] Successfully bumped revision number for resource 94cc58ef-786a-49c3-9b40-23c31ddbce79 (type: ports) to 1
2026-05-29 07:05:21.069 10 WARNING neutron.scheduler.dhcp_agent_scheduler [None req-0a7434c3-ffed-4f77-a102-2322f93bb7d9 431cdd92755e4e3386ce3b88fa2a287f 4112ad1b9e044d5aa52ec21f2168d752 - - default default] No more DHCP agents
2026-05-29 07:05:21.072 10 WARNING neutron.api.rpc.agentnotifiers.dhcp_rpc_agent_api [None req-0a7434c3-ffed-4f77-a102-2322f93bb7d9 431cdd92755e4e3386ce3b88fa2a287f 4112ad1b9e044d5aa52ec21f2168d752 - - default default] Unable to schedule network c0421ecb-a3dc-4d79-bda2-9eafc3e3b334: no agents available; will retry on subsequent port and subnet creation events.
2026-05-29 07:05:21.187 10 INFO neutron.db.ovn_revision_numbers_db [None req-0a7434c3-ffed-4f77-a102-2322f93bb7d9 431cdd92755e4e3386ce3b88fa2a287f 4112ad1b9e044d5aa52ec21f2168d752 - - default default] Successfully bumped revision number for resource 86bb6a37-2f68-4f4c-8d20-cf04b6af4b4e (type: ports) to 1
2026-05-29 07:05:21.217 10 INFO neutron.wsgi [None req-0a7434c3-ffed-4f77-a102-2322f93bb7d9 431cdd92755e4e3386ce3b88fa2a287f 4112ad1b9e044d5aa52ec21f2168d752 - - default default] 10.0.0.97 "POST /v2.0/ports HTTP/1.1" status: 201 len: 1706 time: 0.7956443 /var/lib/openstack/lib/python3.10/site-packages/pycadf/identifier.py:71: UserWarning: Invalid uuid: neutron. To ensure interoperability, identifiers should be a valid uuid. warnings.warn(('Invalid uuid: %s. To ensure interoperability, '
2026-05-29 07:05:21.386 10 INFO neutron.wsgi [None req-adf2156b-a168-495f-bb57-3251c3365e00 431cdd92755e4e3386ce3b88fa2a287f 4112ad1b9e044d5aa52ec21f2168d752 - - default default] 10.0.0.97 "GET /v2.0/ports HTTP/1.1" status: 200 len: 3213 time: 0.1623347
2026-05-29 07:05:21.648 9 WARNING neutron_lib.context [None req-b3faa89a-c147-46fb-bbc8-f7fbcea6cb9c 7a76f38a08a14c0c9ef81a1fd29645e3 f58c1be073004ed2af96c74bf62f4020 - - default default] Method 'is_advsvc' is deprecated since 2023.2 release (neutron-lib 3.8.0) and will be removed once support for the old RBAC API policies will be removed from Neutron. Please use method 'is_service_role' instead.
2026-05-29 07:05:21.652 10 INFO neutron.wsgi [None req-1d0d5829-f7b4-4598-b2e4-3ae5d9d5952b 431cdd92755e4e3386ce3b88fa2a287f 4112ad1b9e044d5aa52ec21f2168d752 - - default default] 10.0.0.97 "DELETE /v2.0/ports/94cc58ef-786a-49c3-9b40-23c31ddbce79 HTTP/1.1" status: 204 len: 168 time: 0.2597857
2026-05-29 07:05:21.714 9 INFO neutron.wsgi [None req-b3faa89a-c147-46fb-bbc8-f7fbcea6cb9c 7a76f38a08a14c0c9ef81a1fd29645e3 f58c1be073004ed2af96c74bf62f4020 - - default default] 10.0.0.97 "POST /v2.0/subnetpools HTTP/1.1" status: 201 len: 748 time: 0.2522347
2026-05-29 07:05:21.755 9 INFO neutron.wsgi [None req-d213791f-5e44-49d3-a378-d3e843e41c2c 7a76f38a08a14c0c9ef81a1fd29645e3 f58c1be073004ed2af96c74bf62f4020 - - default default] 10.0.0.97 "GET /v2.0/subnetpools/4d660b64-c126-450e-90b6-82a702925857 HTTP/1.1" status: 200 len: 743 time: 0.0356455
2026-05-29 07:05:21.833 9 INFO neutron.wsgi [None req-3ea93727-ffe9-4724-8152-a37549b068af 7a76f38a08a14c0c9ef81a1fd29645e3 f58c1be073004ed2af96c74bf62f4020 - - default default] 10.0.0.97 "PUT /v2.0/subnetpools/4d660b64-c126-450e-90b6-82a702925857 HTTP/1.1" status: 200 len: 695 time: 0.0712879
2026-05-29 07:05:21.920 10 INFO neutron.wsgi [None req-aef5aaa7-48ef-4f93-9983-848980df18c5 431cdd92755e4e3386ce3b88fa2a287f 4112ad1b9e044d5aa52ec21f2168d752 - - default default] 10.0.0.97 "DELETE /v2.0/ports/86bb6a37-2f68-4f4c-8d20-cf04b6af4b4e HTTP/1.1" status: 204 len: 168 time: 0.2595499
2026-05-29 07:05:21.925 9 INFO neutron.wsgi [None req-6389678a-dde1-4d7b-8a14-f58df17ee986 7a76f38a08a14c0c9ef81a1fd29645e3 f58c1be073004ed2af96c74bf62f4020 - - default default] 10.0.0.97 "DELETE /v2.0/subnetpools/4d660b64-c126-450e-90b6-82a702925857 HTTP/1.1" status: 204 len: 168 time: 0.0836849
2026-05-29 07:05:21.956 10 INFO neutron.api.v2.resource [None req-ff967f8b-dc59-41bd-aa54-ab26c56fbf78 7a76f38a08a14c0c9ef81a1fd29645e3 f58c1be073004ed2af96c74bf62f4020 - - default default] show failed (client error): The resource could not be found.
2026-05-29 07:05:21.958 10 INFO neutron.wsgi [None req-ff967f8b-dc59-41bd-aa54-ab26c56fbf78 7a76f38a08a14c0c9ef81a1fd29645e3 f58c1be073004ed2af96c74bf62f4020 - - default default] 10.0.0.97 "GET /v2.0/subnetpools/4d660b64-c126-450e-90b6-82a702925857 HTTP/1.1" status: 404 len: 346 time: 0.0208271
2026-05-29 07:05:21.977 10 INFO neutron.wsgi [None req-1a0dcf84-9477-4b2d-9056-946e61a780f0 431cdd92755e4e3386ce3b88fa2a287f 4112ad1b9e044d5aa52ec21f2168d752 - - default default] 10.0.0.97 "GET /v2.0/ports HTTP/1.1" status: 200 len: 1718 time: 0.0499187
2026-05-29 07:05:21.980 9 INFO neutron.api.v2.resource [None req-7885ec51-b688-4b11-a31e-1d2421e61332 7a76f38a08a14c0c9ef81a1fd29645e3 f58c1be073004ed2af96c74bf62f4020 - - default default] delete failed (client error): The resource could not be found.
2026-05-29 07:05:21.982 9 INFO neutron.wsgi [None req-7885ec51-b688-4b11-a31e-1d2421e61332 7a76f38a08a14c0c9ef81a1fd29645e3 f58c1be073004ed2af96c74bf62f4020 - - default default] 10.0.0.97 "DELETE /v2.0/subnetpools/4d660b64-c126-450e-90b6-82a702925857 HTTP/1.1" status: 404 len: 346 time: 0.0175328
2026-05-29 07:05:21.992 10 WARNING neutron_lib.context [None req-76d717c5-aa3a-443c-a625-020eac8a1973 431cdd92755e4e3386ce3b88fa2a287f 4112ad1b9e044d5aa52ec21f2168d752 - - default default] Method 'is_advsvc' is deprecated since 2023.2 release (neutron-lib 3.8.0) and will be removed once support for the old RBAC API policies will be removed from Neutron. Please use method 'is_service_role' instead.
2026-05-29 07:05:22.072 10 INFO neutron.db.segments_db [None req-76d717c5-aa3a-443c-a625-020eac8a1973 431cdd92755e4e3386ce3b88fa2a287f 4112ad1b9e044d5aa52ec21f2168d752 - - default default] Added segment 79e2412c-579a-4cb3-a9f4-0762f311ae1d of type geneve for network 01872f6f-4052-436b-abbf-407f2a5d1263
2026-05-29 07:05:22.213 10 INFO neutron.db.ovn_revision_numbers_db [None req-76d717c5-aa3a-443c-a625-020eac8a1973 431cdd92755e4e3386ce3b88fa2a287f 4112ad1b9e044d5aa52ec21f2168d752 - - default default] Successfully bumped revision number for resource 01872f6f-4052-436b-abbf-407f2a5d1263 (type: networks) to 1
2026-05-29 07:05:22.405 10 WARNING neutron.scheduler.dhcp_agent_scheduler [None req-76d717c5-aa3a-443c-a625-020eac8a1973 431cdd92755e4e3386ce3b88fa2a287f 4112ad1b9e044d5aa52ec21f2168d752 - - default default] No more DHCP agents
2026-05-29 07:05:22.408 10 WARNING neutron.api.rpc.agentnotifiers.dhcp_rpc_agent_api [None req-76d717c5-aa3a-443c-a625-020eac8a1973 431cdd92755e4e3386ce3b88fa2a287f 4112ad1b9e044d5aa52ec21f2168d752 - - default default] Unable to schedule network 01872f6f-4052-436b-abbf-407f2a5d1263: no agents available; will retry on subsequent port and subnet creation events.
2026-05-29 07:05:22.510 10 INFO neutron.db.ovn_revision_numbers_db [None req-76d717c5-aa3a-443c-a625-020eac8a1973 431cdd92755e4e3386ce3b88fa2a287f 4112ad1b9e044d5aa52ec21f2168d752 - - default default] Successfully bumped revision number for resource fab6a805-ec7e-46bf-86b5-2582abfd1627 (type: ports) to 1
2026-05-29 07:05:22.547 10 INFO neutron.wsgi [None req-76d717c5-aa3a-443c-a625-020eac8a1973 431cdd92755e4e3386ce3b88fa2a287f 4112ad1b9e044d5aa52ec21f2168d752 - - default default] 10.0.0.97 "POST /v2.0/networks HTTP/1.1" status: 201 len: 852 time: 0.5600183
2026-05-29 07:05:22.561 9 WARNING neutron_lib.context [None req-b80cfbff-92e5-44d5-a372-93df99f1ac19 431cdd92755e4e3386ce3b88fa2a287f 4112ad1b9e044d5aa52ec21f2168d752 - - default default] Method 'is_advsvc' is deprecated since 2023.2 release (neutron-lib 3.8.0) and will be removed once support for the old RBAC API policies will be removed from Neutron. Please use method 'is_service_role' instead.
2026-05-29 07:05:22.660 9 INFO neutron.db.segments_db [None req-b80cfbff-92e5-44d5-a372-93df99f1ac19 431cdd92755e4e3386ce3b88fa2a287f 4112ad1b9e044d5aa52ec21f2168d752 - - default default] Added segment 8f633c39-30be-4edf-b502-8ade2c7fe886 of type geneve for network 93c8a179-7ef5-4285-a113-3c17b1cd4e76
2026-05-29 07:05:22.817 9 INFO neutron.db.ovn_revision_numbers_db [None req-b80cfbff-92e5-44d5-a372-93df99f1ac19 431cdd92755e4e3386ce3b88fa2a287f 4112ad1b9e044d5aa52ec21f2168d752 - - default default] Successfully bumped revision number for resource 93c8a179-7ef5-4285-a113-3c17b1cd4e76 (type: networks) to 1
2026-05-29 07:05:22.896 10 INFO neutron.db.ovn_revision_numbers_db [None req-9ca79867-5627-4fc6-b3df-fa69270f9ad5 5af4d8153f78468fab62759554c78630 a3ad3e858eb04234a54a62e3101c8323 - - default default] Successfully bumped revision number for resource 702475ba-7612-4a9d-9c9e-f69592a5d515 (type: security_groups) to 1
2026-05-29 07:05:22.917 10 INFO neutron.db.ovn_revision_numbers_db [None req-9ca79867-5627-4fc6-b3df-fa69270f9ad5 5af4d8153f78468fab62759554c78630 a3ad3e858eb04234a54a62e3101c8323 - - default default] Successfully bumped revision number for resource 5a06d2e0-229a-4460-afa0-6135f35449bc (type: security_group_rules) to 0
2026-05-29 07:05:22.934 10 INFO neutron.db.ovn_revision_numbers_db [None req-9ca79867-5627-4fc6-b3df-fa69270f9ad5 5af4d8153f78468fab62759554c78630 a3ad3e858eb04234a54a62e3101c8323 - - default default] Successfully bumped revision number for resource 74d45688-150b-4a61-8616-0f813ee5bd89 (type: security_group_rules) to 0
2026-05-29 07:05:22.952 10 INFO neutron.db.ovn_revision_numbers_db [None req-9ca79867-5627-4fc6-b3df-fa69270f9ad5 5af4d8153f78468fab62759554c78630 a3ad3e858eb04234a54a62e3101c8323 - - default default] Successfully bumped revision number for resource 8a29507e-428a-41f3-8e81-3a62cffa31ba (type: security_group_rules) to 0
2026-05-29 07:05:22.981 10 INFO neutron.db.ovn_revision_numbers_db [None req-9ca79867-5627-4fc6-b3df-fa69270f9ad5 5af4d8153f78468fab62759554c78630 a3ad3e858eb04234a54a62e3101c8323 - - default default] Successfully bumped revision number for resource dab4a03a-de3f-4cd9-a13c-7006cbbaed08 (type: security_group_rules) to 0
2026-05-29 07:05:23.010 10 INFO neutron.wsgi [None req-9ca79867-5627-4fc6-b3df-fa69270f9ad5 5af4d8153f78468fab62759554c78630 a3ad3e858eb04234a54a62e3101c8323 - - default default] 10.0.0.97 "GET /v2.0/security-groups?tenant_id=f58c1be073004ed2af96c74bf62f4020&name=default HTTP/1.1" status: 200 len: 2996 time: 0.4621146
2026-05-29 07:05:23.081 9 WARNING neutron.scheduler.dhcp_agent_scheduler [None req-b80cfbff-92e5-44d5-a372-93df99f1ac19 431cdd92755e4e3386ce3b88fa2a287f 4112ad1b9e044d5aa52ec21f2168d752 - - default default] No more DHCP agents
2026-05-29 07:05:23.084 9 WARNING neutron.api.rpc.agentnotifiers.dhcp_rpc_agent_api [None req-b80cfbff-92e5-44d5-a372-93df99f1ac19 431cdd92755e4e3386ce3b88fa2a287f 4112ad1b9e044d5aa52ec21f2168d752 - - default default] Unable to schedule network 93c8a179-7ef5-4285-a113-3c17b1cd4e76: no agents available; will retry on subsequent port and subnet creation events.
2026-05-29 07:05:23.170 9 INFO neutron.db.ovn_revision_numbers_db [None req-b80cfbff-92e5-44d5-a372-93df99f1ac19 431cdd92755e4e3386ce3b88fa2a287f 4112ad1b9e044d5aa52ec21f2168d752 - - default default] Successfully bumped revision number for resource f4ba2162-9c09-4f65-83bf-da5d94695822 (type: ports) to 1
2026-05-29 07:05:23.193 9 INFO neutron.wsgi [None req-b80cfbff-92e5-44d5-a372-93df99f1ac19 431cdd92755e4e3386ce3b88fa2a287f 4112ad1b9e044d5aa52ec21f2168d752 - - default default] 10.0.0.97 "POST /v2.0/networks HTTP/1.1" status: 201 len: 853 time: 0.6389582
2026-05-29 07:05:23.237 10 INFO neutron.wsgi [None req-05a9ce40-10fb-4c9e-b494-bc93643d30ac 5af4d8153f78468fab62759554c78630 a3ad3e858eb04234a54a62e3101c8323 - - default default] 10.0.0.97 "DELETE /v2.0/security-groups/702475ba-7612-4a9d-9c9e-f69592a5d515 HTTP/1.1" status: 204 len: 168 time: 0.2200856
2026-05-29 07:05:23.681 9 INFO neutron.wsgi [-] 10.0.0.7 "GET / HTTP/1.1" status: 200 len: 246 time: 0.0027103
2026-05-29 07:05:23.684 9 INFO neutron.wsgi [-] 10.0.0.7 "GET / HTTP/1.1" status: 200 len: 246 time: 0.0021327
2026-05-29 07:05:23.840 9 WARNING neutron_lib.context [None req-b4de13c5-7880-43c1-a8d3-a58afb218885 431cdd92755e4e3386ce3b88fa2a287f 4112ad1b9e044d5aa52ec21f2168d752 - - default default] Method 'is_advsvc' is deprecated since 2023.2 release (neutron-lib 3.8.0) and will be removed once support for the old RBAC API policies will be removed from Neutron. Please use method 'is_service_role' instead.
2026-05-29 07:05:23.883 9 WARNING neutron_lib.context [None req-b4de13c5-7880-43c1-a8d3-a58afb218885 431cdd92755e4e3386ce3b88fa2a287f 4112ad1b9e044d5aa52ec21f2168d752 - - default default] Method 'is_advsvc' is deprecated since 2023.2 release (neutron-lib 3.8.0) and will be removed once support for the old RBAC API policies will be removed from Neutron. Please use method 'is_service_role' instead.
2026-05-29 07:05:24.364 9 WARNING neutron.scheduler.dhcp_agent_scheduler [None req-b4de13c5-7880-43c1-a8d3-a58afb218885 431cdd92755e4e3386ce3b88fa2a287f 4112ad1b9e044d5aa52ec21f2168d752 - - default default] No more DHCP agents
2026-05-29 07:05:24.366 9 WARNING neutron.api.rpc.agentnotifiers.dhcp_rpc_agent_api [None req-b4de13c5-7880-43c1-a8d3-a58afb218885 431cdd92755e4e3386ce3b88fa2a287f 4112ad1b9e044d5aa52ec21f2168d752 - - default default] Unable to schedule network 01872f6f-4052-436b-abbf-407f2a5d1263: no agents available; will retry on subsequent port and subnet creation events.
2026-05-29 07:05:24.403 9 INFO neutron.db.ovn_revision_numbers_db [None req-b4de13c5-7880-43c1-a8d3-a58afb218885 431cdd92755e4e3386ce3b88fa2a287f 4112ad1b9e044d5aa52ec21f2168d752 - - default default] Successfully bumped revision number for resource d258b7aa-732e-46fe-935f-0a9d8d3542c3 (type: subnets) to 0
2026-05-29 07:05:24.428 9 WARNING neutron.scheduler.dhcp_agent_scheduler [None req-b4de13c5-7880-43c1-a8d3-a58afb218885 431cdd92755e4e3386ce3b88fa2a287f 4112ad1b9e044d5aa52ec21f2168d752 - - default default] No more DHCP agents
2026-05-29 07:05:24.432 9 WARNING neutron.api.rpc.agentnotifiers.dhcp_rpc_agent_api [None req-b4de13c5-7880-43c1-a8d3-a58afb218885 431cdd92755e4e3386ce3b88fa2a287f 4112ad1b9e044d5aa52ec21f2168d752 - - default default] Unable to schedule network 93c8a179-7ef5-4285-a113-3c17b1cd4e76: no agents available; will retry on subsequent port and subnet creation events.
2026-05-29 07:05:24.469 9 INFO neutron.db.ovn_revision_numbers_db [None req-b4de13c5-7880-43c1-a8d3-a58afb218885 431cdd92755e4e3386ce3b88fa2a287f 4112ad1b9e044d5aa52ec21f2168d752 - - default default] Successfully bumped revision number for resource 3977fbb7-e5fd-449f-8be3-ec03f55371ae (type: subnets) to 0
2026-05-29 07:05:24.487 9 INFO neutron.wsgi [None req-b4de13c5-7880-43c1-a8d3-a58afb218885 431cdd92755e4e3386ce3b88fa2a287f 4112ad1b9e044d5aa52ec21f2168d752 - - default default] 10.0.0.97 "POST /v2.0/subnets HTTP/1.1" status: 201 len: 1476 time: 0.6546545
2026-05-29 07:05:24.549 9 INFO neutron.wsgi [None req-4384a557-72d7-4e78-b4e9-35dfa3e3f975 431cdd92755e4e3386ce3b88fa2a287f 4112ad1b9e044d5aa52ec21f2168d752 - - default default] 10.0.0.97 "GET /v2.0/subnets HTTP/1.1" status: 200 len: 2084 time: 0.0562077
2026-05-29 07:05:25.051 9 INFO neutron.wsgi [None req-5f8da881-0418-4acc-a78d-ed6ddf4fc735 431cdd92755e4e3386ce3b88fa2a287f 4112ad1b9e044d5aa52ec21f2168d752 - - default default] 10.0.0.97 "DELETE /v2.0/subnets/d258b7aa-732e-46fe-935f-0a9d8d3542c3 HTTP/1.1" status: 204 len: 168 time: 0.4899070
2026-05-29 07:05:25.250 9 INFO neutron.wsgi [None req-6144f4b4-6cb6-4b7e-97cf-1eaf1bec419d 431cdd92755e4e3386ce3b88fa2a287f 4112ad1b9e044d5aa52ec21f2168d752 - - default default] 10.0.0.97 "DELETE /v2.0/subnets/3977fbb7-e5fd-449f-8be3-ec03f55371ae HTTP/1.1" status: 204 len: 168 time: 0.1931670
2026-05-29 07:05:25.295 9 INFO neutron.wsgi [None req-63dda1c0-82eb-4ad0-b420-e958d37c1195 431cdd92755e4e3386ce3b88fa2a287f 4112ad1b9e044d5aa52ec21f2168d752 - - default default] 10.0.0.97 "GET /v2.0/subnets HTTP/1.1" status: 200 len: 820 time: 0.0392179
2026-05-29 07:05:25.412 10 INFO neutron.db.ovn_revision_numbers_db [None req-fecb2638-2186-444a-90f8-917f51c17907 5af4d8153f78468fab62759554c78630 a3ad3e858eb04234a54a62e3101c8323 - - default default] Successfully bumped revision number for resource ee0cd333-2382-4b6d-9081-31127731ffb1 (type: security_groups) to 1
2026-05-29 07:05:25.427 10 INFO neutron.db.ovn_revision_numbers_db [None req-fecb2638-2186-444a-90f8-917f51c17907 5af4d8153f78468fab62759554c78630 a3ad3e858eb04234a54a62e3101c8323 - - default default] Successfully bumped revision number for resource 1f82ad72-4458-4020-8baa-896be58c754a (type: security_group_rules) to 0
2026-05-29 07:05:25.442 10 INFO neutron.db.ovn_revision_numbers_db [None req-fecb2638-2186-444a-90f8-917f51c17907 5af4d8153f78468fab62759554c78630 a3ad3e858eb04234a54a62e3101c8323 - - default default] Successfully bumped revision number for resource 4efa07c4-6e1f-410b-887d-2d9543e66c63 (type: security_group_rules) to 0
2026-05-29 07:05:25.458 10 INFO neutron.db.ovn_revision_numbers_db [None req-fecb2638-2186-444a-90f8-917f51c17907 5af4d8153f78468fab62759554c78630 a3ad3e858eb04234a54a62e3101c8323 - - default default] Successfully bumped revision number for resource 5063ffac-57c5-445e-85f0-0e854e96003b (type: security_group_rules) to 0
2026-05-29 07:05:25.476 10 INFO neutron.db.ovn_revision_numbers_db [None req-fecb2638-2186-444a-90f8-917f51c17907 5af4d8153f78468fab62759554c78630 a3ad3e858eb04234a54a62e3101c8323 - - default default] Successfully bumped revision number for resource 96e6aecd-7df7-414f-9106-8227317507ee (type: security_group_rules) to 0
2026-05-29 07:05:25.529 10 INFO neutron.db.segments_db [None req-fecb2638-2186-444a-90f8-917f51c17907 5af4d8153f78468fab62759554c78630 a3ad3e858eb04234a54a62e3101c8323 - - default default] Added segment 19c8f2e2-0256-435a-8e04-4af75b114daa of type geneve for network 42fac379-da8f-4f7d-b66d-38eab86ea7db
2026-05-29 07:05:25.731 9 INFO neutron.services.segments.plugin [-] Segment 8f633c39-30be-4edf-b502-8ade2c7fe886 resource provider aggregate not found
2026-05-29 07:05:25.741 9 INFO neutron.services.segments.plugin [-] Segment 8f633c39-30be-4edf-b502-8ade2c7fe886 resource provider aggregate not found
2026-05-29 07:05:25.751 9 INFO neutron.services.segments.plugin [-] Segment 8f633c39-30be-4edf-b502-8ade2c7fe886 resource provider not found; error: Placement Client Error (4xx): {"errors": [{"status": 404, "title": "Not Found", "detail": "The resource could not be found.\n\n No resource provider with uuid 8f633c39-30be-4edf-b502-8ade2c7fe886 found for delete ", "request_id": "req-0a5b82a3-63ff-417f-9227-6fdda2fda35b"}]}
2026-05-29 07:05:25.769 9 INFO neutron.services.segments.plugin [-] Segment 8f633c39-30be-4edf-b502-8ade2c7fe886 resource provider not found; error: Placement Client Error (4xx): {"errors": [{"status": 404, "title": "Not Found", "detail": "The resource could not be found.\n\n No resource provider with uuid 8f633c39-30be-4edf-b502-8ade2c7fe886 found for delete ", "request_id": "req-8d278348-ee00-4dff-9a5b-5438adadc65d"}]}
2026-05-29 07:05:25.785 9 INFO neutron.wsgi [None req-f1e6a5c0-2411-4b34-9c1e-661bb130523e 431cdd92755e4e3386ce3b88fa2a287f 4112ad1b9e044d5aa52ec21f2168d752 - - default default] 10.0.0.97 "DELETE /v2.0/networks/93c8a179-7ef5-4285-a113-3c17b1cd4e76 HTTP/1.1" status: 204 len: 168 time: 0.4838588
2026-05-29 07:05:26.100 10 INFO neutron.db.ovn_revision_numbers_db [None req-fecb2638-2186-444a-90f8-917f51c17907 5af4d8153f78468fab62759554c78630 a3ad3e858eb04234a54a62e3101c8323 - - default default] Successfully bumped revision number for resource 42fac379-da8f-4f7d-b66d-38eab86ea7db (type: networks) to 1
2026-05-29 07:05:26.224 9 INFO neutron.wsgi [None req-ad4d98ff-58fa-4778-944c-6ea9045c1f66 431cdd92755e4e3386ce3b88fa2a287f 4112ad1b9e044d5aa52ec21f2168d752 - - default default] 10.0.0.97 "DELETE /v2.0/networks/01872f6f-4052-436b-abbf-407f2a5d1263 HTTP/1.1" status: 204 len: 168 time: 0.4282234
2026-05-29 07:05:26.270 10 WARNING neutron.scheduler.dhcp_agent_scheduler [None req-fecb2638-2186-444a-90f8-917f51c17907 5af4d8153f78468fab62759554c78630 a3ad3e858eb04234a54a62e3101c8323 - - default default] No more DHCP agents
2026-05-29 07:05:26.272 10 WARNING neutron.api.rpc.agentnotifiers.dhcp_rpc_agent_api [None req-fecb2638-2186-444a-90f8-917f51c17907 5af4d8153f78468fab62759554c78630 a3ad3e858eb04234a54a62e3101c8323 - - default default] Unable to schedule network 42fac379-da8f-4f7d-b66d-38eab86ea7db: no agents available; will retry on subsequent port and subnet creation events.
2026-05-29 07:05:26.354 10 INFO neutron.db.ovn_revision_numbers_db [None req-fecb2638-2186-444a-90f8-917f51c17907 5af4d8153f78468fab62759554c78630 a3ad3e858eb04234a54a62e3101c8323 - - default default] Successfully bumped revision number for resource 405a563b-4318-48e6-8e3a-fc746b19fe0b (type: ports) to 1
2026-05-29 07:05:26.378 10 INFO neutron.wsgi [None req-fecb2638-2186-444a-90f8-917f51c17907 5af4d8153f78468fab62759554c78630 a3ad3e858eb04234a54a62e3101c8323 - - default default] 10.0.0.97 "POST /v2.0/networks HTTP/1.1" status: 201 len: 942 time: 1.3057520
2026-05-29 07:05:26.530 10 WARNING neutron.scheduler.dhcp_agent_scheduler [None req-1449c586-142f-4572-8469-3643dae1f50b 5af4d8153f78468fab62759554c78630 a3ad3e858eb04234a54a62e3101c8323 - - default default] No more DHCP agents
2026-05-29 07:05:26.532 10 WARNING neutron.api.rpc.agentnotifiers.dhcp_rpc_agent_api [None req-1449c586-142f-4572-8469-3643dae1f50b 5af4d8153f78468fab62759554c78630 a3ad3e858eb04234a54a62e3101c8323 - - default default] Unable to schedule network 42fac379-da8f-4f7d-b66d-38eab86ea7db: no agents available; will retry on subsequent port and subnet creation events.
2026-05-29 07:05:26.613 9 INFO neutron.wsgi [req-cbcc6d61-dcb5-46be-b098-16060fc86d68 req-3aeb2856-de11-4d3d-b57b-3a9fb23885ef 8ccd67e3d6794f418eaf234fb8ea2616 cab9c5b69d5c4ee7a91f227694af28c3 - - cd4e054b602b420090beb20b074e9986 cd4e054b602b420090beb20b074e9986] 199.204.45.144 "GET /v2.0/ports?device_id=c57fe999-1dbb-4c0b-89c2-a7b3ef58f384&fields=binding%3Ahost_id&fields=binding%3Avif_type HTTP/1.1" status: 200 len: 265 time: 0.0639200
2026-05-29 07:05:26.698 9 INFO neutron.wsgi [None req-9bba2823-14bf-49c3-9bf8-f1263ffc6b77 431cdd92755e4e3386ce3b88fa2a287f 4112ad1b9e044d5aa52ec21f2168d752 - - default default] 10.0.0.97 "DELETE /v2.0/networks/c0421ecb-a3dc-4d79-bda2-9eafc3e3b334 HTTP/1.1" status: 204 len: 168 time: 0.4674671
2026-05-29 07:05:26.704 9 INFO neutron.wsgi [req-cbcc6d61-dcb5-46be-b098-16060fc86d68 req-45225c69-743d-4375-8f48-f25bc1729a75 8ccd67e3d6794f418eaf234fb8ea2616 cab9c5b69d5c4ee7a91f227694af28c3 - - cd4e054b602b420090beb20b074e9986 cd4e054b602b420090beb20b074e9986] 199.204.45.144 "GET /v2.0/ports?tenant_id=5cfffc45c7c44ab59095aebca3d0e51f&device_id=c57fe999-1dbb-4c0b-89c2-a7b3ef58f384 HTTP/1.1" status: 200 len: 1413 time: 0.0481889
2026-05-29 07:05:26.817 9 INFO neutron.wsgi [req-cbcc6d61-dcb5-46be-b098-16060fc86d68 req-554d9ea2-67af-4bd2-afec-6ba219246e1b 8ccd67e3d6794f418eaf234fb8ea2616 cab9c5b69d5c4ee7a91f227694af28c3 - - cd4e054b602b420090beb20b074e9986 cd4e054b602b420090beb20b074e9986] 199.204.45.144 "GET /v2.0/networks?id=f5a05942-ee11-41f4-b29d-99810b186f59 HTTP/1.1" status: 200 len: 957 time: 0.0905280
2026-05-29 07:05:26.855 9 INFO neutron.wsgi [req-cbcc6d61-dcb5-46be-b098-16060fc86d68 req-78c70940-1567-411d-a7a2-c082d92e8fec 8ccd67e3d6794f418eaf234fb8ea2616 cab9c5b69d5c4ee7a91f227694af28c3 - - cd4e054b602b420090beb20b074e9986 cd4e054b602b420090beb20b074e9986] 199.204.45.144 "GET /v2.0/floatingips?fixed_ip_address=10.100.0.13&port_id=3ee5e328-3026-4a69-85d3-5eab85024797 HTTP/1.1" status: 200 len: 217 time: 0.0285738
2026-05-29 07:05:26.924 9 INFO neutron.wsgi [req-cbcc6d61-dcb5-46be-b098-16060fc86d68 req-fabaeda1-6d72-4e9d-b6e3-3de6c7f45f4c 8ccd67e3d6794f418eaf234fb8ea2616 cab9c5b69d5c4ee7a91f227694af28c3 - - cd4e054b602b420090beb20b074e9986 cd4e054b602b420090beb20b074e9986] 199.204.45.144 "GET /v2.0/subnets?id=d33962f6-8eb9-4169-b15d-899b093046a7 HTTP/1.1" status: 200 len: 852 time: 0.0511305
2026-05-29 07:05:26.964 9 INFO neutron.wsgi [req-cbcc6d61-dcb5-46be-b098-16060fc86d68 req-fa41c105-e489-4036-8f4c-c11797ac46b2 8ccd67e3d6794f418eaf234fb8ea2616 cab9c5b69d5c4ee7a91f227694af28c3 - - cd4e054b602b420090beb20b074e9986 cd4e054b602b420090beb20b074e9986] 199.204.45.144 "GET /v2.0/ports?network_id=f5a05942-ee11-41f4-b29d-99810b186f59&device_owner=network%3Adhcp HTTP/1.1" status: 200 len: 210 time: 0.0318937
2026-05-29 07:05:27.037 10 INFO neutron.db.ovn_revision_numbers_db [None req-1449c586-142f-4572-8469-3643dae1f50b 5af4d8153f78468fab62759554c78630 a3ad3e858eb04234a54a62e3101c8323 - - default default] Successfully bumped revision number for resource 405a563b-4318-48e6-8e3a-fc746b19fe0b (type: ports) to 2
2026-05-29 07:05:27.069 9 INFO neutron.wsgi [req-cbcc6d61-dcb5-46be-b098-16060fc86d68 req-363eabac-e28a-4031-9ee4-f74b085f2ff9 8ccd67e3d6794f418eaf234fb8ea2616 cab9c5b69d5c4ee7a91f227694af28c3 - - cd4e054b602b420090beb20b074e9986 cd4e054b602b420090beb20b074e9986] 199.204.45.144 "GET /v2.0/networks/f5a05942-ee11-41f4-b29d-99810b186f59?fields=segments HTTP/1.1" status: 200 len: 212 time: 0.0956528
2026-05-29 07:05:27.081 10 INFO neutron.db.ovn_revision_numbers_db [None req-1449c586-142f-4572-8469-3643dae1f50b 5af4d8153f78468fab62759554c78630 a3ad3e858eb04234a54a62e3101c8323 - - default default] Successfully bumped revision number for resource be4bf881-eb72-46cc-8a86-ff5d7bfeeb9c (type: subnets) to 0
2026-05-29 07:05:27.101 10 INFO neutron.wsgi [None req-1449c586-142f-4572-8469-3643dae1f50b 5af4d8153f78468fab62759554c78630 a3ad3e858eb04234a54a62e3101c8323 - - default default] 10.0.0.97 "POST /v2.0/subnets HTTP/1.1" status: 201 len: 862 time: 0.7160940
2026-05-29 07:05:27.173 9 INFO neutron.wsgi [req-cbcc6d61-dcb5-46be-b098-16060fc86d68 req-e7ed1fef-e051-441a-b61a-a11b718866e1 8ccd67e3d6794f418eaf234fb8ea2616 cab9c5b69d5c4ee7a91f227694af28c3 - - cd4e054b602b420090beb20b074e9986 cd4e054b602b420090beb20b074e9986] 199.204.45.144 "GET /v2.0/networks/f5a05942-ee11-41f4-b29d-99810b186f59?fields=provider%3Aphysical_network&fields=provider%3Anetwork_type HTTP/1.1" status: 200 len: 277 time: 0.0963109
2026-05-29 07:05:27.255 9 INFO neutron.wsgi [None req-7ba33b8a-556d-456f-8c40-0cf9d555f94d 431cdd92755e4e3386ce3b88fa2a287f 4112ad1b9e044d5aa52ec21f2168d752 - - default default] 10.0.0.97 "DELETE /v2.0/networks/1c46c574-fed2-4267-af18-25f7387eba25 HTTP/1.1" status: 204 len: 168 time: 0.5475461
2026-05-29 07:05:27.485 10 INFO neutron.wsgi [req-c3a7860f-3bb1-4a20-9a41-338298e50d1e req-12e00dae-b7a0-424d-bdcc-1f49d8509222 8ccd67e3d6794f418eaf234fb8ea2616 cab9c5b69d5c4ee7a91f227694af28c3 - - cd4e054b602b420090beb20b074e9986 cd4e054b602b420090beb20b074e9986] 10.0.0.72 "GET /v2.0/ports?device_id=37112212-c5c3-471e-83bc-2fec8a3a1d8b HTTP/1.1" status: 200 len: 1413 time: 0.0456917
2026-05-29 07:05:27.538 10 INFO neutron.wsgi [req-c3a7860f-3bb1-4a20-9a41-338298e50d1e req-c5fb8ed6-1d79-4c6e-a6b7-368d48acf7a6 8ccd67e3d6794f418eaf234fb8ea2616 cab9c5b69d5c4ee7a91f227694af28c3 - - cd4e054b602b420090beb20b074e9986 cd4e054b602b420090beb20b074e9986] 10.0.0.72 "GET /v2.0/security-groups?id=5ee1e8ac-dcdd-4894-a714-cc33c1e6a64b&fields=id&fields=name HTTP/1.1" status: 200 len: 311 time: 0.0437932
2026-05-29 07:05:27.581 10 WARNING neutron.scheduler.dhcp_agent_scheduler [None req-b76212a6-7709-452f-b00b-014ec85dae66 5af4d8153f78468fab62759554c78630 a3ad3e858eb04234a54a62e3101c8323 - - default default] No more DHCP agents
2026-05-29 07:05:27.582 10 WARNING neutron.api.rpc.agentnotifiers.dhcp_rpc_agent_api [None req-b76212a6-7709-452f-b00b-014ec85dae66 5af4d8153f78468fab62759554c78630 a3ad3e858eb04234a54a62e3101c8323 - - default default] Unable to schedule network e98ca2f6-9d03-45b7-a913-0503db65e33d: no agents available; will retry on subsequent port and subnet creation events.
2026-05-29 07:05:27.768 9 INFO neutron.services.segments.plugin [-] Segment 79e2412c-579a-4cb3-a9f4-0762f311ae1d resource provider aggregate not found
2026-05-29 07:05:27.776 10 INFO neutron.db.ovn_revision_numbers_db [None req-b76212a6-7709-452f-b00b-014ec85dae66 5af4d8153f78468fab62759554c78630 a3ad3e858eb04234a54a62e3101c8323 - - default default] Successfully bumped revision number for resource 38bd0c96-25fd-42fd-8eab-4e63748b91fc (type: ports) to 1
2026-05-29 07:05:27.786 9 INFO neutron.services.segments.plugin [-] Segment 79e2412c-579a-4cb3-a9f4-0762f311ae1d resource provider aggregate not found
2026-05-29 07:05:27.792 9 INFO neutron.services.segments.plugin [-] Segment 79e2412c-579a-4cb3-a9f4-0762f311ae1d resource provider not found; error: Placement Client Error (4xx): {"errors": [{"status": 404, "title": "Not Found", "detail": "The resource could not be found.\n\n No resource provider with uuid 79e2412c-579a-4cb3-a9f4-0762f311ae1d found for delete ", "request_id": "req-c304b4c0-dca1-4596-b422-1fc442182418"}]}
2026-05-29 07:05:27.812 9 INFO neutron.services.segments.plugin [-] Segment 79e2412c-579a-4cb3-a9f4-0762f311ae1d resource provider not found; error: Placement Client Error (4xx): {"errors": [{"status": 404, "title": "Not Found", "detail": "The resource could not be found.\n\n No resource provider with uuid 79e2412c-579a-4cb3-a9f4-0762f311ae1d found for delete ", "request_id": "req-5843d788-38fe-401a-9fc6-4cd2f8f70e84"}]}
2026-05-29 07:05:27.821 9 INFO neutron.services.segments.plugin [-] Segment 0865d4cd-79c7-414a-819b-4d8621d3463f resource provider aggregate not found
2026-05-29 07:05:27.831 9 INFO neutron.services.segments.plugin [-] Segment 0865d4cd-79c7-414a-819b-4d8621d3463f resource provider aggregate not found
2026-05-29 07:05:27.841 9 INFO neutron.services.segments.plugin [-] Segment 0865d4cd-79c7-414a-819b-4d8621d3463f resource provider not found; error: Placement Client Error (4xx): {"errors": [{"status": 404, "title": "Not Found", "detail": "The resource could not be found.\n\n No resource provider with uuid 0865d4cd-79c7-414a-819b-4d8621d3463f found for delete ", "request_id": "req-5402cab5-a89e-47fc-b7de-4a328a298e2f"}]}
2026-05-29 07:05:27.848 9 INFO neutron.services.segments.plugin [-] Segment 0865d4cd-79c7-414a-819b-4d8621d3463f resource provider not found; error: Placement Client Error (4xx): {"errors": [{"status": 404, "title": "Not Found", "detail": "The resource could not be found.\n\n No resource provider with uuid 0865d4cd-79c7-414a-819b-4d8621d3463f found for delete ", "request_id": "req-1130dc7a-bcc2-438a-8c7f-23595b3f8e0e"}]}
2026-05-29 07:05:27.864 9 INFO neutron.services.segments.plugin [-] Segment 6c2e22d2-d8ca-44ba-95b6-0acf7a4e250c resource provider aggregate not found
2026-05-29 07:05:27.870 9 INFO neutron.services.segments.plugin [-] Segment 6c2e22d2-d8ca-44ba-95b6-0acf7a4e250c resource provider aggregate not found
2026-05-29 07:05:27.887 9 INFO neutron.services.segments.plugin [-] Segment 6c2e22d2-d8ca-44ba-95b6-0acf7a4e250c resource provider not found; error: Placement Client Error (4xx): {"errors": [{"status": 404, "title": "Not Found", "detail": "The resource could not be found.\n\n No resource provider with uuid 6c2e22d2-d8ca-44ba-95b6-0acf7a4e250c found for delete ", "request_id": "req-cd18a469-972a-4bbe-b5d9-bf45a4ca8728"}]}
2026-05-29 07:05:27.894 9 INFO neutron.services.segments.plugin [-] Segment 6c2e22d2-d8ca-44ba-95b6-0acf7a4e250c resource provider not found; error: Placement Client Error (4xx): {"errors": [{"status": 404, "title": "Not Found", "detail": "The resource could not be found.\n\n No resource provider with uuid 6c2e22d2-d8ca-44ba-95b6-0acf7a4e250c found for delete ", "request_id": "req-fe073867-3e56-4491-902b-242457a258f3"}]}
2026-05-29 07:05:27.938 9 INFO neutron.wsgi [None req-66336b8c-ea00-43a5-aaf1-3379b39cdfb4 5af4d8153f78468fab62759554c78630 a3ad3e858eb04234a54a62e3101c8323 - - default default] 10.0.0.97 "GET /v2.0/security-groups?tenant_id=4112ad1b9e044d5aa52ec21f2168d752&name=default HTTP/1.1" status: 200 len: 2996 time: 0.1917245
2026-05-29 07:05:28.155 9 INFO neutron.wsgi [None req-98183a0e-45b0-49b0-9f11-b90c3e322224 5af4d8153f78468fab62759554c78630 a3ad3e858eb04234a54a62e3101c8323 - - default default] 10.0.0.97 "DELETE /v2.0/security-groups/4108f582-ecd5-4876-98b7-15a7902cb5fd HTTP/1.1" status: 204 len: 168 time: 0.2114077
2026-05-29 07:05:28.379 10 INFO neutron.plugins.ml2.drivers.ovn.mech_driver.mech_driver [None req-2a3f324f-f047-4764-922a-a06fd19eac68 - - - - - -] OVN reports status up for port: 38bd0c96-25fd-42fd-8eab-4e63748b91fc
2026-05-29 07:05:28.404 10 INFO neutron.plugins.ml2.drivers.ovn.mech_driver.ovsdb.ovsdb_monitor [None req-6af862b9-69b8-43cf-900f-a4544201b511 - - - - - -] Router 61b14dd5-2cf3-4cd4-91a6-fa71a4592d91 is bound to host instance
2026-05-29 07:05:28.408 9 INFO neutron.plugins.ml2.drivers.ovn.mech_driver.mech_driver [None req-7c75fedf-3653-429d-b6a0-42a37f17b186 - - - - - -] OVN reports status down for port: dc789e31-f293-4018-b846-5abbd456f648
2026-05-29 07:05:28.417 10 INFO neutron.plugins.ml2.plugin [None req-2a3f324f-f047-4764-922a-a06fd19eac68 - - - - - -] Attempt 1 to provision port 38bd0c96-25fd-42fd-8eab-4e63748b91fc
2026-05-29 07:05:28.463 9 INFO neutron.wsgi [req-9ca7605d-983e-4c17-af67-ffb9a4d6a923 req-9a31b63e-5807-43ee-acca-eadb2b46c9b8 0531d151a27c4bc5903fb58390f07935 5cfffc45c7c44ab59095aebca3d0e51f - - default default] 10.0.0.151 "GET /v2.0/ports?device_id=37112212-c5c3-471e-83bc-2fec8a3a1d8b HTTP/1.1" status: 200 len: 1174 time: 0.1348431
2026-05-29 07:05:28.469 10 INFO neutron.db.ovn_revision_numbers_db [None req-b76212a6-7709-452f-b00b-014ec85dae66 5af4d8153f78468fab62759554c78630 a3ad3e858eb04234a54a62e3101c8323 - - default default] Successfully bumped revision number for resource 38bd0c96-25fd-42fd-8eab-4e63748b91fc (type: router_ports) to 1
2026-05-29 07:05:28.518 9 INFO neutron.wsgi [req-9ca7605d-983e-4c17-af67-ffb9a4d6a923 req-924c0886-0c32-4041-a9da-f8605e7d65ad 0531d151a27c4bc5903fb58390f07935 5cfffc45c7c44ab59095aebca3d0e51f - - default default] 10.0.0.151 "GET /v2.0/security-groups?id=5ee1e8ac-dcdd-4894-a714-cc33c1e6a64b&fields=id&fields=name HTTP/1.1" status: 200 len: 311 time: 0.0491967
2026-05-29 07:05:28.607 9 INFO neutron.notifiers.nova [-] Nova event matching ['req-a1af5982-ec39-4d40-9807-6df6526ed612'] response: {'server_uuid': '37112212-c5c3-471e-83bc-2fec8a3a1d8b', 'name': 'network-vif-unplugged', 'status': 'completed', 'tag': 'dc789e31-f293-4018-b846-5abbd456f648', 'code': 200}
2026-05-29 07:05:28.689 9 INFO neutron.wsgi [req-07e6b5cd-aa6b-44cd-a24d-6dffd9b65dae req-e50cf157-2c53-462d-9c70-e1c2f2e99d7d 0531d151a27c4bc5903fb58390f07935 5cfffc45c7c44ab59095aebca3d0e51f - - default default] 199.204.45.144 "GET /v2.0/ports?device_id=37112212-c5c3-471e-83bc-2fec8a3a1d8b HTTP/1.1" status: 200 len: 1172 time: 0.0477226
2026-05-29 07:05:28.833 9 INFO neutron.db.ovn_revision_numbers_db [None req-7c75fedf-3653-429d-b6a0-42a37f17b186 - - - - - -] Successfully bumped revision number for resource dc789e31-f293-4018-b846-5abbd456f648 (type: ports) to 5
2026-05-29 07:05:28.918 10 INFO neutron.db.ovn_revision_numbers_db [None req-b76212a6-7709-452f-b00b-014ec85dae66 5af4d8153f78468fab62759554c78630 a3ad3e858eb04234a54a62e3101c8323 - - default default] Successfully bumped revision number for resource 61b14dd5-2cf3-4cd4-91a6-fa71a4592d91 (type: routers) to 2
2026-05-29 07:05:28.932 10 INFO neutron.wsgi [None req-b76212a6-7709-452f-b00b-014ec85dae66 5af4d8153f78468fab62759554c78630 a3ad3e858eb04234a54a62e3101c8323 - - default default] 10.0.0.97 "POST /v2.0/routers HTTP/1.1" status: 201 len: 873 time: 1.8248045
2026-05-29 07:05:29.398 10 INFO neutron.db.ovn_revision_numbers_db [None req-6af862b9-69b8-43cf-900f-a4544201b511 - - - - - -] Successfully bumped revision number for resource 38bd0c96-25fd-42fd-8eab-4e63748b91fc (type: ports) to 1
2026-05-29 07:05:29.456 10 WARNING neutron.scheduler.dhcp_agent_scheduler [None req-90236f1e-8696-43ce-abc5-42f405b3b5a3 5af4d8153f78468fab62759554c78630 a3ad3e858eb04234a54a62e3101c8323 - - default default] No more DHCP agents
2026-05-29 07:05:29.460 10 WARNING neutron.api.rpc.agentnotifiers.dhcp_rpc_agent_api [None req-90236f1e-8696-43ce-abc5-42f405b3b5a3 5af4d8153f78468fab62759554c78630 a3ad3e858eb04234a54a62e3101c8323 - - default default] Unable to schedule network 42fac379-da8f-4f7d-b66d-38eab86ea7db: no agents available; will retry on subsequent port and subnet creation events.
2026-05-29 07:05:29.507 9 INFO neutron.db.l3_db [req-07e6b5cd-aa6b-44cd-a24d-6dffd9b65dae req-deb55905-0c2c-45a0-8997-ee4c243d32cc 0531d151a27c4bc5903fb58390f07935 5cfffc45c7c44ab59095aebca3d0e51f - - default default] Floating IP 1ef4c2c7-61b4-4800-87ab-07bf78ef60dc disassociated. External IP: 10.96.250.213, port: dc789e31-f293-4018-b846-5abbd456f648. /var/lib/openstack/lib/python3.10/site-packages/pycadf/identifier.py:71: UserWarning: Invalid uuid: neutron. To ensure interoperability, identifiers should be a valid uuid. warnings.warn(('Invalid uuid: %s. To ensure interoperability, '
2026-05-29 07:05:29.654 9 INFO neutron.wsgi [req-5200e050-6ea1-4e0e-8509-4c84a1693c1c req-fd647b35-63e6-433c-8166-0d4ee5ebb443 0531d151a27c4bc5903fb58390f07935 5cfffc45c7c44ab59095aebca3d0e51f - - default default] 10.0.0.151 "GET /v2.0/ports?device_id=37112212-c5c3-471e-83bc-2fec8a3a1d8b HTTP/1.1" status: 200 len: 1172 time: 0.0624328
2026-05-29 07:05:29.678 10 INFO neutron.db.ovn_revision_numbers_db [None req-90236f1e-8696-43ce-abc5-42f405b3b5a3 5af4d8153f78468fab62759554c78630 a3ad3e858eb04234a54a62e3101c8323 - - default default] Successfully bumped revision number for resource cba4128a-d637-45f8-a86c-2db6c3317cf3 (type: ports) to 1
2026-05-29 07:05:29.684 10 INFO neutron.db.ovn_revision_numbers_db [None req-6af862b9-69b8-43cf-900f-a4544201b511 - - - - - -] Successfully bumped revision number for resource 38bd0c96-25fd-42fd-8eab-4e63748b91fc (type: router_ports) to 3
2026-05-29 07:05:29.718 9 INFO neutron.wsgi [req-5200e050-6ea1-4e0e-8509-4c84a1693c1c req-63e859b0-c95e-43a9-b101-f63fad524241 0531d151a27c4bc5903fb58390f07935 5cfffc45c7c44ab59095aebca3d0e51f - - default default] 10.0.0.151 "GET /v2.0/security-groups?id=5ee1e8ac-dcdd-4894-a714-cc33c1e6a64b&fields=id&fields=name HTTP/1.1" status: 200 len: 311 time: 0.0583298
2026-05-29 07:05:29.771 9 INFO neutron.wsgi [req-07e6b5cd-aa6b-44cd-a24d-6dffd9b65dae req-deb55905-0c2c-45a0-8997-ee4c243d32cc 0531d151a27c4bc5903fb58390f07935 5cfffc45c7c44ab59095aebca3d0e51f - - default default] 199.204.45.144 "DELETE /v2.0/ports/dc789e31-f293-4018-b846-5abbd456f648 HTTP/1.1" status: 204 len: 173 time: 1.0778408
2026-05-29 07:05:29.891 10 INFO neutron.db.ovn_revision_numbers_db [None req-6af862b9-69b8-43cf-900f-a4544201b511 - - - - - -] Successfully bumped revision number for resource 38bd0c96-25fd-42fd-8eab-4e63748b91fc (type: ports) to 2
2026-05-29 07:05:30.121 9 WARNING neutron_lib.context [None req-3b76bc6a-cbb5-4443-a437-2cd536568039 02cff95dfb73464ba09a2292fda1483c 0b93d194c9ba43bb85bf677a76e98679 - - default default] Method 'is_advsvc' is deprecated since 2023.2 release (neutron-lib 3.8.0) and will be removed once support for the old RBAC API policies will be removed from Neutron. Please use method 'is_service_role' instead.
2026-05-29 07:05:30.121 9 WARNING neutron_lib.context [None req-3b76bc6a-cbb5-4443-a437-2cd536568039 02cff95dfb73464ba09a2292fda1483c 0b93d194c9ba43bb85bf677a76e98679 - - default default] Method 'is_advsvc' is deprecated since 2023.2 release (neutron-lib 3.8.0) and will be removed once support for the old RBAC API policies will be removed from Neutron. Please use method 'is_service_role' instead.
2026-05-29 07:05:30.173 10 INFO neutron.db.ovn_revision_numbers_db [None req-90236f1e-8696-43ce-abc5-42f405b3b5a3 5af4d8153f78468fab62759554c78630 a3ad3e858eb04234a54a62e3101c8323 - - default default] Successfully bumped revision number for resource cba4128a-d637-45f8-a86c-2db6c3317cf3 (type: router_ports) to 1
2026-05-29 07:05:30.203 10 INFO neutron.db.ovn_revision_numbers_db [None req-6af862b9-69b8-43cf-900f-a4544201b511 - - - - - -] Successfully bumped revision number for resource 38bd0c96-25fd-42fd-8eab-4e63748b91fc (type: ports) to 4
2026-05-29 07:05:30.263 9 INFO neutron.db.ovn_revision_numbers_db [None req-3b76bc6a-cbb5-4443-a437-2cd536568039 02cff95dfb73464ba09a2292fda1483c 0b93d194c9ba43bb85bf677a76e98679 - - default default] Successfully bumped revision number for resource d494a555-e93f-47df-ad8f-74ce8eff4dd2 (type: security_groups) to 1
2026-05-29 07:05:30.276 9 INFO neutron.db.ovn_revision_numbers_db [None req-3b76bc6a-cbb5-4443-a437-2cd536568039 02cff95dfb73464ba09a2292fda1483c 0b93d194c9ba43bb85bf677a76e98679 - - default default] Successfully bumped revision number for resource 18bc4aa7-fd90-44c0-9fd3-9d3199542607 (type: security_group_rules) to 0
2026-05-29 07:05:30.290 9 INFO neutron.db.ovn_revision_numbers_db [None req-3b76bc6a-cbb5-4443-a437-2cd536568039 02cff95dfb73464ba09a2292fda1483c 0b93d194c9ba43bb85bf677a76e98679 - - default default] Successfully bumped revision number for resource 20a78627-fbb8-4f1a-a00a-89c95d4e7333 (type: security_group_rules) to 0
2026-05-29 07:05:30.304 9 INFO neutron.db.ovn_revision_numbers_db [None req-3b76bc6a-cbb5-4443-a437-2cd536568039 02cff95dfb73464ba09a2292fda1483c 0b93d194c9ba43bb85bf677a76e98679 - - default default] Successfully bumped revision number for resource 8786bc7a-0927-42b5-990e-dfbcc2c78fe4 (type: security_group_rules) to 0
2026-05-29 07:05:30.319 9 INFO neutron.db.ovn_revision_numbers_db [None req-3b76bc6a-cbb5-4443-a437-2cd536568039 02cff95dfb73464ba09a2292fda1483c 0b93d194c9ba43bb85bf677a76e98679 - - default default] Successfully bumped revision number for resource cc06e37a-94aa-417c-adb4-692c69250978 (type: security_group_rules) to 0
2026-05-29 07:05:30.394 9 INFO neutron.db.segments_db [None req-3b76bc6a-cbb5-4443-a437-2cd536568039 02cff95dfb73464ba09a2292fda1483c 0b93d194c9ba43bb85bf677a76e98679 - - default default] Added segment c8f2537d-7303-4f85-a0c5-afb6a85b3bb9 of type geneve for network 5a0122ed-5e60-419f-afff-acea10efaa9c
2026-05-29 07:05:30.532 9 INFO neutron.db.segments_db [None req-3b76bc6a-cbb5-4443-a437-2cd536568039 02cff95dfb73464ba09a2292fda1483c 0b93d194c9ba43bb85bf677a76e98679 - - default default] Added segment 48894e64-d661-41a7-89fd-591ecb8eaa67 of type geneve for network 44092911-4481-4a4a-8821-ab5d512a2241
2026-05-29 07:05:30.599 10 INFO neutron.db.ovn_revision_numbers_db [None req-90236f1e-8696-43ce-abc5-42f405b3b5a3 5af4d8153f78468fab62759554c78630 a3ad3e858eb04234a54a62e3101c8323 - - default default] Successfully bumped revision number for resource cba4128a-d637-45f8-a86c-2db6c3317cf3 (type: ports) to 1
2026-05-29 07:05:30.662 9 INFO neutron.notifiers.nova [-] Nova event matching ['req-2904e26f-674c-4870-9395-2baed5bfc45b'] response: {'server_uuid': '37112212-c5c3-471e-83bc-2fec8a3a1d8b', 'name': 'network-vif-plugged', 'status': 'completed', 'tag': 'dc789e31-f293-4018-b846-5abbd456f648', 'code': 200}
2026-05-29 07:05:30.663 9 INFO neutron.notifiers.nova [-] Nova event matching ['req-2904e26f-674c-4870-9395-2baed5bfc45b'] response: {'server_uuid': '37112212-c5c3-471e-83bc-2fec8a3a1d8b', 'name': 'network-vif-deleted', 'tag': 'dc789e31-f293-4018-b846-5abbd456f648', 'status': 'completed', 'code': 200}
2026-05-29 07:05:30.673 10 INFO neutron.db.ovn_revision_numbers_db [None req-6af862b9-69b8-43cf-900f-a4544201b511 - - - - - -] Successfully bumped revision number for resource 38bd0c96-25fd-42fd-8eab-4e63748b91fc (type: router_ports) to 4
2026-05-29 07:05:30.677 10 WARNING neutron.scheduler.dhcp_agent_scheduler [None req-90236f1e-8696-43ce-abc5-42f405b3b5a3 5af4d8153f78468fab62759554c78630 a3ad3e858eb04234a54a62e3101c8323 - - default default] No more DHCP agents
2026-05-29 07:05:30.678 10 WARNING neutron.api.rpc.agentnotifiers.dhcp_rpc_agent_api [None req-90236f1e-8696-43ce-abc5-42f405b3b5a3 5af4d8153f78468fab62759554c78630 a3ad3e858eb04234a54a62e3101c8323 - - default default] Unable to schedule network 42fac379-da8f-4f7d-b66d-38eab86ea7db: no agents available; will retry on subsequent port and subnet creation events.
2026-05-29 07:05:30.730 9 INFO neutron.db.ovn_revision_numbers_db [None req-3b76bc6a-cbb5-4443-a437-2cd536568039 02cff95dfb73464ba09a2292fda1483c 0b93d194c9ba43bb85bf677a76e98679 - - default default] Successfully bumped revision number for resource 5a0122ed-5e60-419f-afff-acea10efaa9c (type: networks) to 1
2026-05-29 07:05:30.965 9 WARNING neutron.scheduler.dhcp_agent_scheduler [None req-3b76bc6a-cbb5-4443-a437-2cd536568039 02cff95dfb73464ba09a2292fda1483c 0b93d194c9ba43bb85bf677a76e98679 - - default default] No more DHCP agents
2026-05-29 07:05:30.968 9 WARNING neutron.api.rpc.agentnotifiers.dhcp_rpc_agent_api [None req-3b76bc6a-cbb5-4443-a437-2cd536568039 02cff95dfb73464ba09a2292fda1483c 0b93d194c9ba43bb85bf677a76e98679 - - default default] Unable to schedule network 5a0122ed-5e60-419f-afff-acea10efaa9c: no agents available; will retry on subsequent port and subnet creation events.
2026-05-29 07:05:31.026 9 INFO neutron.wsgi [None req-a6e382c1-37f1-4051-8865-117aa6cf7f0e 0531d151a27c4bc5903fb58390f07935 5cfffc45c7c44ab59095aebca3d0e51f - - default default] 10.0.0.97 "DELETE /v2.0/security-groups/5ee1e8ac-dcdd-4894-a714-cc33c1e6a64b HTTP/1.1" status: 204 len: 168 time: 0.2422593
2026-05-29 07:05:31.061 9 INFO neutron.db.ovn_revision_numbers_db [None req-3b76bc6a-cbb5-4443-a437-2cd536568039 02cff95dfb73464ba09a2292fda1483c 0b93d194c9ba43bb85bf677a76e98679 - - default default] Successfully bumped revision number for resource 694473c9-20e4-4237-a70a-b57991d53789 (type: ports) to 1
2026-05-29 07:05:31.204 9 INFO neutron.db.ovn_revision_numbers_db [None req-3b76bc6a-cbb5-4443-a437-2cd536568039 02cff95dfb73464ba09a2292fda1483c 0b93d194c9ba43bb85bf677a76e98679 - - default default] Successfully bumped revision number for resource 44092911-4481-4a4a-8821-ab5d512a2241 (type: networks) to 1
2026-05-29 07:05:31.213 10 INFO neutron.db.ovn_revision_numbers_db [None req-90236f1e-8696-43ce-abc5-42f405b3b5a3 5af4d8153f78468fab62759554c78630 a3ad3e858eb04234a54a62e3101c8323 - - default default] Successfully bumped revision number for resource cba4128a-d637-45f8-a86c-2db6c3317cf3 (type: router_ports) to 1
2026-05-29 07:05:31.216 10 INFO neutron.wsgi [None req-90236f1e-8696-43ce-abc5-42f405b3b5a3 5af4d8153f78468fab62759554c78630 a3ad3e858eb04234a54a62e3101c8323 - - default default] 10.0.0.97 "PUT /v2.0/routers/61b14dd5-2cf3-4cd4-91a6-fa71a4592d91/add_router_interface HTTP/1.1" status: 200 len: 503 time: 2.2761395
2026-05-29 07:05:31.463 9 WARNING neutron.scheduler.dhcp_agent_scheduler [None req-3b76bc6a-cbb5-4443-a437-2cd536568039 02cff95dfb73464ba09a2292fda1483c 0b93d194c9ba43bb85bf677a76e98679 - - default default] No more DHCP agents
2026-05-29 07:05:31.472 9 WARNING neutron.api.rpc.agentnotifiers.dhcp_rpc_agent_api [None req-3b76bc6a-cbb5-4443-a437-2cd536568039 02cff95dfb73464ba09a2292fda1483c 0b93d194c9ba43bb85bf677a76e98679 - - default default] Unable to schedule network 44092911-4481-4a4a-8821-ab5d512a2241: no agents available; will retry on subsequent port and subnet creation events.
