2026-05-29 07:03:26.950 10 INFO neutron.wsgi [None req-bacd5ab0-6ea9-4a1d-83e5-e781c873ba16 edc6e587d6844709820790d89afddde5 1165856ca8fc44c983d4b7f951a25c9a - - default default] 10.0.0.97 "GET /v2.0/ports?device_id=b6743398-17de-4317-a043-13f28751f8cd HTTP/1.1" status: 200 len: 205 time: 0.0359361 /var/lib/openstack/lib/python3.10/site-packages/pycadf/identifier.py:71: UserWarning: Invalid uuid: neutron. To ensure interoperability, identifiers should be a valid uuid. warnings.warn(('Invalid uuid: %s. To ensure interoperability, '
2026-05-29 07:03:26.970 10 INFO neutron.wsgi [req-bcff87f5-d2d0-4476-8574-fa86774492a5 req-77160de7-aa21-470e-8fea-565cc6683131 8ccd67e3d6794f418eaf234fb8ea2616 cab9c5b69d5c4ee7a91f227694af28c3 - - cd4e054b602b420090beb20b074e9986 cd4e054b602b420090beb20b074e9986] 199.204.45.144 "GET /v2.0/ports?tenant_id=a747d239f4c64bdcb621ae3f4103beec&device_id=82ab398c-6f3b-4769-90fc-ecf98643814c HTTP/1.1" status: 200 len: 1409 time: 0.0471985
2026-05-29 07:03:27.063 10 INFO neutron.wsgi [req-bcff87f5-d2d0-4476-8574-fa86774492a5 req-f36dcc8d-dfe6-490d-9589-3dc73c8965d3 8ccd67e3d6794f418eaf234fb8ea2616 cab9c5b69d5c4ee7a91f227694af28c3 - - cd4e054b602b420090beb20b074e9986 cd4e054b602b420090beb20b074e9986] 199.204.45.144 "GET /v2.0/networks?id=0dbdc397-b3e6-4a57-88b7-a79d533dc0b0 HTTP/1.1" status: 200 len: 982 time: 0.0866668
2026-05-29 07:03:27.116 10 INFO neutron.wsgi [req-bcff87f5-d2d0-4476-8574-fa86774492a5 req-9c37cdbb-b52e-46e1-bed3-80f7b8007bd2 8ccd67e3d6794f418eaf234fb8ea2616 cab9c5b69d5c4ee7a91f227694af28c3 - - cd4e054b602b420090beb20b074e9986 cd4e054b602b420090beb20b074e9986] 199.204.45.144 "GET /v2.0/floatingips?fixed_ip_address=10.100.0.8&port_id=e068a0c3-2c38-40db-9552-9b00f2130b14 HTTP/1.1" status: 200 len: 1059 time: 0.0445390
2026-05-29 07:03:27.166 10 INFO neutron.wsgi [req-bcff87f5-d2d0-4476-8574-fa86774492a5 req-f59a9040-5124-4b5f-8bd3-5edccd0cf084 8ccd67e3d6794f418eaf234fb8ea2616 cab9c5b69d5c4ee7a91f227694af28c3 - - cd4e054b602b420090beb20b074e9986 cd4e054b602b420090beb20b074e9986] 199.204.45.144 "GET /v2.0/subnets?id=ba41ca3f-c0cf-4882-9f61-a59ca20f29d1 HTTP/1.1" status: 200 len: 877 time: 0.0453110
2026-05-29 07:03:27.206 9 INFO neutron.wsgi [None req-ebe200b0-dc62-4a2f-bf74-bbce8f7cc100 5af4d8153f78468fab62759554c78630 a3ad3e858eb04234a54a62e3101c8323 - - default default] 10.0.0.97 "DELETE /v2.0/subnets/819e242b-e907-4c8b-93a4-c74d3bbd28f1 HTTP/1.1" status: 204 len: 168 time: 0.3864160
2026-05-29 07:03:27.209 10 INFO neutron.wsgi [req-bcff87f5-d2d0-4476-8574-fa86774492a5 req-a416fa2e-6da8-4397-aa3a-b73fc049e2e3 8ccd67e3d6794f418eaf234fb8ea2616 cab9c5b69d5c4ee7a91f227694af28c3 - - cd4e054b602b420090beb20b074e9986 cd4e054b602b420090beb20b074e9986] 199.204.45.144 "GET /v2.0/ports?network_id=0dbdc397-b3e6-4a57-88b7-a79d533dc0b0&device_owner=network%3Adhcp HTTP/1.1" status: 200 len: 210 time: 0.0345023
2026-05-29 07:03:27.273 9 INFO neutron.wsgi [None req-d6325085-fc2a-4ac1-83f4-7d1d390bbc6b edc6e587d6844709820790d89afddde5 1165856ca8fc44c983d4b7f951a25c9a - - default default] 10.0.0.97 "DELETE /v2.0/routers/b6743398-17de-4317-a043-13f28751f8cd HTTP/1.1" status: 204 len: 168 time: 0.3155248
2026-05-29 07:03:27.294 10 INFO neutron.wsgi [req-bcff87f5-d2d0-4476-8574-fa86774492a5 req-4c56271c-6480-4239-9143-4cbebee3156f 8ccd67e3d6794f418eaf234fb8ea2616 cab9c5b69d5c4ee7a91f227694af28c3 - - cd4e054b602b420090beb20b074e9986 cd4e054b602b420090beb20b074e9986] 199.204.45.144 "GET /v2.0/networks/0dbdc397-b3e6-4a57-88b7-a79d533dc0b0?fields=segments HTTP/1.1" status: 200 len: 212 time: 0.0765691
2026-05-29 07:03:27.380 10 INFO neutron.wsgi [req-bcff87f5-d2d0-4476-8574-fa86774492a5 req-850dee42-740c-4066-a510-68b780b55e61 8ccd67e3d6794f418eaf234fb8ea2616 cab9c5b69d5c4ee7a91f227694af28c3 - - cd4e054b602b420090beb20b074e9986 cd4e054b602b420090beb20b074e9986] 199.204.45.144 "GET /v2.0/networks/0dbdc397-b3e6-4a57-88b7-a79d533dc0b0?fields=provider%3Aphysical_network&fields=provider%3Anetwork_type HTTP/1.1" status: 200 len: 277 time: 0.0758154
2026-05-29 07:03:27.466 9 INFO neutron.wsgi [None req-cd382bb8-cdc1-48b1-8344-86e00f8d2839 edc6e587d6844709820790d89afddde5 1165856ca8fc44c983d4b7f951a25c9a - - default default] 10.0.0.97 "DELETE /v2.0/subnets/5b1ff676-72e8-4d6c-a4c8-12d5cd1dfbe6 HTTP/1.1" status: 204 len: 168 time: 0.1860087
2026-05-29 07:03:27.474 10 INFO neutron.wsgi [req-30c46005-a5ff-4d8c-9d08-240ddc219242 req-45b6237c-efc0-4a83-bd5d-3cd9bfdb3912 8ccd67e3d6794f418eaf234fb8ea2616 cab9c5b69d5c4ee7a91f227694af28c3 - - cd4e054b602b420090beb20b074e9986 cd4e054b602b420090beb20b074e9986] 199.204.45.144 "GET /v2.0/ports?tenant_id=a747d239f4c64bdcb621ae3f4103beec&device_id=82ab398c-6f3b-4769-90fc-ecf98643814c HTTP/1.1" status: 200 len: 1409 time: 0.0511067
2026-05-29 07:03:27.582 10 INFO neutron.wsgi [req-30c46005-a5ff-4d8c-9d08-240ddc219242 req-7c2a5af4-292f-4961-9439-5182b8cd0c86 8ccd67e3d6794f418eaf234fb8ea2616 cab9c5b69d5c4ee7a91f227694af28c3 - - cd4e054b602b420090beb20b074e9986 cd4e054b602b420090beb20b074e9986] 199.204.45.144 "GET /v2.0/networks?id=0dbdc397-b3e6-4a57-88b7-a79d533dc0b0 HTTP/1.1" status: 200 len: 982 time: 0.0948975
2026-05-29 07:03:27.656 10 INFO neutron.wsgi [req-30c46005-a5ff-4d8c-9d08-240ddc219242 req-c73aed38-ad83-413a-b15a-bb560faa0b7d 8ccd67e3d6794f418eaf234fb8ea2616 cab9c5b69d5c4ee7a91f227694af28c3 - - cd4e054b602b420090beb20b074e9986 cd4e054b602b420090beb20b074e9986] 199.204.45.144 "GET /v2.0/floatingips?fixed_ip_address=10.100.0.8&port_id=e068a0c3-2c38-40db-9552-9b00f2130b14 HTTP/1.1" status: 200 len: 1059 time: 0.0661256
2026-05-29 07:03:27.828 9 INFO neutron.services.segments.plugin [-] Segment 6a4d4717-da4b-4028-ada6-314199dee486 resource provider aggregate not found
2026-05-29 07:03:27.844 9 INFO neutron.services.segments.plugin [-] Segment 6a4d4717-da4b-4028-ada6-314199dee486 resource provider aggregate not found
2026-05-29 07:03:27.856 9 INFO neutron.services.segments.plugin [-] Segment 6a4d4717-da4b-4028-ada6-314199dee486 resource provider not found; error: Placement Client Error (4xx): {"errors": [{"status": 404, "title": "Not Found", "detail": "The resource could not be found.\n\n No resource provider with uuid 6a4d4717-da4b-4028-ada6-314199dee486 found for delete ", "request_id": "req-c016be97-d16f-4052-bcd5-501c818c43c5"}]}
2026-05-29 07:03:27.866 9 INFO neutron.services.segments.plugin [-] Segment 6a4d4717-da4b-4028-ada6-314199dee486 resource provider not found; error: Placement Client Error (4xx): {"errors": [{"status": 404, "title": "Not Found", "detail": "The resource could not be found.\n\n No resource provider with uuid 6a4d4717-da4b-4028-ada6-314199dee486 found for delete ", "request_id": "req-3d61c1eb-5ccc-4c64-8034-c14c9ee99f51"}]}
2026-05-29 07:03:27.891 9 INFO neutron.wsgi [None req-4be24ed5-3f52-492b-9d58-86db2bbd08c4 edc6e587d6844709820790d89afddde5 1165856ca8fc44c983d4b7f951a25c9a - - default default] 10.0.0.97 "DELETE /v2.0/networks/667641af-065b-457a-ac21-6733858f8fc4 HTTP/1.1" status: 204 len: 168 time: 0.4193573
2026-05-29 07:03:27.907 9 WARNING neutron_lib.context [None req-eef7a253-2fd8-4d4f-84bd-ec8b2e2a66fc edc6e587d6844709820790d89afddde5 1165856ca8fc44c983d4b7f951a25c9a - - default default] Method 'is_advsvc' is deprecated since 2023.2 release (neutron-lib 3.8.0) and will be removed once support for the old RBAC API policies will be removed from Neutron. Please use method 'is_service_role' instead.
2026-05-29 07:03:28.001 9 INFO neutron.db.ovn_revision_numbers_db [None req-ca8834f3-ec20-49d1-a76e-91156730fbf5 5af4d8153f78468fab62759554c78630 a3ad3e858eb04234a54a62e3101c8323 - - default default] Successfully bumped revision number for resource 28895596-b81a-4597-950c-f53a6b7e1555 (type: security_groups) to 1
2026-05-29 07:03:28.031 9 INFO neutron.db.ovn_revision_numbers_db [None req-ca8834f3-ec20-49d1-a76e-91156730fbf5 5af4d8153f78468fab62759554c78630 a3ad3e858eb04234a54a62e3101c8323 - - default default] Successfully bumped revision number for resource ab5fa11d-d2a9-4651-aede-32df78eba90d (type: security_group_rules) to 0
2026-05-29 07:03:28.070 9 INFO neutron.db.ovn_revision_numbers_db [None req-ca8834f3-ec20-49d1-a76e-91156730fbf5 5af4d8153f78468fab62759554c78630 a3ad3e858eb04234a54a62e3101c8323 - - default default] Successfully bumped revision number for resource c75d2ad1-2602-4087-a00a-a5e93dc07ec1 (type: security_group_rules) to 0
2026-05-29 07:03:28.118 9 INFO neutron.db.ovn_revision_numbers_db [None req-ca8834f3-ec20-49d1-a76e-91156730fbf5 5af4d8153f78468fab62759554c78630 a3ad3e858eb04234a54a62e3101c8323 - - default default] Successfully bumped revision number for resource cefba1e3-f7ae-4ba5-9d04-c4823916721d (type: security_group_rules) to 0
2026-05-29 07:03:28.164 9 INFO neutron.db.ovn_revision_numbers_db [None req-ca8834f3-ec20-49d1-a76e-91156730fbf5 5af4d8153f78468fab62759554c78630 a3ad3e858eb04234a54a62e3101c8323 - - default default] Successfully bumped revision number for resource fc261ce2-43c4-4ff9-9456-d74537f437c2 (type: security_group_rules) to 0
2026-05-29 07:03:28.213 9 INFO neutron.wsgi [None req-ca8834f3-ec20-49d1-a76e-91156730fbf5 5af4d8153f78468fab62759554c78630 a3ad3e858eb04234a54a62e3101c8323 - - default default] 10.0.0.97 "GET /v2.0/security-groups?tenant_id=d9eab2be1ed549f38a4a68f784eaaf37&name=default HTTP/1.1" status: 200 len: 2996 time: 0.6152873
2026-05-29 07:03:28.246 9 INFO neutron.wsgi [req-8f228b9c-4358-4c6b-9562-8b2e0d2c69b8 req-994256d7-94b6-4973-95c6-53557e1d7051 af9b40582b9f4d0eafc30224b3b3110d a747d239f4c64bdcb621ae3f4103beec - - default default] 10.0.0.151 "GET /v2.0/ports?device_id=82ab398c-6f3b-4769-90fc-ecf98643814c HTTP/1.1" status: 200 len: 1170 time: 0.1949046
2026-05-29 07:03:28.285 10 INFO neutron.services.segments.plugin [-] Segment a3bf0dcf-974b-4d83-bd4d-531722b4b374 resource provider aggregate not found
2026-05-29 07:03:28.291 10 INFO neutron.services.segments.plugin [-] Segment a3bf0dcf-974b-4d83-bd4d-531722b4b374 resource provider aggregate not found
2026-05-29 07:03:28.317 10 INFO neutron.wsgi [req-30c46005-a5ff-4d8c-9d08-240ddc219242 req-e5c56ab0-da2b-42f5-9466-a574c3299106 8ccd67e3d6794f418eaf234fb8ea2616 cab9c5b69d5c4ee7a91f227694af28c3 - - cd4e054b602b420090beb20b074e9986 cd4e054b602b420090beb20b074e9986] 199.204.45.144 "GET /v2.0/subnets?id=ba41ca3f-c0cf-4882-9f61-a59ca20f29d1 HTTP/1.1" status: 200 len: 877 time: 0.6554863
2026-05-29 07:03:28.320 9 INFO neutron.wsgi [req-8f228b9c-4358-4c6b-9562-8b2e0d2c69b8 req-292db086-b633-47a5-b624-10299f2bff0d af9b40582b9f4d0eafc30224b3b3110d a747d239f4c64bdcb621ae3f4103beec - - default default] 10.0.0.151 "GET /v2.0/security-groups?id=3936530e-f1aa-44ef-953d-b68005ce94ca&fields=id&fields=name HTTP/1.1" status: 200 len: 313 time: 0.0667896
2026-05-29 07:03:28.328 10 INFO neutron.services.segments.plugin [-] Segment a3bf0dcf-974b-4d83-bd4d-531722b4b374 resource provider not found; error: Placement Client Error (4xx): {"errors": [{"status": 404, "title": "Not Found", "detail": "The resource could not be found.\n\n No resource provider with uuid a3bf0dcf-974b-4d83-bd4d-531722b4b374 found for delete ", "request_id": "req-a8dd4821-63b1-4b5c-9e10-f12fc879b299"}]}
2026-05-29 07:03:28.340 10 INFO neutron.services.segments.plugin [-] Segment a3bf0dcf-974b-4d83-bd4d-531722b4b374 resource provider not found; error: Placement Client Error (4xx): {"errors": [{"status": 404, "title": "Not Found", "detail": "The resource could not be found.\n\n No resource provider with uuid a3bf0dcf-974b-4d83-bd4d-531722b4b374 found for delete ", "request_id": "req-46c02e93-db68-4ed5-a2c9-9c785f15894b"}]}
2026-05-29 07:03:28.354 10 INFO neutron.wsgi [req-30c46005-a5ff-4d8c-9d08-240ddc219242 req-e2ec5ed1-298e-44ae-b895-5a3886ca5b91 8ccd67e3d6794f418eaf234fb8ea2616 cab9c5b69d5c4ee7a91f227694af28c3 - - cd4e054b602b420090beb20b074e9986 cd4e054b602b420090beb20b074e9986] 199.204.45.144 "GET /v2.0/ports?network_id=0dbdc397-b3e6-4a57-88b7-a79d533dc0b0&device_owner=network%3Adhcp HTTP/1.1" status: 200 len: 210 time: 0.0247440
2026-05-29 07:03:28.355 10 INFO neutron.notifiers.nova [-] Nova event matching ['req-6942996b-0f7b-4f02-b494-3eb3906b6936'] response: {'name': 'network-changed', 'server_uuid': '82ab398c-6f3b-4769-90fc-ecf98643814c', 'tag': 'e068a0c3-2c38-40db-9552-9b00f2130b14', 'status': 'completed', 'code': 200}
2026-05-29 07:03:28.363 10 INFO neutron.wsgi [None req-c582c872-ca8f-4c3b-accc-2b69b02f0404 5af4d8153f78468fab62759554c78630 a3ad3e858eb04234a54a62e3101c8323 - - default default] 10.0.0.97 "DELETE /v2.0/networks/b76947a9-b24b-41fb-bbff-6b38f07278fd HTTP/1.1" status: 204 len: 168 time: 1.1515384
2026-05-29 07:03:28.477 10 INFO neutron.wsgi [req-30c46005-a5ff-4d8c-9d08-240ddc219242 req-f3c5ff96-49a8-4236-841c-6103a8b48b88 8ccd67e3d6794f418eaf234fb8ea2616 cab9c5b69d5c4ee7a91f227694af28c3 - - cd4e054b602b420090beb20b074e9986 cd4e054b602b420090beb20b074e9986] 199.204.45.144 "GET /v2.0/networks/0dbdc397-b3e6-4a57-88b7-a79d533dc0b0?fields=segments HTTP/1.1" status: 200 len: 212 time: 0.1009197
2026-05-29 07:03:28.574 10 INFO neutron.wsgi [None req-c563cc73-d68e-4b78-a1af-308fbc7d3b60 5af4d8153f78468fab62759554c78630 a3ad3e858eb04234a54a62e3101c8323 - - default default] 10.0.0.97 "GET /v2.0/security-groups?tenant_id=144c44a895b14840b2ecf43cf953352a&name=default HTTP/1.1" status: 200 len: 2996 time: 0.0770206
2026-05-29 07:03:28.578 10 INFO neutron.wsgi [req-30c46005-a5ff-4d8c-9d08-240ddc219242 req-5b925f93-5faf-42a8-bbb9-31f5ef1608a9 8ccd67e3d6794f418eaf234fb8ea2616 cab9c5b69d5c4ee7a91f227694af28c3 - - cd4e054b602b420090beb20b074e9986 cd4e054b602b420090beb20b074e9986] 199.204.45.144 "GET /v2.0/networks/0dbdc397-b3e6-4a57-88b7-a79d533dc0b0?fields=provider%3Aphysical_network&fields=provider%3Anetwork_type HTTP/1.1" status: 200 len: 277 time: 0.0935855
2026-05-29 07:03:28.671 10 INFO neutron.wsgi [req-5f4790a8-4360-4d19-9585-5351b9361c94 req-5732bcbd-541a-4059-8fbc-c7fc8cc058b1 8ccd67e3d6794f418eaf234fb8ea2616 cab9c5b69d5c4ee7a91f227694af28c3 - - cd4e054b602b420090beb20b074e9986 cd4e054b602b420090beb20b074e9986] 199.204.45.144 "GET /v2.0/ports?tenant_id=a747d239f4c64bdcb621ae3f4103beec&device_id=82ab398c-6f3b-4769-90fc-ecf98643814c HTTP/1.1" status: 200 len: 1409 time: 0.0519781
2026-05-29 07:03:28.764 10 INFO neutron.wsgi [req-5f4790a8-4360-4d19-9585-5351b9361c94 req-3ade6ae7-ee73-4ce0-9166-a6fa984d9ebc 8ccd67e3d6794f418eaf234fb8ea2616 cab9c5b69d5c4ee7a91f227694af28c3 - - cd4e054b602b420090beb20b074e9986 cd4e054b602b420090beb20b074e9986] 199.204.45.144 "GET /v2.0/networks?id=0dbdc397-b3e6-4a57-88b7-a79d533dc0b0 HTTP/1.1" status: 200 len: 982 time: 0.0846407
2026-05-29 07:03:28.822 10 INFO neutron.wsgi [req-5f4790a8-4360-4d19-9585-5351b9361c94 req-6cd66e8e-abc5-494f-ab3e-91dcd8a86e61 8ccd67e3d6794f418eaf234fb8ea2616 cab9c5b69d5c4ee7a91f227694af28c3 - - cd4e054b602b420090beb20b074e9986 cd4e054b602b420090beb20b074e9986] 199.204.45.144 "GET /v2.0/floatingips?fixed_ip_address=10.100.0.8&port_id=e068a0c3-2c38-40db-9552-9b00f2130b14 HTTP/1.1" status: 200 len: 1059 time: 0.0507836
2026-05-29 07:03:28.829 9 INFO neutron.wsgi [req-4b6b4f20-db57-4e67-8f20-02a0ed75f91b req-f0f7fd52-604c-4c23-afbf-74b400305e36 af9b40582b9f4d0eafc30224b3b3110d a747d239f4c64bdcb621ae3f4103beec - - default default] 199.204.45.144 "GET /v2.0/ports?device_id=82ab398c-6f3b-4769-90fc-ecf98643814c HTTP/1.1" status: 200 len: 1170 time: 0.0615628
2026-05-29 07:03:28.872 10 INFO neutron.wsgi [req-5f4790a8-4360-4d19-9585-5351b9361c94 req-8ead82be-a853-4f7c-9c89-e8597d79a680 8ccd67e3d6794f418eaf234fb8ea2616 cab9c5b69d5c4ee7a91f227694af28c3 - - cd4e054b602b420090beb20b074e9986 cd4e054b602b420090beb20b074e9986] 199.204.45.144 "GET /v2.0/subnets?id=ba41ca3f-c0cf-4882-9f61-a59ca20f29d1 HTTP/1.1" status: 200 len: 877 time: 0.0398877
2026-05-29 07:03:28.906 10 INFO neutron.wsgi [None req-b4fa2a8a-a0fe-4591-93f4-0c0a886f5f7e 5af4d8153f78468fab62759554c78630 a3ad3e858eb04234a54a62e3101c8323 - - default default] 10.0.0.97 "DELETE /v2.0/security-groups/1929fa3a-b184-46c9-8ffe-b5330ab7e4bf HTTP/1.1" status: 204 len: 168 time: 0.3277419
2026-05-29 07:03:28.909 10 INFO neutron.wsgi [req-5f4790a8-4360-4d19-9585-5351b9361c94 req-887a092e-890c-4a79-86a8-d214fb96321f 8ccd67e3d6794f418eaf234fb8ea2616 cab9c5b69d5c4ee7a91f227694af28c3 - - cd4e054b602b420090beb20b074e9986 cd4e054b602b420090beb20b074e9986] 199.204.45.144 "GET /v2.0/ports?network_id=0dbdc397-b3e6-4a57-88b7-a79d533dc0b0&device_owner=network%3Adhcp HTTP/1.1" status: 200 len: 210 time: 0.0292394
2026-05-29 07:03:29.005 10 INFO neutron.wsgi [req-5f4790a8-4360-4d19-9585-5351b9361c94 req-0373ca16-7af3-4319-a57a-49b9a8a2a256 8ccd67e3d6794f418eaf234fb8ea2616 cab9c5b69d5c4ee7a91f227694af28c3 - - cd4e054b602b420090beb20b074e9986 cd4e054b602b420090beb20b074e9986] 199.204.45.144 "GET /v2.0/networks/0dbdc397-b3e6-4a57-88b7-a79d533dc0b0?fields=segments HTTP/1.1" status: 200 len: 212 time: 0.0909820
2026-05-29 07:03:29.046 9 WARNING neutron.scheduler.dhcp_agent_scheduler [None req-eef7a253-2fd8-4d4f-84bd-ec8b2e2a66fc edc6e587d6844709820790d89afddde5 1165856ca8fc44c983d4b7f951a25c9a - - default default] No more DHCP agents
2026-05-29 07:03:29.055 9 WARNING neutron.api.rpc.agentnotifiers.dhcp_rpc_agent_api [None req-eef7a253-2fd8-4d4f-84bd-ec8b2e2a66fc edc6e587d6844709820790d89afddde5 1165856ca8fc44c983d4b7f951a25c9a - - default default] Unable to schedule network e98ca2f6-9d03-45b7-a913-0503db65e33d: no agents available; will retry on subsequent port and subnet creation events.
2026-05-29 07:03:29.089 10 INFO neutron.wsgi [req-5f4790a8-4360-4d19-9585-5351b9361c94 req-5b184f10-853e-43dc-b404-573e754ae2eb 8ccd67e3d6794f418eaf234fb8ea2616 cab9c5b69d5c4ee7a91f227694af28c3 - - cd4e054b602b420090beb20b074e9986 cd4e054b602b420090beb20b074e9986] 199.204.45.144 "GET /v2.0/networks/0dbdc397-b3e6-4a57-88b7-a79d533dc0b0?fields=provider%3Aphysical_network&fields=provider%3Anetwork_type HTTP/1.1" status: 200 len: 277 time: 0.0759640
2026-05-29 07:03:29.133 9 INFO neutron.wsgi [None req-5a800a9b-ee4b-45d4-8a2e-682e7a7c0162 5af4d8153f78468fab62759554c78630 a3ad3e858eb04234a54a62e3101c8323 - - default default] 10.0.0.97 "DELETE /v2.0/security-groups/28895596-b81a-4597-950c-f53a6b7e1555 HTTP/1.1" status: 204 len: 168 time: 0.9063730
2026-05-29 07:03:29.330 9 INFO neutron.db.l3_db [req-4b6b4f20-db57-4e67-8f20-02a0ed75f91b req-383b44b5-5217-4ccb-858b-39c3277905ec af9b40582b9f4d0eafc30224b3b3110d a747d239f4c64bdcb621ae3f4103beec - - default default] Floating IP e8727815-4625-4414-abb2-5715b3352dbc disassociated. External IP: 10.96.250.216, port: e068a0c3-2c38-40db-9552-9b00f2130b14.
2026-05-29 07:03:29.385 9 INFO neutron.db.ovn_revision_numbers_db [None req-eef7a253-2fd8-4d4f-84bd-ec8b2e2a66fc edc6e587d6844709820790d89afddde5 1165856ca8fc44c983d4b7f951a25c9a - - default default] Successfully bumped revision number for resource 1761bcc0-5072-446b-882f-f499f5caf026 (type: ports) to 1
2026-05-29 07:03:29.498 9 INFO neutron.wsgi [req-273c2b6d-2998-4379-82c0-807f9d1e6742 req-58800f18-14a5-4e99-9483-33451a108f79 af9b40582b9f4d0eafc30224b3b3110d a747d239f4c64bdcb621ae3f4103beec - - default default] 10.0.0.151 "GET /v2.0/ports?device_id=82ab398c-6f3b-4769-90fc-ecf98643814c HTTP/1.1" status: 200 len: 1170 time: 0.0642767
2026-05-29 07:03:29.588 9 INFO neutron.wsgi [req-273c2b6d-2998-4379-82c0-807f9d1e6742 req-19781c31-99e2-4aa5-876a-473a58fb1bd1 af9b40582b9f4d0eafc30224b3b3110d a747d239f4c64bdcb621ae3f4103beec - - default default] 10.0.0.151 "GET /v2.0/security-groups?id=3936530e-f1aa-44ef-953d-b68005ce94ca&fields=id&fields=name HTTP/1.1" status: 200 len: 313 time: 0.0810680
2026-05-29 07:03:29.678 9 INFO neutron.wsgi [req-4b6b4f20-db57-4e67-8f20-02a0ed75f91b req-383b44b5-5217-4ccb-858b-39c3277905ec af9b40582b9f4d0eafc30224b3b3110d a747d239f4c64bdcb621ae3f4103beec - - default default] 199.204.45.144 "DELETE /v2.0/ports/e068a0c3-2c38-40db-9552-9b00f2130b14 HTTP/1.1" status: 204 len: 173 time: 0.8421574
2026-05-29 07:03:29.722 9 INFO neutron.notifiers.nova [-] Nova event matching ['req-259e93e3-1516-496e-891a-c225085fb0d5'] response: {'server_uuid': '82ab398c-6f3b-4769-90fc-ecf98643814c', 'name': 'network-vif-deleted', 'tag': 'e068a0c3-2c38-40db-9552-9b00f2130b14', 'status': 'completed', 'code': 200}
2026-05-29 07:03:30.213 10 INFO neutron.plugins.ml2.drivers.ovn.mech_driver.mech_driver [None req-2a3f324f-f047-4764-922a-a06fd19eac68 - - - - - -] OVN reports status up for port: 1761bcc0-5072-446b-882f-f499f5caf026
2026-05-29 07:03:30.223 10 INFO neutron.plugins.ml2.plugin [None req-2a3f324f-f047-4764-922a-a06fd19eac68 - - - - - -] Attempt 1 to provision port 1761bcc0-5072-446b-882f-f499f5caf026
2026-05-29 07:03:30.251 9 INFO neutron.db.ovn_revision_numbers_db [None req-eef7a253-2fd8-4d4f-84bd-ec8b2e2a66fc edc6e587d6844709820790d89afddde5 1165856ca8fc44c983d4b7f951a25c9a - - default default] Successfully bumped revision number for resource 1761bcc0-5072-446b-882f-f499f5caf026 (type: router_ports) to 1
2026-05-29 07:03:30.316 9 INFO neutron.db.ovn_revision_numbers_db [None req-eef7a253-2fd8-4d4f-84bd-ec8b2e2a66fc edc6e587d6844709820790d89afddde5 1165856ca8fc44c983d4b7f951a25c9a - - default default] Successfully bumped revision number for resource 0974c1b8-8e68-4fdb-bbdc-f7c31a11eb49 (type: routers) to 2
2026-05-29 07:03:30.337 9 INFO neutron.wsgi [None req-eef7a253-2fd8-4d4f-84bd-ec8b2e2a66fc edc6e587d6844709820790d89afddde5 1165856ca8fc44c983d4b7f951a25c9a - - default default] 10.0.0.97 "POST /v2.0/routers HTTP/1.1" status: 201 len: 872 time: 2.4362617
2026-05-29 07:03:30.435 9 INFO neutron.wsgi [None req-496a5384-3f31-4299-8ed7-77057d18c3db edc6e587d6844709820790d89afddde5 1165856ca8fc44c983d4b7f951a25c9a - - default default] 10.0.0.97 "GET /v2.0/routers/0974c1b8-8e68-4fdb-bbdc-f7c31a11eb49 HTTP/1.1" status: 200 len: 873 time: 0.0873959
2026-05-29 07:03:30.570 9 INFO neutron.wsgi [None req-8a816fd9-f26e-4ec9-820c-4a47bd8b85b2 edc6e587d6844709820790d89afddde5 1165856ca8fc44c983d4b7f951a25c9a - - default default] 10.0.0.97 "GET /v2.0/routers HTTP/1.1" status: 200 len: 876 time: 0.1265211
2026-05-29 07:03:30.866 10 INFO neutron.wsgi [None req-72761309-92b8-49db-bd53-d8f1f12df899 af9b40582b9f4d0eafc30224b3b3110d a747d239f4c64bdcb621ae3f4103beec - - default default] 10.0.0.97 "DELETE /v2.0/security-groups/3936530e-f1aa-44ef-953d-b68005ce94ca HTTP/1.1" status: 204 len: 168 time: 0.1858330
2026-05-29 07:03:30.889 10 INFO neutron.api.v2.resource [None req-409ed81c-750b-487a-8721-101e3c262ea8 af9b40582b9f4d0eafc30224b3b3110d a747d239f4c64bdcb621ae3f4103beec - - default default] show failed (client error): The resource could not be found.
2026-05-29 07:03:30.890 10 INFO neutron.wsgi [None req-409ed81c-750b-487a-8721-101e3c262ea8 af9b40582b9f4d0eafc30224b3b3110d a747d239f4c64bdcb621ae3f4103beec - - default default] 10.0.0.97 "GET /v2.0/security-groups/3936530e-f1aa-44ef-953d-b68005ce94ca HTTP/1.1" status: 404 len: 347 time: 0.0153079
2026-05-29 07:03:31.263 10 INFO neutron.db.ovn_revision_numbers_db [None req-d13ae1d2-34dc-4a5b-9b7a-b2a7b7fc36ed 5af4d8153f78468fab62759554c78630 a3ad3e858eb04234a54a62e3101c8323 - - default default] Successfully bumped revision number for resource af4205ef-c75f-40b3-8d0b-9cace9d68c10 (type: security_groups) to 1
2026-05-29 07:03:31.274 9 INFO neutron.db.ovn_revision_numbers_db [None req-e244680d-d8de-418c-8307-14f5fa0551cb edc6e587d6844709820790d89afddde5 1165856ca8fc44c983d4b7f951a25c9a - - default default] Successfully bumped revision number for resource 0974c1b8-8e68-4fdb-bbdc-f7c31a11eb49 (type: routers) to 3
2026-05-29 07:03:31.277 9 INFO neutron.wsgi [None req-e244680d-d8de-418c-8307-14f5fa0551cb edc6e587d6844709820790d89afddde5 1165856ca8fc44c983d4b7f951a25c9a - - default default] 10.0.0.97 "PUT /v2.0/routers/0974c1b8-8e68-4fdb-bbdc-f7c31a11eb49 HTTP/1.1" status: 200 len: 880 time: 0.6993151
2026-05-29 07:03:31.280 10 INFO neutron.db.ovn_revision_numbers_db [None req-d13ae1d2-34dc-4a5b-9b7a-b2a7b7fc36ed 5af4d8153f78468fab62759554c78630 a3ad3e858eb04234a54a62e3101c8323 - - default default] Successfully bumped revision number for resource 3832b126-4dc1-482d-9182-45494b3b1991 (type: security_group_rules) to 0
2026-05-29 07:03:31.281 9 INFO neutron.db.ovn_revision_numbers_db [None req-c3af22a4-315c-4f93-82f4-e1acdf4cba91 5af4d8153f78468fab62759554c78630 a3ad3e858eb04234a54a62e3101c8323 - - default default] Successfully bumped revision number for resource 5b882a59-73e0-4bdf-8487-decf8d5b86ef (type: security_groups) to 1
2026-05-29 07:03:31.294 10 INFO neutron.wsgi [None req-e307bbbb-147a-4003-8981-3380653e6607 af9b40582b9f4d0eafc30224b3b3110d a747d239f4c64bdcb621ae3f4103beec - - default default] 10.0.0.97 "DELETE /v2.0/floatingips/e8727815-4625-4414-abb2-5715b3352dbc HTTP/1.1" status: 204 len: 168 time: 0.3995245
2026-05-29 07:03:31.297 10 INFO neutron.db.ovn_revision_numbers_db [None req-d13ae1d2-34dc-4a5b-9b7a-b2a7b7fc36ed 5af4d8153f78468fab62759554c78630 a3ad3e858eb04234a54a62e3101c8323 - - default default] Successfully bumped revision number for resource 5ca0511b-3fae-49d0-bdd0-8e7f32d42054 (type: security_group_rules) to 0
2026-05-29 07:03:31.311 10 INFO neutron.db.ovn_revision_numbers_db [None req-d13ae1d2-34dc-4a5b-9b7a-b2a7b7fc36ed 5af4d8153f78468fab62759554c78630 a3ad3e858eb04234a54a62e3101c8323 - - default default] Successfully bumped revision number for resource a9432891-c0f9-449e-bdba-b0202f8e31b3 (type: security_group_rules) to 0
2026-05-29 07:03:31.325 9 INFO neutron.db.ovn_revision_numbers_db [None req-c3af22a4-315c-4f93-82f4-e1acdf4cba91 5af4d8153f78468fab62759554c78630 a3ad3e858eb04234a54a62e3101c8323 - - default default] Successfully bumped revision number for resource 61162318-f373-4c56-a66f-f8e182c3f4cb (type: security_group_rules) to 0
2026-05-29 07:03:31.331 10 INFO neutron.db.ovn_revision_numbers_db [None req-d13ae1d2-34dc-4a5b-9b7a-b2a7b7fc36ed 5af4d8153f78468fab62759554c78630 a3ad3e858eb04234a54a62e3101c8323 - - default default] Successfully bumped revision number for resource d3c22a64-33ca-4f52-b64e-3689315ef741 (type: security_group_rules) to 0
2026-05-29 07:03:31.352 9 INFO neutron.db.ovn_revision_numbers_db [None req-c3af22a4-315c-4f93-82f4-e1acdf4cba91 5af4d8153f78468fab62759554c78630 a3ad3e858eb04234a54a62e3101c8323 - - default default] Successfully bumped revision number for resource 73036728-e36b-4a6c-9fb7-c202e7b79084 (type: security_group_rules) to 0
2026-05-29 07:03:31.376 9 INFO neutron.wsgi [None req-fd85198f-4f94-4440-b7e3-7c61c20e84d5 edc6e587d6844709820790d89afddde5 1165856ca8fc44c983d4b7f951a25c9a - - default default] 10.0.0.97 "GET /v2.0/routers/0974c1b8-8e68-4fdb-bbdc-f7c31a11eb49 HTTP/1.1" status: 200 len: 880 time: 0.0929933
2026-05-29 07:03:31.378 9 INFO neutron.db.ovn_revision_numbers_db [None req-c3af22a4-315c-4f93-82f4-e1acdf4cba91 5af4d8153f78468fab62759554c78630 a3ad3e858eb04234a54a62e3101c8323 - - default default] Successfully bumped revision number for resource be3197fc-a211-49c0-bffb-c74fbb5600cb (type: security_group_rules) to 0
2026-05-29 07:03:31.403 9 INFO neutron.db.ovn_revision_numbers_db [None req-c3af22a4-315c-4f93-82f4-e1acdf4cba91 5af4d8153f78468fab62759554c78630 a3ad3e858eb04234a54a62e3101c8323 - - default default] Successfully bumped revision number for resource d180ec75-1f6d-49f0-9d4e-c9256b08db65 (type: security_group_rules) to 0
2026-05-29 07:03:31.404 10 INFO neutron.db.segments_db [None req-d13ae1d2-34dc-4a5b-9b7a-b2a7b7fc36ed 5af4d8153f78468fab62759554c78630 a3ad3e858eb04234a54a62e3101c8323 - - default default] Added segment d0a35eef-e66d-4d94-b5cf-14ec23b1a014 of type geneve for network 3087bc09-491a-48ee-91f5-70e411be000c
2026-05-29 07:03:31.409 9 INFO neutron.wsgi [None req-1e522b99-365c-4f16-a48d-9b816393483a edc6e587d6844709820790d89afddde5 1165856ca8fc44c983d4b7f951a25c9a - - default default] 10.0.0.97 "GET /v2.0/ports?device_id=0974c1b8-8e68-4fdb-bbdc-f7c31a11eb49 HTTP/1.1" status: 200 len: 205 time: 0.0264490
2026-05-29 07:03:31.479 9 INFO neutron.db.segments_db [None req-c3af22a4-315c-4f93-82f4-e1acdf4cba91 5af4d8153f78468fab62759554c78630 a3ad3e858eb04234a54a62e3101c8323 - - default default] Added segment 442dcef6-ec43-4de6-a879-ab89091371d4 of type geneve for network f22db3ea-a758-4158-af7a-10f05dbe8732
2026-05-29 07:03:31.575 9 WARNING neutron.plugins.ml2.drivers.ovn.mech_driver.ovsdb.ovn_client [None req-7c75fedf-3653-429d-b6a0-42a37f17b186 - - - - - -] No port found with ID 61b8b13c-9cc1-4241-ad49-cec94a932b6f: RuntimeError: No port found with ID 61b8b13c-9cc1-4241-ad49-cec94a932b6f
2026-05-29 07:03:31.575 9 INFO neutron.plugins.ml2.drivers.ovn.mech_driver.mech_driver [None req-7c75fedf-3653-429d-b6a0-42a37f17b186 - - - - - -] OVN reports status down for port: e068a0c3-2c38-40db-9552-9b00f2130b14
2026-05-29 07:03:31.662 10 INFO neutron.db.ovn_revision_numbers_db [None req-d13ae1d2-34dc-4a5b-9b7a-b2a7b7fc36ed 5af4d8153f78468fab62759554c78630 a3ad3e858eb04234a54a62e3101c8323 - - default default] Successfully bumped revision number for resource 3087bc09-491a-48ee-91f5-70e411be000c (type: networks) to 1
2026-05-29 07:03:31.764 9 INFO neutron.db.ovn_revision_numbers_db [None req-c3af22a4-315c-4f93-82f4-e1acdf4cba91 5af4d8153f78468fab62759554c78630 a3ad3e858eb04234a54a62e3101c8323 - - default default] Successfully bumped revision number for resource f22db3ea-a758-4158-af7a-10f05dbe8732 (type: networks) to 1
2026-05-29 07:03:31.895 10 WARNING neutron.scheduler.dhcp_agent_scheduler [None req-d13ae1d2-34dc-4a5b-9b7a-b2a7b7fc36ed 5af4d8153f78468fab62759554c78630 a3ad3e858eb04234a54a62e3101c8323 - - default default] No more DHCP agents
2026-05-29 07:03:31.899 10 WARNING neutron.api.rpc.agentnotifiers.dhcp_rpc_agent_api [None req-d13ae1d2-34dc-4a5b-9b7a-b2a7b7fc36ed 5af4d8153f78468fab62759554c78630 a3ad3e858eb04234a54a62e3101c8323 - - default default] Unable to schedule network 3087bc09-491a-48ee-91f5-70e411be000c: no agents available; will retry on subsequent port and subnet creation events.
2026-05-29 07:03:31.986 9 WARNING neutron.scheduler.dhcp_agent_scheduler [None req-c3af22a4-315c-4f93-82f4-e1acdf4cba91 5af4d8153f78468fab62759554c78630 a3ad3e858eb04234a54a62e3101c8323 - - default default] No more DHCP agents
2026-05-29 07:03:31.992 9 WARNING neutron.api.rpc.agentnotifiers.dhcp_rpc_agent_api [None req-c3af22a4-315c-4f93-82f4-e1acdf4cba91 5af4d8153f78468fab62759554c78630 a3ad3e858eb04234a54a62e3101c8323 - - default default] Unable to schedule network f22db3ea-a758-4158-af7a-10f05dbe8732: no agents available; will retry on subsequent port and subnet creation events.
2026-05-29 07:03:32.017 10 INFO neutron.db.ovn_revision_numbers_db [None req-d13ae1d2-34dc-4a5b-9b7a-b2a7b7fc36ed 5af4d8153f78468fab62759554c78630 a3ad3e858eb04234a54a62e3101c8323 - - default default] Successfully bumped revision number for resource 0e535f5a-1143-4a1d-bda4-7d82ffc1dbeb (type: ports) to 1
2026-05-29 07:03:32.054 10 INFO neutron.wsgi [None req-d13ae1d2-34dc-4a5b-9b7a-b2a7b7fc36ed 5af4d8153f78468fab62759554c78630 a3ad3e858eb04234a54a62e3101c8323 - - default default] 10.0.0.97 "POST /v2.0/networks HTTP/1.1" status: 201 len: 943 time: 1.1973250
2026-05-29 07:03:32.111 9 INFO neutron.db.ovn_revision_numbers_db [None req-c3af22a4-315c-4f93-82f4-e1acdf4cba91 5af4d8153f78468fab62759554c78630 a3ad3e858eb04234a54a62e3101c8323 - - default default] Successfully bumped revision number for resource 13d48201-2382-4203-ba9c-e812d726179e (type: ports) to 1
2026-05-29 07:03:32.142 9 INFO neutron.wsgi [None req-c3af22a4-315c-4f93-82f4-e1acdf4cba91 5af4d8153f78468fab62759554c78630 a3ad3e858eb04234a54a62e3101c8323 - - default default] 10.0.0.97 "POST /v2.0/networks HTTP/1.1" status: 201 len: 941 time: 1.0651126 /var/lib/openstack/lib/python3.10/site-packages/pycadf/identifier.py:71: UserWarning: Invalid uuid: neutron. To ensure interoperability, identifiers should be a valid uuid. warnings.warn(('Invalid uuid: %s. To ensure interoperability, '
2026-05-29 07:03:32.270 10 WARNING neutron.scheduler.dhcp_agent_scheduler [None req-1060277a-c428-400f-abd5-88742eaafe56 5af4d8153f78468fab62759554c78630 a3ad3e858eb04234a54a62e3101c8323 - - default default] No more DHCP agents
2026-05-29 07:03:32.274 10 WARNING neutron.api.rpc.agentnotifiers.dhcp_rpc_agent_api [None req-1060277a-c428-400f-abd5-88742eaafe56 5af4d8153f78468fab62759554c78630 a3ad3e858eb04234a54a62e3101c8323 - - default default] Unable to schedule network 3087bc09-491a-48ee-91f5-70e411be000c: no agents available; will retry on subsequent port and subnet creation events.
2026-05-29 07:03:32.391 9 WARNING neutron.scheduler.dhcp_agent_scheduler [None req-d3926c2e-227f-4398-b2af-098bc36f93fd 5af4d8153f78468fab62759554c78630 a3ad3e858eb04234a54a62e3101c8323 - - default default] No more DHCP agents
2026-05-29 07:03:32.394 9 WARNING neutron.api.rpc.agentnotifiers.dhcp_rpc_agent_api [None req-d3926c2e-227f-4398-b2af-098bc36f93fd 5af4d8153f78468fab62759554c78630 a3ad3e858eb04234a54a62e3101c8323 - - default default] Unable to schedule network f22db3ea-a758-4158-af7a-10f05dbe8732: no agents available; will retry on subsequent port and subnet creation events.
2026-05-29 07:03:32.634 9 INFO neutron.wsgi [None req-c66b2a94-5c45-4f40-a45a-73ff363911f7 edc6e587d6844709820790d89afddde5 1165856ca8fc44c983d4b7f951a25c9a - - default default] 10.0.0.97 "DELETE /v2.0/routers/0974c1b8-8e68-4fdb-bbdc-f7c31a11eb49 HTTP/1.1" status: 204 len: 168 time: 1.2187166
2026-05-29 07:03:32.678 9 INFO neutron.wsgi [None req-ae4eb95f-7fae-4d5f-a3b8-a37bcecde763 edc6e587d6844709820790d89afddde5 1165856ca8fc44c983d4b7f951a25c9a - - default default] 10.0.0.97 "GET /v2.0/ports?device_id=0974c1b8-8e68-4fdb-bbdc-f7c31a11eb49 HTTP/1.1" status: 200 len: 205 time: 0.0340316
2026-05-29 07:03:32.711 9 INFO neutron.api.v2.resource [None req-449e1507-1d90-43df-af9e-99ff13b3a477 edc6e587d6844709820790d89afddde5 1165856ca8fc44c983d4b7f951a25c9a - - default default] delete failed (client error): The resource could not be found.
2026-05-29 07:03:32.713 9 INFO neutron.wsgi [None req-449e1507-1d90-43df-af9e-99ff13b3a477 edc6e587d6844709820790d89afddde5 1165856ca8fc44c983d4b7f951a25c9a - - default default] 10.0.0.97 "DELETE /v2.0/routers/0974c1b8-8e68-4fdb-bbdc-f7c31a11eb49 HTTP/1.1" status: 404 len: 336 time: 0.0289736
2026-05-29 07:03:32.750 9 INFO neutron.wsgi [None req-322e75c7-bd25-4a1b-b615-949a0a818e4b edc6e587d6844709820790d89afddde5 1165856ca8fc44c983d4b7f951a25c9a - - default default] 10.0.0.97 "GET /v2.0/ports?device_id=b6743398-17de-4317-a043-13f28751f8cd HTTP/1.1" status: 200 len: 205 time: 0.0316978
2026-05-29 07:03:32.784 9 INFO neutron.api.v2.resource [None req-51ed0d46-f995-4b22-a74a-24ab2d0455b5 edc6e587d6844709820790d89afddde5 1165856ca8fc44c983d4b7f951a25c9a - - default default] delete failed (client error): The resource could not be found.
2026-05-29 07:03:32.785 9 INFO neutron.wsgi [None req-51ed0d46-f995-4b22-a74a-24ab2d0455b5 edc6e587d6844709820790d89afddde5 1165856ca8fc44c983d4b7f951a25c9a - - default default] 10.0.0.97 "DELETE /v2.0/routers/b6743398-17de-4317-a043-13f28751f8cd HTTP/1.1" status: 404 len: 336 time: 0.0296741
2026-05-29 07:03:32.809 9 INFO neutron.pecan_wsgi.hooks.translation [None req-edb0b09a-f3db-4f4d-96e0-41662b5f65b2 edc6e587d6844709820790d89afddde5 1165856ca8fc44c983d4b7f951a25c9a - - default default] DELETE failed (client error): The resource could not be found.
2026-05-29 07:03:32.811 9 INFO neutron.wsgi [None req-edb0b09a-f3db-4f4d-96e0-41662b5f65b2 edc6e587d6844709820790d89afddde5 1165856ca8fc44c983d4b7f951a25c9a - - default default] 10.0.0.97 "DELETE /v2.0/subnets/5b1ff676-72e8-4d6c-a4c8-12d5cd1dfbe6 HTTP/1.1" status: 404 len: 337 time: 0.0210917
2026-05-29 07:03:32.842 9 INFO neutron.wsgi [None req-42b12c60-a158-4c7e-9c5c-1c10e3f96255 edc6e587d6844709820790d89afddde5 1165856ca8fc44c983d4b7f951a25c9a - - default default] 10.0.0.97 "GET /v2.0/ports?device_id=6d4a17f1-8699-44de-a053-30942f7aea9f HTTP/1.1" status: 200 len: 205 time: 0.0256093
2026-05-29 07:03:32.876 9 INFO neutron.api.v2.resource [None req-c2baf2cc-12b0-449d-8e73-82f463695dfe edc6e587d6844709820790d89afddde5 1165856ca8fc44c983d4b7f951a25c9a - - default default] delete failed (client error): The resource could not be found.
2026-05-29 07:03:32.878 9 INFO neutron.wsgi [None req-c2baf2cc-12b0-449d-8e73-82f463695dfe edc6e587d6844709820790d89afddde5 1165856ca8fc44c983d4b7f951a25c9a - - default default] 10.0.0.97 "DELETE /v2.0/routers/6d4a17f1-8699-44de-a053-30942f7aea9f HTTP/1.1" status: 404 len: 336 time: 0.0316508
2026-05-29 07:03:32.903 9 INFO neutron.pecan_wsgi.hooks.translation [None req-e9c4ed85-d265-43f8-84ce-65d813511b3c edc6e587d6844709820790d89afddde5 1165856ca8fc44c983d4b7f951a25c9a - - default default] DELETE failed (client error): The resource could not be found.
2026-05-29 07:03:32.905 9 INFO neutron.wsgi [None req-e9c4ed85-d265-43f8-84ce-65d813511b3c edc6e587d6844709820790d89afddde5 1165856ca8fc44c983d4b7f951a25c9a - - default default] 10.0.0.97 "DELETE /v2.0/subnets/aa09556f-8976-4675-bb9a-fc06d5917dbd HTTP/1.1" status: 404 len: 337 time: 0.0189297
2026-05-29 07:03:32.939 10 INFO neutron.wsgi [None req-2c4fca70-4198-4f34-bf5d-f1111c38cf80 edc6e587d6844709820790d89afddde5 1165856ca8fc44c983d4b7f951a25c9a - - default default] 10.0.0.97 "GET /v2.0/ports?device_id=0430e018-d6dd-4b25-9393-6d0d3b43d049 HTTP/1.1" status: 200 len: 205 time: 0.0284653
2026-05-29 07:03:32.978 9 INFO neutron.api.v2.resource [None req-ddf8bae0-6a52-4388-807d-e94383540353 edc6e587d6844709820790d89afddde5 1165856ca8fc44c983d4b7f951a25c9a - - default default] delete failed (client error): The resource could not be found.
2026-05-29 07:03:32.980 9 INFO neutron.wsgi [None req-ddf8bae0-6a52-4388-807d-e94383540353 edc6e587d6844709820790d89afddde5 1165856ca8fc44c983d4b7f951a25c9a - - default default] 10.0.0.97 "DELETE /v2.0/routers/0430e018-d6dd-4b25-9393-6d0d3b43d049 HTTP/1.1" status: 404 len: 336 time: 0.0360832
2026-05-29 07:03:33.005 9 INFO neutron.pecan_wsgi.hooks.translation [None req-581e6c29-5407-4ca3-9cd7-8b3a54ef9da9 edc6e587d6844709820790d89afddde5 1165856ca8fc44c983d4b7f951a25c9a - - default default] DELETE failed (client error): The resource could not be found.
2026-05-29 07:03:33.007 9 INFO neutron.wsgi [None req-581e6c29-5407-4ca3-9cd7-8b3a54ef9da9 edc6e587d6844709820790d89afddde5 1165856ca8fc44c983d4b7f951a25c9a - - default default] 10.0.0.97 "DELETE /v2.0/subnets/b80aa80d-1502-4571-9316-f38e95580200 HTTP/1.1" status: 404 len: 337 time: 0.0220387
2026-05-29 07:03:33.031 9 INFO neutron.pecan_wsgi.hooks.translation [None req-c435a5e1-407d-4bc5-bad0-a5b10a04cd00 edc6e587d6844709820790d89afddde5 1165856ca8fc44c983d4b7f951a25c9a - - default default] DELETE failed (client error): The resource could not be found.
2026-05-29 07:03:33.033 9 INFO neutron.wsgi [None req-c435a5e1-407d-4bc5-bad0-a5b10a04cd00 edc6e587d6844709820790d89afddde5 1165856ca8fc44c983d4b7f951a25c9a - - default default] 10.0.0.97 "DELETE /v2.0/subnets/0bd59b94-cdff-4214-8e67-e56273e72448 HTTP/1.1" status: 404 len: 337 time: 0.0173643
2026-05-29 07:03:33.194 9 INFO neutron.db.ovn_revision_numbers_db [None req-d3926c2e-227f-4398-b2af-098bc36f93fd 5af4d8153f78468fab62759554c78630 a3ad3e858eb04234a54a62e3101c8323 - - default default] Successfully bumped revision number for resource 13d48201-2382-4203-ba9c-e812d726179e (type: ports) to 2
2026-05-29 07:03:33.224 10 INFO neutron.wsgi [None req-97cd3af8-8c39-4f4d-ae66-1e05b14e05bd 5af4d8153f78468fab62759554c78630 a3ad3e858eb04234a54a62e3101c8323 - - default default] 10.0.0.97 "PUT /v2.0/routers/aec8fd3d-fe26-4c60-92a1-cb1b745adafb/remove_router_interface HTTP/1.1" status: 200 len: 503 time: 1.8523710
2026-05-29 07:03:33.252 9 INFO neutron.db.ovn_revision_numbers_db [None req-d3926c2e-227f-4398-b2af-098bc36f93fd 5af4d8153f78468fab62759554c78630 a3ad3e858eb04234a54a62e3101c8323 - - default default] Successfully bumped revision number for resource 27543cc6-f326-4b96-bd2d-e957a5bb8c2b (type: subnets) to 0
2026-05-29 07:03:33.285 9 INFO neutron.wsgi [None req-d3926c2e-227f-4398-b2af-098bc36f93fd 5af4d8153f78468fab62759554c78630 a3ad3e858eb04234a54a62e3101c8323 - - default default] 10.0.0.97 "POST /v2.0/subnets HTTP/1.1" status: 201 len: 861 time: 1.1361275 /var/lib/openstack/lib/python3.10/site-packages/pycadf/identifier.py:71: UserWarning: Invalid uuid: neutron. To ensure interoperability, identifiers should be a valid uuid. warnings.warn(('Invalid uuid: %s. To ensure interoperability, '
2026-05-29 07:03:33.489 10 INFO neutron.db.ovn_revision_numbers_db [None req-1060277a-c428-400f-abd5-88742eaafe56 5af4d8153f78468fab62759554c78630 a3ad3e858eb04234a54a62e3101c8323 - - default default] Successfully bumped revision number for resource 0e535f5a-1143-4a1d-bda4-7d82ffc1dbeb (type: ports) to 2
2026-05-29 07:03:33.555 10 INFO neutron.db.ovn_revision_numbers_db [None req-1060277a-c428-400f-abd5-88742eaafe56 5af4d8153f78468fab62759554c78630 a3ad3e858eb04234a54a62e3101c8323 - - default default] Successfully bumped revision number for resource d99a4231-6161-43ad-b46b-83a1656f77a0 (type: subnets) to 0
2026-05-29 07:03:33.599 10 INFO neutron.wsgi [None req-1060277a-c428-400f-abd5-88742eaafe56 5af4d8153f78468fab62759554c78630 a3ad3e858eb04234a54a62e3101c8323 - - default default] 10.0.0.97 "POST /v2.0/subnets HTTP/1.1" status: 201 len: 865 time: 1.5383832
2026-05-29 07:03:33.713 10 INFO neutron.wsgi [None req-c76b527c-47b5-4dc1-a019-20563447f93b 5af4d8153f78468fab62759554c78630 a3ad3e858eb04234a54a62e3101c8323 - - default default] 10.0.0.97 "GET /v2.0/security-groups?tenant_id=1165856ca8fc44c983d4b7f951a25c9a&name=default HTTP/1.1" status: 200 len: 2996 time: 0.1963322
2026-05-29 07:03:34.043 10 WARNING neutron.scheduler.dhcp_agent_scheduler [None req-e80c8c8b-ebc2-44fc-9763-34d21cac8656 5af4d8153f78468fab62759554c78630 a3ad3e858eb04234a54a62e3101c8323 - - default default] No more DHCP agents
2026-05-29 07:03:34.048 10 WARNING neutron.api.rpc.agentnotifiers.dhcp_rpc_agent_api [None req-e80c8c8b-ebc2-44fc-9763-34d21cac8656 5af4d8153f78468fab62759554c78630 a3ad3e858eb04234a54a62e3101c8323 - - default default] Unable to schedule network e98ca2f6-9d03-45b7-a913-0503db65e33d: no agents available; will retry on subsequent port and subnet creation events.
2026-05-29 07:03:34.244 10 INFO neutron.wsgi [None req-90ef507b-347c-4a0a-9dd6-ffe7d75bf2e7 5af4d8153f78468fab62759554c78630 a3ad3e858eb04234a54a62e3101c8323 - - default default] 10.0.0.97 "DELETE /v2.0/security-groups/472f1484-e7d1-47be-80b7-df4541ff2804 HTTP/1.1" status: 204 len: 168 time: 0.5241413
2026-05-29 07:03:34.323 10 INFO neutron.db.ovn_revision_numbers_db [None req-e80c8c8b-ebc2-44fc-9763-34d21cac8656 5af4d8153f78468fab62759554c78630 a3ad3e858eb04234a54a62e3101c8323 - - default default] Successfully bumped revision number for resource 6693ea82-492f-4638-bea1-22f8f41a4095 (type: ports) to 1
2026-05-29 07:03:34.329 10 WARNING neutron.scheduler.dhcp_agent_scheduler [None req-c3bb7151-b40b-485d-bffa-63170c3ff290 5af4d8153f78468fab62759554c78630 a3ad3e858eb04234a54a62e3101c8323 - - default default] No more DHCP agents
2026-05-29 07:03:34.334 10 WARNING neutron.api.rpc.agentnotifiers.dhcp_rpc_agent_api [None req-c3bb7151-b40b-485d-bffa-63170c3ff290 5af4d8153f78468fab62759554c78630 a3ad3e858eb04234a54a62e3101c8323 - - default default] Unable to schedule network e98ca2f6-9d03-45b7-a913-0503db65e33d: no agents available; will retry on subsequent port and subnet creation events.
2026-05-29 07:03:34.699 9 INFO neutron.wsgi [None req-d53770ea-5b55-46a4-8b32-a9379bd2b0b8 5af4d8153f78468fab62759554c78630 a3ad3e858eb04234a54a62e3101c8323 - - default default] 10.0.0.97 "DELETE /v2.0/routers/aec8fd3d-fe26-4c60-92a1-cb1b745adafb HTTP/1.1" status: 204 len: 168 time: 1.4690561
2026-05-29 07:03:34.835 10 INFO neutron.db.ovn_revision_numbers_db [None req-c3bb7151-b40b-485d-bffa-63170c3ff290 5af4d8153f78468fab62759554c78630 a3ad3e858eb04234a54a62e3101c8323 - - default default] Successfully bumped revision number for resource 8ee551e1-bf50-43a6-99bb-3bde55aea8d0 (type: ports) to 1
2026-05-29 07:03:34.960 9 INFO neutron.wsgi [None req-21f9b59c-8dee-4928-a5c0-32b82147275e 5af4d8153f78468fab62759554c78630 a3ad3e858eb04234a54a62e3101c8323 - - default default] 10.0.0.97 "DELETE /v2.0/subnets/ba41ca3f-c0cf-4882-9f61-a59ca20f29d1 HTTP/1.1" status: 204 len: 168 time: 0.2540815
2026-05-29 07:03:35.362 9 INFO neutron.services.segments.plugin [-] Segment e60345d9-e5a4-4544-8ce6-bfc134f96d61 resource provider aggregate not found
2026-05-29 07:03:35.368 9 INFO neutron.services.segments.plugin [-] Segment e60345d9-e5a4-4544-8ce6-bfc134f96d61 resource provider aggregate not found
2026-05-29 07:03:35.374 9 INFO neutron.plugins.ml2.drivers.ovn.mech_driver.ovsdb.ovsdb_monitor [None req-40a0d801-6e71-467e-96ff-d661a8745769 - - - - - -] Router b546b994-d0c7-445d-949a-833b16deca56 is bound to host instance
2026-05-29 07:03:35.376 10 INFO neutron.db.ovn_revision_numbers_db [None req-e80c8c8b-ebc2-44fc-9763-34d21cac8656 5af4d8153f78468fab62759554c78630 a3ad3e858eb04234a54a62e3101c8323 - - default default] Successfully bumped revision number for resource 6693ea82-492f-4638-bea1-22f8f41a4095 (type: router_ports) to 1
2026-05-29 07:03:35.397 9 INFO neutron.services.segments.plugin [-] Segment e60345d9-e5a4-4544-8ce6-bfc134f96d61 resource provider not found; error: Placement Client Error (4xx): {"errors": [{"status": 404, "title": "Not Found", "detail": "The resource could not be found.\n\n No resource provider with uuid e60345d9-e5a4-4544-8ce6-bfc134f96d61 found for delete ", "request_id": "req-7e70d812-0b31-461f-a83b-6c2226bfe20c"}]}
2026-05-29 07:03:35.401 9 INFO neutron.services.segments.plugin [-] Segment e60345d9-e5a4-4544-8ce6-bfc134f96d61 resource provider not found; error: Placement Client Error (4xx): {"errors": [{"status": 404, "title": "Not Found", "detail": "The resource could not be found.\n\n No resource provider with uuid e60345d9-e5a4-4544-8ce6-bfc134f96d61 found for delete ", "request_id": "req-1a889a40-9bb9-44f5-9631-45eb2bb49f65"}]}
2026-05-29 07:03:35.425 9 INFO neutron.wsgi [None req-dcaced62-b399-4851-93ed-a5766a2bbb1d 5af4d8153f78468fab62759554c78630 a3ad3e858eb04234a54a62e3101c8323 - - default default] 10.0.0.97 "DELETE /v2.0/networks/0dbdc397-b3e6-4a57-88b7-a79d533dc0b0 HTTP/1.1" status: 204 len: 168 time: 0.4568903
2026-05-29 07:03:35.618 9 INFO neutron.wsgi [None req-d896f97b-4872-4540-8953-3bd9439234af 5af4d8153f78468fab62759554c78630 a3ad3e858eb04234a54a62e3101c8323 - - default default] 10.0.0.97 "GET /v2.0/security-groups?tenant_id=a747d239f4c64bdcb621ae3f4103beec&name=default HTTP/1.1" status: 200 len: 2996 time: 0.0594292
2026-05-29 07:03:35.761 10 WARNING neutron.plugins.ml2.drivers.ovn.mech_driver.ovsdb.ovn_client [None req-2a3f324f-f047-4764-922a-a06fd19eac68 - - - - - -] No port found with ID 1761bcc0-5072-446b-882f-f499f5caf026: RuntimeError: No port found with ID 1761bcc0-5072-446b-882f-f499f5caf026
2026-05-29 07:03:35.761 10 INFO neutron.plugins.ml2.drivers.ovn.mech_driver.mech_driver [None req-2a3f324f-f047-4764-922a-a06fd19eac68 - - - - - -] OVN reports status up for port: 6693ea82-492f-4638-bea1-22f8f41a4095
2026-05-29 07:03:35.782 10 INFO neutron.plugins.ml2.plugin [None req-2a3f324f-f047-4764-922a-a06fd19eac68 - - - - - -] Attempt 1 to provision port 6693ea82-492f-4638-bea1-22f8f41a4095
2026-05-29 07:03:35.809 10 INFO neutron.db.ovn_revision_numbers_db [None req-e80c8c8b-ebc2-44fc-9763-34d21cac8656 5af4d8153f78468fab62759554c78630 a3ad3e858eb04234a54a62e3101c8323 - - default default] Successfully bumped revision number for resource b546b994-d0c7-445d-949a-833b16deca56 (type: routers) to 2
2026-05-29 07:03:35.840 10 INFO neutron.wsgi [None req-e80c8c8b-ebc2-44fc-9763-34d21cac8656 5af4d8153f78468fab62759554c78630 a3ad3e858eb04234a54a62e3101c8323 - - default default] 10.0.0.97 "POST /v2.0/routers HTTP/1.1" status: 201 len: 872 time: 2.5456195
2026-05-29 07:03:35.936 10 INFO neutron.plugins.ml2.drivers.ovn.mech_driver.mech_driver [None req-2a3f324f-f047-4764-922a-a06fd19eac68 - - - - - -] OVN reports status up for port: 8ee551e1-bf50-43a6-99bb-3bde55aea8d0
2026-05-29 07:03:35.955 10 INFO neutron.plugins.ml2.drivers.ovn.mech_driver.ovsdb.ovsdb_monitor [None req-6af862b9-69b8-43cf-900f-a4544201b511 - - - - - -] Router bb9eca5b-5355-4978-977b-e504c2c70941 is bound to host instance
2026-05-29 07:03:35.969 9 INFO neutron.db.ovn_revision_numbers_db [None req-40a0d801-6e71-467e-96ff-d661a8745769 - - - - - -] Successfully bumped revision number for resource 6693ea82-492f-4638-bea1-22f8f41a4095 (type: ports) to 1
2026-05-29 07:03:35.978 10 INFO neutron.plugins.ml2.plugin [None req-2a3f324f-f047-4764-922a-a06fd19eac68 - - - - - -] Attempt 1 to provision port 8ee551e1-bf50-43a6-99bb-3bde55aea8d0
2026-05-29 07:03:36.016 9 INFO neutron.wsgi [None req-bec01455-f922-407f-ac3d-55ece2548a6f 5af4d8153f78468fab62759554c78630 a3ad3e858eb04234a54a62e3101c8323 - - default default] 10.0.0.97 "DELETE /v2.0/security-groups/a83a6ff8-0bdf-448c-b9bf-1f1be5d8a842 HTTP/1.1" status: 204 len: 168 time: 0.3922575
2026-05-29 07:03:36.020 10 INFO neutron.db.ovn_revision_numbers_db [None req-c3bb7151-b40b-485d-bffa-63170c3ff290 5af4d8153f78468fab62759554c78630 a3ad3e858eb04234a54a62e3101c8323 - - default default] Successfully bumped revision number for resource 8ee551e1-bf50-43a6-99bb-3bde55aea8d0 (type: router_ports) to 1
2026-05-29 07:03:36.193 10 INFO neutron.db.ovn_revision_numbers_db [None req-c3bb7151-b40b-485d-bffa-63170c3ff290 5af4d8153f78468fab62759554c78630 a3ad3e858eb04234a54a62e3101c8323 - - default default] Successfully bumped revision number for resource bb9eca5b-5355-4978-977b-e504c2c70941 (type: routers) to 2
2026-05-29 07:03:36.213 9 INFO neutron.db.ovn_revision_numbers_db [None req-40a0d801-6e71-467e-96ff-d661a8745769 - - - - - -] Successfully bumped revision number for resource 6693ea82-492f-4638-bea1-22f8f41a4095 (type: router_ports) to 3
