2026-05-29 07:02:19.439 9 INFO neutron.wsgi [req-28ac0825-fc06-40ff-9aca-065f4507fb6e req-2203ed71-1441-4934-bfea-5824143fe867 796ea1003a9449009c7f681d71d77172 ab4f2a5fa69e445b8e73aede10a07a40 - - default default] 10.0.0.151 "GET /v2.0/security-groups/4404af6e-bb10-461f-ae34-f77c47d78593 HTTP/1.1" status: 200 len: 1822 time: 0.0344834
2026-05-29 07:02:19.458 9 WARNING neutron_lib.context [req-28ac0825-fc06-40ff-9aca-065f4507fb6e req-23345df1-1579-4bff-af2c-36d849c90db1 796ea1003a9449009c7f681d71d77172 ab4f2a5fa69e445b8e73aede10a07a40 - - default default] Method 'is_advsvc' is deprecated since 2023.2 release (neutron-lib 3.8.0) and will be removed once support for the old RBAC API policies will be removed from Neutron. Please use method 'is_service_role' instead.
2026-05-29 07:02:19.533 10 INFO neutron.db.ovn_revision_numbers_db [None req-2a0523da-cc1e-45ae-8edd-da311adf8b4c 972eb1af6ae545a490803f41cabe7ac8 d50dc02f5d2d40b8858e18ab5edf730f - - default default] Successfully bumped revision number for resource a872640b-ce37-438b-bca5-c96d63408cba (type: security_group_rules) to 0
2026-05-29 07:02:19.539 9 INFO neutron.db.ovn_revision_numbers_db [None req-40a0d801-6e71-467e-96ff-d661a8745769 - - - - - -] Successfully bumped revision number for resource b3c505bb-7e8a-4707-b2f2-7f03aaeb5146 (type: ports) to 4
2026-05-29 07:02:19.654 9 INFO neutron.db.ovn_revision_numbers_db [req-28ac0825-fc06-40ff-9aca-065f4507fb6e req-23345df1-1579-4bff-af2c-36d849c90db1 796ea1003a9449009c7f681d71d77172 ab4f2a5fa69e445b8e73aede10a07a40 - - default default] Successfully bumped revision number for resource 0b63e600-cc3f-413b-912a-c652692d0dec (type: security_group_rules) to 0
2026-05-29 07:02:19.699 9 INFO neutron.wsgi [req-28ac0825-fc06-40ff-9aca-065f4507fb6e req-23345df1-1579-4bff-af2c-36d849c90db1 796ea1003a9449009c7f681d71d77172 ab4f2a5fa69e445b8e73aede10a07a40 - - default default] 10.0.0.151 "POST /v2.0/security-group-rules HTTP/1.1" status: 201 len: 786 time: 0.2504706
2026-05-29 07:02:19.756 10 INFO neutron.wsgi [None req-2a0523da-cc1e-45ae-8edd-da311adf8b4c 972eb1af6ae545a490803f41cabe7ac8 d50dc02f5d2d40b8858e18ab5edf730f - - default default] 10.0.0.97 "POST /v2.0/security-group-rules HTTP/1.1" status: 201 len: 769 time: 0.4215231
2026-05-29 07:02:19.760 10 INFO neutron.plugins.ml2.drivers.ovn.mech_driver.mech_driver [None req-2a3f324f-f047-4764-922a-a06fd19eac68 - - - - - -] OVN reports status up for port: ea6d4510-40b4-447e-8c77-1efa265351f5
2026-05-29 07:02:19.771 10 INFO neutron.plugins.ml2.plugin [None req-2a3f324f-f047-4764-922a-a06fd19eac68 - - - - - -] Attempt 1 to provision port ea6d4510-40b4-447e-8c77-1efa265351f5
2026-05-29 07:02:19.771 9 WARNING neutron_lib.context [None req-6dd64e25-9a81-4984-857c-ecec117b0924 972eb1af6ae545a490803f41cabe7ac8 d50dc02f5d2d40b8858e18ab5edf730f - - default default] Method 'is_advsvc' is deprecated since 2023.2 release (neutron-lib 3.8.0) and will be removed once support for the old RBAC API policies will be removed from Neutron. Please use method 'is_service_role' instead.
2026-05-29 07:02:19.792 9 INFO neutron.wsgi [req-7bc7eca6-0816-4247-8d93-8c4562646bcd req-5b206e84-8d49-476e-be44-b71f6375951f 796ea1003a9449009c7f681d71d77172 ab4f2a5fa69e445b8e73aede10a07a40 - - default default] 10.0.0.151 "GET /v2.0/security-groups/4404af6e-bb10-461f-ae34-f77c47d78593 HTTP/1.1" status: 200 len: 2415 time: 0.0613728
2026-05-29 07:02:19.803 9 INFO neutron.db.ovn_revision_numbers_db [None req-40a0d801-6e71-467e-96ff-d661a8745769 - - - - - -] Successfully bumped revision number for resource b3c505bb-7e8a-4707-b2f2-7f03aaeb5146 (type: router_ports) to 4
2026-05-29 07:02:19.816 9 WARNING neutron_lib.context [req-7bc7eca6-0816-4247-8d93-8c4562646bcd req-59ed9ad1-28fa-46eb-9622-b13fd782aa5c 796ea1003a9449009c7f681d71d77172 ab4f2a5fa69e445b8e73aede10a07a40 - - default default] Method 'is_advsvc' is deprecated since 2023.2 release (neutron-lib 3.8.0) and will be removed once support for the old RBAC API policies will be removed from Neutron. Please use method 'is_service_role' instead.
2026-05-29 07:02:20.008 9 INFO neutron.plugins.ml2.drivers.ovn.mech_driver.mech_driver [None req-7c75fedf-3653-429d-b6a0-42a37f17b186 - - - - - -] OVN reports status up for port: 5b1c4311-b8f3-44b3-9a57-9dfa365f6c39
2026-05-29 07:02:20.018 10 INFO neutron.db.ovn_revision_numbers_db [None req-9418431c-dd2f-4309-b368-55d61f0ed401 5af4d8153f78468fab62759554c78630 a3ad3e858eb04234a54a62e3101c8323 - - default default] Successfully bumped revision number for resource 5b1c4311-b8f3-44b3-9a57-9dfa365f6c39 (type: router_ports) to 1
2026-05-29 07:02:20.034 9 INFO neutron.plugins.ml2.plugin [None req-7c75fedf-3653-429d-b6a0-42a37f17b186 - - - - - -] Attempt 1 to provision port 5b1c4311-b8f3-44b3-9a57-9dfa365f6c39
2026-05-29 07:02:20.186 9 INFO neutron.db.ovn_revision_numbers_db [req-7bc7eca6-0816-4247-8d93-8c4562646bcd req-59ed9ad1-28fa-46eb-9622-b13fd782aa5c 796ea1003a9449009c7f681d71d77172 ab4f2a5fa69e445b8e73aede10a07a40 - - default default] Successfully bumped revision number for resource 680c6b80-1f78-490e-b870-4d1f2d081416 (type: security_group_rules) to 0
2026-05-29 07:02:20.217 10 INFO neutron.db.ovn_revision_numbers_db [None req-2a3f324f-f047-4764-922a-a06fd19eac68 - - - - - -] Successfully bumped revision number for resource ea6d4510-40b4-447e-8c77-1efa265351f5 (type: ports) to 2
2026-05-29 07:02:20.229 10 INFO neutron.db.ovn_revision_numbers_db [None req-9418431c-dd2f-4309-b368-55d61f0ed401 5af4d8153f78468fab62759554c78630 a3ad3e858eb04234a54a62e3101c8323 - - default default] Successfully bumped revision number for resource 5b1c4311-b8f3-44b3-9a57-9dfa365f6c39 (type: ports) to 1
2026-05-29 07:02:20.232 9 INFO neutron.wsgi [req-7bc7eca6-0816-4247-8d93-8c4562646bcd req-59ed9ad1-28fa-46eb-9622-b13fd782aa5c 796ea1003a9449009c7f681d71d77172 ab4f2a5fa69e445b8e73aede10a07a40 - - default default] 10.0.0.151 "POST /v2.0/security-group-rules HTTP/1.1" status: 201 len: 791 time: 0.4304211
2026-05-29 07:02:20.324 9 INFO neutron.wsgi [req-cb3d9590-155e-4a29-b327-e514231ab03e req-1a09c99c-30cc-42ec-838f-851055d30d2e 796ea1003a9449009c7f681d71d77172 ab4f2a5fa69e445b8e73aede10a07a40 - - default default] 10.0.0.151 "GET /v2.0/security-groups/4404af6e-bb10-461f-ae34-f77c47d78593 HTTP/1.1" status: 200 len: 3013 time: 0.0667837
2026-05-29 07:02:20.328 10 INFO neutron.db.ovn_revision_numbers_db [None req-2a3f324f-f047-4764-922a-a06fd19eac68 - - - - - -] Successfully bumped revision number for resource ea6d4510-40b4-447e-8c77-1efa265351f5 (type: router_ports) to 2
2026-05-29 07:02:20.350 10 WARNING neutron.scheduler.dhcp_agent_scheduler [None req-9418431c-dd2f-4309-b368-55d61f0ed401 5af4d8153f78468fab62759554c78630 a3ad3e858eb04234a54a62e3101c8323 - - default default] No more DHCP agents
2026-05-29 07:02:20.353 10 WARNING neutron.api.rpc.agentnotifiers.dhcp_rpc_agent_api [None req-9418431c-dd2f-4309-b368-55d61f0ed401 5af4d8153f78468fab62759554c78630 a3ad3e858eb04234a54a62e3101c8323 - - default default] Unable to schedule network 102b4829-e123-41ab-bc3d-c9fa24354256: no agents available; will retry on subsequent port and subnet creation events.
2026-05-29 07:02:20.366 9 WARNING neutron.scheduler.dhcp_agent_scheduler [None req-6dd64e25-9a81-4984-857c-ecec117b0924 972eb1af6ae545a490803f41cabe7ac8 d50dc02f5d2d40b8858e18ab5edf730f - - default default] No more DHCP agents
2026-05-29 07:02:20.369 9 WARNING neutron.api.rpc.agentnotifiers.dhcp_rpc_agent_api [None req-6dd64e25-9a81-4984-857c-ecec117b0924 972eb1af6ae545a490803f41cabe7ac8 d50dc02f5d2d40b8858e18ab5edf730f - - default default] Unable to schedule network e98ca2f6-9d03-45b7-a913-0503db65e33d: no agents available; will retry on subsequent port and subnet creation events.
2026-05-29 07:02:20.390 9 INFO neutron.wsgi [req-0f10f175-a071-4eb7-a81f-e92c36c4c5eb req-687f2245-99c0-46f8-845d-9c25a2e4ac86 796ea1003a9449009c7f681d71d77172 ab4f2a5fa69e445b8e73aede10a07a40 - - default default] 10.0.0.151 "GET /v2.0/security-group-rules/680c6b80-1f78-490e-b870-4d1f2d081416 HTTP/1.1" status: 200 len: 783 time: 0.0365434
2026-05-29 07:02:20.483 9 INFO neutron.wsgi [req-0f10f175-a071-4eb7-a81f-e92c36c4c5eb req-65d9732e-487e-4ee3-b846-941e95c1f411 796ea1003a9449009c7f681d71d77172 ab4f2a5fa69e445b8e73aede10a07a40 - - default default] 10.0.0.151 "GET /v2.0/security-groups/4404af6e-bb10-461f-ae34-f77c47d78593 HTTP/1.1" status: 200 len: 3013 time: 0.0779877
2026-05-29 07:02:20.523 9 INFO neutron.db.ovn_revision_numbers_db [None req-7c75fedf-3653-429d-b6a0-42a37f17b186 - - - - - -] Successfully bumped revision number for resource 5b1c4311-b8f3-44b3-9a57-9dfa365f6c39 (type: ports) to 2
2026-05-29 07:02:20.657 9 INFO neutron.db.ovn_revision_numbers_db [None req-7c75fedf-3653-429d-b6a0-42a37f17b186 - - - - - -] Successfully bumped revision number for resource 5b1c4311-b8f3-44b3-9a57-9dfa365f6c39 (type: router_ports) to 2
2026-05-29 07:02:20.734 9 INFO neutron.wsgi [req-0f10f175-a071-4eb7-a81f-e92c36c4c5eb req-ce1d89e4-93d5-40a7-be59-f746e6242d77 796ea1003a9449009c7f681d71d77172 ab4f2a5fa69e445b8e73aede10a07a40 - - default default] 10.0.0.151 "DELETE /v2.0/security-group-rules/680c6b80-1f78-490e-b870-4d1f2d081416 HTTP/1.1" status: 204 len: 173 time: 0.2422819
2026-05-29 07:02:20.832 9 INFO neutron.wsgi [req-b17543ba-dbce-45c2-b055-67af18f340ae req-6c68fe6b-4a63-4cc0-a98a-a7aed900f99b 796ea1003a9449009c7f681d71d77172 ab4f2a5fa69e445b8e73aede10a07a40 - - default default] 10.0.0.151 "GET /v2.0/security-groups/4404af6e-bb10-461f-ae34-f77c47d78593 HTTP/1.1" status: 200 len: 2415 time: 0.0597551
2026-05-29 07:02:20.834 9 INFO neutron.db.ovn_revision_numbers_db [None req-6dd64e25-9a81-4984-857c-ecec117b0924 972eb1af6ae545a490803f41cabe7ac8 d50dc02f5d2d40b8858e18ab5edf730f - - default default] Successfully bumped revision number for resource 35fe38f8-0081-4ef1-9d21-0be9864854e4 (type: floatingips) to 0
2026-05-29 07:02:20.855 9 INFO neutron.wsgi [None req-6dd64e25-9a81-4984-857c-ecec117b0924 972eb1af6ae545a490803f41cabe7ac8 d50dc02f5d2d40b8858e18ab5edf730f - - default default] 10.0.0.97 "POST /v2.0/floatingips HTTP/1.1" status: 201 len: 751 time: 1.0912020
2026-05-29 07:02:20.996 9 INFO neutron.wsgi [req-b17543ba-dbce-45c2-b055-67af18f340ae req-d6cf08f1-a813-4a0a-bdf4-3bfa002579d4 796ea1003a9449009c7f681d71d77172 ab4f2a5fa69e445b8e73aede10a07a40 - - default default] 10.0.0.151 "DELETE /v2.0/security-groups/4404af6e-bb10-461f-ae34-f77c47d78593 HTTP/1.1" status: 204 len: 173 time: 0.1534810
2026-05-29 07:02:21.073 10 INFO neutron.db.ovn_revision_numbers_db [None req-9418431c-dd2f-4309-b368-55d61f0ed401 5af4d8153f78468fab62759554c78630 a3ad3e858eb04234a54a62e3101c8323 - - default default] Successfully bumped revision number for resource 5b1c4311-b8f3-44b3-9a57-9dfa365f6c39 (type: router_ports) to 2
2026-05-29 07:02:21.076 10 INFO neutron.wsgi [None req-9418431c-dd2f-4309-b368-55d61f0ed401 5af4d8153f78468fab62759554c78630 a3ad3e858eb04234a54a62e3101c8323 - - default default] 10.0.0.97 "PUT /v2.0/routers/c28f7cd7-518f-4e57-b002-72ed59299660/add_router_interface HTTP/1.1" status: 200 len: 503 time: 2.6480672
2026-05-29 07:02:21.087 9 INFO neutron.wsgi [req-fbb284c2-42cd-4d71-8f39-33445adc841d req-11702465-7807-4cf7-9f9a-5803bf54c1f3 796ea1003a9449009c7f681d71d77172 ab4f2a5fa69e445b8e73aede10a07a40 - - default default] 10.0.0.151 "GET /v2.0/security-groups/84e1474e-d361-428e-a82b-3f0ba2b1adb9 HTTP/1.1" status: 200 len: 2414 time: 0.0682707
2026-05-29 07:02:21.230 9 INFO neutron.db.ovn_revision_numbers_db [None req-af912c07-24ae-499e-ace7-296c277bc80a 5af4d8153f78468fab62759554c78630 a3ad3e858eb04234a54a62e3101c8323 - - default default] Successfully bumped revision number for resource b7959475-ac0e-4f0d-af8d-68d6fb5dede6 (type: security_groups) to 1
2026-05-29 07:02:21.245 9 INFO neutron.wsgi [req-fbb284c2-42cd-4d71-8f39-33445adc841d req-8bbb6ba8-2617-4157-bc38-76fe0742d82e 796ea1003a9449009c7f681d71d77172 ab4f2a5fa69e445b8e73aede10a07a40 - - default default] 10.0.0.151 "DELETE /v2.0/security-groups/84e1474e-d361-428e-a82b-3f0ba2b1adb9 HTTP/1.1" status: 204 len: 173 time: 0.1496797
2026-05-29 07:02:21.246 9 INFO neutron.db.ovn_revision_numbers_db [None req-af912c07-24ae-499e-ace7-296c277bc80a 5af4d8153f78468fab62759554c78630 a3ad3e858eb04234a54a62e3101c8323 - - default default] Successfully bumped revision number for resource 26349f96-2be5-46c3-9b31-bbfea7203265 (type: security_group_rules) to 0
2026-05-29 07:02:21.263 9 INFO neutron.db.ovn_revision_numbers_db [None req-af912c07-24ae-499e-ace7-296c277bc80a 5af4d8153f78468fab62759554c78630 a3ad3e858eb04234a54a62e3101c8323 - - default default] Successfully bumped revision number for resource 40d2e9b8-8085-4fba-877d-4b3e037a48a1 (type: security_group_rules) to 0
2026-05-29 07:02:21.277 9 INFO neutron.db.ovn_revision_numbers_db [None req-af912c07-24ae-499e-ace7-296c277bc80a 5af4d8153f78468fab62759554c78630 a3ad3e858eb04234a54a62e3101c8323 - - default default] Successfully bumped revision number for resource 47e3b71a-a421-4eb9-92ea-524c102a9414 (type: security_group_rules) to 0
2026-05-29 07:02:21.290 9 INFO neutron.db.ovn_revision_numbers_db [None req-af912c07-24ae-499e-ace7-296c277bc80a 5af4d8153f78468fab62759554c78630 a3ad3e858eb04234a54a62e3101c8323 - - default default] Successfully bumped revision number for resource 875f5515-92ed-4404-ac67-58e7ef2aaae2 (type: security_group_rules) to 0
2026-05-29 07:02:21.313 9 INFO neutron.wsgi [None req-af912c07-24ae-499e-ace7-296c277bc80a 5af4d8153f78468fab62759554c78630 a3ad3e858eb04234a54a62e3101c8323 - - default default] 10.0.0.97 "GET /v2.0/security-groups?tenant_id=5b88aae1501143af8c40bb8fd235c604&name=default HTTP/1.1" status: 200 len: 2996 time: 0.4860933
2026-05-29 07:02:21.537 9 INFO neutron.wsgi [None req-40517e08-3c83-40fa-abc8-3f7cb967b24f 5af4d8153f78468fab62759554c78630 a3ad3e858eb04234a54a62e3101c8323 - - default default] 10.0.0.97 "DELETE /v2.0/security-groups/b7959475-ac0e-4f0d-af8d-68d6fb5dede6 HTTP/1.1" status: 204 len: 168 time: 0.2176867
2026-05-29 07:02:21.814 9 INFO neutron.db.ovn_revision_numbers_db [None req-bcda1747-e4ac-4921-acce-24862cf654d1 5af4d8153f78468fab62759554c78630 a3ad3e858eb04234a54a62e3101c8323 - - default default] Successfully bumped revision number for resource c3013cab-0eff-41ff-b04a-f12637601678 (type: security_groups) to 1
2026-05-29 07:02:21.829 9 INFO neutron.db.ovn_revision_numbers_db [None req-bcda1747-e4ac-4921-acce-24862cf654d1 5af4d8153f78468fab62759554c78630 a3ad3e858eb04234a54a62e3101c8323 - - default default] Successfully bumped revision number for resource 4ccfcf6f-d8ee-4f9c-8a6e-82750a842493 (type: security_group_rules) to 0
2026-05-29 07:02:21.842 9 INFO neutron.db.ovn_revision_numbers_db [None req-bcda1747-e4ac-4921-acce-24862cf654d1 5af4d8153f78468fab62759554c78630 a3ad3e858eb04234a54a62e3101c8323 - - default default] Successfully bumped revision number for resource 5f7d9344-f53e-43f1-bbe2-0b4d5632d2f2 (type: security_group_rules) to 0
2026-05-29 07:02:21.859 9 INFO neutron.db.ovn_revision_numbers_db [None req-bcda1747-e4ac-4921-acce-24862cf654d1 5af4d8153f78468fab62759554c78630 a3ad3e858eb04234a54a62e3101c8323 - - default default] Successfully bumped revision number for resource 7fef87fb-8590-4620-afba-281629f29199 (type: security_group_rules) to 0
2026-05-29 07:02:21.874 9 INFO neutron.db.ovn_revision_numbers_db [None req-bcda1747-e4ac-4921-acce-24862cf654d1 5af4d8153f78468fab62759554c78630 a3ad3e858eb04234a54a62e3101c8323 - - default default] Successfully bumped revision number for resource d88bf6a6-0880-4574-b57c-ed4dc57d92b8 (type: security_group_rules) to 0
2026-05-29 07:02:21.903 9 INFO neutron.wsgi [None req-bcda1747-e4ac-4921-acce-24862cf654d1 5af4d8153f78468fab62759554c78630 a3ad3e858eb04234a54a62e3101c8323 - - default default] 10.0.0.97 "GET /v2.0/security-groups?tenant_id=cee5a67a588a4d7a835d6d475c701c01&name=default HTTP/1.1" status: 200 len: 2996 time: 0.2092347
2026-05-29 07:02:22.215 9 INFO neutron.wsgi [None req-f5c2d97f-c43b-433a-8fe1-b0604d398ddb 5af4d8153f78468fab62759554c78630 a3ad3e858eb04234a54a62e3101c8323 - - default default] 10.0.0.97 "DELETE /v2.0/security-groups/c3013cab-0eff-41ff-b04a-f12637601678 HTTP/1.1" status: 204 len: 168 time: 0.3061204
2026-05-29 07:02:22.231 9 INFO neutron.wsgi [req-0991b21c-c67d-474d-8182-f50ddae328b9 req-b104c402-108d-42f4-af04-cc01f21461df 594beb76a93c44b9b9f351dd2bf96ada 526f5b3a1c7b4cfab660049d56f4df0c - - default default] 10.0.0.151 "GET /v2.0/networks?id=102b4829-e123-41ab-bc3d-c9fa24354256 HTTP/1.1" status: 200 len: 877 time: 0.1133590
2026-05-29 07:02:22.253 9 INFO neutron.wsgi [req-0991b21c-c67d-474d-8182-f50ddae328b9 req-518f6157-ed84-4f68-8b9e-b07457f5c775 594beb76a93c44b9b9f351dd2bf96ada 526f5b3a1c7b4cfab660049d56f4df0c - - default default] 10.0.0.151 "GET /v2.0/quotas/526f5b3a1c7b4cfab660049d56f4df0c HTTP/1.1" status: 200 len: 386 time: 0.0129178
2026-05-29 07:02:22.655 9 INFO neutron.wsgi [req-0991b21c-c67d-474d-8182-f50ddae328b9 req-d47caf9e-1d37-40ed-b317-9b2821124197 594beb76a93c44b9b9f351dd2bf96ada 526f5b3a1c7b4cfab660049d56f4df0c - - default default] 10.0.0.151 "GET /v2.0/ports?tenant_id=526f5b3a1c7b4cfab660049d56f4df0c&fields=id HTTP/1.1" status: 200 len: 302 time: 0.3947823
2026-05-29 07:02:22.879 10 INFO neutron.wsgi [None req-4f2c7647-fbf4-4f08-903d-17f5b48dba35 5af4d8153f78468fab62759554c78630 a3ad3e858eb04234a54a62e3101c8323 - - default default] 10.0.0.97 "PUT /v2.0/routers/031a0a30-a2bc-40fe-a4bb-98cf3fd740a4/remove_router_interface HTTP/1.1" status: 200 len: 503 time: 1.6236176 /var/lib/openstack/lib/python3.10/site-packages/pycadf/identifier.py:71: UserWarning: Invalid uuid: neutron. To ensure interoperability, identifiers should be a valid uuid. warnings.warn(('Invalid uuid: %s. To ensure interoperability, '
2026-05-29 07:02:23.147 9 INFO neutron.wsgi [req-0991b21c-c67d-474d-8182-f50ddae328b9 req-a10b4fec-066e-4f91-8a37-40686fb114bd 8ccd67e3d6794f418eaf234fb8ea2616 cab9c5b69d5c4ee7a91f227694af28c3 - - cd4e054b602b420090beb20b074e9986 cd4e054b602b420090beb20b074e9986] 10.0.0.151 "GET /v2.0/extensions HTTP/1.1" status: 200 len: 16980 time: 0.0491383
2026-05-29 07:02:23.236 9 INFO neutron.wsgi [req-0991b21c-c67d-474d-8182-f50ddae328b9 req-97901d21-9a88-4b25-a3e6-72466184f0ac 8ccd67e3d6794f418eaf234fb8ea2616 cab9c5b69d5c4ee7a91f227694af28c3 - - cd4e054b602b420090beb20b074e9986 cd4e054b602b420090beb20b074e9986] 10.0.0.151 "GET /v2.0/networks/102b4829-e123-41ab-bc3d-c9fa24354256?fields=segments HTTP/1.1" status: 200 len: 212 time: 0.0791581
2026-05-29 07:02:23.309 9 INFO neutron.wsgi [req-0991b21c-c67d-474d-8182-f50ddae328b9 req-28580ace-dd72-4a87-a440-ed6548efbdd9 8ccd67e3d6794f418eaf234fb8ea2616 cab9c5b69d5c4ee7a91f227694af28c3 - - cd4e054b602b420090beb20b074e9986 cd4e054b602b420090beb20b074e9986] 10.0.0.151 "GET /v2.0/networks/102b4829-e123-41ab-bc3d-c9fa24354256?fields=provider%3Aphysical_network&fields=provider%3Anetwork_type HTTP/1.1" status: 200 len: 277 time: 0.0663662
2026-05-29 07:02:23.572 9 INFO neutron.wsgi [req-8229078a-f158-4949-a7c8-6e5d9262434c req-e0bc3cf5-0815-4bcd-993d-9dbdb98a71ae 594beb76a93c44b9b9f351dd2bf96ada 526f5b3a1c7b4cfab660049d56f4df0c - - default default] 10.0.0.151 "GET /v2.0/ports?device_id=cc6b3b5b-35c9-428f-a876-b57e8174b02c HTTP/1.1" status: 200 len: 210 time: 0.0312085
2026-05-29 07:02:23.681 9 INFO neutron.wsgi [-] 10.0.0.7 "GET / HTTP/1.1" status: 200 len: 246 time: 0.0030954
2026-05-29 07:02:23.685 9 INFO neutron.wsgi [-] 10.0.0.7 "GET / HTTP/1.1" status: 200 len: 246 time: 0.0023112
2026-05-29 07:02:24.084 10 INFO neutron.wsgi [None req-4337d33c-e421-4938-946d-b753594c559f 5af4d8153f78468fab62759554c78630 a3ad3e858eb04234a54a62e3101c8323 - - default default] 10.0.0.97 "DELETE /v2.0/routers/031a0a30-a2bc-40fe-a4bb-98cf3fd740a4 HTTP/1.1" status: 204 len: 168 time: 1.1941884
2026-05-29 07:02:24.294 10 INFO neutron.wsgi [None req-5a7015b3-0c31-4148-a350-c56d636e1bab 5af4d8153f78468fab62759554c78630 a3ad3e858eb04234a54a62e3101c8323 - - default default] 10.0.0.97 "DELETE /v2.0/subnets/868f2892-f825-4ee9-b0f8-9d0f0be5e2d6 HTTP/1.1" status: 204 len: 168 time: 0.2055154
2026-05-29 07:02:24.759 10 INFO neutron.wsgi [None req-50e848f7-cd35-455e-b37e-61c5dfdca51c 5af4d8153f78468fab62759554c78630 a3ad3e858eb04234a54a62e3101c8323 - - default default] 10.0.0.97 "DELETE /v2.0/networks/3a1c9948-1205-4504-b699-f74b949e3939 HTTP/1.1" status: 204 len: 168 time: 0.4586074
2026-05-29 07:02:24.810 10 WARNING neutron.plugins.ml2.drivers.ovn.mech_driver.ovsdb.ovn_client [None req-2a3f324f-f047-4764-922a-a06fd19eac68 - - - - - -] No port found with ID ea6d4510-40b4-447e-8c77-1efa265351f5: RuntimeError: No port found with ID ea6d4510-40b4-447e-8c77-1efa265351f5
2026-05-29 07:02:24.811 10 INFO neutron.plugins.ml2.drivers.ovn.mech_driver.mech_driver [None req-2a3f324f-f047-4764-922a-a06fd19eac68 - - - - - -] OVN reports status up for port: 851bad4a-0cf7-463f-a9c1-ebd7d6c61818
2026-05-29 07:02:24.818 10 INFO neutron.plugins.ml2.plugin [None req-2a3f324f-f047-4764-922a-a06fd19eac68 - - - - - -] Attempt 1 to provision port 851bad4a-0cf7-463f-a9c1-ebd7d6c61818
2026-05-29 07:02:24.979 9 INFO neutron.wsgi [None req-56b4889d-9e3c-4fe7-b541-2e942c7f40cc 5af4d8153f78468fab62759554c78630 a3ad3e858eb04234a54a62e3101c8323 - - default default] 10.0.0.97 "GET /v2.0/security-groups?tenant_id=ab4f2a5fa69e445b8e73aede10a07a40&name=default HTTP/1.1" status: 200 len: 2992 time: 0.0687168
2026-05-29 07:02:25.073 9 INFO neutron.wsgi [req-db63b545-0bd5-409f-a02d-b235156ea5c4 req-956fbc52-ae60-4955-b2cd-b6eab968bf23 594beb76a93c44b9b9f351dd2bf96ada 526f5b3a1c7b4cfab660049d56f4df0c - - default default] 10.0.0.151 "GET /v2.0/ports?device_id=cc6b3b5b-35c9-428f-a876-b57e8174b02c HTTP/1.1" status: 200 len: 210 time: 0.0382643
2026-05-29 07:02:25.177 9 INFO neutron.db.ovn_revision_numbers_db [None req-f89df512-cc96-4f89-b504-41924cf9694d 5af4d8153f78468fab62759554c78630 a3ad3e858eb04234a54a62e3101c8323 - - default default] Successfully bumped revision number for resource aa0d7d9d-8b34-42fa-a960-aba2a746f780 (type: security_groups) to 1
2026-05-29 07:02:25.197 9 INFO neutron.db.ovn_revision_numbers_db [None req-f89df512-cc96-4f89-b504-41924cf9694d 5af4d8153f78468fab62759554c78630 a3ad3e858eb04234a54a62e3101c8323 - - default default] Successfully bumped revision number for resource 159226d3-1b40-4ca6-8442-80793bb9625d (type: security_group_rules) to 0
2026-05-29 07:02:25.218 9 INFO neutron.db.ovn_revision_numbers_db [None req-f89df512-cc96-4f89-b504-41924cf9694d 5af4d8153f78468fab62759554c78630 a3ad3e858eb04234a54a62e3101c8323 - - default default] Successfully bumped revision number for resource 5167abdd-103d-4f97-bd50-ded366b86e45 (type: security_group_rules) to 0
2026-05-29 07:02:25.220 10 INFO neutron.services.segments.plugin [-] Segment 1a0f8f2a-2a11-4239-9ef6-e084ff5162ed resource provider aggregate not found
2026-05-29 07:02:25.232 10 INFO neutron.services.segments.plugin [-] Segment 1a0f8f2a-2a11-4239-9ef6-e084ff5162ed resource provider aggregate not found
2026-05-29 07:02:25.244 9 INFO neutron.db.ovn_revision_numbers_db [None req-f89df512-cc96-4f89-b504-41924cf9694d 5af4d8153f78468fab62759554c78630 a3ad3e858eb04234a54a62e3101c8323 - - default default] Successfully bumped revision number for resource 98d32167-99e9-49cd-b1a7-97558aeea348 (type: security_group_rules) to 0
2026-05-29 07:02:25.247 10 INFO neutron.services.segments.plugin [-] Segment 1a0f8f2a-2a11-4239-9ef6-e084ff5162ed resource provider not found; error: Placement Client Error (4xx): {"errors": [{"status": 404, "title": "Not Found", "detail": "The resource could not be found.\n\n No resource provider with uuid 1a0f8f2a-2a11-4239-9ef6-e084ff5162ed found for delete ", "request_id": "req-98359313-a73c-46d2-a1dc-02d36f8849d7"}]}
2026-05-29 07:02:25.249 10 INFO neutron.services.segments.plugin [-] Segment 1a0f8f2a-2a11-4239-9ef6-e084ff5162ed resource provider not found; error: Placement Client Error (4xx): {"errors": [{"status": 404, "title": "Not Found", "detail": "The resource could not be found.\n\n No resource provider with uuid 1a0f8f2a-2a11-4239-9ef6-e084ff5162ed found for delete ", "request_id": "req-25117f87-aa42-4e44-9275-cb7486f9043f"}]}
2026-05-29 07:02:25.256 10 INFO neutron.db.ovn_revision_numbers_db [None req-2a3f324f-f047-4764-922a-a06fd19eac68 - - - - - -] Successfully bumped revision number for resource 851bad4a-0cf7-463f-a9c1-ebd7d6c61818 (type: ports) to 2
2026-05-29 07:02:25.261 9 INFO neutron.db.ovn_revision_numbers_db [None req-f89df512-cc96-4f89-b504-41924cf9694d 5af4d8153f78468fab62759554c78630 a3ad3e858eb04234a54a62e3101c8323 - - default default] Successfully bumped revision number for resource fe3b0be9-e0c7-47e8-bce2-c6967df84fe8 (type: security_group_rules) to 0
2026-05-29 07:02:25.302 9 INFO neutron.wsgi [None req-f89df512-cc96-4f89-b504-41924cf9694d 5af4d8153f78468fab62759554c78630 a3ad3e858eb04234a54a62e3101c8323 - - default default] 10.0.0.97 "GET /v2.0/security-groups?tenant_id=a2ef8e8674554e50b13cb49b11cd49ad&name=default HTTP/1.1" status: 200 len: 2996 time: 0.5202389
2026-05-29 07:02:25.336 10 INFO neutron.wsgi [None req-2a4233cc-391f-4a48-9f7a-3eb8c3a88bbd 5af4d8153f78468fab62759554c78630 a3ad3e858eb04234a54a62e3101c8323 - - default default] 10.0.0.97 "DELETE /v2.0/security-groups/90b0e390-ac98-4780-8b31-d9c8e83a3195 HTTP/1.1" status: 204 len: 168 time: 0.3483851
2026-05-29 07:02:25.357 10 INFO neutron.db.ovn_revision_numbers_db [None req-2a3f324f-f047-4764-922a-a06fd19eac68 - - - - - -] Successfully bumped revision number for resource 851bad4a-0cf7-463f-a9c1-ebd7d6c61818 (type: router_ports) to 2
2026-05-29 07:02:25.447 10 INFO neutron.wsgi [req-0991b21c-c67d-474d-8182-f50ddae328b9 req-5ead938a-7f08-4eba-b134-e75056441fea 594beb76a93c44b9b9f351dd2bf96ada 526f5b3a1c7b4cfab660049d56f4df0c - - default default] 199.204.45.144 "GET /v2.0/networks?id=102b4829-e123-41ab-bc3d-c9fa24354256 HTTP/1.1" status: 200 len: 877 time: 0.1527779
2026-05-29 07:02:25.477 10 WARNING neutron_lib.context [req-0991b21c-c67d-474d-8182-f50ddae328b9 req-ed2ee5d9-4179-4208-86ac-3c4b6b2ee8ba 594beb76a93c44b9b9f351dd2bf96ada 526f5b3a1c7b4cfab660049d56f4df0c - - default default] Method 'is_advsvc' is deprecated since 2023.2 release (neutron-lib 3.8.0) and will be removed once support for the old RBAC API policies will be removed from Neutron. Please use method 'is_service_role' instead.
2026-05-29 07:02:25.503 9 WARNING neutron.plugins.ml2.drivers.ovn.mech_driver.ovsdb.ovn_client [None req-7c75fedf-3653-429d-b6a0-42a37f17b186 - - - - - -] No hosting information found for port 5b1c4311-b8f3-44b3-9a57-9dfa365f6c39: RuntimeError: No hosting information found for port 5b1c4311-b8f3-44b3-9a57-9dfa365f6c39
2026-05-29 07:02:25.546 9 INFO neutron.wsgi [None req-231d8048-29b0-452d-a1c5-7c03f6e28090 5af4d8153f78468fab62759554c78630 a3ad3e858eb04234a54a62e3101c8323 - - default default] 10.0.0.97 "DELETE /v2.0/security-groups/aa0d7d9d-8b34-42fa-a960-aba2a746f780 HTTP/1.1" status: 204 len: 168 time: 0.2387714
2026-05-29 07:02:26.232 10 WARNING neutron.scheduler.dhcp_agent_scheduler [req-0991b21c-c67d-474d-8182-f50ddae328b9 req-ed2ee5d9-4179-4208-86ac-3c4b6b2ee8ba 594beb76a93c44b9b9f351dd2bf96ada 526f5b3a1c7b4cfab660049d56f4df0c - - default default] No more DHCP agents
2026-05-29 07:02:26.240 10 WARNING neutron.api.rpc.agentnotifiers.dhcp_rpc_agent_api [req-0991b21c-c67d-474d-8182-f50ddae328b9 req-ed2ee5d9-4179-4208-86ac-3c4b6b2ee8ba 594beb76a93c44b9b9f351dd2bf96ada 526f5b3a1c7b4cfab660049d56f4df0c - - default default] Unable to schedule network 102b4829-e123-41ab-bc3d-c9fa24354256: no agents available; will retry on subsequent port and subnet creation events.
2026-05-29 07:02:26.263 9 INFO neutron.wsgi [req-fa448e16-16f2-4dd4-a557-19f5447ca9c8 req-761bcafd-1d14-4934-a486-a7e2895346f5 594beb76a93c44b9b9f351dd2bf96ada 526f5b3a1c7b4cfab660049d56f4df0c - - default default] 10.0.0.151 "GET /v2.0/ports?device_id=cc6b3b5b-35c9-428f-a876-b57e8174b02c HTTP/1.1" status: 200 len: 1156 time: 0.0419114
2026-05-29 07:02:26.318 9 INFO neutron.wsgi [req-fa448e16-16f2-4dd4-a557-19f5447ca9c8 req-f2444200-6a57-4227-8cec-d4ef81954c79 594beb76a93c44b9b9f351dd2bf96ada 526f5b3a1c7b4cfab660049d56f4df0c - - default default] 10.0.0.151 "GET /v2.0/security-groups?id=2a44ab3c-246d-498c-80cb-cd7e22ccba38&fields=id&fields=name HTTP/1.1" status: 200 len: 286 time: 0.0501156
2026-05-29 07:02:26.464 10 INFO neutron.db.ovn_revision_numbers_db [req-0991b21c-c67d-474d-8182-f50ddae328b9 req-ed2ee5d9-4179-4208-86ac-3c4b6b2ee8ba 594beb76a93c44b9b9f351dd2bf96ada 526f5b3a1c7b4cfab660049d56f4df0c - - default default] Successfully bumped revision number for resource 8f3dece0-60b9-4ab3-a3e6-7c493a4c4894 (type: ports) to 1
2026-05-29 07:02:26.496 10 INFO neutron.wsgi [req-0991b21c-c67d-474d-8182-f50ddae328b9 req-ed2ee5d9-4179-4208-86ac-3c4b6b2ee8ba 594beb76a93c44b9b9f351dd2bf96ada 526f5b3a1c7b4cfab660049d56f4df0c - - default default] 199.204.45.144 "POST /v2.0/ports HTTP/1.1" status: 201 len: 1158 time: 1.0252743 /var/lib/openstack/lib/python3.10/site-packages/pycadf/identifier.py:71: UserWarning: Invalid uuid: neutron. To ensure interoperability, identifiers should be a valid uuid. warnings.warn(('Invalid uuid: %s. To ensure interoperability, '
2026-05-29 07:02:26.511 10 INFO neutron.wsgi [req-0991b21c-c67d-474d-8182-f50ddae328b9 req-72192f85-da1b-401e-b5de-a6e5c1584c35 594beb76a93c44b9b9f351dd2bf96ada 526f5b3a1c7b4cfab660049d56f4df0c - - default default] 199.204.45.144 "GET /v2.0/extensions HTTP/1.1" status: 200 len: 16980 time: 0.0082343
2026-05-29 07:02:27.251 9 INFO neutron.wsgi [req-5ba3161a-101f-4a60-accc-a67e954b8931 req-1a4a9521-4242-4598-b109-906be317cbbd 972eb1af6ae545a490803f41cabe7ac8 d50dc02f5d2d40b8858e18ab5edf730f - - default default] 10.0.0.151 "GET /v2.0/security-groups?name=tempest-securitygroup--254873985&fields=id&tenant_id=d50dc02f5d2d40b8858e18ab5edf730f HTTP/1.1" status: 200 len: 267 time: 0.0669947
2026-05-29 07:02:27.329 9 INFO neutron.wsgi [req-5ba3161a-101f-4a60-accc-a67e954b8931 req-33ce7164-da25-44da-86cc-34daec3c2b07 972eb1af6ae545a490803f41cabe7ac8 d50dc02f5d2d40b8858e18ab5edf730f - - default default] 10.0.0.151 "GET /v2.0/networks?id=d64b5614-dd20-48a2-aff1-00f3fc82dfdb HTTP/1.1" status: 200 len: 879 time: 0.0645483
2026-05-29 07:02:27.345 9 INFO neutron.wsgi [req-5ba3161a-101f-4a60-accc-a67e954b8931 req-9d6a0166-c7de-470f-892f-0c33aa5661dc 972eb1af6ae545a490803f41cabe7ac8 d50dc02f5d2d40b8858e18ab5edf730f - - default default] 10.0.0.151 "GET /v2.0/quotas/d50dc02f5d2d40b8858e18ab5edf730f HTTP/1.1" status: 200 len: 386 time: 0.0086985
2026-05-29 07:02:27.452 9 INFO neutron.wsgi [req-7f1bc3b6-2c30-47a6-97e1-80e5bf5f1ae8 req-45b34b08-ad16-4522-86bf-9483a0f8c0db 594beb76a93c44b9b9f351dd2bf96ada 526f5b3a1c7b4cfab660049d56f4df0c - - default default] 10.0.0.151 "GET /v2.0/ports?device_id=cc6b3b5b-35c9-428f-a876-b57e8174b02c HTTP/1.1" status: 200 len: 1168 time: 0.0553594
2026-05-29 07:02:27.484 9 INFO neutron.wsgi [req-5ba3161a-101f-4a60-accc-a67e954b8931 req-dcdf195d-1fb4-4c00-a4d5-47bc9ee905de 972eb1af6ae545a490803f41cabe7ac8 d50dc02f5d2d40b8858e18ab5edf730f - - default default] 10.0.0.151 "GET /v2.0/ports?tenant_id=d50dc02f5d2d40b8858e18ab5edf730f&fields=id HTTP/1.1" status: 200 len: 302 time: 0.1323175
2026-05-29 07:02:27.507 9 INFO neutron.wsgi [req-7f1bc3b6-2c30-47a6-97e1-80e5bf5f1ae8 req-a3f4e1c4-59f9-488d-bc9d-a0d18df95b0a 594beb76a93c44b9b9f351dd2bf96ada 526f5b3a1c7b4cfab660049d56f4df0c - - default default] 10.0.0.151 "GET /v2.0/security-groups?id=2a44ab3c-246d-498c-80cb-cd7e22ccba38&fields=id&fields=name HTTP/1.1" status: 200 len: 286 time: 0.0471833
2026-05-29 07:02:27.523 10 INFO neutron.db.ovn_revision_numbers_db [req-0991b21c-c67d-474d-8182-f50ddae328b9 req-e97ddda1-076d-4a95-a523-1297a7109504 8ccd67e3d6794f418eaf234fb8ea2616 cab9c5b69d5c4ee7a91f227694af28c3 - - cd4e054b602b420090beb20b074e9986 cd4e054b602b420090beb20b074e9986] Successfully bumped revision number for resource 8f3dece0-60b9-4ab3-a3e6-7c493a4c4894 (type: ports) to 2
2026-05-29 07:02:27.566 9 INFO neutron.wsgi [req-5ba3161a-101f-4a60-accc-a67e954b8931 req-663bb3ef-2d45-47f6-aba2-e1fab9ff32c8 8ccd67e3d6794f418eaf234fb8ea2616 cab9c5b69d5c4ee7a91f227694af28c3 - - cd4e054b602b420090beb20b074e9986 cd4e054b602b420090beb20b074e9986] 10.0.0.151 "GET /v2.0/networks/d64b5614-dd20-48a2-aff1-00f3fc82dfdb?fields=segments HTTP/1.1" status: 200 len: 212 time: 0.0648544
2026-05-29 07:02:27.624 9 INFO neutron.db.ovn_revision_numbers_db [None req-43c13fde-3f94-4719-8548-5c168e2ee8f9 5af4d8153f78468fab62759554c78630 a3ad3e858eb04234a54a62e3101c8323 - - default default] Successfully bumped revision number for resource d7d27809-d858-4854-b069-f9e53395544c (type: security_groups) to 1
2026-05-29 07:02:27.640 9 INFO neutron.wsgi [req-5ba3161a-101f-4a60-accc-a67e954b8931 req-b80a5d81-253e-4fe6-9fdd-f5cf0b6d20b8 8ccd67e3d6794f418eaf234fb8ea2616 cab9c5b69d5c4ee7a91f227694af28c3 - - cd4e054b602b420090beb20b074e9986 cd4e054b602b420090beb20b074e9986] 10.0.0.151 "GET /v2.0/networks/d64b5614-dd20-48a2-aff1-00f3fc82dfdb?fields=provider%3Aphysical_network&fields=provider%3Anetwork_type HTTP/1.1" status: 200 len: 277 time: 0.0655704
2026-05-29 07:02:27.644 9 INFO neutron.db.ovn_revision_numbers_db [None req-43c13fde-3f94-4719-8548-5c168e2ee8f9 5af4d8153f78468fab62759554c78630 a3ad3e858eb04234a54a62e3101c8323 - - default default] Successfully bumped revision number for resource 6158b8ef-ba7c-4273-a8a3-a9135787ff20 (type: security_group_rules) to 0
2026-05-29 07:02:27.656 9 INFO neutron.db.ovn_revision_numbers_db [None req-43c13fde-3f94-4719-8548-5c168e2ee8f9 5af4d8153f78468fab62759554c78630 a3ad3e858eb04234a54a62e3101c8323 - - default default] Successfully bumped revision number for resource 94dc121f-fa28-459a-b3c4-9ca16090c449 (type: security_group_rules) to 0
2026-05-29 07:02:27.673 9 INFO neutron.db.ovn_revision_numbers_db [None req-43c13fde-3f94-4719-8548-5c168e2ee8f9 5af4d8153f78468fab62759554c78630 a3ad3e858eb04234a54a62e3101c8323 - - default default] Successfully bumped revision number for resource c7a39389-3e14-4d49-be98-12560f6de049 (type: security_group_rules) to 0 /var/lib/openstack/lib/python3.10/site-packages/pycadf/identifier.py:71: UserWarning: Invalid uuid: neutron. To ensure interoperability, identifiers should be a valid uuid. warnings.warn(('Invalid uuid: %s. To ensure interoperability, '
2026-05-29 07:02:27.678 10 WARNING neutron_lib.context [None req-befe03b5-9881-4998-af59-3a8ea79affb1 b1b46021fb4649739fdad6ef7597cf73 8bd5ac344d854f038aac6f8973abbd90 - - default default] Method 'is_advsvc' is deprecated since 2023.2 release (neutron-lib 3.8.0) and will be removed once support for the old RBAC API policies will be removed from Neutron. Please use method 'is_service_role' instead.
2026-05-29 07:02:27.686 9 INFO neutron.db.ovn_revision_numbers_db [None req-43c13fde-3f94-4719-8548-5c168e2ee8f9 5af4d8153f78468fab62759554c78630 a3ad3e858eb04234a54a62e3101c8323 - - default default] Successfully bumped revision number for resource d3316e3a-be69-432b-aa2d-2d14125a72ab (type: security_group_rules) to 0
2026-05-29 07:02:27.738 9 INFO neutron.db.segments_db [None req-43c13fde-3f94-4719-8548-5c168e2ee8f9 5af4d8153f78468fab62759554c78630 a3ad3e858eb04234a54a62e3101c8323 - - default default] Added segment 7a350c2a-a4f7-4bb1-976f-be1cb17ca56f of type geneve for network 3ff04436-df41-4b8d-8cc0-16821e4668b0
2026-05-29 07:02:27.748 10 INFO neutron.db.ovn_revision_numbers_db [req-0991b21c-c67d-474d-8182-f50ddae328b9 req-e97ddda1-076d-4a95-a523-1297a7109504 8ccd67e3d6794f418eaf234fb8ea2616 cab9c5b69d5c4ee7a91f227694af28c3 - - cd4e054b602b420090beb20b074e9986 cd4e054b602b420090beb20b074e9986] Successfully bumped revision number for resource 8f3dece0-60b9-4ab3-a3e6-7c493a4c4894 (type: ports) to 2
2026-05-29 07:02:27.783 10 INFO neutron.wsgi [req-0991b21c-c67d-474d-8182-f50ddae328b9 req-e97ddda1-076d-4a95-a523-1297a7109504 8ccd67e3d6794f418eaf234fb8ea2616 cab9c5b69d5c4ee7a91f227694af28c3 - - cd4e054b602b420090beb20b074e9986 cd4e054b602b420090beb20b074e9986] 199.204.45.144 "PUT /v2.0/ports/8f3dece0-60b9-4ab3-a3e6-7c493a4c4894 HTTP/1.1" status: 200 len: 1376 time: 0.8754888
2026-05-29 07:02:28.221 9 INFO neutron.db.ovn_revision_numbers_db [None req-43c13fde-3f94-4719-8548-5c168e2ee8f9 5af4d8153f78468fab62759554c78630 a3ad3e858eb04234a54a62e3101c8323 - - default default] Successfully bumped revision number for resource 3ff04436-df41-4b8d-8cc0-16821e4668b0 (type: networks) to 1
2026-05-29 07:02:28.229 10 INFO neutron.wsgi [req-0991b21c-c67d-474d-8182-f50ddae328b9 req-e017fb5d-9f03-4e49-8b41-219613f24c64 8ccd67e3d6794f418eaf234fb8ea2616 cab9c5b69d5c4ee7a91f227694af28c3 - - cd4e054b602b420090beb20b074e9986 cd4e054b602b420090beb20b074e9986] 199.204.45.144 "GET /v2.0/ports?tenant_id=526f5b3a1c7b4cfab660049d56f4df0c&device_id=cc6b3b5b-35c9-428f-a876-b57e8174b02c HTTP/1.1" status: 200 len: 1407 time: 0.0615633
2026-05-29 07:02:28.240 10 INFO neutron.db.ovn_revision_numbers_db [None req-befe03b5-9881-4998-af59-3a8ea79affb1 b1b46021fb4649739fdad6ef7597cf73 8bd5ac344d854f038aac6f8973abbd90 - - default default] Successfully bumped revision number for resource bcc3092a-9ec0-4d16-8901-badd35c7bec2 (type: security_groups) to 1
2026-05-29 07:02:28.292 10 INFO neutron.wsgi [req-0991b21c-c67d-474d-8182-f50ddae328b9 req-2f1fc01e-0eb6-4373-bda6-895ba7bb2c60 8ccd67e3d6794f418eaf234fb8ea2616 cab9c5b69d5c4ee7a91f227694af28c3 - - cd4e054b602b420090beb20b074e9986 cd4e054b602b420090beb20b074e9986] 199.204.45.144 "GET /v2.0/floatingips?fixed_ip_address=10.100.0.6&port_id=8f3dece0-60b9-4ab3-a3e6-7c493a4c4894 HTTP/1.1" status: 200 len: 217 time: 0.0460615
2026-05-29 07:02:28.312 10 INFO neutron.db.ovn_revision_numbers_db [None req-befe03b5-9881-4998-af59-3a8ea79affb1 b1b46021fb4649739fdad6ef7597cf73 8bd5ac344d854f038aac6f8973abbd90 - - default default] Successfully bumped revision number for resource 53e3a9b0-4ea8-4f8c-94b8-9fe86d076681 (type: security_group_rules) to 0
2026-05-29 07:02:28.324 9 INFO neutron.wsgi [req-16e31287-28b6-4ab1-b35b-0ced2811bf10 req-ef84a913-c671-4ed0-ac3d-9671e99c1c5d 972eb1af6ae545a490803f41cabe7ac8 d50dc02f5d2d40b8858e18ab5edf730f - - default default] 10.0.0.151 "GET /v2.0/ports?device_id=66ab72f9-a630-439f-bf98-2410aea6b4a8 HTTP/1.1" status: 200 len: 210 time: 0.0256763
2026-05-29 07:02:28.335 10 INFO neutron.db.ovn_revision_numbers_db [None req-befe03b5-9881-4998-af59-3a8ea79affb1 b1b46021fb4649739fdad6ef7597cf73 8bd5ac344d854f038aac6f8973abbd90 - - default default] Successfully bumped revision number for resource b6ad8e08-ba79-4ac6-bd6e-b30d38dd58fa (type: security_group_rules) to 0
2026-05-29 07:02:28.340 10 INFO neutron.wsgi [req-0991b21c-c67d-474d-8182-f50ddae328b9 req-02363021-ff95-476a-9ef4-014f62bab387 8ccd67e3d6794f418eaf234fb8ea2616 cab9c5b69d5c4ee7a91f227694af28c3 - - cd4e054b602b420090beb20b074e9986 cd4e054b602b420090beb20b074e9986] 199.204.45.144 "GET /v2.0/subnets?id=a6efd476-a605-4ac0-8165-785edd00ce60 HTTP/1.1" status: 200 len: 871 time: 0.0412276
2026-05-29 07:02:28.381 10 INFO neutron.notifiers.nova [-] Nova event matching ['req-c5d57803-1c7e-4599-bdfe-b38c09fca8e2'] response: {'name': 'network-changed', 'server_uuid': 'cc6b3b5b-35c9-428f-a876-b57e8174b02c', 'tag': '8f3dece0-60b9-4ab3-a3e6-7c493a4c4894', 'status': 'completed', 'code': 200}
2026-05-29 07:02:28.404 10 INFO neutron.db.ovn_revision_numbers_db [None req-befe03b5-9881-4998-af59-3a8ea79affb1 b1b46021fb4649739fdad6ef7597cf73 8bd5ac344d854f038aac6f8973abbd90 - - default default] Successfully bumped revision number for resource dac93112-783e-4aac-b9d4-4dfde2765cde (type: security_group_rules) to 0
2026-05-29 07:02:28.408 10 INFO neutron.wsgi [req-0991b21c-c67d-474d-8182-f50ddae328b9 req-74670ce8-0645-4348-953d-c8b70bb9a30a 8ccd67e3d6794f418eaf234fb8ea2616 cab9c5b69d5c4ee7a91f227694af28c3 - - cd4e054b602b420090beb20b074e9986 cd4e054b602b420090beb20b074e9986] 199.204.45.144 "GET /v2.0/ports?network_id=102b4829-e123-41ab-bc3d-c9fa24354256&device_owner=network%3Adhcp HTTP/1.1" status: 200 len: 210 time: 0.0624573
2026-05-29 07:02:28.421 9 WARNING neutron.scheduler.dhcp_agent_scheduler [None req-43c13fde-3f94-4719-8548-5c168e2ee8f9 5af4d8153f78468fab62759554c78630 a3ad3e858eb04234a54a62e3101c8323 - - default default] No more DHCP agents
2026-05-29 07:02:28.423 9 WARNING neutron.api.rpc.agentnotifiers.dhcp_rpc_agent_api [None req-43c13fde-3f94-4719-8548-5c168e2ee8f9 5af4d8153f78468fab62759554c78630 a3ad3e858eb04234a54a62e3101c8323 - - default default] Unable to schedule network 3ff04436-df41-4b8d-8cc0-16821e4668b0: no agents available; will retry on subsequent port and subnet creation events.
2026-05-29 07:02:28.428 10 INFO neutron.db.ovn_revision_numbers_db [None req-befe03b5-9881-4998-af59-3a8ea79affb1 b1b46021fb4649739fdad6ef7597cf73 8bd5ac344d854f038aac6f8973abbd90 - - default default] Successfully bumped revision number for resource f568dc7b-fcc2-4ba6-a30e-38cc78339768 (type: security_group_rules) to 0
2026-05-29 07:02:28.496 10 INFO neutron.db.segments_db [None req-befe03b5-9881-4998-af59-3a8ea79affb1 b1b46021fb4649739fdad6ef7597cf73 8bd5ac344d854f038aac6f8973abbd90 - - default default] Added segment 837d6079-ec5b-4aaf-b6aa-33c286bfb844 of type geneve for network bdf5be9a-cfce-4b5f-97b5-d6214d8abdc6
2026-05-29 07:02:28.504 9 INFO neutron.db.ovn_revision_numbers_db [None req-43c13fde-3f94-4719-8548-5c168e2ee8f9 5af4d8153f78468fab62759554c78630 a3ad3e858eb04234a54a62e3101c8323 - - default default] Successfully bumped revision number for resource 77ca5d4e-6bb4-41de-9348-c670c7a8e711 (type: ports) to 1
2026-05-29 07:02:28.516 10 INFO neutron.wsgi [req-0991b21c-c67d-474d-8182-f50ddae328b9 req-f6b30f00-9e9a-4a38-925d-777851225788 8ccd67e3d6794f418eaf234fb8ea2616 cab9c5b69d5c4ee7a91f227694af28c3 - - cd4e054b602b420090beb20b074e9986 cd4e054b602b420090beb20b074e9986] 199.204.45.144 "GET /v2.0/networks/102b4829-e123-41ab-bc3d-c9fa24354256?fields=segments HTTP/1.1" status: 200 len: 212 time: 0.0985146
2026-05-29 07:02:28.527 9 INFO neutron.wsgi [None req-43c13fde-3f94-4719-8548-5c168e2ee8f9 5af4d8153f78468fab62759554c78630 a3ad3e858eb04234a54a62e3101c8323 - - default default] 10.0.0.97 "POST /v2.0/networks HTTP/1.1" status: 201 len: 946 time: 1.2030444
2026-05-29 07:02:28.631 10 INFO neutron.wsgi [req-0991b21c-c67d-474d-8182-f50ddae328b9 req-4b2f6971-a8cb-4a7c-9e8c-f3a16908bc33 8ccd67e3d6794f418eaf234fb8ea2616 cab9c5b69d5c4ee7a91f227694af28c3 - - cd4e054b602b420090beb20b074e9986 cd4e054b602b420090beb20b074e9986] 199.204.45.144 "GET /v2.0/networks/102b4829-e123-41ab-bc3d-c9fa24354256?fields=provider%3Aphysical_network&fields=provider%3Anetwork_type HTTP/1.1" status: 200 len: 277 time: 0.1082144
2026-05-29 07:02:28.688 9 INFO neutron.wsgi [req-06c465c4-ffa5-4782-970b-0df144734a50 req-aa0f4772-2fd4-42f9-a09b-da5a7a111589 594beb76a93c44b9b9f351dd2bf96ada 526f5b3a1c7b4cfab660049d56f4df0c - - default default] 10.0.0.151 "GET /v2.0/ports?device_id=cc6b3b5b-35c9-428f-a876-b57e8174b02c HTTP/1.1" status: 200 len: 1168 time: 0.1060894
2026-05-29 07:02:28.714 9 WARNING neutron.scheduler.dhcp_agent_scheduler [None req-cdccd7f5-e520-4678-8999-8655bea1aaee 5af4d8153f78468fab62759554c78630 a3ad3e858eb04234a54a62e3101c8323 - - default default] No more DHCP agents
2026-05-29 07:02:28.717 9 WARNING neutron.api.rpc.agentnotifiers.dhcp_rpc_agent_api [None req-cdccd7f5-e520-4678-8999-8655bea1aaee 5af4d8153f78468fab62759554c78630 a3ad3e858eb04234a54a62e3101c8323 - - default default] Unable to schedule network 3ff04436-df41-4b8d-8cc0-16821e4668b0: no agents available; will retry on subsequent port and subnet creation events.
2026-05-29 07:02:28.730 10 INFO neutron.db.ovn_revision_numbers_db [None req-befe03b5-9881-4998-af59-3a8ea79affb1 b1b46021fb4649739fdad6ef7597cf73 8bd5ac344d854f038aac6f8973abbd90 - - default default] Successfully bumped revision number for resource bdf5be9a-cfce-4b5f-97b5-d6214d8abdc6 (type: networks) to 1
2026-05-29 07:02:28.745 9 INFO neutron.wsgi [req-06c465c4-ffa5-4782-970b-0df144734a50 req-fee51c34-2e8b-4223-872c-7756439839b6 594beb76a93c44b9b9f351dd2bf96ada 526f5b3a1c7b4cfab660049d56f4df0c - - default default] 10.0.0.151 "GET /v2.0/security-groups?id=2a44ab3c-246d-498c-80cb-cd7e22ccba38&fields=id&fields=name HTTP/1.1" status: 200 len: 286 time: 0.0451534
2026-05-29 07:02:28.788 10 INFO neutron.wsgi [req-a77926f9-18fd-4801-8ca3-d8ba4bcf2a6a req-38ee9678-14af-49f9-9864-6f3ea7dca831 8ccd67e3d6794f418eaf234fb8ea2616 cab9c5b69d5c4ee7a91f227694af28c3 - - cd4e054b602b420090beb20b074e9986 cd4e054b602b420090beb20b074e9986] 199.204.45.144 "GET /v2.0/ports?tenant_id=526f5b3a1c7b4cfab660049d56f4df0c&device_id=cc6b3b5b-35c9-428f-a876-b57e8174b02c HTTP/1.1" status: 200 len: 1407 time: 0.0714340
2026-05-29 07:02:29.042 10 INFO neutron.wsgi [req-a77926f9-18fd-4801-8ca3-d8ba4bcf2a6a req-40947106-5119-402d-9e3a-99296c193f6c 8ccd67e3d6794f418eaf234fb8ea2616 cab9c5b69d5c4ee7a91f227694af28c3 - - cd4e054b602b420090beb20b074e9986 cd4e054b602b420090beb20b074e9986] 199.204.45.144 "GET /v2.0/networks?id=102b4829-e123-41ab-bc3d-c9fa24354256 HTTP/1.1" status: 200 len: 976 time: 0.2423308
2026-05-29 07:02:29.088 10 INFO neutron.wsgi [req-a77926f9-18fd-4801-8ca3-d8ba4bcf2a6a req-ad8eab01-0a81-471c-8fe3-a416da6498f5 8ccd67e3d6794f418eaf234fb8ea2616 cab9c5b69d5c4ee7a91f227694af28c3 - - cd4e054b602b420090beb20b074e9986 cd4e054b602b420090beb20b074e9986] 199.204.45.144 "GET /v2.0/floatingips?fixed_ip_address=10.100.0.6&port_id=8f3dece0-60b9-4ab3-a3e6-7c493a4c4894 HTTP/1.1" status: 200 len: 217 time: 0.0344827
2026-05-29 07:02:29.162 10 WARNING neutron.scheduler.dhcp_agent_scheduler [None req-befe03b5-9881-4998-af59-3a8ea79affb1 b1b46021fb4649739fdad6ef7597cf73 8bd5ac344d854f038aac6f8973abbd90 - - default default] No more DHCP agents
2026-05-29 07:02:29.166 10 WARNING neutron.api.rpc.agentnotifiers.dhcp_rpc_agent_api [None req-befe03b5-9881-4998-af59-3a8ea79affb1 b1b46021fb4649739fdad6ef7597cf73 8bd5ac344d854f038aac6f8973abbd90 - - default default] Unable to schedule network bdf5be9a-cfce-4b5f-97b5-d6214d8abdc6: no agents available; will retry on subsequent port and subnet creation events.
2026-05-29 07:02:29.186 10 INFO neutron.wsgi [req-a77926f9-18fd-4801-8ca3-d8ba4bcf2a6a req-770e7afc-b364-4dcb-93f7-746e368e5484 8ccd67e3d6794f418eaf234fb8ea2616 cab9c5b69d5c4ee7a91f227694af28c3 - - cd4e054b602b420090beb20b074e9986 cd4e054b602b420090beb20b074e9986] 199.204.45.144 "GET /v2.0/subnets?id=a6efd476-a605-4ac0-8165-785edd00ce60 HTTP/1.1" status: 200 len: 871 time: 0.0613370
2026-05-29 07:02:29.256 9 INFO neutron.db.ovn_revision_numbers_db [None req-cdccd7f5-e520-4678-8999-8655bea1aaee 5af4d8153f78468fab62759554c78630 a3ad3e858eb04234a54a62e3101c8323 - - default default] Successfully bumped revision number for resource 77ca5d4e-6bb4-41de-9348-c670c7a8e711 (type: ports) to 2
2026-05-29 07:02:29.259 10 INFO neutron.wsgi [req-a77926f9-18fd-4801-8ca3-d8ba4bcf2a6a req-10e4b3a7-1f2f-4a75-a7a2-694c634de4c6 8ccd67e3d6794f418eaf234fb8ea2616 cab9c5b69d5c4ee7a91f227694af28c3 - - cd4e054b602b420090beb20b074e9986 cd4e054b602b420090beb20b074e9986] 199.204.45.144 "GET /v2.0/ports?network_id=102b4829-e123-41ab-bc3d-c9fa24354256&device_owner=network%3Adhcp HTTP/1.1" status: 200 len: 210 time: 0.0611768
2026-05-29 07:02:29.323 9 INFO neutron.db.ovn_revision_numbers_db [None req-cdccd7f5-e520-4678-8999-8655bea1aaee 5af4d8153f78468fab62759554c78630 a3ad3e858eb04234a54a62e3101c8323 - - default default] Successfully bumped revision number for resource 2555edf5-7fe8-4cb7-a5e7-f5217f10c5b5 (type: subnets) to 0
2026-05-29 07:02:29.334 10 INFO neutron.db.ovn_revision_numbers_db [None req-befe03b5-9881-4998-af59-3a8ea79affb1 b1b46021fb4649739fdad6ef7597cf73 8bd5ac344d854f038aac6f8973abbd90 - - default default] Successfully bumped revision number for resource 6d9af517-033a-4e4f-9902-96d99f361d23 (type: ports) to 1
2026-05-29 07:02:29.340 9 INFO neutron.wsgi [None req-cdccd7f5-e520-4678-8999-8655bea1aaee 5af4d8153f78468fab62759554c78630 a3ad3e858eb04234a54a62e3101c8323 - - default default] 10.0.0.97 "POST /v2.0/subnets HTTP/1.1" status: 201 len: 866 time: 0.8047945
2026-05-29 07:02:29.351 10 INFO neutron.wsgi [req-a77926f9-18fd-4801-8ca3-d8ba4bcf2a6a req-5a1d9d20-16e8-4cde-8fc9-87873b1071f3 8ccd67e3d6794f418eaf234fb8ea2616 cab9c5b69d5c4ee7a91f227694af28c3 - - cd4e054b602b420090beb20b074e9986 cd4e054b602b420090beb20b074e9986] 199.204.45.144 "GET /v2.0/networks/102b4829-e123-41ab-bc3d-c9fa24354256?fields=segments HTTP/1.1" status: 200 len: 212 time: 0.0851393
2026-05-29 07:02:29.387 10 INFO neutron.wsgi [None req-befe03b5-9881-4998-af59-3a8ea79affb1 b1b46021fb4649739fdad6ef7597cf73 8bd5ac344d854f038aac6f8973abbd90 - - default default] 10.0.0.97 "POST /v2.0/networks HTTP/1.1" status: 201 len: 848 time: 1.7565389
2026-05-29 07:02:29.408 10 WARNING neutron_lib.context [None req-95957276-e943-4eb7-ad0b-1d61dab38ad9 b1b46021fb4649739fdad6ef7597cf73 8bd5ac344d854f038aac6f8973abbd90 - - default default] Method 'is_advsvc' is deprecated since 2023.2 release (neutron-lib 3.8.0) and will be removed once support for the old RBAC API policies will be removed from Neutron. Please use method 'is_service_role' instead.
2026-05-29 07:02:29.442 9 INFO neutron.wsgi [req-da53e9d6-5378-4e38-939c-b98afcb3eba1 req-ad805a08-651f-4f10-845d-85542e8e0725 972eb1af6ae545a490803f41cabe7ac8 d50dc02f5d2d40b8858e18ab5edf730f - - default default] 10.0.0.151 "GET /v2.0/ports?device_id=66ab72f9-a630-439f-bf98-2410aea6b4a8 HTTP/1.1" status: 200 len: 210 time: 0.0210705
2026-05-29 07:02:29.462 10 INFO neutron.wsgi [req-a77926f9-18fd-4801-8ca3-d8ba4bcf2a6a req-225263c9-5ab0-4079-abe1-380bdaf5257b 8ccd67e3d6794f418eaf234fb8ea2616 cab9c5b69d5c4ee7a91f227694af28c3 - - cd4e054b602b420090beb20b074e9986 cd4e054b602b420090beb20b074e9986] 199.204.45.144 "GET /v2.0/networks/102b4829-e123-41ab-bc3d-c9fa24354256?fields=provider%3Aphysical_network&fields=provider%3Anetwork_type HTTP/1.1" status: 200 len: 277 time: 0.1020944
