2026-05-29 07:04:27.364 9 INFO neutron.db.ovn_revision_numbers_db [None req-396f1873-4660-40fe-944c-036e1e0d8e9a 71dcda9f37d34826bc505e58f17f77bd 836701985a324c7a91d99b00a430353b - - default default] Successfully bumped revision number for resource 81d15be3-640b-48cb-b958-48844fc371ad (type: ports) to 1
2026-05-29 07:04:27.402 9 INFO neutron.wsgi [None req-396f1873-4660-40fe-944c-036e1e0d8e9a 71dcda9f37d34826bc505e58f17f77bd 836701985a324c7a91d99b00a430353b - - default default] 10.0.0.97 "POST /v2.0/networks HTTP/1.1" status: 201 len: 835 time: 0.7489288
2026-05-29 07:04:27.416 10 WARNING neutron_lib.context [None req-d2375ad5-ebf5-4f2e-b771-3f7070703857 71dcda9f37d34826bc505e58f17f77bd 836701985a324c7a91d99b00a430353b - - default default] Method 'is_advsvc' is deprecated since 2023.2 release (neutron-lib 3.8.0) and will be removed once support for the old RBAC API policies will be removed from Neutron. Please use method 'is_service_role' instead.
2026-05-29 07:04:27.507 9 WARNING neutron.scheduler.dhcp_agent_scheduler [None req-dc2fa55a-f817-4d62-bfa3-1176d23e2ea0 0531d151a27c4bc5903fb58390f07935 5cfffc45c7c44ab59095aebca3d0e51f - - default default] No more DHCP agents
2026-05-29 07:04:27.509 9 WARNING neutron.api.rpc.agentnotifiers.dhcp_rpc_agent_api [None req-dc2fa55a-f817-4d62-bfa3-1176d23e2ea0 0531d151a27c4bc5903fb58390f07935 5cfffc45c7c44ab59095aebca3d0e51f - - default default] Unable to schedule network f5a05942-ee11-41f4-b29d-99810b186f59: no agents available; will retry on subsequent port and subnet creation events.
2026-05-29 07:04:27.616 9 INFO neutron.db.ovn_revision_numbers_db [None req-dc2fa55a-f817-4d62-bfa3-1176d23e2ea0 0531d151a27c4bc5903fb58390f07935 5cfffc45c7c44ab59095aebca3d0e51f - - default default] Successfully bumped revision number for resource 0e284c8b-ceb5-4112-889e-eb9d2e51aa9b (type: ports) to 1
2026-05-29 07:04:27.650 9 INFO neutron.wsgi [None req-dc2fa55a-f817-4d62-bfa3-1176d23e2ea0 0531d151a27c4bc5903fb58390f07935 5cfffc45c7c44ab59095aebca3d0e51f - - default default] 10.0.0.97 "POST /v2.0/networks HTTP/1.1" status: 201 len: 831 time: 1.2092490
2026-05-29 07:04:27.661 9 WARNING neutron_lib.context [None req-5c3d16a2-46cf-4c43-b87d-31c456dd061a 0531d151a27c4bc5903fb58390f07935 5cfffc45c7c44ab59095aebca3d0e51f - - default default] Method 'is_advsvc' is deprecated since 2023.2 release (neutron-lib 3.8.0) and will be removed once support for the old RBAC API policies will be removed from Neutron. Please use method 'is_service_role' instead.
2026-05-29 07:04:27.679 10 WARNING neutron.scheduler.dhcp_agent_scheduler [None req-d2375ad5-ebf5-4f2e-b771-3f7070703857 71dcda9f37d34826bc505e58f17f77bd 836701985a324c7a91d99b00a430353b - - default default] No more DHCP agents
2026-05-29 07:04:27.681 10 WARNING neutron.api.rpc.agentnotifiers.dhcp_rpc_agent_api [None req-d2375ad5-ebf5-4f2e-b771-3f7070703857 71dcda9f37d34826bc505e58f17f77bd 836701985a324c7a91d99b00a430353b - - default default] Unable to schedule network cdf6798d-2800-4f90-a6c1-1c2132389bd8: no agents available; will retry on subsequent port and subnet creation events.
2026-05-29 07:04:27.737 10 INFO neutron.db.ovn_revision_numbers_db [None req-d2375ad5-ebf5-4f2e-b771-3f7070703857 71dcda9f37d34826bc505e58f17f77bd 836701985a324c7a91d99b00a430353b - - default default] Successfully bumped revision number for resource 5132697b-30b7-42bf-b54e-a7e7a3b6d013 (type: subnets) to 0
2026-05-29 07:04:27.752 10 INFO neutron.wsgi [None req-d2375ad5-ebf5-4f2e-b771-3f7070703857 71dcda9f37d34826bc505e58f17f77bd 836701985a324c7a91d99b00a430353b - - default default] 10.0.0.97 "POST /v2.0/subnets HTTP/1.1" status: 201 len: 821 time: 0.3425860
2026-05-29 07:04:27.767 10 WARNING neutron_lib.context [None req-c8a382ef-62cd-4085-9db2-f3a6e5479616 71dcda9f37d34826bc505e58f17f77bd 836701985a324c7a91d99b00a430353b - - default default] Method 'is_advsvc' is deprecated since 2023.2 release (neutron-lib 3.8.0) and will be removed once support for the old RBAC API policies will be removed from Neutron. Please use method 'is_service_role' instead.
2026-05-29 07:04:28.132 10 WARNING neutron.scheduler.dhcp_agent_scheduler [None req-c8a382ef-62cd-4085-9db2-f3a6e5479616 71dcda9f37d34826bc505e58f17f77bd 836701985a324c7a91d99b00a430353b - - default default] No more DHCP agents
2026-05-29 07:04:28.134 10 WARNING neutron.api.rpc.agentnotifiers.dhcp_rpc_agent_api [None req-c8a382ef-62cd-4085-9db2-f3a6e5479616 71dcda9f37d34826bc505e58f17f77bd 836701985a324c7a91d99b00a430353b - - default default] Unable to schedule network cdf6798d-2800-4f90-a6c1-1c2132389bd8: no agents available; will retry on subsequent port and subnet creation events.
2026-05-29 07:04:28.250 10 INFO neutron.db.ovn_revision_numbers_db [None req-c8a382ef-62cd-4085-9db2-f3a6e5479616 71dcda9f37d34826bc505e58f17f77bd 836701985a324c7a91d99b00a430353b - - default default] Successfully bumped revision number for resource d06956af-b7ce-427d-ad50-4c67810bf3c5 (type: ports) to 1
2026-05-29 07:04:28.272 10 INFO neutron.wsgi [None req-c8a382ef-62cd-4085-9db2-f3a6e5479616 71dcda9f37d34826bc505e58f17f77bd 836701985a324c7a91d99b00a430353b - - default default] 10.0.0.97 "POST /v2.0/ports HTTP/1.1" status: 201 len: 1123 time: 0.5109286
2026-05-29 07:04:28.428 9 WARNING neutron.scheduler.dhcp_agent_scheduler [None req-5c3d16a2-46cf-4c43-b87d-31c456dd061a 0531d151a27c4bc5903fb58390f07935 5cfffc45c7c44ab59095aebca3d0e51f - - default default] No more DHCP agents
2026-05-29 07:04:28.431 9 WARNING neutron.api.rpc.agentnotifiers.dhcp_rpc_agent_api [None req-5c3d16a2-46cf-4c43-b87d-31c456dd061a 0531d151a27c4bc5903fb58390f07935 5cfffc45c7c44ab59095aebca3d0e51f - - default default] Unable to schedule network e98ca2f6-9d03-45b7-a913-0503db65e33d: no agents available; will retry on subsequent port and subnet creation events.
2026-05-29 07:04:28.616 9 INFO neutron.db.ovn_revision_numbers_db [None req-5c3d16a2-46cf-4c43-b87d-31c456dd061a 0531d151a27c4bc5903fb58390f07935 5cfffc45c7c44ab59095aebca3d0e51f - - default default] Successfully bumped revision number for resource ffc3dd1f-ee59-4556-8b00-95aaa7057374 (type: ports) to 1
2026-05-29 07:04:29.157 10 INFO neutron.wsgi [None req-23f25175-ff5a-4c1f-9db7-3f7268138548 71dcda9f37d34826bc505e58f17f77bd 836701985a324c7a91d99b00a430353b - - default default] 10.0.0.97 "DELETE /v2.0/ports/d06956af-b7ce-427d-ad50-4c67810bf3c5 HTTP/1.1" status: 204 len: 168 time: 0.8767052
2026-05-29 07:04:29.182 10 INFO neutron.pecan_wsgi.hooks.translation [None req-20206811-0e09-42a4-acfc-48ff37dbd7d0 71dcda9f37d34826bc505e58f17f77bd 836701985a324c7a91d99b00a430353b - - default default] GET failed (client error): The resource could not be found.
2026-05-29 07:04:29.185 10 INFO neutron.wsgi [None req-20206811-0e09-42a4-acfc-48ff37dbd7d0 71dcda9f37d34826bc505e58f17f77bd 836701985a324c7a91d99b00a430353b - - default default] 10.0.0.97 "GET /v2.0/ports/d06956af-b7ce-427d-ad50-4c67810bf3c5 HTTP/1.1" status: 404 len: 333 time: 0.0238514
2026-05-29 07:04:29.228 10 INFO neutron.plugins.ml2.drivers.ovn.mech_driver.mech_driver [None req-2a3f324f-f047-4764-922a-a06fd19eac68 - - - - - -] OVN reports status up for port: ffc3dd1f-ee59-4556-8b00-95aaa7057374
2026-05-29 07:04:29.242 10 INFO neutron.plugins.ml2.drivers.ovn.mech_driver.ovsdb.ovsdb_monitor [None req-6af862b9-69b8-43cf-900f-a4544201b511 - - - - - -] Router 4d87c6df-5938-4a6a-b003-31ab9f4f1e97 is bound to host instance
2026-05-29 07:04:29.255 9 INFO neutron.db.ovn_revision_numbers_db [None req-5c3d16a2-46cf-4c43-b87d-31c456dd061a 0531d151a27c4bc5903fb58390f07935 5cfffc45c7c44ab59095aebca3d0e51f - - default default] Successfully bumped revision number for resource ffc3dd1f-ee59-4556-8b00-95aaa7057374 (type: router_ports) to 1
2026-05-29 07:04:29.284 10 INFO neutron.plugins.ml2.plugin [None req-2a3f324f-f047-4764-922a-a06fd19eac68 - - - - - -] Attempt 1 to provision port ffc3dd1f-ee59-4556-8b00-95aaa7057374
2026-05-29 07:04:29.357 9 INFO neutron.db.ovn_revision_numbers_db [None req-5c3d16a2-46cf-4c43-b87d-31c456dd061a 0531d151a27c4bc5903fb58390f07935 5cfffc45c7c44ab59095aebca3d0e51f - - default default] Successfully bumped revision number for resource 4d87c6df-5938-4a6a-b003-31ab9f4f1e97 (type: routers) to 2
2026-05-29 07:04:29.374 9 INFO neutron.wsgi [None req-5c3d16a2-46cf-4c43-b87d-31c456dd061a 0531d151a27c4bc5903fb58390f07935 5cfffc45c7c44ab59095aebca3d0e51f - - default default] 10.0.0.97 "POST /v2.0/routers HTTP/1.1" status: 201 len: 874 time: 1.7192159
2026-05-29 07:04:29.498 10 INFO neutron.wsgi [None req-8b402ec7-da77-4a4e-b03a-2808e2d784f5 71dcda9f37d34826bc505e58f17f77bd 836701985a324c7a91d99b00a430353b - - default default] 10.0.0.97 "DELETE /v2.0/subnets/5132697b-30b7-42bf-b54e-a7e7a3b6d013 HTTP/1.1" status: 204 len: 168 time: 0.3081717
2026-05-29 07:04:29.653 9 INFO neutron.wsgi [None req-59e29ad4-e3c1-40c8-91a4-7b9cbe520839 957f5931b23e4191aeb92e0c1b749c03 5d1c668dbe334423b399a264ff5bdbf8 - - default default] 10.0.0.97 "GET /v2.0/subnets?project_id=5cfffc45c7c44ab59095aebca3d0e51f&cidr=10.100.0.0%2F28 HTTP/1.1" status: 200 len: 207 time: 0.2729971
2026-05-29 07:04:29.804 9 INFO neutron.wsgi [None req-5bbc3c75-528a-44ad-b7d8-c0a457a77b98 957f5931b23e4191aeb92e0c1b749c03 5d1c668dbe334423b399a264ff5bdbf8 - - default default] 10.0.0.97 "GET /v2.0/networks?router%3Aexternal=True HTTP/1.1" status: 200 len: 947 time: 0.1433420
2026-05-29 07:04:29.828 10 INFO neutron.db.ovn_revision_numbers_db [None req-6af862b9-69b8-43cf-900f-a4544201b511 - - - - - -] Successfully bumped revision number for resource ffc3dd1f-ee59-4556-8b00-95aaa7057374 (type: ports) to 1
2026-05-29 07:04:29.833 9 INFO neutron.wsgi [None req-b27ab489-4853-47b9-a6e0-5bf39be02c24 957f5931b23e4191aeb92e0c1b749c03 5d1c668dbe334423b399a264ff5bdbf8 - - default default] 10.0.0.97 "GET /v2.0/subnets?network_id=e98ca2f6-9d03-45b7-a913-0503db65e33d&cidr=10.100.0.0%2F28 HTTP/1.1" status: 200 len: 207 time: 0.0233421
2026-05-29 07:04:29.845 10 WARNING neutron_lib.context [None req-fcdbfe64-0d9d-4e6f-86e6-0bfd80f59015 0531d151a27c4bc5903fb58390f07935 5cfffc45c7c44ab59095aebca3d0e51f - - default default] Method 'is_advsvc' is deprecated since 2023.2 release (neutron-lib 3.8.0) and will be removed once support for the old RBAC API policies will be removed from Neutron. Please use method 'is_service_role' instead.
2026-05-29 07:04:29.998 9 INFO neutron.services.segments.plugin [-] Segment be7311f8-92cf-4b30-a8be-44bffbbf0eea resource provider aggregate not found
2026-05-29 07:04:30.004 9 INFO neutron.services.segments.plugin [-] Segment be7311f8-92cf-4b30-a8be-44bffbbf0eea resource provider aggregate not found
2026-05-29 07:04:30.011 9 INFO neutron.services.segments.plugin [-] Segment be7311f8-92cf-4b30-a8be-44bffbbf0eea resource provider not found; error: Placement Client Error (4xx): {"errors": [{"status": 404, "title": "Not Found", "detail": "The resource could not be found.\n\n No resource provider with uuid be7311f8-92cf-4b30-a8be-44bffbbf0eea found for delete ", "request_id": "req-8801cf34-cf0c-4424-9aad-a7123246b223"}]}
2026-05-29 07:04:30.029 9 INFO neutron.services.segments.plugin [-] Segment be7311f8-92cf-4b30-a8be-44bffbbf0eea resource provider not found; error: Placement Client Error (4xx): {"errors": [{"status": 404, "title": "Not Found", "detail": "The resource could not be found.\n\n No resource provider with uuid be7311f8-92cf-4b30-a8be-44bffbbf0eea found for delete ", "request_id": "req-ea6a447b-bb28-4d5d-8bda-f9d40070ddca"}]}
2026-05-29 07:04:30.060 9 INFO neutron.wsgi [None req-856c000f-5dbc-4f8c-a32a-ff7440a339fc 71dcda9f37d34826bc505e58f17f77bd 836701985a324c7a91d99b00a430353b - - default default] 10.0.0.97 "DELETE /v2.0/networks/cdf6798d-2800-4f90-a6c1-1c2132389bd8 HTTP/1.1" status: 204 len: 168 time: 0.5541239
2026-05-29 07:04:30.075 9 WARNING neutron_lib.context [None req-331667b8-e29d-4445-a2cf-9efa19b29b40 71dcda9f37d34826bc505e58f17f77bd 836701985a324c7a91d99b00a430353b - - default default] Method 'is_advsvc' is deprecated since 2023.2 release (neutron-lib 3.8.0) and will be removed once support for the old RBAC API policies will be removed from Neutron. Please use method 'is_service_role' instead.
2026-05-29 07:04:30.157 10 INFO neutron.db.ovn_revision_numbers_db [None req-6af862b9-69b8-43cf-900f-a4544201b511 - - - - - -] Successfully bumped revision number for resource ffc3dd1f-ee59-4556-8b00-95aaa7057374 (type: router_ports) to 3
2026-05-29 07:04:30.190 10 WARNING neutron.scheduler.dhcp_agent_scheduler [None req-fcdbfe64-0d9d-4e6f-86e6-0bfd80f59015 0531d151a27c4bc5903fb58390f07935 5cfffc45c7c44ab59095aebca3d0e51f - - default default] No more DHCP agents
2026-05-29 07:04:30.193 10 WARNING neutron.api.rpc.agentnotifiers.dhcp_rpc_agent_api [None req-fcdbfe64-0d9d-4e6f-86e6-0bfd80f59015 0531d151a27c4bc5903fb58390f07935 5cfffc45c7c44ab59095aebca3d0e51f - - default default] Unable to schedule network f5a05942-ee11-41f4-b29d-99810b186f59: no agents available; will retry on subsequent port and subnet creation events.
2026-05-29 07:04:30.329 9 WARNING neutron.scheduler.dhcp_agent_scheduler [None req-331667b8-e29d-4445-a2cf-9efa19b29b40 71dcda9f37d34826bc505e58f17f77bd 836701985a324c7a91d99b00a430353b - - default default] No more DHCP agents
2026-05-29 07:04:30.333 9 WARNING neutron.api.rpc.agentnotifiers.dhcp_rpc_agent_api [None req-331667b8-e29d-4445-a2cf-9efa19b29b40 71dcda9f37d34826bc505e58f17f77bd 836701985a324c7a91d99b00a430353b - - default default] Unable to schedule network 3a861b32-968a-4dba-8a47-50cf436a72b6: no agents available; will retry on subsequent port and subnet creation events.
2026-05-29 07:04:30.404 10 INFO neutron.db.ovn_revision_numbers_db [None req-6af862b9-69b8-43cf-900f-a4544201b511 - - - - - -] Successfully bumped revision number for resource ffc3dd1f-ee59-4556-8b00-95aaa7057374 (type: ports) to 2
2026-05-29 07:04:30.467 9 INFO neutron.db.ovn_revision_numbers_db [None req-331667b8-e29d-4445-a2cf-9efa19b29b40 71dcda9f37d34826bc505e58f17f77bd 836701985a324c7a91d99b00a430353b - - default default] Successfully bumped revision number for resource c6c193bc-0cc8-4a08-a721-2cb17ce8e153 (type: ports) to 1
2026-05-29 07:04:30.498 9 INFO neutron.wsgi [None req-331667b8-e29d-4445-a2cf-9efa19b29b40 71dcda9f37d34826bc505e58f17f77bd 836701985a324c7a91d99b00a430353b - - default default] 10.0.0.97 "POST /v2.0/ports HTTP/1.1" status: 201 len: 978 time: 0.4277232 /var/lib/openstack/lib/python3.10/site-packages/pycadf/identifier.py:71: UserWarning: Invalid uuid: neutron. To ensure interoperability, identifiers should be a valid uuid. warnings.warn(('Invalid uuid: %s. To ensure interoperability, '
2026-05-29 07:04:30.755 10 INFO neutron.db.ovn_revision_numbers_db [None req-6af862b9-69b8-43cf-900f-a4544201b511 - - - - - -] Successfully bumped revision number for resource ffc3dd1f-ee59-4556-8b00-95aaa7057374 (type: ports) to 4
2026-05-29 07:04:30.805 9 INFO neutron.db.ovn_revision_numbers_db [None req-329e6b37-c6ce-419c-baec-106d3c6ec7fa 71dcda9f37d34826bc505e58f17f77bd 836701985a324c7a91d99b00a430353b - - default default] Successfully bumped revision number for resource c6c193bc-0cc8-4a08-a721-2cb17ce8e153 (type: ports) to 2
2026-05-29 07:04:30.822 9 INFO neutron.wsgi [None req-329e6b37-c6ce-419c-baec-106d3c6ec7fa 71dcda9f37d34826bc505e58f17f77bd 836701985a324c7a91d99b00a430353b - - default default] 10.0.0.97 "PUT /v2.0/ports/c6c193bc-0cc8-4a08-a721-2cb17ce8e153 HTTP/1.1" status: 200 len: 946 time: 0.3173552 /var/lib/openstack/lib/python3.10/site-packages/pycadf/identifier.py:71: UserWarning: Invalid uuid: neutron. To ensure interoperability, identifiers should be a valid uuid. warnings.warn(('Invalid uuid: %s. To ensure interoperability, '
2026-05-29 07:04:31.098 9 INFO neutron.wsgi [None req-82f55743-77d3-45b0-87ad-5826b074735d 71dcda9f37d34826bc505e58f17f77bd 836701985a324c7a91d99b00a430353b - - default default] 10.0.0.97 "DELETE /v2.0/ports/c6c193bc-0cc8-4a08-a721-2cb17ce8e153 HTTP/1.1" status: 204 len: 168 time: 0.2700608
2026-05-29 07:04:31.206 9 INFO neutron.wsgi [None req-b24a99f6-96c6-451f-a358-d87a713c52dd 71dcda9f37d34826bc505e58f17f77bd 836701985a324c7a91d99b00a430353b - - default default] 10.0.0.97 "GET /v2.0/ports HTTP/1.1" status: 200 len: 1733 time: 0.1016405
2026-05-29 07:04:31.232 9 INFO neutron.pecan_wsgi.hooks.translation [None req-bcb09d6c-aea4-4a7f-8a5c-fd1608a835b0 71dcda9f37d34826bc505e58f17f77bd 836701985a324c7a91d99b00a430353b - - default default] GET failed (client error): The resource could not be found.
2026-05-29 07:04:31.234 9 INFO neutron.wsgi [None req-bcb09d6c-aea4-4a7f-8a5c-fd1608a835b0 71dcda9f37d34826bc505e58f17f77bd 836701985a324c7a91d99b00a430353b - - default default] 10.0.0.97 "GET /v2.0/ports/c6c193bc-0cc8-4a08-a721-2cb17ce8e153 HTTP/1.1" status: 404 len: 333 time: 0.0208454
2026-05-29 07:04:31.286 9 INFO neutron.wsgi [None req-d7f671e6-5b78-4313-a666-4688503112f5 71dcda9f37d34826bc505e58f17f77bd 836701985a324c7a91d99b00a430353b - - default default] 10.0.0.97 "GET /v2.0/ports HTTP/1.1" status: 200 len: 1733 time: 0.0414300
2026-05-29 07:04:31.337 10 INFO neutron.db.ovn_revision_numbers_db [None req-fcdbfe64-0d9d-4e6f-86e6-0bfd80f59015 0531d151a27c4bc5903fb58390f07935 5cfffc45c7c44ab59095aebca3d0e51f - - default default] Successfully bumped revision number for resource 0e284c8b-ceb5-4112-889e-eb9d2e51aa9b (type: ports) to 2
2026-05-29 07:04:31.355 9 INFO neutron.wsgi [None req-63414fcc-8872-4c72-b622-56bf2dcf1caa 71dcda9f37d34826bc505e58f17f77bd 836701985a324c7a91d99b00a430353b - - default default] 10.0.0.97 "GET /v2.0/ports/47488175-6865-4653-bd81-54d5565fc2e4 HTTP/1.1" status: 200 len: 973 time: 0.0557916
2026-05-29 07:04:31.364 9 INFO neutron.wsgi [req-e79d158f-e88b-4c84-837b-c4caf534bfb8 req-b2739ede-83d1-416d-aa6c-320f79879052 8ccd67e3d6794f418eaf234fb8ea2616 cab9c5b69d5c4ee7a91f227694af28c3 - - cd4e054b602b420090beb20b074e9986 cd4e054b602b420090beb20b074e9986] 10.0.0.72 "GET /v2.0/ports?device_id=396dc6fb-3839-472d-8e44-d5ce19ce210a HTTP/1.1" status: 200 len: 1413 time: 0.3627148
2026-05-29 07:04:31.390 10 INFO neutron.db.ovn_revision_numbers_db [None req-fcdbfe64-0d9d-4e6f-86e6-0bfd80f59015 0531d151a27c4bc5903fb58390f07935 5cfffc45c7c44ab59095aebca3d0e51f - - default default] Successfully bumped revision number for resource d33962f6-8eb9-4169-b15d-899b093046a7 (type: subnets) to 0
2026-05-29 07:04:31.404 9 INFO neutron.pecan_wsgi.hooks.translation [None req-5b664758-09f1-44e3-983b-e25dae595933 71dcda9f37d34826bc505e58f17f77bd 836701985a324c7a91d99b00a430353b - - default default] DELETE failed (client error): The resource could not be found.
2026-05-29 07:04:31.407 9 INFO neutron.wsgi [None req-5b664758-09f1-44e3-983b-e25dae595933 71dcda9f37d34826bc505e58f17f77bd 836701985a324c7a91d99b00a430353b - - default default] 10.0.0.97 "DELETE /v2.0/ports/d06956af-b7ce-427d-ad50-4c67810bf3c5 HTTP/1.1" status: 404 len: 333 time: 0.0353796
2026-05-29 07:04:31.411 10 INFO neutron.wsgi [None req-fcdbfe64-0d9d-4e6f-86e6-0bfd80f59015 0531d151a27c4bc5903fb58390f07935 5cfffc45c7c44ab59095aebca3d0e51f - - default default] 10.0.0.97 "POST /v2.0/subnets HTTP/1.1" status: 201 len: 831 time: 1.5715513
2026-05-29 07:04:31.425 10 INFO neutron.db.ovn_revision_numbers_db [None req-6af862b9-69b8-43cf-900f-a4544201b511 - - - - - -] Successfully bumped revision number for resource ffc3dd1f-ee59-4556-8b00-95aaa7057374 (type: router_ports) to 4
2026-05-29 07:04:31.437 10 INFO neutron.pecan_wsgi.hooks.translation [None req-feb4f3fb-a105-4ce9-aca7-4f6856b6b9ca 71dcda9f37d34826bc505e58f17f77bd 836701985a324c7a91d99b00a430353b - - default default] DELETE failed (client error): The resource could not be found.
2026-05-29 07:04:31.440 10 INFO neutron.wsgi [None req-feb4f3fb-a105-4ce9-aca7-4f6856b6b9ca 71dcda9f37d34826bc505e58f17f77bd 836701985a324c7a91d99b00a430353b - - default default] 10.0.0.97 "DELETE /v2.0/subnets/5132697b-30b7-42bf-b54e-a7e7a3b6d013 HTTP/1.1" status: 404 len: 337 time: 0.0258975
2026-05-29 07:04:31.465 10 INFO neutron.pecan_wsgi.hooks.translation [None req-d8a06dd1-e346-4509-96c8-fe1ecb5d2d66 71dcda9f37d34826bc505e58f17f77bd 836701985a324c7a91d99b00a430353b - - default default] DELETE failed (client error): The resource could not be found.
2026-05-29 07:04:31.468 10 INFO neutron.wsgi [None req-d8a06dd1-e346-4509-96c8-fe1ecb5d2d66 71dcda9f37d34826bc505e58f17f77bd 836701985a324c7a91d99b00a430353b - - default default] 10.0.0.97 "DELETE /v2.0/subnets/845a6b79-e038-481e-8a25-645a3b222be9 HTTP/1.1" status: 404 len: 337 time: 0.0225320
2026-05-29 07:04:31.470 9 INFO neutron.wsgi [req-e79d158f-e88b-4c84-837b-c4caf534bfb8 req-58f1f0b6-95b1-4428-9774-33d9c15025c9 8ccd67e3d6794f418eaf234fb8ea2616 cab9c5b69d5c4ee7a91f227694af28c3 - - cd4e054b602b420090beb20b074e9986 cd4e054b602b420090beb20b074e9986] 10.0.0.72 "GET /v2.0/security-groups?id=2ccaeb21-5311-4b9c-a4f2-af4965fe51a9&fields=id&fields=name HTTP/1.1" status: 200 len: 312 time: 0.0970340
2026-05-29 07:04:31.586 10 INFO neutron.plugins.ml2.drivers.ovn.mech_driver.mech_driver [None req-2a3f324f-f047-4764-922a-a06fd19eac68 - - - - - -] OVN reports status down for port: c6c193bc-0cc8-4a08-a721-2cb17ce8e153
2026-05-29 07:04:31.824 9 INFO neutron.wsgi [None req-40df1581-fea1-4777-b0fd-7568907fba10 71dcda9f37d34826bc505e58f17f77bd 836701985a324c7a91d99b00a430353b - - default default] 10.0.0.97 "DELETE /v2.0/ports/47488175-6865-4653-bd81-54d5565fc2e4 HTTP/1.1" status: 204 len: 168 time: 0.3507755
2026-05-29 07:04:31.934 10 WARNING neutron_lib.context [None req-f3b4e39e-bac5-418f-b84a-70adf7beb1c2 8e89e5d5c152424b9622cf6b73c0e7aa 025fbf7e6de9444e8479c32a3eea18e2 - - default default] Method 'is_advsvc' is deprecated since 2023.2 release (neutron-lib 3.8.0) and will be removed once support for the old RBAC API policies will be removed from Neutron. Please use method 'is_service_role' instead.
2026-05-29 07:04:32.132 9 WARNING neutron.scheduler.dhcp_agent_scheduler [None req-9fe66e8d-3f87-4fad-9966-512dd3ad8bbd 0531d151a27c4bc5903fb58390f07935 5cfffc45c7c44ab59095aebca3d0e51f - - default default] No more DHCP agents
2026-05-29 07:04:32.141 9 WARNING neutron.api.rpc.agentnotifiers.dhcp_rpc_agent_api [None req-9fe66e8d-3f87-4fad-9966-512dd3ad8bbd 0531d151a27c4bc5903fb58390f07935 5cfffc45c7c44ab59095aebca3d0e51f - - default default] Unable to schedule network f5a05942-ee11-41f4-b29d-99810b186f59: no agents available; will retry on subsequent port and subnet creation events.
2026-05-29 07:04:32.144 10 INFO neutron.db.ovn_revision_numbers_db [None req-f3b4e39e-bac5-418f-b84a-70adf7beb1c2 8e89e5d5c152424b9622cf6b73c0e7aa 025fbf7e6de9444e8479c32a3eea18e2 - - default default] Successfully bumped revision number for resource cfa99cb3-66e0-4a16-8ca7-c9a850791f42 (type: security_groups) to 1
2026-05-29 07:04:32.160 10 INFO neutron.db.ovn_revision_numbers_db [None req-f3b4e39e-bac5-418f-b84a-70adf7beb1c2 8e89e5d5c152424b9622cf6b73c0e7aa 025fbf7e6de9444e8479c32a3eea18e2 - - default default] Successfully bumped revision number for resource 0687f837-8256-4298-942b-b72c5a6eff11 (type: security_group_rules) to 0
2026-05-29 07:04:32.199 10 INFO neutron.db.ovn_revision_numbers_db [None req-f3b4e39e-bac5-418f-b84a-70adf7beb1c2 8e89e5d5c152424b9622cf6b73c0e7aa 025fbf7e6de9444e8479c32a3eea18e2 - - default default] Successfully bumped revision number for resource 140c61f7-20d3-4a51-a0c1-258720633586 (type: security_group_rules) to 0
2026-05-29 07:04:32.221 10 INFO neutron.db.ovn_revision_numbers_db [None req-f3b4e39e-bac5-418f-b84a-70adf7beb1c2 8e89e5d5c152424b9622cf6b73c0e7aa 025fbf7e6de9444e8479c32a3eea18e2 - - default default] Successfully bumped revision number for resource 19951af1-33b8-4fa3-bb66-ad5469f23309 (type: security_group_rules) to 0
2026-05-29 07:04:32.244 10 INFO neutron.db.ovn_revision_numbers_db [None req-f3b4e39e-bac5-418f-b84a-70adf7beb1c2 8e89e5d5c152424b9622cf6b73c0e7aa 025fbf7e6de9444e8479c32a3eea18e2 - - default default] Successfully bumped revision number for resource 9556c30c-7e23-4bea-bcb0-97fc2016b574 (type: security_group_rules) to 0
2026-05-29 07:04:32.294 10 INFO neutron.services.segments.plugin [-] Segment c8f31205-e23a-4d08-8a48-26539c17d1b8 resource provider aggregate not found
2026-05-29 07:04:32.312 10 INFO neutron.services.segments.plugin [-] Segment c8f31205-e23a-4d08-8a48-26539c17d1b8 resource provider aggregate not found
2026-05-29 07:04:32.326 10 INFO neutron.services.segments.plugin [-] Segment c8f31205-e23a-4d08-8a48-26539c17d1b8 resource provider not found; error: Placement Client Error (4xx): {"errors": [{"status": 404, "title": "Not Found", "detail": "The resource could not be found.\n\n No resource provider with uuid c8f31205-e23a-4d08-8a48-26539c17d1b8 found for delete ", "request_id": "req-916936fc-6e78-48f7-9ed4-82948e52c6e9"}]}
2026-05-29 07:04:32.340 10 INFO neutron.services.segments.plugin [-] Segment c8f31205-e23a-4d08-8a48-26539c17d1b8 resource provider not found; error: Placement Client Error (4xx): {"errors": [{"status": 404, "title": "Not Found", "detail": "The resource could not be found.\n\n No resource provider with uuid c8f31205-e23a-4d08-8a48-26539c17d1b8 found for delete ", "request_id": "req-2cdff228-0c72-4c4a-af60-6a55bc4ccab7"}]}
2026-05-29 07:04:32.359 9 INFO neutron.db.ovn_revision_numbers_db [None req-9fe66e8d-3f87-4fad-9966-512dd3ad8bbd 0531d151a27c4bc5903fb58390f07935 5cfffc45c7c44ab59095aebca3d0e51f - - default default] Successfully bumped revision number for resource 80cb3dfb-63fc-409c-8713-6fee8df53f07 (type: ports) to 1
2026-05-29 07:04:32.381 10 INFO neutron.wsgi [None req-29a8ce33-8f11-42b8-b239-b2bce83cdc49 71dcda9f37d34826bc505e58f17f77bd 836701985a324c7a91d99b00a430353b - - default default] 10.0.0.97 "DELETE /v2.0/networks/3a861b32-968a-4dba-8a47-50cf436a72b6 HTTP/1.1" status: 204 len: 168 time: 0.5477409
2026-05-29 07:04:32.413 10 INFO neutron.db.ovn_revision_numbers_db [None req-f3b4e39e-bac5-418f-b84a-70adf7beb1c2 8e89e5d5c152424b9622cf6b73c0e7aa 025fbf7e6de9444e8479c32a3eea18e2 - - default default] Successfully bumped revision number for resource 611f724e-230e-4024-870a-35dd4c76176a (type: security_groups) to 1
2026-05-29 07:04:32.434 10 INFO neutron.db.ovn_revision_numbers_db [None req-f3b4e39e-bac5-418f-b84a-70adf7beb1c2 8e89e5d5c152424b9622cf6b73c0e7aa 025fbf7e6de9444e8479c32a3eea18e2 - - default default] Successfully bumped revision number for resource 27afbf6c-d511-404a-8a1c-a4c6be4e662f (type: security_group_rules) to 0
2026-05-29 07:04:32.451 10 INFO neutron.db.ovn_revision_numbers_db [None req-f3b4e39e-bac5-418f-b84a-70adf7beb1c2 8e89e5d5c152424b9622cf6b73c0e7aa 025fbf7e6de9444e8479c32a3eea18e2 - - default default] Successfully bumped revision number for resource fd1debf4-078d-4f27-b660-6437268350c3 (type: security_group_rules) to 0
2026-05-29 07:04:32.474 10 INFO neutron.wsgi [None req-f3b4e39e-bac5-418f-b84a-70adf7beb1c2 8e89e5d5c152424b9622cf6b73c0e7aa 025fbf7e6de9444e8479c32a3eea18e2 - - default default] 10.0.0.97 "POST /v2.0/security-groups HTTP/1.1" status: 201 len: 1737 time: 0.5942805
2026-05-29 07:04:32.488 10 WARNING neutron_lib.context [None req-6a86a571-95c3-43a5-8fd2-4d0995525ce1 8e89e5d5c152424b9622cf6b73c0e7aa 025fbf7e6de9444e8479c32a3eea18e2 - - default default] Method 'is_advsvc' is deprecated since 2023.2 release (neutron-lib 3.8.0) and will be removed once support for the old RBAC API policies will be removed from Neutron. Please use method 'is_service_role' instead.
2026-05-29 07:04:32.619 10 INFO neutron.db.ovn_revision_numbers_db [None req-6a86a571-95c3-43a5-8fd2-4d0995525ce1 8e89e5d5c152424b9622cf6b73c0e7aa 025fbf7e6de9444e8479c32a3eea18e2 - - default default] Successfully bumped revision number for resource 8dbc74a6-e18a-4598-9d8c-b870da5aed08 (type: security_groups) to 1
2026-05-29 07:04:32.637 10 INFO neutron.db.ovn_revision_numbers_db [None req-6a86a571-95c3-43a5-8fd2-4d0995525ce1 8e89e5d5c152424b9622cf6b73c0e7aa 025fbf7e6de9444e8479c32a3eea18e2 - - default default] Successfully bumped revision number for resource 3f524036-2ce8-40fe-9bc3-e37ca9b7cff0 (type: security_group_rules) to 0
2026-05-29 07:04:32.654 10 INFO neutron.db.ovn_revision_numbers_db [None req-6a86a571-95c3-43a5-8fd2-4d0995525ce1 8e89e5d5c152424b9622cf6b73c0e7aa 025fbf7e6de9444e8479c32a3eea18e2 - - default default] Successfully bumped revision number for resource 4e1ca0c6-ec55-497e-8e76-925218d9ae0c (type: security_group_rules) to 0
2026-05-29 07:04:32.679 10 INFO neutron.wsgi [None req-6a86a571-95c3-43a5-8fd2-4d0995525ce1 8e89e5d5c152424b9622cf6b73c0e7aa 025fbf7e6de9444e8479c32a3eea18e2 - - default default] 10.0.0.97 "POST /v2.0/security-groups HTTP/1.1" status: 201 len: 1737 time: 0.1977274
2026-05-29 07:04:32.689 10 WARNING neutron_lib.context [None req-74404e02-6dd9-4597-aa78-d68e2db90d75 8e89e5d5c152424b9622cf6b73c0e7aa 025fbf7e6de9444e8479c32a3eea18e2 - - default default] Method 'is_advsvc' is deprecated since 2023.2 release (neutron-lib 3.8.0) and will be removed once support for the old RBAC API policies will be removed from Neutron. Please use method 'is_service_role' instead.
2026-05-29 07:04:32.843 10 INFO neutron.db.ovn_revision_numbers_db [None req-74404e02-6dd9-4597-aa78-d68e2db90d75 8e89e5d5c152424b9622cf6b73c0e7aa 025fbf7e6de9444e8479c32a3eea18e2 - - default default] Successfully bumped revision number for resource dc7b5e34-cf24-4253-b2dd-2234f2b75077 (type: security_groups) to 1
2026-05-29 07:04:32.859 10 INFO neutron.db.ovn_revision_numbers_db [None req-74404e02-6dd9-4597-aa78-d68e2db90d75 8e89e5d5c152424b9622cf6b73c0e7aa 025fbf7e6de9444e8479c32a3eea18e2 - - default default] Successfully bumped revision number for resource 67314696-99e2-40a1-a89b-65cb0d5eaf91 (type: security_group_rules) to 0
2026-05-29 07:04:32.875 10 INFO neutron.db.ovn_revision_numbers_db [None req-74404e02-6dd9-4597-aa78-d68e2db90d75 8e89e5d5c152424b9622cf6b73c0e7aa 025fbf7e6de9444e8479c32a3eea18e2 - - default default] Successfully bumped revision number for resource f691e69c-8f59-4f35-b111-86fa3d53a3ca (type: security_group_rules) to 0
2026-05-29 07:04:32.896 10 INFO neutron.wsgi [None req-74404e02-6dd9-4597-aa78-d68e2db90d75 8e89e5d5c152424b9622cf6b73c0e7aa 025fbf7e6de9444e8479c32a3eea18e2 - - default default] 10.0.0.97 "POST /v2.0/security-groups HTTP/1.1" status: 201 len: 1737 time: 0.2118104
2026-05-29 07:04:32.907 10 WARNING neutron_lib.context [None req-425daf67-1288-4fc3-b288-7c838b9759c2 8e89e5d5c152424b9622cf6b73c0e7aa 025fbf7e6de9444e8479c32a3eea18e2 - - default default] Method 'is_advsvc' is deprecated since 2023.2 release (neutron-lib 3.8.0) and will be removed once support for the old RBAC API policies will be removed from Neutron. Please use method 'is_service_role' instead.
2026-05-29 07:04:33.044 10 INFO neutron.db.ovn_revision_numbers_db [None req-425daf67-1288-4fc3-b288-7c838b9759c2 8e89e5d5c152424b9622cf6b73c0e7aa 025fbf7e6de9444e8479c32a3eea18e2 - - default default] Successfully bumped revision number for resource 9421ad9a-c101-4674-b10c-47b1d8268455 (type: security_groups) to 1
2026-05-29 07:04:33.062 10 INFO neutron.db.ovn_revision_numbers_db [None req-425daf67-1288-4fc3-b288-7c838b9759c2 8e89e5d5c152424b9622cf6b73c0e7aa 025fbf7e6de9444e8479c32a3eea18e2 - - default default] Successfully bumped revision number for resource 54a5dfeb-3a28-4b25-99d7-0b3cf7a7bdf6 (type: security_group_rules) to 0
2026-05-29 07:04:33.073 10 INFO neutron.wsgi [None req-71acadd3-42d2-4f69-b5c7-3dc8ca1d6ceb 5af4d8153f78468fab62759554c78630 a3ad3e858eb04234a54a62e3101c8323 - - default default] 10.0.0.97 "GET /v2.0/security-groups?tenant_id=836701985a324c7a91d99b00a430353b&name=default HTTP/1.1" status: 200 len: 2996 time: 0.1516623
2026-05-29 07:04:33.087 10 INFO neutron.db.ovn_revision_numbers_db [None req-425daf67-1288-4fc3-b288-7c838b9759c2 8e89e5d5c152424b9622cf6b73c0e7aa 025fbf7e6de9444e8479c32a3eea18e2 - - default default] Successfully bumped revision number for resource b09c7b30-4c02-4503-bf65-8a12adabcb7e (type: security_group_rules) to 0
2026-05-29 07:04:33.118 10 INFO neutron.wsgi [None req-425daf67-1288-4fc3-b288-7c838b9759c2 8e89e5d5c152424b9622cf6b73c0e7aa 025fbf7e6de9444e8479c32a3eea18e2 - - default default] 10.0.0.97 "POST /v2.0/security-groups HTTP/1.1" status: 201 len: 1737 time: 0.2155414
2026-05-29 07:04:33.131 9 WARNING neutron_lib.context [None req-7b48d384-0a6d-4530-acaa-9fdcaa0c7f3c 8e89e5d5c152424b9622cf6b73c0e7aa 025fbf7e6de9444e8479c32a3eea18e2 - - default default] Method 'is_advsvc' is deprecated since 2023.2 release (neutron-lib 3.8.0) and will be removed once support for the old RBAC API policies will be removed from Neutron. Please use method 'is_service_role' instead.
2026-05-29 07:04:33.305 10 INFO neutron.wsgi [None req-4e552b51-1b15-4357-afee-6803baa8ef53 5af4d8153f78468fab62759554c78630 a3ad3e858eb04234a54a62e3101c8323 - - default default] 10.0.0.97 "DELETE /v2.0/security-groups/ebedf281-6713-4f9c-bfa7-1f58ec536f6a HTTP/1.1" status: 204 len: 168 time: 0.2245493
2026-05-29 07:04:33.341 9 INFO neutron.db.ovn_revision_numbers_db [None req-7b48d384-0a6d-4530-acaa-9fdcaa0c7f3c 8e89e5d5c152424b9622cf6b73c0e7aa 025fbf7e6de9444e8479c32a3eea18e2 - - default default] Successfully bumped revision number for resource 1fb61b3f-91ac-4a10-994a-8431ac999944 (type: security_groups) to 1
2026-05-29 07:04:33.359 9 INFO neutron.db.ovn_revision_numbers_db [None req-7b48d384-0a6d-4530-acaa-9fdcaa0c7f3c 8e89e5d5c152424b9622cf6b73c0e7aa 025fbf7e6de9444e8479c32a3eea18e2 - - default default] Successfully bumped revision number for resource 4201ac7d-e4c0-4ecb-9e6c-5d2297a5a554 (type: security_group_rules) to 0
2026-05-29 07:04:33.384 9 INFO neutron.db.ovn_revision_numbers_db [None req-7b48d384-0a6d-4530-acaa-9fdcaa0c7f3c 8e89e5d5c152424b9622cf6b73c0e7aa 025fbf7e6de9444e8479c32a3eea18e2 - - default default] Successfully bumped revision number for resource f58f9d17-f30e-4e4c-8c99-5bcc47227191 (type: security_group_rules) to 0
2026-05-29 07:04:33.427 9 INFO neutron.wsgi [None req-7b48d384-0a6d-4530-acaa-9fdcaa0c7f3c 8e89e5d5c152424b9622cf6b73c0e7aa 025fbf7e6de9444e8479c32a3eea18e2 - - default default] 10.0.0.97 "POST /v2.0/security-groups HTTP/1.1" status: 201 len: 1737 time: 0.3035128
2026-05-29 07:04:33.493 10 INFO neutron.wsgi [None req-29a79594-5471-4953-80d2-c9662912adee 8e89e5d5c152424b9622cf6b73c0e7aa 025fbf7e6de9444e8479c32a3eea18e2 - - default default] 10.0.0.97 "PUT /v2.0/security-groups/611f724e-230e-4024-870a-35dd4c76176a/tags HTTP/1.1" status: 200 len: 210 time: 0.0597446
2026-05-29 07:04:33.547 10 INFO neutron.wsgi [None req-09fbc74b-11f4-4ad9-ae85-b1ebd8a77516 8e89e5d5c152424b9622cf6b73c0e7aa 025fbf7e6de9444e8479c32a3eea18e2 - - default default] 10.0.0.97 "PUT /v2.0/security-groups/8dbc74a6-e18a-4598-9d8c-b870da5aed08/tags HTTP/1.1" status: 200 len: 218 time: 0.0462532
2026-05-29 07:04:33.550 9 INFO neutron.plugins.ml2.drivers.ovn.mech_driver.mech_driver [None req-7c75fedf-3653-429d-b6a0-42a37f17b186 - - - - - -] OVN reports status up for port: 80cb3dfb-63fc-409c-8713-6fee8df53f07
2026-05-29 07:04:33.559 9 INFO neutron.plugins.ml2.plugin [None req-7c75fedf-3653-429d-b6a0-42a37f17b186 - - - - - -] Attempt 1 to provision port 80cb3dfb-63fc-409c-8713-6fee8df53f07
2026-05-29 07:04:33.584 9 INFO neutron.db.ovn_revision_numbers_db [None req-9fe66e8d-3f87-4fad-9966-512dd3ad8bbd 0531d151a27c4bc5903fb58390f07935 5cfffc45c7c44ab59095aebca3d0e51f - - default default] Successfully bumped revision number for resource 80cb3dfb-63fc-409c-8713-6fee8df53f07 (type: router_ports) to 1
2026-05-29 07:04:33.618 10 INFO neutron.wsgi [None req-efdb86f0-7b7c-4cfb-a117-ca435ec1e602 8e89e5d5c152424b9622cf6b73c0e7aa 025fbf7e6de9444e8479c32a3eea18e2 - - default default] 10.0.0.97 "PUT /v2.0/security-groups/dc7b5e34-cf24-4253-b2dd-2234f2b75077/tags HTTP/1.1" status: 200 len: 227 time: 0.0657871
2026-05-29 07:04:33.657 10 INFO neutron.wsgi [None req-180b1319-267d-49ff-af2f-6c5414a2be7e 8e89e5d5c152424b9622cf6b73c0e7aa 025fbf7e6de9444e8479c32a3eea18e2 - - default default] 10.0.0.97 "PUT /v2.0/security-groups/9421ad9a-c101-4674-b10c-47b1d8268455/tags HTTP/1.1" status: 200 len: 212 time: 0.0333507
2026-05-29 07:04:33.714 10 INFO neutron.wsgi [None req-fd244f8a-b8f4-4392-a1b0-63a6ef486226 8e89e5d5c152424b9622cf6b73c0e7aa 025fbf7e6de9444e8479c32a3eea18e2 - - default default] 10.0.0.97 "GET /v2.0/security-groups?tags=red HTTP/1.1" status: 200 len: 4813 time: 0.0509953
2026-05-29 07:04:33.781 10 INFO neutron.wsgi [None req-4fb6ab26-a9c8-49e4-8202-6c3f74469417 8e89e5d5c152424b9622cf6b73c0e7aa 025fbf7e6de9444e8479c32a3eea18e2 - - default default] 10.0.0.97 "GET /v2.0/security-groups?tags=red%2Cblue HTTP/1.1" status: 200 len: 3289 time: 0.0604589
2026-05-29 07:04:33.792 9 INFO neutron.db.ovn_revision_numbers_db [None req-9fe66e8d-3f87-4fad-9966-512dd3ad8bbd 0531d151a27c4bc5903fb58390f07935 5cfffc45c7c44ab59095aebca3d0e51f - - default default] Successfully bumped revision number for resource 80cb3dfb-63fc-409c-8713-6fee8df53f07 (type: ports) to 1
2026-05-29 07:04:33.838 10 INFO neutron.wsgi [None req-3ed937c3-bdc5-4051-ad19-a1e2846d01cc 8e89e5d5c152424b9622cf6b73c0e7aa 025fbf7e6de9444e8479c32a3eea18e2 - - default default] 10.0.0.97 "GET /v2.0/security-groups?tags-any=blue HTTP/1.1" status: 200 len: 3289 time: 0.0506644
2026-05-29 07:04:33.890 10 INFO neutron.wsgi [None req-35c8731a-fe8c-4954-9c45-046ababff88c 8e89e5d5c152424b9622cf6b73c0e7aa 025fbf7e6de9444e8479c32a3eea18e2 - - default default] 10.0.0.97 "GET /v2.0/security-groups?tags-any=red%2Cblue HTTP/1.1" status: 200 len: 4813 time: 0.0470433
2026-05-29 07:04:33.912 9 WARNING neutron.scheduler.dhcp_agent_scheduler [None req-9fe66e8d-3f87-4fad-9966-512dd3ad8bbd 0531d151a27c4bc5903fb58390f07935 5cfffc45c7c44ab59095aebca3d0e51f - - default default] No more DHCP agents
2026-05-29 07:04:33.917 9 WARNING neutron.api.rpc.agentnotifiers.dhcp_rpc_agent_api [None req-9fe66e8d-3f87-4fad-9966-512dd3ad8bbd 0531d151a27c4bc5903fb58390f07935 5cfffc45c7c44ab59095aebca3d0e51f - - default default] Unable to schedule network f5a05942-ee11-41f4-b29d-99810b186f59: no agents available; will retry on subsequent port and subnet creation events.
2026-05-29 07:04:33.945 10 INFO neutron.wsgi [None req-468222e8-8420-4536-bab7-f6828637c1ab 8e89e5d5c152424b9622cf6b73c0e7aa 025fbf7e6de9444e8479c32a3eea18e2 - - default default] 10.0.0.97 "GET /v2.0/security-groups?not-tags=red HTTP/1.1" status: 200 len: 6041 time: 0.0469632
2026-05-29 07:04:33.965 9 INFO neutron.db.ovn_revision_numbers_db [None req-7c75fedf-3653-429d-b6a0-42a37f17b186 - - - - - -] Successfully bumped revision number for resource 80cb3dfb-63fc-409c-8713-6fee8df53f07 (type: ports) to 2
2026-05-29 07:04:34.009 10 INFO neutron.wsgi [None req-2ba29622-5499-4c5c-8cd6-87b5eb5cf77b 8e89e5d5c152424b9622cf6b73c0e7aa 025fbf7e6de9444e8479c32a3eea18e2 - - default default] 10.0.0.97 "GET /v2.0/security-groups?not-tags=red%2Cblue HTTP/1.1" status: 200 len: 7565 time: 0.0585010
2026-05-29 07:04:34.050 9 INFO neutron.wsgi [req-abc51b9d-6df8-40ca-b147-9ea00b032e4c req-5ab061db-b08b-46ef-ba5c-b1eb10293eca 86bb112bf68846a6a4e2e4eb4c24241e 7a7622e9453543648f3ef12d15041360 - - default default] 10.0.0.151 "GET /v2.0/ports?device_id=396dc6fb-3839-472d-8e44-d5ce19ce210a HTTP/1.1" status: 200 len: 1174 time: 0.1760175
2026-05-29 07:04:34.070 10 INFO neutron.wsgi [None req-89ba8a4e-53a5-4c89-b268-7726a58afb31 8e89e5d5c152424b9622cf6b73c0e7aa 025fbf7e6de9444e8479c32a3eea18e2 - - default default] 10.0.0.97 "GET /v2.0/security-groups?not-tags-any=blue HTTP/1.1" status: 200 len: 7565 time: 0.0548508
2026-05-29 07:04:34.118 9 INFO neutron.db.ovn_revision_numbers_db [None req-7c75fedf-3653-429d-b6a0-42a37f17b186 - - - - - -] Successfully bumped revision number for resource 80cb3dfb-63fc-409c-8713-6fee8df53f07 (type: router_ports) to 2
2026-05-29 07:04:34.125 9 INFO neutron.wsgi [req-abc51b9d-6df8-40ca-b147-9ea00b032e4c req-eb4e4a05-ba96-46da-b33c-f32412663450 86bb112bf68846a6a4e2e4eb4c24241e 7a7622e9453543648f3ef12d15041360 - - default default] 10.0.0.151 "GET /v2.0/security-groups?id=2ccaeb21-5311-4b9c-a4f2-af4965fe51a9&fields=id&fields=name HTTP/1.1" status: 200 len: 312 time: 0.0674636
2026-05-29 07:04:34.128 10 INFO neutron.wsgi [None req-909b0aa2-6018-4dbe-a1b0-6230375dedbf 8e89e5d5c152424b9622cf6b73c0e7aa 025fbf7e6de9444e8479c32a3eea18e2 - - default default] 10.0.0.97 "GET /v2.0/security-groups?not-tags-any=red%2Cblue HTTP/1.1" status: 200 len: 6041 time: 0.0453932
2026-05-29 07:04:34.268 10 INFO neutron.wsgi [None req-5ed64132-6292-4df8-a627-37848c8a6135 8e89e5d5c152424b9622cf6b73c0e7aa 025fbf7e6de9444e8479c32a3eea18e2 - - default default] 10.0.0.97 "DELETE /v2.0/security-groups/611f724e-230e-4024-870a-35dd4c76176a HTTP/1.1" status: 204 len: 168 time: 0.1237042
2026-05-29 07:04:34.322 9 INFO neutron.db.ovn_revision_numbers_db [None req-9fe66e8d-3f87-4fad-9966-512dd3ad8bbd 0531d151a27c4bc5903fb58390f07935 5cfffc45c7c44ab59095aebca3d0e51f - - default default] Successfully bumped revision number for resource 80cb3dfb-63fc-409c-8713-6fee8df53f07 (type: router_ports) to 2
2026-05-29 07:04:34.325 9 INFO neutron.wsgi [None req-9fe66e8d-3f87-4fad-9966-512dd3ad8bbd 0531d151a27c4bc5903fb58390f07935 5cfffc45c7c44ab59095aebca3d0e51f - - default default] 10.0.0.97 "PUT /v2.0/routers/4d87c6df-5938-4a6a-b003-31ab9f4f1e97/add_router_interface HTTP/1.1" status: 200 len: 503 time: 2.9065475
2026-05-29 07:04:34.414 9 INFO neutron.wsgi [req-9143098e-a2c1-4954-8bb6-3306de50c2cd req-dffb1b59-f42f-43bc-823e-c6a030d27dc8 86bb112bf68846a6a4e2e4eb4c24241e 7a7622e9453543648f3ef12d15041360 - - default default] 10.0.0.151 "GET /v2.0/ports?device_id=396dc6fb-3839-472d-8e44-d5ce19ce210a HTTP/1.1" status: 200 len: 1174 time: 0.0737362
2026-05-29 07:04:34.438 10 INFO neutron.wsgi [None req-01120bab-21a2-443c-a0bb-ed742b5c0c33 8e89e5d5c152424b9622cf6b73c0e7aa 025fbf7e6de9444e8479c32a3eea18e2 - - default default] 10.0.0.97 "DELETE /v2.0/security-groups/8dbc74a6-e18a-4598-9d8c-b870da5aed08 HTTP/1.1" status: 204 len: 168 time: 0.1613629
2026-05-29 07:04:34.480 9 INFO neutron.wsgi [None req-09344044-99e0-4bda-9f9a-feba23a3b0f7 957f5931b23e4191aeb92e0c1b749c03 5d1c668dbe334423b399a264ff5bdbf8 - - default default] 10.0.0.97 "GET /v2.0/networks HTTP/1.1" status: 200 len: 3872 time: 0.1478419
2026-05-29 07:04:34.483 9 INFO neutron.wsgi [req-9143098e-a2c1-4954-8bb6-3306de50c2cd req-bfb936e3-a564-4390-bc0b-7377d8b0856e 86bb112bf68846a6a4e2e4eb4c24241e 7a7622e9453543648f3ef12d15041360 - - default default] 10.0.0.151 "GET /v2.0/security-groups?id=2ccaeb21-5311-4b9c-a4f2-af4965fe51a9&fields=id&fields=name HTTP/1.1" status: 200 len: 312 time: 0.0606616
2026-05-29 07:04:34.552 9 INFO neutron.wsgi [None req-9c47be8e-ce0a-4d85-b3d8-b259f61d5d1b 957f5931b23e4191aeb92e0c1b749c03 5d1c668dbe334423b399a264ff5bdbf8 - - default default] 10.0.0.97 "GET /v2.0/subnets HTTP/1.1" status: 200 len: 2752 time: 0.0649157
2026-05-29 07:04:34.622 10 INFO neutron.wsgi [None req-51bc4ee1-e845-4bbc-b8a2-9f750d1ceb02 8e89e5d5c152424b9622cf6b73c0e7aa 025fbf7e6de9444e8479c32a3eea18e2 - - default default] 10.0.0.97 "DELETE /v2.0/security-groups/dc7b5e34-cf24-4253-b2dd-2234f2b75077 HTTP/1.1" status: 204 len: 168 time: 0.1775763
2026-05-29 07:04:34.779 10 INFO neutron.wsgi [None req-da19f1b7-56b1-4e74-bdc9-8a7512536ab6 8e89e5d5c152424b9622cf6b73c0e7aa 025fbf7e6de9444e8479c32a3eea18e2 - - default default] 10.0.0.97 "DELETE /v2.0/security-groups/9421ad9a-c101-4674-b10c-47b1d8268455 HTTP/1.1" status: 204 len: 168 time: 0.1509755
2026-05-29 07:04:34.903 10 INFO neutron.wsgi [None req-b92d285e-37f4-43c8-9325-42ed6af8e46e 8e89e5d5c152424b9622cf6b73c0e7aa 025fbf7e6de9444e8479c32a3eea18e2 - - default default] 10.0.0.97 "DELETE /v2.0/security-groups/1fb61b3f-91ac-4a10-994a-8431ac999944 HTTP/1.1" status: 204 len: 168 time: 0.1179941
2026-05-29 07:04:35.079 9 INFO neutron.wsgi [None req-670bd1a6-63da-41d1-93a5-f832ee530bd7 957f5931b23e4191aeb92e0c1b749c03 5d1c668dbe334423b399a264ff5bdbf8 - - default default] 10.0.0.97 "GET /v2.0/routers HTTP/1.1" status: 200 len: 1552 time: 0.5200667
2026-05-29 07:04:35.084 9 INFO neutron.wsgi [req-199f471a-27a8-48bd-bfb3-0980da9f538c req-9519c269-d42e-49a6-9a6a-5ccb5effcb17 86bb112bf68846a6a4e2e4eb4c24241e 7a7622e9453543648f3ef12d15041360 - - default default] 199.204.45.144 "GET /v2.0/ports?device_id=396dc6fb-3839-472d-8e44-d5ce19ce210a HTTP/1.1" status: 200 len: 1174 time: 0.0551810
2026-05-29 07:04:35.155 10 WARNING neutron_lib.context [None req-65090165-af65-48ea-b008-721cf00afe5b 0531d151a27c4bc5903fb58390f07935 5cfffc45c7c44ab59095aebca3d0e51f - - default default] Method 'is_advsvc' is deprecated since 2023.2 release (neutron-lib 3.8.0) and will be removed once support for the old RBAC API policies will be removed from Neutron. Please use method 'is_service_role' instead.
2026-05-29 07:04:35.288 10 WARNING neutron_lib.context [None req-f67ee090-4923-4e05-a22e-1cc723cb7fc6 fc4ff05166ba43ce81895a9c156108e6 a4c1cb0d9cb642e4895bb0117041a6b6 - - default default] Method 'is_advsvc' is deprecated since 2023.2 release (neutron-lib 3.8.0) and will be removed once support for the old RBAC API policies will be removed from Neutron. Please use method 'is_service_role' instead.
2026-05-29 07:04:35.319 10 INFO neutron.db.ovn_revision_numbers_db [None req-65090165-af65-48ea-b008-721cf00afe5b 0531d151a27c4bc5903fb58390f07935 5cfffc45c7c44ab59095aebca3d0e51f - - default default] Successfully bumped revision number for resource 733615f6-8fb0-4ff8-966f-414bfaca7ad5 (type: security_groups) to 1
2026-05-29 07:04:35.340 10 INFO neutron.db.ovn_revision_numbers_db [None req-65090165-af65-48ea-b008-721cf00afe5b 0531d151a27c4bc5903fb58390f07935 5cfffc45c7c44ab59095aebca3d0e51f - - default default] Successfully bumped revision number for resource 82c163eb-077a-4403-8b8b-85d11f114a59 (type: security_group_rules) to 0
2026-05-29 07:04:35.368 10 INFO neutron.db.ovn_revision_numbers_db [None req-65090165-af65-48ea-b008-721cf00afe5b 0531d151a27c4bc5903fb58390f07935 5cfffc45c7c44ab59095aebca3d0e51f - - default default] Successfully bumped revision number for resource ba42b384-2013-4766-824b-fe94e156e59f (type: security_group_rules) to 0
2026-05-29 07:04:35.393 10 INFO neutron.wsgi [None req-65090165-af65-48ea-b008-721cf00afe5b 0531d151a27c4bc5903fb58390f07935 5cfffc45c7c44ab59095aebca3d0e51f - - default default] 10.0.0.97 "POST /v2.0/security-groups HTTP/1.1" status: 201 len: 1809 time: 0.2439055
2026-05-29 07:04:35.406 9 WARNING neutron_lib.context [None req-4ebecf87-75e8-468b-816e-ed85eb39d8ee 0531d151a27c4bc5903fb58390f07935 5cfffc45c7c44ab59095aebca3d0e51f - - default default] Method 'is_advsvc' is deprecated since 2023.2 release (neutron-lib 3.8.0) and will be removed once support for the old RBAC API policies will be removed from Neutron. Please use method 'is_service_role' instead.
2026-05-29 07:04:35.443 10 INFO neutron.db.ovn_revision_numbers_db [None req-f67ee090-4923-4e05-a22e-1cc723cb7fc6 fc4ff05166ba43ce81895a9c156108e6 a4c1cb0d9cb642e4895bb0117041a6b6 - - default default] Successfully bumped revision number for resource e7c67ad1-6c05-48a2-b896-043c391916cb (type: security_groups) to 1
2026-05-29 07:04:35.458 10 INFO neutron.db.ovn_revision_numbers_db [None req-f67ee090-4923-4e05-a22e-1cc723cb7fc6 fc4ff05166ba43ce81895a9c156108e6 a4c1cb0d9cb642e4895bb0117041a6b6 - - default default] Successfully bumped revision number for resource 1853f3ef-f626-4191-b0ee-f12b1fc7c7ee (type: security_group_rules) to 0
2026-05-29 07:04:35.475 10 INFO neutron.db.ovn_revision_numbers_db [None req-f67ee090-4923-4e05-a22e-1cc723cb7fc6 fc4ff05166ba43ce81895a9c156108e6 a4c1cb0d9cb642e4895bb0117041a6b6 - - default default] Successfully bumped revision number for resource a351e707-fd72-4520-96c6-cf34dfa2a134 (type: security_group_rules) to 0
2026-05-29 07:04:35.489 10 INFO neutron.db.ovn_revision_numbers_db [None req-f67ee090-4923-4e05-a22e-1cc723cb7fc6 fc4ff05166ba43ce81895a9c156108e6 a4c1cb0d9cb642e4895bb0117041a6b6 - - default default] Successfully bumped revision number for resource cb00bb12-7749-480d-bfef-f93e5c563cae (type: security_group_rules) to 0
2026-05-29 07:04:35.501 10 INFO neutron.db.ovn_revision_numbers_db [None req-f67ee090-4923-4e05-a22e-1cc723cb7fc6 fc4ff05166ba43ce81895a9c156108e6 a4c1cb0d9cb642e4895bb0117041a6b6 - - default default] Successfully bumped revision number for resource f2762005-29cc-4dc4-ab15-67ed334c55aa (type: security_group_rules) to 0
2026-05-29 07:04:35.561 10 INFO neutron.db.segments_db [None req-f67ee090-4923-4e05-a22e-1cc723cb7fc6 fc4ff05166ba43ce81895a9c156108e6 a4c1cb0d9cb642e4895bb0117041a6b6 - - default default] Added segment 79fad171-7585-4b01-b6ef-c3448f58c2b0 of type geneve for network 9ef8062d-1ec1-4b1e-ab85-e850c8d49838
2026-05-29 07:04:35.584 9 INFO neutron.db.l3_db [req-199f471a-27a8-48bd-bfb3-0980da9f538c req-bf509cb2-9ebf-4673-81ac-b971a3db9b93 86bb112bf68846a6a4e2e4eb4c24241e 7a7622e9453543648f3ef12d15041360 - - default default] Floating IP 2abea7a7-f540-48a8-9aca-f21fa5a4c764 disassociated. External IP: 10.96.250.219, port: 6eb184fd-2272-4405-88a2-7a922a5cff62.
2026-05-29 07:04:35.680 9 INFO neutron.wsgi [req-89c27a34-946b-4d76-a719-03dab1c19b1f req-b431629c-64d4-405b-a867-183415c4cc96 86bb112bf68846a6a4e2e4eb4c24241e 7a7622e9453543648f3ef12d15041360 - - default default] 10.0.0.151 "GET /v2.0/ports?device_id=396dc6fb-3839-472d-8e44-d5ce19ce210a HTTP/1.1" status: 200 len: 1174 time: 0.0949607
2026-05-29 07:04:35.748 9 INFO neutron.wsgi [req-89c27a34-946b-4d76-a719-03dab1c19b1f req-39d78871-2ab5-41f2-aa9c-0157b2b17eec 86bb112bf68846a6a4e2e4eb4c24241e 7a7622e9453543648f3ef12d15041360 - - default default] 10.0.0.151 "GET /v2.0/security-groups?id=2ccaeb21-5311-4b9c-a4f2-af4965fe51a9&fields=id&fields=name HTTP/1.1" status: 200 len: 312 time: 0.0603373
2026-05-29 07:04:35.749 9 INFO neutron.db.ovn_revision_numbers_db [None req-4ebecf87-75e8-468b-816e-ed85eb39d8ee 0531d151a27c4bc5903fb58390f07935 5cfffc45c7c44ab59095aebca3d0e51f - - default default] Successfully bumped revision number for resource e257e60a-2dde-46b1-b572-416ccd0b2ec0 (type: security_group_rules) to 0
