2026-05-29 07:06:44.222 9 INFO neutron.notifiers.nova [-] Nova event matching ['req-8d55df05-2c89-42fd-8a08-d4d870154832'] response: {'server_uuid': 'e4ce0ab4-8d59-4c12-beb3-79a519c7b21d', 'name': 'network-vif-plugged', 'status': 'completed', 'tag': 'e2286812-0e7c-4e6b-8e83-7be6413289ce', 'code': 200}
2026-05-29 07:06:44.223 9 INFO neutron.notifiers.nova [-] Nova event matching ['req-8d55df05-2c89-42fd-8a08-d4d870154832'] response: {'server_uuid': 'e4ce0ab4-8d59-4c12-beb3-79a519c7b21d', 'name': 'network-vif-plugged', 'status': 'completed', 'tag': 'e2286812-0e7c-4e6b-8e83-7be6413289ce', 'code': 200}
2026-05-29 07:06:44.224 10 INFO neutron.db.ovn_revision_numbers_db [None req-fc18da3a-417e-4219-8696-3da82993f1f6 5af4d8153f78468fab62759554c78630 a3ad3e858eb04234a54a62e3101c8323 - - default default] Successfully bumped revision number for resource 7389c0b5-2de2-47ea-8e00-b507021361b6 (type: security_group_rules) to 0
2026-05-29 07:06:44.259 10 INFO neutron.db.ovn_revision_numbers_db [None req-fc18da3a-417e-4219-8696-3da82993f1f6 5af4d8153f78468fab62759554c78630 a3ad3e858eb04234a54a62e3101c8323 - - default default] Successfully bumped revision number for resource 74541f09-7c5b-4a9a-8e0b-a9323ca57884 (type: security_group_rules) to 0
2026-05-29 07:06:44.278 10 INFO neutron.db.ovn_revision_numbers_db [None req-fc18da3a-417e-4219-8696-3da82993f1f6 5af4d8153f78468fab62759554c78630 a3ad3e858eb04234a54a62e3101c8323 - - default default] Successfully bumped revision number for resource 99e0aa07-3579-4747-af7f-2c8d870c9297 (type: security_group_rules) to 0
2026-05-29 07:06:44.309 10 INFO neutron.wsgi [None req-fc18da3a-417e-4219-8696-3da82993f1f6 5af4d8153f78468fab62759554c78630 a3ad3e858eb04234a54a62e3101c8323 - - default default] 10.0.0.97 "GET /v2.0/security-groups?tenant_id=50fcafc778c3434c89a811a623d9e68a&name=default HTTP/1.1" status: 200 len: 3000 time: 0.2650692
2026-05-29 07:06:44.370 10 INFO neutron.db.ovn_revision_numbers_db [None req-8295e47d-366e-4b9f-b1b9-946021a388e4 d50d37dd03de4c49a17846a8217fd2d2 419d3d32aa4d4d73acfe40bc5f07ef13 - - default default] Successfully bumped revision number for resource 6eb02522-07da-4baf-8c06-24c2c55c0517 (type: networks) to 1
2026-05-29 07:06:44.437 9 INFO neutron.wsgi [req-8df60b8e-5546-40ae-a761-0fefc28ff614 req-afada0df-a9ef-402a-806e-babe2ca38106 fb3568f55d084cab8b8229912420dc38 11d75ab74abe48cfa09aaf9361ce27de - - default default] 10.0.0.151 "GET /v2.0/ports?device_id=e4ce0ab4-8d59-4c12-beb3-79a519c7b21d HTTP/1.1" status: 200 len: 1400 time: 0.1436799
2026-05-29 07:06:44.506 9 INFO neutron.wsgi [req-8df60b8e-5546-40ae-a761-0fefc28ff614 req-a750cf27-3e66-4873-9d50-95185e115554 fb3568f55d084cab8b8229912420dc38 11d75ab74abe48cfa09aaf9361ce27de - - default default] 10.0.0.151 "GET /v2.0/security-groups?id=e8b33b1a-d7b6-4652-9fc7-2b4b7b903328&fields=id&fields=name HTTP/1.1" status: 200 len: 311 time: 0.0603812
2026-05-29 07:06:44.556 10 WARNING neutron.scheduler.dhcp_agent_scheduler [None req-8295e47d-366e-4b9f-b1b9-946021a388e4 d50d37dd03de4c49a17846a8217fd2d2 419d3d32aa4d4d73acfe40bc5f07ef13 - - default default] No more DHCP agents
2026-05-29 07:06:44.558 10 WARNING neutron.api.rpc.agentnotifiers.dhcp_rpc_agent_api [None req-8295e47d-366e-4b9f-b1b9-946021a388e4 d50d37dd03de4c49a17846a8217fd2d2 419d3d32aa4d4d73acfe40bc5f07ef13 - - default default] Unable to schedule network 6eb02522-07da-4baf-8c06-24c2c55c0517: no agents available; will retry on subsequent port and subnet creation events.
2026-05-29 07:06:44.636 9 INFO neutron.wsgi [None req-1fafba33-5776-46d3-83db-7296e9416221 5af4d8153f78468fab62759554c78630 a3ad3e858eb04234a54a62e3101c8323 - - default default] 10.0.0.97 "DELETE /v2.0/security-groups/64c91459-6b1b-46ce-b565-1f3a3c6b9009 HTTP/1.1" status: 204 len: 168 time: 0.3079977
2026-05-29 07:06:44.656 10 INFO neutron.db.ovn_revision_numbers_db [None req-8295e47d-366e-4b9f-b1b9-946021a388e4 d50d37dd03de4c49a17846a8217fd2d2 419d3d32aa4d4d73acfe40bc5f07ef13 - - default default] Successfully bumped revision number for resource 223e3236-8b8b-47f4-ab4f-0a2266f5ab42 (type: ports) to 1
2026-05-29 07:06:44.691 10 INFO neutron.wsgi [None req-8295e47d-366e-4b9f-b1b9-946021a388e4 d50d37dd03de4c49a17846a8217fd2d2 419d3d32aa4d4d73acfe40bc5f07ef13 - - default default] 10.0.0.97 "POST /v2.0/networks HTTP/1.1" status: 201 len: 831 time: 0.5977147
2026-05-29 07:06:44.770 10 INFO neutron.wsgi [None req-2524bb85-3b18-4b5b-9094-3b7930b2ed6e d50d37dd03de4c49a17846a8217fd2d2 419d3d32aa4d4d73acfe40bc5f07ef13 - - default default] 10.0.0.97 "PUT /v2.0/networks/1fd1e116-f300-4f2e-ae34-5a83a97eabd7/tags HTTP/1.1" status: 200 len: 218 time: 0.0722346
2026-05-29 07:06:44.844 10 INFO neutron.wsgi [None req-7b2747cf-9b66-442f-9940-2fdac82b7225 d50d37dd03de4c49a17846a8217fd2d2 419d3d32aa4d4d73acfe40bc5f07ef13 - - default default] 10.0.0.97 "GET /v2.0/networks/1fd1e116-f300-4f2e-ae34-5a83a97eabd7/tags HTTP/1.1" status: 200 len: 218 time: 0.0676699
2026-05-29 07:06:44.898 9 INFO neutron.wsgi [None req-b5e5c37e-d06c-4475-bd62-585dd7c7b35f 5af4d8153f78468fab62759554c78630 a3ad3e858eb04234a54a62e3101c8323 - - default default] 10.0.0.97 "GET /v2.0/security-groups?tenant_id=9b2f828e09e24a8cbc2d22a6f60e01e3&name=default HTTP/1.1" status: 200 len: 2996 time: 0.0527554
2026-05-29 07:06:44.928 9 INFO neutron.wsgi [None req-98899adb-6061-45c0-8a90-a722c835f152 d50d37dd03de4c49a17846a8217fd2d2 419d3d32aa4d4d73acfe40bc5f07ef13 - - default default] 10.0.0.97 "PUT /v2.0/networks/6eb02522-07da-4baf-8c06-24c2c55c0517/tags HTTP/1.1" status: 200 len: 210 time: 0.0716310
2026-05-29 07:06:45.012 9 INFO neutron.wsgi [None req-373aa693-dd3b-4095-927d-7fe0bb6c83ec d50d37dd03de4c49a17846a8217fd2d2 419d3d32aa4d4d73acfe40bc5f07ef13 - - default default] 10.0.0.97 "GET /v2.0/networks/6eb02522-07da-4baf-8c06-24c2c55c0517/tags HTTP/1.1" status: 200 len: 210 time: 0.0786994
2026-05-29 07:06:45.076 9 INFO neutron.wsgi [None req-f0a6aa6f-c2e8-4bb5-a439-26de09816c62 d50d37dd03de4c49a17846a8217fd2d2 419d3d32aa4d4d73acfe40bc5f07ef13 - - default default] 10.0.0.97 "PUT /v2.0/networks/6eb02522-07da-4baf-8c06-24c2c55c0517/tags HTTP/1.1" status: 200 len: 205 time: 0.0544274
2026-05-29 07:06:45.145 9 INFO neutron.wsgi [None req-67b3e346-59f3-4f10-a394-385de7fb3c9d d50d37dd03de4c49a17846a8217fd2d2 419d3d32aa4d4d73acfe40bc5f07ef13 - - default default] 10.0.0.97 "GET /v2.0/networks/6eb02522-07da-4baf-8c06-24c2c55c0517/tags HTTP/1.1" status: 200 len: 205 time: 0.0648448
2026-05-29 07:06:45.149 10 INFO neutron.wsgi [None req-6d1d9619-c6b5-4cc3-9046-daebfa962639 5af4d8153f78468fab62759554c78630 a3ad3e858eb04234a54a62e3101c8323 - - default default] 10.0.0.97 "DELETE /v2.0/security-groups/7cb4f00e-8a63-4825-81d4-1b968168f0c1 HTTP/1.1" status: 204 len: 168 time: 0.2429900
2026-05-29 07:06:45.212 9 INFO neutron.wsgi [None req-d81b50b7-1b48-4024-9214-675475e78358 d50d37dd03de4c49a17846a8217fd2d2 419d3d32aa4d4d73acfe40bc5f07ef13 - - default default] 10.0.0.97 "GET /v2.0/networks/1fd1e116-f300-4f2e-ae34-5a83a97eabd7/tags HTTP/1.1" status: 200 len: 218 time: 0.0581906
2026-05-29 07:06:45.658 10 INFO neutron.services.segments.plugin [-] Segment 005e259f-0f2d-454b-8021-2b700e80e65b resource provider aggregate not found
2026-05-29 07:06:45.674 10 INFO neutron.services.segments.plugin [-] Segment 005e259f-0f2d-454b-8021-2b700e80e65b resource provider aggregate not found
2026-05-29 07:06:45.698 10 INFO neutron.services.segments.plugin [-] Segment 005e259f-0f2d-454b-8021-2b700e80e65b resource provider not found; error: Placement Client Error (4xx): {"errors": [{"status": 404, "title": "Not Found", "detail": "The resource could not be found.\n\n No resource provider with uuid 005e259f-0f2d-454b-8021-2b700e80e65b found for delete ", "request_id": "req-a4c58c90-7dde-4244-b362-9d1a1087c676"}]}
2026-05-29 07:06:45.717 10 INFO neutron.services.segments.plugin [-] Segment 005e259f-0f2d-454b-8021-2b700e80e65b resource provider not found; error: Placement Client Error (4xx): {"errors": [{"status": 404, "title": "Not Found", "detail": "The resource could not be found.\n\n No resource provider with uuid 005e259f-0f2d-454b-8021-2b700e80e65b found for delete ", "request_id": "req-8fe25bca-5dc3-40fe-851b-b3fc993b0d27"}]}
2026-05-29 07:06:45.747 10 INFO neutron.wsgi [None req-b2e4da28-ceb3-4346-bb5b-7ec85ab35c32 d50d37dd03de4c49a17846a8217fd2d2 419d3d32aa4d4d73acfe40bc5f07ef13 - - default default] 10.0.0.97 "DELETE /v2.0/networks/1fd1e116-f300-4f2e-ae34-5a83a97eabd7 HTTP/1.1" status: 204 len: 168 time: 0.5158887
2026-05-29 07:06:46.220 9 INFO neutron.services.segments.plugin [-] Segment 7a7e8e86-3177-4624-bad2-dbebec6d995f resource provider aggregate not found
2026-05-29 07:06:46.227 9 INFO neutron.services.segments.plugin [-] Segment 7a7e8e86-3177-4624-bad2-dbebec6d995f resource provider aggregate not found
2026-05-29 07:06:46.246 9 INFO neutron.services.segments.plugin [-] Segment 7a7e8e86-3177-4624-bad2-dbebec6d995f resource provider not found; error: Placement Client Error (4xx): {"errors": [{"status": 404, "title": "Not Found", "detail": "The resource could not be found.\n\n No resource provider with uuid 7a7e8e86-3177-4624-bad2-dbebec6d995f found for delete ", "request_id": "req-a7194c56-4116-4f69-847a-f4a5519f0496"}]}
2026-05-29 07:06:46.295 9 INFO neutron.wsgi [None req-bea7ac23-c7f4-4ceb-b07f-574a8e0b0f07 d50d37dd03de4c49a17846a8217fd2d2 419d3d32aa4d4d73acfe40bc5f07ef13 - - default default] 10.0.0.97 "DELETE /v2.0/networks/6eb02522-07da-4baf-8c06-24c2c55c0517 HTTP/1.1" status: 204 len: 168 time: 0.5420172
2026-05-29 07:06:46.315 9 INFO neutron.services.segments.plugin [-] Segment 7a7e8e86-3177-4624-bad2-dbebec6d995f resource provider not found; error: Placement Client Error (4xx): {"errors": [{"status": 404, "title": "Not Found", "detail": "The resource could not be found.\n\n No resource provider with uuid 7a7e8e86-3177-4624-bad2-dbebec6d995f found for delete ", "request_id": "req-bd0057a0-79be-45bf-aa91-737d66d3d9ba"}]}
2026-05-29 07:06:47.221 9 INFO neutron.wsgi [None req-fc768b65-d557-4b1a-8870-6d28a43006c7 5af4d8153f78468fab62759554c78630 a3ad3e858eb04234a54a62e3101c8323 - - default default] 10.0.0.97 "GET /v2.0/security-groups?tenant_id=419d3d32aa4d4d73acfe40bc5f07ef13&name=default HTTP/1.1" status: 200 len: 2996 time: 0.2200637
2026-05-29 07:06:47.441 9 INFO neutron.wsgi [None req-ca6843c3-204d-4524-8391-6d4ea785578c 5af4d8153f78468fab62759554c78630 a3ad3e858eb04234a54a62e3101c8323 - - default default] 10.0.0.97 "DELETE /v2.0/security-groups/ebd9c31a-1f25-40fa-b869-1b13c389a548 HTTP/1.1" status: 204 len: 168 time: 0.2112510
2026-05-29 07:06:47.660 10 INFO neutron.db.ovn_revision_numbers_db [None req-42c4faf5-4670-4120-bc7d-22d78ba3a995 5af4d8153f78468fab62759554c78630 a3ad3e858eb04234a54a62e3101c8323 - - default default] Successfully bumped revision number for resource 51319c8c-ba13-43f0-bcad-30432a72f525 (type: security_groups) to 1
2026-05-29 07:06:47.674 10 INFO neutron.db.ovn_revision_numbers_db [None req-42c4faf5-4670-4120-bc7d-22d78ba3a995 5af4d8153f78468fab62759554c78630 a3ad3e858eb04234a54a62e3101c8323 - - default default] Successfully bumped revision number for resource 0cd6bd3b-3968-4d2c-ba02-f04d6833981a (type: security_group_rules) to 0
2026-05-29 07:06:47.692 10 INFO neutron.db.ovn_revision_numbers_db [None req-42c4faf5-4670-4120-bc7d-22d78ba3a995 5af4d8153f78468fab62759554c78630 a3ad3e858eb04234a54a62e3101c8323 - - default default] Successfully bumped revision number for resource 55467821-56a1-40c7-8e81-51f9d359f169 (type: security_group_rules) to 0
2026-05-29 07:06:47.707 10 INFO neutron.db.ovn_revision_numbers_db [None req-42c4faf5-4670-4120-bc7d-22d78ba3a995 5af4d8153f78468fab62759554c78630 a3ad3e858eb04234a54a62e3101c8323 - - default default] Successfully bumped revision number for resource c4c0b743-e3c9-4d29-a81d-3f4d3fc3eef6 (type: security_group_rules) to 0
2026-05-29 07:06:47.725 10 INFO neutron.db.ovn_revision_numbers_db [None req-42c4faf5-4670-4120-bc7d-22d78ba3a995 5af4d8153f78468fab62759554c78630 a3ad3e858eb04234a54a62e3101c8323 - - default default] Successfully bumped revision number for resource f3026c7a-a6e8-49d3-b698-cfa0dcde5087 (type: security_group_rules) to 0
2026-05-29 07:06:47.750 10 INFO neutron.wsgi [None req-42c4faf5-4670-4120-bc7d-22d78ba3a995 5af4d8153f78468fab62759554c78630 a3ad3e858eb04234a54a62e3101c8323 - - default default] 10.0.0.97 "GET /v2.0/security-groups?tenant_id=dc067d41281b49239ee84db6dced6d09&name=default HTTP/1.1" status: 200 len: 3000 time: 0.2194138
2026-05-29 07:06:48.006 10 INFO neutron.wsgi [None req-13c0642a-a29c-4719-a9e4-511acdc69a6b 5af4d8153f78468fab62759554c78630 a3ad3e858eb04234a54a62e3101c8323 - - default default] 10.0.0.97 "DELETE /v2.0/security-groups/51319c8c-ba13-43f0-bcad-30432a72f525 HTTP/1.1" status: 204 len: 168 time: 0.2524507
2026-05-29 07:06:48.132 10 WARNING neutron.plugins.ml2.drivers.ovn.mech_driver.ovsdb.ovn_client [None req-2a3f324f-f047-4764-922a-a06fd19eac68 - - - - - -] No hosting information found for port ab3f8a97-f71f-4dc7-95ba-30c21ff08dda: RuntimeError: No hosting information found for port ab3f8a97-f71f-4dc7-95ba-30c21ff08dda
2026-05-29 07:06:49.724 9 INFO neutron.wsgi [req-52ffbfea-73eb-42c2-84ff-5275b99579ee req-608293cc-edce-4853-8ee9-95e2bace1111 fb3568f55d084cab8b8229912420dc38 11d75ab74abe48cfa09aaf9361ce27de - - default default] 10.0.0.151 "GET /v2.0/ports?device_id=e4ce0ab4-8d59-4c12-beb3-79a519c7b21d HTTP/1.1" status: 200 len: 1400 time: 0.1350498
2026-05-29 07:06:49.778 9 INFO neutron.wsgi [req-52ffbfea-73eb-42c2-84ff-5275b99579ee req-f353849c-c716-4efc-9f86-9c7b1cfb357f fb3568f55d084cab8b8229912420dc38 11d75ab74abe48cfa09aaf9361ce27de - - default default] 10.0.0.151 "GET /v2.0/security-groups?id=e8b33b1a-d7b6-4652-9fc7-2b4b7b903328&fields=id&fields=name HTTP/1.1" status: 200 len: 311 time: 0.0466490
2026-05-29 07:06:49.866 10 WARNING neutron_lib.context [None req-a53ba2ca-c12f-432f-971f-378af71c66e7 da6214937b2943b296c8beb16702ce10 61da6f5f10aa4a82acff2c5e925d786d - - default default] Method 'is_advsvc' is deprecated since 2023.2 release (neutron-lib 3.8.0) and will be removed once support for the old RBAC API policies will be removed from Neutron. Please use method 'is_service_role' instead.
2026-05-29 07:06:50.010 10 INFO neutron.db.ovn_revision_numbers_db [None req-a53ba2ca-c12f-432f-971f-378af71c66e7 da6214937b2943b296c8beb16702ce10 61da6f5f10aa4a82acff2c5e925d786d - - default default] Successfully bumped revision number for resource 8f12a9cf-f137-4913-8f7c-d17d837d45f3 (type: security_groups) to 1
2026-05-29 07:06:50.031 10 INFO neutron.db.ovn_revision_numbers_db [None req-a53ba2ca-c12f-432f-971f-378af71c66e7 da6214937b2943b296c8beb16702ce10 61da6f5f10aa4a82acff2c5e925d786d - - default default] Successfully bumped revision number for resource 97c50e96-a838-4cfd-aa6c-819b6fd972b9 (type: security_group_rules) to 0
2026-05-29 07:06:50.051 10 INFO neutron.db.ovn_revision_numbers_db [None req-a53ba2ca-c12f-432f-971f-378af71c66e7 da6214937b2943b296c8beb16702ce10 61da6f5f10aa4a82acff2c5e925d786d - - default default] Successfully bumped revision number for resource af2eb245-173e-48ee-a157-1692ef685dc6 (type: security_group_rules) to 0
2026-05-29 07:06:50.051 9 INFO neutron.wsgi [None req-9f0263af-7244-4fd3-ba2c-be08bedba378 fb3568f55d084cab8b8229912420dc38 11d75ab74abe48cfa09aaf9361ce27de - - default default] 10.0.0.97 "GET /v2.0/ports?network_id=2fc73610-6914-44f7-be79-71f48f4e05db&mac_address=fa%3A16%3A3e%3Ae1%3A19%3A0d HTTP/1.1" status: 200 len: 1395 time: 0.2436180
2026-05-29 07:06:50.062 9 WARNING neutron_lib.context [None req-a36c300c-aff2-4914-9c50-832c9446b410 fb3568f55d084cab8b8229912420dc38 11d75ab74abe48cfa09aaf9361ce27de - - default default] Method 'is_advsvc' is deprecated since 2023.2 release (neutron-lib 3.8.0) and will be removed once support for the old RBAC API policies will be removed from Neutron. Please use method 'is_service_role' instead.
2026-05-29 07:06:50.068 10 INFO neutron.db.ovn_revision_numbers_db [None req-a53ba2ca-c12f-432f-971f-378af71c66e7 da6214937b2943b296c8beb16702ce10 61da6f5f10aa4a82acff2c5e925d786d - - default default] Successfully bumped revision number for resource ce24dfd6-ee70-416d-a0bc-5fc678cf7b19 (type: security_group_rules) to 0
2026-05-29 07:06:50.084 10 INFO neutron.db.ovn_revision_numbers_db [None req-a53ba2ca-c12f-432f-971f-378af71c66e7 da6214937b2943b296c8beb16702ce10 61da6f5f10aa4a82acff2c5e925d786d - - default default] Successfully bumped revision number for resource e14a5c73-987a-4e34-96ed-95b2cedb91e6 (type: security_group_rules) to 0
2026-05-29 07:06:50.132 10 INFO neutron.db.segments_db [None req-a53ba2ca-c12f-432f-971f-378af71c66e7 da6214937b2943b296c8beb16702ce10 61da6f5f10aa4a82acff2c5e925d786d - - default default] Added segment 220ed30b-2a64-4ff8-b264-27ec4dee581e of type geneve for network 0d68295b-79db-4c23-8edd-adfcac9a1714
2026-05-29 07:06:50.275 10 INFO neutron.db.ovn_revision_numbers_db [None req-a53ba2ca-c12f-432f-971f-378af71c66e7 da6214937b2943b296c8beb16702ce10 61da6f5f10aa4a82acff2c5e925d786d - - default default] Successfully bumped revision number for resource 0d68295b-79db-4c23-8edd-adfcac9a1714 (type: networks) to 1
2026-05-29 07:06:50.324 9 WARNING neutron.scheduler.dhcp_agent_scheduler [None req-a36c300c-aff2-4914-9c50-832c9446b410 fb3568f55d084cab8b8229912420dc38 11d75ab74abe48cfa09aaf9361ce27de - - default default] No more DHCP agents
2026-05-29 07:06:50.333 9 WARNING neutron.api.rpc.agentnotifiers.dhcp_rpc_agent_api [None req-a36c300c-aff2-4914-9c50-832c9446b410 fb3568f55d084cab8b8229912420dc38 11d75ab74abe48cfa09aaf9361ce27de - - default default] Unable to schedule network e98ca2f6-9d03-45b7-a913-0503db65e33d: no agents available; will retry on subsequent port and subnet creation events.
2026-05-29 07:06:50.469 10 WARNING neutron.scheduler.dhcp_agent_scheduler [None req-a53ba2ca-c12f-432f-971f-378af71c66e7 da6214937b2943b296c8beb16702ce10 61da6f5f10aa4a82acff2c5e925d786d - - default default] No more DHCP agents
2026-05-29 07:06:50.470 10 WARNING neutron.api.rpc.agentnotifiers.dhcp_rpc_agent_api [None req-a53ba2ca-c12f-432f-971f-378af71c66e7 da6214937b2943b296c8beb16702ce10 61da6f5f10aa4a82acff2c5e925d786d - - default default] Unable to schedule network 0d68295b-79db-4c23-8edd-adfcac9a1714: no agents available; will retry on subsequent port and subnet creation events.
2026-05-29 07:06:50.562 10 INFO neutron.db.ovn_revision_numbers_db [None req-a53ba2ca-c12f-432f-971f-378af71c66e7 da6214937b2943b296c8beb16702ce10 61da6f5f10aa4a82acff2c5e925d786d - - default default] Successfully bumped revision number for resource 55c0132b-3ae8-45bf-ad21-f1a31f031a20 (type: ports) to 1
2026-05-29 07:06:50.583 10 INFO neutron.wsgi [None req-a53ba2ca-c12f-432f-971f-378af71c66e7 da6214937b2943b296c8beb16702ce10 61da6f5f10aa4a82acff2c5e925d786d - - default default] 10.0.0.97 "POST /v2.0/networks HTTP/1.1" status: 201 len: 828 time: 0.9196196
2026-05-29 07:06:50.592 10 WARNING neutron_lib.context [None req-88d15610-cedc-4f35-99f4-12b4c6e3b40f da6214937b2943b296c8beb16702ce10 61da6f5f10aa4a82acff2c5e925d786d - - default default] Method 'is_advsvc' is deprecated since 2023.2 release (neutron-lib 3.8.0) and will be removed once support for the old RBAC API policies will be removed from Neutron. Please use method 'is_service_role' instead.
2026-05-29 07:06:50.837 10 WARNING neutron.scheduler.dhcp_agent_scheduler [None req-88d15610-cedc-4f35-99f4-12b4c6e3b40f da6214937b2943b296c8beb16702ce10 61da6f5f10aa4a82acff2c5e925d786d - - default default] No more DHCP agents
2026-05-29 07:06:50.840 10 WARNING neutron.api.rpc.agentnotifiers.dhcp_rpc_agent_api [None req-88d15610-cedc-4f35-99f4-12b4c6e3b40f da6214937b2943b296c8beb16702ce10 61da6f5f10aa4a82acff2c5e925d786d - - default default] Unable to schedule network 0d68295b-79db-4c23-8edd-adfcac9a1714: no agents available; will retry on subsequent port and subnet creation events.
2026-05-29 07:06:50.842 9 INFO neutron.db.l3_db [None req-a36c300c-aff2-4914-9c50-832c9446b410 fb3568f55d084cab8b8229912420dc38 11d75ab74abe48cfa09aaf9361ce27de - - default default] Floating IP 035e13db-f566-47cc-80cb-77d51c7bad50 associated. External IP: 10.96.250.206, port: e2286812-0e7c-4e6b-8e83-7be6413289ce.
2026-05-29 07:06:50.941 10 INFO neutron.db.ovn_revision_numbers_db [None req-88d15610-cedc-4f35-99f4-12b4c6e3b40f da6214937b2943b296c8beb16702ce10 61da6f5f10aa4a82acff2c5e925d786d - - default default] Successfully bumped revision number for resource 311286f7-b87e-4126-8c7a-7cb7022e97e5 (type: ports) to 1
2026-05-29 07:06:50.972 10 INFO neutron.wsgi [None req-88d15610-cedc-4f35-99f4-12b4c6e3b40f da6214937b2943b296c8beb16702ce10 61da6f5f10aa4a82acff2c5e925d786d - - default default] 10.0.0.97 "POST /v2.0/ports HTTP/1.1" status: 201 len: 942 time: 0.3836598
2026-05-29 07:06:50.984 9 WARNING neutron_lib.context [None req-e83b3781-4bbb-4ecc-aa0d-08c2e6f80de1 da6214937b2943b296c8beb16702ce10 61da6f5f10aa4a82acff2c5e925d786d - - default default] Method 'is_advsvc' is deprecated since 2023.2 release (neutron-lib 3.8.0) and will be removed once support for the old RBAC API policies will be removed from Neutron. Please use method 'is_service_role' instead.
2026-05-29 07:06:51.179 9 INFO neutron.db.ovn_revision_numbers_db [None req-a36c300c-aff2-4914-9c50-832c9446b410 fb3568f55d084cab8b8229912420dc38 11d75ab74abe48cfa09aaf9361ce27de - - default default] Successfully bumped revision number for resource 035e13db-f566-47cc-80cb-77d51c7bad50 (type: floatingips) to 0
2026-05-29 07:06:51.525 9 INFO neutron.wsgi [None req-e83b3781-4bbb-4ecc-aa0d-08c2e6f80de1 da6214937b2943b296c8beb16702ce10 61da6f5f10aa4a82acff2c5e925d786d - - default default] 10.0.0.97 "POST /v2.0/trunks HTTP/1.1" status: 201 len: 608 time: 0.5467119
2026-05-29 07:06:51.531 9 INFO neutron.db.ovn_revision_numbers_db [None req-a36c300c-aff2-4914-9c50-832c9446b410 fb3568f55d084cab8b8229912420dc38 11d75ab74abe48cfa09aaf9361ce27de - - default default] Successfully bumped revision number for resource 035e13db-f566-47cc-80cb-77d51c7bad50 (type: floatingips) to 1 /var/lib/openstack/lib/python3.10/site-packages/pycadf/identifier.py:71: UserWarning: Invalid uuid: neutron. To ensure interoperability, identifiers should be a valid uuid. warnings.warn(('Invalid uuid: %s. To ensure interoperability, '
2026-05-29 07:06:51.546 10 WARNING neutron_lib.context [None req-1476ed1b-495e-444f-a38b-33d7eb2a3af9 da6214937b2943b296c8beb16702ce10 61da6f5f10aa4a82acff2c5e925d786d - - default default] Method 'is_advsvc' is deprecated since 2023.2 release (neutron-lib 3.8.0) and will be removed once support for the old RBAC API policies will be removed from Neutron. Please use method 'is_service_role' instead.
2026-05-29 07:06:51.571 9 INFO neutron.wsgi [None req-a36c300c-aff2-4914-9c50-832c9446b410 fb3568f55d084cab8b8229912420dc38 11d75ab74abe48cfa09aaf9361ce27de - - default default] 10.0.0.97 "POST /v2.0/floatingips HTTP/1.1" status: 201 len: 1054 time: 1.5126917
2026-05-29 07:06:51.621 9 INFO neutron.notifiers.nova [-] Nova event matching ['req-303d737f-8e11-48ef-b868-a3f4f966f565'] response: {'name': 'network-changed', 'server_uuid': 'e4ce0ab4-8d59-4c12-beb3-79a519c7b21d', 'tag': 'e2286812-0e7c-4e6b-8e83-7be6413289ce', 'status': 'completed', 'code': 200}
2026-05-29 07:06:51.634 10 INFO neutron.db.segments_db [None req-1476ed1b-495e-444f-a38b-33d7eb2a3af9 da6214937b2943b296c8beb16702ce10 61da6f5f10aa4a82acff2c5e925d786d - - default default] Added segment c42fe807-d014-4298-887d-29abb82ea2f3 of type geneve for network e0804419-2d73-4a44-aed4-d3e3c1e7a320 /var/lib/openstack/lib/python3.10/site-packages/pycadf/identifier.py:71: UserWarning: Invalid uuid: neutron. To ensure interoperability, identifiers should be a valid uuid. warnings.warn(('Invalid uuid: %s. To ensure interoperability, '
2026-05-29 07:06:51.704 9 INFO neutron.wsgi [req-72dda3fd-fbd1-4146-a5c7-46f972f552c2 req-b486bcda-8177-41f3-99d8-a9e1adf99cfd 8ccd67e3d6794f418eaf234fb8ea2616 cab9c5b69d5c4ee7a91f227694af28c3 - - cd4e054b602b420090beb20b074e9986 cd4e054b602b420090beb20b074e9986] 199.204.45.144 "GET /v2.0/ports?tenant_id=11d75ab74abe48cfa09aaf9361ce27de&device_id=e4ce0ab4-8d59-4c12-beb3-79a519c7b21d HTTP/1.1" status: 200 len: 1638 time: 0.0625060
2026-05-29 07:06:51.741 9 INFO neutron.wsgi [req-883a6cc8-5803-4dbd-be34-a232af8cb0b0 req-ff7e521b-4f99-4205-b25e-2042102f0f1e fb3568f55d084cab8b8229912420dc38 11d75ab74abe48cfa09aaf9361ce27de - - default default] 10.0.0.151 "GET /v2.0/security-groups?name=tempest-lb_member_SG-1816062539&fields=id&tenant_id=11d75ab74abe48cfa09aaf9361ce27de HTTP/1.1" status: 200 len: 267 time: 0.0795534
2026-05-29 07:06:51.765 10 INFO neutron.db.ovn_revision_numbers_db [None req-1476ed1b-495e-444f-a38b-33d7eb2a3af9 da6214937b2943b296c8beb16702ce10 61da6f5f10aa4a82acff2c5e925d786d - - default default] Successfully bumped revision number for resource e0804419-2d73-4a44-aed4-d3e3c1e7a320 (type: networks) to 1
2026-05-29 07:06:51.832 9 INFO neutron.wsgi [req-72dda3fd-fbd1-4146-a5c7-46f972f552c2 req-7e428b21-d8fb-4ad1-a693-6f6adc40f278 8ccd67e3d6794f418eaf234fb8ea2616 cab9c5b69d5c4ee7a91f227694af28c3 - - cd4e054b602b420090beb20b074e9986 cd4e054b602b420090beb20b074e9986] 199.204.45.144 "GET /v2.0/networks?id=2fc73610-6914-44f7-be79-71f48f4e05db HTTP/1.1" status: 200 len: 1003 time: 0.1194704
2026-05-29 07:06:51.884 9 INFO neutron.wsgi [req-883a6cc8-5803-4dbd-be34-a232af8cb0b0 req-a8bd3590-3ff7-4206-8359-e3940ea8fd8a fb3568f55d084cab8b8229912420dc38 11d75ab74abe48cfa09aaf9361ce27de - - default default] 10.0.0.151 "GET /v2.0/networks?id=413b2d16-bb00-4e44-a0e7-ef1a6ad2accb HTTP/1.1" status: 200 len: 904 time: 0.1357465
2026-05-29 07:06:51.922 9 INFO neutron.wsgi [req-883a6cc8-5803-4dbd-be34-a232af8cb0b0 req-8978058e-b999-4b25-aefb-7fd6bd0ed260 fb3568f55d084cab8b8229912420dc38 11d75ab74abe48cfa09aaf9361ce27de - - default default] 10.0.0.151 "GET /v2.0/quotas/11d75ab74abe48cfa09aaf9361ce27de HTTP/1.1" status: 200 len: 386 time: 0.0290780
2026-05-29 07:06:51.947 10 WARNING neutron.scheduler.dhcp_agent_scheduler [None req-1476ed1b-495e-444f-a38b-33d7eb2a3af9 da6214937b2943b296c8beb16702ce10 61da6f5f10aa4a82acff2c5e925d786d - - default default] No more DHCP agents
2026-05-29 07:06:51.948 9 INFO neutron.wsgi [req-72dda3fd-fbd1-4146-a5c7-46f972f552c2 req-f6a18b8d-5fe6-4b8d-9220-ebf9752c2216 8ccd67e3d6794f418eaf234fb8ea2616 cab9c5b69d5c4ee7a91f227694af28c3 - - cd4e054b602b420090beb20b074e9986 cd4e054b602b420090beb20b074e9986] 199.204.45.144 "GET /v2.0/floatingips?fixed_ip_address=10.2.1.238&port_id=e2286812-0e7c-4e6b-8e83-7be6413289ce HTTP/1.1" status: 200 len: 1059 time: 0.1082428
2026-05-29 07:06:51.950 10 WARNING neutron.api.rpc.agentnotifiers.dhcp_rpc_agent_api [None req-1476ed1b-495e-444f-a38b-33d7eb2a3af9 da6214937b2943b296c8beb16702ce10 61da6f5f10aa4a82acff2c5e925d786d - - default default] Unable to schedule network e0804419-2d73-4a44-aed4-d3e3c1e7a320: no agents available; will retry on subsequent port and subnet creation events.
2026-05-29 07:06:51.989 9 INFO neutron.wsgi [req-72dda3fd-fbd1-4146-a5c7-46f972f552c2 req-32d030cc-275b-49da-ad22-de1830ea30e1 8ccd67e3d6794f418eaf234fb8ea2616 cab9c5b69d5c4ee7a91f227694af28c3 - - cd4e054b602b420090beb20b074e9986 cd4e054b602b420090beb20b074e9986] 199.204.45.144 "GET /v2.0/floatingips?fixed_ip_address=fd7b%3Af9f7%3Afff%3A4eca%3A%3A22a&port_id=e2286812-0e7c-4e6b-8e83-7be6413289ce HTTP/1.1" status: 200 len: 217 time: 0.0266247
2026-05-29 07:06:52.026 10 INFO neutron.db.ovn_revision_numbers_db [None req-1476ed1b-495e-444f-a38b-33d7eb2a3af9 da6214937b2943b296c8beb16702ce10 61da6f5f10aa4a82acff2c5e925d786d - - default default] Successfully bumped revision number for resource 17713e14-ca5b-4010-a964-c33fd3e47c88 (type: ports) to 1
2026-05-29 07:06:52.049 10 INFO neutron.wsgi [None req-1476ed1b-495e-444f-a38b-33d7eb2a3af9 da6214937b2943b296c8beb16702ce10 61da6f5f10aa4a82acff2c5e925d786d - - default default] 10.0.0.97 "POST /v2.0/networks HTTP/1.1" status: 201 len: 830 time: 0.5160415
2026-05-29 07:06:52.060 10 WARNING neutron_lib.context [None req-a44b5eac-eb21-4a98-b420-d5a1f4856a59 da6214937b2943b296c8beb16702ce10 61da6f5f10aa4a82acff2c5e925d786d - - default default] Method 'is_advsvc' is deprecated since 2023.2 release (neutron-lib 3.8.0) and will be removed once support for the old RBAC API policies will be removed from Neutron. Please use method 'is_service_role' instead.
2026-05-29 07:06:52.066 9 INFO neutron.wsgi [req-72dda3fd-fbd1-4146-a5c7-46f972f552c2 req-f88a7392-d7dd-4a7c-a135-da04720339d2 8ccd67e3d6794f418eaf234fb8ea2616 cab9c5b69d5c4ee7a91f227694af28c3 - - cd4e054b602b420090beb20b074e9986 cd4e054b602b420090beb20b074e9986] 199.204.45.144 "GET /v2.0/subnets?id=88491e48-2fe0-40bc-9023-ad165d673f12&id=d9a6327f-aa1c-43a3-b5ec-6cda6498bc24 HTTP/1.1" status: 200 len: 1563 time: 0.0679562
2026-05-29 07:06:52.111 9 INFO neutron.wsgi [req-72dda3fd-fbd1-4146-a5c7-46f972f552c2 req-f84f1413-d51f-4c6f-a1fc-60866a9edbc4 8ccd67e3d6794f418eaf234fb8ea2616 cab9c5b69d5c4ee7a91f227694af28c3 - - cd4e054b602b420090beb20b074e9986 cd4e054b602b420090beb20b074e9986] 199.204.45.144 "GET /v2.0/ports?network_id=2fc73610-6914-44f7-be79-71f48f4e05db&device_owner=network%3Adhcp HTTP/1.1" status: 200 len: 210 time: 0.0338476
2026-05-29 07:06:52.156 9 INFO neutron.wsgi [req-72dda3fd-fbd1-4146-a5c7-46f972f552c2 req-eeec79cf-1e4b-4e18-86ed-b2add86a778b 8ccd67e3d6794f418eaf234fb8ea2616 cab9c5b69d5c4ee7a91f227694af28c3 - - cd4e054b602b420090beb20b074e9986 cd4e054b602b420090beb20b074e9986] 199.204.45.144 "GET /v2.0/ports?network_id=2fc73610-6914-44f7-be79-71f48f4e05db&device_owner=network%3Adhcp HTTP/1.1" status: 200 len: 210 time: 0.0361280
2026-05-29 07:06:52.213 9 INFO neutron.wsgi [req-883a6cc8-5803-4dbd-be34-a232af8cb0b0 req-fbb32cb9-d1df-4620-9aea-4ece6207e925 fb3568f55d084cab8b8229912420dc38 11d75ab74abe48cfa09aaf9361ce27de - - default default] 10.0.0.151 "GET /v2.0/ports?tenant_id=11d75ab74abe48cfa09aaf9361ce27de&fields=id HTTP/1.1" status: 200 len: 532 time: 0.2796180
2026-05-29 07:06:52.281 9 INFO neutron.wsgi [req-72dda3fd-fbd1-4146-a5c7-46f972f552c2 req-28600176-25ef-48e1-824c-16cf39005534 8ccd67e3d6794f418eaf234fb8ea2616 cab9c5b69d5c4ee7a91f227694af28c3 - - cd4e054b602b420090beb20b074e9986 cd4e054b602b420090beb20b074e9986] 199.204.45.144 "GET /v2.0/networks/2fc73610-6914-44f7-be79-71f48f4e05db?fields=segments HTTP/1.1" status: 200 len: 212 time: 0.1152341
2026-05-29 07:06:52.294 10 WARNING neutron.scheduler.dhcp_agent_scheduler [None req-a44b5eac-eb21-4a98-b420-d5a1f4856a59 da6214937b2943b296c8beb16702ce10 61da6f5f10aa4a82acff2c5e925d786d - - default default] No more DHCP agents
2026-05-29 07:06:52.297 10 WARNING neutron.api.rpc.agentnotifiers.dhcp_rpc_agent_api [None req-a44b5eac-eb21-4a98-b420-d5a1f4856a59 da6214937b2943b296c8beb16702ce10 61da6f5f10aa4a82acff2c5e925d786d - - default default] Unable to schedule network e0804419-2d73-4a44-aed4-d3e3c1e7a320: no agents available; will retry on subsequent port and subnet creation events.
2026-05-29 07:06:52.322 9 INFO neutron.wsgi [req-883a6cc8-5803-4dbd-be34-a232af8cb0b0 req-dcdded0a-b411-4ab6-834f-ba4fecc55d7b 8ccd67e3d6794f418eaf234fb8ea2616 cab9c5b69d5c4ee7a91f227694af28c3 - - cd4e054b602b420090beb20b074e9986 cd4e054b602b420090beb20b074e9986] 10.0.0.151 "GET /v2.0/networks/413b2d16-bb00-4e44-a0e7-ef1a6ad2accb?fields=segments HTTP/1.1" status: 200 len: 212 time: 0.0946217
2026-05-29 07:06:52.378 10 INFO neutron.db.ovn_revision_numbers_db [None req-a44b5eac-eb21-4a98-b420-d5a1f4856a59 da6214937b2943b296c8beb16702ce10 61da6f5f10aa4a82acff2c5e925d786d - - default default] Successfully bumped revision number for resource 4be61bec-e6d7-497d-baa5-04bc89cabf99 (type: ports) to 1
2026-05-29 07:06:52.401 9 INFO neutron.wsgi [req-72dda3fd-fbd1-4146-a5c7-46f972f552c2 req-839bf5df-d321-492b-9d26-dacb59858afb 8ccd67e3d6794f418eaf234fb8ea2616 cab9c5b69d5c4ee7a91f227694af28c3 - - cd4e054b602b420090beb20b074e9986 cd4e054b602b420090beb20b074e9986] 199.204.45.144 "GET /v2.0/networks/2fc73610-6914-44f7-be79-71f48f4e05db?fields=provider%3Aphysical_network&fields=provider%3Anetwork_type HTTP/1.1" status: 200 len: 277 time: 0.1102438
2026-05-29 07:06:52.401 10 INFO neutron.wsgi [None req-a44b5eac-eb21-4a98-b420-d5a1f4856a59 da6214937b2943b296c8beb16702ce10 61da6f5f10aa4a82acff2c5e925d786d - - default default] 10.0.0.97 "POST /v2.0/ports HTTP/1.1" status: 201 len: 942 time: 0.3450909 /var/lib/openstack/lib/python3.10/site-packages/pycadf/identifier.py:71: UserWarning: Invalid uuid: neutron. To ensure interoperability, identifiers should be a valid uuid. warnings.warn(('Invalid uuid: %s. To ensure interoperability, '
2026-05-29 07:06:52.411 10 WARNING neutron_lib.context [None req-76f901df-6595-4e87-9d91-b60afd3ce12d da6214937b2943b296c8beb16702ce10 61da6f5f10aa4a82acff2c5e925d786d - - default default] Method 'is_advsvc' is deprecated since 2023.2 release (neutron-lib 3.8.0) and will be removed once support for the old RBAC API policies will be removed from Neutron. Please use method 'is_service_role' instead.
2026-05-29 07:06:52.416 9 INFO neutron.wsgi [req-883a6cc8-5803-4dbd-be34-a232af8cb0b0 req-c74fb2ea-09c0-4b70-99fd-87fa881be424 8ccd67e3d6794f418eaf234fb8ea2616 cab9c5b69d5c4ee7a91f227694af28c3 - - cd4e054b602b420090beb20b074e9986 cd4e054b602b420090beb20b074e9986] 10.0.0.151 "GET /v2.0/networks/413b2d16-bb00-4e44-a0e7-ef1a6ad2accb?fields=provider%3Aphysical_network&fields=provider%3Anetwork_type HTTP/1.1" status: 200 len: 277 time: 0.0805397
2026-05-29 07:06:52.634 9 INFO neutron.wsgi [req-7acd0fe3-f39c-45b7-9672-6ccf42f1f8f8 req-cba4291a-b4cc-4615-bab7-d44140bf7aa0 fb3568f55d084cab8b8229912420dc38 11d75ab74abe48cfa09aaf9361ce27de - - default default] 10.0.0.151 "GET /v2.0/ports?device_id=faf40026-7a61-4985-8a1c-c5cbb501c632 HTTP/1.1" status: 200 len: 210 time: 0.0538163
2026-05-29 07:06:52.781 10 INFO neutron.wsgi [None req-76f901df-6595-4e87-9d91-b60afd3ce12d da6214937b2943b296c8beb16702ce10 61da6f5f10aa4a82acff2c5e925d786d - - default default] 10.0.0.97 "POST /v2.0/trunks HTTP/1.1" status: 201 len: 608 time: 0.3744345
2026-05-29 07:06:52.792 9 WARNING neutron_lib.context [None req-1f7b70d1-1c21-4158-95d0-4da4620329d1 da6214937b2943b296c8beb16702ce10 61da6f5f10aa4a82acff2c5e925d786d - - default default] Method 'is_advsvc' is deprecated since 2023.2 release (neutron-lib 3.8.0) and will be removed once support for the old RBAC API policies will be removed from Neutron. Please use method 'is_service_role' instead.
2026-05-29 07:06:52.884 9 INFO neutron.db.segments_db [None req-1f7b70d1-1c21-4158-95d0-4da4620329d1 da6214937b2943b296c8beb16702ce10 61da6f5f10aa4a82acff2c5e925d786d - - default default] Added segment 0a261147-71c2-40ca-872c-dd875477fbce of type geneve for network eaf4c7b9-0ff1-4aa0-8685-35f2da5046eb
2026-05-29 07:06:53.064 9 INFO neutron.db.ovn_revision_numbers_db [None req-1f7b70d1-1c21-4158-95d0-4da4620329d1 da6214937b2943b296c8beb16702ce10 61da6f5f10aa4a82acff2c5e925d786d - - default default] Successfully bumped revision number for resource eaf4c7b9-0ff1-4aa0-8685-35f2da5046eb (type: networks) to 1
2026-05-29 07:06:53.287 9 WARNING neutron.scheduler.dhcp_agent_scheduler [None req-1f7b70d1-1c21-4158-95d0-4da4620329d1 da6214937b2943b296c8beb16702ce10 61da6f5f10aa4a82acff2c5e925d786d - - default default] No more DHCP agents
2026-05-29 07:06:53.291 9 WARNING neutron.api.rpc.agentnotifiers.dhcp_rpc_agent_api [None req-1f7b70d1-1c21-4158-95d0-4da4620329d1 da6214937b2943b296c8beb16702ce10 61da6f5f10aa4a82acff2c5e925d786d - - default default] Unable to schedule network eaf4c7b9-0ff1-4aa0-8685-35f2da5046eb: no agents available; will retry on subsequent port and subnet creation events.
2026-05-29 07:06:53.433 9 INFO neutron.db.ovn_revision_numbers_db [None req-1f7b70d1-1c21-4158-95d0-4da4620329d1 da6214937b2943b296c8beb16702ce10 61da6f5f10aa4a82acff2c5e925d786d - - default default] Successfully bumped revision number for resource 4ac9859d-c440-441e-8574-57906b8df57b (type: ports) to 1
2026-05-29 07:06:53.465 9 INFO neutron.wsgi [None req-1f7b70d1-1c21-4158-95d0-4da4620329d1 da6214937b2943b296c8beb16702ce10 61da6f5f10aa4a82acff2c5e925d786d - - default default] 10.0.0.97 "POST /v2.0/networks HTTP/1.1" status: 201 len: 831 time: 0.6778471
2026-05-29 07:06:53.477 9 INFO neutron.wsgi [req-883a6cc8-5803-4dbd-be34-a232af8cb0b0 req-d8dc9e8a-a550-49f5-8c3d-475c106b2601 fb3568f55d084cab8b8229912420dc38 11d75ab74abe48cfa09aaf9361ce27de - - default default] 199.204.45.144 "GET /v2.0/networks?id=413b2d16-bb00-4e44-a0e7-ef1a6ad2accb HTTP/1.1" status: 200 len: 904 time: 0.0966322
2026-05-29 07:06:53.486 10 WARNING neutron_lib.context [None req-2d21cfb3-ad21-4b9c-b215-85dee67df56b da6214937b2943b296c8beb16702ce10 61da6f5f10aa4a82acff2c5e925d786d - - default default] Method 'is_advsvc' is deprecated since 2023.2 release (neutron-lib 3.8.0) and will be removed once support for the old RBAC API policies will be removed from Neutron. Please use method 'is_service_role' instead.
2026-05-29 07:06:53.552 9 INFO neutron.wsgi [req-883a6cc8-5803-4dbd-be34-a232af8cb0b0 req-4e8b6335-22af-455f-b4bc-49aa8e304e16 fb3568f55d084cab8b8229912420dc38 11d75ab74abe48cfa09aaf9361ce27de - - default default] 199.204.45.144 "GET /v2.0/security-groups?fields=id&fields=name&tenant_id=11d75ab74abe48cfa09aaf9361ce27de HTTP/1.1" status: 200 len: 378 time: 0.0603013
2026-05-29 07:06:53.573 9 WARNING neutron_lib.context [req-883a6cc8-5803-4dbd-be34-a232af8cb0b0 req-c291723f-ef0b-439b-86c3-d2ac9a77e854 fb3568f55d084cab8b8229912420dc38 11d75ab74abe48cfa09aaf9361ce27de - - default default] Method 'is_advsvc' is deprecated since 2023.2 release (neutron-lib 3.8.0) and will be removed once support for the old RBAC API policies will be removed from Neutron. Please use method 'is_service_role' instead.
2026-05-29 07:06:53.680 9 INFO neutron.wsgi [-] 10.0.0.7 "GET / HTTP/1.1" status: 200 len: 246 time: 0.0013220
2026-05-29 07:06:53.681 9 INFO neutron.wsgi [-] 10.0.0.7 "GET / HTTP/1.1" status: 200 len: 246 time: 0.0008705
2026-05-29 07:06:53.944 9 WARNING neutron.scheduler.dhcp_agent_scheduler [req-883a6cc8-5803-4dbd-be34-a232af8cb0b0 req-c291723f-ef0b-439b-86c3-d2ac9a77e854 fb3568f55d084cab8b8229912420dc38 11d75ab74abe48cfa09aaf9361ce27de - - default default] No more DHCP agents
2026-05-29 07:06:53.947 9 WARNING neutron.api.rpc.agentnotifiers.dhcp_rpc_agent_api [req-883a6cc8-5803-4dbd-be34-a232af8cb0b0 req-c291723f-ef0b-439b-86c3-d2ac9a77e854 fb3568f55d084cab8b8229912420dc38 11d75ab74abe48cfa09aaf9361ce27de - - default default] Unable to schedule network 413b2d16-bb00-4e44-a0e7-ef1a6ad2accb: no agents available; will retry on subsequent port and subnet creation events.
2026-05-29 07:06:54.168 9 INFO neutron.db.ovn_revision_numbers_db [req-883a6cc8-5803-4dbd-be34-a232af8cb0b0 req-c291723f-ef0b-439b-86c3-d2ac9a77e854 fb3568f55d084cab8b8229912420dc38 11d75ab74abe48cfa09aaf9361ce27de - - default default] Successfully bumped revision number for resource dec7ed7d-230d-41e2-98f4-306bfcfcda3e (type: ports) to 1
2026-05-29 07:06:54.193 9 INFO neutron.wsgi [req-883a6cc8-5803-4dbd-be34-a232af8cb0b0 req-c291723f-ef0b-439b-86c3-d2ac9a77e854 fb3568f55d084cab8b8229912420dc38 11d75ab74abe48cfa09aaf9361ce27de - - default default] 199.204.45.144 "POST /v2.0/ports HTTP/1.1" status: 201 len: 1392 time: 0.6288164 /var/lib/openstack/lib/python3.10/site-packages/pycadf/identifier.py:71: UserWarning: Invalid uuid: neutron. To ensure interoperability, identifiers should be a valid uuid. warnings.warn(('Invalid uuid: %s. To ensure interoperability, '
2026-05-29 07:06:54.213 10 WARNING neutron.scheduler.dhcp_agent_scheduler [None req-2d21cfb3-ad21-4b9c-b215-85dee67df56b da6214937b2943b296c8beb16702ce10 61da6f5f10aa4a82acff2c5e925d786d - - default default] No more DHCP agents
2026-05-29 07:06:54.215 10 WARNING neutron.api.rpc.agentnotifiers.dhcp_rpc_agent_api [None req-2d21cfb3-ad21-4b9c-b215-85dee67df56b da6214937b2943b296c8beb16702ce10 61da6f5f10aa4a82acff2c5e925d786d - - default default] Unable to schedule network eaf4c7b9-0ff1-4aa0-8685-35f2da5046eb: no agents available; will retry on subsequent port and subnet creation events.
2026-05-29 07:06:54.298 10 INFO neutron.db.ovn_revision_numbers_db [None req-2d21cfb3-ad21-4b9c-b215-85dee67df56b da6214937b2943b296c8beb16702ce10 61da6f5f10aa4a82acff2c5e925d786d - - default default] Successfully bumped revision number for resource 35e6c854-53c3-4d50-900b-3c167eaad57a (type: ports) to 1
2026-05-29 07:06:54.321 10 INFO neutron.wsgi [None req-2d21cfb3-ad21-4b9c-b215-85dee67df56b da6214937b2943b296c8beb16702ce10 61da6f5f10aa4a82acff2c5e925d786d - - default default] 10.0.0.97 "POST /v2.0/ports HTTP/1.1" status: 201 len: 942 time: 0.8422856 /var/lib/openstack/lib/python3.10/site-packages/pycadf/identifier.py:71: UserWarning: Invalid uuid: neutron. To ensure interoperability, identifiers should be a valid uuid. warnings.warn(('Invalid uuid: %s. To ensure interoperability, '
2026-05-29 07:06:54.333 10 WARNING neutron_lib.context [None req-14528072-3f95-4743-964c-6daa736adb2f da6214937b2943b296c8beb16702ce10 61da6f5f10aa4a82acff2c5e925d786d - - default default] Method 'is_advsvc' is deprecated since 2023.2 release (neutron-lib 3.8.0) and will be removed once support for the old RBAC API policies will be removed from Neutron. Please use method 'is_service_role' instead.
2026-05-29 07:06:54.509 10 INFO neutron.wsgi [None req-14528072-3f95-4743-964c-6daa736adb2f da6214937b2943b296c8beb16702ce10 61da6f5f10aa4a82acff2c5e925d786d - - default default] 10.0.0.97 "POST /v2.0/trunks HTTP/1.1" status: 201 len: 608 time: 0.1816959
2026-05-29 07:06:54.520 10 WARNING neutron_lib.context [None req-cae9f4a0-53da-437b-8237-504318af32fe da6214937b2943b296c8beb16702ce10 61da6f5f10aa4a82acff2c5e925d786d - - default default] Method 'is_advsvc' is deprecated since 2023.2 release (neutron-lib 3.8.0) and will be removed once support for the old RBAC API policies will be removed from Neutron. Please use method 'is_service_role' instead.
2026-05-29 07:06:54.599 9 INFO neutron.db.ovn_revision_numbers_db [req-883a6cc8-5803-4dbd-be34-a232af8cb0b0 req-c696be20-292e-4b86-a10b-8a7b28279994 8ccd67e3d6794f418eaf234fb8ea2616 cab9c5b69d5c4ee7a91f227694af28c3 - - cd4e054b602b420090beb20b074e9986 cd4e054b602b420090beb20b074e9986] Successfully bumped revision number for resource dec7ed7d-230d-41e2-98f4-306bfcfcda3e (type: ports) to 2
2026-05-29 07:06:54.608 10 INFO neutron.db.segments_db [None req-cae9f4a0-53da-437b-8237-504318af32fe da6214937b2943b296c8beb16702ce10 61da6f5f10aa4a82acff2c5e925d786d - - default default] Added segment e65017a6-304b-4887-8bcd-67aed52a46a5 of type geneve for network 7a601612-c39b-4785-80c2-4c44cff0c9b6
2026-05-29 07:06:54.780 10 INFO neutron.db.ovn_revision_numbers_db [None req-cae9f4a0-53da-437b-8237-504318af32fe da6214937b2943b296c8beb16702ce10 61da6f5f10aa4a82acff2c5e925d786d - - default default] Successfully bumped revision number for resource 7a601612-c39b-4785-80c2-4c44cff0c9b6 (type: networks) to 1
2026-05-29 07:06:54.813 9 INFO neutron.db.ovn_revision_numbers_db [req-883a6cc8-5803-4dbd-be34-a232af8cb0b0 req-c696be20-292e-4b86-a10b-8a7b28279994 8ccd67e3d6794f418eaf234fb8ea2616 cab9c5b69d5c4ee7a91f227694af28c3 - - cd4e054b602b420090beb20b074e9986 cd4e054b602b420090beb20b074e9986] Successfully bumped revision number for resource dec7ed7d-230d-41e2-98f4-306bfcfcda3e (type: ports) to 2
2026-05-29 07:06:54.837 9 INFO neutron.wsgi [req-883a6cc8-5803-4dbd-be34-a232af8cb0b0 req-c696be20-292e-4b86-a10b-8a7b28279994 8ccd67e3d6794f418eaf234fb8ea2616 cab9c5b69d5c4ee7a91f227694af28c3 - - cd4e054b602b420090beb20b074e9986 cd4e054b602b420090beb20b074e9986] 199.204.45.144 "PUT /v2.0/ports/dec7ed7d-230d-41e2-98f4-306bfcfcda3e HTTP/1.1" status: 200 len: 1609 time: 0.6347241
2026-05-29 07:06:54.878 9 INFO neutron.notifiers.nova [-] Nova event matching ['req-6fbed344-ae75-4a7f-a9d5-d2b7de5abaf8'] response: {'name': 'network-changed', 'server_uuid': 'faf40026-7a61-4985-8a1c-c5cbb501c632', 'tag': 'dec7ed7d-230d-41e2-98f4-306bfcfcda3e', 'status': 'completed', 'code': 200} /var/lib/openstack/lib/python3.10/site-packages/pycadf/identifier.py:71: UserWarning: Invalid uuid: neutron. To ensure interoperability, identifiers should be a valid uuid. warnings.warn(('Invalid uuid: %s. To ensure interoperability, '
2026-05-29 07:06:54.928 9 INFO neutron.wsgi [req-883a6cc8-5803-4dbd-be34-a232af8cb0b0 req-19d7ea3f-9c55-4d4e-aed8-0aad830a2b25 8ccd67e3d6794f418eaf234fb8ea2616 cab9c5b69d5c4ee7a91f227694af28c3 - - cd4e054b602b420090beb20b074e9986 cd4e054b602b420090beb20b074e9986] 199.204.45.144 "GET /v2.0/ports?tenant_id=11d75ab74abe48cfa09aaf9361ce27de&device_id=faf40026-7a61-4985-8a1c-c5cbb501c632 HTTP/1.1" status: 200 len: 1640 time: 0.0433195
2026-05-29 07:06:54.967 9 INFO neutron.wsgi [req-883a6cc8-5803-4dbd-be34-a232af8cb0b0 req-b474b7cb-2db7-412b-bab4-9c8e26c43b42 8ccd67e3d6794f418eaf234fb8ea2616 cab9c5b69d5c4ee7a91f227694af28c3 - - cd4e054b602b420090beb20b074e9986 cd4e054b602b420090beb20b074e9986] 199.204.45.144 "GET /v2.0/floatingips?fixed_ip_address=10.2.2.174&port_id=dec7ed7d-230d-41e2-98f4-306bfcfcda3e HTTP/1.1" status: 200 len: 217 time: 0.0306351
2026-05-29 07:06:54.978 10 WARNING neutron.scheduler.dhcp_agent_scheduler [None req-cae9f4a0-53da-437b-8237-504318af32fe da6214937b2943b296c8beb16702ce10 61da6f5f10aa4a82acff2c5e925d786d - - default default] No more DHCP agents
2026-05-29 07:06:54.984 10 WARNING neutron.api.rpc.agentnotifiers.dhcp_rpc_agent_api [None req-cae9f4a0-53da-437b-8237-504318af32fe da6214937b2943b296c8beb16702ce10 61da6f5f10aa4a82acff2c5e925d786d - - default default] Unable to schedule network 7a601612-c39b-4785-80c2-4c44cff0c9b6: no agents available; will retry on subsequent port and subnet creation events.
2026-05-29 07:06:55.004 9 INFO neutron.wsgi [req-883a6cc8-5803-4dbd-be34-a232af8cb0b0 req-bbf17295-6cfa-4537-bb36-c5d1175cf007 8ccd67e3d6794f418eaf234fb8ea2616 cab9c5b69d5c4ee7a91f227694af28c3 - - cd4e054b602b420090beb20b074e9986 cd4e054b602b420090beb20b074e9986] 199.204.45.144 "GET /v2.0/floatingips?fixed_ip_address=fd77%3A1457%3A4cf0%3A26a8%3A%3A1d1&port_id=dec7ed7d-230d-41e2-98f4-306bfcfcda3e HTTP/1.1" status: 200 len: 217 time: 0.0287364
2026-05-29 07:06:55.050 9 INFO neutron.wsgi [req-883a6cc8-5803-4dbd-be34-a232af8cb0b0 req-134a5a1c-4f2e-4d06-b12b-f0e3d815d772 8ccd67e3d6794f418eaf234fb8ea2616 cab9c5b69d5c4ee7a91f227694af28c3 - - cd4e054b602b420090beb20b074e9986 cd4e054b602b420090beb20b074e9986] 199.204.45.144 "GET /v2.0/subnets?id=95aa2579-7db2-4427-aedf-33e59aff14b2&id=7529ce19-0847-4533-8b8c-94dc4355b58c HTTP/1.1" status: 200 len: 1565 time: 0.0380588
2026-05-29 07:06:55.077 10 INFO neutron.db.ovn_revision_numbers_db [None req-cae9f4a0-53da-437b-8237-504318af32fe da6214937b2943b296c8beb16702ce10 61da6f5f10aa4a82acff2c5e925d786d - - default default] Successfully bumped revision number for resource 16e445ec-26a8-456a-9203-d2f5e015ece5 (type: ports) to 1
2026-05-29 07:06:55.082 9 INFO neutron.wsgi [req-883a6cc8-5803-4dbd-be34-a232af8cb0b0 req-2b594629-1060-4ea0-a653-031cff46384b 8ccd67e3d6794f418eaf234fb8ea2616 cab9c5b69d5c4ee7a91f227694af28c3 - - cd4e054b602b420090beb20b074e9986 cd4e054b602b420090beb20b074e9986] 199.204.45.144 "GET /v2.0/ports?network_id=413b2d16-bb00-4e44-a0e7-ef1a6ad2accb&device_owner=network%3Adhcp HTTP/1.1" status: 200 len: 210 time: 0.0245743
2026-05-29 07:06:55.108 10 INFO neutron.wsgi [None req-cae9f4a0-53da-437b-8237-504318af32fe da6214937b2943b296c8beb16702ce10 61da6f5f10aa4a82acff2c5e925d786d - - default default] 10.0.0.97 "POST /v2.0/networks HTTP/1.1" status: 201 len: 831 time: 0.5931017
2026-05-29 07:06:55.108 9 INFO neutron.wsgi [req-883a6cc8-5803-4dbd-be34-a232af8cb0b0 req-a5e043f8-50a6-4bec-9dc0-7e9ea9770b2d 8ccd67e3d6794f418eaf234fb8ea2616 cab9c5b69d5c4ee7a91f227694af28c3 - - cd4e054b602b420090beb20b074e9986 cd4e054b602b420090beb20b074e9986] 199.204.45.144 "GET /v2.0/ports?network_id=413b2d16-bb00-4e44-a0e7-ef1a6ad2accb&device_owner=network%3Adhcp HTTP/1.1" status: 200 len: 210 time: 0.0197926
2026-05-29 07:06:55.115 9 WARNING neutron_lib.context [None req-45623ede-a3e9-40ff-8dd1-c1093a66ec56 da6214937b2943b296c8beb16702ce10 61da6f5f10aa4a82acff2c5e925d786d - - default default] Method 'is_advsvc' is deprecated since 2023.2 release (neutron-lib 3.8.0) and will be removed once support for the old RBAC API policies will be removed from Neutron. Please use method 'is_service_role' instead.
2026-05-29 07:06:55.200 9 INFO neutron.wsgi [req-883a6cc8-5803-4dbd-be34-a232af8cb0b0 req-d2d926a6-0866-40eb-8a44-cd96657d13a4 8ccd67e3d6794f418eaf234fb8ea2616 cab9c5b69d5c4ee7a91f227694af28c3 - - cd4e054b602b420090beb20b074e9986 cd4e054b602b420090beb20b074e9986] 199.204.45.144 "GET /v2.0/networks/413b2d16-bb00-4e44-a0e7-ef1a6ad2accb?fields=segments HTTP/1.1" status: 200 len: 212 time: 0.0824523
2026-05-29 07:06:55.317 9 INFO neutron.wsgi [req-883a6cc8-5803-4dbd-be34-a232af8cb0b0 req-f55b8947-056b-4415-9da7-cdef80c959b5 8ccd67e3d6794f418eaf234fb8ea2616 cab9c5b69d5c4ee7a91f227694af28c3 - - cd4e054b602b420090beb20b074e9986 cd4e054b602b420090beb20b074e9986] 199.204.45.144 "GET /v2.0/networks/413b2d16-bb00-4e44-a0e7-ef1a6ad2accb?fields=provider%3Aphysical_network&fields=provider%3Anetwork_type HTTP/1.1" status: 200 len: 277 time: 0.1081250
2026-05-29 07:06:55.438 9 INFO neutron.wsgi [req-1d1bc9fd-8317-4377-9823-8294c4ec8edd req-f70665c5-18c8-479f-996b-947b836bae43 8ccd67e3d6794f418eaf234fb8ea2616 cab9c5b69d5c4ee7a91f227694af28c3 - - cd4e054b602b420090beb20b074e9986 cd4e054b602b420090beb20b074e9986] 199.204.45.144 "GET /v2.0/ports?tenant_id=11d75ab74abe48cfa09aaf9361ce27de&device_id=faf40026-7a61-4985-8a1c-c5cbb501c632 HTTP/1.1" status: 200 len: 1640 time: 0.0706782 /var/lib/openstack/lib/python3.10/site-packages/pycadf/identifier.py:71: UserWarning: Invalid uuid: neutron. To ensure interoperability, identifiers should be a valid uuid. warnings.warn(('Invalid uuid: %s. To ensure interoperability, '
