2026-05-29 07:07:29.041 9 INFO neutron.db.ovn_revision_numbers_db [None req-a3a8cb38-4379-49d4-8de2-03230c568900 5af4d8153f78468fab62759554c78630 a3ad3e858eb04234a54a62e3101c8323 - - default default] Successfully bumped revision number for resource 45bc4a0c-321b-41ac-8f2b-28a464958392 (type: security_group_rules) to 0
2026-05-29 07:07:29.055 9 INFO neutron.db.ovn_revision_numbers_db [None req-a3a8cb38-4379-49d4-8de2-03230c568900 5af4d8153f78468fab62759554c78630 a3ad3e858eb04234a54a62e3101c8323 - - default default] Successfully bumped revision number for resource 5b69679b-ebe0-4eac-ad5f-5f47834a0219 (type: security_group_rules) to 0
2026-05-29 07:07:29.082 9 INFO neutron.wsgi [None req-a3a8cb38-4379-49d4-8de2-03230c568900 5af4d8153f78468fab62759554c78630 a3ad3e858eb04234a54a62e3101c8323 - - default default] 10.0.0.97 "GET /v2.0/security-groups?tenant_id=41d884b3673548f0a19a260f4d30f7ef&name=default HTTP/1.1" status: 200 len: 3000 time: 0.3197451
2026-05-29 07:07:29.309 9 INFO neutron.wsgi [None req-d01fd2ee-ca59-4476-9bf9-87d2c984b0c4 5af4d8153f78468fab62759554c78630 a3ad3e858eb04234a54a62e3101c8323 - - default default] 10.0.0.97 "DELETE /v2.0/security-groups/d1594849-516b-4276-997e-52ba3a873b6f HTTP/1.1" status: 204 len: 168 time: 0.2213247
2026-05-29 07:07:29.462 9 INFO neutron.wsgi [None req-26db294f-3f9c-4524-85a7-23a9e362c01c 5af4d8153f78468fab62759554c78630 a3ad3e858eb04234a54a62e3101c8323 - - default default] 10.0.0.97 "GET /v2.0/security-groups?tenant_id=cc5540adee8042969f0e7ee74c661037&name=default HTTP/1.1" status: 200 len: 3000 time: 0.0488453
2026-05-29 07:07:29.668 9 INFO neutron.wsgi [None req-f8b91d52-2e7a-4a2b-9244-7cfd318b3b8d 5af4d8153f78468fab62759554c78630 a3ad3e858eb04234a54a62e3101c8323 - - default default] 10.0.0.97 "DELETE /v2.0/security-groups/fdb1d6f5-1b58-4f6b-8511-46435d2c4a3b HTTP/1.1" status: 204 len: 168 time: 0.1994588
2026-05-29 07:07:31.507 9 INFO neutron.wsgi [req-8f359ace-fd9b-4b68-9e88-f06952d80301 req-fe96d93d-ee60-410f-a5ca-a9db0eab3714 5af4d8153f78468fab62759554c78630 a3ad3e858eb04234a54a62e3101c8323 - - default default] 10.0.0.151 "GET /v2.0/security-groups?id=2bae0b7d-2362-47f6-a067-979919499447&fields=id HTTP/1.1" status: 200 len: 267 time: 0.0453053
2026-05-29 07:07:31.580 9 INFO neutron.wsgi [req-8f359ace-fd9b-4b68-9e88-f06952d80301 req-1e316324-d3c1-407f-b8fc-d10e1c653da2 5af4d8153f78468fab62759554c78630 a3ad3e858eb04234a54a62e3101c8323 - - default default] 10.0.0.151 "GET /v2.0/networks?id=5147162b-6769-45be-b0ca-b8ade1b622d4 HTTP/1.1" status: 200 len: 936 time: 0.0661097
2026-05-29 07:07:31.603 9 INFO neutron.wsgi [req-8f359ace-fd9b-4b68-9e88-f06952d80301 req-9bfdc923-e116-4fa5-821e-8ecca4d45cbe 5af4d8153f78468fab62759554c78630 a3ad3e858eb04234a54a62e3101c8323 - - default default] 10.0.0.151 "GET /v2.0/quotas/a3ad3e858eb04234a54a62e3101c8323 HTTP/1.1" status: 200 len: 385 time: 0.0140462
2026-05-29 07:07:31.673 9 INFO neutron.wsgi [req-8f359ace-fd9b-4b68-9e88-f06952d80301 req-f0f03a0b-ff90-4927-b66f-8a25e759eb8c 5af4d8153f78468fab62759554c78630 a3ad3e858eb04234a54a62e3101c8323 - - default default] 10.0.0.151 "GET /v2.0/ports?tenant_id=a3ad3e858eb04234a54a62e3101c8323&fields=id HTTP/1.1" status: 200 len: 348 time: 0.0628159
2026-05-29 07:07:31.755 9 INFO neutron.wsgi [req-8f359ace-fd9b-4b68-9e88-f06952d80301 req-8e2f4e30-b6a9-4a54-96e8-118885c046c2 8ccd67e3d6794f418eaf234fb8ea2616 cab9c5b69d5c4ee7a91f227694af28c3 - - cd4e054b602b420090beb20b074e9986 cd4e054b602b420090beb20b074e9986] 10.0.0.151 "GET /v2.0/networks/5147162b-6769-45be-b0ca-b8ade1b622d4?fields=segments HTTP/1.1" status: 200 len: 212 time: 0.0669246
2026-05-29 07:07:31.825 9 INFO neutron.wsgi [req-8f359ace-fd9b-4b68-9e88-f06952d80301 req-693cd281-efe0-4a11-8b9a-53350a15d8d1 8ccd67e3d6794f418eaf234fb8ea2616 cab9c5b69d5c4ee7a91f227694af28c3 - - cd4e054b602b420090beb20b074e9986 cd4e054b602b420090beb20b074e9986] 10.0.0.151 "GET /v2.0/networks/5147162b-6769-45be-b0ca-b8ade1b622d4?fields=provider%3Aphysical_network&fields=provider%3Anetwork_type HTTP/1.1" status: 200 len: 277 time: 0.0607772
2026-05-29 07:07:32.629 9 INFO neutron.wsgi [req-aebf1f11-5ec0-40b0-81f4-6dacc246341b req-e341f88f-de77-4e34-a73c-6be2916142a6 5af4d8153f78468fab62759554c78630 a3ad3e858eb04234a54a62e3101c8323 - - default default] 10.0.0.151 "GET /v2.0/ports?device_id=acdc7f1e-ece4-4c5e-b54d-fef46d72017b HTTP/1.1" status: 200 len: 210 time: 0.2625823
2026-05-29 07:07:32.750 9 INFO neutron.wsgi [req-96d061eb-74d0-45b6-9cfb-83e7dfafc3a2 req-8c601819-c346-42b5-8cfe-687e675faf35 5af4d8153f78468fab62759554c78630 a3ad3e858eb04234a54a62e3101c8323 - - default default] 10.0.0.151 "GET /v2.0/ports?device_id=acdc7f1e-ece4-4c5e-b54d-fef46d72017b HTTP/1.1" status: 200 len: 210 time: 0.0290391
2026-05-29 07:07:33.131 10 WARNING neutron_lib.context [None req-567b227f-a415-4757-995d-87ac4bbbf574 d59385e219f342618821d6cdccddb479 52bb4b85aae147eaad5162f5c62cee07 - - default default] Method 'is_advsvc' is deprecated since 2023.2 release (neutron-lib 3.8.0) and will be removed once support for the old RBAC API policies will be removed from Neutron. Please use method 'is_service_role' instead.
2026-05-29 07:07:33.206 10 INFO neutron.wsgi [None req-567b227f-a415-4757-995d-87ac4bbbf574 d59385e219f342618821d6cdccddb479 52bb4b85aae147eaad5162f5c62cee07 - - default default] 10.0.0.97 "POST /v2.0/subnetpools HTTP/1.1" status: 201 len: 715 time: 0.1441786
2026-05-29 07:07:33.230 9 INFO neutron.wsgi [req-8f359ace-fd9b-4b68-9e88-f06952d80301 req-1af659d0-6b21-463e-abbf-cb4f7cea55d1 5af4d8153f78468fab62759554c78630 a3ad3e858eb04234a54a62e3101c8323 - - default default] 199.204.45.144 "GET /v2.0/networks?id=5147162b-6769-45be-b0ca-b8ade1b622d4 HTTP/1.1" status: 200 len: 936 time: 0.0869393
2026-05-29 07:07:33.260 10 INFO neutron.wsgi [None req-e01c0ccb-99c0-4dc4-a896-5875d8afba04 d59385e219f342618821d6cdccddb479 52bb4b85aae147eaad5162f5c62cee07 - - default default] 10.0.0.97 "PUT /v2.0/subnetpools/2ba745d8-438d-419c-97b7-edb04a1a9f71/tags HTTP/1.1" status: 200 len: 218 time: 0.0465958
2026-05-29 07:07:33.300 9 INFO neutron.wsgi [None req-7cd390e2-09b8-426e-b971-6337025ac584 d59385e219f342618821d6cdccddb479 52bb4b85aae147eaad5162f5c62cee07 - - default default] 10.0.0.97 "GET /v2.0/subnetpools/2ba745d8-438d-419c-97b7-edb04a1a9f71/tags HTTP/1.1" status: 200 len: 218 time: 0.0334008
2026-05-29 07:07:33.321 9 INFO neutron.wsgi [req-8f359ace-fd9b-4b68-9e88-f06952d80301 req-270161fb-f8d6-4146-843b-80f1f82b9fe3 5af4d8153f78468fab62759554c78630 a3ad3e858eb04234a54a62e3101c8323 - - default default] 199.204.45.144 "GET /v2.0/security-groups?fields=id&fields=name&tenant_id=a3ad3e858eb04234a54a62e3101c8323 HTTP/1.1" status: 200 len: 542 time: 0.0782988
2026-05-29 07:07:33.369 9 INFO neutron.wsgi [None req-204434b7-1eef-4896-a3ee-f713cf48f62e d59385e219f342618821d6cdccddb479 52bb4b85aae147eaad5162f5c62cee07 - - default default] 10.0.0.97 "PUT /v2.0/subnetpools/2ba745d8-438d-419c-97b7-edb04a1a9f71/tags/green HTTP/1.1" status: 201 len: 201 time: 0.0614765
2026-05-29 07:07:33.405 10 INFO neutron.wsgi [None req-e4e0ac0d-ed51-4fc5-a81e-2685a1b742e7 d59385e219f342618821d6cdccddb479 52bb4b85aae147eaad5162f5c62cee07 - - default default] 10.0.0.97 "GET /v2.0/subnetpools/2ba745d8-438d-419c-97b7-edb04a1a9f71/tags HTTP/1.1" status: 200 len: 227 time: 0.0293212
2026-05-29 07:07:33.441 10 INFO neutron.wsgi [None req-82d97614-b2f5-42ad-9f44-fadc735d5c72 d59385e219f342618821d6cdccddb479 52bb4b85aae147eaad5162f5c62cee07 - - default default] 10.0.0.97 "PUT /v2.0/subnetpools/2ba745d8-438d-419c-97b7-edb04a1a9f71/tags/red HTTP/1.1" status: 201 len: 201 time: 0.0289156
2026-05-29 07:07:33.480 10 INFO neutron.wsgi [None req-6e328e9f-49fe-43c9-b4c1-261016010c56 d59385e219f342618821d6cdccddb479 52bb4b85aae147eaad5162f5c62cee07 - - default default] 10.0.0.97 "GET /v2.0/subnetpools/2ba745d8-438d-419c-97b7-edb04a1a9f71/tags HTTP/1.1" status: 200 len: 227 time: 0.0323675
2026-05-29 07:07:33.555 10 INFO neutron.wsgi [None req-3c982506-ee0e-48b1-9679-fea8413116f1 d59385e219f342618821d6cdccddb479 52bb4b85aae147eaad5162f5c62cee07 - - default default] 10.0.0.97 "PUT /v2.0/subnetpools/2ba745d8-438d-419c-97b7-edb04a1a9f71/tags/black.or.white HTTP/1.1" status: 201 len: 201 time: 0.0610180
2026-05-29 07:07:33.589 10 INFO neutron.wsgi [None req-51b0ec10-4572-4ef7-813f-dfbb5033104f d59385e219f342618821d6cdccddb479 52bb4b85aae147eaad5162f5c62cee07 - - default default] 10.0.0.97 "GET /v2.0/subnetpools/2ba745d8-438d-419c-97b7-edb04a1a9f71/tags HTTP/1.1" status: 200 len: 245 time: 0.0279307
2026-05-29 07:07:33.632 10 INFO neutron.wsgi [None req-7377951d-549c-439e-b25b-611b032eef46 d59385e219f342618821d6cdccddb479 52bb4b85aae147eaad5162f5c62cee07 - - default default] 10.0.0.97 "PUT /v2.0/subnetpools/2ba745d8-438d-419c-97b7-edb04a1a9f71/tags HTTP/1.1" status: 200 len: 230 time: 0.0385699
2026-05-29 07:07:33.648 9 WARNING neutron.scheduler.dhcp_agent_scheduler [req-8f359ace-fd9b-4b68-9e88-f06952d80301 req-9570a05e-0009-4465-9704-3e6b7ebee192 5af4d8153f78468fab62759554c78630 a3ad3e858eb04234a54a62e3101c8323 - - default default] No more DHCP agents
2026-05-29 07:07:33.650 9 WARNING neutron.api.rpc.agentnotifiers.dhcp_rpc_agent_api [req-8f359ace-fd9b-4b68-9e88-f06952d80301 req-9570a05e-0009-4465-9704-3e6b7ebee192 5af4d8153f78468fab62759554c78630 a3ad3e858eb04234a54a62e3101c8323 - - default default] Unable to schedule network 5147162b-6769-45be-b0ca-b8ade1b622d4: no agents available; will retry on subsequent port and subnet creation events.
2026-05-29 07:07:33.659 10 INFO neutron.wsgi [None req-1e4774c0-0170-4bc2-a4cd-18b442619183 d59385e219f342618821d6cdccddb479 52bb4b85aae147eaad5162f5c62cee07 - - default default] 10.0.0.97 "GET /v2.0/subnetpools/2ba745d8-438d-419c-97b7-edb04a1a9f71/tags HTTP/1.1" status: 200 len: 230 time: 0.0198185
2026-05-29 07:07:33.683 10 INFO neutron.wsgi [None req-a6fa68a9-257c-477a-be74-79a74bf32f26 d59385e219f342618821d6cdccddb479 52bb4b85aae147eaad5162f5c62cee07 - - default default] 10.0.0.97 "GET /v2.0/subnetpools/2ba745d8-438d-419c-97b7-edb04a1a9f71/tags/red HTTP/1.1" status: 204 len: 168 time: 0.0192463
2026-05-29 07:07:33.708 10 INFO neutron.api.v2.resource [None req-be56af00-b4af-47ce-91a3-ccfdd1b234b0 d59385e219f342618821d6cdccddb479 52bb4b85aae147eaad5162f5c62cee07 - - default default] show failed (client error): The resource could not be found.
2026-05-29 07:07:33.709 10 INFO neutron.wsgi [None req-be56af00-b4af-47ce-91a3-ccfdd1b234b0 d59385e219f342618821d6cdccddb479 52bb4b85aae147eaad5162f5c62cee07 - - default default] 10.0.0.97 "GET /v2.0/subnetpools/2ba745d8-438d-419c-97b7-edb04a1a9f71/tags/green HTTP/1.1" status: 404 len: 299 time: 0.0201883
2026-05-29 07:07:33.749 10 INFO neutron.wsgi [None req-42bc7e3a-989a-4aa8-9ed7-777ef151e885 d59385e219f342618821d6cdccddb479 52bb4b85aae147eaad5162f5c62cee07 - - default default] 10.0.0.97 "DELETE /v2.0/subnetpools/2ba745d8-438d-419c-97b7-edb04a1a9f71/tags/red HTTP/1.1" status: 204 len: 168 time: 0.0337782
2026-05-29 07:07:33.776 10 INFO neutron.wsgi [None req-b1f12dec-e3a8-4686-a7a9-03b1baa1872e d59385e219f342618821d6cdccddb479 52bb4b85aae147eaad5162f5c62cee07 - - default default] 10.0.0.97 "GET /v2.0/subnetpools/2ba745d8-438d-419c-97b7-edb04a1a9f71/tags HTTP/1.1" status: 200 len: 223 time: 0.0210257
2026-05-29 07:07:33.837 10 INFO neutron.api.v2.resource [None req-ea608ffb-af74-4452-bb6a-fac5ea6dc23b d59385e219f342618821d6cdccddb479 52bb4b85aae147eaad5162f5c62cee07 - - default default] delete failed (client error): The resource could not be found.
2026-05-29 07:07:33.838 10 INFO neutron.wsgi [None req-ea608ffb-af74-4452-bb6a-fac5ea6dc23b d59385e219f342618821d6cdccddb479 52bb4b85aae147eaad5162f5c62cee07 - - default default] 10.0.0.97 "DELETE /v2.0/subnetpools/2ba745d8-438d-419c-97b7-edb04a1a9f71/tags/green HTTP/1.1" status: 404 len: 299 time: 0.0547547
2026-05-29 07:07:33.885 10 INFO neutron.wsgi [None req-b918c948-fb45-4eb1-ac03-7a0c871ea0d4 d59385e219f342618821d6cdccddb479 52bb4b85aae147eaad5162f5c62cee07 - - default default] 10.0.0.97 "DELETE /v2.0/subnetpools/2ba745d8-438d-419c-97b7-edb04a1a9f71/tags HTTP/1.1" status: 204 len: 168 time: 0.0413861
2026-05-29 07:07:33.890 9 INFO neutron.db.ovn_revision_numbers_db [req-8f359ace-fd9b-4b68-9e88-f06952d80301 req-9570a05e-0009-4465-9704-3e6b7ebee192 5af4d8153f78468fab62759554c78630 a3ad3e858eb04234a54a62e3101c8323 - - default default] Successfully bumped revision number for resource 6c973b74-6c5d-4ef8-ada2-4c1106774b90 (type: ports) to 1
2026-05-29 07:07:33.912 10 INFO neutron.wsgi [None req-fce1455d-f8c5-47f5-9bee-834fc199aefd d59385e219f342618821d6cdccddb479 52bb4b85aae147eaad5162f5c62cee07 - - default default] 10.0.0.97 "GET /v2.0/subnetpools/2ba745d8-438d-419c-97b7-edb04a1a9f71/tags HTTP/1.1" status: 200 len: 205 time: 0.0210488
2026-05-29 07:07:33.918 9 INFO neutron.wsgi [req-8f359ace-fd9b-4b68-9e88-f06952d80301 req-9570a05e-0009-4465-9704-3e6b7ebee192 5af4d8153f78468fab62759554c78630 a3ad3e858eb04234a54a62e3101c8323 - - default default] 199.204.45.144 "POST /v2.0/ports HTTP/1.1" status: 201 len: 1287 time: 0.5878122 /var/lib/openstack/lib/python3.10/site-packages/pycadf/identifier.py:71: UserWarning: Invalid uuid: neutron. To ensure interoperability, identifiers should be a valid uuid. warnings.warn(('Invalid uuid: %s. To ensure interoperability, '
2026-05-29 07:07:33.986 10 INFO neutron.wsgi [None req-b3c40457-d126-4823-aaa9-2265d35bf2ac d59385e219f342618821d6cdccddb479 52bb4b85aae147eaad5162f5c62cee07 - - default default] 10.0.0.97 "DELETE /v2.0/subnetpools/2ba745d8-438d-419c-97b7-edb04a1a9f71 HTTP/1.1" status: 204 len: 168 time: 0.0575879
2026-05-29 07:07:34.401 9 INFO neutron.db.ovn_revision_numbers_db [req-8f359ace-fd9b-4b68-9e88-f06952d80301 req-e19b993c-5c38-40e6-8624-f885c8c1766f 8ccd67e3d6794f418eaf234fb8ea2616 cab9c5b69d5c4ee7a91f227694af28c3 - - cd4e054b602b420090beb20b074e9986 cd4e054b602b420090beb20b074e9986] Successfully bumped revision number for resource 6c973b74-6c5d-4ef8-ada2-4c1106774b90 (type: ports) to 2
2026-05-29 07:07:34.617 9 INFO neutron.db.ovn_revision_numbers_db [req-8f359ace-fd9b-4b68-9e88-f06952d80301 req-e19b993c-5c38-40e6-8624-f885c8c1766f 8ccd67e3d6794f418eaf234fb8ea2616 cab9c5b69d5c4ee7a91f227694af28c3 - - cd4e054b602b420090beb20b074e9986 cd4e054b602b420090beb20b074e9986] Successfully bumped revision number for resource 6c973b74-6c5d-4ef8-ada2-4c1106774b90 (type: ports) to 2
2026-05-29 07:07:34.640 9 INFO neutron.wsgi [req-8f359ace-fd9b-4b68-9e88-f06952d80301 req-e19b993c-5c38-40e6-8624-f885c8c1766f 8ccd67e3d6794f418eaf234fb8ea2616 cab9c5b69d5c4ee7a91f227694af28c3 - - cd4e054b602b420090beb20b074e9986 cd4e054b602b420090beb20b074e9986] 199.204.45.144 "PUT /v2.0/ports/6c973b74-6c5d-4ef8-ada2-4c1106774b90 HTTP/1.1" status: 200 len: 1384 time: 0.7137165 /var/lib/openstack/lib/python3.10/site-packages/pycadf/identifier.py:71: UserWarning: Invalid uuid: neutron. To ensure interoperability, identifiers should be a valid uuid. warnings.warn(('Invalid uuid: %s. To ensure interoperability, '
2026-05-29 07:07:34.755 9 INFO neutron.wsgi [req-8f359ace-fd9b-4b68-9e88-f06952d80301 req-e362180c-c5dc-4ce4-bc49-85efae6aee28 8ccd67e3d6794f418eaf234fb8ea2616 cab9c5b69d5c4ee7a91f227694af28c3 - - cd4e054b602b420090beb20b074e9986 cd4e054b602b420090beb20b074e9986] 199.204.45.144 "GET /v2.0/ports?tenant_id=a3ad3e858eb04234a54a62e3101c8323&device_id=acdc7f1e-ece4-4c5e-b54d-fef46d72017b HTTP/1.1" status: 200 len: 1415 time: 0.0680244
2026-05-29 07:07:35.090 10 INFO neutron.db.ovn_revision_numbers_db [None req-b3c4d049-6afc-46e2-bfc9-3ab6c5d03e94 5af4d8153f78468fab62759554c78630 a3ad3e858eb04234a54a62e3101c8323 - - default default] Successfully bumped revision number for resource c0427104-0a0c-4158-b00d-a7ebe6685310 (type: security_groups) to 1
2026-05-29 07:07:35.108 10 INFO neutron.db.ovn_revision_numbers_db [None req-b3c4d049-6afc-46e2-bfc9-3ab6c5d03e94 5af4d8153f78468fab62759554c78630 a3ad3e858eb04234a54a62e3101c8323 - - default default] Successfully bumped revision number for resource 2c09c2c8-e871-4c90-83f5-dfb51df46dc3 (type: security_group_rules) to 0
2026-05-29 07:07:35.123 10 INFO neutron.db.ovn_revision_numbers_db [None req-b3c4d049-6afc-46e2-bfc9-3ab6c5d03e94 5af4d8153f78468fab62759554c78630 a3ad3e858eb04234a54a62e3101c8323 - - default default] Successfully bumped revision number for resource 85914d62-d80d-4ede-a5fd-a36595c01858 (type: security_group_rules) to 0
2026-05-29 07:07:35.141 10 INFO neutron.db.ovn_revision_numbers_db [None req-b3c4d049-6afc-46e2-bfc9-3ab6c5d03e94 5af4d8153f78468fab62759554c78630 a3ad3e858eb04234a54a62e3101c8323 - - default default] Successfully bumped revision number for resource 87f58563-2617-4cf7-8d88-8d6f960e04eb (type: security_group_rules) to 0
2026-05-29 07:07:35.155 10 INFO neutron.db.ovn_revision_numbers_db [None req-b3c4d049-6afc-46e2-bfc9-3ab6c5d03e94 5af4d8153f78468fab62759554c78630 a3ad3e858eb04234a54a62e3101c8323 - - default default] Successfully bumped revision number for resource bf557635-438e-4b95-8cee-a8cbef62e3fa (type: security_group_rules) to 0
2026-05-29 07:07:35.180 10 INFO neutron.wsgi [None req-b3c4d049-6afc-46e2-bfc9-3ab6c5d03e94 5af4d8153f78468fab62759554c78630 a3ad3e858eb04234a54a62e3101c8323 - - default default] 10.0.0.97 "GET /v2.0/security-groups?tenant_id=52bb4b85aae147eaad5162f5c62cee07&name=default HTTP/1.1" status: 200 len: 3000 time: 0.4630544
2026-05-29 07:07:35.369 9 INFO neutron.notifiers.nova [-] Nova event matching ['req-1e50daa6-f3aa-4a0d-a661-ea5a16f33c89'] response: {'name': 'network-changed', 'server_uuid': 'acdc7f1e-ece4-4c5e-b54d-fef46d72017b', 'tag': '6c973b74-6c5d-4ef8-ada2-4c1106774b90', 'status': 'completed', 'code': 200}
2026-05-29 07:07:35.372 9 INFO neutron.wsgi [req-8f359ace-fd9b-4b68-9e88-f06952d80301 req-8eaa2c0a-c6fd-4b9d-b732-c912ae57e867 8ccd67e3d6794f418eaf234fb8ea2616 cab9c5b69d5c4ee7a91f227694af28c3 - - cd4e054b602b420090beb20b074e9986 cd4e054b602b420090beb20b074e9986] 199.204.45.144 "GET /v2.0/floatingips?fixed_ip_address=172.24.2.222&port_id=6c973b74-6c5d-4ef8-ada2-4c1106774b90 HTTP/1.1" status: 200 len: 217 time: 0.6086783
2026-05-29 07:07:35.387 10 INFO neutron.wsgi [None req-f5cd17a4-dc64-48d2-997c-bd52f05902dc 5af4d8153f78468fab62759554c78630 a3ad3e858eb04234a54a62e3101c8323 - - default default] 10.0.0.97 "DELETE /v2.0/security-groups/c0427104-0a0c-4158-b00d-a7ebe6685310 HTTP/1.1" status: 204 len: 168 time: 0.1990891
2026-05-29 07:07:35.412 9 INFO neutron.wsgi [req-8f359ace-fd9b-4b68-9e88-f06952d80301 req-7f7b5b76-8533-442f-9ae1-5aefaf1e793a 8ccd67e3d6794f418eaf234fb8ea2616 cab9c5b69d5c4ee7a91f227694af28c3 - - cd4e054b602b420090beb20b074e9986 cd4e054b602b420090beb20b074e9986] 199.204.45.144 "GET /v2.0/subnets?id=aed55914-817d-4db9-8742-5d9fef8299cb HTTP/1.1" status: 200 len: 829 time: 0.0324042
2026-05-29 07:07:35.442 9 INFO neutron.wsgi [req-8f359ace-fd9b-4b68-9e88-f06952d80301 req-e98e14bd-d07f-4458-89d2-5a8c0a56365d 8ccd67e3d6794f418eaf234fb8ea2616 cab9c5b69d5c4ee7a91f227694af28c3 - - cd4e054b602b420090beb20b074e9986 cd4e054b602b420090beb20b074e9986] 199.204.45.144 "GET /v2.0/ports?network_id=5147162b-6769-45be-b0ca-b8ade1b622d4&device_owner=network%3Adhcp HTTP/1.1" status: 200 len: 210 time: 0.0236850
2026-05-29 07:07:35.518 9 INFO neutron.wsgi [req-8f359ace-fd9b-4b68-9e88-f06952d80301 req-a8c74bf0-5e62-4c68-a141-c8c3786fe7b0 8ccd67e3d6794f418eaf234fb8ea2616 cab9c5b69d5c4ee7a91f227694af28c3 - - cd4e054b602b420090beb20b074e9986 cd4e054b602b420090beb20b074e9986] 199.204.45.144 "GET /v2.0/networks/5147162b-6769-45be-b0ca-b8ade1b622d4?fields=segments HTTP/1.1" status: 200 len: 212 time: 0.0695527
2026-05-29 07:07:35.585 9 INFO neutron.wsgi [req-8f359ace-fd9b-4b68-9e88-f06952d80301 req-c83e0915-58d2-48b8-9fd8-a33341900dd2 8ccd67e3d6794f418eaf234fb8ea2616 cab9c5b69d5c4ee7a91f227694af28c3 - - cd4e054b602b420090beb20b074e9986 cd4e054b602b420090beb20b074e9986] 199.204.45.144 "GET /v2.0/networks/5147162b-6769-45be-b0ca-b8ade1b622d4?fields=provider%3Aphysical_network&fields=provider%3Anetwork_type HTTP/1.1" status: 200 len: 277 time: 0.0605228
2026-05-29 07:07:35.633 10 INFO neutron.db.ovn_revision_numbers_db [None req-928bcca8-edfe-4804-a497-fc9dcde8f2c8 5af4d8153f78468fab62759554c78630 a3ad3e858eb04234a54a62e3101c8323 - - default default] Successfully bumped revision number for resource d4648da4-c39a-4135-978b-5a6f908ef50f (type: security_groups) to 1
2026-05-29 07:07:35.663 9 INFO neutron.wsgi [req-6236c1e2-9879-41e8-8c50-b360cdae1f01 req-82a10d22-6327-4d91-834c-2d46e506d395 8ccd67e3d6794f418eaf234fb8ea2616 cab9c5b69d5c4ee7a91f227694af28c3 - - cd4e054b602b420090beb20b074e9986 cd4e054b602b420090beb20b074e9986] 199.204.45.144 "GET /v2.0/ports?tenant_id=a3ad3e858eb04234a54a62e3101c8323&device_id=acdc7f1e-ece4-4c5e-b54d-fef46d72017b HTTP/1.1" status: 200 len: 1415 time: 0.0360110
2026-05-29 07:07:35.668 10 INFO neutron.db.ovn_revision_numbers_db [None req-928bcca8-edfe-4804-a497-fc9dcde8f2c8 5af4d8153f78468fab62759554c78630 a3ad3e858eb04234a54a62e3101c8323 - - default default] Successfully bumped revision number for resource 353af5d4-50e7-488f-88e3-6f486be9432a (type: security_group_rules) to 0
2026-05-29 07:07:35.686 10 INFO neutron.db.ovn_revision_numbers_db [None req-928bcca8-edfe-4804-a497-fc9dcde8f2c8 5af4d8153f78468fab62759554c78630 a3ad3e858eb04234a54a62e3101c8323 - - default default] Successfully bumped revision number for resource 5fb25405-2684-4dec-aa4f-33f99a3dd801 (type: security_group_rules) to 0
2026-05-29 07:07:35.704 10 INFO neutron.db.ovn_revision_numbers_db [None req-928bcca8-edfe-4804-a497-fc9dcde8f2c8 5af4d8153f78468fab62759554c78630 a3ad3e858eb04234a54a62e3101c8323 - - default default] Successfully bumped revision number for resource ec78dae3-a1c6-445d-b385-033345e64e8c (type: security_group_rules) to 0
2026-05-29 07:07:35.722 10 INFO neutron.db.ovn_revision_numbers_db [None req-928bcca8-edfe-4804-a497-fc9dcde8f2c8 5af4d8153f78468fab62759554c78630 a3ad3e858eb04234a54a62e3101c8323 - - default default] Successfully bumped revision number for resource fa4e6461-cdee-4e61-a1a7-c3080ba6bfcc (type: security_group_rules) to 0
2026-05-29 07:07:35.724 9 INFO neutron.wsgi [req-6236c1e2-9879-41e8-8c50-b360cdae1f01 req-ee495fd8-1b21-4edb-a507-e97dc60843c3 8ccd67e3d6794f418eaf234fb8ea2616 cab9c5b69d5c4ee7a91f227694af28c3 - - cd4e054b602b420090beb20b074e9986 cd4e054b602b420090beb20b074e9986] 199.204.45.144 "GET /v2.0/networks?id=5147162b-6769-45be-b0ca-b8ade1b622d4 HTTP/1.1" status: 200 len: 936 time: 0.0553074
2026-05-29 07:07:35.750 10 INFO neutron.wsgi [None req-928bcca8-edfe-4804-a497-fc9dcde8f2c8 5af4d8153f78468fab62759554c78630 a3ad3e858eb04234a54a62e3101c8323 - - default default] 10.0.0.97 "GET /v2.0/security-groups?tenant_id=b403dca683fe4f8abc958ee760a1509b&name=default HTTP/1.1" status: 200 len: 3000 time: 0.2424395
2026-05-29 07:07:35.761 9 INFO neutron.wsgi [req-6236c1e2-9879-41e8-8c50-b360cdae1f01 req-9268363f-8e15-4d08-becb-62c331f6148b 8ccd67e3d6794f418eaf234fb8ea2616 cab9c5b69d5c4ee7a91f227694af28c3 - - cd4e054b602b420090beb20b074e9986 cd4e054b602b420090beb20b074e9986] 199.204.45.144 "GET /v2.0/floatingips?fixed_ip_address=172.24.2.222&port_id=6c973b74-6c5d-4ef8-ada2-4c1106774b90 HTTP/1.1" status: 200 len: 217 time: 0.0295157
2026-05-29 07:07:35.812 9 INFO neutron.wsgi [req-6236c1e2-9879-41e8-8c50-b360cdae1f01 req-e4786b35-fc1f-4a8e-bdbd-8d803f1df267 8ccd67e3d6794f418eaf234fb8ea2616 cab9c5b69d5c4ee7a91f227694af28c3 - - cd4e054b602b420090beb20b074e9986 cd4e054b602b420090beb20b074e9986] 199.204.45.144 "GET /v2.0/subnets?id=aed55914-817d-4db9-8742-5d9fef8299cb HTTP/1.1" status: 200 len: 829 time: 0.0453999
2026-05-29 07:07:35.833 10 INFO neutron.wsgi [req-3ca60341-45c2-44c3-809b-83b546fee795 req-c2c1011c-5acb-4c89-9fb5-511a9927ddd5 8ccd67e3d6794f418eaf234fb8ea2616 cab9c5b69d5c4ee7a91f227694af28c3 - - cd4e054b602b420090beb20b074e9986 cd4e054b602b420090beb20b074e9986] 199.204.45.144 "GET /v2.0/ports?device_id=acdc7f1e-ece4-4c5e-b54d-fef46d72017b HTTP/1.1" status: 200 len: 1415 time: 0.0470603
2026-05-29 07:07:35.846 9 INFO neutron.wsgi [req-6236c1e2-9879-41e8-8c50-b360cdae1f01 req-61a9abb6-91f3-4d92-922f-988931b4f713 8ccd67e3d6794f418eaf234fb8ea2616 cab9c5b69d5c4ee7a91f227694af28c3 - - cd4e054b602b420090beb20b074e9986 cd4e054b602b420090beb20b074e9986] 199.204.45.144 "GET /v2.0/ports?network_id=5147162b-6769-45be-b0ca-b8ade1b622d4&device_owner=network%3Adhcp HTTP/1.1" status: 200 len: 210 time: 0.0265934
2026-05-29 07:07:35.890 10 INFO neutron.wsgi [req-3ca60341-45c2-44c3-809b-83b546fee795 req-16b388aa-2417-4d24-96ba-a4c7d563d6b9 8ccd67e3d6794f418eaf234fb8ea2616 cab9c5b69d5c4ee7a91f227694af28c3 - - cd4e054b602b420090beb20b074e9986 cd4e054b602b420090beb20b074e9986] 199.204.45.144 "GET /v2.0/security-groups?id=2bae0b7d-2362-47f6-a067-979919499447&fields=id&fields=name HTTP/1.1" status: 200 len: 294 time: 0.0518088
2026-05-29 07:07:35.932 9 INFO neutron.wsgi [req-0b7f9669-ce17-4a41-98bc-395da06d0267 req-811a3183-7a8e-4fb5-a916-bd17de47bee5 5af4d8153f78468fab62759554c78630 a3ad3e858eb04234a54a62e3101c8323 - - default default] 10.0.0.151 "GET /v2.0/ports?device_id=acdc7f1e-ece4-4c5e-b54d-fef46d72017b HTTP/1.1" status: 200 len: 1415 time: 0.0553434
2026-05-29 07:07:35.958 9 INFO neutron.wsgi [req-6236c1e2-9879-41e8-8c50-b360cdae1f01 req-7832f008-dedc-41a9-a08b-1fd4d6d3b2d1 8ccd67e3d6794f418eaf234fb8ea2616 cab9c5b69d5c4ee7a91f227694af28c3 - - cd4e054b602b420090beb20b074e9986 cd4e054b602b420090beb20b074e9986] 199.204.45.144 "GET /v2.0/networks/5147162b-6769-45be-b0ca-b8ade1b622d4?fields=segments HTTP/1.1" status: 200 len: 212 time: 0.1074972
2026-05-29 07:07:36.006 9 INFO neutron.wsgi [req-0b7f9669-ce17-4a41-98bc-395da06d0267 req-085369df-bfc9-411a-8c04-e471dc596e6e 5af4d8153f78468fab62759554c78630 a3ad3e858eb04234a54a62e3101c8323 - - default default] 10.0.0.151 "GET /v2.0/security-groups?id=2bae0b7d-2362-47f6-a067-979919499447&fields=id&fields=name HTTP/1.1" status: 200 len: 294 time: 0.0640652
2026-05-29 07:07:36.020 9 INFO neutron.plugins.ml2.drivers.ovn.mech_driver.mech_driver [None req-7c75fedf-3653-429d-b6a0-42a37f17b186 - - - - - -] OVN reports status up for port: 6c973b74-6c5d-4ef8-ada2-4c1106774b90
2026-05-29 07:07:36.033 9 INFO neutron.plugins.ml2.plugin [None req-7c75fedf-3653-429d-b6a0-42a37f17b186 - - - - - -] Attempt 1 to provision port 6c973b74-6c5d-4ef8-ada2-4c1106774b90
2026-05-29 07:07:36.058 9 INFO neutron.wsgi [req-6236c1e2-9879-41e8-8c50-b360cdae1f01 req-5fc8fff0-c4b7-4230-9a10-0d17654cc765 8ccd67e3d6794f418eaf234fb8ea2616 cab9c5b69d5c4ee7a91f227694af28c3 - - cd4e054b602b420090beb20b074e9986 cd4e054b602b420090beb20b074e9986] 199.204.45.144 "GET /v2.0/networks/5147162b-6769-45be-b0ca-b8ade1b622d4?fields=provider%3Aphysical_network&fields=provider%3Anetwork_type HTTP/1.1" status: 200 len: 277 time: 0.0874121
2026-05-29 07:07:36.101 10 INFO neutron.wsgi [None req-b761e1fa-822e-4cff-b491-7535c447b992 5af4d8153f78468fab62759554c78630 a3ad3e858eb04234a54a62e3101c8323 - - default default] 10.0.0.97 "DELETE /v2.0/security-groups/d4648da4-c39a-4135-978b-5a6f908ef50f HTTP/1.1" status: 204 len: 168 time: 0.3442845
2026-05-29 07:07:36.132 9 INFO neutron.wsgi [req-b6e6be6b-2975-49b5-a9bb-4ef3c28c519d req-712f4fc0-2bb2-456b-b830-a05e962eb096 5af4d8153f78468fab62759554c78630 a3ad3e858eb04234a54a62e3101c8323 - - default default] 10.0.0.151 "GET /v2.0/ports?device_id=acdc7f1e-ece4-4c5e-b54d-fef46d72017b HTTP/1.1" status: 200 len: 1415 time: 0.0529480
2026-05-29 07:07:36.385 9 INFO neutron.db.ovn_revision_numbers_db [None req-7c75fedf-3653-429d-b6a0-42a37f17b186 - - - - - -] Successfully bumped revision number for resource 6c973b74-6c5d-4ef8-ada2-4c1106774b90 (type: ports) to 4
2026-05-29 07:07:37.427 9 INFO neutron.notifiers.nova [-] Nova event matching ['req-40ea5a7a-943a-484a-99b5-943b0b2c91c8'] response: {'server_uuid': 'acdc7f1e-ece4-4c5e-b54d-fef46d72017b', 'name': 'network-vif-plugged', 'status': 'completed', 'tag': '6c973b74-6c5d-4ef8-ada2-4c1106774b90', 'code': 200}
2026-05-29 07:07:37.428 9 INFO neutron.notifiers.nova [-] Nova event matching ['req-40ea5a7a-943a-484a-99b5-943b0b2c91c8'] response: {'server_uuid': 'acdc7f1e-ece4-4c5e-b54d-fef46d72017b', 'name': 'network-vif-plugged', 'status': 'completed', 'tag': '6c973b74-6c5d-4ef8-ada2-4c1106774b90', 'code': 200}
2026-05-29 07:07:38.681 10 INFO neutron.wsgi [-] 10.0.0.7 "GET / HTTP/1.1" status: 200 len: 246 time: 0.0026276
2026-05-29 07:07:38.683 9 INFO neutron.wsgi [-] 10.0.0.7 "GET / HTTP/1.1" status: 200 len: 246 time: 0.0037432 /var/lib/openstack/lib/python3.10/site-packages/pycadf/identifier.py:71: UserWarning: Invalid uuid: neutron. To ensure interoperability, identifiers should be a valid uuid. warnings.warn(('Invalid uuid: %s. To ensure interoperability, '
2026-05-29 07:07:38.920 9 INFO neutron.wsgi [req-8b0946da-b89a-419e-8312-b9d0c619e190 req-7628ef90-4a28-44d8-b3f2-b5f82e32a70c 5af4d8153f78468fab62759554c78630 a3ad3e858eb04234a54a62e3101c8323 - - default default] 10.0.0.151 "GET /v2.0/ports?device_id=acdc7f1e-ece4-4c5e-b54d-fef46d72017b HTTP/1.1" status: 200 len: 1417 time: 0.0406764
2026-05-29 07:07:38.978 9 INFO neutron.wsgi [req-8b0946da-b89a-419e-8312-b9d0c619e190 req-0f244c4a-3885-4d52-9b74-349579712484 5af4d8153f78468fab62759554c78630 a3ad3e858eb04234a54a62e3101c8323 - - default default] 10.0.0.151 "GET /v2.0/security-groups?id=2bae0b7d-2362-47f6-a067-979919499447&fields=id&fields=name HTTP/1.1" status: 200 len: 294 time: 0.0500698
2026-05-29 07:07:39.101 9 INFO neutron.wsgi [req-e6865eb7-a33e-4483-8cab-d559065c8f55 req-da6960b3-b46c-454c-9a3f-bd1fbe8ab2e0 5af4d8153f78468fab62759554c78630 a3ad3e858eb04234a54a62e3101c8323 - - default default] 10.0.0.151 "GET /v2.0/ports?device_id=acdc7f1e-ece4-4c5e-b54d-fef46d72017b HTTP/1.1" status: 200 len: 1417 time: 0.0469470
2026-05-29 07:07:40.294 10 INFO neutron.wsgi [None req-955f3fa9-b35e-4176-afcc-dfa34af0ceb5 5af4d8153f78468fab62759554c78630 a3ad3e858eb04234a54a62e3101c8323 - - default default] 10.0.0.221 "GET /v2.0/routers HTTP/1.1" status: 200 len: 850 time: 0.2020562
2026-05-29 07:07:40.312 10 INFO neutron.wsgi [None req-b45b66c6-2780-4a19-8d8a-f08a416729cd 5af4d8153f78468fab62759554c78630 a3ad3e858eb04234a54a62e3101c8323 - - default default] 10.0.0.221 "GET /v2.0/agents?binary=ovn-controller HTTP/1.1" status: 200 len: 591 time: 0.0165410
2026-05-29 07:07:40.379 10 INFO neutron.wsgi [None req-4c1d8ae9-bfc8-494f-871e-c31ef45316fc 5af4d8153f78468fab62759554c78630 a3ad3e858eb04234a54a62e3101c8323 - - default default] 10.0.0.221 "GET /v2.0/subnets HTTP/1.1" status: 200 len: 5496 time: 0.0624259
2026-05-29 07:07:40.398 10 INFO neutron.wsgi [None req-31ab8d07-c3d3-46f8-ba78-d98c11fc845c 5af4d8153f78468fab62759554c78630 a3ad3e858eb04234a54a62e3101c8323 - - default default] 10.0.0.221 "GET /v2.0/subnetpools HTTP/1.1" status: 200 len: 193 time: 0.0160477
2026-05-29 07:07:40.492 10 INFO neutron.wsgi [None req-02fadeb3-67fa-4cdb-b86b-8c636ed552cc 5af4d8153f78468fab62759554c78630 a3ad3e858eb04234a54a62e3101c8323 - - default default] 10.0.0.221 "GET /v2.0/ports HTTP/1.1" status: 200 len: 19913 time: 0.0931036
2026-05-29 07:07:40.529 10 INFO neutron.wsgi [None req-9f98c5db-dda7-4ff3-bcc5-604023da466b 5af4d8153f78468fab62759554c78630 a3ad3e858eb04234a54a62e3101c8323 - - default default] 10.0.0.221 "GET /v2.0/agents HTTP/1.1" status: 200 len: 997 time: 0.0204642
2026-05-29 07:07:40.668 10 INFO neutron.wsgi [None req-eb98aa56-510d-46c6-84d0-ac231d577028 5af4d8153f78468fab62759554c78630 a3ad3e858eb04234a54a62e3101c8323 - - default default] 10.0.0.221 "GET /v2.0/floatingips HTTP/1.1" status: 200 len: 1879 time: 0.1358273
2026-05-29 07:07:40.757 10 INFO neutron.wsgi [None req-39b734be-7b01-483c-b93a-e42a40be53a8 5af4d8153f78468fab62759554c78630 a3ad3e858eb04234a54a62e3101c8323 - - default default] 10.0.0.221 "GET /v2.0/security-groups HTTP/1.1" status: 200 len: 29071 time: 0.0870678
2026-05-29 07:07:40.835 10 INFO neutron.wsgi [None req-111f9da9-84c8-4fc0-83b2-accc2b78a54b 5af4d8153f78468fab62759554c78630 a3ad3e858eb04234a54a62e3101c8323 - - default default] 10.0.0.221 "GET /v2.0/subnets HTTP/1.1" status: 200 len: 5496 time: 0.0648515
2026-05-29 07:07:40.918 10 INFO neutron.wsgi [None req-73fd6dd4-9d90-4ba6-b311-f16990bf7f92 5af4d8153f78468fab62759554c78630 a3ad3e858eb04234a54a62e3101c8323 - - default default] 10.0.0.221 "GET /v2.0/networks HTTP/1.1" status: 200 len: 4720 time: 0.0798249
2026-05-29 07:07:40.940 10 INFO neutron.wsgi [None req-52b95e73-3f2d-46a5-9445-672fcfb1464c 5af4d8153f78468fab62759554c78630 a3ad3e858eb04234a54a62e3101c8323 - - default default] 10.0.0.221 "GET /v2.0/network-ip-availabilities HTTP/1.1" status: 200 len: 3363 time: 0.0184259
2026-05-29 07:07:53.681 9 INFO neutron.wsgi [-] 10.0.0.7 "GET / HTTP/1.1" status: 200 len: 246 time: 0.0021493
2026-05-29 07:07:53.682 10 INFO neutron.wsgi [-] 10.0.0.7 "GET / HTTP/1.1" status: 200 len: 246 time: 0.0028443
2026-05-29 07:08:08.682 9 INFO neutron.wsgi [-] 10.0.0.7 "GET / HTTP/1.1" status: 200 len: 246 time: 0.0030968
2026-05-29 07:08:08.685 10 INFO neutron.wsgi [-] 10.0.0.7 "GET / HTTP/1.1" status: 200 len: 246 time: 0.0059593
2026-05-29 07:08:19.980 9 INFO neutron.wsgi [None req-b859b4d6-67ee-44f7-82cb-c0ed9ebb2ef3 5af4d8153f78468fab62759554c78630 a3ad3e858eb04234a54a62e3101c8323 - - default default] 199.204.45.144 "GET /v2.0/extensions/security-group HTTP/1.1" status: 200 len: 369 time: 0.0086021
2026-05-29 07:08:19.989 9 INFO neutron.wsgi [None req-a495b593-1f50-403f-bb29-837b3d7054f0 5af4d8153f78468fab62759554c78630 a3ad3e858eb04234a54a62e3101c8323 - - default default] 199.204.45.144 "GET /v2.0/extensions/dns-integration HTTP/1.1" status: 200 len: 371 time: 0.0046320
2026-05-29 07:08:20.000 9 INFO neutron.wsgi [None req-b34392c3-7f32-4c0d-9af1-c728232e71c4 5af4d8153f78468fab62759554c78630 a3ad3e858eb04234a54a62e3101c8323 - - default default] 199.204.45.144 "GET /v2.0/extensions/qos HTTP/1.1" status: 200 len: 365 time: 0.0060320
2026-05-29 07:08:20.011 9 INFO neutron.wsgi [None req-91968bba-36ef-465e-a65f-c388b369f93f 5af4d8153f78468fab62759554c78630 a3ad3e858eb04234a54a62e3101c8323 - - default default] 199.204.45.144 "GET /v2.0/extensions/allowed-address-pairs HTTP/1.1" status: 200 len: 383 time: 0.0050938
2026-05-29 07:08:20.057 9 INFO neutron.wsgi [None req-e5c30b01-d7a0-4a49-a608-e65965b7db5f 5af4d8153f78468fab62759554c78630 a3ad3e858eb04234a54a62e3101c8323 - - default default] 199.204.45.144 "GET /v2.0/subnets/e3b80d79-eab6-404d-b749-3a5d72f8cef0 HTTP/1.1" status: 200 len: 850 time: 0.0420206
2026-05-29 07:08:20.117 9 INFO neutron.wsgi [None req-dc98c221-f3f2-461d-a40d-d32c6e7f86db 5af4d8153f78468fab62759554c78630 a3ad3e858eb04234a54a62e3101c8323 - - default default] 199.204.45.144 "GET /v2.0/ports?device_id=acdc7f1e-ece4-4c5e-b54d-fef46d72017b HTTP/1.1" status: 200 len: 1417 time: 0.0466588
2026-05-29 07:08:20.468 9 WARNING neutron.scheduler.dhcp_agent_scheduler [None req-4171ee47-4782-4db5-a183-d59c1a85b5f2 5af4d8153f78468fab62759554c78630 a3ad3e858eb04234a54a62e3101c8323 - - default default] No more DHCP agents
2026-05-29 07:08:20.473 9 WARNING neutron.api.rpc.agentnotifiers.dhcp_rpc_agent_api [None req-4171ee47-4782-4db5-a183-d59c1a85b5f2 5af4d8153f78468fab62759554c78630 a3ad3e858eb04234a54a62e3101c8323 - - default default] Unable to schedule network c652f3f6-fe6a-4863-92cb-5ef943476905: no agents available; will retry on subsequent port and subnet creation events.
2026-05-29 07:08:20.680 9 INFO neutron.db.ovn_revision_numbers_db [None req-4171ee47-4782-4db5-a183-d59c1a85b5f2 5af4d8153f78468fab62759554c78630 a3ad3e858eb04234a54a62e3101c8323 - - default default] Successfully bumped revision number for resource 8428c054-4a35-4630-84b6-1d3b54a099a5 (type: ports) to 1
2026-05-29 07:08:20.708 9 INFO neutron.wsgi [None req-4171ee47-4782-4db5-a183-d59c1a85b5f2 5af4d8153f78468fab62759554c78630 a3ad3e858eb04234a54a62e3101c8323 - - default default] 199.204.45.144 "POST /v2.0/ports HTTP/1.1" status: 201 len: 1298 time: 0.5816140 /var/lib/openstack/lib/python3.10/site-packages/pycadf/identifier.py:71: UserWarning: Invalid uuid: neutron. To ensure interoperability, identifiers should be a valid uuid. warnings.warn(('Invalid uuid: %s. To ensure interoperability, '
2026-05-29 07:08:20.805 9 INFO neutron.wsgi [req-75e0f4ae-1db0-4c0c-976c-ee9765fbbe1c req-42c465b4-ee7f-4509-92c2-3df387e3e174 5af4d8153f78468fab62759554c78630 a3ad3e858eb04234a54a62e3101c8323 - - default default] 10.0.0.151 "GET /v2.0/ports/8428c054-4a35-4630-84b6-1d3b54a099a5 HTTP/1.1" status: 200 len: 1293 time: 0.0403979
2026-05-29 07:08:20.822 9 INFO neutron.wsgi [req-75e0f4ae-1db0-4c0c-976c-ee9765fbbe1c req-63fbb3db-ef8a-4322-ae15-fadfa02f3008 5af4d8153f78468fab62759554c78630 a3ad3e858eb04234a54a62e3101c8323 - - default default] 10.0.0.151 "GET /v2.0/extensions HTTP/1.1" status: 200 len: 16980 time: 0.0102415
2026-05-29 07:08:20.973 9 INFO neutron.wsgi [req-75e0f4ae-1db0-4c0c-976c-ee9765fbbe1c req-b4596da0-cd42-4be7-83d9-db70a8e6f1e9 8ccd67e3d6794f418eaf234fb8ea2616 cab9c5b69d5c4ee7a91f227694af28c3 - - cd4e054b602b420090beb20b074e9986 cd4e054b602b420090beb20b074e9986] 199.204.45.144 "GET /v2.0/ports/8428c054-4a35-4630-84b6-1d3b54a099a5?fields=binding%3Avnic_type&fields=binding%3Aprofile&fields=network_id&fields=resource_request&fields=numa_affinity_policy&fields=device_profile HTTP/1.1" status: 200 len: 335 time: 0.0416455
2026-05-29 07:08:21.042 9 INFO neutron.wsgi [req-75e0f4ae-1db0-4c0c-976c-ee9765fbbe1c req-cd9f6971-c2c1-4522-bb39-63f074fbbbfe 8ccd67e3d6794f418eaf234fb8ea2616 cab9c5b69d5c4ee7a91f227694af28c3 - - cd4e054b602b420090beb20b074e9986 cd4e054b602b420090beb20b074e9986] 199.204.45.144 "GET /v2.0/networks/c652f3f6-fe6a-4863-92cb-5ef943476905?fields=segments HTTP/1.1" status: 200 len: 212 time: 0.0608454
2026-05-29 07:08:21.112 9 INFO neutron.wsgi [req-75e0f4ae-1db0-4c0c-976c-ee9765fbbe1c req-7b4bf4e8-3806-4d6c-afa0-a60b646380d0 8ccd67e3d6794f418eaf234fb8ea2616 cab9c5b69d5c4ee7a91f227694af28c3 - - cd4e054b602b420090beb20b074e9986 cd4e054b602b420090beb20b074e9986] 199.204.45.144 "GET /v2.0/networks/c652f3f6-fe6a-4863-92cb-5ef943476905?fields=provider%3Aphysical_network&fields=provider%3Anetwork_type HTTP/1.1" status: 200 len: 277 time: 0.0623367
2026-05-29 07:08:21.177 9 INFO neutron.wsgi [req-75e0f4ae-1db0-4c0c-976c-ee9765fbbe1c req-a2e4e484-6086-45e7-9ff4-5d8d2434a686 8ccd67e3d6794f418eaf234fb8ea2616 cab9c5b69d5c4ee7a91f227694af28c3 - - cd4e054b602b420090beb20b074e9986 cd4e054b602b420090beb20b074e9986] 199.204.45.144 "GET /v2.0/ports/8428c054-4a35-4630-84b6-1d3b54a099a5 HTTP/1.1" status: 200 len: 1293 time: 0.0408361
2026-05-29 07:08:21.246 9 INFO neutron.wsgi [req-75e0f4ae-1db0-4c0c-976c-ee9765fbbe1c req-629c4d3e-9f97-478a-a2ce-0ba0a013d873 5af4d8153f78468fab62759554c78630 a3ad3e858eb04234a54a62e3101c8323 - - default default] 199.204.45.144 "GET /v2.0/networks?id=c652f3f6-fe6a-4863-92cb-5ef943476905 HTTP/1.1" status: 200 len: 1004 time: 0.0644617
2026-05-29 07:08:21.751 9 INFO neutron.db.ovn_revision_numbers_db [req-75e0f4ae-1db0-4c0c-976c-ee9765fbbe1c req-8cef76e3-16c4-4f11-b032-f28d390f52d8 8ccd67e3d6794f418eaf234fb8ea2616 cab9c5b69d5c4ee7a91f227694af28c3 - - cd4e054b602b420090beb20b074e9986 cd4e054b602b420090beb20b074e9986] Successfully bumped revision number for resource 8428c054-4a35-4630-84b6-1d3b54a099a5 (type: ports) to 2
2026-05-29 07:08:21.992 9 INFO neutron.db.ovn_revision_numbers_db [req-75e0f4ae-1db0-4c0c-976c-ee9765fbbe1c req-8cef76e3-16c4-4f11-b032-f28d390f52d8 8ccd67e3d6794f418eaf234fb8ea2616 cab9c5b69d5c4ee7a91f227694af28c3 - - cd4e054b602b420090beb20b074e9986 cd4e054b602b420090beb20b074e9986] Successfully bumped revision number for resource 8428c054-4a35-4630-84b6-1d3b54a099a5 (type: ports) to 2
2026-05-29 07:08:22.010 9 INFO neutron.wsgi [req-75e0f4ae-1db0-4c0c-976c-ee9765fbbe1c req-8cef76e3-16c4-4f11-b032-f28d390f52d8 8ccd67e3d6794f418eaf234fb8ea2616 cab9c5b69d5c4ee7a91f227694af28c3 - - cd4e054b602b420090beb20b074e9986 cd4e054b602b420090beb20b074e9986] 199.204.45.144 "PUT /v2.0/ports/8428c054-4a35-4630-84b6-1d3b54a099a5 HTTP/1.1" status: 200 len: 1424 time: 0.7549467 /var/lib/openstack/lib/python3.10/site-packages/pycadf/identifier.py:71: UserWarning: Invalid uuid: neutron. To ensure interoperability, identifiers should be a valid uuid. warnings.warn(('Invalid uuid: %s. To ensure interoperability, '
2026-05-29 07:08:22.062 9 INFO neutron.notifiers.nova [-] Nova event matching ['req-19c3448c-bbfc-4c9f-8607-e11d5af3ebe8'] response: {'name': 'network-changed', 'server_uuid': 'acdc7f1e-ece4-4c5e-b54d-fef46d72017b', 'tag': '8428c054-4a35-4630-84b6-1d3b54a099a5', 'status': 'completed', 'code': 200}
2026-05-29 07:08:22.103 9 INFO neutron.wsgi [req-75e0f4ae-1db0-4c0c-976c-ee9765fbbe1c req-bc46e506-91f1-4e5b-b067-6d4f3146e37f 8ccd67e3d6794f418eaf234fb8ea2616 cab9c5b69d5c4ee7a91f227694af28c3 - - cd4e054b602b420090beb20b074e9986 cd4e054b602b420090beb20b074e9986] 199.204.45.144 "GET /v2.0/ports?tenant_id=a3ad3e858eb04234a54a62e3101c8323&device_id=acdc7f1e-ece4-4c5e-b54d-fef46d72017b HTTP/1.1" status: 200 len: 2661 time: 0.0555546
2026-05-29 07:08:22.142 9 INFO neutron.wsgi [req-75e0f4ae-1db0-4c0c-976c-ee9765fbbe1c req-9292fba6-0043-4ede-ae37-51b6b98934b7 8ccd67e3d6794f418eaf234fb8ea2616 cab9c5b69d5c4ee7a91f227694af28c3 - - cd4e054b602b420090beb20b074e9986 cd4e054b602b420090beb20b074e9986] 199.204.45.144 "GET /v2.0/floatingips?fixed_ip_address=172.24.2.222&port_id=6c973b74-6c5d-4ef8-ada2-4c1106774b90 HTTP/1.1" status: 200 len: 217 time: 0.0295856
2026-05-29 07:08:22.186 9 INFO neutron.wsgi [req-75e0f4ae-1db0-4c0c-976c-ee9765fbbe1c req-8e24e443-7210-49d2-abee-4a573c0d47d4 8ccd67e3d6794f418eaf234fb8ea2616 cab9c5b69d5c4ee7a91f227694af28c3 - - cd4e054b602b420090beb20b074e9986 cd4e054b602b420090beb20b074e9986] 199.204.45.144 "GET /v2.0/subnets?id=aed55914-817d-4db9-8742-5d9fef8299cb HTTP/1.1" status: 200 len: 829 time: 0.0374784
2026-05-29 07:08:22.212 9 INFO neutron.wsgi [req-75e0f4ae-1db0-4c0c-976c-ee9765fbbe1c req-eaa65e37-ff5f-4212-89db-4e454d8b74e8 8ccd67e3d6794f418eaf234fb8ea2616 cab9c5b69d5c4ee7a91f227694af28c3 - - cd4e054b602b420090beb20b074e9986 cd4e054b602b420090beb20b074e9986] 199.204.45.144 "GET /v2.0/ports?network_id=5147162b-6769-45be-b0ca-b8ade1b622d4&device_owner=network%3Adhcp HTTP/1.1" status: 200 len: 210 time: 0.0224473
2026-05-29 07:08:22.288 9 INFO neutron.wsgi [req-75e0f4ae-1db0-4c0c-976c-ee9765fbbe1c req-31c6a7b4-1a60-4d9e-a26d-bcc3140efcc3 8ccd67e3d6794f418eaf234fb8ea2616 cab9c5b69d5c4ee7a91f227694af28c3 - - cd4e054b602b420090beb20b074e9986 cd4e054b602b420090beb20b074e9986] 199.204.45.144 "GET /v2.0/networks/5147162b-6769-45be-b0ca-b8ade1b622d4?fields=segments HTTP/1.1" status: 200 len: 212 time: 0.0720515
2026-05-29 07:08:22.380 9 INFO neutron.wsgi [req-75e0f4ae-1db0-4c0c-976c-ee9765fbbe1c req-cd9b758f-96a6-4d58-a7d7-24e63a088c07 8ccd67e3d6794f418eaf234fb8ea2616 cab9c5b69d5c4ee7a91f227694af28c3 - - cd4e054b602b420090beb20b074e9986 cd4e054b602b420090beb20b074e9986] 199.204.45.144 "GET /v2.0/networks/5147162b-6769-45be-b0ca-b8ade1b622d4?fields=provider%3Aphysical_network&fields=provider%3Anetwork_type HTTP/1.1" status: 200 len: 277 time: 0.0861833
2026-05-29 07:08:22.412 9 INFO neutron.wsgi [req-75e0f4ae-1db0-4c0c-976c-ee9765fbbe1c req-6b95e701-6565-4376-8f97-a820cff41f0b 8ccd67e3d6794f418eaf234fb8ea2616 cab9c5b69d5c4ee7a91f227694af28c3 - - cd4e054b602b420090beb20b074e9986 cd4e054b602b420090beb20b074e9986] 199.204.45.144 "GET /v2.0/floatingips?fixed_ip_address=10.1.1.13&port_id=8428c054-4a35-4630-84b6-1d3b54a099a5 HTTP/1.1" status: 200 len: 217 time: 0.0251181
2026-05-29 07:08:22.453 9 INFO neutron.wsgi [req-75e0f4ae-1db0-4c0c-976c-ee9765fbbe1c req-8a284d14-b6ec-450e-9d92-b27dcad582e6 8ccd67e3d6794f418eaf234fb8ea2616 cab9c5b69d5c4ee7a91f227694af28c3 - - cd4e054b602b420090beb20b074e9986 cd4e054b602b420090beb20b074e9986] 199.204.45.144 "GET /v2.0/subnets?id=e3b80d79-eab6-404d-b749-3a5d72f8cef0 HTTP/1.1" status: 200 len: 853 time: 0.0351419
2026-05-29 07:08:22.482 9 INFO neutron.wsgi [req-75e0f4ae-1db0-4c0c-976c-ee9765fbbe1c req-b0a2bc93-79f4-433a-acb5-b1b8a9e828d4 8ccd67e3d6794f418eaf234fb8ea2616 cab9c5b69d5c4ee7a91f227694af28c3 - - cd4e054b602b420090beb20b074e9986 cd4e054b602b420090beb20b074e9986] 199.204.45.144 "GET /v2.0/ports?network_id=c652f3f6-fe6a-4863-92cb-5ef943476905&device_owner=network%3Adhcp HTTP/1.1" status: 200 len: 210 time: 0.0227957
2026-05-29 07:08:22.578 9 INFO neutron.wsgi [req-75e0f4ae-1db0-4c0c-976c-ee9765fbbe1c req-7e73eb3e-6b09-4fa0-9ddb-04048e8d45bc 8ccd67e3d6794f418eaf234fb8ea2616 cab9c5b69d5c4ee7a91f227694af28c3 - - cd4e054b602b420090beb20b074e9986 cd4e054b602b420090beb20b074e9986] 199.204.45.144 "GET /v2.0/networks/c652f3f6-fe6a-4863-92cb-5ef943476905?fields=segments HTTP/1.1" status: 200 len: 212 time: 0.0888813
2026-05-29 07:08:22.679 9 INFO neutron.wsgi [req-75e0f4ae-1db0-4c0c-976c-ee9765fbbe1c req-760f368d-cf31-4c86-bdaa-a65cbf11bfee 8ccd67e3d6794f418eaf234fb8ea2616 cab9c5b69d5c4ee7a91f227694af28c3 - - cd4e054b602b420090beb20b074e9986 cd4e054b602b420090beb20b074e9986] 199.204.45.144 "GET /v2.0/networks/c652f3f6-fe6a-4863-92cb-5ef943476905?fields=provider%3Aphysical_network&fields=provider%3Anetwork_type HTTP/1.1" status: 200 len: 277 time: 0.0949667
2026-05-29 07:08:22.795 9 INFO neutron.wsgi [req-ac8239a0-4754-4d52-80b2-a156f4e969fb req-a981880c-ffab-46ac-ab25-9ded907ec94f 8ccd67e3d6794f418eaf234fb8ea2616 cab9c5b69d5c4ee7a91f227694af28c3 - - cd4e054b602b420090beb20b074e9986 cd4e054b602b420090beb20b074e9986] 199.204.45.144 "GET /v2.0/ports?tenant_id=a3ad3e858eb04234a54a62e3101c8323&device_id=acdc7f1e-ece4-4c5e-b54d-fef46d72017b HTTP/1.1" status: 200 len: 2661 time: 0.0594695
2026-05-29 07:08:22.805 10 INFO neutron.plugins.ml2.drivers.ovn.mech_driver.mech_driver [None req-2a3f324f-f047-4764-922a-a06fd19eac68 - - - - - -] OVN reports status up for port: 8428c054-4a35-4630-84b6-1d3b54a099a5
2026-05-29 07:08:22.837 10 INFO neutron.plugins.ml2.plugin [None req-2a3f324f-f047-4764-922a-a06fd19eac68 - - - - - -] Attempt 1 to provision port 8428c054-4a35-4630-84b6-1d3b54a099a5
2026-05-29 07:08:22.893 9 INFO neutron.wsgi [req-ac8239a0-4754-4d52-80b2-a156f4e969fb req-36d348ec-f9a3-4dd0-9c67-184480d55dba 8ccd67e3d6794f418eaf234fb8ea2616 cab9c5b69d5c4ee7a91f227694af28c3 - - cd4e054b602b420090beb20b074e9986 cd4e054b602b420090beb20b074e9986] 199.204.45.144 "GET /v2.0/networks?id=c652f3f6-fe6a-4863-92cb-5ef943476905 HTTP/1.1" status: 200 len: 1004 time: 0.0825815
2026-05-29 07:08:22.941 9 INFO neutron.wsgi [req-ac8239a0-4754-4d52-80b2-a156f4e969fb req-e88f8528-97b9-466e-a4c0-f6132d146cab 8ccd67e3d6794f418eaf234fb8ea2616 cab9c5b69d5c4ee7a91f227694af28c3 - - cd4e054b602b420090beb20b074e9986 cd4e054b602b420090beb20b074e9986] 199.204.45.144 "GET /v2.0/floatingips?fixed_ip_address=10.1.1.13&port_id=8428c054-4a35-4630-84b6-1d3b54a099a5 HTTP/1.1" status: 200 len: 217 time: 0.0430679
2026-05-29 07:08:22.999 9 INFO neutron.wsgi [req-ac8239a0-4754-4d52-80b2-a156f4e969fb req-c21eeee8-77c7-4306-bb80-03e56c68a3ac 8ccd67e3d6794f418eaf234fb8ea2616 cab9c5b69d5c4ee7a91f227694af28c3 - - cd4e054b602b420090beb20b074e9986 cd4e054b602b420090beb20b074e9986] 199.204.45.144 "GET /v2.0/subnets?id=e3b80d79-eab6-404d-b749-3a5d72f8cef0 HTTP/1.1" status: 200 len: 853 time: 0.0528357
2026-05-29 07:08:23.025 9 INFO neutron.wsgi [req-75e0f4ae-1db0-4c0c-976c-ee9765fbbe1c req-9d29690f-4b32-420c-b954-ab59456eceaf 5af4d8153f78468fab62759554c78630 a3ad3e858eb04234a54a62e3101c8323 - - default default] 10.0.0.151 "GET /v2.0/ports/8428c054-4a35-4630-84b6-1d3b54a099a5 HTTP/1.1" status: 200 len: 1452 time: 0.0549521
2026-05-29 07:08:23.038 9 INFO neutron.wsgi [req-ac8239a0-4754-4d52-80b2-a156f4e969fb req-a7995cdc-02c3-48e6-8941-728a65ba390e 8ccd67e3d6794f418eaf234fb8ea2616 cab9c5b69d5c4ee7a91f227694af28c3 - - cd4e054b602b420090beb20b074e9986 cd4e054b602b420090beb20b074e9986] 199.204.45.144 "GET /v2.0/ports?network_id=c652f3f6-fe6a-4863-92cb-5ef943476905&device_owner=network%3Adhcp HTTP/1.1" status: 200 len: 210 time: 0.0281415
2026-05-29 07:08:23.149 9 INFO neutron.wsgi [req-ac8239a0-4754-4d52-80b2-a156f4e969fb req-8e3ff845-2918-4c3b-bfd2-56928842eabd 8ccd67e3d6794f418eaf234fb8ea2616 cab9c5b69d5c4ee7a91f227694af28c3 - - cd4e054b602b420090beb20b074e9986 cd4e054b602b420090beb20b074e9986] 199.204.45.144 "GET /v2.0/networks/c652f3f6-fe6a-4863-92cb-5ef943476905?fields=segments HTTP/1.1" status: 200 len: 212 time: 0.1050870
2026-05-29 07:08:23.199 10 INFO neutron.notifiers.nova [-] Nova event matching ['req-3116f0b0-a4a5-498a-8012-d00d1f291fc5'] response: {'server_uuid': 'acdc7f1e-ece4-4c5e-b54d-fef46d72017b', 'name': 'network-vif-plugged', 'status': 'completed', 'tag': '8428c054-4a35-4630-84b6-1d3b54a099a5', 'code': 200}
2026-05-29 07:08:23.229 9 INFO neutron.wsgi [req-ac8239a0-4754-4d52-80b2-a156f4e969fb req-8b671093-8813-46d3-bd7b-7691d04376b8 8ccd67e3d6794f418eaf234fb8ea2616 cab9c5b69d5c4ee7a91f227694af28c3 - - cd4e054b602b420090beb20b074e9986 cd4e054b602b420090beb20b074e9986] 199.204.45.144 "GET /v2.0/networks/c652f3f6-fe6a-4863-92cb-5ef943476905?fields=provider%3Aphysical_network&fields=provider%3Anetwork_type HTTP/1.1" status: 200 len: 277 time: 0.0749004
2026-05-29 07:08:23.278 10 INFO neutron.db.ovn_revision_numbers_db [None req-2a3f324f-f047-4764-922a-a06fd19eac68 - - - - - -] Successfully bumped revision number for resource 8428c054-4a35-4630-84b6-1d3b54a099a5 (type: ports) to 4
2026-05-29 07:08:23.474 9 INFO neutron.db.ovn_revision_numbers_db [None req-d6d515b2-1d85-448a-8d03-556ca6a5639c 5af4d8153f78468fab62759554c78630 a3ad3e858eb04234a54a62e3101c8323 - - default default] Successfully bumped revision number for resource 8428c054-4a35-4630-84b6-1d3b54a099a5 (type: ports) to 5
