2026-05-29 07:02:39.840 9 INFO neutron.db.ovn_revision_numbers_db [None req-7c75fedf-3653-429d-b6a0-42a37f17b186 - - - - - -] Successfully bumped revision number for resource 7fdd0c25-9729-4e20-af34-56c8b04ba719 (type: ports) to 2
2026-05-29 07:02:39.893 10 INFO neutron.db.ovn_revision_numbers_db [None req-8d0fe197-ccd1-437e-b7a3-d515e6483fed b1b46021fb4649739fdad6ef7597cf73 8bd5ac344d854f038aac6f8973abbd90 - - default default] Successfully bumped revision number for resource c5be18f1-bb90-4e00-ba46-e5cfb10964d0 (type: floatingips) to 0
2026-05-29 07:02:39.910 9 INFO neutron.wsgi [req-b54dded9-cd81-4b28-92cd-04004d2c0745 req-c01afdf6-523f-4cf5-82ad-82f3ebe3c3fb d8e6381c709f4259b90558dabbb57de6 4d566f16123c433190f77b40d4f21508 - - default default] 10.0.0.151 "DELETE /v2.0/security-groups/86c460ae-1edc-4411-8567-2db1cefc63e3 HTTP/1.1" status: 204 len: 173 time: 0.6345184
2026-05-29 07:02:39.972 9 INFO neutron.api.v2.resource [req-2cc15434-c962-4a51-973b-0b1434b8c318 req-2cccf804-2b5a-451a-b20a-7f1ba598893e d8e6381c709f4259b90558dabbb57de6 4d566f16123c433190f77b40d4f21508 - - default default] show failed (client error): The resource could not be found.
2026-05-29 07:02:39.973 9 INFO neutron.wsgi [req-2cc15434-c962-4a51-973b-0b1434b8c318 req-2cccf804-2b5a-451a-b20a-7f1ba598893e d8e6381c709f4259b90558dabbb57de6 4d566f16123c433190f77b40d4f21508 - - default default] 10.0.0.151 "GET /v2.0/security-groups/86c460ae-1edc-4411-8567-2db1cefc63e3 HTTP/1.1" status: 404 len: 352 time: 0.0307705
2026-05-29 07:02:40.045 10 INFO neutron.db.ovn_revision_numbers_db [None req-8d0fe197-ccd1-437e-b7a3-d515e6483fed b1b46021fb4649739fdad6ef7597cf73 8bd5ac344d854f038aac6f8973abbd90 - - default default] Successfully bumped revision number for resource c5be18f1-bb90-4e00-ba46-e5cfb10964d0 (type: floatingips) to 1
2026-05-29 07:02:40.048 9 INFO neutron.db.ovn_revision_numbers_db [None req-7c75fedf-3653-429d-b6a0-42a37f17b186 - - - - - -] Successfully bumped revision number for resource 7fdd0c25-9729-4e20-af34-56c8b04ba719 (type: router_ports) to 2
2026-05-29 07:02:40.072 9 INFO neutron.wsgi [req-89f37d4a-ce47-4bbe-b4a3-e08ecb1a1cde req-7db9cf73-703a-4566-a8c8-fd36508131bb d8e6381c709f4259b90558dabbb57de6 4d566f16123c433190f77b40d4f21508 - - default default] 10.0.0.151 "GET /v2.0/security-groups/59637b43-43da-4b3e-86ef-7b7020a15d52 HTTP/1.1" status: 200 len: 1816 time: 0.0644586
2026-05-29 07:02:40.099 10 INFO neutron.wsgi [None req-8d0fe197-ccd1-437e-b7a3-d515e6483fed b1b46021fb4649739fdad6ef7597cf73 8bd5ac344d854f038aac6f8973abbd90 - - default default] 10.0.0.97 "POST /v2.0/floatingips HTTP/1.1" status: 201 len: 1040 time: 1.3454235 /var/lib/openstack/lib/python3.10/site-packages/pycadf/identifier.py:71: UserWarning: Invalid uuid: neutron. To ensure interoperability, identifiers should be a valid uuid. warnings.warn(('Invalid uuid: %s. To ensure interoperability, '
2026-05-29 07:02:40.156 9 INFO neutron.notifiers.nova [-] Nova event matching ['req-ed527ecb-7dcc-4321-84cb-6e3b91beb7f7'] response: {'server_uuid': '66ab72f9-a630-439f-bf98-2410aea6b4a8', 'name': 'network-vif-plugged', 'status': 'completed', 'tag': '1537ea3e-0d9b-45c7-9899-2bc1227bd3ed', 'code': 200}
2026-05-29 07:02:40.241 9 INFO neutron.db.ovn_revision_numbers_db [None req-325c15cc-56b3-490e-8f0e-5b94dda134a8 972eb1af6ae545a490803f41cabe7ac8 d50dc02f5d2d40b8858e18ab5edf730f - - default default] Successfully bumped revision number for resource 35fe38f8-0081-4ef1-9d21-0be9864854e4 (type: floatingips) to 1
2026-05-29 07:02:40.495 9 INFO neutron.wsgi [req-89f37d4a-ce47-4bbe-b4a3-e08ecb1a1cde req-5010e60d-39c6-4d32-86d9-9cfd9abdffe4 d8e6381c709f4259b90558dabbb57de6 4d566f16123c433190f77b40d4f21508 - - default default] 10.0.0.151 "DELETE /v2.0/security-groups/59637b43-43da-4b3e-86ef-7b7020a15d52 HTTP/1.1" status: 204 len: 173 time: 0.4131241
2026-05-29 07:02:40.536 9 INFO neutron.api.v2.resource [req-115bfc31-e1a6-4cfc-91a2-a1dca5b74324 req-cdb80dd6-98f8-40ee-bf40-f237e21bc96d d8e6381c709f4259b90558dabbb57de6 4d566f16123c433190f77b40d4f21508 - - default default] show failed (client error): The resource could not be found.
2026-05-29 07:02:40.538 9 INFO neutron.wsgi [req-115bfc31-e1a6-4cfc-91a2-a1dca5b74324 req-cdb80dd6-98f8-40ee-bf40-f237e21bc96d d8e6381c709f4259b90558dabbb57de6 4d566f16123c433190f77b40d4f21508 - - default default] 10.0.0.151 "GET /v2.0/security-groups/59637b43-43da-4b3e-86ef-7b7020a15d52 HTTP/1.1" status: 404 len: 352 time: 0.0152242
2026-05-29 07:02:40.605 9 INFO neutron.db.ovn_revision_numbers_db [None req-325c15cc-56b3-490e-8f0e-5b94dda134a8 972eb1af6ae545a490803f41cabe7ac8 d50dc02f5d2d40b8858e18ab5edf730f - - default default] Successfully bumped revision number for resource 35fe38f8-0081-4ef1-9d21-0be9864854e4 (type: floatingips) to 2
2026-05-29 07:02:40.610 9 INFO neutron.wsgi [req-b98e4a95-f2e8-459b-9fdd-645b5bb5fb96 req-cfeee8db-5108-4578-9b5e-b03768934a07 d8e6381c709f4259b90558dabbb57de6 4d566f16123c433190f77b40d4f21508 - - default default] 10.0.0.151 "GET /v2.0/security-groups/07d18bdc-4912-4777-afb8-4e88fdd4a381 HTTP/1.1" status: 200 len: 1817 time: 0.0467885
2026-05-29 07:02:40.658 9 INFO neutron.wsgi [None req-325c15cc-56b3-490e-8f0e-5b94dda134a8 972eb1af6ae545a490803f41cabe7ac8 d50dc02f5d2d40b8858e18ab5edf730f - - default default] 10.0.0.97 "PUT /v2.0/floatingips/35fe38f8-0081-4ef1-9d21-0be9864854e4 HTTP/1.1" status: 200 len: 1049 time: 1.5355573
2026-05-29 07:02:40.706 10 INFO neutron.wsgi [None req-06060943-4b9a-4625-b4d9-32ad1bff12d0 5af4d8153f78468fab62759554c78630 a3ad3e858eb04234a54a62e3101c8323 - - default default] 10.0.0.221 "GET /v2.0/security-groups HTTP/1.1" status: 200 len: 33853 time: 0.6546521
2026-05-29 07:02:40.768 9 INFO neutron.wsgi [req-04a85750-f62d-4fa3-b56b-fb3d2045a956 req-184251f3-be0e-44f3-b68c-539eb54ff78c 972eb1af6ae545a490803f41cabe7ac8 d50dc02f5d2d40b8858e18ab5edf730f - - default default] 10.0.0.151 "GET /v2.0/ports?device_id=66ab72f9-a630-439f-bf98-2410aea6b4a8 HTTP/1.1" status: 200 len: 1170 time: 0.0429542
2026-05-29 07:02:40.790 10 INFO neutron.wsgi [None req-ae85f828-9cd9-42c7-86cd-ff0e69a3c29e 5af4d8153f78468fab62759554c78630 a3ad3e858eb04234a54a62e3101c8323 - - default default] 10.0.0.221 "GET /v2.0/subnets HTTP/1.1" status: 200 len: 4025 time: 0.0726223
2026-05-29 07:02:40.823 9 INFO neutron.wsgi [req-04a85750-f62d-4fa3-b56b-fb3d2045a956 req-49176b49-868e-4755-8d8a-9bbaea89569a 972eb1af6ae545a490803f41cabe7ac8 d50dc02f5d2d40b8858e18ab5edf730f - - default default] 10.0.0.151 "GET /v2.0/security-groups?id=ef6764ba-8cee-41f6-98da-4c476ee0efad&fields=id&fields=name HTTP/1.1" status: 200 len: 312 time: 0.0392027
2026-05-29 07:02:40.842 10 INFO neutron.db.l3_db [None req-33ab3820-2103-4832-bf15-0a58ff9f849d b1b46021fb4649739fdad6ef7597cf73 8bd5ac344d854f038aac6f8973abbd90 - - default default] Floating IP c5be18f1-bb90-4e00-ba46-e5cfb10964d0 disassociated. External IP: 10.96.250.218, port: fd3843a4-a468-40ac-83a9-bc52536af5e0.
2026-05-29 07:02:40.846 9 INFO neutron.wsgi [req-b98e4a95-f2e8-459b-9fdd-645b5bb5fb96 req-eb5d2bdb-55bd-4bf4-91a6-9b10bea67569 d8e6381c709f4259b90558dabbb57de6 4d566f16123c433190f77b40d4f21508 - - default default] 10.0.0.151 "DELETE /v2.0/security-groups/07d18bdc-4912-4777-afb8-4e88fdd4a381 HTTP/1.1" status: 204 len: 173 time: 0.2196758
2026-05-29 07:02:40.897 9 INFO neutron.api.v2.resource [req-09b16a14-ac14-43bb-8706-8219cbc01bfc req-5318e6cb-36da-460e-ae95-492ede1e3a92 d8e6381c709f4259b90558dabbb57de6 4d566f16123c433190f77b40d4f21508 - - default default] show failed (client error): The resource could not be found.
2026-05-29 07:02:40.898 9 INFO neutron.wsgi [req-09b16a14-ac14-43bb-8706-8219cbc01bfc req-5318e6cb-36da-460e-ae95-492ede1e3a92 d8e6381c709f4259b90558dabbb57de6 4d566f16123c433190f77b40d4f21508 - - default default] 10.0.0.151 "GET /v2.0/security-groups/07d18bdc-4912-4777-afb8-4e88fdd4a381 HTTP/1.1" status: 404 len: 352 time: 0.0145981
2026-05-29 07:02:40.902 10 INFO neutron.wsgi [None req-e08dc343-5840-48d2-a389-124afef32efe 5af4d8153f78468fab62759554c78630 a3ad3e858eb04234a54a62e3101c8323 - - default default] 10.0.0.221 "GET /v2.0/ports HTTP/1.1" status: 200 len: 22223 time: 0.1102638
2026-05-29 07:02:40.970 10 INFO neutron.wsgi [None req-70efb1fa-aec7-4314-8567-8ce9b4ee61dc 5af4d8153f78468fab62759554c78630 a3ad3e858eb04234a54a62e3101c8323 - - default default] 10.0.0.221 "GET /v2.0/network-ip-availabilities HTTP/1.1" status: 200 len: 3158 time: 0.0532997 /var/lib/openstack/lib/python3.10/site-packages/pycadf/identifier.py:71: UserWarning: Invalid uuid: neutron. To ensure interoperability, identifiers should be a valid uuid. warnings.warn(('Invalid uuid: %s. To ensure interoperability, '
2026-05-29 07:02:40.978 9 INFO neutron.wsgi [req-d5e68a4b-d924-4082-a63d-11743adb4a07 req-4e7e69e6-088f-422e-bbbe-82f2d896cf85 d8e6381c709f4259b90558dabbb57de6 4d566f16123c433190f77b40d4f21508 - - default default] 10.0.0.151 "GET /v2.0/security-groups?tenant_id=4d566f16123c433190f77b40d4f21508 HTTP/1.1" status: 200 len: 3001 time: 0.0424647
2026-05-29 07:02:41.052 10 INFO neutron.db.ovn_revision_numbers_db [None req-33ab3820-2103-4832-bf15-0a58ff9f849d b1b46021fb4649739fdad6ef7597cf73 8bd5ac344d854f038aac6f8973abbd90 - - default default] Successfully bumped revision number for resource c5be18f1-bb90-4e00-ba46-e5cfb10964d0 (type: floatingips) to 2
2026-05-29 07:02:41.053 9 INFO neutron.wsgi [req-d5e68a4b-d924-4082-a63d-11743adb4a07 req-cca2db21-c877-49a8-8ac3-a88eeb6ed81e d8e6381c709f4259b90558dabbb57de6 4d566f16123c433190f77b40d4f21508 - - default default] 10.0.0.151 "GET /v2.0/security-groups/d7d27809-d858-4854-b069-f9e53395544c HTTP/1.1" status: 200 len: 2998 time: 0.0639319
2026-05-29 07:02:41.126 9 INFO neutron.wsgi [req-d5e68a4b-d924-4082-a63d-11743adb4a07 req-e6f9b0ce-ab84-4e3d-9bea-5e75d94cb0b0 d8e6381c709f4259b90558dabbb57de6 4d566f16123c433190f77b40d4f21508 - - default default] 10.0.0.151 "GET /v2.0/security-groups/d7d27809-d858-4854-b069-f9e53395544c HTTP/1.1" status: 200 len: 2998 time: 0.0570340
2026-05-29 07:02:41.131 10 INFO neutron.wsgi [None req-082c8e47-c411-4a9b-9522-640ef3d1f96f 5af4d8153f78468fab62759554c78630 a3ad3e858eb04234a54a62e3101c8323 - - default default] 10.0.0.221 "GET /v2.0/routers HTTP/1.1" status: 200 len: 2707 time: 0.1582274
2026-05-29 07:02:41.174 10 INFO neutron.wsgi [None req-f64b9fbf-7162-4cf3-ae1e-4dbd63bd5625 5af4d8153f78468fab62759554c78630 a3ad3e858eb04234a54a62e3101c8323 - - default default] 10.0.0.221 "GET /v2.0/agents?binary=ovn-controller HTTP/1.1" status: 200 len: 591 time: 0.0393827
2026-05-29 07:02:41.188 10 INFO neutron.wsgi [None req-33ab3820-2103-4832-bf15-0a58ff9f849d b1b46021fb4649739fdad6ef7597cf73 8bd5ac344d854f038aac6f8973abbd90 - - default default] 10.0.0.97 "PUT /v2.0/floatingips/c5be18f1-bb90-4e00-ba46-e5cfb10964d0 HTTP/1.1" status: 200 len: 748 time: 1.0781379
2026-05-29 07:02:41.194 10 INFO neutron.wsgi [None req-2a22f6a7-2fef-4240-ac32-d74f5f6ef200 5af4d8153f78468fab62759554c78630 a3ad3e858eb04234a54a62e3101c8323 - - default default] 10.0.0.221 "GET /v2.0/agents HTTP/1.1" status: 200 len: 997 time: 0.0190275
2026-05-29 07:02:41.205 9 INFO neutron.api.v2.resource [req-20ba25c5-bd38-4e8f-a214-c766604c3fce req-1c5042bb-68f7-40f8-8abe-bbc0dbbbc55c d8e6381c709f4259b90558dabbb57de6 4d566f16123c433190f77b40d4f21508 - - default default] show failed (client error): The resource could not be found.
2026-05-29 07:02:41.206 9 INFO neutron.wsgi [req-20ba25c5-bd38-4e8f-a214-c766604c3fce req-1c5042bb-68f7-40f8-8abe-bbc0dbbbc55c d8e6381c709f4259b90558dabbb57de6 4d566f16123c433190f77b40d4f21508 - - default default] 10.0.0.151 "GET /v2.0/security-groups/07d18bdc-4912-4777-afb8-4e88fdd4a381 HTTP/1.1" status: 404 len: 352 time: 0.0404506
2026-05-29 07:02:41.217 9 INFO neutron.wsgi [req-99dfc81b-2f78-4802-90f9-559359a5acea req-ed955fa5-fb30-4b03-bfb3-0889b524f8c7 972eb1af6ae545a490803f41cabe7ac8 d50dc02f5d2d40b8858e18ab5edf730f - - default default] 10.0.0.151 "GET /v2.0/ports?device_id=66ab72f9-a630-439f-bf98-2410aea6b4a8 HTTP/1.1" status: 200 len: 1170 time: 0.0718040
2026-05-29 07:02:41.241 9 INFO neutron.wsgi [None req-4e216438-1795-46ab-b81a-562134c7a632 5af4d8153f78468fab62759554c78630 a3ad3e858eb04234a54a62e3101c8323 - - default default] 10.0.0.97 "DELETE /v2.0/routers/c28f7cd7-518f-4e57-b002-72ed59299660 HTTP/1.1" status: 204 len: 168 time: 1.4505622
2026-05-29 07:02:41.253 9 INFO neutron.api.v2.resource [req-b04cb15a-8fd2-4b37-a9d2-65bd44e701e8 req-1caac1d7-8150-4438-a42e-b7fb5c60cf44 d8e6381c709f4259b90558dabbb57de6 4d566f16123c433190f77b40d4f21508 - - default default] show failed (client error): The resource could not be found.
2026-05-29 07:02:41.254 9 INFO neutron.wsgi [req-b04cb15a-8fd2-4b37-a9d2-65bd44e701e8 req-1caac1d7-8150-4438-a42e-b7fb5c60cf44 d8e6381c709f4259b90558dabbb57de6 4d566f16123c433190f77b40d4f21508 - - default default] 10.0.0.151 "GET /v2.0/security-groups/59637b43-43da-4b3e-86ef-7b7020a15d52 HTTP/1.1" status: 404 len: 352 time: 0.0098317
2026-05-29 07:02:41.278 9 INFO neutron.wsgi [req-99dfc81b-2f78-4802-90f9-559359a5acea req-173e9a3e-2785-4666-b9e8-ed6f0cb59b19 972eb1af6ae545a490803f41cabe7ac8 d50dc02f5d2d40b8858e18ab5edf730f - - default default] 10.0.0.151 "GET /v2.0/security-groups?id=ef6764ba-8cee-41f6-98da-4c476ee0efad&fields=id&fields=name HTTP/1.1" status: 200 len: 312 time: 0.0532808
2026-05-29 07:02:41.291 9 INFO neutron.api.v2.resource [req-e2e09c38-b007-47ce-b574-37d7b23c881f req-0e15336a-5507-4c63-8ad2-5a4c93b1cf77 d8e6381c709f4259b90558dabbb57de6 4d566f16123c433190f77b40d4f21508 - - default default] show failed (client error): The resource could not be found.
2026-05-29 07:02:41.291 10 INFO neutron.wsgi [None req-4032f428-d664-4310-b0dc-965caed4d3dd 5af4d8153f78468fab62759554c78630 a3ad3e858eb04234a54a62e3101c8323 - - default default] 10.0.0.221 "GET /v2.0/floatingips HTTP/1.1" status: 200 len: 1574 time: 0.0947816
2026-05-29 07:02:41.292 9 INFO neutron.wsgi [req-e2e09c38-b007-47ce-b574-37d7b23c881f req-0e15336a-5507-4c63-8ad2-5a4c93b1cf77 d8e6381c709f4259b90558dabbb57de6 4d566f16123c433190f77b40d4f21508 - - default default] 10.0.0.151 "GET /v2.0/security-groups/86c460ae-1edc-4411-8567-2db1cefc63e3 HTTP/1.1" status: 404 len: 352 time: 0.0177977
2026-05-29 07:02:41.369 10 INFO neutron.wsgi [None req-fb310d78-4537-4a0c-95c2-1f0bad4fd78b 5af4d8153f78468fab62759554c78630 a3ad3e858eb04234a54a62e3101c8323 - - default default] 10.0.0.221 "GET /v2.0/subnets HTTP/1.1" status: 200 len: 4025 time: 0.0761158
2026-05-29 07:02:41.415 10 INFO neutron.wsgi [None req-27c3e5c1-192a-4c00-88a8-331050cc2570 5af4d8153f78468fab62759554c78630 a3ad3e858eb04234a54a62e3101c8323 - - default default] 10.0.0.221 "GET /v2.0/subnetpools HTTP/1.1" status: 200 len: 193 time: 0.0223927
2026-05-29 07:02:41.464 9 INFO neutron.wsgi [None req-50ea7461-32db-4ad4-bd62-c0fc2b5bc550 5af4d8153f78468fab62759554c78630 a3ad3e858eb04234a54a62e3101c8323 - - default default] 10.0.0.97 "DELETE /v2.0/subnets/a6efd476-a605-4ac0-8165-785edd00ce60 HTTP/1.1" status: 204 len: 168 time: 0.2113357
2026-05-29 07:02:41.571 10 INFO neutron.wsgi [None req-493579b6-2431-4e0b-892f-b901a370ad26 5af4d8153f78468fab62759554c78630 a3ad3e858eb04234a54a62e3101c8323 - - default default] 10.0.0.221 "GET /v2.0/networks HTTP/1.1" status: 200 len: 5400 time: 0.1529887
2026-05-29 07:02:41.736 10 INFO neutron.wsgi [req-4888997e-8cd1-4381-9c47-6f1d0ca67cdc req-15ccc254-b69b-4191-9d28-6670eac3a204 972eb1af6ae545a490803f41cabe7ac8 d50dc02f5d2d40b8858e18ab5edf730f - - default default] 199.204.45.144 "GET /v2.0/ports?device_id=66ab72f9-a630-439f-bf98-2410aea6b4a8 HTTP/1.1" status: 200 len: 1170 time: 0.2163792
2026-05-29 07:02:41.892 9 INFO neutron.wsgi [None req-e024dc9d-b2c6-4b65-a2c5-e5ba039cde0b 5af4d8153f78468fab62759554c78630 a3ad3e858eb04234a54a62e3101c8323 - - default default] 10.0.0.97 "DELETE /v2.0/networks/102b4829-e123-41ab-bc3d-c9fa24354256 HTTP/1.1" status: 204 len: 168 time: 0.4225266
2026-05-29 07:02:41.982 10 INFO neutron.wsgi [None req-bfd99fc0-197c-472e-89da-267c43c10527 b1b46021fb4649739fdad6ef7597cf73 8bd5ac344d854f038aac6f8973abbd90 - - default default] 10.0.0.97 "DELETE /v2.0/floatingips/c5be18f1-bb90-4e00-ba46-e5cfb10964d0 HTTP/1.1" status: 204 len: 168 time: 0.7864621
2026-05-29 07:02:41.996 9 WARNING neutron_lib.context [None req-ae80d118-e9ca-40f9-87c8-a4512cde838e b1b46021fb4649739fdad6ef7597cf73 8bd5ac344d854f038aac6f8973abbd90 - - default default] Method 'is_advsvc' is deprecated since 2023.2 release (neutron-lib 3.8.0) and will be removed once support for the old RBAC API policies will be removed from Neutron. Please use method 'is_service_role' instead.
2026-05-29 07:02:42.076 9 INFO neutron.wsgi [None req-fccf9f85-581c-44d1-abe4-2a4088add7d0 5af4d8153f78468fab62759554c78630 a3ad3e858eb04234a54a62e3101c8323 - - default default] 10.0.0.97 "GET /v2.0/security-groups?tenant_id=526f5b3a1c7b4cfab660049d56f4df0c&name=default HTTP/1.1" status: 200 len: 2992 time: 0.0496984
2026-05-29 07:02:42.215 9 INFO neutron.notifiers.nova [-] Nova event matching ['req-6eed29fd-553a-49e3-8134-1726fab9e2b6'] response: {'name': 'network-changed', 'server_uuid': '66ab72f9-a630-439f-bf98-2410aea6b4a8', 'tag': '1537ea3e-0d9b-45c7-9899-2bc1227bd3ed', 'status': 'completed', 'code': 200}
2026-05-29 07:02:42.351 9 INFO neutron.wsgi [req-fbe31161-0f9a-4a79-af56-36e63ce22412 req-e68bd062-42fe-4a74-8ea3-86bd5317cfc2 8ccd67e3d6794f418eaf234fb8ea2616 cab9c5b69d5c4ee7a91f227694af28c3 - - cd4e054b602b420090beb20b074e9986 cd4e054b602b420090beb20b074e9986] 199.204.45.144 "GET /v2.0/ports?tenant_id=d50dc02f5d2d40b8858e18ab5edf730f&device_id=66ab72f9-a630-439f-bf98-2410aea6b4a8 HTTP/1.1" status: 200 len: 1409 time: 0.1013122
2026-05-29 07:02:42.690 10 INFO neutron.db.l3_db [req-4888997e-8cd1-4381-9c47-6f1d0ca67cdc req-2f9ad36f-fe44-4d6e-974c-48f9c70d4bde 972eb1af6ae545a490803f41cabe7ac8 d50dc02f5d2d40b8858e18ab5edf730f - - default default] Floating IP 35fe38f8-0081-4ef1-9d21-0be9864854e4 disassociated. External IP: 10.96.250.217, port: 1537ea3e-0d9b-45c7-9899-2bc1227bd3ed.
2026-05-29 07:02:42.809 9 INFO neutron.services.segments.plugin [-] Segment 728a2362-9382-4a59-8c2e-5711b91fd20d resource provider aggregate not found
2026-05-29 07:02:42.815 9 INFO neutron.services.segments.plugin [-] Segment 728a2362-9382-4a59-8c2e-5711b91fd20d resource provider aggregate not found
2026-05-29 07:02:42.843 9 INFO neutron.services.segments.plugin [-] Segment 728a2362-9382-4a59-8c2e-5711b91fd20d resource provider not found; error: Placement Client Error (4xx): {"errors": [{"status": 404, "title": "Not Found", "detail": "The resource could not be found.\n\n No resource provider with uuid 728a2362-9382-4a59-8c2e-5711b91fd20d found for delete ", "request_id": "req-34a9c7f4-19b6-4bf2-ab1e-2465c0b0b751"}]}
2026-05-29 07:02:42.843 9 INFO neutron.services.segments.plugin [-] Segment 728a2362-9382-4a59-8c2e-5711b91fd20d resource provider not found; error: Placement Client Error (4xx): {"errors": [{"status": 404, "title": "Not Found", "detail": "The resource could not be found.\n\n No resource provider with uuid 728a2362-9382-4a59-8c2e-5711b91fd20d found for delete ", "request_id": "req-fb0626af-4580-4b7f-a019-da97b31f7fc4"}]}
2026-05-29 07:02:42.848 9 WARNING neutron.scheduler.dhcp_agent_scheduler [None req-ae80d118-e9ca-40f9-87c8-a4512cde838e b1b46021fb4649739fdad6ef7597cf73 8bd5ac344d854f038aac6f8973abbd90 - - default default] No more DHCP agents
2026-05-29 07:02:42.855 9 WARNING neutron.api.rpc.agentnotifiers.dhcp_rpc_agent_api [None req-ae80d118-e9ca-40f9-87c8-a4512cde838e b1b46021fb4649739fdad6ef7597cf73 8bd5ac344d854f038aac6f8973abbd90 - - default default] Unable to schedule network e98ca2f6-9d03-45b7-a913-0503db65e33d: no agents available; will retry on subsequent port and subnet creation events.
2026-05-29 07:02:42.861 9 INFO neutron.wsgi [req-d48e18eb-29a1-4258-80f7-5e1905aa6b00 req-f8e0d9d3-d602-436d-b75f-70830ef7f923 972eb1af6ae545a490803f41cabe7ac8 d50dc02f5d2d40b8858e18ab5edf730f - - default default] 10.0.0.151 "GET /v2.0/ports?device_id=66ab72f9-a630-439f-bf98-2410aea6b4a8 HTTP/1.1" status: 200 len: 1170 time: 0.4973423
2026-05-29 07:02:42.939 9 INFO neutron.wsgi [req-fbe31161-0f9a-4a79-af56-36e63ce22412 req-596d70d8-7a0b-4ac3-bcca-32c83364e95b 8ccd67e3d6794f418eaf234fb8ea2616 cab9c5b69d5c4ee7a91f227694af28c3 - - cd4e054b602b420090beb20b074e9986 cd4e054b602b420090beb20b074e9986] 199.204.45.144 "GET /v2.0/networks?id=d64b5614-dd20-48a2-aff1-00f3fc82dfdb HTTP/1.1" status: 200 len: 978 time: 0.5808365
2026-05-29 07:02:42.948 10 INFO neutron.wsgi [req-4888997e-8cd1-4381-9c47-6f1d0ca67cdc req-2f9ad36f-fe44-4d6e-974c-48f9c70d4bde 972eb1af6ae545a490803f41cabe7ac8 d50dc02f5d2d40b8858e18ab5edf730f - - default default] 199.204.45.144 "DELETE /v2.0/ports/1537ea3e-0d9b-45c7-9899-2bc1227bd3ed HTTP/1.1" status: 204 len: 173 time: 1.2056427
2026-05-29 07:02:42.984 9 INFO neutron.wsgi [req-fbe31161-0f9a-4a79-af56-36e63ce22412 req-8654f1d5-d8fb-4f14-8962-027f9f20b0a6 8ccd67e3d6794f418eaf234fb8ea2616 cab9c5b69d5c4ee7a91f227694af28c3 - - cd4e054b602b420090beb20b074e9986 cd4e054b602b420090beb20b074e9986] 199.204.45.144 "GET /v2.0/floatingips?fixed_ip_address=10.100.0.7&port_id=1537ea3e-0d9b-45c7-9899-2bc1227bd3ed HTTP/1.1" status: 200 len: 217 time: 0.0379210
2026-05-29 07:02:42.990 9 INFO neutron.wsgi [req-d48e18eb-29a1-4258-80f7-5e1905aa6b00 req-9bc984b1-0170-4f6b-94e8-15c4ab04da25 972eb1af6ae545a490803f41cabe7ac8 d50dc02f5d2d40b8858e18ab5edf730f - - default default] 10.0.0.151 "GET /v2.0/security-groups?id=ef6764ba-8cee-41f6-98da-4c476ee0efad&fields=id&fields=name HTTP/1.1" status: 200 len: 312 time: 0.0998120
2026-05-29 07:02:43.013 10 INFO neutron.notifiers.nova [-] Nova event matching ['req-2ad99d80-7c6c-4aa7-bae1-df4839a32c3d'] response: {'server_uuid': '66ab72f9-a630-439f-bf98-2410aea6b4a8', 'name': 'network-vif-deleted', 'tag': '1537ea3e-0d9b-45c7-9899-2bc1227bd3ed', 'status': 'completed', 'code': 200}
2026-05-29 07:02:43.048 9 INFO neutron.wsgi [None req-bcb443fc-6654-4bd5-9482-d94ade70d185 5af4d8153f78468fab62759554c78630 a3ad3e858eb04234a54a62e3101c8323 - - default default] 10.0.0.97 "DELETE /v2.0/security-groups/2a44ab3c-246d-498c-80cb-cd7e22ccba38 HTTP/1.1" status: 204 len: 168 time: 0.9633601
2026-05-29 07:02:43.056 9 INFO neutron.wsgi [req-fbe31161-0f9a-4a79-af56-36e63ce22412 req-f376889b-cbc9-4b3a-be1a-979363e58d1d 8ccd67e3d6794f418eaf234fb8ea2616 cab9c5b69d5c4ee7a91f227694af28c3 - - cd4e054b602b420090beb20b074e9986 cd4e054b602b420090beb20b074e9986] 199.204.45.144 "GET /v2.0/subnets?id=335944d2-1dbb-4977-bb77-a1d982e7515b HTTP/1.1" status: 200 len: 873 time: 0.0652325
2026-05-29 07:02:43.098 9 INFO neutron.wsgi [req-fbe31161-0f9a-4a79-af56-36e63ce22412 req-1a3ed83a-c39c-491d-aad0-57ff4d263b49 8ccd67e3d6794f418eaf234fb8ea2616 cab9c5b69d5c4ee7a91f227694af28c3 - - cd4e054b602b420090beb20b074e9986 cd4e054b602b420090beb20b074e9986] 199.204.45.144 "GET /v2.0/ports?network_id=d64b5614-dd20-48a2-aff1-00f3fc82dfdb&device_owner=network%3Adhcp HTTP/1.1" status: 200 len: 210 time: 0.0352759
2026-05-29 07:02:43.197 9 INFO neutron.wsgi [req-fbe31161-0f9a-4a79-af56-36e63ce22412 req-3efb4466-fd9a-45e7-8eb2-4dbced35de9a 8ccd67e3d6794f418eaf234fb8ea2616 cab9c5b69d5c4ee7a91f227694af28c3 - - cd4e054b602b420090beb20b074e9986 cd4e054b602b420090beb20b074e9986] 199.204.45.144 "GET /v2.0/networks/d64b5614-dd20-48a2-aff1-00f3fc82dfdb?fields=segments HTTP/1.1" status: 200 len: 212 time: 0.0783360
2026-05-29 07:02:43.285 9 INFO neutron.wsgi [req-fbe31161-0f9a-4a79-af56-36e63ce22412 req-747d6c0e-0831-4b52-adb3-dcc74e305779 8ccd67e3d6794f418eaf234fb8ea2616 cab9c5b69d5c4ee7a91f227694af28c3 - - cd4e054b602b420090beb20b074e9986 cd4e054b602b420090beb20b074e9986] 199.204.45.144 "GET /v2.0/networks/d64b5614-dd20-48a2-aff1-00f3fc82dfdb?fields=provider%3Aphysical_network&fields=provider%3Anetwork_type HTTP/1.1" status: 200 len: 277 time: 0.0737615
2026-05-29 07:02:43.464 9 INFO neutron.db.l3_db [None req-ae80d118-e9ca-40f9-87c8-a4512cde838e b1b46021fb4649739fdad6ef7597cf73 8bd5ac344d854f038aac6f8973abbd90 - - default default] Floating IP 9b2a03e0-053d-4e02-8082-c73aa9362ef0 associated. External IP: 10.96.250.209, port: 4c8127b6-3b7e-405a-90eb-d5659a2d7aae.
2026-05-29 07:02:43.568 10 INFO neutron.wsgi [None req-a6e9813b-5a16-44b5-a752-007cfe7cc8ca 5af4d8153f78468fab62759554c78630 a3ad3e858eb04234a54a62e3101c8323 - - default default] 10.0.0.97 "PUT /v2.0/routers/e8984f6b-3c64-4e78-b2ff-6f5acc8db75c/remove_router_interface HTTP/1.1" status: 200 len: 503 time: 2.2508447 /var/lib/openstack/lib/python3.10/site-packages/pycadf/identifier.py:71: UserWarning: Invalid uuid: neutron. To ensure interoperability, identifiers should be a valid uuid. warnings.warn(('Invalid uuid: %s. To ensure interoperability, '
2026-05-29 07:02:43.696 9 INFO neutron.db.ovn_revision_numbers_db [None req-ae80d118-e9ca-40f9-87c8-a4512cde838e b1b46021fb4649739fdad6ef7597cf73 8bd5ac344d854f038aac6f8973abbd90 - - default default] Successfully bumped revision number for resource 9b2a03e0-053d-4e02-8082-c73aa9362ef0 (type: floatingips) to 0
2026-05-29 07:02:43.822 9 INFO neutron.db.ovn_revision_numbers_db [None req-ae80d118-e9ca-40f9-87c8-a4512cde838e b1b46021fb4649739fdad6ef7597cf73 8bd5ac344d854f038aac6f8973abbd90 - - default default] Successfully bumped revision number for resource 9b2a03e0-053d-4e02-8082-c73aa9362ef0 (type: floatingips) to 1
2026-05-29 07:02:43.866 9 INFO neutron.wsgi [None req-ae80d118-e9ca-40f9-87c8-a4512cde838e b1b46021fb4649739fdad6ef7597cf73 8bd5ac344d854f038aac6f8973abbd90 - - default default] 10.0.0.97 "POST /v2.0/floatingips HTTP/1.1" status: 201 len: 1042 time: 1.8757634
2026-05-29 07:02:43.931 9 INFO neutron.wsgi [None req-bec38fed-0e05-4fa7-ab0e-a8d0836f63b8 b1b46021fb4649739fdad6ef7597cf73 8bd5ac344d854f038aac6f8973abbd90 - - default default] 10.0.0.97 "GET /v2.0/floatingips/9b2a03e0-053d-4e02-8082-c73aa9362ef0 HTTP/1.1" status: 200 len: 1039 time: 0.0500848
2026-05-29 07:02:43.996 9 INFO neutron.wsgi [None req-6ba63720-baf0-4975-b025-fb66548a1f33 b1b46021fb4649739fdad6ef7597cf73 8bd5ac344d854f038aac6f8973abbd90 - - default default] 10.0.0.97 "GET /v2.0/floatingips HTTP/1.1" status: 200 len: 1042 time: 0.0586460 /var/lib/openstack/lib/python3.10/site-packages/pycadf/identifier.py:71: UserWarning: Invalid uuid: neutron. To ensure interoperability, identifiers should be a valid uuid. warnings.warn(('Invalid uuid: %s. To ensure interoperability, '
2026-05-29 07:02:44.409 10 INFO neutron.wsgi [None req-7ed2320b-938e-4334-a9ea-2ce3e4755e20 972eb1af6ae545a490803f41cabe7ac8 d50dc02f5d2d40b8858e18ab5edf730f - - default default] 10.0.0.97 "DELETE /v2.0/security-groups/ef6764ba-8cee-41f6-98da-4c476ee0efad HTTP/1.1" status: 204 len: 168 time: 0.2908442
2026-05-29 07:02:44.430 9 INFO neutron.api.v2.resource [None req-805e9b39-bd88-4bac-8eca-59ff20542705 972eb1af6ae545a490803f41cabe7ac8 d50dc02f5d2d40b8858e18ab5edf730f - - default default] show failed (client error): The resource could not be found.
2026-05-29 07:02:44.432 9 INFO neutron.wsgi [None req-805e9b39-bd88-4bac-8eca-59ff20542705 972eb1af6ae545a490803f41cabe7ac8 d50dc02f5d2d40b8858e18ab5edf730f - - default default] 10.0.0.97 "GET /v2.0/security-groups/ef6764ba-8cee-41f6-98da-4c476ee0efad HTTP/1.1" status: 404 len: 347 time: 0.0155652
2026-05-29 07:02:44.447 10 INFO neutron.db.l3_db [None req-9e843b2d-8269-41af-a2e3-b9987b3766c1 b1b46021fb4649739fdad6ef7597cf73 8bd5ac344d854f038aac6f8973abbd90 - - default default] Floating IP 9b2a03e0-053d-4e02-8082-c73aa9362ef0 associated. External IP: 10.96.250.209, port: 4c8127b6-3b7e-405a-90eb-d5659a2d7aae.
2026-05-29 07:02:44.797 9 WARNING neutron.plugins.ml2.drivers.ovn.mech_driver.ovsdb.ovn_client [None req-7c75fedf-3653-429d-b6a0-42a37f17b186 - - - - - -] No port found with ID 7fdd0c25-9729-4e20-af34-56c8b04ba719: RuntimeError: No port found with ID 7fdd0c25-9729-4e20-af34-56c8b04ba719
2026-05-29 07:02:44.798 9 INFO neutron.plugins.ml2.drivers.ovn.mech_driver.mech_driver [None req-7c75fedf-3653-429d-b6a0-42a37f17b186 - - - - - -] OVN reports status down for port: 8f3dece0-60b9-4ab3-a3e6-7c493a4c4894
2026-05-29 07:02:44.803 9 INFO neutron.wsgi [None req-2421fd25-ad60-435b-9763-d20be1da5f12 972eb1af6ae545a490803f41cabe7ac8 d50dc02f5d2d40b8858e18ab5edf730f - - default default] 10.0.0.97 "DELETE /v2.0/floatingips/35fe38f8-0081-4ef1-9d21-0be9864854e4 HTTP/1.1" status: 204 len: 168 time: 0.3669717
2026-05-29 07:02:44.813 9 INFO neutron.plugins.ml2.drivers.ovn.mech_driver.mech_driver [None req-7c75fedf-3653-429d-b6a0-42a37f17b186 - - - - - -] OVN reports status up for port: 72a6625b-20ea-4a7a-b322-4aa4ad31ac75
2026-05-29 07:02:44.832 9 INFO neutron.plugins.ml2.plugin [None req-7c75fedf-3653-429d-b6a0-42a37f17b186 - - - - - -] Attempt 1 to provision port 72a6625b-20ea-4a7a-b322-4aa4ad31ac75
2026-05-29 07:02:45.161 10 INFO neutron.wsgi [None req-1bc37919-9112-43f4-a0dc-e764a7ed3469 5af4d8153f78468fab62759554c78630 a3ad3e858eb04234a54a62e3101c8323 - - default default] 10.0.0.97 "DELETE /v2.0/routers/e8984f6b-3c64-4e78-b2ff-6f5acc8db75c HTTP/1.1" status: 204 len: 168 time: 1.5776989
2026-05-29 07:02:45.191 9 INFO neutron.db.ovn_revision_numbers_db [None req-7c75fedf-3653-429d-b6a0-42a37f17b186 - - - - - -] Successfully bumped revision number for resource 72a6625b-20ea-4a7a-b322-4aa4ad31ac75 (type: ports) to 2
2026-05-29 07:02:45.306 9 INFO neutron.db.ovn_revision_numbers_db [None req-7c75fedf-3653-429d-b6a0-42a37f17b186 - - - - - -] Successfully bumped revision number for resource 72a6625b-20ea-4a7a-b322-4aa4ad31ac75 (type: router_ports) to 2
2026-05-29 07:02:45.310 10 INFO neutron.db.ovn_revision_numbers_db [None req-9e843b2d-8269-41af-a2e3-b9987b3766c1 b1b46021fb4649739fdad6ef7597cf73 8bd5ac344d854f038aac6f8973abbd90 - - default default] Successfully bumped revision number for resource 9b2a03e0-053d-4e02-8082-c73aa9362ef0 (type: floatingips) to 2
2026-05-29 07:02:45.455 10 INFO neutron.wsgi [None req-bd5e0a68-b3d8-498a-9556-f06f6709bab0 5af4d8153f78468fab62759554c78630 a3ad3e858eb04234a54a62e3101c8323 - - default default] 10.0.0.97 "DELETE /v2.0/subnets/2555edf5-7fe8-4cb7-a5e7-f5217f10c5b5 HTTP/1.1" status: 204 len: 168 time: 0.2861240 /var/lib/openstack/lib/python3.10/site-packages/pycadf/identifier.py:71: UserWarning: Invalid uuid: neutron. To ensure interoperability, identifiers should be a valid uuid. warnings.warn(('Invalid uuid: %s. To ensure interoperability, '
2026-05-29 07:02:45.480 10 INFO neutron.db.ovn_revision_numbers_db [None req-9e843b2d-8269-41af-a2e3-b9987b3766c1 b1b46021fb4649739fdad6ef7597cf73 8bd5ac344d854f038aac6f8973abbd90 - - default default] Successfully bumped revision number for resource 9b2a03e0-053d-4e02-8082-c73aa9362ef0 (type: floatingips) to 2
2026-05-29 07:02:45.550 10 INFO neutron.wsgi [None req-9e843b2d-8269-41af-a2e3-b9987b3766c1 b1b46021fb4649739fdad6ef7597cf73 8bd5ac344d854f038aac6f8973abbd90 - - default default] 10.0.0.97 "PUT /v2.0/floatingips/9b2a03e0-053d-4e02-8082-c73aa9362ef0 HTTP/1.1" status: 200 len: 1037 time: 1.5491815
2026-05-29 07:02:45.726 10 INFO neutron.db.l3_db [None req-3c8b7374-2753-4d8c-a3a9-794f6aea7f07 b1b46021fb4649739fdad6ef7597cf73 8bd5ac344d854f038aac6f8973abbd90 - - default default] Floating IP 9b2a03e0-053d-4e02-8082-c73aa9362ef0 disassociated. External IP: 10.96.250.209, port: fd3843a4-a468-40ac-83a9-bc52536af5e0.
2026-05-29 07:02:45.779 10 INFO neutron.db.ovn_revision_numbers_db [None req-3c8b7374-2753-4d8c-a3a9-794f6aea7f07 b1b46021fb4649739fdad6ef7597cf73 8bd5ac344d854f038aac6f8973abbd90 - - default default] Successfully bumped revision number for resource 9b2a03e0-053d-4e02-8082-c73aa9362ef0 (type: floatingips) to 3
2026-05-29 07:02:45.871 10 INFO neutron.wsgi [None req-3c8b7374-2753-4d8c-a3a9-794f6aea7f07 b1b46021fb4649739fdad6ef7597cf73 8bd5ac344d854f038aac6f8973abbd90 - - default default] 10.0.0.97 "PUT /v2.0/floatingips/9b2a03e0-053d-4e02-8082-c73aa9362ef0 HTTP/1.1" status: 200 len: 748 time: 0.3132577
2026-05-29 07:02:45.919 10 INFO neutron.services.segments.plugin [-] Segment 7a350c2a-a4f7-4bb1-976f-be1cb17ca56f resource provider aggregate not found
2026-05-29 07:02:45.943 10 INFO neutron.services.segments.plugin [-] Segment 7a350c2a-a4f7-4bb1-976f-be1cb17ca56f resource provider aggregate not found
2026-05-29 07:02:45.959 10 INFO neutron.services.segments.plugin [-] Segment 7a350c2a-a4f7-4bb1-976f-be1cb17ca56f resource provider not found; error: Placement Client Error (4xx): {"errors": [{"status": 404, "title": "Not Found", "detail": "The resource could not be found.\n\n No resource provider with uuid 7a350c2a-a4f7-4bb1-976f-be1cb17ca56f found for delete ", "request_id": "req-59b04d67-1c48-4f5c-a419-7c0128b811c1"}]}
2026-05-29 07:02:45.963 10 INFO neutron.services.segments.plugin [-] Segment 7a350c2a-a4f7-4bb1-976f-be1cb17ca56f resource provider not found; error: Placement Client Error (4xx): {"errors": [{"status": 404, "title": "Not Found", "detail": "The resource could not be found.\n\n No resource provider with uuid 7a350c2a-a4f7-4bb1-976f-be1cb17ca56f found for delete ", "request_id": "req-7fd6a366-709d-40fc-9a80-f39d03048dea"}]}
2026-05-29 07:02:45.982 10 INFO neutron.wsgi [None req-133ed07e-6e83-4068-a202-4f3dd72af182 5af4d8153f78468fab62759554c78630 a3ad3e858eb04234a54a62e3101c8323 - - default default] 10.0.0.97 "DELETE /v2.0/networks/3ff04436-df41-4b8d-8cc0-16821e4668b0 HTTP/1.1" status: 204 len: 168 time: 0.5216568
2026-05-29 07:02:46.247 10 INFO neutron.wsgi [None req-bec81846-29c0-4bb1-9b65-fa9a441868ce 5af4d8153f78468fab62759554c78630 a3ad3e858eb04234a54a62e3101c8323 - - default default] 10.0.0.97 "GET /v2.0/security-groups?tenant_id=4d566f16123c433190f77b40d4f21508&name=default HTTP/1.1" status: 200 len: 2996 time: 0.0751383
2026-05-29 07:02:46.372 9 INFO neutron.wsgi [None req-7fc63d22-8332-4d33-9ce2-4a3f5ff2d851 5af4d8153f78468fab62759554c78630 a3ad3e858eb04234a54a62e3101c8323 - - default default] 10.0.0.97 "PUT /v2.0/routers/d7599e62-5f45-4119-a3d6-0a8c7cd31069/remove_router_interface HTTP/1.1" status: 200 len: 503 time: 1.5631576 /var/lib/openstack/lib/python3.10/site-packages/pycadf/identifier.py:71: UserWarning: Invalid uuid: neutron. To ensure interoperability, identifiers should be a valid uuid. warnings.warn(('Invalid uuid: %s. To ensure interoperability, '
2026-05-29 07:02:46.520 10 INFO neutron.wsgi [None req-091d37a5-c4d2-4213-8e5a-50b331babd87 5af4d8153f78468fab62759554c78630 a3ad3e858eb04234a54a62e3101c8323 - - default default] 10.0.0.97 "DELETE /v2.0/security-groups/d7d27809-d858-4854-b069-f9e53395544c HTTP/1.1" status: 204 len: 168 time: 0.2683110
2026-05-29 07:02:46.557 10 INFO neutron.db.ovn_revision_numbers_db [None req-254f83e1-0066-4c35-8d19-3a2683b90429 5af4d8153f78468fab62759554c78630 a3ad3e858eb04234a54a62e3101c8323 - - default default] Successfully bumped revision number for resource bdbe0907-2420-46b9-af12-e76e7127cf29 (type: security_groups) to 1
2026-05-29 07:02:46.573 10 INFO neutron.db.ovn_revision_numbers_db [None req-254f83e1-0066-4c35-8d19-3a2683b90429 5af4d8153f78468fab62759554c78630 a3ad3e858eb04234a54a62e3101c8323 - - default default] Successfully bumped revision number for resource 192eaaf9-a8d8-4612-bafb-9206af78aeaa (type: security_group_rules) to 0
2026-05-29 07:02:46.588 10 INFO neutron.db.ovn_revision_numbers_db [None req-254f83e1-0066-4c35-8d19-3a2683b90429 5af4d8153f78468fab62759554c78630 a3ad3e858eb04234a54a62e3101c8323 - - default default] Successfully bumped revision number for resource 3c1821ce-7b20-42b5-9230-2406d0468e0a (type: security_group_rules) to 0
2026-05-29 07:02:46.607 10 INFO neutron.db.ovn_revision_numbers_db [None req-254f83e1-0066-4c35-8d19-3a2683b90429 5af4d8153f78468fab62759554c78630 a3ad3e858eb04234a54a62e3101c8323 - - default default] Successfully bumped revision number for resource 73c32467-713c-4235-8cb0-dbc306957617 (type: security_group_rules) to 0
2026-05-29 07:02:46.622 10 INFO neutron.db.ovn_revision_numbers_db [None req-254f83e1-0066-4c35-8d19-3a2683b90429 5af4d8153f78468fab62759554c78630 a3ad3e858eb04234a54a62e3101c8323 - - default default] Successfully bumped revision number for resource c9b68310-2daf-469c-b8c7-f13f29c10210 (type: security_group_rules) to 0
2026-05-29 07:02:46.646 10 INFO neutron.wsgi [None req-254f83e1-0066-4c35-8d19-3a2683b90429 5af4d8153f78468fab62759554c78630 a3ad3e858eb04234a54a62e3101c8323 - - default default] 10.0.0.97 "GET /v2.0/security-groups?tenant_id=cb0f41501a6540238f5682fb2a353cb9&name=default HTTP/1.1" status: 200 len: 2996 time: 0.5460997
2026-05-29 07:02:46.646 9 INFO neutron.wsgi [None req-e38ebeb1-d606-452a-a5b8-408838da3515 b1b46021fb4649739fdad6ef7597cf73 8bd5ac344d854f038aac6f8973abbd90 - - default default] 10.0.0.97 "DELETE /v2.0/floatingips/9b2a03e0-053d-4e02-8082-c73aa9362ef0 HTTP/1.1" status: 204 len: 168 time: 0.7697165
2026-05-29 07:02:46.681 10 INFO neutron.api.v2.resource [None req-c6b350e0-d965-4825-888b-5739abe145dd b1b46021fb4649739fdad6ef7597cf73 8bd5ac344d854f038aac6f8973abbd90 - - default default] delete failed (client error): The resource could not be found.
2026-05-29 07:02:46.682 10 INFO neutron.wsgi [None req-c6b350e0-d965-4825-888b-5739abe145dd b1b46021fb4649739fdad6ef7597cf73 8bd5ac344d854f038aac6f8973abbd90 - - default default] 10.0.0.97 "DELETE /v2.0/floatingips/9b2a03e0-053d-4e02-8082-c73aa9362ef0 HTTP/1.1" status: 404 len: 345 time: 0.0240293
2026-05-29 07:02:46.992 10 INFO neutron.wsgi [None req-2f3129e6-47b7-4eab-baa8-b62859bf6848 5af4d8153f78468fab62759554c78630 a3ad3e858eb04234a54a62e3101c8323 - - default default] 10.0.0.97 "DELETE /v2.0/security-groups/bdbe0907-2420-46b9-af12-e76e7127cf29 HTTP/1.1" status: 204 len: 168 time: 0.3405993
2026-05-29 07:02:47.122 10 INFO neutron.wsgi [None req-114c4744-09b1-4864-b9fb-37fd4c546b31 b1b46021fb4649739fdad6ef7597cf73 8bd5ac344d854f038aac6f8973abbd90 - - default default] 10.0.0.97 "DELETE /v2.0/ports/fd3843a4-a468-40ac-83a9-bc52536af5e0 HTTP/1.1" status: 204 len: 168 time: 0.4272642
2026-05-29 07:02:47.348 9 INFO neutron.wsgi [None req-88f01bbd-6ff9-44f8-b587-a2d150aa1072 5af4d8153f78468fab62759554c78630 a3ad3e858eb04234a54a62e3101c8323 - - default default] 10.0.0.97 "DELETE /v2.0/routers/d7599e62-5f45-4119-a3d6-0a8c7cd31069 HTTP/1.1" status: 204 len: 168 time: 0.9704134
2026-05-29 07:02:47.570 10 INFO neutron.wsgi [None req-a25a5d2d-550d-48b6-97c7-e4ef872b9765 b1b46021fb4649739fdad6ef7597cf73 8bd5ac344d854f038aac6f8973abbd90 - - default default] 10.0.0.97 "DELETE /v2.0/ports/4c8127b6-3b7e-405a-90eb-d5659a2d7aae HTTP/1.1" status: 204 len: 168 time: 0.4402809
2026-05-29 07:02:47.601 10 INFO neutron.wsgi [None req-71d3a640-f88d-469f-b9de-f5f5246a4cd8 5af4d8153f78468fab62759554c78630 a3ad3e858eb04234a54a62e3101c8323 - - default default] 10.0.0.97 "DELETE /v2.0/subnets/335944d2-1dbb-4977-bb77-a1d982e7515b HTTP/1.1" status: 204 len: 168 time: 0.2454982
2026-05-29 07:02:47.688 9 INFO neutron.wsgi [None req-e73a73c2-39b1-4c37-b58d-14b1f9b1592c b1b46021fb4649739fdad6ef7597cf73 8bd5ac344d854f038aac6f8973abbd90 - - default default] 10.0.0.97 "GET /v2.0/ports?device_id=68ae3a0c-5d83-41e2-9149-29e976c015ce HTTP/1.1" status: 200 len: 1140 time: 0.1113002
2026-05-29 07:02:48.036 10 INFO neutron.services.segments.plugin [-] Segment 3c71a31b-47c8-4574-a552-4fca58fd7e12 resource provider aggregate not found
2026-05-29 07:02:48.047 10 INFO neutron.services.segments.plugin [-] Segment 3c71a31b-47c8-4574-a552-4fca58fd7e12 resource provider aggregate not found
2026-05-29 07:02:48.067 10 INFO neutron.services.segments.plugin [-] Segment 3c71a31b-47c8-4574-a552-4fca58fd7e12 resource provider not found; error: Placement Client Error (4xx): {"errors": [{"status": 404, "title": "Not Found", "detail": "The resource could not be found.\n\n No resource provider with uuid 3c71a31b-47c8-4574-a552-4fca58fd7e12 found for delete ", "request_id": "req-b7f12e41-cb57-4550-bbb6-5c5e14c92221"}]}
2026-05-29 07:02:48.076 10 INFO neutron.services.segments.plugin [-] Segment 3c71a31b-47c8-4574-a552-4fca58fd7e12 resource provider not found; error: Placement Client Error (4xx): {"errors": [{"status": 404, "title": "Not Found", "detail": "The resource could not be found.\n\n No resource provider with uuid 3c71a31b-47c8-4574-a552-4fca58fd7e12 found for delete ", "request_id": "req-ba5d544f-b6b5-4401-9ed4-f51f7ba5435b"}]}
2026-05-29 07:02:48.100 10 INFO neutron.wsgi [None req-5f02c43e-7be0-4186-83b7-652fe9d919ce 5af4d8153f78468fab62759554c78630 a3ad3e858eb04234a54a62e3101c8323 - - default default] 10.0.0.97 "DELETE /v2.0/networks/d64b5614-dd20-48a2-aff1-00f3fc82dfdb HTTP/1.1" status: 204 len: 168 time: 0.4951856
2026-05-29 07:02:48.332 9 INFO neutron.wsgi [None req-3ca86c7e-bb5b-44a3-946d-5f17aee6cc5d 5af4d8153f78468fab62759554c78630 a3ad3e858eb04234a54a62e3101c8323 - - default default] 10.0.0.97 "GET /v2.0/security-groups?tenant_id=d50dc02f5d2d40b8858e18ab5edf730f&name=default HTTP/1.1" status: 200 len: 2992 time: 0.0521104
2026-05-29 07:02:48.542 9 INFO neutron.wsgi [None req-17876e8e-6768-40a6-949f-68430bc91c1e 5af4d8153f78468fab62759554c78630 a3ad3e858eb04234a54a62e3101c8323 - - default default] 10.0.0.97 "DELETE /v2.0/security-groups/64fa5641-2243-4926-a325-dc8c0bbb71a5 HTTP/1.1" status: 204 len: 168 time: 0.2044556
2026-05-29 07:02:48.951 10 INFO neutron.wsgi [None req-b35f93c6-ca22-48f8-986d-d490765beaf7 b1b46021fb4649739fdad6ef7597cf73 8bd5ac344d854f038aac6f8973abbd90 - - default default] 10.0.0.97 "PUT /v2.0/routers/68ae3a0c-5d83-41e2-9149-29e976c015ce/remove_router_interface HTTP/1.1" status: 200 len: 503 time: 1.2587035 /var/lib/openstack/lib/python3.10/site-packages/pycadf/identifier.py:71: UserWarning: Invalid uuid: neutron. To ensure interoperability, identifiers should be a valid uuid. warnings.warn(('Invalid uuid: %s. To ensure interoperability, '
2026-05-29 07:02:49.073 10 INFO neutron.db.ovn_revision_numbers_db [None req-d71a779d-8e08-41b0-b6bf-b603181831e4 5af4d8153f78468fab62759554c78630 a3ad3e858eb04234a54a62e3101c8323 - - default default] Successfully bumped revision number for resource a83a6ff8-0bdf-448c-b9bf-1f1be5d8a842 (type: security_groups) to 1
2026-05-29 07:02:49.090 10 INFO neutron.db.ovn_revision_numbers_db [None req-d71a779d-8e08-41b0-b6bf-b603181831e4 5af4d8153f78468fab62759554c78630 a3ad3e858eb04234a54a62e3101c8323 - - default default] Successfully bumped revision number for resource 6069bcdb-beeb-4d30-865a-f6f73e36d4a3 (type: security_group_rules) to 0
2026-05-29 07:02:49.109 10 INFO neutron.db.ovn_revision_numbers_db [None req-d71a779d-8e08-41b0-b6bf-b603181831e4 5af4d8153f78468fab62759554c78630 a3ad3e858eb04234a54a62e3101c8323 - - default default] Successfully bumped revision number for resource 78a6d969-0ea5-4acd-8581-54eeedbbb055 (type: security_group_rules) to 0
2026-05-29 07:02:49.149 10 INFO neutron.db.ovn_revision_numbers_db [None req-d71a779d-8e08-41b0-b6bf-b603181831e4 5af4d8153f78468fab62759554c78630 a3ad3e858eb04234a54a62e3101c8323 - - default default] Successfully bumped revision number for resource ac09e60b-fe00-476d-a65c-9f8e0fa7a982 (type: security_group_rules) to 0
2026-05-29 07:02:49.169 10 INFO neutron.db.ovn_revision_numbers_db [None req-d71a779d-8e08-41b0-b6bf-b603181831e4 5af4d8153f78468fab62759554c78630 a3ad3e858eb04234a54a62e3101c8323 - - default default] Successfully bumped revision number for resource f948755f-6312-4f0e-a7d6-3a254a508397 (type: security_group_rules) to 0
2026-05-29 07:02:49.237 10 INFO neutron.db.segments_db [None req-d71a779d-8e08-41b0-b6bf-b603181831e4 5af4d8153f78468fab62759554c78630 a3ad3e858eb04234a54a62e3101c8323 - - default default] Added segment e60345d9-e5a4-4544-8ce6-bfc134f96d61 of type geneve for network 0dbdc397-b3e6-4a57-88b7-a79d533dc0b0
2026-05-29 07:02:49.391 10 INFO neutron.db.ovn_revision_numbers_db [None req-d71a779d-8e08-41b0-b6bf-b603181831e4 5af4d8153f78468fab62759554c78630 a3ad3e858eb04234a54a62e3101c8323 - - default default] Successfully bumped revision number for resource 0dbdc397-b3e6-4a57-88b7-a79d533dc0b0 (type: networks) to 1
2026-05-29 07:02:49.585 10 WARNING neutron.scheduler.dhcp_agent_scheduler [None req-d71a779d-8e08-41b0-b6bf-b603181831e4 5af4d8153f78468fab62759554c78630 a3ad3e858eb04234a54a62e3101c8323 - - default default] No more DHCP agents
2026-05-29 07:02:49.592 10 WARNING neutron.api.rpc.agentnotifiers.dhcp_rpc_agent_api [None req-d71a779d-8e08-41b0-b6bf-b603181831e4 5af4d8153f78468fab62759554c78630 a3ad3e858eb04234a54a62e3101c8323 - - default default] Unable to schedule network 0dbdc397-b3e6-4a57-88b7-a79d533dc0b0: no agents available; will retry on subsequent port and subnet creation events.
2026-05-29 07:02:49.698 10 INFO neutron.db.ovn_revision_numbers_db [None req-d71a779d-8e08-41b0-b6bf-b603181831e4 5af4d8153f78468fab62759554c78630 a3ad3e858eb04234a54a62e3101c8323 - - default default] Successfully bumped revision number for resource 4b3bd694-6599-4410-a8c1-b8ba05d2e7b8 (type: ports) to 1
2026-05-29 07:02:49.740 10 INFO neutron.wsgi [None req-d71a779d-8e08-41b0-b6bf-b603181831e4 5af4d8153f78468fab62759554c78630 a3ad3e858eb04234a54a62e3101c8323 - - default default] 10.0.0.97 "POST /v2.0/networks HTTP/1.1" status: 201 len: 954 time: 1.3181477
2026-05-29 07:02:49.944 10 INFO neutron.wsgi [None req-0af4bdfd-427a-48fd-b475-11180f0ed40c b1b46021fb4649739fdad6ef7597cf73 8bd5ac344d854f038aac6f8973abbd90 - - default default] 10.0.0.97 "DELETE /v2.0/routers/68ae3a0c-5d83-41e2-9149-29e976c015ce HTTP/1.1" status: 204 len: 168 time: 0.9876349
2026-05-29 07:02:49.990 10 WARNING neutron.scheduler.dhcp_agent_scheduler [None req-430b2d4d-ebe5-4a13-8316-df7c9c6cad65 5af4d8153f78468fab62759554c78630 a3ad3e858eb04234a54a62e3101c8323 - - default default] No more DHCP agents
2026-05-29 07:02:49.993 10 WARNING neutron.api.rpc.agentnotifiers.dhcp_rpc_agent_api [None req-430b2d4d-ebe5-4a13-8316-df7c9c6cad65 5af4d8153f78468fab62759554c78630 a3ad3e858eb04234a54a62e3101c8323 - - default default] Unable to schedule network 0dbdc397-b3e6-4a57-88b7-a79d533dc0b0: no agents available; will retry on subsequent port and subnet creation events.
2026-05-29 07:02:50.147 9 INFO neutron.wsgi [None req-ac59c3cc-ec75-419e-8772-95887ecf66bb b1b46021fb4649739fdad6ef7597cf73 8bd5ac344d854f038aac6f8973abbd90 - - default default] 10.0.0.97 "DELETE /v2.0/subnets/752e5603-3161-4817-8e05-02023b7dd35e HTTP/1.1" status: 204 len: 168 time: 0.1962647
2026-05-29 07:02:50.505 9 INFO neutron.services.segments.plugin [-] Segment 837d6079-ec5b-4aaf-b6aa-33c286bfb844 resource provider aggregate not found
2026-05-29 07:02:50.512 10 INFO neutron.db.ovn_revision_numbers_db [None req-430b2d4d-ebe5-4a13-8316-df7c9c6cad65 5af4d8153f78468fab62759554c78630 a3ad3e858eb04234a54a62e3101c8323 - - default default] Successfully bumped revision number for resource 4b3bd694-6599-4410-a8c1-b8ba05d2e7b8 (type: ports) to 2
2026-05-29 07:02:50.520 9 INFO neutron.services.segments.plugin [-] Segment 837d6079-ec5b-4aaf-b6aa-33c286bfb844 resource provider aggregate not found
2026-05-29 07:02:50.527 9 INFO neutron.services.segments.plugin [-] Segment 837d6079-ec5b-4aaf-b6aa-33c286bfb844 resource provider not found; error: Placement Client Error (4xx): {"errors": [{"status": 404, "title": "Not Found", "detail": "The resource could not be found.\n\n No resource provider with uuid 837d6079-ec5b-4aaf-b6aa-33c286bfb844 found for delete ", "request_id": "req-de41ef6e-a48e-4740-ae43-d44f128543db"}]}
2026-05-29 07:02:50.537 9 INFO neutron.services.segments.plugin [-] Segment 837d6079-ec5b-4aaf-b6aa-33c286bfb844 resource provider not found; error: Placement Client Error (4xx): {"errors": [{"status": 404, "title": "Not Found", "detail": "The resource could not be found.\n\n No resource provider with uuid 837d6079-ec5b-4aaf-b6aa-33c286bfb844 found for delete ", "request_id": "req-6bfd2d26-61a7-4e06-b6ef-2dbbf1c584f7"}]}
2026-05-29 07:02:50.556 10 INFO neutron.db.ovn_revision_numbers_db [None req-430b2d4d-ebe5-4a13-8316-df7c9c6cad65 5af4d8153f78468fab62759554c78630 a3ad3e858eb04234a54a62e3101c8323 - - default default] Successfully bumped revision number for resource ba41ca3f-c0cf-4882-9f61-a59ca20f29d1 (type: subnets) to 0
2026-05-29 07:02:50.566 9 INFO neutron.wsgi [None req-310b2bae-c648-486d-8045-934c4bc0eab4 b1b46021fb4649739fdad6ef7597cf73 8bd5ac344d854f038aac6f8973abbd90 - - default default] 10.0.0.97 "DELETE /v2.0/networks/bdf5be9a-cfce-4b5f-97b5-d6214d8abdc6 HTTP/1.1" status: 204 len: 168 time: 0.4138727
2026-05-29 07:02:50.571 10 INFO neutron.wsgi [None req-430b2d4d-ebe5-4a13-8316-df7c9c6cad65 5af4d8153f78468fab62759554c78630 a3ad3e858eb04234a54a62e3101c8323 - - default default] 10.0.0.97 "POST /v2.0/subnets HTTP/1.1" status: 201 len: 874 time: 0.8248365
2026-05-29 07:02:50.849 9 INFO neutron.db.ovn_revision_numbers_db [None req-6f052b77-a3de-495a-ab0a-be8f122583b6 5af4d8153f78468fab62759554c78630 a3ad3e858eb04234a54a62e3101c8323 - - default default] Successfully bumped revision number for resource 1929fa3a-b184-46c9-8ffe-b5330ab7e4bf (type: security_groups) to 1
2026-05-29 07:02:50.887 9 INFO neutron.db.ovn_revision_numbers_db [None req-6f052b77-a3de-495a-ab0a-be8f122583b6 5af4d8153f78468fab62759554c78630 a3ad3e858eb04234a54a62e3101c8323 - - default default] Successfully bumped revision number for resource 289375d9-7990-441f-bb17-fde67f945327 (type: security_group_rules) to 0
2026-05-29 07:02:50.904 9 INFO neutron.db.ovn_revision_numbers_db [None req-6f052b77-a3de-495a-ab0a-be8f122583b6 5af4d8153f78468fab62759554c78630 a3ad3e858eb04234a54a62e3101c8323 - - default default] Successfully bumped revision number for resource 5f3d58e6-33cf-40aa-9f0d-38e9adc261ae (type: security_group_rules) to 0
2026-05-29 07:02:50.926 9 INFO neutron.db.ovn_revision_numbers_db [None req-6f052b77-a3de-495a-ab0a-be8f122583b6 5af4d8153f78468fab62759554c78630 a3ad3e858eb04234a54a62e3101c8323 - - default default] Successfully bumped revision number for resource 6db5d061-89a4-427e-b47d-d7e49bd652ac (type: security_group_rules) to 0
