2026-05-29 07:05:03.830 10 INFO neutron.wsgi [None req-965af898-2f02-4afb-af15-a74cef0ac147 fc4ff05166ba43ce81895a9c156108e6 a4c1cb0d9cb642e4895bb0117041a6b6 - - default default] 10.0.0.97 "GET /v2.0/ports/3b1cafcd-c6cf-4e79-9fec-949981c41ddb HTTP/1.1" status: 200 len: 1137 time: 0.0369825
2026-05-29 07:05:03.870 9 INFO neutron.wsgi [None req-b159076c-a2db-4f29-9f11-1fcd53fcb463 4d968e6770a74fd296bc201b510d9cda 2ea01942fa344e879dbbdc136950823a - - default default] 10.0.0.97 "GET /v2.0/subnets/0a7cecfe-12fa-4dd4-9d3c-735ab75896e5/tags HTTP/1.1" status: 200 len: 230 time: 0.0545084
2026-05-29 07:05:03.934 9 INFO neutron.wsgi [None req-91b45550-42b6-4a96-a61b-586c9d785591 4d968e6770a74fd296bc201b510d9cda 2ea01942fa344e879dbbdc136950823a - - default default] 10.0.0.97 "GET /v2.0/subnets/0a7cecfe-12fa-4dd4-9d3c-735ab75896e5/tags/red HTTP/1.1" status: 204 len: 168 time: 0.0572135
2026-05-29 07:05:03.995 9 INFO neutron.api.v2.resource [None req-1419ed08-9667-49e4-baae-6679df034a46 4d968e6770a74fd296bc201b510d9cda 2ea01942fa344e879dbbdc136950823a - - default default] show failed (client error): The resource could not be found.
2026-05-29 07:05:03.996 9 INFO neutron.wsgi [None req-1419ed08-9667-49e4-baae-6679df034a46 4d968e6770a74fd296bc201b510d9cda 2ea01942fa344e879dbbdc136950823a - - default default] 10.0.0.97 "GET /v2.0/subnets/0a7cecfe-12fa-4dd4-9d3c-735ab75896e5/tags/green HTTP/1.1" status: 404 len: 299 time: 0.0501971
2026-05-29 07:05:04.076 9 INFO neutron.wsgi [None req-5855651d-4c6b-408a-b492-660dce9ebf56 4d968e6770a74fd296bc201b510d9cda 2ea01942fa344e879dbbdc136950823a - - default default] 10.0.0.97 "DELETE /v2.0/subnets/0a7cecfe-12fa-4dd4-9d3c-735ab75896e5/tags/red HTTP/1.1" status: 204 len: 168 time: 0.0702076
2026-05-29 07:05:04.137 9 INFO neutron.wsgi [None req-60476444-1aec-4888-90b2-a0cae23d6651 4d968e6770a74fd296bc201b510d9cda 2ea01942fa344e879dbbdc136950823a - - default default] 10.0.0.97 "GET /v2.0/subnets/0a7cecfe-12fa-4dd4-9d3c-735ab75896e5/tags HTTP/1.1" status: 200 len: 223 time: 0.0556812
2026-05-29 07:05:04.191 9 INFO neutron.api.v2.resource [None req-5f2a371b-78f2-4a1c-a2ac-b7e74e603796 4d968e6770a74fd296bc201b510d9cda 2ea01942fa344e879dbbdc136950823a - - default default] delete failed (client error): The resource could not be found.
2026-05-29 07:05:04.193 9 INFO neutron.wsgi [None req-5f2a371b-78f2-4a1c-a2ac-b7e74e603796 4d968e6770a74fd296bc201b510d9cda 2ea01942fa344e879dbbdc136950823a - - default default] 10.0.0.97 "DELETE /v2.0/subnets/0a7cecfe-12fa-4dd4-9d3c-735ab75896e5/tags/green HTTP/1.1" status: 404 len: 299 time: 0.0479536
2026-05-29 07:05:04.258 9 INFO neutron.wsgi [None req-de26ec76-d98b-4435-ad29-50fdfa83b339 4d968e6770a74fd296bc201b510d9cda 2ea01942fa344e879dbbdc136950823a - - default default] 10.0.0.97 "DELETE /v2.0/subnets/0a7cecfe-12fa-4dd4-9d3c-735ab75896e5/tags HTTP/1.1" status: 204 len: 168 time: 0.0590541
2026-05-29 07:05:04.320 9 INFO neutron.wsgi [None req-9de69aa9-9e3e-4b9a-9db7-6a3e2cd62bbc 4d968e6770a74fd296bc201b510d9cda 2ea01942fa344e879dbbdc136950823a - - default default] 10.0.0.97 "GET /v2.0/subnets/0a7cecfe-12fa-4dd4-9d3c-735ab75896e5/tags HTTP/1.1" status: 200 len: 205 time: 0.0559959
2026-05-29 07:05:04.631 10 INFO neutron.wsgi [None req-444824d5-1c79-4cd7-9357-32443e5c0c37 0531d151a27c4bc5903fb58390f07935 5cfffc45c7c44ab59095aebca3d0e51f - - default default] 10.0.0.97 "GET /v2.0/networks HTTP/1.1" status: 200 len: 1492 time: 0.4607117
2026-05-29 07:05:04.772 9 INFO neutron.wsgi [req-9ab308b7-4b74-4c59-8b74-07fd326138d7 req-f54d5edf-cc1b-4dd1-9e3c-174cd19393ef 0531d151a27c4bc5903fb58390f07935 5cfffc45c7c44ab59095aebca3d0e51f - - default default] 10.0.0.151 "GET /v2.0/security-groups?name=tempest-secgroup-smoke-15708432&fields=id&tenant_id=5cfffc45c7c44ab59095aebca3d0e51f HTTP/1.1" status: 200 len: 267 time: 0.0538542
2026-05-29 07:05:04.820 10 INFO neutron.wsgi [None req-66e9ba73-72de-49cb-99e3-be5c071eee3b 4d968e6770a74fd296bc201b510d9cda 2ea01942fa344e879dbbdc136950823a - - default default] 10.0.0.97 "DELETE /v2.0/subnets/0a7cecfe-12fa-4dd4-9d3c-735ab75896e5 HTTP/1.1" status: 204 len: 168 time: 0.4920151
2026-05-29 07:05:04.833 10 INFO neutron.wsgi [None req-47a57ba6-339a-46ae-a275-bab81b9c73bc fc4ff05166ba43ce81895a9c156108e6 a4c1cb0d9cb642e4895bb0117041a6b6 - - default default] 10.0.0.97 "PUT /v2.0/routers/d0d971d8-2afb-4680-816a-af65c2c2737b/remove_router_interface HTTP/1.1" status: 200 len: 503 time: 0.9971778 /var/lib/openstack/lib/python3.10/site-packages/pycadf/identifier.py:71: UserWarning: Invalid uuid: neutron. To ensure interoperability, identifiers should be a valid uuid. warnings.warn(('Invalid uuid: %s. To ensure interoperability, '
2026-05-29 07:05:04.865 10 INFO neutron.wsgi [None req-dfe3fceb-ed17-497f-bb1c-2e8d650e76b8 fc4ff05166ba43ce81895a9c156108e6 a4c1cb0d9cb642e4895bb0117041a6b6 - - default default] 10.0.0.97 "GET /v2.0/ports?device_id=d0d971d8-2afb-4680-816a-af65c2c2737b HTTP/1.1" status: 200 len: 205 time: 0.0274029
2026-05-29 07:05:04.878 9 INFO neutron.wsgi [req-9ab308b7-4b74-4c59-8b74-07fd326138d7 req-360ea707-a0cf-4fac-882c-1b5de61cf1da 0531d151a27c4bc5903fb58390f07935 5cfffc45c7c44ab59095aebca3d0e51f - - default default] 10.0.0.151 "GET /v2.0/networks?id=f5a05942-ee11-41f4-b29d-99810b186f59 HTTP/1.1" status: 200 len: 859 time: 0.0946565
2026-05-29 07:05:04.909 9 INFO neutron.wsgi [req-9ab308b7-4b74-4c59-8b74-07fd326138d7 req-8183fb17-4d9b-4f34-881c-fbcec0f630ec 0531d151a27c4bc5903fb58390f07935 5cfffc45c7c44ab59095aebca3d0e51f - - default default] 10.0.0.151 "GET /v2.0/quotas/5cfffc45c7c44ab59095aebca3d0e51f HTTP/1.1" status: 200 len: 386 time: 0.0203173
2026-05-29 07:05:05.036 9 INFO neutron.wsgi [req-9ab308b7-4b74-4c59-8b74-07fd326138d7 req-92c0af38-32d3-4ab4-98a9-4c70e728177b 0531d151a27c4bc5903fb58390f07935 5cfffc45c7c44ab59095aebca3d0e51f - - default default] 10.0.0.151 "GET /v2.0/ports?tenant_id=5cfffc45c7c44ab59095aebca3d0e51f&fields=id HTTP/1.1" status: 200 len: 348 time: 0.1183898
2026-05-29 07:05:05.119 9 INFO neutron.wsgi [req-9ab308b7-4b74-4c59-8b74-07fd326138d7 req-3465aea3-1e59-4cce-961e-bfe3fce48859 8ccd67e3d6794f418eaf234fb8ea2616 cab9c5b69d5c4ee7a91f227694af28c3 - - cd4e054b602b420090beb20b074e9986 cd4e054b602b420090beb20b074e9986] 10.0.0.151 "GET /v2.0/networks/f5a05942-ee11-41f4-b29d-99810b186f59?fields=segments HTTP/1.1" status: 200 len: 212 time: 0.0685041
2026-05-29 07:05:05.206 10 INFO neutron.wsgi [None req-420d1e8e-d565-4498-baab-9bd19fb87b34 fc4ff05166ba43ce81895a9c156108e6 a4c1cb0d9cb642e4895bb0117041a6b6 - - default default] 10.0.0.97 "DELETE /v2.0/routers/d0d971d8-2afb-4680-816a-af65c2c2737b HTTP/1.1" status: 204 len: 168 time: 0.3361990
2026-05-29 07:05:05.234 9 INFO neutron.wsgi [req-9ab308b7-4b74-4c59-8b74-07fd326138d7 req-e7b00ab9-f15d-4f1c-a4a0-e32336a86bc8 8ccd67e3d6794f418eaf234fb8ea2616 cab9c5b69d5c4ee7a91f227694af28c3 - - cd4e054b602b420090beb20b074e9986 cd4e054b602b420090beb20b074e9986] 10.0.0.151 "GET /v2.0/networks/f5a05942-ee11-41f4-b29d-99810b186f59?fields=provider%3Aphysical_network&fields=provider%3Anetwork_type HTTP/1.1" status: 200 len: 277 time: 0.0995595
2026-05-29 07:05:05.268 9 INFO neutron.services.segments.plugin [-] Segment ab607eed-9c69-4cbb-83b4-ee280c9c5f0b resource provider aggregate not found
2026-05-29 07:05:05.284 9 INFO neutron.services.segments.plugin [-] Segment ab607eed-9c69-4cbb-83b4-ee280c9c5f0b resource provider aggregate not found
2026-05-29 07:05:05.307 9 INFO neutron.services.segments.plugin [-] Segment ab607eed-9c69-4cbb-83b4-ee280c9c5f0b resource provider not found; error: Placement Client Error (4xx): {"errors": [{"status": 404, "title": "Not Found", "detail": "The resource could not be found.\n\n No resource provider with uuid ab607eed-9c69-4cbb-83b4-ee280c9c5f0b found for delete ", "request_id": "req-edf2f1e7-3cd5-4fa3-815b-95302e490fcf"}]}
2026-05-29 07:05:05.311 9 INFO neutron.services.segments.plugin [-] Segment ab607eed-9c69-4cbb-83b4-ee280c9c5f0b resource provider not found; error: Placement Client Error (4xx): {"errors": [{"status": 404, "title": "Not Found", "detail": "The resource could not be found.\n\n No resource provider with uuid ab607eed-9c69-4cbb-83b4-ee280c9c5f0b found for delete ", "request_id": "req-cc9fa9b6-5a17-40ba-a650-a026fe47dc0b"}]}
2026-05-29 07:05:05.349 9 INFO neutron.wsgi [None req-92d77e30-4d91-445d-ae7a-49d6289692ca 4d968e6770a74fd296bc201b510d9cda 2ea01942fa344e879dbbdc136950823a - - default default] 10.0.0.97 "DELETE /v2.0/networks/b49984f4-3f12-442d-891d-e2467d40fd06 HTTP/1.1" status: 204 len: 168 time: 0.5186684
2026-05-29 07:05:05.404 9 INFO neutron.wsgi [req-ffa13317-338f-49f1-a4be-55a8d6f07440 req-d1519f18-f7d2-4eff-92a4-8e5586fc4bad 0531d151a27c4bc5903fb58390f07935 5cfffc45c7c44ab59095aebca3d0e51f - - default default] 10.0.0.151 "GET /v2.0/ports?device_id=37112212-c5c3-471e-83bc-2fec8a3a1d8b HTTP/1.1" status: 200 len: 210 time: 0.0250211
2026-05-29 07:05:05.448 10 INFO neutron.wsgi [None req-8148f430-ee4d-46b7-b10b-bb9c16d5f409 fc4ff05166ba43ce81895a9c156108e6 a4c1cb0d9cb642e4895bb0117041a6b6 - - default default] 10.0.0.97 "DELETE /v2.0/subnets/d3a8226f-526e-45a6-962c-a3047f0ce440 HTTP/1.1" status: 204 len: 168 time: 0.2341247
2026-05-29 07:05:05.898 9 INFO neutron.wsgi [None req-397f74b3-f4d9-4fd9-8f11-1822c07282fe fc4ff05166ba43ce81895a9c156108e6 a4c1cb0d9cb642e4895bb0117041a6b6 - - default default] 10.0.0.97 "DELETE /v2.0/networks/13c64733-09f5-45d7-b942-89ea04dbb322 HTTP/1.1" status: 204 len: 168 time: 0.4292743
2026-05-29 07:05:05.913 9 WARNING neutron_lib.context [None req-21b7f41f-1067-49bd-8f74-aad59c654db0 fc4ff05166ba43ce81895a9c156108e6 a4c1cb0d9cb642e4895bb0117041a6b6 - - default default] Method 'is_advsvc' is deprecated since 2023.2 release (neutron-lib 3.8.0) and will be removed once support for the old RBAC API policies will be removed from Neutron. Please use method 'is_service_role' instead.
2026-05-29 07:05:06.199 10 INFO neutron.db.ovn_revision_numbers_db [None req-a6c7a16e-66be-4e40-81f4-702b41dad9fb 5af4d8153f78468fab62759554c78630 a3ad3e858eb04234a54a62e3101c8323 - - default default] Successfully bumped revision number for resource b2490335-406d-48de-9dbc-2c732e6af65e (type: security_groups) to 1
2026-05-29 07:05:06.215 10 INFO neutron.db.ovn_revision_numbers_db [None req-a6c7a16e-66be-4e40-81f4-702b41dad9fb 5af4d8153f78468fab62759554c78630 a3ad3e858eb04234a54a62e3101c8323 - - default default] Successfully bumped revision number for resource 05af4208-9b0e-48d4-8903-30052e36b25f (type: security_group_rules) to 0
2026-05-29 07:05:06.228 10 INFO neutron.db.ovn_revision_numbers_db [None req-a6c7a16e-66be-4e40-81f4-702b41dad9fb 5af4d8153f78468fab62759554c78630 a3ad3e858eb04234a54a62e3101c8323 - - default default] Successfully bumped revision number for resource 34285e9e-0b28-46aa-9e43-64a0f49a244e (type: security_group_rules) to 0
2026-05-29 07:05:06.246 10 INFO neutron.db.ovn_revision_numbers_db [None req-a6c7a16e-66be-4e40-81f4-702b41dad9fb 5af4d8153f78468fab62759554c78630 a3ad3e858eb04234a54a62e3101c8323 - - default default] Successfully bumped revision number for resource bfa928ff-3967-4d37-9ff9-9b9ada0fdc4b (type: security_group_rules) to 0
2026-05-29 07:05:06.266 10 INFO neutron.db.ovn_revision_numbers_db [None req-a6c7a16e-66be-4e40-81f4-702b41dad9fb 5af4d8153f78468fab62759554c78630 a3ad3e858eb04234a54a62e3101c8323 - - default default] Successfully bumped revision number for resource d3878068-2afa-41a5-be4d-ec1f01503a6a (type: security_group_rules) to 0
2026-05-29 07:05:06.301 10 INFO neutron.wsgi [None req-a6c7a16e-66be-4e40-81f4-702b41dad9fb 5af4d8153f78468fab62759554c78630 a3ad3e858eb04234a54a62e3101c8323 - - default default] 10.0.0.97 "GET /v2.0/security-groups?tenant_id=9c1a9fa4187543fcad927bbe78a60cd7&name=default HTTP/1.1" status: 200 len: 2996 time: 0.6289284
2026-05-29 07:05:06.366 9 INFO neutron.wsgi [req-9ab308b7-4b74-4c59-8b74-07fd326138d7 req-56be4337-a714-493c-8a5b-faa2d01ea5f2 0531d151a27c4bc5903fb58390f07935 5cfffc45c7c44ab59095aebca3d0e51f - - default default] 199.204.45.144 "GET /v2.0/networks?id=f5a05942-ee11-41f4-b29d-99810b186f59 HTTP/1.1" status: 200 len: 859 time: 0.1480186
2026-05-29 07:05:06.591 10 INFO neutron.wsgi [None req-61875317-c33f-4a6f-a93e-6f5045b3da53 5af4d8153f78468fab62759554c78630 a3ad3e858eb04234a54a62e3101c8323 - - default default] 10.0.0.97 "DELETE /v2.0/security-groups/b2490335-406d-48de-9dbc-2c732e6af65e HTTP/1.1" status: 204 len: 168 time: 0.2704916
2026-05-29 07:05:06.909 10 INFO neutron.db.ovn_revision_numbers_db [None req-9b9f89a8-922e-49f9-afae-464a41225e15 5af4d8153f78468fab62759554c78630 a3ad3e858eb04234a54a62e3101c8323 - - default default] Successfully bumped revision number for resource e623baa1-8885-4ad0-a195-be875b6902e0 (type: security_groups) to 1
2026-05-29 07:05:06.921 10 INFO neutron.db.ovn_revision_numbers_db [None req-9b9f89a8-922e-49f9-afae-464a41225e15 5af4d8153f78468fab62759554c78630 a3ad3e858eb04234a54a62e3101c8323 - - default default] Successfully bumped revision number for resource 9f12b992-a70f-4e8e-8b9c-080a221f69ae (type: security_group_rules) to 0
2026-05-29 07:05:06.933 10 INFO neutron.db.ovn_revision_numbers_db [None req-9b9f89a8-922e-49f9-afae-464a41225e15 5af4d8153f78468fab62759554c78630 a3ad3e858eb04234a54a62e3101c8323 - - default default] Successfully bumped revision number for resource dae63e0f-ec74-4afc-8f27-5db0876035c3 (type: security_group_rules) to 0
2026-05-29 07:05:06.947 10 INFO neutron.db.ovn_revision_numbers_db [None req-9b9f89a8-922e-49f9-afae-464a41225e15 5af4d8153f78468fab62759554c78630 a3ad3e858eb04234a54a62e3101c8323 - - default default] Successfully bumped revision number for resource e9b93d74-cbd0-40ff-8796-642572d960c3 (type: security_group_rules) to 0
2026-05-29 07:05:06.963 10 INFO neutron.db.ovn_revision_numbers_db [None req-9b9f89a8-922e-49f9-afae-464a41225e15 5af4d8153f78468fab62759554c78630 a3ad3e858eb04234a54a62e3101c8323 - - default default] Successfully bumped revision number for resource eea25548-8689-4e5f-aee0-8d21d4a9ef14 (type: security_group_rules) to 0
2026-05-29 07:05:06.991 10 INFO neutron.wsgi [None req-9b9f89a8-922e-49f9-afae-464a41225e15 5af4d8153f78468fab62759554c78630 a3ad3e858eb04234a54a62e3101c8323 - - default default] 10.0.0.97 "GET /v2.0/security-groups?tenant_id=17c60b5cb7c54226885100561170d6df&name=default HTTP/1.1" status: 200 len: 2996 time: 0.2130795
2026-05-29 07:05:07.127 9 INFO neutron.wsgi [req-ae8f64aa-67ad-4602-8263-df9f305de08b req-85a29f99-3275-4a28-b9e1-9c3457e58302 0531d151a27c4bc5903fb58390f07935 5cfffc45c7c44ab59095aebca3d0e51f - - default default] 10.0.0.151 "GET /v2.0/ports?device_id=37112212-c5c3-471e-83bc-2fec8a3a1d8b HTTP/1.1" status: 200 len: 210 time: 0.0512574
2026-05-29 07:05:07.132 9 INFO neutron.wsgi [req-9ab308b7-4b74-4c59-8b74-07fd326138d7 req-30e9d8fe-ba7a-445c-b4d1-9dec2b74ff17 0531d151a27c4bc5903fb58390f07935 5cfffc45c7c44ab59095aebca3d0e51f - - default default] 199.204.45.144 "GET /v2.0/security-groups?fields=id&fields=name&tenant_id=5cfffc45c7c44ab59095aebca3d0e51f HTTP/1.1" status: 200 len: 470 time: 0.7545252
2026-05-29 07:05:07.159 9 WARNING neutron_lib.context [req-9ab308b7-4b74-4c59-8b74-07fd326138d7 req-40470cb3-4045-49b5-94f1-677c580756e5 0531d151a27c4bc5903fb58390f07935 5cfffc45c7c44ab59095aebca3d0e51f - - default default] Method 'is_advsvc' is deprecated since 2023.2 release (neutron-lib 3.8.0) and will be removed once support for the old RBAC API policies will be removed from Neutron. Please use method 'is_service_role' instead.
2026-05-29 07:05:07.218 10 INFO neutron.wsgi [None req-419d2d9a-91b5-4473-b37b-74115861c975 5af4d8153f78468fab62759554c78630 a3ad3e858eb04234a54a62e3101c8323 - - default default] 10.0.0.97 "DELETE /v2.0/security-groups/e623baa1-8885-4ad0-a195-be875b6902e0 HTTP/1.1" status: 204 len: 168 time: 0.2211218
2026-05-29 07:05:07.220 9 INFO neutron.db.ovn_revision_numbers_db [None req-e5bbc230-c4c3-4c7d-bbd7-854b00dbbbd6 5af4d8153f78468fab62759554c78630 a3ad3e858eb04234a54a62e3101c8323 - - default default] Successfully bumped revision number for resource 237c0c77-0473-4d4e-88d1-de08b5d32fc7 (type: security_groups) to 1
2026-05-29 07:05:07.259 9 INFO neutron.db.ovn_revision_numbers_db [None req-e5bbc230-c4c3-4c7d-bbd7-854b00dbbbd6 5af4d8153f78468fab62759554c78630 a3ad3e858eb04234a54a62e3101c8323 - - default default] Successfully bumped revision number for resource 04b5de06-1e97-4371-89dd-90591e323834 (type: security_group_rules) to 0
2026-05-29 07:05:07.291 9 INFO neutron.db.ovn_revision_numbers_db [None req-e5bbc230-c4c3-4c7d-bbd7-854b00dbbbd6 5af4d8153f78468fab62759554c78630 a3ad3e858eb04234a54a62e3101c8323 - - default default] Successfully bumped revision number for resource 4fb3ec25-6f14-49d0-8f15-09f47244f8b6 (type: security_group_rules) to 0
2026-05-29 07:05:07.329 9 INFO neutron.db.ovn_revision_numbers_db [None req-e5bbc230-c4c3-4c7d-bbd7-854b00dbbbd6 5af4d8153f78468fab62759554c78630 a3ad3e858eb04234a54a62e3101c8323 - - default default] Successfully bumped revision number for resource 7159f715-4ccd-4344-970a-3d18ac146601 (type: security_group_rules) to 0
2026-05-29 07:05:07.338 9 INFO neutron.services.segments.plugin [-] Segment 9306e0e0-49aa-470d-954b-b77e919d90e2 resource provider aggregate not found
2026-05-29 07:05:07.346 9 INFO neutron.services.segments.plugin [-] Segment 9306e0e0-49aa-470d-954b-b77e919d90e2 resource provider aggregate not found
2026-05-29 07:05:07.374 9 INFO neutron.services.segments.plugin [-] Segment 9306e0e0-49aa-470d-954b-b77e919d90e2 resource provider not found; error: Placement Client Error (4xx): {"errors": [{"status": 404, "title": "Not Found", "detail": "The resource could not be found.\n\n No resource provider with uuid 9306e0e0-49aa-470d-954b-b77e919d90e2 found for delete ", "request_id": "req-78e9582c-9e71-4488-80d8-ad13a9e7cb04"}]}
2026-05-29 07:05:07.387 9 INFO neutron.services.segments.plugin [-] Segment 9306e0e0-49aa-470d-954b-b77e919d90e2 resource provider not found; error: Placement Client Error (4xx): {"errors": [{"status": 404, "title": "Not Found", "detail": "The resource could not be found.\n\n No resource provider with uuid 9306e0e0-49aa-470d-954b-b77e919d90e2 found for delete ", "request_id": "req-682a65ad-2082-4f71-9ba2-17579584ebac"}]}
2026-05-29 07:05:07.388 9 INFO neutron.db.ovn_revision_numbers_db [None req-e5bbc230-c4c3-4c7d-bbd7-854b00dbbbd6 5af4d8153f78468fab62759554c78630 a3ad3e858eb04234a54a62e3101c8323 - - default default] Successfully bumped revision number for resource fcbf4a2a-b33e-415f-b1b1-c9db575bcf42 (type: security_group_rules) to 0
2026-05-29 07:05:07.405 9 WARNING neutron.scheduler.dhcp_agent_scheduler [None req-21b7f41f-1067-49bd-8f74-aad59c654db0 fc4ff05166ba43ce81895a9c156108e6 a4c1cb0d9cb642e4895bb0117041a6b6 - - default default] No more DHCP agents
2026-05-29 07:05:07.415 9 WARNING neutron.api.rpc.agentnotifiers.dhcp_rpc_agent_api [None req-21b7f41f-1067-49bd-8f74-aad59c654db0 fc4ff05166ba43ce81895a9c156108e6 a4c1cb0d9cb642e4895bb0117041a6b6 - - default default] Unable to schedule network e98ca2f6-9d03-45b7-a913-0503db65e33d: no agents available; will retry on subsequent port and subnet creation events.
2026-05-29 07:05:07.443 9 INFO neutron.wsgi [None req-e5bbc230-c4c3-4c7d-bbd7-854b00dbbbd6 5af4d8153f78468fab62759554c78630 a3ad3e858eb04234a54a62e3101c8323 - - default default] 10.0.0.97 "GET /v2.0/security-groups?tenant_id=848793059fd24d76b406a7ec555096a7&name=default HTTP/1.1" status: 200 len: 2996 time: 1.2781429
2026-05-29 07:05:07.670 9 INFO neutron.db.ovn_revision_numbers_db [None req-21b7f41f-1067-49bd-8f74-aad59c654db0 fc4ff05166ba43ce81895a9c156108e6 a4c1cb0d9cb642e4895bb0117041a6b6 - - default default] Successfully bumped revision number for resource 71984897-ba0c-4007-bdbf-6487722da6bf (type: ports) to 1
2026-05-29 07:05:07.704 10 INFO neutron.wsgi [None req-d9767b49-5e7f-4d2b-9ede-82f8d645d8f9 5af4d8153f78468fab62759554c78630 a3ad3e858eb04234a54a62e3101c8323 - - default default] 10.0.0.97 "DELETE /v2.0/security-groups/237c0c77-0473-4d4e-88d1-de08b5d32fc7 HTTP/1.1" status: 204 len: 168 time: 0.2528517
2026-05-29 07:05:07.756 9 WARNING neutron.scheduler.dhcp_agent_scheduler [req-9ab308b7-4b74-4c59-8b74-07fd326138d7 req-40470cb3-4045-49b5-94f1-677c580756e5 0531d151a27c4bc5903fb58390f07935 5cfffc45c7c44ab59095aebca3d0e51f - - default default] No more DHCP agents
2026-05-29 07:05:07.762 9 WARNING neutron.api.rpc.agentnotifiers.dhcp_rpc_agent_api [req-9ab308b7-4b74-4c59-8b74-07fd326138d7 req-40470cb3-4045-49b5-94f1-677c580756e5 0531d151a27c4bc5903fb58390f07935 5cfffc45c7c44ab59095aebca3d0e51f - - default default] Unable to schedule network f5a05942-ee11-41f4-b29d-99810b186f59: no agents available; will retry on subsequent port and subnet creation events.
2026-05-29 07:05:07.907 10 INFO neutron.wsgi [None req-ffc36707-8e4f-49a4-921f-fff5bb92c52e 5af4d8153f78468fab62759554c78630 a3ad3e858eb04234a54a62e3101c8323 - - default default] 10.0.0.97 "GET /v2.0/security-groups?tenant_id=2ea01942fa344e879dbbdc136950823a&name=default HTTP/1.1" status: 200 len: 2996 time: 0.0374830 /var/lib/openstack/lib/python3.10/site-packages/pycadf/identifier.py:71: UserWarning: Invalid uuid: neutron. To ensure interoperability, identifiers should be a valid uuid. warnings.warn(('Invalid uuid: %s. To ensure interoperability, '
2026-05-29 07:05:08.027 9 INFO neutron.db.ovn_revision_numbers_db [req-9ab308b7-4b74-4c59-8b74-07fd326138d7 req-40470cb3-4045-49b5-94f1-677c580756e5 0531d151a27c4bc5903fb58390f07935 5cfffc45c7c44ab59095aebca3d0e51f - - default default] Successfully bumped revision number for resource dc789e31-f293-4018-b846-5abbd456f648 (type: ports) to 1
2026-05-29 07:05:08.085 9 INFO neutron.wsgi [req-9ab308b7-4b74-4c59-8b74-07fd326138d7 req-40470cb3-4045-49b5-94f1-677c580756e5 0531d151a27c4bc5903fb58390f07935 5cfffc45c7c44ab59095aebca3d0e51f - - default default] 199.204.45.144 "POST /v2.0/ports HTTP/1.1" status: 201 len: 1162 time: 0.9381671
2026-05-29 07:05:08.288 9 INFO neutron.wsgi [req-ae277c7f-96fb-47cc-b96c-67dea695f910 req-01b93953-5fd8-4c50-90fe-45f507f67b40 0531d151a27c4bc5903fb58390f07935 5cfffc45c7c44ab59095aebca3d0e51f - - default default] 10.0.0.151 "GET /v2.0/ports?device_id=37112212-c5c3-471e-83bc-2fec8a3a1d8b HTTP/1.1" status: 200 len: 1160 time: 0.0859067
2026-05-29 07:05:08.406 9 INFO neutron.wsgi [req-ae277c7f-96fb-47cc-b96c-67dea695f910 req-de457468-1b61-4670-b4df-9a0c07f2497d 0531d151a27c4bc5903fb58390f07935 5cfffc45c7c44ab59095aebca3d0e51f - - default default] 10.0.0.151 "GET /v2.0/security-groups?id=5ee1e8ac-dcdd-4894-a714-cc33c1e6a64b&fields=id&fields=name HTTP/1.1" status: 200 len: 311 time: 0.1001570
2026-05-29 07:05:08.418 9 INFO neutron.wsgi [None req-7de8ebf9-512a-4d2e-b76d-73372206f0d0 5af4d8153f78468fab62759554c78630 a3ad3e858eb04234a54a62e3101c8323 - - default default] 10.0.0.97 "DELETE /v2.0/security-groups/0bd0b822-3e15-4bf8-9fd6-26700d534e05 HTTP/1.1" status: 204 len: 168 time: 0.5030601
2026-05-29 07:05:08.440 10 WARNING neutron.plugins.ml2.drivers.ovn.mech_driver.ovsdb.ovn_client [None req-2a3f324f-f047-4764-922a-a06fd19eac68 - - - - - -] No port found with ID 3b1cafcd-c6cf-4e79-9fec-949981c41ddb: RuntimeError: No port found with ID 3b1cafcd-c6cf-4e79-9fec-949981c41ddb
2026-05-29 07:05:08.680 9 INFO neutron.plugins.ml2.drivers.ovn.mech_driver.mech_driver [None req-7c75fedf-3653-429d-b6a0-42a37f17b186 - - - - - -] OVN reports status up for port: 71984897-ba0c-4007-bdbf-6487722da6bf
2026-05-29 07:05:08.681 10 INFO neutron.wsgi [-] 10.0.0.7 "GET / HTTP/1.1" status: 200 len: 246 time: 0.0018563
2026-05-29 07:05:08.683 10 INFO neutron.wsgi [-] 10.0.0.7 "GET / HTTP/1.1" status: 200 len: 246 time: 0.0014551
2026-05-29 07:05:08.697 9 INFO neutron.plugins.ml2.plugin [None req-7c75fedf-3653-429d-b6a0-42a37f17b186 - - - - - -] Attempt 1 to provision port 71984897-ba0c-4007-bdbf-6487722da6bf
2026-05-29 07:05:09.261 9 INFO neutron.db.ovn_revision_numbers_db [None req-21b7f41f-1067-49bd-8f74-aad59c654db0 fc4ff05166ba43ce81895a9c156108e6 a4c1cb0d9cb642e4895bb0117041a6b6 - - default default] Successfully bumped revision number for resource 71984897-ba0c-4007-bdbf-6487722da6bf (type: router_ports) to 1
2026-05-29 07:05:09.285 9 INFO neutron.db.ovn_revision_numbers_db [req-9ab308b7-4b74-4c59-8b74-07fd326138d7 req-f743f2a8-0449-45a8-9cba-5274b457b2d4 8ccd67e3d6794f418eaf234fb8ea2616 cab9c5b69d5c4ee7a91f227694af28c3 - - cd4e054b602b420090beb20b074e9986 cd4e054b602b420090beb20b074e9986] Successfully bumped revision number for resource dc789e31-f293-4018-b846-5abbd456f648 (type: ports) to 2
2026-05-29 07:05:09.368 9 INFO neutron.db.ovn_revision_numbers_db [None req-21b7f41f-1067-49bd-8f74-aad59c654db0 fc4ff05166ba43ce81895a9c156108e6 a4c1cb0d9cb642e4895bb0117041a6b6 - - default default] Successfully bumped revision number for resource 1fa31448-f115-43ae-8a23-61a2013c6282 (type: routers) to 2
2026-05-29 07:05:09.394 9 INFO neutron.wsgi [None req-21b7f41f-1067-49bd-8f74-aad59c654db0 fc4ff05166ba43ce81895a9c156108e6 a4c1cb0d9cb642e4895bb0117041a6b6 - - default default] 10.0.0.97 "POST /v2.0/routers HTTP/1.1" status: 201 len: 867 time: 3.4855421 /var/lib/openstack/lib/python3.10/site-packages/pycadf/identifier.py:71: UserWarning: Invalid uuid: neutron. To ensure interoperability, identifiers should be a valid uuid. warnings.warn(('Invalid uuid: %s. To ensure interoperability, ' /var/lib/openstack/lib/python3.10/site-packages/pycadf/identifier.py:71: UserWarning: Invalid uuid: neutron. To ensure interoperability, identifiers should be a valid uuid. warnings.warn(('Invalid uuid: %s. To ensure interoperability, '
2026-05-29 07:05:09.518 9 INFO neutron.wsgi [None req-4793db29-b07c-4172-bd87-08ed1db99419 fc4ff05166ba43ce81895a9c156108e6 a4c1cb0d9cb642e4895bb0117041a6b6 - - default default] 10.0.0.97 "GET /v2.0/routers/1fa31448-f115-43ae-8a23-61a2013c6282 HTTP/1.1" status: 200 len: 868 time: 0.1152084
2026-05-29 07:05:09.554 9 INFO neutron.wsgi [req-ebde30c1-0477-4d56-8f19-19621c0fa9bf req-4b953f11-5e1d-4cb3-a8ce-c63afa244a55 0531d151a27c4bc5903fb58390f07935 5cfffc45c7c44ab59095aebca3d0e51f - - default default] 10.0.0.151 "GET /v2.0/ports?device_id=37112212-c5c3-471e-83bc-2fec8a3a1d8b HTTP/1.1" status: 200 len: 1172 time: 0.0524211
2026-05-29 07:05:09.617 9 INFO neutron.wsgi [req-ebde30c1-0477-4d56-8f19-19621c0fa9bf req-1a3ce9e3-66cd-4153-9696-73e4b1cd17ab 0531d151a27c4bc5903fb58390f07935 5cfffc45c7c44ab59095aebca3d0e51f - - default default] 10.0.0.151 "GET /v2.0/security-groups?id=5ee1e8ac-dcdd-4894-a714-cc33c1e6a64b&fields=id&fields=name HTTP/1.1" status: 200 len: 311 time: 0.0557673
2026-05-29 07:05:09.634 9 INFO neutron.db.ovn_revision_numbers_db [req-9ab308b7-4b74-4c59-8b74-07fd326138d7 req-f743f2a8-0449-45a8-9cba-5274b457b2d4 8ccd67e3d6794f418eaf234fb8ea2616 cab9c5b69d5c4ee7a91f227694af28c3 - - cd4e054b602b420090beb20b074e9986 cd4e054b602b420090beb20b074e9986] Successfully bumped revision number for resource dc789e31-f293-4018-b846-5abbd456f648 (type: ports) to 2
2026-05-29 07:05:09.653 9 INFO neutron.wsgi [req-9ab308b7-4b74-4c59-8b74-07fd326138d7 req-f743f2a8-0449-45a8-9cba-5274b457b2d4 8ccd67e3d6794f418eaf234fb8ea2616 cab9c5b69d5c4ee7a91f227694af28c3 - - cd4e054b602b420090beb20b074e9986 cd4e054b602b420090beb20b074e9986] 199.204.45.144 "PUT /v2.0/ports/dc789e31-f293-4018-b846-5abbd456f648 HTTP/1.1" status: 200 len: 1380 time: 1.5528817
2026-05-29 07:05:09.688 10 INFO neutron.wsgi [None req-ef8e6ce1-7ec9-40fd-873c-ca64e5a04530 fc4ff05166ba43ce81895a9c156108e6 a4c1cb0d9cb642e4895bb0117041a6b6 - - default default] 10.0.0.97 "GET /v2.0/routers HTTP/1.1" status: 200 len: 871 time: 0.1622047
2026-05-29 07:05:09.696 9 INFO neutron.notifiers.nova [-] Nova event matching ['req-8fe9c38f-b9e0-4db6-96ed-f4e80c0aade4'] response: {'name': 'network-changed', 'server_uuid': '37112212-c5c3-471e-83bc-2fec8a3a1d8b', 'tag': 'dc789e31-f293-4018-b846-5abbd456f648', 'status': 'completed', 'code': 200}
2026-05-29 07:05:09.756 9 INFO neutron.wsgi [req-9ab308b7-4b74-4c59-8b74-07fd326138d7 req-8a9d81e1-c6b2-44f4-9197-0fff4de8b92a 8ccd67e3d6794f418eaf234fb8ea2616 cab9c5b69d5c4ee7a91f227694af28c3 - - cd4e054b602b420090beb20b074e9986 cd4e054b602b420090beb20b074e9986] 199.204.45.144 "GET /v2.0/ports?tenant_id=5cfffc45c7c44ab59095aebca3d0e51f&device_id=37112212-c5c3-471e-83bc-2fec8a3a1d8b HTTP/1.1" status: 200 len: 1411 time: 0.0391850
2026-05-29 07:05:09.795 9 INFO neutron.wsgi [req-9ab308b7-4b74-4c59-8b74-07fd326138d7 req-0b78a47a-c975-4b6a-bfc8-66f8c33760f7 8ccd67e3d6794f418eaf234fb8ea2616 cab9c5b69d5c4ee7a91f227694af28c3 - - cd4e054b602b420090beb20b074e9986 cd4e054b602b420090beb20b074e9986] 199.204.45.144 "GET /v2.0/floatingips?fixed_ip_address=10.100.0.11&port_id=dc789e31-f293-4018-b846-5abbd456f648 HTTP/1.1" status: 200 len: 217 time: 0.0313041
2026-05-29 07:05:09.839 9 INFO neutron.wsgi [req-9ab308b7-4b74-4c59-8b74-07fd326138d7 req-0dfa9fe1-0b44-4b77-9a7b-2b13395df3cb 8ccd67e3d6794f418eaf234fb8ea2616 cab9c5b69d5c4ee7a91f227694af28c3 - - cd4e054b602b420090beb20b074e9986 cd4e054b602b420090beb20b074e9986] 199.204.45.144 "GET /v2.0/subnets?id=d33962f6-8eb9-4169-b15d-899b093046a7 HTTP/1.1" status: 200 len: 852 time: 0.0381553
2026-05-29 07:05:09.881 9 INFO neutron.wsgi [req-9ab308b7-4b74-4c59-8b74-07fd326138d7 req-d3e2b797-de6d-42ca-bf8c-51f6c7c60b76 8ccd67e3d6794f418eaf234fb8ea2616 cab9c5b69d5c4ee7a91f227694af28c3 - - cd4e054b602b420090beb20b074e9986 cd4e054b602b420090beb20b074e9986] 199.204.45.144 "GET /v2.0/ports?network_id=f5a05942-ee11-41f4-b29d-99810b186f59&device_owner=network%3Adhcp HTTP/1.1" status: 200 len: 210 time: 0.0346584
2026-05-29 07:05:09.951 9 INFO neutron.wsgi [req-9ab308b7-4b74-4c59-8b74-07fd326138d7 req-143f4a15-d466-4448-8901-8860ee4226f3 8ccd67e3d6794f418eaf234fb8ea2616 cab9c5b69d5c4ee7a91f227694af28c3 - - cd4e054b602b420090beb20b074e9986 cd4e054b602b420090beb20b074e9986] 199.204.45.144 "GET /v2.0/networks/f5a05942-ee11-41f4-b29d-99810b186f59?fields=segments HTTP/1.1" status: 200 len: 212 time: 0.0571454
2026-05-29 07:05:10.064 9 INFO neutron.wsgi [req-9ab308b7-4b74-4c59-8b74-07fd326138d7 req-4039edb9-85df-4660-abdb-b172242245af 8ccd67e3d6794f418eaf234fb8ea2616 cab9c5b69d5c4ee7a91f227694af28c3 - - cd4e054b602b420090beb20b074e9986 cd4e054b602b420090beb20b074e9986] 199.204.45.144 "GET /v2.0/networks/f5a05942-ee11-41f4-b29d-99810b186f59?fields=provider%3Aphysical_network&fields=provider%3Anetwork_type HTTP/1.1" status: 200 len: 277 time: 0.1047738
2026-05-29 07:05:10.164 9 INFO neutron.wsgi [req-3381cc8f-08e1-4d0f-81df-48a4b7435215 req-00053266-a1a6-4970-9192-6f26aacdcbaa 8ccd67e3d6794f418eaf234fb8ea2616 cab9c5b69d5c4ee7a91f227694af28c3 - - cd4e054b602b420090beb20b074e9986 cd4e054b602b420090beb20b074e9986] 199.204.45.144 "GET /v2.0/ports?tenant_id=5cfffc45c7c44ab59095aebca3d0e51f&device_id=37112212-c5c3-471e-83bc-2fec8a3a1d8b HTTP/1.1" status: 200 len: 1411 time: 0.0640132
2026-05-29 07:05:10.238 9 INFO neutron.wsgi [req-3381cc8f-08e1-4d0f-81df-48a4b7435215 req-0faaf106-23ef-45a9-9324-b313ac720e51 8ccd67e3d6794f418eaf234fb8ea2616 cab9c5b69d5c4ee7a91f227694af28c3 - - cd4e054b602b420090beb20b074e9986 cd4e054b602b420090beb20b074e9986] 199.204.45.144 "GET /v2.0/networks?id=f5a05942-ee11-41f4-b29d-99810b186f59 HTTP/1.1" status: 200 len: 957 time: 0.0682340
2026-05-29 07:05:10.253 10 INFO neutron.db.ovn_revision_numbers_db [None req-742f778d-c535-461b-ac8f-c0da66292d30 fc4ff05166ba43ce81895a9c156108e6 a4c1cb0d9cb642e4895bb0117041a6b6 - - default default] Successfully bumped revision number for resource 1fa31448-f115-43ae-8a23-61a2013c6282 (type: routers) to 3
2026-05-29 07:05:10.258 10 INFO neutron.wsgi [None req-742f778d-c535-461b-ac8f-c0da66292d30 fc4ff05166ba43ce81895a9c156108e6 a4c1cb0d9cb642e4895bb0117041a6b6 - - default default] 10.0.0.97 "PUT /v2.0/routers/1fa31448-f115-43ae-8a23-61a2013c6282 HTTP/1.1" status: 200 len: 875 time: 0.5643811
2026-05-29 07:05:10.274 9 INFO neutron.wsgi [req-3381cc8f-08e1-4d0f-81df-48a4b7435215 req-73f8d30a-a055-4a41-91fc-93aff84213bf 8ccd67e3d6794f418eaf234fb8ea2616 cab9c5b69d5c4ee7a91f227694af28c3 - - cd4e054b602b420090beb20b074e9986 cd4e054b602b420090beb20b074e9986] 199.204.45.144 "GET /v2.0/floatingips?fixed_ip_address=10.100.0.11&port_id=dc789e31-f293-4018-b846-5abbd456f648 HTTP/1.1" status: 200 len: 217 time: 0.0270181
2026-05-29 07:05:10.329 9 INFO neutron.wsgi [req-3381cc8f-08e1-4d0f-81df-48a4b7435215 req-d53e6ef6-3b67-4fee-aedb-c73e3a583ed5 8ccd67e3d6794f418eaf234fb8ea2616 cab9c5b69d5c4ee7a91f227694af28c3 - - cd4e054b602b420090beb20b074e9986 cd4e054b602b420090beb20b074e9986] 199.204.45.144 "GET /v2.0/subnets?id=d33962f6-8eb9-4169-b15d-899b093046a7 HTTP/1.1" status: 200 len: 852 time: 0.0458436
2026-05-29 07:05:10.361 9 INFO neutron.wsgi [req-3381cc8f-08e1-4d0f-81df-48a4b7435215 req-639f1177-57fc-4f2c-ac67-9f6be12af77a 8ccd67e3d6794f418eaf234fb8ea2616 cab9c5b69d5c4ee7a91f227694af28c3 - - cd4e054b602b420090beb20b074e9986 cd4e054b602b420090beb20b074e9986] 199.204.45.144 "GET /v2.0/ports?network_id=f5a05942-ee11-41f4-b29d-99810b186f59&device_owner=network%3Adhcp HTTP/1.1" status: 200 len: 210 time: 0.0237508
2026-05-29 07:05:10.449 9 INFO neutron.wsgi [req-3381cc8f-08e1-4d0f-81df-48a4b7435215 req-f96b384f-9d06-4f7f-8a8b-ecbf624e3ff4 8ccd67e3d6794f418eaf234fb8ea2616 cab9c5b69d5c4ee7a91f227694af28c3 - - cd4e054b602b420090beb20b074e9986 cd4e054b602b420090beb20b074e9986] 199.204.45.144 "GET /v2.0/networks/f5a05942-ee11-41f4-b29d-99810b186f59?fields=segments HTTP/1.1" status: 200 len: 212 time: 0.0780699
2026-05-29 07:05:10.538 9 INFO neutron.wsgi [req-3381cc8f-08e1-4d0f-81df-48a4b7435215 req-c3adfa3c-673c-4759-877c-a8d7db2f3b68 8ccd67e3d6794f418eaf234fb8ea2616 cab9c5b69d5c4ee7a91f227694af28c3 - - cd4e054b602b420090beb20b074e9986 cd4e054b602b420090beb20b074e9986] 199.204.45.144 "GET /v2.0/networks/f5a05942-ee11-41f4-b29d-99810b186f59?fields=provider%3Aphysical_network&fields=provider%3Anetwork_type HTTP/1.1" status: 200 len: 277 time: 0.0811515
2026-05-29 07:05:10.828 9 INFO neutron.wsgi [req-1e6a6a63-653d-436e-bedb-1e5f800e40e5 req-dfa71ad3-ce77-401e-8bbb-e1de59761968 0531d151a27c4bc5903fb58390f07935 5cfffc45c7c44ab59095aebca3d0e51f - - default default] 10.0.0.151 "GET /v2.0/ports?device_id=37112212-c5c3-471e-83bc-2fec8a3a1d8b HTTP/1.1" status: 200 len: 1172 time: 0.1137640
2026-05-29 07:05:10.891 9 INFO neutron.wsgi [req-1e6a6a63-653d-436e-bedb-1e5f800e40e5 req-7a5d0715-a268-4075-814a-dbec5611a0e5 0531d151a27c4bc5903fb58390f07935 5cfffc45c7c44ab59095aebca3d0e51f - - default default] 10.0.0.151 "GET /v2.0/security-groups?id=5ee1e8ac-dcdd-4894-a714-cc33c1e6a64b&fields=id&fields=name HTTP/1.1" status: 200 len: 311 time: 0.0575683
2026-05-29 07:05:10.908 10 INFO neutron.wsgi [None req-c49dd313-ac7e-49e6-9468-eb5099607fb0 fc4ff05166ba43ce81895a9c156108e6 a4c1cb0d9cb642e4895bb0117041a6b6 - - default default] 10.0.0.97 "GET /v2.0/routers/1fa31448-f115-43ae-8a23-61a2013c6282 HTTP/1.1" status: 200 len: 875 time: 0.6392360
2026-05-29 07:05:10.941 10 INFO neutron.wsgi [None req-adf1cd46-408e-4c02-be3d-9a8f12324b8c fc4ff05166ba43ce81895a9c156108e6 a4c1cb0d9cb642e4895bb0117041a6b6 - - default default] 10.0.0.97 "GET /v2.0/ports?device_id=1fa31448-f115-43ae-8a23-61a2013c6282 HTTP/1.1" status: 200 len: 205 time: 0.0259895
2026-05-29 07:05:11.967 10 INFO neutron.wsgi [None req-d2c4be63-0a94-4f5e-87d5-b7f4a169350f fc4ff05166ba43ce81895a9c156108e6 a4c1cb0d9cb642e4895bb0117041a6b6 - - default default] 10.0.0.97 "DELETE /v2.0/routers/1fa31448-f115-43ae-8a23-61a2013c6282 HTTP/1.1" status: 204 len: 168 time: 1.0180302
2026-05-29 07:05:12.015 9 INFO neutron.wsgi [None req-64c7dc24-575d-4817-bd66-65e26b50b522 fc4ff05166ba43ce81895a9c156108e6 a4c1cb0d9cb642e4895bb0117041a6b6 - - default default] 10.0.0.97 "GET /v2.0/ports?device_id=1fa31448-f115-43ae-8a23-61a2013c6282 HTTP/1.1" status: 200 len: 205 time: 0.0340958
2026-05-29 07:05:12.046 9 INFO neutron.api.v2.resource [None req-1ea6ab7a-6f33-4d68-bc77-98e28a57ac83 fc4ff05166ba43ce81895a9c156108e6 a4c1cb0d9cb642e4895bb0117041a6b6 - - default default] delete failed (client error): The resource could not be found.
2026-05-29 07:05:12.048 9 INFO neutron.wsgi [None req-1ea6ab7a-6f33-4d68-bc77-98e28a57ac83 fc4ff05166ba43ce81895a9c156108e6 a4c1cb0d9cb642e4895bb0117041a6b6 - - default default] 10.0.0.97 "DELETE /v2.0/routers/1fa31448-f115-43ae-8a23-61a2013c6282 HTTP/1.1" status: 404 len: 336 time: 0.0246391
2026-05-29 07:05:12.060 9 INFO neutron.wsgi [req-4b491d98-a203-4b88-b97d-191fd70523d1 req-bd5560ba-a5df-4259-8352-9f199ecf360c 0531d151a27c4bc5903fb58390f07935 5cfffc45c7c44ab59095aebca3d0e51f - - default default] 10.0.0.151 "GET /v2.0/ports?device_id=37112212-c5c3-471e-83bc-2fec8a3a1d8b HTTP/1.1" status: 200 len: 1172 time: 0.0656407
2026-05-29 07:05:12.088 10 INFO neutron.wsgi [None req-434fb825-8712-4fb9-b011-2439825f9672 fc4ff05166ba43ce81895a9c156108e6 a4c1cb0d9cb642e4895bb0117041a6b6 - - default default] 10.0.0.97 "GET /v2.0/ports?device_id=d0d971d8-2afb-4680-816a-af65c2c2737b HTTP/1.1" status: 200 len: 205 time: 0.0332820
2026-05-29 07:05:12.097 9 WARNING neutron_lib.context [None req-a8ae08eb-097d-402e-b19b-2af6b5478dd0 b5e49fccc2cb43679ce0864504eaf749 371fe7046423425da21544d149e07ba0 - - default default] Method 'is_advsvc' is deprecated since 2023.2 release (neutron-lib 3.8.0) and will be removed once support for the old RBAC API policies will be removed from Neutron. Please use method 'is_service_role' instead.
2026-05-29 07:05:12.137 10 INFO neutron.api.v2.resource [None req-8ebd2a38-6a4e-4b19-8870-4a75af589548 fc4ff05166ba43ce81895a9c156108e6 a4c1cb0d9cb642e4895bb0117041a6b6 - - default default] delete failed (client error): The resource could not be found.
2026-05-29 07:05:12.138 10 INFO neutron.wsgi [None req-8ebd2a38-6a4e-4b19-8870-4a75af589548 fc4ff05166ba43ce81895a9c156108e6 a4c1cb0d9cb642e4895bb0117041a6b6 - - default default] 10.0.0.97 "DELETE /v2.0/routers/d0d971d8-2afb-4680-816a-af65c2c2737b HTTP/1.1" status: 404 len: 336 time: 0.0431190
2026-05-29 07:05:12.139 9 INFO neutron.wsgi [req-4b491d98-a203-4b88-b97d-191fd70523d1 req-a119aff8-d56b-4649-8aaa-cab5ce5017be 0531d151a27c4bc5903fb58390f07935 5cfffc45c7c44ab59095aebca3d0e51f - - default default] 10.0.0.151 "GET /v2.0/security-groups?id=5ee1e8ac-dcdd-4894-a714-cc33c1e6a64b&fields=id&fields=name HTTP/1.1" status: 200 len: 311 time: 0.0707114
2026-05-29 07:05:12.165 10 INFO neutron.pecan_wsgi.hooks.translation [None req-79f15301-3409-4a1f-80f3-3b1734ac489a fc4ff05166ba43ce81895a9c156108e6 a4c1cb0d9cb642e4895bb0117041a6b6 - - default default] DELETE failed (client error): The resource could not be found.
2026-05-29 07:05:12.167 10 INFO neutron.wsgi [None req-79f15301-3409-4a1f-80f3-3b1734ac489a fc4ff05166ba43ce81895a9c156108e6 a4c1cb0d9cb642e4895bb0117041a6b6 - - default default] 10.0.0.97 "DELETE /v2.0/subnets/d3a8226f-526e-45a6-962c-a3047f0ce440 HTTP/1.1" status: 404 len: 337 time: 0.0245194
2026-05-29 07:05:12.198 10 INFO neutron.wsgi [None req-9758cbee-fc4b-4f22-9636-905f6da9da33 fc4ff05166ba43ce81895a9c156108e6 a4c1cb0d9cb642e4895bb0117041a6b6 - - default default] 10.0.0.97 "GET /v2.0/ports?device_id=a22460ff-2296-4ff5-a21d-3ce1d9161532 HTTP/1.1" status: 200 len: 205 time: 0.0272405
2026-05-29 07:05:12.226 10 INFO neutron.api.v2.resource [None req-def1153f-cf5b-41d7-9fc7-81896a03d476 fc4ff05166ba43ce81895a9c156108e6 a4c1cb0d9cb642e4895bb0117041a6b6 - - default default] delete failed (client error): The resource could not be found.
2026-05-29 07:05:12.227 10 INFO neutron.wsgi [None req-def1153f-cf5b-41d7-9fc7-81896a03d476 fc4ff05166ba43ce81895a9c156108e6 a4c1cb0d9cb642e4895bb0117041a6b6 - - default default] 10.0.0.97 "DELETE /v2.0/routers/a22460ff-2296-4ff5-a21d-3ce1d9161532 HTTP/1.1" status: 404 len: 336 time: 0.0242577
2026-05-29 07:05:12.260 9 INFO neutron.pecan_wsgi.hooks.translation [None req-d1b018ac-7b33-4317-a988-6eccb00104b8 fc4ff05166ba43ce81895a9c156108e6 a4c1cb0d9cb642e4895bb0117041a6b6 - - default default] DELETE failed (client error): The resource could not be found.
2026-05-29 07:05:12.262 9 INFO neutron.wsgi [None req-d1b018ac-7b33-4317-a988-6eccb00104b8 fc4ff05166ba43ce81895a9c156108e6 a4c1cb0d9cb642e4895bb0117041a6b6 - - default default] 10.0.0.97 "DELETE /v2.0/subnets/8953adc3-497c-4e84-904a-8255420e5eae HTTP/1.1" status: 404 len: 337 time: 0.0274072
2026-05-29 07:05:12.284 9 INFO neutron.db.ovn_revision_numbers_db [None req-a8ae08eb-097d-402e-b19b-2af6b5478dd0 b5e49fccc2cb43679ce0864504eaf749 371fe7046423425da21544d149e07ba0 - - default default] Successfully bumped revision number for resource 31bdce44-5a66-4fb4-85e9-9a1612f83382 (type: security_groups) to 1
2026-05-29 07:05:12.290 10 INFO neutron.wsgi [None req-2a737fd0-bc8e-4c20-b808-5b3787f16517 fc4ff05166ba43ce81895a9c156108e6 a4c1cb0d9cb642e4895bb0117041a6b6 - - default default] 10.0.0.97 "GET /v2.0/ports?device_id=f3e86921-4dbb-44b7-ba30-e5a94645e7fb HTTP/1.1" status: 200 len: 205 time: 0.0223856
2026-05-29 07:05:12.332 9 INFO neutron.db.ovn_revision_numbers_db [None req-a8ae08eb-097d-402e-b19b-2af6b5478dd0 b5e49fccc2cb43679ce0864504eaf749 371fe7046423425da21544d149e07ba0 - - default default] Successfully bumped revision number for resource 936f9f6f-ae3c-4324-8a8d-32915db4717d (type: security_group_rules) to 0
2026-05-29 07:05:12.343 10 INFO neutron.api.v2.resource [None req-0f6ae0aa-90a2-47a7-858f-ac5b4948a55c fc4ff05166ba43ce81895a9c156108e6 a4c1cb0d9cb642e4895bb0117041a6b6 - - default default] delete failed (client error): The resource could not be found.
2026-05-29 07:05:12.346 10 INFO neutron.wsgi [None req-0f6ae0aa-90a2-47a7-858f-ac5b4948a55c fc4ff05166ba43ce81895a9c156108e6 a4c1cb0d9cb642e4895bb0117041a6b6 - - default default] 10.0.0.97 "DELETE /v2.0/routers/f3e86921-4dbb-44b7-ba30-e5a94645e7fb HTTP/1.1" status: 404 len: 336 time: 0.0377276
2026-05-29 07:05:12.350 9 INFO neutron.db.ovn_revision_numbers_db [None req-a8ae08eb-097d-402e-b19b-2af6b5478dd0 b5e49fccc2cb43679ce0864504eaf749 371fe7046423425da21544d149e07ba0 - - default default] Successfully bumped revision number for resource a9dee7c8-6388-472b-9d21-c9eaec40f89d (type: security_group_rules) to 0
2026-05-29 07:05:12.370 9 INFO neutron.db.ovn_revision_numbers_db [None req-a8ae08eb-097d-402e-b19b-2af6b5478dd0 b5e49fccc2cb43679ce0864504eaf749 371fe7046423425da21544d149e07ba0 - - default default] Successfully bumped revision number for resource ab6829bb-2392-446e-979c-f4c74f1016e3 (type: security_group_rules) to 0
2026-05-29 07:05:12.380 10 INFO neutron.pecan_wsgi.hooks.translation [None req-0af23f6e-96b4-462a-88ce-82ce7a9e7d85 fc4ff05166ba43ce81895a9c156108e6 a4c1cb0d9cb642e4895bb0117041a6b6 - - default default] DELETE failed (client error): The resource could not be found.
2026-05-29 07:05:12.382 10 INFO neutron.wsgi [None req-0af23f6e-96b4-462a-88ce-82ce7a9e7d85 fc4ff05166ba43ce81895a9c156108e6 a4c1cb0d9cb642e4895bb0117041a6b6 - - default default] 10.0.0.97 "DELETE /v2.0/subnets/1cee904c-8d5d-4164-8961-f34e62b7e6ce HTTP/1.1" status: 404 len: 337 time: 0.0310111
2026-05-29 07:05:12.386 9 INFO neutron.db.ovn_revision_numbers_db [None req-a8ae08eb-097d-402e-b19b-2af6b5478dd0 b5e49fccc2cb43679ce0864504eaf749 371fe7046423425da21544d149e07ba0 - - default default] Successfully bumped revision number for resource eb8cf1ca-e03e-4861-98c8-3988ec8fa622 (type: security_group_rules) to 0
2026-05-29 07:05:12.406 10 INFO neutron.pecan_wsgi.hooks.translation [None req-f4902fa8-7dcb-414f-bdaf-dcc7c8e06a63 fc4ff05166ba43ce81895a9c156108e6 a4c1cb0d9cb642e4895bb0117041a6b6 - - default default] DELETE failed (client error): The resource could not be found.
2026-05-29 07:05:12.410 10 INFO neutron.wsgi [None req-f4902fa8-7dcb-414f-bdaf-dcc7c8e06a63 fc4ff05166ba43ce81895a9c156108e6 a4c1cb0d9cb642e4895bb0117041a6b6 - - default default] 10.0.0.97 "DELETE /v2.0/subnets/9620f1c5-114b-4f91-9ae2-10b1e475d9ec HTTP/1.1" status: 404 len: 337 time: 0.0217216
2026-05-29 07:05:12.441 9 INFO neutron.db.segments_db [None req-a8ae08eb-097d-402e-b19b-2af6b5478dd0 b5e49fccc2cb43679ce0864504eaf749 371fe7046423425da21544d149e07ba0 - - default default] Added segment 66e6c147-94e3-4122-8ce8-51c850faa24a of type geneve for network 6ee93419-a5e1-44f0-8756-a6ce8e72e299
2026-05-29 07:05:12.667 9 INFO neutron.db.ovn_revision_numbers_db [None req-a8ae08eb-097d-402e-b19b-2af6b5478dd0 b5e49fccc2cb43679ce0864504eaf749 371fe7046423425da21544d149e07ba0 - - default default] Successfully bumped revision number for resource 6ee93419-a5e1-44f0-8756-a6ce8e72e299 (type: networks) to 1
2026-05-29 07:05:12.859 9 WARNING neutron.scheduler.dhcp_agent_scheduler [None req-a8ae08eb-097d-402e-b19b-2af6b5478dd0 b5e49fccc2cb43679ce0864504eaf749 371fe7046423425da21544d149e07ba0 - - default default] No more DHCP agents
2026-05-29 07:05:12.862 9 WARNING neutron.api.rpc.agentnotifiers.dhcp_rpc_agent_api [None req-a8ae08eb-097d-402e-b19b-2af6b5478dd0 b5e49fccc2cb43679ce0864504eaf749 371fe7046423425da21544d149e07ba0 - - default default] Unable to schedule network 6ee93419-a5e1-44f0-8756-a6ce8e72e299: no agents available; will retry on subsequent port and subnet creation events.
2026-05-29 07:05:12.945 9 INFO neutron.db.ovn_revision_numbers_db [None req-a8ae08eb-097d-402e-b19b-2af6b5478dd0 b5e49fccc2cb43679ce0864504eaf749 371fe7046423425da21544d149e07ba0 - - default default] Successfully bumped revision number for resource b93918c5-4c99-47d7-8f84-1c13d22d31a2 (type: ports) to 1
2026-05-29 07:05:12.975 9 INFO neutron.wsgi [None req-a8ae08eb-097d-402e-b19b-2af6b5478dd0 b5e49fccc2cb43679ce0864504eaf749 371fe7046423425da21544d149e07ba0 - - default default] 10.0.0.97 "POST /v2.0/networks HTTP/1.1" status: 201 len: 831 time: 1.1046841
2026-05-29 07:05:12.984 9 WARNING neutron_lib.context [None req-27855093-fe56-41b4-bb9e-626f9a7c66e4 b5e49fccc2cb43679ce0864504eaf749 371fe7046423425da21544d149e07ba0 - - default default] Method 'is_advsvc' is deprecated since 2023.2 release (neutron-lib 3.8.0) and will be removed once support for the old RBAC API policies will be removed from Neutron. Please use method 'is_service_role' instead.
2026-05-29 07:05:13.062 9 INFO neutron.wsgi [None req-ac4fe373-79ee-4094-ab47-cd3cfe220d1c 5af4d8153f78468fab62759554c78630 a3ad3e858eb04234a54a62e3101c8323 - - default default] 10.0.0.97 "GET /v2.0/security-groups?tenant_id=a4c1cb0d9cb642e4895bb0117041a6b6&name=default HTTP/1.1" status: 200 len: 2996 time: 0.0948374
2026-05-29 07:05:13.071 10 INFO neutron.db.ovn_revision_numbers_db [None req-dd440c56-5d1e-4626-90a8-c812e9e28420 5af4d8153f78468fab62759554c78630 a3ad3e858eb04234a54a62e3101c8323 - - default default] Successfully bumped revision number for resource 863e0021-ce5e-42d1-b3cb-ac8291edcb9c (type: security_groups) to 1
2026-05-29 07:05:13.085 10 INFO neutron.db.ovn_revision_numbers_db [None req-dd440c56-5d1e-4626-90a8-c812e9e28420 5af4d8153f78468fab62759554c78630 a3ad3e858eb04234a54a62e3101c8323 - - default default] Successfully bumped revision number for resource 2c2c7e3e-649e-420f-a032-911ea0dd893b (type: security_group_rules) to 0
2026-05-29 07:05:13.098 10 INFO neutron.db.ovn_revision_numbers_db [None req-dd440c56-5d1e-4626-90a8-c812e9e28420 5af4d8153f78468fab62759554c78630 a3ad3e858eb04234a54a62e3101c8323 - - default default] Successfully bumped revision number for resource 657b60a0-2c1e-481e-94a7-09dc929b7657 (type: security_group_rules) to 0
2026-05-29 07:05:13.111 10 INFO neutron.db.ovn_revision_numbers_db [None req-dd440c56-5d1e-4626-90a8-c812e9e28420 5af4d8153f78468fab62759554c78630 a3ad3e858eb04234a54a62e3101c8323 - - default default] Successfully bumped revision number for resource c6ecc37f-f7a7-4b65-95e7-2c9519255e73 (type: security_group_rules) to 0
2026-05-29 07:05:13.124 10 INFO neutron.db.ovn_revision_numbers_db [None req-dd440c56-5d1e-4626-90a8-c812e9e28420 5af4d8153f78468fab62759554c78630 a3ad3e858eb04234a54a62e3101c8323 - - default default] Successfully bumped revision number for resource f56e04c0-3676-48e7-9650-66d6006547a8 (type: security_group_rules) to 0
2026-05-29 07:05:13.150 10 INFO neutron.wsgi [None req-dd440c56-5d1e-4626-90a8-c812e9e28420 5af4d8153f78468fab62759554c78630 a3ad3e858eb04234a54a62e3101c8323 - - default default] 10.0.0.97 "GET /v2.0/security-groups?tenant_id=b3b216a664ed4270aeda129c58a20a1d&name=default HTTP/1.1" status: 200 len: 2996 time: 0.3648200
2026-05-29 07:05:13.272 9 INFO neutron.wsgi [req-2bbb5892-60ef-4334-b4ac-a6e4f905f295 req-8fb2c4b2-56b5-4fcb-8e65-6f17c5d15d1c 0531d151a27c4bc5903fb58390f07935 5cfffc45c7c44ab59095aebca3d0e51f - - default default] 10.0.0.151 "GET /v2.0/ports?device_id=37112212-c5c3-471e-83bc-2fec8a3a1d8b HTTP/1.1" status: 200 len: 1172 time: 0.0595353 /var/lib/openstack/lib/python3.10/site-packages/pycadf/identifier.py:71: UserWarning: Invalid uuid: neutron. To ensure interoperability, identifiers should be a valid uuid. warnings.warn(('Invalid uuid: %s. To ensure interoperability, '
2026-05-29 07:05:13.322 9 WARNING neutron.scheduler.dhcp_agent_scheduler [None req-27855093-fe56-41b4-bb9e-626f9a7c66e4 b5e49fccc2cb43679ce0864504eaf749 371fe7046423425da21544d149e07ba0 - - default default] No more DHCP agents
2026-05-29 07:05:13.327 9 WARNING neutron.api.rpc.agentnotifiers.dhcp_rpc_agent_api [None req-27855093-fe56-41b4-bb9e-626f9a7c66e4 b5e49fccc2cb43679ce0864504eaf749 371fe7046423425da21544d149e07ba0 - - default default] Unable to schedule network 6ee93419-a5e1-44f0-8756-a6ce8e72e299: no agents available; will retry on subsequent port and subnet creation events.
2026-05-29 07:05:13.372 9 INFO neutron.wsgi [req-2bbb5892-60ef-4334-b4ac-a6e4f905f295 req-e7289899-90a8-4257-9972-719d21c11968 0531d151a27c4bc5903fb58390f07935 5cfffc45c7c44ab59095aebca3d0e51f - - default default] 10.0.0.151 "GET /v2.0/security-groups?id=5ee1e8ac-dcdd-4894-a714-cc33c1e6a64b&fields=id&fields=name HTTP/1.1" status: 200 len: 311 time: 0.0912325
