2026-05-29 07:09:21.463 10 INFO neutron.wsgi [req-71ba7940-f37d-406a-a0a1-34d9a528c889 req-24ac0bf4-da85-4071-b4ab-09eed3a24c50 8ccd67e3d6794f418eaf234fb8ea2616 cab9c5b69d5c4ee7a91f227694af28c3 - - cd4e054b602b420090beb20b074e9986 cd4e054b602b420090beb20b074e9986] 199.204.45.144 "GET /v2.0/networks/5147162b-6769-45be-b0ca-b8ade1b622d4?fields=segments HTTP/1.1" status: 200 len: 212 time: 0.0682585 /var/lib/openstack/lib/python3.10/site-packages/pycadf/identifier.py:71: UserWarning: Invalid uuid: neutron. To ensure interoperability, identifiers should be a valid uuid. warnings.warn(('Invalid uuid: %s. To ensure interoperability, '
2026-05-29 07:09:21.559 10 INFO neutron.wsgi [req-71ba7940-f37d-406a-a0a1-34d9a528c889 req-a240bcc5-9056-48e8-ac67-5dd5bfa1b414 8ccd67e3d6794f418eaf234fb8ea2616 cab9c5b69d5c4ee7a91f227694af28c3 - - cd4e054b602b420090beb20b074e9986 cd4e054b602b420090beb20b074e9986] 199.204.45.144 "GET /v2.0/networks/5147162b-6769-45be-b0ca-b8ade1b622d4?fields=provider%3Aphysical_network&fields=provider%3Anetwork_type HTTP/1.1" status: 200 len: 277 time: 0.0783582
2026-05-29 07:09:21.597 10 INFO neutron.wsgi [req-71ba7940-f37d-406a-a0a1-34d9a528c889 req-1a2f7e09-62f9-4226-a663-5b9903f4e6bf 8ccd67e3d6794f418eaf234fb8ea2616 cab9c5b69d5c4ee7a91f227694af28c3 - - cd4e054b602b420090beb20b074e9986 cd4e054b602b420090beb20b074e9986] 199.204.45.144 "GET /v2.0/floatingips?fixed_ip_address=10.1.1.13&port_id=8428c054-4a35-4630-84b6-1d3b54a099a5 HTTP/1.1" status: 200 len: 217 time: 0.0305896
2026-05-29 07:09:21.611 9 INFO neutron.wsgi [None req-d6654665-2efc-4e3e-afbd-d82b71bc0a18 5af4d8153f78468fab62759554c78630 a3ad3e858eb04234a54a62e3101c8323 - - default default] 199.204.45.144 "GET /v2.0/ports?device_id=acdc7f1e-ece4-4c5e-b54d-fef46d72017b HTTP/1.1" status: 200 len: 3917 time: 0.0722728
2026-05-29 07:09:21.645 10 INFO neutron.wsgi [req-71ba7940-f37d-406a-a0a1-34d9a528c889 req-c02185ef-035c-410f-b1c0-de8765184550 8ccd67e3d6794f418eaf234fb8ea2616 cab9c5b69d5c4ee7a91f227694af28c3 - - cd4e054b602b420090beb20b074e9986 cd4e054b602b420090beb20b074e9986] 199.204.45.144 "GET /v2.0/subnets?id=e3b80d79-eab6-404d-b749-3a5d72f8cef0 HTTP/1.1" status: 200 len: 853 time: 0.0404432
2026-05-29 07:09:21.649 9 INFO neutron.pecan_wsgi.hooks.translation [None req-143784f8-82e5-4f2c-b707-2fc2a9ce5a8a 5af4d8153f78468fab62759554c78630 a3ad3e858eb04234a54a62e3101c8323 - - default default] DELETE failed (client error): The resource could not be found.
2026-05-29 07:09:21.652 9 INFO neutron.wsgi [None req-143784f8-82e5-4f2c-b707-2fc2a9ce5a8a 5af4d8153f78468fab62759554c78630 a3ad3e858eb04234a54a62e3101c8323 - - default default] 199.204.45.144 "DELETE /v2.0/ports/ddecf8fa-72db-4e55-9aa4-8a6a35b935a4 HTTP/1.1" status: 404 len: 338 time: 0.0276766
2026-05-29 07:09:21.674 10 INFO neutron.wsgi [req-71ba7940-f37d-406a-a0a1-34d9a528c889 req-31741df0-d1bf-4572-b856-94d822ee21b8 8ccd67e3d6794f418eaf234fb8ea2616 cab9c5b69d5c4ee7a91f227694af28c3 - - cd4e054b602b420090beb20b074e9986 cd4e054b602b420090beb20b074e9986] 199.204.45.144 "GET /v2.0/ports?network_id=c652f3f6-fe6a-4863-92cb-5ef943476905&device_owner=network%3Adhcp HTTP/1.1" status: 200 len: 210 time: 0.0231359
2026-05-29 07:09:21.761 10 INFO neutron.wsgi [req-71ba7940-f37d-406a-a0a1-34d9a528c889 req-0d9fd422-6b96-44be-9a96-df4e40ec669c 8ccd67e3d6794f418eaf234fb8ea2616 cab9c5b69d5c4ee7a91f227694af28c3 - - cd4e054b602b420090beb20b074e9986 cd4e054b602b420090beb20b074e9986] 199.204.45.144 "GET /v2.0/networks/c652f3f6-fe6a-4863-92cb-5ef943476905?fields=segments HTTP/1.1" status: 200 len: 212 time: 0.0770156
2026-05-29 07:09:21.773 9 INFO neutron.wsgi [None req-e75af321-19f9-48fb-a045-865dc0ed0434 5af4d8153f78468fab62759554c78630 a3ad3e858eb04234a54a62e3101c8323 - - default default] 199.204.45.144 "GET /v2.0/extensions/security-group HTTP/1.1" status: 200 len: 369 time: 0.0061059
2026-05-29 07:09:21.789 9 INFO neutron.wsgi [None req-da357297-b352-46e1-b845-69b920ba4637 5af4d8153f78468fab62759554c78630 a3ad3e858eb04234a54a62e3101c8323 - - default default] 199.204.45.144 "GET /v2.0/extensions/dns-integration HTTP/1.1" status: 200 len: 371 time: 0.0073404
2026-05-29 07:09:21.801 9 INFO neutron.wsgi [None req-24b8fe59-e19a-45e1-94c9-18dd01b1ad51 5af4d8153f78468fab62759554c78630 a3ad3e858eb04234a54a62e3101c8323 - - default default] 199.204.45.144 "GET /v2.0/extensions/qos HTTP/1.1" status: 200 len: 365 time: 0.0031850
2026-05-29 07:09:21.814 9 INFO neutron.wsgi [None req-bcea7d80-e565-4395-ace8-344e490b05c4 5af4d8153f78468fab62759554c78630 a3ad3e858eb04234a54a62e3101c8323 - - default default] 199.204.45.144 "GET /v2.0/extensions/allowed-address-pairs HTTP/1.1" status: 200 len: 383 time: 0.0042138
2026-05-29 07:09:21.855 10 INFO neutron.wsgi [req-71ba7940-f37d-406a-a0a1-34d9a528c889 req-5447b372-7828-44da-8748-fae7b9bec8c6 8ccd67e3d6794f418eaf234fb8ea2616 cab9c5b69d5c4ee7a91f227694af28c3 - - cd4e054b602b420090beb20b074e9986 cd4e054b602b420090beb20b074e9986] 199.204.45.144 "GET /v2.0/networks/c652f3f6-fe6a-4863-92cb-5ef943476905?fields=provider%3Aphysical_network&fields=provider%3Anetwork_type HTTP/1.1" status: 200 len: 277 time: 0.0632162
2026-05-29 07:09:21.861 9 INFO neutron.wsgi [None req-940a4696-c53d-4775-b788-2aa459a8d0d8 5af4d8153f78468fab62759554c78630 a3ad3e858eb04234a54a62e3101c8323 - - default default] 199.204.45.144 "GET /v2.0/subnets/e3b80d79-eab6-404d-b749-3a5d72f8cef0 HTTP/1.1" status: 200 len: 850 time: 0.0424514
2026-05-29 07:09:21.891 10 INFO neutron.wsgi [req-71ba7940-f37d-406a-a0a1-34d9a528c889 req-72ed1e4f-f78e-4e35-9d18-d9c7d7a51a97 8ccd67e3d6794f418eaf234fb8ea2616 cab9c5b69d5c4ee7a91f227694af28c3 - - cd4e054b602b420090beb20b074e9986 cd4e054b602b420090beb20b074e9986] 199.204.45.144 "GET /v2.0/floatingips?fixed_ip_address=10.2.1.40&port_id=41e12f04-4b52-47df-af41-d7584d8795b2 HTTP/1.1" status: 200 len: 217 time: 0.0245647
2026-05-29 07:09:21.917 9 INFO neutron.wsgi [None req-12e1e74f-f04b-4bb9-b222-263e01856fb1 5af4d8153f78468fab62759554c78630 a3ad3e858eb04234a54a62e3101c8323 - - default default] 199.204.45.144 "GET /v2.0/ports/a7c37f13-1ad1-4585-b4df-8c013a1e1b35 HTTP/1.1" status: 200 len: 1336 time: 0.0498509
2026-05-29 07:09:21.933 10 INFO neutron.wsgi [req-71ba7940-f37d-406a-a0a1-34d9a528c889 req-d6baa2e0-fcaa-4131-84be-7abf27062343 8ccd67e3d6794f418eaf234fb8ea2616 cab9c5b69d5c4ee7a91f227694af28c3 - - cd4e054b602b420090beb20b074e9986 cd4e054b602b420090beb20b074e9986] 199.204.45.144 "GET /v2.0/subnets?id=d9a6327f-aa1c-43a3-b5ec-6cda6498bc24 HTTP/1.1" status: 200 len: 852 time: 0.0311785
2026-05-29 07:09:21.966 9 INFO neutron.wsgi [None req-004b0f3c-882a-4841-acaf-bbd36befbb13 5af4d8153f78468fab62759554c78630 a3ad3e858eb04234a54a62e3101c8323 - - default default] 199.204.45.144 "GET /v2.0/ports/8428c054-4a35-4630-84b6-1d3b54a099a5 HTTP/1.1" status: 200 len: 1514 time: 0.0425498
2026-05-29 07:09:21.967 10 INFO neutron.wsgi [req-71ba7940-f37d-406a-a0a1-34d9a528c889 req-f02b3dc6-599f-44cd-934e-fdc489b00fbc 8ccd67e3d6794f418eaf234fb8ea2616 cab9c5b69d5c4ee7a91f227694af28c3 - - cd4e054b602b420090beb20b074e9986 cd4e054b602b420090beb20b074e9986] 199.204.45.144 "GET /v2.0/ports?network_id=2fc73610-6914-44f7-be79-71f48f4e05db&device_owner=network%3Adhcp HTTP/1.1" status: 200 len: 210 time: 0.0271344
2026-05-29 07:09:22.029 9 INFO neutron.wsgi [None req-3af544b4-7fac-4760-8ae7-6c1f05281786 5af4d8153f78468fab62759554c78630 a3ad3e858eb04234a54a62e3101c8323 - - default default] 199.204.45.144 "GET /v2.0/subnets/e3b80d79-eab6-404d-b749-3a5d72f8cef0 HTTP/1.1" status: 200 len: 850 time: 0.0546303
2026-05-29 07:09:22.040 10 INFO neutron.wsgi [req-71ba7940-f37d-406a-a0a1-34d9a528c889 req-859b7307-9fb5-4c1d-917f-9ef255c5c1ed 8ccd67e3d6794f418eaf234fb8ea2616 cab9c5b69d5c4ee7a91f227694af28c3 - - cd4e054b602b420090beb20b074e9986 cd4e054b602b420090beb20b074e9986] 199.204.45.144 "GET /v2.0/networks/2fc73610-6914-44f7-be79-71f48f4e05db?fields=segments HTTP/1.1" status: 200 len: 212 time: 0.0656791
2026-05-29 07:09:22.130 9 INFO neutron.wsgi [None req-407be86d-7813-42d3-aab6-d8db349ac93b 5af4d8153f78468fab62759554c78630 a3ad3e858eb04234a54a62e3101c8323 - - default default] 199.204.45.144 "GET /v2.0/networks/c652f3f6-fe6a-4863-92cb-5ef943476905 HTTP/1.1" status: 200 len: 1001 time: 0.0924451
2026-05-29 07:09:22.132 10 INFO neutron.wsgi [req-71ba7940-f37d-406a-a0a1-34d9a528c889 req-3510ec02-b645-4fbb-82eb-825fbaea47f7 8ccd67e3d6794f418eaf234fb8ea2616 cab9c5b69d5c4ee7a91f227694af28c3 - - cd4e054b602b420090beb20b074e9986 cd4e054b602b420090beb20b074e9986] 199.204.45.144 "GET /v2.0/networks/2fc73610-6914-44f7-be79-71f48f4e05db?fields=provider%3Aphysical_network&fields=provider%3Anetwork_type HTTP/1.1" status: 200 len: 277 time: 0.0838401
2026-05-29 07:09:22.164 9 INFO neutron.notifiers.nova [-] Nova event matching ['req-5668ef58-fb01-48ea-a191-2b402f42f279'] response: {'server_uuid': 'acdc7f1e-ece4-4c5e-b54d-fef46d72017b', 'name': 'network-vif-unplugged', 'status': 'completed', 'tag': 'ddecf8fa-72db-4e55-9aa4-8a6a35b935a4', 'code': 200}
2026-05-29 07:09:22.165 9 INFO neutron.notifiers.nova [-] Nova event matching ['req-5668ef58-fb01-48ea-a191-2b402f42f279'] response: {'server_uuid': 'acdc7f1e-ece4-4c5e-b54d-fef46d72017b', 'name': 'network-vif-plugged', 'status': 'completed', 'tag': 'ddecf8fa-72db-4e55-9aa4-8a6a35b935a4', 'code': 200}
2026-05-29 07:09:22.183 9 INFO neutron.wsgi [None req-73f7cc5c-13db-4a66-a3a9-a704a69bf59a 5af4d8153f78468fab62759554c78630 a3ad3e858eb04234a54a62e3101c8323 - - default default] 199.204.45.144 "GET /v2.0/ports/a7c37f13-1ad1-4585-b4df-8c013a1e1b35 HTTP/1.1" status: 200 len: 1336 time: 0.0464947
2026-05-29 07:09:22.234 9 INFO neutron.wsgi [None req-2de6d4ec-4dd4-4329-bd57-61fb37f5a1f8 5af4d8153f78468fab62759554c78630 a3ad3e858eb04234a54a62e3101c8323 - - default default] 199.204.45.144 "GET /v2.0/subnets/e3b80d79-eab6-404d-b749-3a5d72f8cef0 HTTP/1.1" status: 200 len: 850 time: 0.0421708
2026-05-29 07:09:23.681 9 INFO neutron.wsgi [-] 10.0.0.7 "GET / HTTP/1.1" status: 200 len: 246 time: 0.0027192
2026-05-29 07:09:23.684 9 INFO neutron.wsgi [-] 10.0.0.7 "GET / HTTP/1.1" status: 200 len: 246 time: 0.0013027
2026-05-29 07:09:24.911 9 INFO neutron.wsgi [None req-30eb2e0a-3985-44cc-b34c-7d6f4d04d6d3 5af4d8153f78468fab62759554c78630 a3ad3e858eb04234a54a62e3101c8323 - - default default] 199.204.45.144 "GET /v2.0/extensions/security-group HTTP/1.1" status: 200 len: 369 time: 0.0069110
2026-05-29 07:09:24.921 9 INFO neutron.wsgi [None req-7726f368-18cd-4fa2-92d6-6be64f19e315 5af4d8153f78468fab62759554c78630 a3ad3e858eb04234a54a62e3101c8323 - - default default] 199.204.45.144 "GET /v2.0/extensions/dns-integration HTTP/1.1" status: 200 len: 371 time: 0.0042875
2026-05-29 07:09:24.930 9 INFO neutron.wsgi [None req-87fa6064-3878-472a-a88e-0caa7b70e389 5af4d8153f78468fab62759554c78630 a3ad3e858eb04234a54a62e3101c8323 - - default default] 199.204.45.144 "GET /v2.0/extensions/qos HTTP/1.1" status: 200 len: 365 time: 0.0052729
2026-05-29 07:09:24.938 9 INFO neutron.wsgi [None req-b2a3fae3-38f1-488a-9798-b4ad7f433363 5af4d8153f78468fab62759554c78630 a3ad3e858eb04234a54a62e3101c8323 - - default default] 199.204.45.144 "GET /v2.0/extensions/allowed-address-pairs HTTP/1.1" status: 200 len: 383 time: 0.0039458
2026-05-29 07:09:24.988 9 INFO neutron.wsgi [None req-a2bf07fa-00e9-4087-8f50-357aaed351ab 5af4d8153f78468fab62759554c78630 a3ad3e858eb04234a54a62e3101c8323 - - default default] 199.204.45.144 "GET /v2.0/ports?device_id=acdc7f1e-ece4-4c5e-b54d-fef46d72017b HTTP/1.1" status: 200 len: 3917 time: 0.0461800
2026-05-29 07:09:25.145 9 INFO neutron.wsgi [None req-e74516c2-273f-443a-88fc-12d5c0767ac7 5af4d8153f78468fab62759554c78630 a3ad3e858eb04234a54a62e3101c8323 - - default default] 199.204.45.144 "GET /v2.0/extensions/security-group HTTP/1.1" status: 200 len: 369 time: 0.0072341
2026-05-29 07:09:25.153 9 INFO neutron.wsgi [None req-3032a706-5cc2-4dfa-8907-104b318e717b 5af4d8153f78468fab62759554c78630 a3ad3e858eb04234a54a62e3101c8323 - - default default] 199.204.45.144 "GET /v2.0/extensions/dns-integration HTTP/1.1" status: 200 len: 371 time: 0.0039752
2026-05-29 07:09:25.160 9 INFO neutron.wsgi [None req-d7488044-2a0a-40ed-b10f-d29620b47037 5af4d8153f78468fab62759554c78630 a3ad3e858eb04234a54a62e3101c8323 - - default default] 199.204.45.144 "GET /v2.0/extensions/qos HTTP/1.1" status: 200 len: 365 time: 0.0039408
2026-05-29 07:09:25.168 9 INFO neutron.wsgi [None req-5b911fc0-8b97-49ce-a886-3212832bbae5 5af4d8153f78468fab62759554c78630 a3ad3e858eb04234a54a62e3101c8323 - - default default] 199.204.45.144 "GET /v2.0/extensions/allowed-address-pairs HTTP/1.1" status: 200 len: 383 time: 0.0042455
2026-05-29 07:09:25.206 9 INFO neutron.wsgi [None req-c6601197-1de7-4ec7-8835-f38724f7b4e9 5af4d8153f78468fab62759554c78630 a3ad3e858eb04234a54a62e3101c8323 - - default default] 199.204.45.144 "GET /v2.0/ports/41e12f04-4b52-47df-af41-d7584d8795b2 HTTP/1.1" status: 200 len: 1402 time: 0.0332344
2026-05-29 07:09:25.648 9 INFO neutron.db.ovn_revision_numbers_db [None req-f4c30553-09e9-46dc-baca-e290e7cfaf15 5af4d8153f78468fab62759554c78630 a3ad3e858eb04234a54a62e3101c8323 - - default default] Successfully bumped revision number for resource 41e12f04-4b52-47df-af41-d7584d8795b2 (type: ports) to 6
2026-05-29 07:09:25.664 9 INFO neutron.wsgi [None req-f4c30553-09e9-46dc-baca-e290e7cfaf15 5af4d8153f78468fab62759554c78630 a3ad3e858eb04234a54a62e3101c8323 - - default default] 199.204.45.144 "PUT /v2.0/ports/41e12f04-4b52-47df-af41-d7584d8795b2 HTTP/1.1" status: 200 len: 1203 time: 0.4532404 /var/lib/openstack/lib/python3.10/site-packages/pycadf/identifier.py:71: UserWarning: Invalid uuid: neutron. To ensure interoperability, identifiers should be a valid uuid. warnings.warn(('Invalid uuid: %s. To ensure interoperability, '
2026-05-29 07:09:25.707 9 INFO neutron.notifiers.nova [-] Nova event matching ['req-5c14e6d4-2bee-44fb-85ef-51398b773ecb'] response: {'name': 'network-changed', 'server_uuid': 'acdc7f1e-ece4-4c5e-b54d-fef46d72017b', 'tag': '41e12f04-4b52-47df-af41-d7584d8795b2', 'status': 'completed', 'code': 200}
2026-05-29 07:09:25.737 9 INFO neutron.wsgi [None req-66ad8185-0f44-4e8c-8b10-d7c4fb9004d6 5af4d8153f78468fab62759554c78630 a3ad3e858eb04234a54a62e3101c8323 - - default default] 199.204.45.144 "GET /v2.0/networks/2fc73610-6914-44f7-be79-71f48f4e05db HTTP/1.1" status: 200 len: 1000 time: 0.0646484
2026-05-29 07:09:25.788 9 INFO neutron.wsgi [None req-b1ca11f6-0b3a-4862-aab6-339b1b393c5b 5af4d8153f78468fab62759554c78630 a3ad3e858eb04234a54a62e3101c8323 - - default default] 199.204.45.144 "GET /v2.0/ports?device_id=acdc7f1e-ece4-4c5e-b54d-fef46d72017b HTTP/1.1" status: 200 len: 3746 time: 0.0453980
2026-05-29 07:09:25.797 10 INFO neutron.wsgi [req-7c0ce41d-7b2a-4593-b753-2ff27fed9670 req-81dcaad6-9865-443f-8b65-f83bd674ba88 8ccd67e3d6794f418eaf234fb8ea2616 cab9c5b69d5c4ee7a91f227694af28c3 - - cd4e054b602b420090beb20b074e9986 cd4e054b602b420090beb20b074e9986] 199.204.45.144 "GET /v2.0/ports?tenant_id=a3ad3e858eb04234a54a62e3101c8323&device_id=acdc7f1e-ece4-4c5e-b54d-fef46d72017b HTTP/1.1" status: 200 len: 3746 time: 0.0665042
2026-05-29 07:09:25.872 10 INFO neutron.wsgi [req-7c0ce41d-7b2a-4593-b753-2ff27fed9670 req-a9295a91-f290-4f60-beec-d18e1a83d429 8ccd67e3d6794f418eaf234fb8ea2616 cab9c5b69d5c4ee7a91f227694af28c3 - - cd4e054b602b420090beb20b074e9986 cd4e054b602b420090beb20b074e9986] 199.204.45.144 "GET /v2.0/networks?id=2fc73610-6914-44f7-be79-71f48f4e05db HTTP/1.1" status: 200 len: 1003 time: 0.0669782
2026-05-29 07:09:25.920 9 INFO neutron.wsgi [None req-bfa6a1dd-25d4-4250-9556-51e303c01306 5af4d8153f78468fab62759554c78630 a3ad3e858eb04234a54a62e3101c8323 - - default default] 199.204.45.144 "GET /v2.0/ports?device_id=acdc7f1e-ece4-4c5e-b54d-fef46d72017b HTTP/1.1" status: 200 len: 3746 time: 0.0425503
2026-05-29 07:09:25.954 10 INFO neutron.wsgi [req-7c0ce41d-7b2a-4593-b753-2ff27fed9670 req-2804fb51-bf25-4d4d-b2a5-0755931d948d 8ccd67e3d6794f418eaf234fb8ea2616 cab9c5b69d5c4ee7a91f227694af28c3 - - cd4e054b602b420090beb20b074e9986 cd4e054b602b420090beb20b074e9986] 199.204.45.144 "GET /v2.0/networks/2fc73610-6914-44f7-be79-71f48f4e05db?fields=segments HTTP/1.1" status: 200 len: 212 time: 0.0730631
2026-05-29 07:09:26.038 10 INFO neutron.wsgi [req-7c0ce41d-7b2a-4593-b753-2ff27fed9670 req-586bc506-ec55-422d-9f99-939c5665176b 8ccd67e3d6794f418eaf234fb8ea2616 cab9c5b69d5c4ee7a91f227694af28c3 - - cd4e054b602b420090beb20b074e9986 cd4e054b602b420090beb20b074e9986] 199.204.45.144 "GET /v2.0/networks/2fc73610-6914-44f7-be79-71f48f4e05db?fields=provider%3Aphysical_network&fields=provider%3Anetwork_type HTTP/1.1" status: 200 len: 277 time: 0.0762544
2026-05-29 07:09:26.183 9 INFO neutron.plugins.ml2.drivers.ovn.mech_driver.mech_driver [None req-7c75fedf-3653-429d-b6a0-42a37f17b186 - - - - - -] OVN reports status down for port: 41e12f04-4b52-47df-af41-d7584d8795b2
2026-05-29 07:09:26.271 10 INFO neutron.wsgi [req-5edbb812-9e4b-4b6a-b58c-6861cbaba6f2 req-205cd123-59aa-44ba-afd6-9ae2866a0d38 8ccd67e3d6794f418eaf234fb8ea2616 cab9c5b69d5c4ee7a91f227694af28c3 - - cd4e054b602b420090beb20b074e9986 cd4e054b602b420090beb20b074e9986] 199.204.45.144 "GET /v2.0/ports/41e12f04-4b52-47df-af41-d7584d8795b2 HTTP/1.1" status: 200 len: 1231 time: 0.0398493
2026-05-29 07:09:26.509 9 INFO neutron.db.ovn_revision_numbers_db [None req-7c75fedf-3653-429d-b6a0-42a37f17b186 - - - - - -] Successfully bumped revision number for resource 41e12f04-4b52-47df-af41-d7584d8795b2 (type: ports) to 7
2026-05-29 07:09:26.551 10 INFO neutron.wsgi [req-5edbb812-9e4b-4b6a-b58c-6861cbaba6f2 req-91765bcb-f1c2-4c7c-a200-1b7d3af5d35d 5af4d8153f78468fab62759554c78630 a3ad3e858eb04234a54a62e3101c8323 - - default default] 199.204.45.144 "DELETE /v2.0/ports/41e12f04-4b52-47df-af41-d7584d8795b2 HTTP/1.1" status: 204 len: 173 time: 0.2737942
2026-05-29 07:09:26.591 10 INFO neutron.notifiers.nova [-] Nova event matching ['req-ee99a532-7e3c-48a7-a4f1-a986a8c0aed1'] response: {'server_uuid': 'acdc7f1e-ece4-4c5e-b54d-fef46d72017b', 'name': 'network-vif-deleted', 'tag': '41e12f04-4b52-47df-af41-d7584d8795b2', 'status': 'completed', 'code': 200}
2026-05-29 07:09:26.645 10 INFO neutron.wsgi [req-5edbb812-9e4b-4b6a-b58c-6861cbaba6f2 req-638ae3ee-d0a0-4bec-bf1a-54d6c1d49bc2 8ccd67e3d6794f418eaf234fb8ea2616 cab9c5b69d5c4ee7a91f227694af28c3 - - cd4e054b602b420090beb20b074e9986 cd4e054b602b420090beb20b074e9986] 199.204.45.144 "GET /v2.0/ports?tenant_id=a3ad3e858eb04234a54a62e3101c8323&device_id=acdc7f1e-ece4-4c5e-b54d-fef46d72017b HTTP/1.1" status: 200 len: 2723 time: 0.0433052
2026-05-29 07:09:26.718 10 INFO neutron.wsgi [req-5edbb812-9e4b-4b6a-b58c-6861cbaba6f2 req-dccfd06a-61b6-472b-8685-6e834b93b65f 8ccd67e3d6794f418eaf234fb8ea2616 cab9c5b69d5c4ee7a91f227694af28c3 - - cd4e054b602b420090beb20b074e9986 cd4e054b602b420090beb20b074e9986] 199.204.45.144 "GET /v2.0/networks?id=5147162b-6769-45be-b0ca-b8ade1b622d4&id=c652f3f6-fe6a-4863-92cb-5ef943476905&id=2fc73610-6914-44f7-be79-71f48f4e05db HTTP/1.1" status: 200 len: 2518 time: 0.0676425
2026-05-29 07:09:26.758 10 INFO neutron.wsgi [req-5edbb812-9e4b-4b6a-b58c-6861cbaba6f2 req-b0bc6eed-87c3-4947-aba7-6bc0128f4be2 8ccd67e3d6794f418eaf234fb8ea2616 cab9c5b69d5c4ee7a91f227694af28c3 - - cd4e054b602b420090beb20b074e9986 cd4e054b602b420090beb20b074e9986] 199.204.45.144 "GET /v2.0/floatingips?fixed_ip_address=172.24.2.222&port_id=6c973b74-6c5d-4ef8-ada2-4c1106774b90 HTTP/1.1" status: 200 len: 217 time: 0.0281451
2026-05-29 07:09:26.802 10 INFO neutron.wsgi [req-5edbb812-9e4b-4b6a-b58c-6861cbaba6f2 req-47a674cc-c2be-48ff-a809-38d1228af1ae 8ccd67e3d6794f418eaf234fb8ea2616 cab9c5b69d5c4ee7a91f227694af28c3 - - cd4e054b602b420090beb20b074e9986 cd4e054b602b420090beb20b074e9986] 199.204.45.144 "GET /v2.0/subnets?id=aed55914-817d-4db9-8742-5d9fef8299cb HTTP/1.1" status: 200 len: 829 time: 0.0376167
2026-05-29 07:09:26.826 10 INFO neutron.wsgi [req-5edbb812-9e4b-4b6a-b58c-6861cbaba6f2 req-ad4b09bf-7605-4cd5-bbbe-5c6d1fecede8 8ccd67e3d6794f418eaf234fb8ea2616 cab9c5b69d5c4ee7a91f227694af28c3 - - cd4e054b602b420090beb20b074e9986 cd4e054b602b420090beb20b074e9986] 199.204.45.144 "GET /v2.0/ports?network_id=5147162b-6769-45be-b0ca-b8ade1b622d4&device_owner=network%3Adhcp HTTP/1.1" status: 200 len: 210 time: 0.0176451
2026-05-29 07:09:26.906 10 INFO neutron.wsgi [req-5edbb812-9e4b-4b6a-b58c-6861cbaba6f2 req-0601f0ac-89bb-467f-814b-02669442a539 8ccd67e3d6794f418eaf234fb8ea2616 cab9c5b69d5c4ee7a91f227694af28c3 - - cd4e054b602b420090beb20b074e9986 cd4e054b602b420090beb20b074e9986] 199.204.45.144 "GET /v2.0/networks/5147162b-6769-45be-b0ca-b8ade1b622d4?fields=segments HTTP/1.1" status: 200 len: 212 time: 0.0744157
2026-05-29 07:09:26.980 9 INFO neutron.wsgi [None req-053916c7-53ff-4c66-a414-4fd765063817 5af4d8153f78468fab62759554c78630 a3ad3e858eb04234a54a62e3101c8323 - - default default] 199.204.45.144 "GET /v2.0/ports?device_id=acdc7f1e-ece4-4c5e-b54d-fef46d72017b HTTP/1.1" status: 200 len: 2723 time: 0.0429976
2026-05-29 07:09:27.006 9 INFO neutron.pecan_wsgi.hooks.translation [None req-97d51848-ab1b-45c3-8ad7-c5f1d9e84fc5 5af4d8153f78468fab62759554c78630 a3ad3e858eb04234a54a62e3101c8323 - - default default] DELETE failed (client error): The resource could not be found.
2026-05-29 07:09:27.008 9 INFO neutron.wsgi [None req-97d51848-ab1b-45c3-8ad7-c5f1d9e84fc5 5af4d8153f78468fab62759554c78630 a3ad3e858eb04234a54a62e3101c8323 - - default default] 199.204.45.144 "DELETE /v2.0/ports/41e12f04-4b52-47df-af41-d7584d8795b2 HTTP/1.1" status: 404 len: 338 time: 0.0199883
2026-05-29 07:09:27.141 9 INFO neutron.wsgi [None req-f94a93d7-fb95-4c04-a7a3-21be85ec21c5 5af4d8153f78468fab62759554c78630 a3ad3e858eb04234a54a62e3101c8323 - - default default] 199.204.45.144 "GET /v2.0/extensions/security-group HTTP/1.1" status: 200 len: 369 time: 0.0089540
2026-05-29 07:09:27.150 9 INFO neutron.wsgi [None req-2f813642-f555-4dd5-b9a1-260680ee7b9f 5af4d8153f78468fab62759554c78630 a3ad3e858eb04234a54a62e3101c8323 - - default default] 199.204.45.144 "GET /v2.0/extensions/dns-integration HTTP/1.1" status: 200 len: 371 time: 0.0032494
2026-05-29 07:09:27.158 9 INFO neutron.wsgi [None req-c2f4d74b-45a5-4202-b557-6f1c879a633d 5af4d8153f78468fab62759554c78630 a3ad3e858eb04234a54a62e3101c8323 - - default default] 199.204.45.144 "GET /v2.0/extensions/qos HTTP/1.1" status: 200 len: 365 time: 0.0039182
2026-05-29 07:09:27.165 9 INFO neutron.wsgi [None req-93262fe3-f3dc-4edb-8b7a-28f99010c1bf 5af4d8153f78468fab62759554c78630 a3ad3e858eb04234a54a62e3101c8323 - - default default] 199.204.45.144 "GET /v2.0/extensions/allowed-address-pairs HTTP/1.1" status: 200 len: 383 time: 0.0039258
2026-05-29 07:09:27.209 9 INFO neutron.wsgi [None req-7afb9073-e0e5-405e-8ef3-74bc07f51b37 5af4d8153f78468fab62759554c78630 a3ad3e858eb04234a54a62e3101c8323 - - default default] 199.204.45.144 "GET /v2.0/subnets/e3b80d79-eab6-404d-b749-3a5d72f8cef0 HTTP/1.1" status: 200 len: 850 time: 0.0365863
2026-05-29 07:09:27.232 10 INFO neutron.wsgi [req-5edbb812-9e4b-4b6a-b58c-6861cbaba6f2 req-84fdb72f-1732-4e9d-97f5-ee8ad2c1e0ea 8ccd67e3d6794f418eaf234fb8ea2616 cab9c5b69d5c4ee7a91f227694af28c3 - - cd4e054b602b420090beb20b074e9986 cd4e054b602b420090beb20b074e9986] 199.204.45.144 "GET /v2.0/networks/5147162b-6769-45be-b0ca-b8ade1b622d4?fields=provider%3Aphysical_network&fields=provider%3Anetwork_type HTTP/1.1" status: 200 len: 277 time: 0.3196754
2026-05-29 07:09:27.263 10 INFO neutron.wsgi [req-5edbb812-9e4b-4b6a-b58c-6861cbaba6f2 req-9e25b9d1-04b3-45f6-9a01-f1a0f1767ed2 8ccd67e3d6794f418eaf234fb8ea2616 cab9c5b69d5c4ee7a91f227694af28c3 - - cd4e054b602b420090beb20b074e9986 cd4e054b602b420090beb20b074e9986] 199.204.45.144 "GET /v2.0/floatingips?fixed_ip_address=10.1.1.13&port_id=8428c054-4a35-4630-84b6-1d3b54a099a5 HTTP/1.1" status: 200 len: 217 time: 0.0211468
2026-05-29 07:09:27.266 9 INFO neutron.wsgi [None req-a3f23f70-8ef5-4502-8d22-264f967818f6 5af4d8153f78468fab62759554c78630 a3ad3e858eb04234a54a62e3101c8323 - - default default] 199.204.45.144 "GET /v2.0/ports/a7c37f13-1ad1-4585-b4df-8c013a1e1b35 HTTP/1.1" status: 200 len: 1336 time: 0.0490549
2026-05-29 07:09:27.303 10 INFO neutron.wsgi [req-5edbb812-9e4b-4b6a-b58c-6861cbaba6f2 req-82f46dbe-323d-4fb8-b8d1-52da6960ee7c 8ccd67e3d6794f418eaf234fb8ea2616 cab9c5b69d5c4ee7a91f227694af28c3 - - cd4e054b602b420090beb20b074e9986 cd4e054b602b420090beb20b074e9986] 199.204.45.144 "GET /v2.0/subnets?id=e3b80d79-eab6-404d-b749-3a5d72f8cef0 HTTP/1.1" status: 200 len: 853 time: 0.0340042
2026-05-29 07:09:27.310 9 INFO neutron.wsgi [None req-6401260a-80bc-4ca3-a655-975f5ba88ef4 5af4d8153f78468fab62759554c78630 a3ad3e858eb04234a54a62e3101c8323 - - default default] 199.204.45.144 "GET /v2.0/ports/8428c054-4a35-4630-84b6-1d3b54a099a5 HTTP/1.1" status: 200 len: 1514 time: 0.0382247
2026-05-29 07:09:27.333 10 INFO neutron.wsgi [req-5edbb812-9e4b-4b6a-b58c-6861cbaba6f2 req-45e9fc4a-7954-4ac1-b1a4-1440e109a307 8ccd67e3d6794f418eaf234fb8ea2616 cab9c5b69d5c4ee7a91f227694af28c3 - - cd4e054b602b420090beb20b074e9986 cd4e054b602b420090beb20b074e9986] 199.204.45.144 "GET /v2.0/ports?network_id=c652f3f6-fe6a-4863-92cb-5ef943476905&device_owner=network%3Adhcp HTTP/1.1" status: 200 len: 210 time: 0.0250134
2026-05-29 07:09:27.358 9 INFO neutron.wsgi [None req-54f7e456-118b-4356-aee9-1a83424b0e61 5af4d8153f78468fab62759554c78630 a3ad3e858eb04234a54a62e3101c8323 - - default default] 199.204.45.144 "GET /v2.0/subnets/e3b80d79-eab6-404d-b749-3a5d72f8cef0 HTTP/1.1" status: 200 len: 850 time: 0.0396838
2026-05-29 07:09:27.415 10 INFO neutron.wsgi [req-5edbb812-9e4b-4b6a-b58c-6861cbaba6f2 req-08b34438-dac6-4f98-81a7-54d74a07cac9 8ccd67e3d6794f418eaf234fb8ea2616 cab9c5b69d5c4ee7a91f227694af28c3 - - cd4e054b602b420090beb20b074e9986 cd4e054b602b420090beb20b074e9986] 199.204.45.144 "GET /v2.0/networks/c652f3f6-fe6a-4863-92cb-5ef943476905?fields=segments HTTP/1.1" status: 200 len: 212 time: 0.0740643
2026-05-29 07:09:27.431 9 INFO neutron.wsgi [None req-eed6fbc6-b657-40d9-bbc9-dcbfd46fbe3a 5af4d8153f78468fab62759554c78630 a3ad3e858eb04234a54a62e3101c8323 - - default default] 199.204.45.144 "GET /v2.0/networks/c652f3f6-fe6a-4863-92cb-5ef943476905 HTTP/1.1" status: 200 len: 1001 time: 0.0660839
2026-05-29 07:09:27.475 9 INFO neutron.wsgi [None req-2e4b2732-ac63-4ecd-9119-8432bf0b6284 5af4d8153f78468fab62759554c78630 a3ad3e858eb04234a54a62e3101c8323 - - default default] 199.204.45.144 "GET /v2.0/ports/a7c37f13-1ad1-4585-b4df-8c013a1e1b35 HTTP/1.1" status: 200 len: 1336 time: 0.0366998
2026-05-29 07:09:27.498 10 INFO neutron.wsgi [req-5edbb812-9e4b-4b6a-b58c-6861cbaba6f2 req-28d1c750-5b24-4d30-b976-382bd9386e23 8ccd67e3d6794f418eaf234fb8ea2616 cab9c5b69d5c4ee7a91f227694af28c3 - - cd4e054b602b420090beb20b074e9986 cd4e054b602b420090beb20b074e9986] 199.204.45.144 "GET /v2.0/networks/c652f3f6-fe6a-4863-92cb-5ef943476905?fields=provider%3Aphysical_network&fields=provider%3Anetwork_type HTTP/1.1" status: 200 len: 277 time: 0.0764978
2026-05-29 07:09:27.513 9 INFO neutron.wsgi [None req-6db608e5-e408-4cf1-bcf7-a9eb679ebf5d 5af4d8153f78468fab62759554c78630 a3ad3e858eb04234a54a62e3101c8323 - - default default] 199.204.45.144 "GET /v2.0/subnets/e3b80d79-eab6-404d-b749-3a5d72f8cef0 HTTP/1.1" status: 200 len: 850 time: 0.0299163
2026-05-29 07:09:27.758 9 INFO neutron.notifiers.nova [-] Nova event matching ['req-00bbec7f-090a-46b2-81bc-5854b2e6cfd9'] response: {'server_uuid': 'acdc7f1e-ece4-4c5e-b54d-fef46d72017b', 'name': 'network-vif-unplugged', 'status': 'completed', 'tag': '41e12f04-4b52-47df-af41-d7584d8795b2', 'code': 200}
2026-05-29 07:09:27.758 9 INFO neutron.notifiers.nova [-] Nova event matching ['req-00bbec7f-090a-46b2-81bc-5854b2e6cfd9'] response: {'server_uuid': 'acdc7f1e-ece4-4c5e-b54d-fef46d72017b', 'name': 'network-vif-plugged', 'status': 'completed', 'tag': '41e12f04-4b52-47df-af41-d7584d8795b2', 'code': 200}
2026-05-29 07:09:28.586 10 INFO neutron.wsgi [req-c44a7245-6283-4ec5-a5ce-80d6eed77235 req-bd8b5e16-5090-4ab3-ad01-36ebfeea1e90 8ccd67e3d6794f418eaf234fb8ea2616 cab9c5b69d5c4ee7a91f227694af28c3 - - cd4e054b602b420090beb20b074e9986 cd4e054b602b420090beb20b074e9986] 199.204.45.144 "GET /v2.0/ports?device_id=e4ce0ab4-8d59-4c12-beb3-79a519c7b21d&fields=binding%3Ahost_id&fields=binding%3Avif_type HTTP/1.1" status: 200 len: 265 time: 0.0444226
2026-05-29 07:09:28.660 10 INFO neutron.wsgi [req-c44a7245-6283-4ec5-a5ce-80d6eed77235 req-cce3f969-22aa-4a5b-acf4-713f3460c5d3 8ccd67e3d6794f418eaf234fb8ea2616 cab9c5b69d5c4ee7a91f227694af28c3 - - cd4e054b602b420090beb20b074e9986 cd4e054b602b420090beb20b074e9986] 199.204.45.144 "GET /v2.0/ports?tenant_id=11d75ab74abe48cfa09aaf9361ce27de&device_id=e4ce0ab4-8d59-4c12-beb3-79a519c7b21d HTTP/1.1" status: 200 len: 1638 time: 0.0344923
2026-05-29 07:09:28.740 10 INFO neutron.wsgi [req-c44a7245-6283-4ec5-a5ce-80d6eed77235 req-21c6cfe2-f156-4392-bf79-aa04a889f4a6 8ccd67e3d6794f418eaf234fb8ea2616 cab9c5b69d5c4ee7a91f227694af28c3 - - cd4e054b602b420090beb20b074e9986 cd4e054b602b420090beb20b074e9986] 199.204.45.144 "GET /v2.0/networks?id=2fc73610-6914-44f7-be79-71f48f4e05db HTTP/1.1" status: 200 len: 1003 time: 0.0627551
2026-05-29 07:09:28.830 10 INFO neutron.wsgi [req-c44a7245-6283-4ec5-a5ce-80d6eed77235 req-3eca24db-9134-43d9-a40a-71cd0e567dc2 8ccd67e3d6794f418eaf234fb8ea2616 cab9c5b69d5c4ee7a91f227694af28c3 - - cd4e054b602b420090beb20b074e9986 cd4e054b602b420090beb20b074e9986] 199.204.45.144 "GET /v2.0/floatingips?fixed_ip_address=10.2.1.238&port_id=e2286812-0e7c-4e6b-8e83-7be6413289ce HTTP/1.1" status: 200 len: 1059 time: 0.0788999
2026-05-29 07:09:28.860 10 INFO neutron.wsgi [req-c44a7245-6283-4ec5-a5ce-80d6eed77235 req-24b4fad6-6013-4fda-98a9-580fcdede581 8ccd67e3d6794f418eaf234fb8ea2616 cab9c5b69d5c4ee7a91f227694af28c3 - - cd4e054b602b420090beb20b074e9986 cd4e054b602b420090beb20b074e9986] 199.204.45.144 "GET /v2.0/floatingips?fixed_ip_address=fd7b%3Af9f7%3Afff%3A4eca%3A%3A22a&port_id=e2286812-0e7c-4e6b-8e83-7be6413289ce HTTP/1.1" status: 200 len: 217 time: 0.0237005
2026-05-29 07:09:28.913 10 INFO neutron.wsgi [req-c44a7245-6283-4ec5-a5ce-80d6eed77235 req-a2892f13-3398-4b3b-8301-ceafb07bbe05 8ccd67e3d6794f418eaf234fb8ea2616 cab9c5b69d5c4ee7a91f227694af28c3 - - cd4e054b602b420090beb20b074e9986 cd4e054b602b420090beb20b074e9986] 199.204.45.144 "GET /v2.0/subnets?id=88491e48-2fe0-40bc-9023-ad165d673f12&id=d9a6327f-aa1c-43a3-b5ec-6cda6498bc24 HTTP/1.1" status: 200 len: 1563 time: 0.0460567
2026-05-29 07:09:28.947 10 INFO neutron.wsgi [req-c44a7245-6283-4ec5-a5ce-80d6eed77235 req-d327a527-bc9a-4eda-87cb-1e2f54e559f7 8ccd67e3d6794f418eaf234fb8ea2616 cab9c5b69d5c4ee7a91f227694af28c3 - - cd4e054b602b420090beb20b074e9986 cd4e054b602b420090beb20b074e9986] 199.204.45.144 "GET /v2.0/ports?network_id=2fc73610-6914-44f7-be79-71f48f4e05db&device_owner=network%3Adhcp HTTP/1.1" status: 200 len: 210 time: 0.0268617
2026-05-29 07:09:28.990 10 INFO neutron.wsgi [req-c44a7245-6283-4ec5-a5ce-80d6eed77235 req-a21ce512-9c77-4226-b9dd-6d2aae49dfa1 8ccd67e3d6794f418eaf234fb8ea2616 cab9c5b69d5c4ee7a91f227694af28c3 - - cd4e054b602b420090beb20b074e9986 cd4e054b602b420090beb20b074e9986] 199.204.45.144 "GET /v2.0/ports?network_id=2fc73610-6914-44f7-be79-71f48f4e05db&device_owner=network%3Adhcp HTTP/1.1" status: 200 len: 210 time: 0.0238991
2026-05-29 07:09:29.071 10 INFO neutron.wsgi [req-c44a7245-6283-4ec5-a5ce-80d6eed77235 req-521f16eb-3e91-453b-b39e-6ce49eb72dce 8ccd67e3d6794f418eaf234fb8ea2616 cab9c5b69d5c4ee7a91f227694af28c3 - - cd4e054b602b420090beb20b074e9986 cd4e054b602b420090beb20b074e9986] 199.204.45.144 "GET /v2.0/networks/2fc73610-6914-44f7-be79-71f48f4e05db?fields=segments HTTP/1.1" status: 200 len: 212 time: 0.0712588
2026-05-29 07:09:29.148 10 INFO neutron.wsgi [req-c44a7245-6283-4ec5-a5ce-80d6eed77235 req-d9a3dcef-d17b-43c1-b3e9-27fdfb06c6d3 8ccd67e3d6794f418eaf234fb8ea2616 cab9c5b69d5c4ee7a91f227694af28c3 - - cd4e054b602b420090beb20b074e9986 cd4e054b602b420090beb20b074e9986] 199.204.45.144 "GET /v2.0/networks/2fc73610-6914-44f7-be79-71f48f4e05db?fields=provider%3Aphysical_network&fields=provider%3Anetwork_type HTTP/1.1" status: 200 len: 277 time: 0.0696788
2026-05-29 07:09:36.389 9 INFO neutron.wsgi [None req-d64e958d-115f-4750-85aa-e8a59552a1d7 5af4d8153f78468fab62759554c78630 a3ad3e858eb04234a54a62e3101c8323 - - default default] 199.204.45.144 "GET /v2.0/extensions/security-group HTTP/1.1" status: 200 len: 369 time: 0.0075543
2026-05-29 07:09:36.398 9 INFO neutron.wsgi [None req-ee0ec920-cb74-47b0-8b76-ba9250aa3e3e 5af4d8153f78468fab62759554c78630 a3ad3e858eb04234a54a62e3101c8323 - - default default] 199.204.45.144 "GET /v2.0/extensions/dns-integration HTTP/1.1" status: 200 len: 371 time: 0.0048044
2026-05-29 07:09:36.406 9 INFO neutron.wsgi [None req-55c61864-1d7a-49ca-9217-1615f0140ab3 5af4d8153f78468fab62759554c78630 a3ad3e858eb04234a54a62e3101c8323 - - default default] 199.204.45.144 "GET /v2.0/extensions/qos HTTP/1.1" status: 200 len: 365 time: 0.0038314
2026-05-29 07:09:36.413 9 INFO neutron.wsgi [None req-c4f4ab24-5c44-461f-b4c5-87a4d0bdcf5b 5af4d8153f78468fab62759554c78630 a3ad3e858eb04234a54a62e3101c8323 - - default default] 199.204.45.144 "GET /v2.0/extensions/allowed-address-pairs HTTP/1.1" status: 200 len: 383 time: 0.0035925
2026-05-29 07:09:36.427 9 INFO neutron.api.v2.resource [None req-e28ba59e-3fe0-487c-8936-a7c1fa92e0ad 5af4d8153f78468fab62759554c78630 a3ad3e858eb04234a54a62e3101c8323 - - default default] show failed (client error): The resource could not be found.
2026-05-29 07:09:36.428 9 INFO neutron.wsgi [None req-e28ba59e-3fe0-487c-8936-a7c1fa92e0ad 5af4d8153f78468fab62759554c78630 a3ad3e858eb04234a54a62e3101c8323 - - default default] 199.204.45.144 "GET /v2.0/security-groups/lb-df6e6082-5a54-4eea-9a6f-18f541d75689 HTTP/1.1" status: 404 len: 355 time: 0.0119092
2026-05-29 07:09:36.463 9 INFO neutron.wsgi [None req-a0c329d0-34b8-4673-a1a8-6d72084e90c1 5af4d8153f78468fab62759554c78630 a3ad3e858eb04234a54a62e3101c8323 - - default default] 199.204.45.144 "GET /v2.0/security-groups?name=lb-df6e6082-5a54-4eea-9a6f-18f541d75689 HTTP/1.1" status: 200 len: 2941 time: 0.0323577
2026-05-29 07:09:36.512 9 INFO neutron.wsgi [None req-f156cee2-3475-4afd-bef7-b075ddfa46eb 5af4d8153f78468fab62759554c78630 a3ad3e858eb04234a54a62e3101c8323 - - default default] 199.204.45.144 "GET /v2.0/security-group-rules?security_group_id=21fbeb16-d4f7-429d-bbe9-e5a0bb913cde HTTP/1.1" status: 200 len: 2406 time: 0.0412889
2026-05-29 07:09:36.650 9 INFO neutron.wsgi [None req-dc25a0a5-ea34-4167-a6e6-f345c8b30653 5af4d8153f78468fab62759554c78630 a3ad3e858eb04234a54a62e3101c8323 - - default default] 199.204.45.144 "DELETE /v2.0/security-group-rules/52dcb53c-ed0b-443a-91e3-df62c1f6c4ba HTTP/1.1" status: 204 len: 173 time: 0.1227791
2026-05-29 07:09:36.806 9 INFO neutron.wsgi [None req-748f8828-a18e-49b1-ab00-038fea3d9237 5af4d8153f78468fab62759554c78630 a3ad3e858eb04234a54a62e3101c8323 - - default default] 199.204.45.144 "DELETE /v2.0/security-group-rules/b703b73c-fd1c-4562-b130-59aeda55c8f0 HTTP/1.1" status: 204 len: 173 time: 0.1508470
2026-05-29 07:09:38.681 10 INFO neutron.wsgi [-] 10.0.0.7 "GET / HTTP/1.1" status: 200 len: 246 time: 0.0021071
2026-05-29 07:09:38.682 9 INFO neutron.wsgi [-] 10.0.0.7 "GET / HTTP/1.1" status: 200 len: 246 time: 0.0033252
2026-05-29 07:09:40.160 10 INFO neutron.wsgi [None req-78dcde4a-f4ca-429a-82f7-9ba4e6c8595e 5af4d8153f78468fab62759554c78630 a3ad3e858eb04234a54a62e3101c8323 - - default default] 10.0.0.221 "GET /v2.0/networks HTTP/1.1" status: 200 len: 4720 time: 0.1263194
2026-05-29 07:09:40.183 10 INFO neutron.wsgi [None req-262a0b31-40f8-4536-a8b8-afc96d2bce75 5af4d8153f78468fab62759554c78630 a3ad3e858eb04234a54a62e3101c8323 - - default default] 10.0.0.221 "GET /v2.0/network-ip-availabilities HTTP/1.1" status: 200 len: 3363 time: 0.0143561
2026-05-29 07:09:40.239 10 INFO neutron.wsgi [None req-532aad0a-da12-4e79-a279-fbed6d89f335 5af4d8153f78468fab62759554c78630 a3ad3e858eb04234a54a62e3101c8323 - - default default] 10.0.0.221 "GET /v2.0/subnets HTTP/1.1" status: 200 len: 5496 time: 0.0549943
2026-05-29 07:09:40.289 10 INFO neutron.wsgi [None req-f2548f31-8a73-49ad-ba35-1e3d8766a094 5af4d8153f78468fab62759554c78630 a3ad3e858eb04234a54a62e3101c8323 - - default default] 10.0.0.221 "GET /v2.0/subnets HTTP/1.1" status: 200 len: 5496 time: 0.0475330
2026-05-29 07:09:40.305 10 INFO neutron.wsgi [None req-39b341f6-9799-4232-a3ec-839099271829 5af4d8153f78468fab62759554c78630 a3ad3e858eb04234a54a62e3101c8323 - - default default] 10.0.0.221 "GET /v2.0/subnetpools HTTP/1.1" status: 200 len: 193 time: 0.0131316
2026-05-29 07:09:40.310 9 INFO neutron.db.l3_db [None req-3a467ff9-27a1-4777-b5ce-ca7666b417b0 fb3568f55d084cab8b8229912420dc38 11d75ab74abe48cfa09aaf9361ce27de - - default default] Floating IP d3aa1c1f-ae88-4f62-bc7e-4d28296cf84e disassociated (deleted). External IP: 10.96.250.215, port: a7c37f13-1ad1-4585-b4df-8c013a1e1b35.
2026-05-29 07:09:40.367 9 INFO neutron.wsgi [None req-3a467ff9-27a1-4777-b5ce-ca7666b417b0 fb3568f55d084cab8b8229912420dc38 11d75ab74abe48cfa09aaf9361ce27de - - default default] 10.0.0.97 "DELETE /v2.0/floatingips/d3aa1c1f-ae88-4f62-bc7e-4d28296cf84e HTTP/1.1" status: 204 len: 168 time: 0.5119591
2026-05-29 07:09:40.392 10 INFO neutron.wsgi [None req-6ed6b53b-ceb7-471b-9316-8e1b8b465a77 5af4d8153f78468fab62759554c78630 a3ad3e858eb04234a54a62e3101c8323 - - default default] 10.0.0.221 "GET /v2.0/floatingips HTTP/1.1" status: 200 len: 1879 time: 0.0860257 /var/lib/openstack/lib/python3.10/site-packages/pycadf/identifier.py:71: UserWarning: Invalid uuid: neutron. To ensure interoperability, identifiers should be a valid uuid. warnings.warn(('Invalid uuid: %s. To ensure interoperability, '
2026-05-29 07:09:40.404 9 INFO neutron.api.v2.resource [None req-6d4dea3a-46a2-478f-9e13-a252ba831865 fb3568f55d084cab8b8229912420dc38 11d75ab74abe48cfa09aaf9361ce27de - - default default] show failed (client error): The resource could not be found.
2026-05-29 07:09:40.405 9 INFO neutron.wsgi [None req-6d4dea3a-46a2-478f-9e13-a252ba831865 fb3568f55d084cab8b8229912420dc38 11d75ab74abe48cfa09aaf9361ce27de - - default default] 10.0.0.97 "GET /v2.0/floatingips/d3aa1c1f-ae88-4f62-bc7e-4d28296cf84e HTTP/1.1" status: 404 len: 345 time: 0.0274611
2026-05-29 07:09:40.469 10 INFO neutron.wsgi [None req-59de15b3-e3c8-413e-9a3a-bac41715ac47 5af4d8153f78468fab62759554c78630 a3ad3e858eb04234a54a62e3101c8323 - - default default] 10.0.0.221 "GET /v2.0/security-groups HTTP/1.1" status: 200 len: 29071 time: 0.0756738
2026-05-29 07:09:40.568 10 INFO neutron.wsgi [None req-408bc3a0-ec85-4cf8-b7a6-9034a7102489 5af4d8153f78468fab62759554c78630 a3ad3e858eb04234a54a62e3101c8323 - - default default] 10.0.0.221 "GET /v2.0/routers HTTP/1.1" status: 200 len: 850 time: 0.0881920
2026-05-29 07:09:40.582 10 INFO neutron.wsgi [None req-4ee0d838-97d7-4572-8a73-90ba6f69f719 5af4d8153f78468fab62759554c78630 a3ad3e858eb04234a54a62e3101c8323 - - default default] 10.0.0.221 "GET /v2.0/agents?binary=ovn-controller HTTP/1.1" status: 200 len: 591 time: 0.0129812
2026-05-29 07:09:40.607 10 INFO neutron.wsgi [None req-8ddcfa5a-b2f2-4c5a-82d5-8eda936b18f5 5af4d8153f78468fab62759554c78630 a3ad3e858eb04234a54a62e3101c8323 - - default default] 10.0.0.221 "GET /v2.0/agents HTTP/1.1" status: 200 len: 997 time: 0.0240812
2026-05-29 07:09:40.728 10 INFO neutron.wsgi [None req-bda52260-5c41-40af-a165-fd973a30555c 5af4d8153f78468fab62759554c78630 a3ad3e858eb04234a54a62e3101c8323 - - default default] 10.0.0.221 "GET /v2.0/ports HTTP/1.1" status: 200 len: 21227 time: 0.1196468
2026-05-29 07:09:41.219 9 INFO neutron.wsgi [None req-95dfd2b6-5fc9-45f8-a3f8-6acf7bedaad5 5af4d8153f78468fab62759554c78630 a3ad3e858eb04234a54a62e3101c8323 - - default default] 199.204.45.144 "GET /v2.0/extensions/security-group HTTP/1.1" status: 200 len: 369 time: 0.0086923
2026-05-29 07:09:41.229 9 INFO neutron.wsgi [None req-45182d5d-b790-4b1c-852a-ae145aa8e692 5af4d8153f78468fab62759554c78630 a3ad3e858eb04234a54a62e3101c8323 - - default default] 199.204.45.144 "GET /v2.0/extensions/dns-integration HTTP/1.1" status: 200 len: 371 time: 0.0031991
2026-05-29 07:09:41.237 9 INFO neutron.wsgi [None req-bf4fe9e9-807b-4937-a39d-696b11c3a95c 5af4d8153f78468fab62759554c78630 a3ad3e858eb04234a54a62e3101c8323 - - default default] 199.204.45.144 "GET /v2.0/extensions/qos HTTP/1.1" status: 200 len: 365 time: 0.0047171
2026-05-29 07:09:41.247 9 INFO neutron.wsgi [None req-5e66e99e-79ec-4ee8-80d4-a8650107b4fd 5af4d8153f78468fab62759554c78630 a3ad3e858eb04234a54a62e3101c8323 - - default default] 199.204.45.144 "GET /v2.0/extensions/allowed-address-pairs HTTP/1.1" status: 200 len: 383 time: 0.0051441
2026-05-29 07:09:41.293 9 INFO neutron.wsgi [None req-2b9a02fb-372e-4690-acb3-fbca574a1af8 5af4d8153f78468fab62759554c78630 a3ad3e858eb04234a54a62e3101c8323 - - default default] 199.204.45.144 "GET /v2.0/subnets/e3b80d79-eab6-404d-b749-3a5d72f8cef0 HTTP/1.1" status: 200 len: 850 time: 0.0415909
2026-05-29 07:09:41.350 9 INFO neutron.wsgi [None req-701086fd-3a44-4666-98ae-d2b3d39069de 5af4d8153f78468fab62759554c78630 a3ad3e858eb04234a54a62e3101c8323 - - default default] 199.204.45.144 "GET /v2.0/ports?device_id=acdc7f1e-ece4-4c5e-b54d-fef46d72017b HTTP/1.1" status: 200 len: 2723 time: 0.0524056
2026-05-29 07:09:41.422 9 INFO neutron.wsgi [None req-605d2385-ae66-4d9c-82cf-3ac7e4e0ac1c 5af4d8153f78468fab62759554c78630 a3ad3e858eb04234a54a62e3101c8323 - - default default] 199.204.45.144 "GET /v2.0/ports?device_id=acdc7f1e-ece4-4c5e-b54d-fef46d72017b HTTP/1.1" status: 200 len: 2723 time: 0.0628543
2026-05-29 07:09:41.565 9 INFO neutron.wsgi [None req-8ed620f4-31f2-41fb-984e-d7995d562532 5af4d8153f78468fab62759554c78630 a3ad3e858eb04234a54a62e3101c8323 - - default default] 199.204.45.144 "GET /v2.0/ports?device_id=acdc7f1e-ece4-4c5e-b54d-fef46d72017b HTTP/1.1" status: 200 len: 2723 time: 0.0610712
2026-05-29 07:09:41.864 10 INFO neutron.plugins.ml2.drivers.ovn.mech_driver.mech_driver [None req-2a3f324f-f047-4764-922a-a06fd19eac68 - - - - - -] OVN reports status down for port: 8428c054-4a35-4630-84b6-1d3b54a099a5
2026-05-29 07:09:41.986 10 INFO neutron.wsgi [req-67d6c43e-a614-462d-af22-3086a6f2f756 req-565a85f2-4731-44b2-a89d-3e87ccbe2e55 8ccd67e3d6794f418eaf234fb8ea2616 cab9c5b69d5c4ee7a91f227694af28c3 - - cd4e054b602b420090beb20b074e9986 cd4e054b602b420090beb20b074e9986] 199.204.45.144 "GET /v2.0/ports/8428c054-4a35-4630-84b6-1d3b54a099a5 HTTP/1.1" status: 200 len: 1514 time: 0.0488195
2026-05-29 07:09:42.064 10 INFO neutron.wsgi [req-67d6c43e-a614-462d-af22-3086a6f2f756 req-65257661-a5bc-48e7-ab03-a8c029eba0a2 5af4d8153f78468fab62759554c78630 a3ad3e858eb04234a54a62e3101c8323 - - default default] 199.204.45.144 "GET /v2.0/ports/8428c054-4a35-4630-84b6-1d3b54a099a5?fields=binding%3Aprofile&fields=network_id HTTP/1.1" status: 200 len: 281 time: 0.0663800
2026-05-29 07:09:42.128 10 INFO neutron.db.ovn_revision_numbers_db [None req-6af862b9-69b8-43cf-900f-a4544201b511 - - - - - -] Successfully bumped revision number for resource a7c37f13-1ad1-4585-b4df-8c013a1e1b35 (type: ports) to 6
2026-05-29 07:09:42.177 10 INFO neutron.notifiers.nova [-] Nova event matching ['req-23a95047-b667-4912-9688-32571633c846'] response: {'server_uuid': 'acdc7f1e-ece4-4c5e-b54d-fef46d72017b', 'name': 'network-vif-unplugged', 'status': 'completed', 'tag': '8428c054-4a35-4630-84b6-1d3b54a099a5', 'code': 200}
2026-05-29 07:09:42.190 10 INFO neutron.wsgi [req-67d6c43e-a614-462d-af22-3086a6f2f756 req-87d281dd-6d78-4f2d-b64f-2ba0b3cca048 5af4d8153f78468fab62759554c78630 a3ad3e858eb04234a54a62e3101c8323 - - default default] 199.204.45.144 "GET /v2.0/networks/c652f3f6-fe6a-4863-92cb-5ef943476905?fields=dns_domain HTTP/1.1" status: 200 len: 227 time: 0.1205218
2026-05-29 07:09:42.413 10 INFO neutron.db.ovn_revision_numbers_db [None req-2a3f324f-f047-4764-922a-a06fd19eac68 - - - - - -] Successfully bumped revision number for resource 8428c054-4a35-4630-84b6-1d3b54a099a5 (type: ports) to 7
2026-05-29 07:09:42.456 10 INFO neutron.plugins.ml2.drivers.ovn.mech_driver.mech_driver [None req-2a3f324f-f047-4764-922a-a06fd19eac68 - - - - - -] OVN reports status down for port: a7c37f13-1ad1-4585-b4df-8c013a1e1b35
2026-05-29 07:09:42.634 9 INFO neutron.wsgi [None req-e4fb2999-7b02-46fa-869f-09c5f940fa3c 5af4d8153f78468fab62759554c78630 a3ad3e858eb04234a54a62e3101c8323 - - default default] 199.204.45.144 "GET /v2.0/ports?device_id=acdc7f1e-ece4-4c5e-b54d-fef46d72017b HTTP/1.1" status: 200 len: 1417 time: 0.0602767
2026-05-29 07:09:42.786 10 INFO neutron.db.ovn_revision_numbers_db [req-67d6c43e-a614-462d-af22-3086a6f2f756 req-a500064b-5620-4cba-9a63-b54e74add992 8ccd67e3d6794f418eaf234fb8ea2616 cab9c5b69d5c4ee7a91f227694af28c3 - - cd4e054b602b420090beb20b074e9986 cd4e054b602b420090beb20b074e9986] Successfully bumped revision number for resource 8428c054-4a35-4630-84b6-1d3b54a099a5 (type: ports) to 8
2026-05-29 07:09:42.806 10 INFO neutron.wsgi [req-67d6c43e-a614-462d-af22-3086a6f2f756 req-a500064b-5620-4cba-9a63-b54e74add992 8ccd67e3d6794f418eaf234fb8ea2616 cab9c5b69d5c4ee7a91f227694af28c3 - - cd4e054b602b420090beb20b074e9986 cd4e054b602b420090beb20b074e9986] 199.204.45.144 "PUT /v2.0/ports/8428c054-4a35-4630-84b6-1d3b54a099a5 HTTP/1.1" status: 200 len: 1346 time: 0.5928345 /var/lib/openstack/lib/python3.10/site-packages/pycadf/identifier.py:71: UserWarning: Invalid uuid: neutron. To ensure interoperability, identifiers should be a valid uuid. warnings.warn(('Invalid uuid: %s. To ensure interoperability, '
2026-05-29 07:09:42.903 10 INFO neutron.wsgi [req-67d6c43e-a614-462d-af22-3086a6f2f756 req-a8e4f3d3-23da-4bbd-989b-c06fc1870341 8ccd67e3d6794f418eaf234fb8ea2616 cab9c5b69d5c4ee7a91f227694af28c3 - - cd4e054b602b420090beb20b074e9986 cd4e054b602b420090beb20b074e9986] 199.204.45.144 "GET /v2.0/ports?tenant_id=a3ad3e858eb04234a54a62e3101c8323&device_id=acdc7f1e-ece4-4c5e-b54d-fef46d72017b HTTP/1.1" status: 200 len: 1417 time: 0.0455089
2026-05-29 07:09:42.980 10 INFO neutron.wsgi [req-67d6c43e-a614-462d-af22-3086a6f2f756 req-5b7f0cce-16bf-41eb-a9b9-ec7afd3998f4 8ccd67e3d6794f418eaf234fb8ea2616 cab9c5b69d5c4ee7a91f227694af28c3 - - cd4e054b602b420090beb20b074e9986 cd4e054b602b420090beb20b074e9986] 199.204.45.144 "GET /v2.0/networks?id=5147162b-6769-45be-b0ca-b8ade1b622d4&id=c652f3f6-fe6a-4863-92cb-5ef943476905 HTTP/1.1" status: 200 len: 1728 time: 0.0704331
2026-05-29 07:09:43.015 10 INFO neutron.wsgi [req-67d6c43e-a614-462d-af22-3086a6f2f756 req-b1b5ecfc-1774-4bae-a2a8-3021f8c32b50 8ccd67e3d6794f418eaf234fb8ea2616 cab9c5b69d5c4ee7a91f227694af28c3 - - cd4e054b602b420090beb20b074e9986 cd4e054b602b420090beb20b074e9986] 199.204.45.144 "GET /v2.0/floatingips?fixed_ip_address=172.24.2.222&port_id=6c973b74-6c5d-4ef8-ada2-4c1106774b90 HTTP/1.1" status: 200 len: 217 time: 0.0278039
2026-05-29 07:09:43.055 10 INFO neutron.wsgi [req-67d6c43e-a614-462d-af22-3086a6f2f756 req-8ef816ed-7ede-4ce3-8043-a0d3597327cb 8ccd67e3d6794f418eaf234fb8ea2616 cab9c5b69d5c4ee7a91f227694af28c3 - - cd4e054b602b420090beb20b074e9986 cd4e054b602b420090beb20b074e9986] 199.204.45.144 "GET /v2.0/subnets?id=aed55914-817d-4db9-8742-5d9fef8299cb HTTP/1.1" status: 200 len: 829 time: 0.0340853
2026-05-29 07:09:43.081 10 INFO neutron.wsgi [req-67d6c43e-a614-462d-af22-3086a6f2f756 req-9bf1e80e-c41f-4336-b2b4-e74bf92306a7 8ccd67e3d6794f418eaf234fb8ea2616 cab9c5b69d5c4ee7a91f227694af28c3 - - cd4e054b602b420090beb20b074e9986 cd4e054b602b420090beb20b074e9986] 199.204.45.144 "GET /v2.0/ports?network_id=5147162b-6769-45be-b0ca-b8ade1b622d4&device_owner=network%3Adhcp HTTP/1.1" status: 200 len: 210 time: 0.0208218
2026-05-29 07:09:43.094 9 INFO neutron.db.ovn_revision_numbers_db [None req-e5a5f580-184f-4f39-b258-b00120dc1972 5af4d8153f78468fab62759554c78630 a3ad3e858eb04234a54a62e3101c8323 - - default default] Successfully bumped revision number for resource 8428c054-4a35-4630-84b6-1d3b54a099a5 (type: ports) to 9
2026-05-29 07:09:43.114 9 INFO neutron.wsgi [None req-e5a5f580-184f-4f39-b258-b00120dc1972 5af4d8153f78468fab62759554c78630 a3ad3e858eb04234a54a62e3101c8323 - - default default] 199.204.45.144 "PUT /v2.0/ports/8428c054-4a35-4630-84b6-1d3b54a099a5 HTTP/1.1" status: 200 len: 1286 time: 0.4705083 /var/lib/openstack/lib/python3.10/site-packages/pycadf/identifier.py:71: UserWarning: Invalid uuid: neutron. To ensure interoperability, identifiers should be a valid uuid. warnings.warn(('Invalid uuid: %s. To ensure interoperability, '
2026-05-29 07:09:43.162 9 INFO neutron.wsgi [None req-b972fe0f-e642-43c9-8abd-0ab8e2c7c77c 5af4d8153f78468fab62759554c78630 a3ad3e858eb04234a54a62e3101c8323 - - default default] 199.204.45.144 "GET /v2.0/ports/8428c054-4a35-4630-84b6-1d3b54a099a5 HTTP/1.1" status: 200 len: 1286 time: 0.0378802
2026-05-29 07:09:43.163 10 INFO neutron.wsgi [req-67d6c43e-a614-462d-af22-3086a6f2f756 req-1448736c-9856-467c-bd53-41dc81232639 8ccd67e3d6794f418eaf234fb8ea2616 cab9c5b69d5c4ee7a91f227694af28c3 - - cd4e054b602b420090beb20b074e9986 cd4e054b602b420090beb20b074e9986] 199.204.45.144 "GET /v2.0/networks/5147162b-6769-45be-b0ca-b8ade1b622d4?fields=segments HTTP/1.1" status: 200 len: 212 time: 0.0782051
2026-05-29 07:09:43.265 10 INFO neutron.wsgi [req-67d6c43e-a614-462d-af22-3086a6f2f756 req-4d73b216-15bb-4fa5-bc56-7bd1a5756b46 8ccd67e3d6794f418eaf234fb8ea2616 cab9c5b69d5c4ee7a91f227694af28c3 - - cd4e054b602b420090beb20b074e9986 cd4e054b602b420090beb20b074e9986] 199.204.45.144 "GET /v2.0/networks/5147162b-6769-45be-b0ca-b8ade1b622d4?fields=provider%3Aphysical_network&fields=provider%3Anetwork_type HTTP/1.1" status: 200 len: 277 time: 0.0894077
2026-05-29 07:09:43.270 10 INFO neutron.db.ovn_revision_numbers_db [None req-6af862b9-69b8-43cf-900f-a4544201b511 - - - - - -] Successfully bumped revision number for resource a7c37f13-1ad1-4585-b4df-8c013a1e1b35 (type: ports) to 8
