2026-05-29 07:03:36.225 10 INFO neutron.wsgi [None req-c3bb7151-b40b-485d-bffa-63170c3ff290 5af4d8153f78468fab62759554c78630 a3ad3e858eb04234a54a62e3101c8323 - - default default] 10.0.0.97 "POST /v2.0/routers HTTP/1.1" status: 201 len: 876 time: 2.6188428
2026-05-29 07:03:36.408 9 WARNING neutron_lib.context [None req-39cab2a6-2fb1-43df-9cbc-9c132d8e0901 e88f420e21dc4105bfba5ae0430b4f1c 70821b683a27497e91936da3e67b1813 - - default default] Method 'is_advsvc' is deprecated since 2023.2 release (neutron-lib 3.8.0) and will be removed once support for the old RBAC API policies will be removed from Neutron. Please use method 'is_service_role' instead.
2026-05-29 07:03:36.472 9 INFO neutron.db.ovn_revision_numbers_db [None req-40a0d801-6e71-467e-96ff-d661a8745769 - - - - - -] Successfully bumped revision number for resource 6693ea82-492f-4638-bea1-22f8f41a4095 (type: ports) to 2
2026-05-29 07:03:36.605 10 WARNING neutron.scheduler.dhcp_agent_scheduler [None req-f2602b98-e9e0-4502-96ae-ef2c4493e33a 5af4d8153f78468fab62759554c78630 a3ad3e858eb04234a54a62e3101c8323 - - default default] No more DHCP agents
2026-05-29 07:03:36.609 10 WARNING neutron.api.rpc.agentnotifiers.dhcp_rpc_agent_api [None req-f2602b98-e9e0-4502-96ae-ef2c4493e33a 5af4d8153f78468fab62759554c78630 a3ad3e858eb04234a54a62e3101c8323 - - default default] Unable to schedule network f22db3ea-a758-4158-af7a-10f05dbe8732: no agents available; will retry on subsequent port and subnet creation events.
2026-05-29 07:03:36.711 9 INFO neutron.db.ovn_revision_numbers_db [None req-39cab2a6-2fb1-43df-9cbc-9c132d8e0901 e88f420e21dc4105bfba5ae0430b4f1c 70821b683a27497e91936da3e67b1813 - - default default] Successfully bumped revision number for resource 9a4bea95-7f44-4be3-9ea6-242cc7a3ebeb (type: security_groups) to 1
2026-05-29 07:03:36.741 9 INFO neutron.db.ovn_revision_numbers_db [None req-39cab2a6-2fb1-43df-9cbc-9c132d8e0901 e88f420e21dc4105bfba5ae0430b4f1c 70821b683a27497e91936da3e67b1813 - - default default] Successfully bumped revision number for resource 6d6d0580-71b1-46a3-bac4-5fd76334a948 (type: security_group_rules) to 0
2026-05-29 07:03:36.762 10 INFO neutron.db.ovn_revision_numbers_db [None req-6af862b9-69b8-43cf-900f-a4544201b511 - - - - - -] Successfully bumped revision number for resource 8ee551e1-bf50-43a6-99bb-3bde55aea8d0 (type: ports) to 1
2026-05-29 07:03:36.779 9 INFO neutron.db.ovn_revision_numbers_db [None req-39cab2a6-2fb1-43df-9cbc-9c132d8e0901 e88f420e21dc4105bfba5ae0430b4f1c 70821b683a27497e91936da3e67b1813 - - default default] Successfully bumped revision number for resource 9dbdff1d-de2b-4f07-8ec8-b06ff5928980 (type: security_group_rules) to 0
2026-05-29 07:03:36.819 9 INFO neutron.db.ovn_revision_numbers_db [None req-39cab2a6-2fb1-43df-9cbc-9c132d8e0901 e88f420e21dc4105bfba5ae0430b4f1c 70821b683a27497e91936da3e67b1813 - - default default] Successfully bumped revision number for resource d779027a-e76a-42ed-a3de-4aaea2ee59dc (type: security_group_rules) to 0
2026-05-29 07:03:36.828 10 INFO neutron.db.ovn_revision_numbers_db [None req-f2602b98-e9e0-4502-96ae-ef2c4493e33a 5af4d8153f78468fab62759554c78630 a3ad3e858eb04234a54a62e3101c8323 - - default default] Successfully bumped revision number for resource 6a061745-14d8-4db6-8f3e-908334c2d219 (type: ports) to 1
2026-05-29 07:03:36.855 9 INFO neutron.db.ovn_revision_numbers_db [None req-39cab2a6-2fb1-43df-9cbc-9c132d8e0901 e88f420e21dc4105bfba5ae0430b4f1c 70821b683a27497e91936da3e67b1813 - - default default] Successfully bumped revision number for resource e45d88aa-a4c0-4cda-82f2-7ab6e018f515 (type: security_group_rules) to 0
2026-05-29 07:03:36.927 9 INFO neutron.db.ovn_revision_numbers_db [None req-40a0d801-6e71-467e-96ff-d661a8745769 - - - - - -] Successfully bumped revision number for resource 6693ea82-492f-4638-bea1-22f8f41a4095 (type: ports) to 4
2026-05-29 07:03:36.947 9 WARNING neutron.scheduler.dhcp_agent_scheduler [None req-c5196dfb-542a-4b3b-a00a-408ae3fec089 5af4d8153f78468fab62759554c78630 a3ad3e858eb04234a54a62e3101c8323 - - default default] No more DHCP agents
2026-05-29 07:03:36.959 9 WARNING neutron.api.rpc.agentnotifiers.dhcp_rpc_agent_api [None req-c5196dfb-542a-4b3b-a00a-408ae3fec089 5af4d8153f78468fab62759554c78630 a3ad3e858eb04234a54a62e3101c8323 - - default default] Unable to schedule network 3087bc09-491a-48ee-91f5-70e411be000c: no agents available; will retry on subsequent port and subnet creation events.
2026-05-29 07:03:37.060 10 INFO neutron.db.ovn_revision_numbers_db [None req-6af862b9-69b8-43cf-900f-a4544201b511 - - - - - -] Successfully bumped revision number for resource 8ee551e1-bf50-43a6-99bb-3bde55aea8d0 (type: router_ports) to 3
2026-05-29 07:03:37.553 9 INFO neutron.db.ovn_revision_numbers_db [None req-39cab2a6-2fb1-43df-9cbc-9c132d8e0901 e88f420e21dc4105bfba5ae0430b4f1c 70821b683a27497e91936da3e67b1813 - - default default] Successfully bumped revision number for resource a53b8411-6355-4c42-9d27-106e6e987f85 (type: security_groups) to 1
2026-05-29 07:03:37.601 9 INFO neutron.db.ovn_revision_numbers_db [None req-39cab2a6-2fb1-43df-9cbc-9c132d8e0901 e88f420e21dc4105bfba5ae0430b4f1c 70821b683a27497e91936da3e67b1813 - - default default] Successfully bumped revision number for resource 740ccc41-7683-433d-b7ee-df1a15d93cbd (type: security_group_rules) to 0
2026-05-29 07:03:37.621 9 INFO neutron.db.ovn_revision_numbers_db [None req-39cab2a6-2fb1-43df-9cbc-9c132d8e0901 e88f420e21dc4105bfba5ae0430b4f1c 70821b683a27497e91936da3e67b1813 - - default default] Successfully bumped revision number for resource 748307fd-fea3-4716-a239-a9a1be76c113 (type: security_group_rules) to 0
2026-05-29 07:03:37.648 9 INFO neutron.wsgi [None req-39cab2a6-2fb1-43df-9cbc-9c132d8e0901 e88f420e21dc4105bfba5ae0430b4f1c 70821b683a27497e91936da3e67b1813 - - default default] 10.0.0.97 "POST /v2.0/security-groups HTTP/1.1" status: 201 len: 1760 time: 1.5048542
2026-05-29 07:03:37.708 9 INFO neutron.db.ovn_revision_numbers_db [None req-c5196dfb-542a-4b3b-a00a-408ae3fec089 5af4d8153f78468fab62759554c78630 a3ad3e858eb04234a54a62e3101c8323 - - default default] Successfully bumped revision number for resource 3e2063f1-e47a-4ac0-972d-8b67444f2233 (type: ports) to 1
2026-05-29 07:03:37.719 9 INFO neutron.db.ovn_revision_numbers_db [None req-40a0d801-6e71-467e-96ff-d661a8745769 - - - - - -] Successfully bumped revision number for resource 6693ea82-492f-4638-bea1-22f8f41a4095 (type: router_ports) to 4
2026-05-29 07:03:37.723 9 INFO neutron.wsgi [None req-f37fc933-1b41-404e-94da-225e9aba03e3 e88f420e21dc4105bfba5ae0430b4f1c 70821b683a27497e91936da3e67b1813 - - default default] 10.0.0.97 "GET /v2.0/security-groups HTTP/1.1" status: 200 len: 4538 time: 0.0683446
2026-05-29 07:03:37.768 10 INFO neutron.db.ovn_revision_numbers_db [None req-6af862b9-69b8-43cf-900f-a4544201b511 - - - - - -] Successfully bumped revision number for resource 8ee551e1-bf50-43a6-99bb-3bde55aea8d0 (type: ports) to 2
2026-05-29 07:03:37.866 9 INFO neutron.plugins.ml2.drivers.ovn.mech_driver.mech_driver [None req-7c75fedf-3653-429d-b6a0-42a37f17b186 - - - - - -] OVN reports status up for port: 6a061745-14d8-4db6-8f3e-908334c2d219
2026-05-29 07:03:37.875 9 INFO neutron.plugins.ml2.plugin [None req-7c75fedf-3653-429d-b6a0-42a37f17b186 - - - - - -] Attempt 1 to provision port 6a061745-14d8-4db6-8f3e-908334c2d219
2026-05-29 07:03:37.892 10 INFO neutron.db.ovn_revision_numbers_db [None req-7458ac61-d386-437c-980f-6429fad87ffd e88f420e21dc4105bfba5ae0430b4f1c 70821b683a27497e91936da3e67b1813 - - default default] Successfully bumped revision number for resource a53b8411-6355-4c42-9d27-106e6e987f85 (type: security_groups) to 2
2026-05-29 07:03:37.895 10 INFO neutron.wsgi [None req-7458ac61-d386-437c-980f-6429fad87ffd e88f420e21dc4105bfba5ae0430b4f1c 70821b683a27497e91936da3e67b1813 - - default default] 10.0.0.97 "PUT /v2.0/security-groups/a53b8411-6355-4c42-9d27-106e6e987f85 HTTP/1.1" status: 200 len: 1794 time: 0.1640487
2026-05-29 07:03:37.927 10 INFO neutron.db.ovn_revision_numbers_db [None req-f2602b98-e9e0-4502-96ae-ef2c4493e33a 5af4d8153f78468fab62759554c78630 a3ad3e858eb04234a54a62e3101c8323 - - default default] Successfully bumped revision number for resource 6a061745-14d8-4db6-8f3e-908334c2d219 (type: router_ports) to 1
2026-05-29 07:03:37.978 10 INFO neutron.wsgi [None req-e9c535f1-6539-4d77-a67e-30d629886842 e88f420e21dc4105bfba5ae0430b4f1c 70821b683a27497e91936da3e67b1813 - - default default] 10.0.0.97 "GET /v2.0/security-groups/a53b8411-6355-4c42-9d27-106e6e987f85 HTTP/1.1" status: 200 len: 1794 time: 0.0737822
2026-05-29 07:03:38.160 10 INFO neutron.db.ovn_revision_numbers_db [None req-f2602b98-e9e0-4502-96ae-ef2c4493e33a 5af4d8153f78468fab62759554c78630 a3ad3e858eb04234a54a62e3101c8323 - - default default] Successfully bumped revision number for resource 6a061745-14d8-4db6-8f3e-908334c2d219 (type: ports) to 1
2026-05-29 07:03:38.169 10 INFO neutron.db.ovn_revision_numbers_db [None req-6af862b9-69b8-43cf-900f-a4544201b511 - - - - - -] Successfully bumped revision number for resource 8ee551e1-bf50-43a6-99bb-3bde55aea8d0 (type: ports) to 4
2026-05-29 07:03:38.253 9 INFO neutron.wsgi [None req-8f5cb9cc-36aa-4366-8657-0d14b535599b e88f420e21dc4105bfba5ae0430b4f1c 70821b683a27497e91936da3e67b1813 - - default default] 10.0.0.97 "DELETE /v2.0/security-groups/a53b8411-6355-4c42-9d27-106e6e987f85 HTTP/1.1" status: 204 len: 168 time: 0.2639024
2026-05-29 07:03:38.291 9 INFO neutron.db.ovn_revision_numbers_db [None req-c5196dfb-542a-4b3b-a00a-408ae3fec089 5af4d8153f78468fab62759554c78630 a3ad3e858eb04234a54a62e3101c8323 - - default default] Successfully bumped revision number for resource 3e2063f1-e47a-4ac0-972d-8b67444f2233 (type: router_ports) to 1
2026-05-29 07:03:38.301 10 INFO neutron.plugins.ml2.drivers.ovn.mech_driver.mech_driver [None req-2a3f324f-f047-4764-922a-a06fd19eac68 - - - - - -] OVN reports status up for port: 3e2063f1-e47a-4ac0-972d-8b67444f2233
2026-05-29 07:03:38.303 10 WARNING neutron.scheduler.dhcp_agent_scheduler [None req-f2602b98-e9e0-4502-96ae-ef2c4493e33a 5af4d8153f78468fab62759554c78630 a3ad3e858eb04234a54a62e3101c8323 - - default default] No more DHCP agents
2026-05-29 07:03:38.305 10 WARNING neutron.api.rpc.agentnotifiers.dhcp_rpc_agent_api [None req-f2602b98-e9e0-4502-96ae-ef2c4493e33a 5af4d8153f78468fab62759554c78630 a3ad3e858eb04234a54a62e3101c8323 - - default default] Unable to schedule network f22db3ea-a758-4158-af7a-10f05dbe8732: no agents available; will retry on subsequent port and subnet creation events.
2026-05-29 07:03:38.313 10 INFO neutron.plugins.ml2.plugin [None req-2a3f324f-f047-4764-922a-a06fd19eac68 - - - - - -] Attempt 1 to provision port 3e2063f1-e47a-4ac0-972d-8b67444f2233
2026-05-29 07:03:38.340 9 INFO neutron.wsgi [None req-0d88e9a1-67fa-415e-a923-2d9f3d97f03d e88f420e21dc4105bfba5ae0430b4f1c 70821b683a27497e91936da3e67b1813 - - default default] 10.0.0.97 "GET /v2.0/security-groups HTTP/1.1" status: 200 len: 2996 time: 0.0779490
2026-05-29 07:03:38.345 9 INFO neutron.db.ovn_revision_numbers_db [None req-7c75fedf-3653-429d-b6a0-42a37f17b186 - - - - - -] Successfully bumped revision number for resource 6a061745-14d8-4db6-8f3e-908334c2d219 (type: ports) to 2
2026-05-29 07:03:38.388 10 INFO neutron.api.v2.resource [None req-6a7a4117-f211-403c-82a0-3303fec11585 e88f420e21dc4105bfba5ae0430b4f1c 70821b683a27497e91936da3e67b1813 - - default default] delete failed (client error): The resource could not be found.
2026-05-29 07:03:38.390 10 INFO neutron.wsgi [None req-6a7a4117-f211-403c-82a0-3303fec11585 e88f420e21dc4105bfba5ae0430b4f1c 70821b683a27497e91936da3e67b1813 - - default default] 10.0.0.97 "DELETE /v2.0/security-groups/a53b8411-6355-4c42-9d27-106e6e987f85 HTTP/1.1" status: 404 len: 347 time: 0.0405664
2026-05-29 07:03:38.407 9 INFO neutron.db.ovn_revision_numbers_db [None req-b7950965-6119-48b6-b083-07482065481c 5af4d8153f78468fab62759554c78630 a3ad3e858eb04234a54a62e3101c8323 - - default default] Successfully bumped revision number for resource c761431e-11d7-4422-8bb3-a5e32c1248d9 (type: security_groups) to 1
2026-05-29 07:03:38.413 10 WARNING neutron_lib.context [None req-b4325664-c79c-49a8-aede-7fba88d6c5a6 e88f420e21dc4105bfba5ae0430b4f1c 70821b683a27497e91936da3e67b1813 - - default default] Method 'is_advsvc' is deprecated since 2023.2 release (neutron-lib 3.8.0) and will be removed once support for the old RBAC API policies will be removed from Neutron. Please use method 'is_service_role' instead.
2026-05-29 07:03:38.443 9 INFO neutron.db.ovn_revision_numbers_db [None req-b7950965-6119-48b6-b083-07482065481c 5af4d8153f78468fab62759554c78630 a3ad3e858eb04234a54a62e3101c8323 - - default default] Successfully bumped revision number for resource 7bc05f76-8aa3-4731-baca-eca688083dc0 (type: security_group_rules) to 0
2026-05-29 07:03:38.471 9 INFO neutron.db.ovn_revision_numbers_db [None req-7c75fedf-3653-429d-b6a0-42a37f17b186 - - - - - -] Successfully bumped revision number for resource 6a061745-14d8-4db6-8f3e-908334c2d219 (type: router_ports) to 2
2026-05-29 07:03:38.474 9 INFO neutron.db.ovn_revision_numbers_db [None req-b7950965-6119-48b6-b083-07482065481c 5af4d8153f78468fab62759554c78630 a3ad3e858eb04234a54a62e3101c8323 - - default default] Successfully bumped revision number for resource 80222de0-3255-4c8b-a264-4038f728a34a (type: security_group_rules) to 0
2026-05-29 07:03:38.510 9 INFO neutron.db.ovn_revision_numbers_db [None req-b7950965-6119-48b6-b083-07482065481c 5af4d8153f78468fab62759554c78630 a3ad3e858eb04234a54a62e3101c8323 - - default default] Successfully bumped revision number for resource 834c8cfe-7035-410e-b723-94fdf443ff90 (type: security_group_rules) to 0
2026-05-29 07:03:38.538 9 INFO neutron.db.ovn_revision_numbers_db [None req-b7950965-6119-48b6-b083-07482065481c 5af4d8153f78468fab62759554c78630 a3ad3e858eb04234a54a62e3101c8323 - - default default] Successfully bumped revision number for resource ae502eb3-d8a3-4901-b261-50e30eb7888d (type: security_group_rules) to 0
2026-05-29 07:03:38.554 10 INFO neutron.db.ovn_revision_numbers_db [None req-6af862b9-69b8-43cf-900f-a4544201b511 - - - - - -] Successfully bumped revision number for resource 8ee551e1-bf50-43a6-99bb-3bde55aea8d0 (type: router_ports) to 4
2026-05-29 07:03:38.560 9 INFO neutron.db.ovn_revision_numbers_db [None req-c5196dfb-542a-4b3b-a00a-408ae3fec089 5af4d8153f78468fab62759554c78630 a3ad3e858eb04234a54a62e3101c8323 - - default default] Successfully bumped revision number for resource 3e2063f1-e47a-4ac0-972d-8b67444f2233 (type: ports) to 1
2026-05-29 07:03:38.597 9 INFO neutron.db.segments_db [None req-b7950965-6119-48b6-b083-07482065481c 5af4d8153f78468fab62759554c78630 a3ad3e858eb04234a54a62e3101c8323 - - default default] Added segment b77e82a1-6252-47b9-9ab7-5e66599cd254 of type geneve for network 424ea92a-3fc6-46f3-b9e8-d22fa8ec55d4
2026-05-29 07:03:38.651 9 WARNING neutron.scheduler.dhcp_agent_scheduler [None req-c5196dfb-542a-4b3b-a00a-408ae3fec089 5af4d8153f78468fab62759554c78630 a3ad3e858eb04234a54a62e3101c8323 - - default default] No more DHCP agents
2026-05-29 07:03:38.653 9 WARNING neutron.api.rpc.agentnotifiers.dhcp_rpc_agent_api [None req-c5196dfb-542a-4b3b-a00a-408ae3fec089 5af4d8153f78468fab62759554c78630 a3ad3e858eb04234a54a62e3101c8323 - - default default] Unable to schedule network 3087bc09-491a-48ee-91f5-70e411be000c: no agents available; will retry on subsequent port and subnet creation events.
2026-05-29 07:03:38.683 10 INFO neutron.wsgi [-] 10.0.0.7 "GET / HTTP/1.1" status: 200 len: 246 time: 0.0018384
2026-05-29 07:03:38.685 10 INFO neutron.wsgi [-] 10.0.0.7 "GET / HTTP/1.1" status: 200 len: 246 time: 0.0009129
2026-05-29 07:03:38.701 10 INFO neutron.db.ovn_revision_numbers_db [None req-b4325664-c79c-49a8-aede-7fba88d6c5a6 e88f420e21dc4105bfba5ae0430b4f1c 70821b683a27497e91936da3e67b1813 - - default default] Successfully bumped revision number for resource 7b151261-e06e-40fc-8e4b-1af1c9baa951 (type: security_groups) to 1
2026-05-29 07:03:38.737 10 INFO neutron.db.ovn_revision_numbers_db [None req-b4325664-c79c-49a8-aede-7fba88d6c5a6 e88f420e21dc4105bfba5ae0430b4f1c 70821b683a27497e91936da3e67b1813 - - default default] Successfully bumped revision number for resource 2aa4eaee-8cc0-4376-aa93-c1e1e44f95c4 (type: security_group_rules) to 0
2026-05-29 07:03:38.780 10 INFO neutron.db.ovn_revision_numbers_db [None req-b4325664-c79c-49a8-aede-7fba88d6c5a6 e88f420e21dc4105bfba5ae0430b4f1c 70821b683a27497e91936da3e67b1813 - - default default] Successfully bumped revision number for resource f683c199-9bab-4f3e-95a7-ce1788cc0b84 (type: security_group_rules) to 0
2026-05-29 07:03:38.782 9 INFO neutron.db.ovn_revision_numbers_db [None req-b7950965-6119-48b6-b083-07482065481c 5af4d8153f78468fab62759554c78630 a3ad3e858eb04234a54a62e3101c8323 - - default default] Successfully bumped revision number for resource 424ea92a-3fc6-46f3-b9e8-d22fa8ec55d4 (type: networks) to 1
2026-05-29 07:03:38.818 10 INFO neutron.wsgi [None req-b4325664-c79c-49a8-aede-7fba88d6c5a6 e88f420e21dc4105bfba5ae0430b4f1c 70821b683a27497e91936da3e67b1813 - - default default] 10.0.0.97 "POST /v2.0/security-groups HTTP/1.1" status: 201 len: 1761 time: 0.4142318
2026-05-29 07:03:38.834 10 WARNING neutron_lib.context [None req-ca7e160a-10fe-4ffa-b684-bbf4904e442d e88f420e21dc4105bfba5ae0430b4f1c 70821b683a27497e91936da3e67b1813 - - default default] Method 'is_advsvc' is deprecated since 2023.2 release (neutron-lib 3.8.0) and will be removed once support for the old RBAC API policies will be removed from Neutron. Please use method 'is_service_role' instead.
2026-05-29 07:03:38.910 10 INFO neutron.db.ovn_revision_numbers_db [None req-2a3f324f-f047-4764-922a-a06fd19eac68 - - - - - -] Successfully bumped revision number for resource 3e2063f1-e47a-4ac0-972d-8b67444f2233 (type: ports) to 2
2026-05-29 07:03:38.997 9 WARNING neutron.scheduler.dhcp_agent_scheduler [None req-b7950965-6119-48b6-b083-07482065481c 5af4d8153f78468fab62759554c78630 a3ad3e858eb04234a54a62e3101c8323 - - default default] No more DHCP agents
2026-05-29 07:03:39.000 9 WARNING neutron.api.rpc.agentnotifiers.dhcp_rpc_agent_api [None req-b7950965-6119-48b6-b083-07482065481c 5af4d8153f78468fab62759554c78630 a3ad3e858eb04234a54a62e3101c8323 - - default default] Unable to schedule network 424ea92a-3fc6-46f3-b9e8-d22fa8ec55d4: no agents available; will retry on subsequent port and subnet creation events.
2026-05-29 07:03:39.071 10 INFO neutron.db.ovn_revision_numbers_db [None req-2a3f324f-f047-4764-922a-a06fd19eac68 - - - - - -] Successfully bumped revision number for resource 3e2063f1-e47a-4ac0-972d-8b67444f2233 (type: router_ports) to 2
2026-05-29 07:03:39.104 9 INFO neutron.db.ovn_revision_numbers_db [None req-b7950965-6119-48b6-b083-07482065481c 5af4d8153f78468fab62759554c78630 a3ad3e858eb04234a54a62e3101c8323 - - default default] Successfully bumped revision number for resource e84fd43d-3274-4c3f-aa90-368a17f95c58 (type: ports) to 1
2026-05-29 07:03:39.136 10 INFO neutron.db.ovn_revision_numbers_db [None req-ca7e160a-10fe-4ffa-b684-bbf4904e442d e88f420e21dc4105bfba5ae0430b4f1c 70821b683a27497e91936da3e67b1813 - - default default] Successfully bumped revision number for resource 9c6bd92c-b2de-45ff-9518-24049ad13fbc (type: security_group_rules) to 0
2026-05-29 07:03:39.145 9 INFO neutron.wsgi [None req-b7950965-6119-48b6-b083-07482065481c 5af4d8153f78468fab62759554c78630 a3ad3e858eb04234a54a62e3101c8323 - - default default] 10.0.0.97 "POST /v2.0/networks HTTP/1.1" status: 201 len: 945 time: 1.2528017
2026-05-29 07:03:39.190 10 INFO neutron.wsgi [None req-ca7e160a-10fe-4ffa-b684-bbf4904e442d e88f420e21dc4105bfba5ae0430b4f1c 70821b683a27497e91936da3e67b1813 - - default default] 10.0.0.97 "POST /v2.0/security-group-rules HTTP/1.1" status: 201 len: 768 time: 0.3632660
2026-05-29 07:03:39.224 10 INFO neutron.wsgi [None req-11fb7330-a915-4545-887e-70d239e72b5b e88f420e21dc4105bfba5ae0430b4f1c 70821b683a27497e91936da3e67b1813 - - default default] 10.0.0.97 "GET /v2.0/security-group-rules/9c6bd92c-b2de-45ff-9518-24049ad13fbc HTTP/1.1" status: 200 len: 763 time: 0.0278029
2026-05-29 07:03:39.307 9 INFO neutron.db.ovn_revision_numbers_db [None req-c5196dfb-542a-4b3b-a00a-408ae3fec089 5af4d8153f78468fab62759554c78630 a3ad3e858eb04234a54a62e3101c8323 - - default default] Successfully bumped revision number for resource 3e2063f1-e47a-4ac0-972d-8b67444f2233 (type: router_ports) to 2
2026-05-29 07:03:39.310 9 INFO neutron.wsgi [None req-c5196dfb-542a-4b3b-a00a-408ae3fec089 5af4d8153f78468fab62759554c78630 a3ad3e858eb04234a54a62e3101c8323 - - default default] 10.0.0.97 "PUT /v2.0/routers/bb9eca5b-5355-4978-977b-e504c2c70941/add_router_interface HTTP/1.1" status: 200 len: 503 time: 3.0791202
2026-05-29 07:03:39.339 9 WARNING neutron.scheduler.dhcp_agent_scheduler [None req-46bc632d-3340-41eb-90f6-27c135a6b5fd 5af4d8153f78468fab62759554c78630 a3ad3e858eb04234a54a62e3101c8323 - - default default] No more DHCP agents
2026-05-29 07:03:39.342 9 WARNING neutron.api.rpc.agentnotifiers.dhcp_rpc_agent_api [None req-46bc632d-3340-41eb-90f6-27c135a6b5fd 5af4d8153f78468fab62759554c78630 a3ad3e858eb04234a54a62e3101c8323 - - default default] Unable to schedule network 424ea92a-3fc6-46f3-b9e8-d22fa8ec55d4: no agents available; will retry on subsequent port and subnet creation events.
2026-05-29 07:03:39.682 10 INFO neutron.db.ovn_revision_numbers_db [None req-f2602b98-e9e0-4502-96ae-ef2c4493e33a 5af4d8153f78468fab62759554c78630 a3ad3e858eb04234a54a62e3101c8323 - - default default] Successfully bumped revision number for resource 6a061745-14d8-4db6-8f3e-908334c2d219 (type: router_ports) to 2
2026-05-29 07:03:39.684 10 INFO neutron.wsgi [None req-f2602b98-e9e0-4502-96ae-ef2c4493e33a 5af4d8153f78468fab62759554c78630 a3ad3e858eb04234a54a62e3101c8323 - - default default] 10.0.0.97 "PUT /v2.0/routers/b546b994-d0c7-445d-949a-833b16deca56/add_router_interface HTTP/1.1" status: 200 len: 503 time: 3.8320174
2026-05-29 07:03:39.725 10 INFO neutron.wsgi [None req-a89f1dfd-f453-431b-bccb-0d53a49c8f25 e88f420e21dc4105bfba5ae0430b4f1c 70821b683a27497e91936da3e67b1813 - - default default] 10.0.0.97 "GET /v2.0/security-group-rules HTTP/1.1" status: 200 len: 4113 time: 0.4951613
2026-05-29 07:03:39.930 10 WARNING neutron_lib.context [None req-95541a8b-82c8-431a-b30a-228822ec1566 bc77f533a7fa49aeb3e943f02a3c5555 f7746192263a46f6a61fd48b7afab21f - - default default] Method 'is_advsvc' is deprecated since 2023.2 release (neutron-lib 3.8.0) and will be removed once support for the old RBAC API policies will be removed from Neutron. Please use method 'is_service_role' instead.
2026-05-29 07:03:40.072 10 INFO neutron.db.ovn_revision_numbers_db [None req-95541a8b-82c8-431a-b30a-228822ec1566 bc77f533a7fa49aeb3e943f02a3c5555 f7746192263a46f6a61fd48b7afab21f - - default default] Successfully bumped revision number for resource 60dcd465-f5b1-4523-b0c5-8dc58b172e64 (type: security_groups) to 1
2026-05-29 07:03:40.098 10 INFO neutron.db.ovn_revision_numbers_db [None req-95541a8b-82c8-431a-b30a-228822ec1566 bc77f533a7fa49aeb3e943f02a3c5555 f7746192263a46f6a61fd48b7afab21f - - default default] Successfully bumped revision number for resource 408f62a8-71a3-46b9-b28e-3d6e9140038f (type: security_group_rules) to 0
2026-05-29 07:03:40.120 10 INFO neutron.db.ovn_revision_numbers_db [None req-95541a8b-82c8-431a-b30a-228822ec1566 bc77f533a7fa49aeb3e943f02a3c5555 f7746192263a46f6a61fd48b7afab21f - - default default] Successfully bumped revision number for resource 7171fb32-0013-46d2-af65-435e5b84d236 (type: security_group_rules) to 0
2026-05-29 07:03:40.144 10 INFO neutron.wsgi [None req-95541a8b-82c8-431a-b30a-228822ec1566 bc77f533a7fa49aeb3e943f02a3c5555 f7746192263a46f6a61fd48b7afab21f - - default default] 10.0.0.97 "POST /v2.0/security-groups HTTP/1.1" status: 201 len: 1795 time: 0.2196779
2026-05-29 07:03:40.145 9 INFO neutron.db.ovn_revision_numbers_db [None req-46bc632d-3340-41eb-90f6-27c135a6b5fd 5af4d8153f78468fab62759554c78630 a3ad3e858eb04234a54a62e3101c8323 - - default default] Successfully bumped revision number for resource e84fd43d-3274-4c3f-aa90-368a17f95c58 (type: ports) to 2
2026-05-29 07:03:40.159 10 WARNING neutron_lib.context [None req-f71f9c58-9f60-4898-9d84-642b1ce734a4 bc77f533a7fa49aeb3e943f02a3c5555 f7746192263a46f6a61fd48b7afab21f - - default default] Method 'is_advsvc' is deprecated since 2023.2 release (neutron-lib 3.8.0) and will be removed once support for the old RBAC API policies will be removed from Neutron. Please use method 'is_service_role' instead.
2026-05-29 07:03:40.186 9 INFO neutron.wsgi [None req-6bd6b0dd-1e6a-4488-a2e0-bb09712144e3 e88f420e21dc4105bfba5ae0430b4f1c 70821b683a27497e91936da3e67b1813 - - default default] 10.0.0.97 "DELETE /v2.0/security-group-rules/9c6bd92c-b2de-45ff-9518-24049ad13fbc HTTP/1.1" status: 204 len: 168 time: 0.4531286
2026-05-29 07:03:40.197 9 INFO neutron.db.ovn_revision_numbers_db [None req-46bc632d-3340-41eb-90f6-27c135a6b5fd 5af4d8153f78468fab62759554c78630 a3ad3e858eb04234a54a62e3101c8323 - - default default] Successfully bumped revision number for resource a011403d-8b6d-437b-b30c-701841d33dd5 (type: subnets) to 0
2026-05-29 07:03:40.216 9 INFO neutron.wsgi [None req-46bc632d-3340-41eb-90f6-27c135a6b5fd 5af4d8153f78468fab62759554c78630 a3ad3e858eb04234a54a62e3101c8323 - - default default] 10.0.0.97 "POST /v2.0/subnets HTTP/1.1" status: 201 len: 865 time: 1.0630763
2026-05-29 07:03:40.292 10 INFO neutron.wsgi [None req-cc584961-7aa4-40ef-8846-e1f711b202cc e88f420e21dc4105bfba5ae0430b4f1c 70821b683a27497e91936da3e67b1813 - - default default] 10.0.0.97 "GET /v2.0/security-group-rules HTTP/1.1" status: 200 len: 3567 time: 0.0886643
2026-05-29 07:03:40.311 9 WARNING neutron_lib.context [None req-09e2adcd-3d93-4483-981f-1bf701d0c4ff e88f420e21dc4105bfba5ae0430b4f1c 70821b683a27497e91936da3e67b1813 - - default default] Method 'is_advsvc' is deprecated since 2023.2 release (neutron-lib 3.8.0) and will be removed once support for the old RBAC API policies will be removed from Neutron. Please use method 'is_service_role' instead.
2026-05-29 07:03:40.326 10 INFO neutron.wsgi [None req-d814f707-831f-43ba-9931-12ae06f72dae 5af4d8153f78468fab62759554c78630 a3ad3e858eb04234a54a62e3101c8323 - - default default] 10.0.0.221 "GET /v2.0/networks HTTP/1.1" status: 200 len: 4623 time: 0.2342768
2026-05-29 07:03:40.388 10 INFO neutron.wsgi [None req-18ae2795-632f-4555-bba5-3fba5aa89191 5af4d8153f78468fab62759554c78630 a3ad3e858eb04234a54a62e3101c8323 - - default default] 10.0.0.221 "GET /v2.0/subnets HTTP/1.1" status: 200 len: 3401 time: 0.0589926
2026-05-29 07:03:40.445 10 INFO neutron.db.ovn_revision_numbers_db [None req-f71f9c58-9f60-4898-9d84-642b1ce734a4 bc77f533a7fa49aeb3e943f02a3c5555 f7746192263a46f6a61fd48b7afab21f - - default default] Successfully bumped revision number for resource a2192e65-3e8d-4cba-8a19-1ec557f5dd22 (type: security_group_rules) to 0
2026-05-29 07:03:40.502 10 INFO neutron.wsgi [None req-57df19de-474d-48f9-bef0-3d27b7705524 5af4d8153f78468fab62759554c78630 a3ad3e858eb04234a54a62e3101c8323 - - default default] 10.0.0.221 "GET /v2.0/ports HTTP/1.1" status: 200 len: 12853 time: 0.1090970
2026-05-29 07:03:40.527 10 INFO neutron.wsgi [None req-f71f9c58-9f60-4898-9d84-642b1ce734a4 bc77f533a7fa49aeb3e943f02a3c5555 f7746192263a46f6a61fd48b7afab21f - - default default] 10.0.0.97 "POST /v2.0/security-group-rules HTTP/1.1" status: 201 len: 764 time: 0.3729792
2026-05-29 07:03:40.550 9 WARNING neutron_lib.context [None req-421511cc-f655-494d-b793-d702e764106f bc77f533a7fa49aeb3e943f02a3c5555 f7746192263a46f6a61fd48b7afab21f - - default default] Method 'is_advsvc' is deprecated since 2023.2 release (neutron-lib 3.8.0) and will be removed once support for the old RBAC API policies will be removed from Neutron. Please use method 'is_service_role' instead.
2026-05-29 07:03:40.588 9 INFO neutron.db.ovn_revision_numbers_db [None req-09e2adcd-3d93-4483-981f-1bf701d0c4ff e88f420e21dc4105bfba5ae0430b4f1c 70821b683a27497e91936da3e67b1813 - - default default] Successfully bumped revision number for resource 50eb9c4f-3707-4899-82bd-6df5693ec53d (type: security_group_rules) to 0
2026-05-29 07:03:40.622 10 INFO neutron.wsgi [None req-43fd6a8e-ed80-431f-ba46-d16fdbcc2868 5af4d8153f78468fab62759554c78630 a3ad3e858eb04234a54a62e3101c8323 - - default default] 10.0.0.221 "GET /v2.0/routers HTTP/1.1" status: 200 len: 2017 time: 0.1123662
2026-05-29 07:03:40.639 10 INFO neutron.wsgi [None req-9d20fa99-6525-4ecf-b98d-a96048130107 5af4d8153f78468fab62759554c78630 a3ad3e858eb04234a54a62e3101c8323 - - default default] 10.0.0.221 "GET /v2.0/agents?binary=ovn-controller HTTP/1.1" status: 200 len: 591 time: 0.0155790
2026-05-29 07:03:40.654 10 INFO neutron.wsgi [None req-750ccd90-0c74-4436-a4ea-34fc0f507698 5af4d8153f78468fab62759554c78630 a3ad3e858eb04234a54a62e3101c8323 - - default default] 10.0.0.221 "GET /v2.0/agents HTTP/1.1" status: 200 len: 997 time: 0.0129442
2026-05-29 07:03:40.668 9 INFO neutron.wsgi [None req-09e2adcd-3d93-4483-981f-1bf701d0c4ff e88f420e21dc4105bfba5ae0430b4f1c 70821b683a27497e91936da3e67b1813 - - default default] 10.0.0.97 "POST /v2.0/security-group-rules HTTP/1.1" status: 201 len: 768 time: 0.3623059
2026-05-29 07:03:40.692 10 INFO neutron.wsgi [None req-8dfc216b-1aea-4f59-9d93-63840382c0d9 5af4d8153f78468fab62759554c78630 a3ad3e858eb04234a54a62e3101c8323 - - default default] 10.0.0.221 "GET /v2.0/floatingips HTTP/1.1" status: 200 len: 193 time: 0.0372946
2026-05-29 07:03:40.711 9 INFO neutron.wsgi [None req-cf3e57d1-6e85-4ea9-be13-aeea6770be22 e88f420e21dc4105bfba5ae0430b4f1c 70821b683a27497e91936da3e67b1813 - - default default] 10.0.0.97 "GET /v2.0/security-group-rules/50eb9c4f-3707-4899-82bd-6df5693ec53d HTTP/1.1" status: 200 len: 763 time: 0.0296459
2026-05-29 07:03:40.737 10 INFO neutron.wsgi [None req-143eac91-64a0-4ea9-8cd8-57db2f0ac3c1 5af4d8153f78468fab62759554c78630 a3ad3e858eb04234a54a62e3101c8323 - - default default] 10.0.0.221 "GET /v2.0/subnets HTTP/1.1" status: 200 len: 3401 time: 0.0445600
2026-05-29 07:03:40.750 10 INFO neutron.wsgi [None req-bea683bd-b6c0-42ee-a3a7-254a3c2f91de 5af4d8153f78468fab62759554c78630 a3ad3e858eb04234a54a62e3101c8323 - - default default] 10.0.0.221 "GET /v2.0/subnetpools HTTP/1.1" status: 200 len: 193 time: 0.0105085
2026-05-29 07:03:40.771 10 INFO neutron.wsgi [None req-121325c0-0895-4b84-bc84-e1468bdd578b e88f420e21dc4105bfba5ae0430b4f1c 70821b683a27497e91936da3e67b1813 - - default default] 10.0.0.97 "GET /v2.0/security-group-rules HTTP/1.1" status: 200 len: 4113 time: 0.0538602
2026-05-29 07:03:40.829 10 INFO neutron.wsgi [None req-eab832f0-083a-4f6c-9d70-c63c02afd486 5af4d8153f78468fab62759554c78630 a3ad3e858eb04234a54a62e3101c8323 - - default default] 10.0.0.221 "GET /v2.0/security-groups HTTP/1.1" status: 200 len: 32789 time: 0.0785491
2026-05-29 07:03:40.861 10 INFO neutron.wsgi [None req-420771eb-9298-44ec-9c15-bb98012dd1e5 5af4d8153f78468fab62759554c78630 a3ad3e858eb04234a54a62e3101c8323 - - default default] 10.0.0.221 "GET /v2.0/network-ip-availabilities HTTP/1.1" status: 200 len: 2700 time: 0.0202501
2026-05-29 07:03:40.861 9 INFO neutron.db.ovn_revision_numbers_db [None req-421511cc-f655-494d-b793-d702e764106f bc77f533a7fa49aeb3e943f02a3c5555 f7746192263a46f6a61fd48b7afab21f - - default default] Successfully bumped revision number for resource 86ed6c33-8a1b-4f83-a067-5d0ab37e7859 (type: security_group_rules) to 0
2026-05-29 07:03:40.887 9 INFO neutron.wsgi [None req-421511cc-f655-494d-b793-d702e764106f bc77f533a7fa49aeb3e943f02a3c5555 f7746192263a46f6a61fd48b7afab21f - - default default] 10.0.0.97 "POST /v2.0/security-group-rules HTTP/1.1" status: 201 len: 769 time: 0.3450687
2026-05-29 07:03:40.909 10 WARNING neutron_lib.context [None req-fa1c5a88-49df-4c29-aa3e-378878b1f695 bc77f533a7fa49aeb3e943f02a3c5555 f7746192263a46f6a61fd48b7afab21f - - default default] Method 'is_advsvc' is deprecated since 2023.2 release (neutron-lib 3.8.0) and will be removed once support for the old RBAC API policies will be removed from Neutron. Please use method 'is_service_role' instead.
2026-05-29 07:03:40.923 9 WARNING neutron.scheduler.dhcp_agent_scheduler [None req-083fb44e-a7ee-4124-9ead-3c9bb923a163 5af4d8153f78468fab62759554c78630 a3ad3e858eb04234a54a62e3101c8323 - - default default] No more DHCP agents
2026-05-29 07:03:40.926 9 WARNING neutron.api.rpc.agentnotifiers.dhcp_rpc_agent_api [None req-083fb44e-a7ee-4124-9ead-3c9bb923a163 5af4d8153f78468fab62759554c78630 a3ad3e858eb04234a54a62e3101c8323 - - default default] Unable to schedule network e98ca2f6-9d03-45b7-a913-0503db65e33d: no agents available; will retry on subsequent port and subnet creation events.
2026-05-29 07:03:40.963 10 INFO neutron.wsgi [None req-a18673ca-1acd-40fd-b0d5-f04bb7964b7e e88f420e21dc4105bfba5ae0430b4f1c 70821b683a27497e91936da3e67b1813 - - default default] 10.0.0.97 "DELETE /v2.0/security-group-rules/50eb9c4f-3707-4899-82bd-6df5693ec53d HTTP/1.1" status: 204 len: 168 time: 0.1872878
2026-05-29 07:03:41.068 9 INFO neutron.wsgi [None req-b9497dad-45ab-4e0e-833d-ab101edfc185 e88f420e21dc4105bfba5ae0430b4f1c 70821b683a27497e91936da3e67b1813 - - default default] 10.0.0.97 "GET /v2.0/security-group-rules HTTP/1.1" status: 200 len: 3567 time: 0.0972381
2026-05-29 07:03:41.078 9 WARNING neutron_lib.context [None req-4a9be0c9-4373-4b93-ab3c-04b8345db369 e88f420e21dc4105bfba5ae0430b4f1c 70821b683a27497e91936da3e67b1813 - - default default] Method 'is_advsvc' is deprecated since 2023.2 release (neutron-lib 3.8.0) and will be removed once support for the old RBAC API policies will be removed from Neutron. Please use method 'is_service_role' instead.
2026-05-29 07:03:41.191 9 INFO neutron.db.ovn_revision_numbers_db [None req-083fb44e-a7ee-4124-9ead-3c9bb923a163 5af4d8153f78468fab62759554c78630 a3ad3e858eb04234a54a62e3101c8323 - - default default] Successfully bumped revision number for resource 12bbb69b-42fc-443c-b0f0-554772adb57e (type: ports) to 1
2026-05-29 07:03:41.204 10 WARNING neutron.scheduler.dhcp_agent_scheduler [None req-fa1c5a88-49df-4c29-aa3e-378878b1f695 bc77f533a7fa49aeb3e943f02a3c5555 f7746192263a46f6a61fd48b7afab21f - - default default] No more DHCP agents
2026-05-29 07:03:41.206 10 WARNING neutron.api.rpc.agentnotifiers.dhcp_rpc_agent_api [None req-fa1c5a88-49df-4c29-aa3e-378878b1f695 bc77f533a7fa49aeb3e943f02a3c5555 f7746192263a46f6a61fd48b7afab21f - - default default] Unable to schedule network e98ca2f6-9d03-45b7-a913-0503db65e33d: no agents available; will retry on subsequent port and subnet creation events.
2026-05-29 07:03:41.297 9 INFO neutron.db.ovn_revision_numbers_db [None req-4a9be0c9-4373-4b93-ab3c-04b8345db369 e88f420e21dc4105bfba5ae0430b4f1c 70821b683a27497e91936da3e67b1813 - - default default] Successfully bumped revision number for resource 4a45507c-532f-497b-9896-76686ce913a7 (type: security_group_rules) to 0
2026-05-29 07:03:41.360 9 INFO neutron.wsgi [None req-4a9be0c9-4373-4b93-ab3c-04b8345db369 e88f420e21dc4105bfba5ae0430b4f1c 70821b683a27497e91936da3e67b1813 - - default default] 10.0.0.97 "POST /v2.0/security-group-rules HTTP/1.1" status: 201 len: 769 time: 0.2882874
2026-05-29 07:03:41.402 9 INFO neutron.wsgi [None req-493f6115-2988-4255-96f2-968068207ff2 e88f420e21dc4105bfba5ae0430b4f1c 70821b683a27497e91936da3e67b1813 - - default default] 10.0.0.97 "GET /v2.0/security-group-rules/4a45507c-532f-497b-9896-76686ce913a7 HTTP/1.1" status: 200 len: 764 time: 0.0314577
2026-05-29 07:03:41.474 10 INFO neutron.wsgi [None req-9ae2a125-e640-46f4-a276-09e4c0f36fa2 e88f420e21dc4105bfba5ae0430b4f1c 70821b683a27497e91936da3e67b1813 - - default default] 10.0.0.97 "GET /v2.0/security-group-rules HTTP/1.1" status: 200 len: 4114 time: 0.0651438
2026-05-29 07:03:41.632 10 INFO neutron.db.ovn_revision_numbers_db [None req-fa1c5a88-49df-4c29-aa3e-378878b1f695 bc77f533a7fa49aeb3e943f02a3c5555 f7746192263a46f6a61fd48b7afab21f - - default default] Successfully bumped revision number for resource f38b4931-345d-4a85-8b7a-8fb4f86eaceb (type: floatingips) to 0
2026-05-29 07:03:41.654 10 INFO neutron.wsgi [None req-fa1c5a88-49df-4c29-aa3e-378878b1f695 bc77f533a7fa49aeb3e943f02a3c5555 f7746192263a46f6a61fd48b7afab21f - - default default] 10.0.0.97 "POST /v2.0/floatingips HTTP/1.1" status: 201 len: 751 time: 0.7608049
2026-05-29 07:03:41.717 9 INFO neutron.wsgi [None req-b1721fbe-9052-4259-9675-701f3b8c1b5d e88f420e21dc4105bfba5ae0430b4f1c 70821b683a27497e91936da3e67b1813 - - default default] 10.0.0.97 "DELETE /v2.0/security-group-rules/4a45507c-532f-497b-9896-76686ce913a7 HTTP/1.1" status: 204 len: 168 time: 0.2356157
2026-05-29 07:03:41.787 10 INFO neutron.wsgi [None req-07fa5c31-71a2-40a2-baad-1943106a5e06 e88f420e21dc4105bfba5ae0430b4f1c 70821b683a27497e91936da3e67b1813 - - default default] 10.0.0.97 "GET /v2.0/security-group-rules HTTP/1.1" status: 200 len: 3567 time: 0.0610492
2026-05-29 07:03:41.910 10 INFO neutron.wsgi [None req-b31fa6f8-675f-4dd1-99b5-abf59bd50b3a e88f420e21dc4105bfba5ae0430b4f1c 70821b683a27497e91936da3e67b1813 - - default default] 10.0.0.97 "DELETE /v2.0/security-groups/7b151261-e06e-40fc-8e4b-1af1c9baa951 HTTP/1.1" status: 204 len: 168 time: 0.1145208
2026-05-29 07:03:41.960 10 INFO neutron.wsgi [None req-e31aae27-ce24-4d11-822c-0663abd87b53 e88f420e21dc4105bfba5ae0430b4f1c 70821b683a27497e91936da3e67b1813 - - default default] 10.0.0.97 "GET /v2.0/security-groups HTTP/1.1" status: 200 len: 2996 time: 0.0436835
2026-05-29 07:03:41.999 10 INFO neutron.plugins.ml2.drivers.ovn.mech_driver.ovsdb.ovsdb_monitor [None req-6af862b9-69b8-43cf-900f-a4544201b511 - - - - - -] Router 2c28a449-0af2-41eb-8b1b-2fa7e3bf275c is bound to host instance
2026-05-29 07:03:41.999 9 INFO neutron.db.ovn_revision_numbers_db [None req-083fb44e-a7ee-4124-9ead-3c9bb923a163 5af4d8153f78468fab62759554c78630 a3ad3e858eb04234a54a62e3101c8323 - - default default] Successfully bumped revision number for resource 12bbb69b-42fc-443c-b0f0-554772adb57e (type: router_ports) to 1
2026-05-29 07:03:42.019 10 INFO neutron.wsgi [None req-dea50d48-a6a0-4c8b-9e7e-de6ea79435b6 e88f420e21dc4105bfba5ae0430b4f1c 70821b683a27497e91936da3e67b1813 - - default default] 10.0.0.97 "GET /v2.0/security-groups HTTP/1.1" status: 200 len: 2996 time: 0.0506988
2026-05-29 07:03:42.113 9 INFO neutron.wsgi [req-bce02597-4612-4023-aecb-9ab4199124ec req-f52ac2ed-8edb-4162-ad51-2894a099c3e5 738e66f9ae104284b927548d817ccffe c5afc8b004dc44118ba6b685371333ed - - default default] 10.0.0.151 "GET /v2.0/networks?id=f22db3ea-a758-4158-af7a-10f05dbe8732 HTTP/1.1" status: 200 len: 870 time: 0.1153183
2026-05-29 07:03:42.133 9 INFO neutron.wsgi [req-128ca407-5fd8-4330-aa42-2c1793665e72 req-e1da9124-20c5-418d-b710-d32927065bc4 bc77f533a7fa49aeb3e943f02a3c5555 f7746192263a46f6a61fd48b7afab21f - - default default] 10.0.0.151 "GET /v2.0/security-groups?name=tempest-securitygroup--72571771&fields=id&tenant_id=f7746192263a46f6a61fd48b7afab21f HTTP/1.1" status: 200 len: 267 time: 0.0700829
2026-05-29 07:03:42.134 9 INFO neutron.db.ovn_revision_numbers_db [None req-083fb44e-a7ee-4124-9ead-3c9bb923a163 5af4d8153f78468fab62759554c78630 a3ad3e858eb04234a54a62e3101c8323 - - default default] Successfully bumped revision number for resource 2c28a449-0af2-41eb-8b1b-2fa7e3bf275c (type: routers) to 2
2026-05-29 07:03:42.135 9 INFO neutron.wsgi [req-bce02597-4612-4023-aecb-9ab4199124ec req-606c0b8d-f579-4b5f-8a81-885bbbabeafd 738e66f9ae104284b927548d817ccffe c5afc8b004dc44118ba6b685371333ed - - default default] 10.0.0.151 "GET /v2.0/quotas/c5afc8b004dc44118ba6b685371333ed HTTP/1.1" status: 200 len: 386 time: 0.0163052
2026-05-29 07:03:42.159 9 INFO neutron.wsgi [None req-083fb44e-a7ee-4124-9ead-3c9bb923a163 5af4d8153f78468fab62759554c78630 a3ad3e858eb04234a54a62e3101c8323 - - default default] 10.0.0.97 "POST /v2.0/routers HTTP/1.1" status: 201 len: 876 time: 1.9364386
2026-05-29 07:03:42.251 9 INFO neutron.wsgi [req-128ca407-5fd8-4330-aa42-2c1793665e72 req-03d0e735-e345-43c3-a0bf-cb205de1cc22 bc77f533a7fa49aeb3e943f02a3c5555 f7746192263a46f6a61fd48b7afab21f - - default default] 10.0.0.151 "GET /v2.0/networks?id=3087bc09-491a-48ee-91f5-70e411be000c HTTP/1.1" status: 200 len: 874 time: 0.1008077
2026-05-29 07:03:42.271 9 INFO neutron.wsgi [req-128ca407-5fd8-4330-aa42-2c1793665e72 req-22cb1281-451d-4d0b-bb8c-b9117903a6cc bc77f533a7fa49aeb3e943f02a3c5555 f7746192263a46f6a61fd48b7afab21f - - default default] 10.0.0.151 "GET /v2.0/quotas/f7746192263a46f6a61fd48b7afab21f HTTP/1.1" status: 200 len: 386 time: 0.0116532
2026-05-29 07:03:42.282 9 INFO neutron.wsgi [req-bce02597-4612-4023-aecb-9ab4199124ec req-af3e1517-8553-4098-8639-457b9c378694 738e66f9ae104284b927548d817ccffe c5afc8b004dc44118ba6b685371333ed - - default default] 10.0.0.151 "GET /v2.0/ports?tenant_id=c5afc8b004dc44118ba6b685371333ed&fields=id HTTP/1.1" status: 200 len: 302 time: 0.1391492
2026-05-29 07:03:42.373 9 INFO neutron.wsgi [req-bce02597-4612-4023-aecb-9ab4199124ec req-21b8344e-317e-4b6c-ad98-cadb3844d658 8ccd67e3d6794f418eaf234fb8ea2616 cab9c5b69d5c4ee7a91f227694af28c3 - - cd4e054b602b420090beb20b074e9986 cd4e054b602b420090beb20b074e9986] 10.0.0.151 "GET /v2.0/networks/f22db3ea-a758-4158-af7a-10f05dbe8732?fields=segments HTTP/1.1" status: 200 len: 212 time: 0.0818100
2026-05-29 07:03:42.389 9 INFO neutron.wsgi [req-128ca407-5fd8-4330-aa42-2c1793665e72 req-2a17159f-f656-45ad-b0cb-93b7eccf5f5e bc77f533a7fa49aeb3e943f02a3c5555 f7746192263a46f6a61fd48b7afab21f - - default default] 10.0.0.151 "GET /v2.0/ports?tenant_id=f7746192263a46f6a61fd48b7afab21f&fields=id HTTP/1.1" status: 200 len: 302 time: 0.1101825
2026-05-29 07:03:42.449 9 INFO neutron.wsgi [req-bce02597-4612-4023-aecb-9ab4199124ec req-acc272f2-dd96-4852-96a1-8618156d07be 8ccd67e3d6794f418eaf234fb8ea2616 cab9c5b69d5c4ee7a91f227694af28c3 - - cd4e054b602b420090beb20b074e9986 cd4e054b602b420090beb20b074e9986] 10.0.0.151 "GET /v2.0/networks/f22db3ea-a758-4158-af7a-10f05dbe8732?fields=provider%3Aphysical_network&fields=provider%3Anetwork_type HTTP/1.1" status: 200 len: 277 time: 0.0686183
2026-05-29 07:03:42.467 9 INFO neutron.wsgi [req-128ca407-5fd8-4330-aa42-2c1793665e72 req-5415cdbf-c4f1-4be7-93f4-c652ff7a9900 8ccd67e3d6794f418eaf234fb8ea2616 cab9c5b69d5c4ee7a91f227694af28c3 - - cd4e054b602b420090beb20b074e9986 cd4e054b602b420090beb20b074e9986] 10.0.0.151 "GET /v2.0/networks/3087bc09-491a-48ee-91f5-70e411be000c?fields=segments HTTP/1.1" status: 200 len: 212 time: 0.0577281
2026-05-29 07:03:42.529 9 INFO neutron.wsgi [req-128ca407-5fd8-4330-aa42-2c1793665e72 req-5abbc757-e20f-4c26-950b-6b57cec702fd 8ccd67e3d6794f418eaf234fb8ea2616 cab9c5b69d5c4ee7a91f227694af28c3 - - cd4e054b602b420090beb20b074e9986 cd4e054b602b420090beb20b074e9986] 10.0.0.151 "GET /v2.0/networks/3087bc09-491a-48ee-91f5-70e411be000c?fields=provider%3Aphysical_network&fields=provider%3Anetwork_type HTTP/1.1" status: 200 len: 277 time: 0.0523455
2026-05-29 07:03:42.648 9 INFO neutron.wsgi [req-2da4ee58-989e-4bad-8096-9eaf79d6e2f5 req-ea07745b-a245-44c0-9ad2-28218bb34386 738e66f9ae104284b927548d817ccffe c5afc8b004dc44118ba6b685371333ed - - default default] 10.0.0.151 "GET /v2.0/ports?device_id=3826e66a-f63c-4d06-814a-96c539122c24 HTTP/1.1" status: 200 len: 210 time: 0.0607567
2026-05-29 07:03:42.710 9 INFO neutron.wsgi [req-54207c1f-9b12-4d8d-b8e3-195be47dc346 req-26974161-c537-44c2-baec-e17962992ae9 bc77f533a7fa49aeb3e943f02a3c5555 f7746192263a46f6a61fd48b7afab21f - - default default] 10.0.0.151 "GET /v2.0/ports?device_id=899fcb17-b6e0-412f-a2db-103c6cb10b60 HTTP/1.1" status: 200 len: 210 time: 0.0390701
2026-05-29 07:03:42.756 9 INFO neutron.wsgi [None req-b0dab0b4-cb9a-49e4-abe5-1ef8ad87a093 5af4d8153f78468fab62759554c78630 a3ad3e858eb04234a54a62e3101c8323 - - default default] 10.0.0.97 "GET /v2.0/security-groups?tenant_id=70821b683a27497e91936da3e67b1813&name=default HTTP/1.1" status: 200 len: 2996 time: 0.1897311
2026-05-29 07:03:42.984 9 INFO neutron.wsgi [None req-87df5186-9d5c-4c3c-9c93-d5508c6df5ec 5af4d8153f78468fab62759554c78630 a3ad3e858eb04234a54a62e3101c8323 - - default default] 10.0.0.97 "DELETE /v2.0/security-groups/9a4bea95-7f44-4be3-9ea6-242cc7a3ebeb HTTP/1.1" status: 204 len: 168 time: 0.2231324
2026-05-29 07:03:43.105 10 INFO neutron.db.ovn_revision_numbers_db [None req-6af862b9-69b8-43cf-900f-a4544201b511 - - - - - -] Successfully bumped revision number for resource 12bbb69b-42fc-443c-b0f0-554772adb57e (type: ports) to 1
2026-05-29 07:03:43.206 10 WARNING neutron.scheduler.dhcp_agent_scheduler [None req-969a7cb6-b719-4e15-89ab-2502f3988a6b 5af4d8153f78468fab62759554c78630 a3ad3e858eb04234a54a62e3101c8323 - - default default] No more DHCP agents
2026-05-29 07:03:43.211 10 WARNING neutron.api.rpc.agentnotifiers.dhcp_rpc_agent_api [None req-969a7cb6-b719-4e15-89ab-2502f3988a6b 5af4d8153f78468fab62759554c78630 a3ad3e858eb04234a54a62e3101c8323 - - default default] Unable to schedule network 424ea92a-3fc6-46f3-b9e8-d22fa8ec55d4: no agents available; will retry on subsequent port and subnet creation events.
2026-05-29 07:03:43.386 10 INFO neutron.db.ovn_revision_numbers_db [None req-6af862b9-69b8-43cf-900f-a4544201b511 - - - - - -] Successfully bumped revision number for resource 12bbb69b-42fc-443c-b0f0-554772adb57e (type: router_ports) to 3
2026-05-29 07:03:43.480 10 INFO neutron.db.ovn_revision_numbers_db [None req-969a7cb6-b719-4e15-89ab-2502f3988a6b 5af4d8153f78468fab62759554c78630 a3ad3e858eb04234a54a62e3101c8323 - - default default] Successfully bumped revision number for resource d620d64d-4804-473b-a361-c4a1ac51ce0a (type: ports) to 1
2026-05-29 07:03:43.490 9 WARNING neutron.plugins.ml2.drivers.ovn.mech_driver.ovsdb.ovn_client [None req-7c75fedf-3653-429d-b6a0-42a37f17b186 - - - - - -] No hosting information found for port 6a061745-14d8-4db6-8f3e-908334c2d219: RuntimeError: No hosting information found for port 6a061745-14d8-4db6-8f3e-908334c2d219
2026-05-29 07:03:43.504 9 INFO neutron.wsgi [req-bce02597-4612-4023-aecb-9ab4199124ec req-c2bc776b-ec93-4cd8-a631-d87d00f5fb05 738e66f9ae104284b927548d817ccffe c5afc8b004dc44118ba6b685371333ed - - default default] 199.204.45.144 "GET /v2.0/networks?id=f22db3ea-a758-4158-af7a-10f05dbe8732 HTTP/1.1" status: 200 len: 870 time: 0.0903304
2026-05-29 07:03:43.532 9 WARNING neutron_lib.context [req-bce02597-4612-4023-aecb-9ab4199124ec req-6790f2a1-4b0b-40c8-b223-46159282b10d 738e66f9ae104284b927548d817ccffe c5afc8b004dc44118ba6b685371333ed - - default default] Method 'is_advsvc' is deprecated since 2023.2 release (neutron-lib 3.8.0) and will be removed once support for the old RBAC API policies will be removed from Neutron. Please use method 'is_service_role' instead.
2026-05-29 07:03:43.626 10 INFO neutron.db.ovn_revision_numbers_db [None req-6af862b9-69b8-43cf-900f-a4544201b511 - - - - - -] Successfully bumped revision number for resource 12bbb69b-42fc-443c-b0f0-554772adb57e (type: ports) to 2
2026-05-29 07:03:43.755 9 INFO neutron.wsgi [req-0778754c-491c-47f4-ab7a-da8cb6a039b4 req-1f6226e4-4968-4f5f-9bfa-3c4284b10824 738e66f9ae104284b927548d817ccffe c5afc8b004dc44118ba6b685371333ed - - default default] 10.0.0.151 "GET /v2.0/ports?device_id=3826e66a-f63c-4d06-814a-96c539122c24 HTTP/1.1" status: 200 len: 210 time: 0.0222340
2026-05-29 07:03:43.813 9 INFO neutron.wsgi [req-1a1158fa-1214-4a17-ae33-786fe7b9657c req-e7d40784-d390-433b-a671-21073bbe6e48 bc77f533a7fa49aeb3e943f02a3c5555 f7746192263a46f6a61fd48b7afab21f - - default default] 10.0.0.151 "GET /v2.0/ports?device_id=899fcb17-b6e0-412f-a2db-103c6cb10b60 HTTP/1.1" status: 200 len: 210 time: 0.0258770
2026-05-29 07:03:43.874 10 INFO neutron.wsgi [req-128ca407-5fd8-4330-aa42-2c1793665e72 req-c2441d5a-fe00-488a-814a-889e60f7bb51 bc77f533a7fa49aeb3e943f02a3c5555 f7746192263a46f6a61fd48b7afab21f - - default default] 199.204.45.144 "GET /v2.0/networks?id=3087bc09-491a-48ee-91f5-70e411be000c HTTP/1.1" status: 200 len: 874 time: 0.1584771
2026-05-29 07:03:43.983 9 WARNING neutron.scheduler.dhcp_agent_scheduler [req-bce02597-4612-4023-aecb-9ab4199124ec req-6790f2a1-4b0b-40c8-b223-46159282b10d 738e66f9ae104284b927548d817ccffe c5afc8b004dc44118ba6b685371333ed - - default default] No more DHCP agents
2026-05-29 07:03:43.985 9 WARNING neutron.api.rpc.agentnotifiers.dhcp_rpc_agent_api [req-bce02597-4612-4023-aecb-9ab4199124ec req-6790f2a1-4b0b-40c8-b223-46159282b10d 738e66f9ae104284b927548d817ccffe c5afc8b004dc44118ba6b685371333ed - - default default] Unable to schedule network f22db3ea-a758-4158-af7a-10f05dbe8732: no agents available; will retry on subsequent port and subnet creation events.
2026-05-29 07:03:44.004 10 INFO neutron.wsgi [req-128ca407-5fd8-4330-aa42-2c1793665e72 req-487b98f5-edfb-4990-9c2b-c66996f4cd22 bc77f533a7fa49aeb3e943f02a3c5555 f7746192263a46f6a61fd48b7afab21f - - default default] 199.204.45.144 "GET /v2.0/security-groups?fields=id&fields=name&tenant_id=f7746192263a46f6a61fd48b7afab21f HTTP/1.1" status: 200 len: 378 time: 0.1194937
2026-05-29 07:03:44.020 10 WARNING neutron_lib.context [req-128ca407-5fd8-4330-aa42-2c1793665e72 req-576a4008-a513-4436-9d62-b1e34f02c28e bc77f533a7fa49aeb3e943f02a3c5555 f7746192263a46f6a61fd48b7afab21f - - default default] Method 'is_advsvc' is deprecated since 2023.2 release (neutron-lib 3.8.0) and will be removed once support for the old RBAC API policies will be removed from Neutron. Please use method 'is_service_role' instead.
2026-05-29 07:03:44.158 9 INFO neutron.db.ovn_revision_numbers_db [req-bce02597-4612-4023-aecb-9ab4199124ec req-6790f2a1-4b0b-40c8-b223-46159282b10d 738e66f9ae104284b927548d817ccffe c5afc8b004dc44118ba6b685371333ed - - default default] Successfully bumped revision number for resource 846ce70e-3250-43c0-86f4-3be6ce0ec091 (type: ports) to 1
2026-05-29 07:03:44.201 9 INFO neutron.wsgi [req-bce02597-4612-4023-aecb-9ab4199124ec req-6790f2a1-4b0b-40c8-b223-46159282b10d 738e66f9ae104284b927548d817ccffe c5afc8b004dc44118ba6b685371333ed - - default default] 199.204.45.144 "POST /v2.0/ports HTTP/1.1" status: 201 len: 1158 time: 0.6782053
