2026-05-29 07:05:49.956 9 WARNING neutron.api.rpc.agentnotifiers.dhcp_rpc_agent_api [None req-2974db9a-f26c-458b-922e-d3787d89e5ab 0d9d9d856c4a44b5a8dfcb0ead4ba3ff 20864282147a430ebde2fed402d20238 - - default default] Unable to schedule network 4bef507a-c17f-481d-ad63-a1286624a404: no agents available; will retry on subsequent port and subnet creation events.
2026-05-29 07:05:50.039 9 INFO neutron.wsgi [req-0587091a-9aa9-4d84-bd40-39d54c59b8ae req-9894fee9-6466-4e35-bdde-99cf6945a8b6 bee219d4668340b590dc6ea5844b2360 adf2fd64b38440ae9d59f7770aa0c2f7 - - default default] 10.0.0.151 "GET /v2.0/ports?device_id=c22b4a53-24e5-4b2b-a204-e4d8eef725cd HTTP/1.1" status: 200 len: 1210 time: 0.0888441
2026-05-29 07:05:50.068 9 INFO neutron.db.ovn_revision_numbers_db [None req-2974db9a-f26c-458b-922e-d3787d89e5ab 0d9d9d856c4a44b5a8dfcb0ead4ba3ff 20864282147a430ebde2fed402d20238 - - default default] Successfully bumped revision number for resource 05a03fbd-91ea-4a90-8631-38de5f339bb5 (type: subnets) to 0
2026-05-29 07:05:50.089 9 INFO neutron.wsgi [None req-2974db9a-f26c-458b-922e-d3787d89e5ab 0d9d9d856c4a44b5a8dfcb0ead4ba3ff 20864282147a430ebde2fed402d20238 - - default default] 10.0.0.97 "POST /v2.0/subnets HTTP/1.1" status: 201 len: 848 time: 0.5113947
2026-05-29 07:05:50.113 10 WARNING neutron_lib.context [None req-a1939120-ccd2-4ee5-a631-0c74815d863b 0d9d9d856c4a44b5a8dfcb0ead4ba3ff 20864282147a430ebde2fed402d20238 - - default default] Method 'is_advsvc' is deprecated since 2023.2 release (neutron-lib 3.8.0) and will be removed once support for the old RBAC API policies will be removed from Neutron. Please use method 'is_service_role' instead.
2026-05-29 07:05:50.240 10 INFO neutron.db.segments_db [None req-a1939120-ccd2-4ee5-a631-0c74815d863b 0d9d9d856c4a44b5a8dfcb0ead4ba3ff 20864282147a430ebde2fed402d20238 - - default default] Added segment 342cf909-74fb-4c17-9e58-72be42914b0f of type geneve for network 7a98903a-a753-4e03-b237-45397c469f0e
2026-05-29 07:05:50.406 10 INFO neutron.db.l3_db [None req-7dd71f9e-33ae-442b-aafd-181ab72b82df bee219d4668340b590dc6ea5844b2360 adf2fd64b38440ae9d59f7770aa0c2f7 - - default default] Floating IP c89420c7-3c95-434d-b290-df2d3ac96385 associated. External IP: 10.96.250.202, port: b6b1b448-6b20-4223-8a02-d9cba9fa2ed0.
2026-05-29 07:05:50.444 10 INFO neutron.db.ovn_revision_numbers_db [None req-a1939120-ccd2-4ee5-a631-0c74815d863b 0d9d9d856c4a44b5a8dfcb0ead4ba3ff 20864282147a430ebde2fed402d20238 - - default default] Successfully bumped revision number for resource 7a98903a-a753-4e03-b237-45397c469f0e (type: networks) to 1
2026-05-29 07:05:50.503 9 INFO neutron.db.ovn_revision_numbers_db [None req-36b4d184-3632-4c34-9c4a-00ebfd76112a 12a2b0a75f7b4832bac722113d194526 c799fcafff594e7ba6b7a1fbef20e5b6 - - default default] Successfully bumped revision number for resource 412ff217-866e-4116-9593-f58e11e3331c (type: ports) to 2
2026-05-29 07:05:50.537 9 INFO neutron.db.ovn_revision_numbers_db [None req-36b4d184-3632-4c34-9c4a-00ebfd76112a 12a2b0a75f7b4832bac722113d194526 c799fcafff594e7ba6b7a1fbef20e5b6 - - default default] Successfully bumped revision number for resource d09b6fe7-c10e-476f-b9db-1260889b25a3 (type: subnets) to 0
2026-05-29 07:05:50.554 9 INFO neutron.wsgi [None req-36b4d184-3632-4c34-9c4a-00ebfd76112a 12a2b0a75f7b4832bac722113d194526 c799fcafff594e7ba6b7a1fbef20e5b6 - - default default] 10.0.0.97 "POST /v2.0/subnets HTTP/1.1" status: 201 len: 822 time: 0.9303691
2026-05-29 07:05:50.565 9 WARNING neutron.api.v2.base [None req-6da69134-9d09-411c-be48-9be9160ddbf3 12a2b0a75f7b4832bac722113d194526 c799fcafff594e7ba6b7a1fbef20e5b6 - - default default] An exception happened while processing the request body. The exception message is [Invalid input for target_tenant. Reason: '1234123412341234123412341234123412341234123412341234123412341234123412341234123412341234123412341234123412341234123412341234123412341234123412341234123412341234123412341234123412341234123412341234123412341234123412341234123412341234123412341234123412341234123412341234123412341234123412341234123412341234123412341234123412341234123412341234123412341234123412341234123412341234123412341234123412341234' exceeds maximum length of 255.].: webob.exc.HTTPBadRequest: Invalid input for target_tenant. Reason: '1234123412341234123412341234123412341234123412341234123412341234123412341234123412341234123412341234123412341234123412341234123412341234123412341234123412341234123412341234123412341234123412341234123412341234123412341234123412341234123412341234123412341234123412341234123412341234123412341234123412341234123412341234123412341234123412341234123412341234123412341234123412341234123412341234123412341234' exceeds maximum length of 255.
2026-05-29 07:05:50.565 9 INFO neutron.api.v2.resource [None req-6da69134-9d09-411c-be48-9be9160ddbf3 12a2b0a75f7b4832bac722113d194526 c799fcafff594e7ba6b7a1fbef20e5b6 - - default default] create failed (client error): Invalid input for target_tenant. Reason: '1234123412341234123412341234123412341234123412341234123412341234123412341234123412341234123412341234123412341234123412341234123412341234123412341234123412341234123412341234123412341234123412341234123412341234123412341234123412341234123412341234123412341234123412341234123412341234123412341234123412341234123412341234123412341234123412341234123412341234123412341234123412341234123412341234123412341234' exceeds maximum length of 255.
2026-05-29 07:05:50.566 9 INFO neutron.wsgi [None req-6da69134-9d09-411c-be48-9be9160ddbf3 12a2b0a75f7b4832bac722113d194526 c799fcafff594e7ba6b7a1fbef20e5b6 - - default default] 10.0.0.97 "POST /v2.0/rbac-policies HTTP/1.1" status: 400 len: 750 time: 0.0058897
2026-05-29 07:05:50.736 10 WARNING neutron.scheduler.dhcp_agent_scheduler [None req-a1939120-ccd2-4ee5-a631-0c74815d863b 0d9d9d856c4a44b5a8dfcb0ead4ba3ff 20864282147a430ebde2fed402d20238 - - default default] No more DHCP agents
2026-05-29 07:05:50.738 10 INFO neutron.db.ovn_revision_numbers_db [None req-7dd71f9e-33ae-442b-aafd-181ab72b82df bee219d4668340b590dc6ea5844b2360 adf2fd64b38440ae9d59f7770aa0c2f7 - - default default] Successfully bumped revision number for resource c89420c7-3c95-434d-b290-df2d3ac96385 (type: floatingips) to 1
2026-05-29 07:05:50.740 10 WARNING neutron.api.rpc.agentnotifiers.dhcp_rpc_agent_api [None req-a1939120-ccd2-4ee5-a631-0c74815d863b 0d9d9d856c4a44b5a8dfcb0ead4ba3ff 20864282147a430ebde2fed402d20238 - - default default] Unable to schedule network 7a98903a-a753-4e03-b237-45397c469f0e: no agents available; will retry on subsequent port and subnet creation events.
2026-05-29 07:05:50.883 10 INFO neutron.db.ovn_revision_numbers_db [None req-a1939120-ccd2-4ee5-a631-0c74815d863b 0d9d9d856c4a44b5a8dfcb0ead4ba3ff 20864282147a430ebde2fed402d20238 - - default default] Successfully bumped revision number for resource 72a35d04-8be3-40c4-8f41-1650e86a4831 (type: ports) to 1
2026-05-29 07:05:50.894 10 INFO neutron.db.ovn_revision_numbers_db [None req-7dd71f9e-33ae-442b-aafd-181ab72b82df bee219d4668340b590dc6ea5844b2360 adf2fd64b38440ae9d59f7770aa0c2f7 - - default default] Successfully bumped revision number for resource c89420c7-3c95-434d-b290-df2d3ac96385 (type: floatingips) to 2
2026-05-29 07:05:50.920 10 INFO neutron.wsgi [None req-a1939120-ccd2-4ee5-a631-0c74815d863b 0d9d9d856c4a44b5a8dfcb0ead4ba3ff 20864282147a430ebde2fed402d20238 - - default default] 10.0.0.97 "POST /v2.0/networks HTTP/1.1" status: 201 len: 846 time: 0.8245039
2026-05-29 07:05:50.922 10 INFO neutron.wsgi [None req-7dd71f9e-33ae-442b-aafd-181ab72b82df bee219d4668340b590dc6ea5844b2360 adf2fd64b38440ae9d59f7770aa0c2f7 - - default default] 10.0.0.97 "PUT /v2.0/floatingips/c89420c7-3c95-434d-b290-df2d3ac96385 HTTP/1.1" status: 200 len: 1049 time: 0.8648856 /var/lib/openstack/lib/python3.10/site-packages/pycadf/identifier.py:71: UserWarning: Invalid uuid: neutron. To ensure interoperability, identifiers should be a valid uuid. warnings.warn(('Invalid uuid: %s. To ensure interoperability, '
2026-05-29 07:05:50.969 10 INFO neutron.notifiers.nova [-] Nova event matching ['req-2f64e1a1-e5dd-4930-b329-4944e09bb4e0'] response: {'name': 'network-changed', 'server_uuid': 'c22b4a53-24e5-4b2b-a204-e4d8eef725cd', 'tag': 'b6b1b448-6b20-4223-8a02-d9cba9fa2ed0', 'status': 'completed', 'code': 200}
2026-05-29 07:05:51.034 9 INFO neutron.wsgi [req-36f2ba56-eb62-4a92-a0be-8cfb62466897 req-79794c81-d143-4847-a0a4-688f6342232c 8ccd67e3d6794f418eaf234fb8ea2616 cab9c5b69d5c4ee7a91f227694af28c3 - - cd4e054b602b420090beb20b074e9986 cd4e054b602b420090beb20b074e9986] 199.204.45.144 "GET /v2.0/ports?tenant_id=adf2fd64b38440ae9d59f7770aa0c2f7&device_id=c22b4a53-24e5-4b2b-a204-e4d8eef725cd HTTP/1.1" status: 200 len: 1448 time: 0.0413430
2026-05-29 07:05:51.134 9 INFO neutron.wsgi [req-36f2ba56-eb62-4a92-a0be-8cfb62466897 req-f2ac71d8-1d5e-4867-ae31-a3843bbdefee 8ccd67e3d6794f418eaf234fb8ea2616 cab9c5b69d5c4ee7a91f227694af28c3 - - cd4e054b602b420090beb20b074e9986 cd4e054b602b420090beb20b074e9986] 199.204.45.144 "GET /v2.0/networks?id=42fac379-da8f-4f7d-b66d-38eab86ea7db HTTP/1.1" status: 200 len: 970 time: 0.0933175
2026-05-29 07:05:51.177 10 INFO neutron.db.ovn_revision_numbers_db [None req-f0a91a9f-fdc9-4d67-8d9e-306cdc09ef30 0d9d9d856c4a44b5a8dfcb0ead4ba3ff 20864282147a430ebde2fed402d20238 - - default default] Successfully bumped revision number for resource 7a98903a-a753-4e03-b237-45397c469f0e (type: networks) to 2
2026-05-29 07:05:51.184 10 INFO neutron.wsgi [None req-f0a91a9f-fdc9-4d67-8d9e-306cdc09ef30 0d9d9d856c4a44b5a8dfcb0ead4ba3ff 20864282147a430ebde2fed402d20238 - - default default] 10.0.0.97 "PUT /v2.0/networks/7a98903a-a753-4e03-b237-45397c469f0e HTTP/1.1" status: 200 len: 792 time: 0.2543867
2026-05-29 07:05:51.200 10 WARNING neutron_lib.context [None req-b7982635-61fd-4e57-b407-94b97bde805c 0d9d9d856c4a44b5a8dfcb0ead4ba3ff 20864282147a430ebde2fed402d20238 - - default default] Method 'is_advsvc' is deprecated since 2023.2 release (neutron-lib 3.8.0) and will be removed once support for the old RBAC API policies will be removed from Neutron. Please use method 'is_service_role' instead.
2026-05-29 07:05:51.217 9 INFO neutron.wsgi [req-36f2ba56-eb62-4a92-a0be-8cfb62466897 req-2b86b3b7-b991-4e63-969a-591634057ac1 8ccd67e3d6794f418eaf234fb8ea2616 cab9c5b69d5c4ee7a91f227694af28c3 - - cd4e054b602b420090beb20b074e9986 cd4e054b602b420090beb20b074e9986] 199.204.45.144 "GET /v2.0/floatingips?fixed_ip_address=10.100.0.6&port_id=b6b1b448-6b20-4223-8a02-d9cba9fa2ed0 HTTP/1.1" status: 200 len: 1059 time: 0.0759244
2026-05-29 07:05:51.231 9 INFO neutron.services.segments.plugin [-] Segment 24d00562-ea53-4c35-9bf2-17b8a080f3d3 resource provider aggregate not found
2026-05-29 07:05:51.236 9 INFO neutron.services.segments.plugin [-] Segment 24d00562-ea53-4c35-9bf2-17b8a080f3d3 resource provider aggregate not found
2026-05-29 07:05:51.256 9 INFO neutron.services.segments.plugin [-] Segment 24d00562-ea53-4c35-9bf2-17b8a080f3d3 resource provider not found; error: Placement Client Error (4xx): {"errors": [{"status": 404, "title": "Not Found", "detail": "The resource could not be found.\n\n No resource provider with uuid 24d00562-ea53-4c35-9bf2-17b8a080f3d3 found for delete ", "request_id": "req-4b0f75dc-6910-4088-9917-a66864328aaa"}]}
2026-05-29 07:05:51.258 9 INFO neutron.services.segments.plugin [-] Segment 24d00562-ea53-4c35-9bf2-17b8a080f3d3 resource provider not found; error: Placement Client Error (4xx): {"errors": [{"status": 404, "title": "Not Found", "detail": "The resource could not be found.\n\n No resource provider with uuid 24d00562-ea53-4c35-9bf2-17b8a080f3d3 found for delete ", "request_id": "req-49ce3404-593c-4529-b337-7967044bbdc6"}]}
2026-05-29 07:05:51.288 9 INFO neutron.wsgi [req-36f2ba56-eb62-4a92-a0be-8cfb62466897 req-480ad378-e5f1-4487-868b-3a7ce7e9efaf 8ccd67e3d6794f418eaf234fb8ea2616 cab9c5b69d5c4ee7a91f227694af28c3 - - cd4e054b602b420090beb20b074e9986 cd4e054b602b420090beb20b074e9986] 199.204.45.144 "GET /v2.0/subnets?id=be4bf881-eb72-46cc-8a86-ff5d7bfeeb9c HTTP/1.1" status: 200 len: 865 time: 0.0471094
2026-05-29 07:05:51.311 9 INFO neutron.wsgi [None req-74624408-d68e-408f-9e43-2ae0c0b6fcec 12a2b0a75f7b4832bac722113d194526 c799fcafff594e7ba6b7a1fbef20e5b6 - - default default] 10.0.0.97 "DELETE /v2.0/networks/499e1ed2-1a6c-4170-a5e8-273b66f39a63 HTTP/1.1" status: 204 len: 168 time: 0.7408214
2026-05-29 07:05:51.321 9 INFO neutron.wsgi [req-36f2ba56-eb62-4a92-a0be-8cfb62466897 req-af3c8f92-21d1-44b9-b945-17976498843f 8ccd67e3d6794f418eaf234fb8ea2616 cab9c5b69d5c4ee7a91f227694af28c3 - - cd4e054b602b420090beb20b074e9986 cd4e054b602b420090beb20b074e9986] 199.204.45.144 "GET /v2.0/ports?network_id=42fac379-da8f-4f7d-b66d-38eab86ea7db&device_owner=network%3Adhcp HTTP/1.1" status: 200 len: 210 time: 0.0261450
2026-05-29 07:05:51.406 9 INFO neutron.wsgi [req-36f2ba56-eb62-4a92-a0be-8cfb62466897 req-61449cfd-47bc-46de-b49f-7a27bff5ee84 8ccd67e3d6794f418eaf234fb8ea2616 cab9c5b69d5c4ee7a91f227694af28c3 - - cd4e054b602b420090beb20b074e9986 cd4e054b602b420090beb20b074e9986] 199.204.45.144 "GET /v2.0/networks/42fac379-da8f-4f7d-b66d-38eab86ea7db?fields=segments HTTP/1.1" status: 200 len: 212 time: 0.0732801
2026-05-29 07:05:51.462 10 INFO neutron.db.segments_db [None req-0c71a620-1765-46bf-ac3d-7790336c7fd1 12a2b0a75f7b4832bac722113d194526 c799fcafff594e7ba6b7a1fbef20e5b6 - - default default] Added segment d658255c-97d8-4f3e-93f8-5a94efe5d8b1 of type geneve for network 3a04c232-7370-4d1e-a4cc-c7c2fb056c91
2026-05-29 07:05:51.493 9 INFO neutron.wsgi [req-36f2ba56-eb62-4a92-a0be-8cfb62466897 req-0871500b-c2cd-4f5f-b322-6d7a2ec28cc1 8ccd67e3d6794f418eaf234fb8ea2616 cab9c5b69d5c4ee7a91f227694af28c3 - - cd4e054b602b420090beb20b074e9986 cd4e054b602b420090beb20b074e9986] 199.204.45.144 "GET /v2.0/networks/42fac379-da8f-4f7d-b66d-38eab86ea7db?fields=provider%3Aphysical_network&fields=provider%3Anetwork_type HTTP/1.1" status: 200 len: 277 time: 0.0775936
2026-05-29 07:05:51.576 10 WARNING neutron.scheduler.dhcp_agent_scheduler [None req-b7982635-61fd-4e57-b407-94b97bde805c 0d9d9d856c4a44b5a8dfcb0ead4ba3ff 20864282147a430ebde2fed402d20238 - - default default] No more DHCP agents
2026-05-29 07:05:51.582 10 WARNING neutron.api.rpc.agentnotifiers.dhcp_rpc_agent_api [None req-b7982635-61fd-4e57-b407-94b97bde805c 0d9d9d856c4a44b5a8dfcb0ead4ba3ff 20864282147a430ebde2fed402d20238 - - default default] Unable to schedule network 7a98903a-a753-4e03-b237-45397c469f0e: no agents available; will retry on subsequent port and subnet creation events.
2026-05-29 07:05:51.668 10 INFO neutron.db.ovn_revision_numbers_db [None req-b7982635-61fd-4e57-b407-94b97bde805c 0d9d9d856c4a44b5a8dfcb0ead4ba3ff 20864282147a430ebde2fed402d20238 - - default default] Successfully bumped revision number for resource 5469670c-6813-4bbb-946e-2c8b56e14f2c (type: subnets) to 0
2026-05-29 07:05:51.692 10 INFO neutron.wsgi [None req-b7982635-61fd-4e57-b407-94b97bde805c 0d9d9d856c4a44b5a8dfcb0ead4ba3ff 20864282147a430ebde2fed402d20238 - - default default] 10.0.0.97 "POST /v2.0/subnets HTTP/1.1" status: 201 len: 821 time: 0.5004773
2026-05-29 07:05:51.702 10 INFO neutron.db.ovn_revision_numbers_db [None req-0c71a620-1765-46bf-ac3d-7790336c7fd1 12a2b0a75f7b4832bac722113d194526 c799fcafff594e7ba6b7a1fbef20e5b6 - - default default] Successfully bumped revision number for resource 3a04c232-7370-4d1e-a4cc-c7c2fb056c91 (type: networks) to 1
2026-05-29 07:05:51.907 10 WARNING neutron.scheduler.dhcp_agent_scheduler [None req-0c71a620-1765-46bf-ac3d-7790336c7fd1 12a2b0a75f7b4832bac722113d194526 c799fcafff594e7ba6b7a1fbef20e5b6 - - default default] No more DHCP agents
2026-05-29 07:05:51.909 10 WARNING neutron.api.rpc.agentnotifiers.dhcp_rpc_agent_api [None req-0c71a620-1765-46bf-ac3d-7790336c7fd1 12a2b0a75f7b4832bac722113d194526 c799fcafff594e7ba6b7a1fbef20e5b6 - - default default] Unable to schedule network 3a04c232-7370-4d1e-a4cc-c7c2fb056c91: no agents available; will retry on subsequent port and subnet creation events.
2026-05-29 07:05:51.998 10 INFO neutron.db.ovn_revision_numbers_db [None req-0c71a620-1765-46bf-ac3d-7790336c7fd1 12a2b0a75f7b4832bac722113d194526 c799fcafff594e7ba6b7a1fbef20e5b6 - - default default] Successfully bumped revision number for resource c204cfae-7189-46e4-9c1e-0773b7cf425c (type: ports) to 1
2026-05-29 07:05:52.023 10 INFO neutron.wsgi [None req-0c71a620-1765-46bf-ac3d-7790336c7fd1 12a2b0a75f7b4832bac722113d194526 c799fcafff594e7ba6b7a1fbef20e5b6 - - default default] 10.0.0.97 "POST /v2.0/networks HTTP/1.1" status: 201 len: 928 time: 0.7046964
2026-05-29 07:05:52.192 10 WARNING neutron.scheduler.dhcp_agent_scheduler [None req-88bc7d25-18a8-4db3-81b4-dd3c9ca88443 12a2b0a75f7b4832bac722113d194526 c799fcafff594e7ba6b7a1fbef20e5b6 - - default default] No more DHCP agents
2026-05-29 07:05:52.193 10 WARNING neutron.api.rpc.agentnotifiers.dhcp_rpc_agent_api [None req-88bc7d25-18a8-4db3-81b4-dd3c9ca88443 12a2b0a75f7b4832bac722113d194526 c799fcafff594e7ba6b7a1fbef20e5b6 - - default default] Unable to schedule network 3a04c232-7370-4d1e-a4cc-c7c2fb056c91: no agents available; will retry on subsequent port and subnet creation events.
2026-05-29 07:05:52.524 9 INFO neutron.db.ovn_revision_numbers_db [None req-d22daca6-9636-479b-8f5f-c687ce9bec2f 0d9d9d856c4a44b5a8dfcb0ead4ba3ff 20864282147a430ebde2fed402d20238 - - default default] Successfully bumped revision number for resource 72a35d04-8be3-40c4-8f41-1650e86a4831 (type: ports) to 2
2026-05-29 07:05:52.594 9 INFO neutron.db.ovn_revision_numbers_db [None req-d22daca6-9636-479b-8f5f-c687ce9bec2f 0d9d9d856c4a44b5a8dfcb0ead4ba3ff 20864282147a430ebde2fed402d20238 - - default default] Successfully bumped revision number for resource 5469670c-6813-4bbb-946e-2c8b56e14f2c (type: subnets) to 1
2026-05-29 07:05:52.601 9 INFO neutron.wsgi [None req-d22daca6-9636-479b-8f5f-c687ce9bec2f 0d9d9d856c4a44b5a8dfcb0ead4ba3ff 20864282147a430ebde2fed402d20238 - - default default] 10.0.0.97 "PUT /v2.0/subnets/5469670c-6813-4bbb-946e-2c8b56e14f2c HTTP/1.1" status: 200 len: 826 time: 0.9029303
2026-05-29 07:05:52.764 10 INFO neutron.db.ovn_revision_numbers_db [None req-88bc7d25-18a8-4db3-81b4-dd3c9ca88443 12a2b0a75f7b4832bac722113d194526 c799fcafff594e7ba6b7a1fbef20e5b6 - - default default] Successfully bumped revision number for resource c204cfae-7189-46e4-9c1e-0773b7cf425c (type: ports) to 2
2026-05-29 07:05:52.803 10 INFO neutron.db.ovn_revision_numbers_db [None req-88bc7d25-18a8-4db3-81b4-dd3c9ca88443 12a2b0a75f7b4832bac722113d194526 c799fcafff594e7ba6b7a1fbef20e5b6 - - default default] Successfully bumped revision number for resource 470cf88a-27e8-4b82-a131-61f132340b7e (type: subnets) to 0
2026-05-29 07:05:52.822 10 INFO neutron.wsgi [None req-88bc7d25-18a8-4db3-81b4-dd3c9ca88443 12a2b0a75f7b4832bac722113d194526 c799fcafff594e7ba6b7a1fbef20e5b6 - - default default] 10.0.0.97 "POST /v2.0/subnets HTTP/1.1" status: 201 len: 822 time: 0.7916067
2026-05-29 07:05:53.147 10 INFO neutron.wsgi [None req-9290514c-132e-4150-8e50-1526f7f69ec5 12a2b0a75f7b4832bac722113d194526 c799fcafff594e7ba6b7a1fbef20e5b6 - - default default] 10.0.0.97 "POST /v2.0/rbac-policies HTTP/1.1" status: 201 len: 523 time: 0.3189838
2026-05-29 07:05:53.187 9 INFO neutron.wsgi [None req-3c87e097-773b-4f80-89c9-361fb9051440 0d9d9d856c4a44b5a8dfcb0ead4ba3ff 20864282147a430ebde2fed402d20238 - - default default] 10.0.0.97 "DELETE /v2.0/networks/7a98903a-a753-4e03-b237-45397c469f0e HTTP/1.1" status: 204 len: 168 time: 0.5746789
2026-05-29 07:05:53.216 10 INFO neutron.pecan_wsgi.hooks.translation [None req-419d9e5a-5fd8-4a78-9de6-c785d2bf98db 0d9d9d856c4a44b5a8dfcb0ead4ba3ff 20864282147a430ebde2fed402d20238 - - default default] DELETE failed (client error): The resource could not be found.
2026-05-29 07:05:53.219 10 INFO neutron.wsgi [None req-419d9e5a-5fd8-4a78-9de6-c785d2bf98db 0d9d9d856c4a44b5a8dfcb0ead4ba3ff 20864282147a430ebde2fed402d20238 - - default default] 10.0.0.97 "DELETE /v2.0/networks/7a98903a-a753-4e03-b237-45397c469f0e HTTP/1.1" status: 404 len: 339 time: 0.0261250
2026-05-29 07:05:53.279 9 INFO neutron.services.segments.plugin [-] Segment 342cf909-74fb-4c17-9e58-72be42914b0f resource provider aggregate not found
2026-05-29 07:05:53.286 9 INFO neutron.services.segments.plugin [-] Segment 342cf909-74fb-4c17-9e58-72be42914b0f resource provider aggregate not found
2026-05-29 07:05:53.307 9 INFO neutron.services.segments.plugin [-] Segment 342cf909-74fb-4c17-9e58-72be42914b0f resource provider not found; error: Placement Client Error (4xx): {"errors": [{"status": 404, "title": "Not Found", "detail": "The resource could not be found.\n\n No resource provider with uuid 342cf909-74fb-4c17-9e58-72be42914b0f found for delete ", "request_id": "req-a2eb80d2-d3f7-429e-880e-5c576ca3bf8c"}]}
2026-05-29 07:05:53.309 9 INFO neutron.services.segments.plugin [-] Segment 342cf909-74fb-4c17-9e58-72be42914b0f resource provider not found; error: Placement Client Error (4xx): {"errors": [{"status": 404, "title": "Not Found", "detail": "The resource could not be found.\n\n No resource provider with uuid 342cf909-74fb-4c17-9e58-72be42914b0f found for delete ", "request_id": "req-59ee951e-deee-4950-a97a-ca90cd03610e"}]}
2026-05-29 07:05:53.344 10 INFO neutron.wsgi [None req-0b56d129-fde0-463d-a2a0-903acfd85ff6 0d9d9d856c4a44b5a8dfcb0ead4ba3ff 20864282147a430ebde2fed402d20238 - - default default] 10.0.0.97 "GET /v2.0/networks?router%3Aexternal=True HTTP/1.1" status: 200 len: 845 time: 0.1178308
2026-05-29 07:05:53.406 10 INFO neutron.wsgi [None req-4b8a1f57-60c8-47ac-b198-c14e4afa3cc7 0d9d9d856c4a44b5a8dfcb0ead4ba3ff 20864282147a430ebde2fed402d20238 - - default default] 10.0.0.97 "GET /v2.0/subnets?network_id=e98ca2f6-9d03-45b7-a913-0503db65e33d HTTP/1.1" status: 200 len: 820 time: 0.0572264
2026-05-29 07:05:53.418 10 INFO neutron.wsgi [None req-876a43fb-750e-4534-a9d2-ce7fdf1f1a5c 0d9d9d856c4a44b5a8dfcb0ead4ba3ff 20864282147a430ebde2fed402d20238 - - default default] 10.0.0.97 "GET /v2.0/extensions HTTP/1.1" status: 200 len: 16975 time: 0.0055070
2026-05-29 07:05:53.493 10 INFO neutron.wsgi [None req-a6a89ba1-ee33-4a3f-932e-64a1748c37b1 0d9d9d856c4a44b5a8dfcb0ead4ba3ff 20864282147a430ebde2fed402d20238 - - default default] 10.0.0.97 "GET /v2.0/networks HTTP/1.1" status: 200 len: 1508 time: 0.0703056
2026-05-29 07:05:53.660 9 INFO neutron.wsgi [None req-08ddcee9-4653-4802-8617-ede386103c30 4510624242e24af38d78672431316566 06b9d9487bc7470e94c05852396703e8 - - default default] 10.0.0.97 "GET /v2.0/networks/3a04c232-7370-4d1e-a4cc-c7c2fb056c91 HTTP/1.1" status: 200 len: 848 time: 0.1179695
2026-05-29 07:05:53.682 9 INFO neutron.wsgi [-] 10.0.0.7 "GET / HTTP/1.1" status: 200 len: 246 time: 0.0029874
2026-05-29 07:05:53.685 9 INFO neutron.wsgi [-] 10.0.0.7 "GET / HTTP/1.1" status: 200 len: 246 time: 0.0013354
2026-05-29 07:05:54.114 10 INFO neutron.wsgi [None req-aea1ee7f-4cdd-4dc2-8066-a66697212ef5 0d9d9d856c4a44b5a8dfcb0ead4ba3ff 20864282147a430ebde2fed402d20238 - - default default] 10.0.0.97 "GET /v2.0/subnets HTTP/1.1" status: 200 len: 1460 time: 0.6143491
2026-05-29 07:05:54.134 9 INFO neutron.pecan_wsgi.hooks.translation [None req-fdae5221-9700-45c6-a09a-acf03a0c9d49 b6584c8a56a94234be89758587311a7b c47e0a3d74a34a198318cdc5ace15a59 - - default default] GET failed (client error): The resource could not be found.
2026-05-29 07:05:54.137 9 INFO neutron.wsgi [None req-fdae5221-9700-45c6-a09a-acf03a0c9d49 b6584c8a56a94234be89758587311a7b c47e0a3d74a34a198318cdc5ace15a59 - - default default] 10.0.0.97 "GET /v2.0/networks/3a04c232-7370-4d1e-a4cc-c7c2fb056c91 HTTP/1.1" status: 404 len: 339 time: 0.0826080
2026-05-29 07:05:54.226 10 INFO neutron.wsgi [None req-3b627ead-5562-4912-85aa-f9890cb98934 0d9d9d856c4a44b5a8dfcb0ead4ba3ff 20864282147a430ebde2fed402d20238 - - default default] 10.0.0.97 "GET /v2.0/networks/4bef507a-c17f-481d-ad63-a1286624a404 HTTP/1.1" status: 200 len: 867 time: 0.0969777
2026-05-29 07:05:54.291 10 INFO neutron.wsgi [None req-020c7f8e-c0ad-4edc-bcb3-14a0a8d1841e 0d9d9d856c4a44b5a8dfcb0ead4ba3ff 20864282147a430ebde2fed402d20238 - - default default] 10.0.0.97 "GET /v2.0/subnets/05a03fbd-91ea-4a90-8631-38de5f339bb5 HTTP/1.1" status: 200 len: 843 time: 0.0439086
2026-05-29 07:05:54.316 10 INFO neutron.pecan_wsgi.hooks.translation [None req-035ba1fa-3183-4773-a428-3626dbd6a4f2 0d9d9d856c4a44b5a8dfcb0ead4ba3ff 20864282147a430ebde2fed402d20238 - - default default] DELETE failed (client error): The resource could not be found.
2026-05-29 07:05:54.318 10 INFO neutron.wsgi [None req-035ba1fa-3183-4773-a428-3626dbd6a4f2 0d9d9d856c4a44b5a8dfcb0ead4ba3ff 20864282147a430ebde2fed402d20238 - - default default] 10.0.0.97 "DELETE /v2.0/subnets/5469670c-6813-4bbb-946e-2c8b56e14f2c HTTP/1.1" status: 404 len: 337 time: 0.0193019
2026-05-29 07:05:54.346 10 INFO neutron.pecan_wsgi.hooks.translation [None req-ce87e2c3-cd09-4a52-a172-9ddacf7cf178 0d9d9d856c4a44b5a8dfcb0ead4ba3ff 20864282147a430ebde2fed402d20238 - - default default] DELETE failed (client error): The resource could not be found.
2026-05-29 07:05:54.349 10 INFO neutron.wsgi [None req-ce87e2c3-cd09-4a52-a172-9ddacf7cf178 0d9d9d856c4a44b5a8dfcb0ead4ba3ff 20864282147a430ebde2fed402d20238 - - default default] 10.0.0.97 "DELETE /v2.0/networks/7a98903a-a753-4e03-b237-45397c469f0e HTTP/1.1" status: 404 len: 339 time: 0.0229239
2026-05-29 07:05:54.566 10 INFO neutron.wsgi [None req-f3783e0e-f900-41f0-9d77-7a9afb4f9fbf 0d9d9d856c4a44b5a8dfcb0ead4ba3ff 20864282147a430ebde2fed402d20238 - - default default] 10.0.0.97 "DELETE /v2.0/subnets/05a03fbd-91ea-4a90-8631-38de5f339bb5 HTTP/1.1" status: 204 len: 168 time: 0.2120795
2026-05-29 07:05:54.773 9 INFO neutron.wsgi [None req-730279e7-806d-4266-9ca6-33a189b1f029 12a2b0a75f7b4832bac722113d194526 c799fcafff594e7ba6b7a1fbef20e5b6 - - default default] 10.0.0.97 "DELETE /v2.0/networks/3a04c232-7370-4d1e-a4cc-c7c2fb056c91 HTTP/1.1" status: 204 len: 168 time: 0.6180608
2026-05-29 07:05:54.797 10 INFO neutron.pecan_wsgi.hooks.translation [None req-a58ede4c-2b16-4fd4-9f40-55c3c72e9d80 12a2b0a75f7b4832bac722113d194526 c799fcafff594e7ba6b7a1fbef20e5b6 - - default default] DELETE failed (client error): The resource could not be found.
2026-05-29 07:05:54.799 10 INFO neutron.wsgi [None req-a58ede4c-2b16-4fd4-9f40-55c3c72e9d80 12a2b0a75f7b4832bac722113d194526 c799fcafff594e7ba6b7a1fbef20e5b6 - - default default] 10.0.0.97 "DELETE /v2.0/subnets/08602a6a-a059-4a2b-b09e-08eeb54deaa4 HTTP/1.1" status: 404 len: 337 time: 0.0192230
2026-05-29 07:05:54.826 10 INFO neutron.pecan_wsgi.hooks.translation [None req-6e13a5c3-7205-4143-987a-0723a72ca3c9 12a2b0a75f7b4832bac722113d194526 c799fcafff594e7ba6b7a1fbef20e5b6 - - default default] DELETE failed (client error): The resource could not be found.
2026-05-29 07:05:54.828 10 INFO neutron.wsgi [None req-6e13a5c3-7205-4143-987a-0723a72ca3c9 12a2b0a75f7b4832bac722113d194526 c799fcafff594e7ba6b7a1fbef20e5b6 - - default default] 10.0.0.97 "DELETE /v2.0/subnets/d09b6fe7-c10e-476f-b9db-1260889b25a3 HTTP/1.1" status: 404 len: 337 time: 0.0217297
2026-05-29 07:05:54.853 9 INFO neutron.pecan_wsgi.hooks.translation [None req-3a1f8d5c-a1be-4307-b3ef-7950f0a217b5 12a2b0a75f7b4832bac722113d194526 c799fcafff594e7ba6b7a1fbef20e5b6 - - default default] DELETE failed (client error): The resource could not be found.
2026-05-29 07:05:54.856 9 INFO neutron.wsgi [None req-3a1f8d5c-a1be-4307-b3ef-7950f0a217b5 12a2b0a75f7b4832bac722113d194526 c799fcafff594e7ba6b7a1fbef20e5b6 - - default default] 10.0.0.97 "DELETE /v2.0/subnets/470cf88a-27e8-4b82-a131-61f132340b7e HTTP/1.1" status: 404 len: 337 time: 0.0208669
2026-05-29 07:05:54.979 10 INFO neutron.services.segments.plugin [-] Segment 223c719b-f245-4720-abf6-9a52195c3a1b resource provider aggregate not found
2026-05-29 07:05:54.984 10 INFO neutron.services.segments.plugin [-] Segment 223c719b-f245-4720-abf6-9a52195c3a1b resource provider aggregate not found
2026-05-29 07:05:55.001 10 INFO neutron.services.segments.plugin [-] Segment 223c719b-f245-4720-abf6-9a52195c3a1b resource provider not found; error: Placement Client Error (4xx): {"errors": [{"status": 404, "title": "Not Found", "detail": "The resource could not be found.\n\n No resource provider with uuid 223c719b-f245-4720-abf6-9a52195c3a1b found for delete ", "request_id": "req-6815fda0-9018-4d82-aa20-a94e044eb459"}]}
2026-05-29 07:05:55.005 10 INFO neutron.services.segments.plugin [-] Segment 223c719b-f245-4720-abf6-9a52195c3a1b resource provider not found; error: Placement Client Error (4xx): {"errors": [{"status": 404, "title": "Not Found", "detail": "The resource could not be found.\n\n No resource provider with uuid 223c719b-f245-4720-abf6-9a52195c3a1b found for delete ", "request_id": "req-198748ac-2e1b-4aef-b3c5-bb98e1ac4f5f"}]}
2026-05-29 07:05:55.030 10 INFO neutron.wsgi [None req-0eeaaf47-34db-4b73-8cc0-a40c425418fb 0d9d9d856c4a44b5a8dfcb0ead4ba3ff 20864282147a430ebde2fed402d20238 - - default default] 10.0.0.97 "DELETE /v2.0/networks/4bef507a-c17f-481d-ad63-a1286624a404 HTTP/1.1" status: 204 len: 168 time: 0.4568601
2026-05-29 07:05:55.329 9 INFO neutron.services.segments.plugin [-] Segment d658255c-97d8-4f3e-93f8-5a94efe5d8b1 resource provider aggregate not found
2026-05-29 07:05:55.335 9 INFO neutron.services.segments.plugin [-] Segment d658255c-97d8-4f3e-93f8-5a94efe5d8b1 resource provider aggregate not found
2026-05-29 07:05:55.347 9 INFO neutron.services.segments.plugin [-] Segment d658255c-97d8-4f3e-93f8-5a94efe5d8b1 resource provider not found; error: Placement Client Error (4xx): {"errors": [{"status": 404, "title": "Not Found", "detail": "The resource could not be found.\n\n No resource provider with uuid d658255c-97d8-4f3e-93f8-5a94efe5d8b1 found for delete ", "request_id": "req-b564fef1-aed4-4b09-8e7e-954fa2a98034"}]}
2026-05-29 07:05:55.360 9 INFO neutron.services.segments.plugin [-] Segment d658255c-97d8-4f3e-93f8-5a94efe5d8b1 resource provider not found; error: Placement Client Error (4xx): {"errors": [{"status": 404, "title": "Not Found", "detail": "The resource could not be found.\n\n No resource provider with uuid d658255c-97d8-4f3e-93f8-5a94efe5d8b1 found for delete ", "request_id": "req-57b9b56a-5995-4059-a202-83aef70fe60e"}]}
2026-05-29 07:05:55.817 10 INFO neutron.wsgi [None req-dd2c2222-da1a-428d-afd8-27cb0b2180d6 5af4d8153f78468fab62759554c78630 a3ad3e858eb04234a54a62e3101c8323 - - default default] 10.0.0.97 "GET /v2.0/security-groups?tenant_id=20864282147a430ebde2fed402d20238&name=default HTTP/1.1" status: 200 len: 2996 time: 0.2208085
2026-05-29 07:05:55.891 9 INFO neutron.wsgi [None req-b3b963c6-8755-40ee-9bf2-5253e19ac8c0 5af4d8153f78468fab62759554c78630 a3ad3e858eb04234a54a62e3101c8323 - - default default] 10.0.0.97 "GET /v2.0/security-groups?tenant_id=c799fcafff594e7ba6b7a1fbef20e5b6&name=default HTTP/1.1" status: 200 len: 2996 time: 0.0930054
2026-05-29 07:05:56.058 10 INFO neutron.wsgi [None req-db28c2d1-4590-4bfc-b963-253930a89ee2 5af4d8153f78468fab62759554c78630 a3ad3e858eb04234a54a62e3101c8323 - - default default] 10.0.0.97 "DELETE /v2.0/security-groups/bdbe7caf-e852-4cc6-b301-4655450d227e HTTP/1.1" status: 204 len: 168 time: 0.2342455
2026-05-29 07:05:56.117 9 INFO neutron.wsgi [None req-f7f6ab64-45cb-4d16-a30d-ebc731ca27a4 5af4d8153f78468fab62759554c78630 a3ad3e858eb04234a54a62e3101c8323 - - default default] 10.0.0.97 "DELETE /v2.0/security-groups/b44d3a98-6629-4c37-8e8b-282f0b44423f HTTP/1.1" status: 204 len: 168 time: 0.2198730
2026-05-29 07:05:56.415 10 INFO neutron.db.ovn_revision_numbers_db [None req-a4493296-2f86-4d39-9db2-0288e9111b3e 5af4d8153f78468fab62759554c78630 a3ad3e858eb04234a54a62e3101c8323 - - default default] Successfully bumped revision number for resource 684eba7c-6c62-423f-8b7a-6f963e797c1e (type: security_groups) to 1
2026-05-29 07:05:56.436 10 INFO neutron.db.ovn_revision_numbers_db [None req-a4493296-2f86-4d39-9db2-0288e9111b3e 5af4d8153f78468fab62759554c78630 a3ad3e858eb04234a54a62e3101c8323 - - default default] Successfully bumped revision number for resource 6987af88-27be-4539-8a26-8db0a82a9115 (type: security_group_rules) to 0
2026-05-29 07:05:56.457 10 INFO neutron.db.ovn_revision_numbers_db [None req-a4493296-2f86-4d39-9db2-0288e9111b3e 5af4d8153f78468fab62759554c78630 a3ad3e858eb04234a54a62e3101c8323 - - default default] Successfully bumped revision number for resource 9acda6f2-37a1-4e0d-99b7-fbb617e74d1d (type: security_group_rules) to 0
2026-05-29 07:05:56.479 10 INFO neutron.db.ovn_revision_numbers_db [None req-a4493296-2f86-4d39-9db2-0288e9111b3e 5af4d8153f78468fab62759554c78630 a3ad3e858eb04234a54a62e3101c8323 - - default default] Successfully bumped revision number for resource cf4f1c36-0e11-4dfa-b6c2-014bd1c0c6a8 (type: security_group_rules) to 0
2026-05-29 07:05:56.497 10 INFO neutron.db.ovn_revision_numbers_db [None req-a4493296-2f86-4d39-9db2-0288e9111b3e 5af4d8153f78468fab62759554c78630 a3ad3e858eb04234a54a62e3101c8323 - - default default] Successfully bumped revision number for resource f16534b4-f3c2-4792-8e1b-ebd54f156450 (type: security_group_rules) to 0
2026-05-29 07:05:56.524 10 INFO neutron.wsgi [None req-a4493296-2f86-4d39-9db2-0288e9111b3e 5af4d8153f78468fab62759554c78630 a3ad3e858eb04234a54a62e3101c8323 - - default default] 10.0.0.97 "GET /v2.0/security-groups?tenant_id=c47e0a3d74a34a198318cdc5ace15a59&name=default HTTP/1.1" status: 200 len: 2996 time: 0.2512398
2026-05-29 07:05:56.760 10 INFO neutron.wsgi [None req-2dfd023b-e662-482f-8d7e-493463251c19 5af4d8153f78468fab62759554c78630 a3ad3e858eb04234a54a62e3101c8323 - - default default] 10.0.0.97 "DELETE /v2.0/security-groups/684eba7c-6c62-423f-8b7a-6f963e797c1e HTTP/1.1" status: 204 len: 168 time: 0.2281618
2026-05-29 07:05:56.998 9 INFO neutron.db.ovn_revision_numbers_db [None req-e127669e-d28f-49b6-af52-5a1033d41aeb 5af4d8153f78468fab62759554c78630 a3ad3e858eb04234a54a62e3101c8323 - - default default] Successfully bumped revision number for resource 8c801f16-d9d3-4a2d-8470-cd8ecfbe451e (type: security_groups) to 1
2026-05-29 07:05:57.014 9 INFO neutron.db.ovn_revision_numbers_db [None req-e127669e-d28f-49b6-af52-5a1033d41aeb 5af4d8153f78468fab62759554c78630 a3ad3e858eb04234a54a62e3101c8323 - - default default] Successfully bumped revision number for resource 3c70148b-2b26-4d1b-a4c7-0e27c918d312 (type: security_group_rules) to 0
2026-05-29 07:05:57.029 9 INFO neutron.db.ovn_revision_numbers_db [None req-e127669e-d28f-49b6-af52-5a1033d41aeb 5af4d8153f78468fab62759554c78630 a3ad3e858eb04234a54a62e3101c8323 - - default default] Successfully bumped revision number for resource 6c4be336-6f84-4b86-a4a7-facdc81c90f5 (type: security_group_rules) to 0
2026-05-29 07:05:57.044 9 INFO neutron.db.ovn_revision_numbers_db [None req-e127669e-d28f-49b6-af52-5a1033d41aeb 5af4d8153f78468fab62759554c78630 a3ad3e858eb04234a54a62e3101c8323 - - default default] Successfully bumped revision number for resource 6eb29131-ec55-48d9-8bee-30946167f717 (type: security_group_rules) to 0
2026-05-29 07:05:57.060 9 INFO neutron.db.ovn_revision_numbers_db [None req-e127669e-d28f-49b6-af52-5a1033d41aeb 5af4d8153f78468fab62759554c78630 a3ad3e858eb04234a54a62e3101c8323 - - default default] Successfully bumped revision number for resource 9246d0bc-46e3-4f28-9e4e-20e082dae87a (type: security_group_rules) to 0
2026-05-29 07:05:57.088 9 INFO neutron.wsgi [None req-e127669e-d28f-49b6-af52-5a1033d41aeb 5af4d8153f78468fab62759554c78630 a3ad3e858eb04234a54a62e3101c8323 - - default default] 10.0.0.97 "GET /v2.0/security-groups?tenant_id=06b9d9487bc7470e94c05852396703e8&name=default HTTP/1.1" status: 200 len: 2996 time: 0.2235284
2026-05-29 07:05:57.297 9 INFO neutron.wsgi [None req-527f9ef0-09b2-44ff-b721-4d7674444728 5af4d8153f78468fab62759554c78630 a3ad3e858eb04234a54a62e3101c8323 - - default default] 10.0.0.97 "DELETE /v2.0/security-groups/8c801f16-d9d3-4a2d-8470-cd8ecfbe451e HTTP/1.1" status: 204 len: 168 time: 0.2006009
2026-05-29 07:05:58.102 9 WARNING neutron_lib.context [None req-5e373658-f73a-4d93-b76e-38bab1b05954 fb31a104187549a09f4074b059daeae2 59430c17722c466592bff16c7209ff74 - - default default] Method 'is_advsvc' is deprecated since 2023.2 release (neutron-lib 3.8.0) and will be removed once support for the old RBAC API policies will be removed from Neutron. Please use method 'is_service_role' instead.
2026-05-29 07:05:58.256 9 INFO neutron.db.ovn_revision_numbers_db [None req-5e373658-f73a-4d93-b76e-38bab1b05954 fb31a104187549a09f4074b059daeae2 59430c17722c466592bff16c7209ff74 - - default default] Successfully bumped revision number for resource 21adfb24-1b31-46de-8bd3-50bc0ec6eae9 (type: security_groups) to 1
2026-05-29 07:05:58.278 9 INFO neutron.db.ovn_revision_numbers_db [None req-5e373658-f73a-4d93-b76e-38bab1b05954 fb31a104187549a09f4074b059daeae2 59430c17722c466592bff16c7209ff74 - - default default] Successfully bumped revision number for resource 76e75e21-da47-4bd5-85c8-f45e7d5521d5 (type: security_group_rules) to 0
2026-05-29 07:05:58.296 9 INFO neutron.db.ovn_revision_numbers_db [None req-5e373658-f73a-4d93-b76e-38bab1b05954 fb31a104187549a09f4074b059daeae2 59430c17722c466592bff16c7209ff74 - - default default] Successfully bumped revision number for resource a08ba243-79b3-453a-a26e-97c2be2898f0 (type: security_group_rules) to 0
2026-05-29 07:05:58.318 9 INFO neutron.db.ovn_revision_numbers_db [None req-5e373658-f73a-4d93-b76e-38bab1b05954 fb31a104187549a09f4074b059daeae2 59430c17722c466592bff16c7209ff74 - - default default] Successfully bumped revision number for resource b562d7ad-3750-454f-99c7-3739fc6bcde8 (type: security_group_rules) to 0
2026-05-29 07:05:58.335 9 INFO neutron.db.ovn_revision_numbers_db [None req-5e373658-f73a-4d93-b76e-38bab1b05954 fb31a104187549a09f4074b059daeae2 59430c17722c466592bff16c7209ff74 - - default default] Successfully bumped revision number for resource fd50a080-bc13-4332-9ddf-ef666b1db78b (type: security_group_rules) to 0
2026-05-29 07:05:58.391 9 INFO neutron.db.segments_db [None req-5e373658-f73a-4d93-b76e-38bab1b05954 fb31a104187549a09f4074b059daeae2 59430c17722c466592bff16c7209ff74 - - default default] Added segment 7396bc4f-87a3-4ee5-b819-7f0a01dfc629 of type geneve for network 98bbeabb-965b-4ad6-b01a-5a8c3115ba86
2026-05-29 07:05:58.563 9 INFO neutron.db.ovn_revision_numbers_db [None req-5e373658-f73a-4d93-b76e-38bab1b05954 fb31a104187549a09f4074b059daeae2 59430c17722c466592bff16c7209ff74 - - default default] Successfully bumped revision number for resource 98bbeabb-965b-4ad6-b01a-5a8c3115ba86 (type: networks) to 1
2026-05-29 07:05:58.748 9 WARNING neutron.scheduler.dhcp_agent_scheduler [None req-5e373658-f73a-4d93-b76e-38bab1b05954 fb31a104187549a09f4074b059daeae2 59430c17722c466592bff16c7209ff74 - - default default] No more DHCP agents
2026-05-29 07:05:58.750 9 WARNING neutron.api.rpc.agentnotifiers.dhcp_rpc_agent_api [None req-5e373658-f73a-4d93-b76e-38bab1b05954 fb31a104187549a09f4074b059daeae2 59430c17722c466592bff16c7209ff74 - - default default] Unable to schedule network 98bbeabb-965b-4ad6-b01a-5a8c3115ba86: no agents available; will retry on subsequent port and subnet creation events.
2026-05-29 07:05:58.835 9 INFO neutron.db.ovn_revision_numbers_db [None req-5e373658-f73a-4d93-b76e-38bab1b05954 fb31a104187549a09f4074b059daeae2 59430c17722c466592bff16c7209ff74 - - default default] Successfully bumped revision number for resource 045dfe20-94b9-42c0-9a8a-899f281fef2c (type: ports) to 1
2026-05-29 07:05:58.860 9 INFO neutron.wsgi [None req-5e373658-f73a-4d93-b76e-38bab1b05954 fb31a104187549a09f4074b059daeae2 59430c17722c466592bff16c7209ff74 - - default default] 10.0.0.97 "POST /v2.0/networks HTTP/1.1" status: 201 len: 843 time: 0.8776035
2026-05-29 07:05:58.903 9 WARNING neutron_lib.context [None req-c7b6b6e9-de2d-4f7c-92a9-3eb290495d78 fb31a104187549a09f4074b059daeae2 59430c17722c466592bff16c7209ff74 - - default default] Method 'is_advsvc' is deprecated since 2023.2 release (neutron-lib 3.8.0) and will be removed once support for the old RBAC API policies will be removed from Neutron. Please use method 'is_service_role' instead.
2026-05-29 07:05:59.662 9 WARNING neutron.scheduler.dhcp_agent_scheduler [None req-c7b6b6e9-de2d-4f7c-92a9-3eb290495d78 fb31a104187549a09f4074b059daeae2 59430c17722c466592bff16c7209ff74 - - default default] No more DHCP agents
2026-05-29 07:05:59.665 9 WARNING neutron.api.rpc.agentnotifiers.dhcp_rpc_agent_api [None req-c7b6b6e9-de2d-4f7c-92a9-3eb290495d78 fb31a104187549a09f4074b059daeae2 59430c17722c466592bff16c7209ff74 - - default default] Unable to schedule network 98bbeabb-965b-4ad6-b01a-5a8c3115ba86: no agents available; will retry on subsequent port and subnet creation events.
2026-05-29 07:06:00.201 9 INFO neutron.db.ovn_revision_numbers_db [None req-c7b6b6e9-de2d-4f7c-92a9-3eb290495d78 fb31a104187549a09f4074b059daeae2 59430c17722c466592bff16c7209ff74 - - default default] Successfully bumped revision number for resource 045dfe20-94b9-42c0-9a8a-899f281fef2c (type: ports) to 2
2026-05-29 07:06:00.256 9 INFO neutron.db.ovn_revision_numbers_db [None req-c7b6b6e9-de2d-4f7c-92a9-3eb290495d78 fb31a104187549a09f4074b059daeae2 59430c17722c466592bff16c7209ff74 - - default default] Successfully bumped revision number for resource 42e2d3d3-90bf-4238-9d2f-a867e11ae7da (type: subnets) to 0
2026-05-29 07:06:00.283 9 INFO neutron.wsgi [None req-c7b6b6e9-de2d-4f7c-92a9-3eb290495d78 fb31a104187549a09f4074b059daeae2 59430c17722c466592bff16c7209ff74 - - default default] 10.0.0.97 "POST /v2.0/subnets HTTP/1.1" status: 201 len: 816 time: 1.3887835
2026-05-29 07:06:00.301 9 WARNING neutron_lib.context [None req-33c92320-da0f-4821-a3c6-86c7c6dfaa41 fb31a104187549a09f4074b059daeae2 59430c17722c466592bff16c7209ff74 - - default default] Method 'is_advsvc' is deprecated since 2023.2 release (neutron-lib 3.8.0) and will be removed once support for the old RBAC API policies will be removed from Neutron. Please use method 'is_service_role' instead.
2026-05-29 07:06:00.399 9 INFO neutron.db.segments_db [None req-33c92320-da0f-4821-a3c6-86c7c6dfaa41 fb31a104187549a09f4074b059daeae2 59430c17722c466592bff16c7209ff74 - - default default] Added segment 6c48083f-892e-493b-96cb-4f988ececb3e of type geneve for network ea65a843-385f-45f9-9d81-527ef4273242
2026-05-29 07:06:00.544 9 INFO neutron.db.ovn_revision_numbers_db [None req-33c92320-da0f-4821-a3c6-86c7c6dfaa41 fb31a104187549a09f4074b059daeae2 59430c17722c466592bff16c7209ff74 - - default default] Successfully bumped revision number for resource ea65a843-385f-45f9-9d81-527ef4273242 (type: networks) to 1
2026-05-29 07:06:00.709 9 WARNING neutron.scheduler.dhcp_agent_scheduler [None req-33c92320-da0f-4821-a3c6-86c7c6dfaa41 fb31a104187549a09f4074b059daeae2 59430c17722c466592bff16c7209ff74 - - default default] No more DHCP agents
2026-05-29 07:06:00.712 9 WARNING neutron.api.rpc.agentnotifiers.dhcp_rpc_agent_api [None req-33c92320-da0f-4821-a3c6-86c7c6dfaa41 fb31a104187549a09f4074b059daeae2 59430c17722c466592bff16c7209ff74 - - default default] Unable to schedule network ea65a843-385f-45f9-9d81-527ef4273242: no agents available; will retry on subsequent port and subnet creation events.
2026-05-29 07:06:00.788 9 INFO neutron.db.ovn_revision_numbers_db [None req-33c92320-da0f-4821-a3c6-86c7c6dfaa41 fb31a104187549a09f4074b059daeae2 59430c17722c466592bff16c7209ff74 - - default default] Successfully bumped revision number for resource bcf772fb-3ca1-4281-8898-fbd5092a156a (type: ports) to 1
2026-05-29 07:06:00.810 9 INFO neutron.wsgi [None req-33c92320-da0f-4821-a3c6-86c7c6dfaa41 fb31a104187549a09f4074b059daeae2 59430c17722c466592bff16c7209ff74 - - default default] 10.0.0.97 "POST /v2.0/networks HTTP/1.1" status: 201 len: 842 time: 0.5141716
2026-05-29 07:06:00.982 9 INFO neutron.db.ovn_revision_numbers_db [None req-478e75a0-3afe-4569-9fa4-b2e624aa68c2 fb31a104187549a09f4074b059daeae2 59430c17722c466592bff16c7209ff74 - - default default] Successfully bumped revision number for resource ea65a843-385f-45f9-9d81-527ef4273242 (type: networks) to 2
2026-05-29 07:06:00.987 9 INFO neutron.wsgi [None req-478e75a0-3afe-4569-9fa4-b2e624aa68c2 fb31a104187549a09f4074b059daeae2 59430c17722c466592bff16c7209ff74 - - default default] 10.0.0.97 "PUT /v2.0/networks/ea65a843-385f-45f9-9d81-527ef4273242 HTTP/1.1" status: 200 len: 792 time: 0.1717458
2026-05-29 07:06:00.997 9 WARNING neutron_lib.context [None req-c52ee8e5-2906-4428-b7fe-5e9dc8c3c73c fb31a104187549a09f4074b059daeae2 59430c17722c466592bff16c7209ff74 - - default default] Method 'is_advsvc' is deprecated since 2023.2 release (neutron-lib 3.8.0) and will be removed once support for the old RBAC API policies will be removed from Neutron. Please use method 'is_service_role' instead.
2026-05-29 07:06:01.260 9 WARNING neutron.scheduler.dhcp_agent_scheduler [None req-c52ee8e5-2906-4428-b7fe-5e9dc8c3c73c fb31a104187549a09f4074b059daeae2 59430c17722c466592bff16c7209ff74 - - default default] No more DHCP agents
2026-05-29 07:06:01.263 9 WARNING neutron.api.rpc.agentnotifiers.dhcp_rpc_agent_api [None req-c52ee8e5-2906-4428-b7fe-5e9dc8c3c73c fb31a104187549a09f4074b059daeae2 59430c17722c466592bff16c7209ff74 - - default default] Unable to schedule network ea65a843-385f-45f9-9d81-527ef4273242: no agents available; will retry on subsequent port and subnet creation events.
2026-05-29 07:06:01.586 9 WARNING neutron_lib.context [None req-2f42fba8-294c-4b01-bd32-7a1a4e6cc1bd 01f38cf13c81490181b2f66ac78b79f0 495e008086aa445a824cb3aa162d52ba - - default default] Method 'is_advsvc' is deprecated since 2023.2 release (neutron-lib 3.8.0) and will be removed once support for the old RBAC API policies will be removed from Neutron. Please use method 'is_service_role' instead.
2026-05-29 07:06:01.824 9 INFO neutron.db.ovn_revision_numbers_db [None req-2f42fba8-294c-4b01-bd32-7a1a4e6cc1bd 01f38cf13c81490181b2f66ac78b79f0 495e008086aa445a824cb3aa162d52ba - - default default] Successfully bumped revision number for resource c3c3dbc9-6892-4029-8d6b-2f75e6c7e530 (type: security_groups) to 1
2026-05-29 07:06:01.861 9 INFO neutron.db.ovn_revision_numbers_db [None req-2f42fba8-294c-4b01-bd32-7a1a4e6cc1bd 01f38cf13c81490181b2f66ac78b79f0 495e008086aa445a824cb3aa162d52ba - - default default] Successfully bumped revision number for resource 28c5196f-e5bf-4dbc-b2ba-3a9cc6d9d663 (type: security_group_rules) to 0
2026-05-29 07:06:01.875 9 INFO neutron.db.ovn_revision_numbers_db [None req-c52ee8e5-2906-4428-b7fe-5e9dc8c3c73c fb31a104187549a09f4074b059daeae2 59430c17722c466592bff16c7209ff74 - - default default] Successfully bumped revision number for resource bcf772fb-3ca1-4281-8898-fbd5092a156a (type: ports) to 2
2026-05-29 07:06:01.877 9 INFO neutron.db.ovn_revision_numbers_db [None req-2f42fba8-294c-4b01-bd32-7a1a4e6cc1bd 01f38cf13c81490181b2f66ac78b79f0 495e008086aa445a824cb3aa162d52ba - - default default] Successfully bumped revision number for resource 65331367-7cf9-416c-ae67-a2e2078f1689 (type: security_group_rules) to 0
2026-05-29 07:06:01.900 9 INFO neutron.db.ovn_revision_numbers_db [None req-2f42fba8-294c-4b01-bd32-7a1a4e6cc1bd 01f38cf13c81490181b2f66ac78b79f0 495e008086aa445a824cb3aa162d52ba - - default default] Successfully bumped revision number for resource 8855da35-c13d-4c9f-aeeb-0cf9ed016661 (type: security_group_rules) to 0
2026-05-29 07:06:01.912 9 INFO neutron.db.ovn_revision_numbers_db [None req-c52ee8e5-2906-4428-b7fe-5e9dc8c3c73c fb31a104187549a09f4074b059daeae2 59430c17722c466592bff16c7209ff74 - - default default] Successfully bumped revision number for resource 10d2d476-a665-449c-81d2-8da4ca38f3f8 (type: subnets) to 0
2026-05-29 07:06:01.921 9 INFO neutron.db.ovn_revision_numbers_db [None req-2f42fba8-294c-4b01-bd32-7a1a4e6cc1bd 01f38cf13c81490181b2f66ac78b79f0 495e008086aa445a824cb3aa162d52ba - - default default] Successfully bumped revision number for resource b6fd38a6-b2a8-4f92-b2c0-b99851a39ed8 (type: security_group_rules) to 0
2026-05-29 07:06:01.933 9 INFO neutron.wsgi [None req-c52ee8e5-2906-4428-b7fe-5e9dc8c3c73c fb31a104187549a09f4074b059daeae2 59430c17722c466592bff16c7209ff74 - - default default] 10.0.0.97 "POST /v2.0/subnets HTTP/1.1" status: 201 len: 801 time: 0.9408481
2026-05-29 07:06:01.966 9 INFO neutron.db.segments_db [None req-2f42fba8-294c-4b01-bd32-7a1a4e6cc1bd 01f38cf13c81490181b2f66ac78b79f0 495e008086aa445a824cb3aa162d52ba - - default default] Added segment 21c68959-f970-491b-bd80-0e1594e41631 of type geneve for network c0e77cb8-7dcf-4d3e-a5eb-f07bc108a747
2026-05-29 07:06:02.119 9 INFO neutron.db.ovn_revision_numbers_db [None req-2f42fba8-294c-4b01-bd32-7a1a4e6cc1bd 01f38cf13c81490181b2f66ac78b79f0 495e008086aa445a824cb3aa162d52ba - - default default] Successfully bumped revision number for resource c0e77cb8-7dcf-4d3e-a5eb-f07bc108a747 (type: networks) to 1
2026-05-29 07:06:02.273 10 INFO neutron.db.ovn_revision_numbers_db [None req-b2c42277-ec6d-4e70-a71c-336890971ae8 fb31a104187549a09f4074b059daeae2 59430c17722c466592bff16c7209ff74 - - default default] Successfully bumped revision number for resource 10d2d476-a665-449c-81d2-8da4ca38f3f8 (type: subnets) to 1
2026-05-29 07:06:02.279 10 INFO neutron.wsgi [None req-b2c42277-ec6d-4e70-a71c-336890971ae8 fb31a104187549a09f4074b059daeae2 59430c17722c466592bff16c7209ff74 - - default default] 10.0.0.97 "PUT /v2.0/subnets/10d2d476-a665-449c-81d2-8da4ca38f3f8 HTTP/1.1" status: 200 len: 806 time: 0.3347571
2026-05-29 07:06:02.303 9 WARNING neutron.scheduler.dhcp_agent_scheduler [None req-2f42fba8-294c-4b01-bd32-7a1a4e6cc1bd 01f38cf13c81490181b2f66ac78b79f0 495e008086aa445a824cb3aa162d52ba - - default default] No more DHCP agents
2026-05-29 07:06:02.305 9 WARNING neutron.api.rpc.agentnotifiers.dhcp_rpc_agent_api [None req-2f42fba8-294c-4b01-bd32-7a1a4e6cc1bd 01f38cf13c81490181b2f66ac78b79f0 495e008086aa445a824cb3aa162d52ba - - default default] Unable to schedule network c0e77cb8-7dcf-4d3e-a5eb-f07bc108a747: no agents available; will retry on subsequent port and subnet creation events.
