May 20 08:28:29.087797 np0000175318 devstack@neutron-api.service[103152]: INFO neutron.plugins.ml2.plugin [None req-679f7fa4-f78d-4abe-83f1-d0ab12fed55c None None] Modular L2 Plugin initialization complete
May 20 08:28:29.087841 np0000175318 devstack@neutron-api.service[103149]: DEBUG neutron_lib.callbacks.manager [None req-5b7731c8-389c-4b5b-ac11-320c583d0cbf None None] Subscribe: > floatingip precommit_create 55550000, False {{(pid=103149) subscribe /opt/stack/data/venv/lib/python3.12/site-packages/neutron_lib/callbacks/manager.py:52}}
May 20 08:28:29.087894 np0000175318 devstack@neutron-api.service[103152]: DEBUG neutron.manager [None req-679f7fa4-f78d-4abe-83f1-d0ab12fed55c None None] Loading services supported by the core plugin {{(pid=103152) _load_services_from_core_plugin /opt/stack/neutron/neutron/manager.py:170}}
May 20 08:28:29.087936 np0000175318 devstack@neutron-api.service[103149]: DEBUG neutron_lib.callbacks.manager [None req-5b7731c8-389c-4b5b-ac11-320c583d0cbf None None] Subscribe: > floatingip precommit_update 55550000, False {{(pid=103149) subscribe /opt/stack/data/venv/lib/python3.12/site-packages/neutron_lib/callbacks/manager.py:52}}
May 20 08:28:29.087984 np0000175318 devstack@neutron-api.service[103152]: INFO neutron.plugins.ml2.managers [None req-679f7fa4-f78d-4abe-83f1-d0ab12fed55c None None] Got port-security extension from driver 'port_security'
May 20 08:28:29.088025 np0000175318 devstack@neutron-api.service[103149]: DEBUG neutron_lib.callbacks.manager [None req-5b7731c8-389c-4b5b-ac11-320c583d0cbf None None] Subscribe: > floatingip after_delete 55550000, False {{(pid=103149) subscribe /opt/stack/data/venv/lib/python3.12/site-packages/neutron_lib/callbacks/manager.py:52}}
May 20 08:28:29.088143 np0000175318 devstack@neutron-api.service[103149]: DEBUG neutron_lib.callbacks.manager [None req-5b7731c8-389c-4b5b-ac11-320c583d0cbf None None] Subscribe: > floatingip after_status_update 55550000, False {{(pid=103149) subscribe /opt/stack/data/venv/lib/python3.12/site-packages/neutron_lib/callbacks/manager.py:52}}
May 20 08:28:29.088206 np0000175318 devstack@neutron-api.service[103149]: DEBUG neutron_lib.callbacks.manager [None req-5b7731c8-389c-4b5b-ac11-320c583d0cbf None None] Subscribe: > floatingip after_update 55550000, False {{(pid=103149) subscribe /opt/stack/data/venv/lib/python3.12/site-packages/neutron_lib/callbacks/manager.py:52}}
May 20 08:28:29.088289 np0000175318 devstack@neutron-api.service[103152]: DEBUG neutron.manager [None req-679f7fa4-f78d-4abe-83f1-d0ab12fed55c None None] Loading service plugins: ['ovn-router', 'auto_allocate', 'tag', 'timestamp', 'network_ip_availability', 'flavors', 'revisions'] {{(pid=103152) _load_service_plugins /opt/stack/neutron/neutron/manager.py:195}}
May 20 08:28:29.088367 np0000175318 devstack@neutron-api.service[103149]: DEBUG neutron_lib.callbacks.manager [None req-5b7731c8-389c-4b5b-ac11-320c583d0cbf None None] Subscribe: > port_forwarding after_create 55550000, False {{(pid=103149) subscribe /opt/stack/data/venv/lib/python3.12/site-packages/neutron_lib/callbacks/manager.py:52}}
May 20 08:28:29.088473 np0000175318 devstack@neutron-api.service[103152]: INFO neutron.manager [None req-679f7fa4-f78d-4abe-83f1-d0ab12fed55c None None] Loading Plugin: ovn-router
May 20 08:28:29.088553 np0000175318 devstack@neutron-api.service[103149]: DEBUG neutron_lib.callbacks.manager [None req-5b7731c8-389c-4b5b-ac11-320c583d0cbf None None] Subscribe: > router_interface after_delete 55550000, False {{(pid=103149) subscribe /opt/stack/data/venv/lib/python3.12/site-packages/neutron_lib/callbacks/manager.py:52}}
May 20 08:28:29.088553 np0000175318 devstack@neutron-api.service[103149]: DEBUG neutron_lib.callbacks.manager [None req-5b7731c8-389c-4b5b-ac11-320c583d0cbf None None] Subscribe: > router after_create 55550000, False {{(pid=103149) subscribe /opt/stack/data/venv/lib/python3.12/site-packages/neutron_lib/callbacks/manager.py:52}}
May 20 08:28:29.088710 np0000175318 devstack@neutron-api.service[103149]: DEBUG neutron_lib.callbacks.manager [None req-5b7731c8-389c-4b5b-ac11-320c583d0cbf None None] Subscribe: > router precommit_create 55550000, False {{(pid=103149) subscribe /opt/stack/data/venv/lib/python3.12/site-packages/neutron_lib/callbacks/manager.py:52}}
May 20 08:28:29.088710 np0000175318 devstack@neutron-api.service[103149]: DEBUG neutron_lib.callbacks.manager [None req-5b7731c8-389c-4b5b-ac11-320c583d0cbf None None] Subscribe: > router after_delete 55550000, False {{(pid=103149) subscribe /opt/stack/data/venv/lib/python3.12/site-packages/neutron_lib/callbacks/manager.py:52}}
May 20 08:28:29.088895 np0000175318 devstack@neutron-api.service[103149]: DEBUG neutron_lib.callbacks.manager [None req-5b7731c8-389c-4b5b-ac11-320c583d0cbf None None] Subscribe: > router after_update 55550000, False {{(pid=103149) subscribe /opt/stack/data/venv/lib/python3.12/site-packages/neutron_lib/callbacks/manager.py:52}}
May 20 08:28:29.088895 np0000175318 devstack@neutron-api.service[103149]: DEBUG neutron.services.service_base [None req-5b7731c8-389c-4b5b-ac11-320c583d0cbf None None] Loaded 'neutron.services.ovn_l3.service_providers.ovn.OvnDriver' provider for service L3_ROUTER_NAT {{(pid=103149) load_drivers /opt/stack/neutron/neutron/services/service_base.py:49}}
May 20 08:28:29.089029 np0000175318 devstack@neutron-api.service[103149]: DEBUG neutron_lib.callbacks.manager [None req-5b7731c8-389c-4b5b-ac11-320c583d0cbf None None] Subscribe: > process after_init 55550001, True {{(pid=103149) subscribe /opt/stack/data/venv/lib/python3.12/site-packages/neutron_lib/callbacks/manager.py:52}}
May 20 08:28:29.089167 np0000175318 devstack@neutron-api.service[103149]: DEBUG neutron.manager [None req-5b7731c8-389c-4b5b-ac11-320c583d0cbf None None] Successfully loaded L3_ROUTER_NAT plugin. Description: L3 Router Service Plugin for basic L3 forwarding using OVN {{(pid=103149) _create_and_add_service_plugin /opt/stack/neutron/neutron/manager.py:239}}
May 20 08:28:29.089307 np0000175318 devstack@neutron-api.service[103149]: INFO neutron.manager [None req-5b7731c8-389c-4b5b-ac11-320c583d0cbf None None] Loading Plugin: auto_allocate
May 20 08:28:29.090230 np0000175318 devstack@neutron-api.service[103149]: DEBUG neutron_lib.callbacks.manager [None req-5b7731c8-389c-4b5b-ac11-320c583d0cbf None None] Subscribe: network precommit_update 55550000, False {{(pid=103149) subscribe /opt/stack/data/venv/lib/python3.12/site-packages/neutron_lib/callbacks/manager.py:52}}
May 20 08:28:29.090345 np0000175318 devstack@neutron-api.service[103149]: DEBUG neutron_lib.callbacks.manager [None req-5b7731c8-389c-4b5b-ac11-320c583d0cbf None None] Subscribe: network precommit_create 55550000, False {{(pid=103149) subscribe /opt/stack/data/venv/lib/python3.12/site-packages/neutron_lib/callbacks/manager.py:52}}
May 20 08:28:29.090555 np0000175318 devstack@neutron-api.service[103149]: DEBUG neutron.manager [None req-5b7731c8-389c-4b5b-ac11-320c583d0cbf None None] Successfully loaded auto-allocated-topology plugin. Description: Auto Allocated Topology - aka get me a network. {{(pid=103149) _create_and_add_service_plugin /opt/stack/neutron/neutron/manager.py:239}}
May 20 08:28:29.090701 np0000175318 devstack@neutron-api.service[103149]: INFO neutron.manager [None req-5b7731c8-389c-4b5b-ac11-320c583d0cbf None None] Loading Plugin: tag
May 20 08:28:29.093499 np0000175318 devstack@neutron-api.service[103149]: DEBUG neutron.manager [None req-5b7731c8-389c-4b5b-ac11-320c583d0cbf None None] Successfully loaded TAG plugin. Description: Tag support {{(pid=103149) _create_and_add_service_plugin /opt/stack/neutron/neutron/manager.py:239}}
May 20 08:28:29.093499 np0000175318 devstack@neutron-api.service[103149]: INFO neutron.manager [None req-5b7731c8-389c-4b5b-ac11-320c583d0cbf None None] Loading Plugin: timestamp
May 20 08:28:29.094732 np0000175318 devstack@neutron-api.service[103149]: DEBUG neutron.manager [None req-5b7731c8-389c-4b5b-ac11-320c583d0cbf None None] Successfully loaded timestamp plugin. Description: Adds timestamps to Neutron resources with standard attributes {{(pid=103149) _create_and_add_service_plugin /opt/stack/neutron/neutron/manager.py:239}}
May 20 08:28:29.094817 np0000175318 devstack@neutron-api.service[103149]: INFO neutron.manager [None req-5b7731c8-389c-4b5b-ac11-320c583d0cbf None None] Loading Plugin: network_ip_availability
May 20 08:28:29.096773 np0000175318 devstack@neutron-api.service[103149]: DEBUG neutron.manager [None req-5b7731c8-389c-4b5b-ac11-320c583d0cbf None None] Successfully loaded network-ip-availability plugin. Description: Provides IP availability data for each network and subnet. {{(pid=103149) _create_and_add_service_plugin /opt/stack/neutron/neutron/manager.py:239}}
May 20 08:28:29.096773 np0000175318 devstack@neutron-api.service[103149]: INFO neutron.manager [None req-5b7731c8-389c-4b5b-ac11-320c583d0cbf None None] Loading Plugin: flavors
May 20 08:28:29.097852 np0000175318 devstack@neutron-api.service[103149]: DEBUG neutron.manager [None req-5b7731c8-389c-4b5b-ac11-320c583d0cbf None None] Successfully loaded FLAVORS plugin. Description: Neutron Flavors and Service Profiles manager plugin {{(pid=103149) _create_and_add_service_plugin /opt/stack/neutron/neutron/manager.py:239}}
May 20 08:28:29.097852 np0000175318 devstack@neutron-api.service[103149]: INFO neutron.manager [None req-5b7731c8-389c-4b5b-ac11-320c583d0cbf None None] Loading Plugin: revisions
May 20 08:28:29.098399 np0000175318 devstack@neutron-api.service[103149]: DEBUG neutron.manager [None req-5b7731c8-389c-4b5b-ac11-320c583d0cbf None None] Successfully loaded revision_plugin plugin. Description: Adds revision numbers to resources. {{(pid=103149) _create_and_add_service_plugin /opt/stack/neutron/neutron/manager.py:239}}
May 20 08:28:29.098587 np0000175318 devstack@neutron-api.service[103149]: DEBUG oslo_concurrency.lockutils [None req-5b7731c8-389c-4b5b-ac11-320c583d0cbf None None] Lock "manager" "released" by "neutron.manager.NeutronManager._create_instance" :: held 4.849s {{(pid=103149) inner /opt/stack/data/venv/lib/python3.12/site-packages/oslo_concurrency/lockutils.py:543}}
May 20 08:28:29.099000 np0000175318 devstack@neutron-api.service[103149]: DEBUG neutron.api.extensions [None req-5b7731c8-389c-4b5b-ac11-320c583d0cbf None None] get_extension_paths = OrderedDict({'/opt/stack/neutron/neutron/extensions': 1}) {{(pid=103149) get_extensions_path /opt/stack/neutron/neutron/api/extensions.py:640}}
May 20 08:28:29.099000 np0000175318 devstack@neutron-api.service[103149]: INFO neutron.api.extensions [None req-5b7731c8-389c-4b5b-ac11-320c583d0cbf None None] Initializing extension manager.
May 20 08:28:29.099400 np0000175318 devstack@neutron-api.service[103149]: DEBUG neutron.api.extensions [None req-5b7731c8-389c-4b5b-ac11-320c583d0cbf None None] Loading extension file: __init__.py {{(pid=103149) _load_all_extensions_from_path /opt/stack/neutron/neutron/api/extensions.py:449}}
May 20 08:28:29.099400 np0000175318 devstack@neutron-api.service[103149]: DEBUG neutron.api.extensions [None req-5b7731c8-389c-4b5b-ac11-320c583d0cbf None None] Loading extension file: __pycache__ {{(pid=103149) _load_all_extensions_from_path /opt/stack/neutron/neutron/api/extensions.py:449}}
May 20 08:28:29.099400 np0000175318 devstack@neutron-api.service[103149]: DEBUG neutron.api.extensions [None req-5b7731c8-389c-4b5b-ac11-320c583d0cbf None None] Loading extension file: address_group.py {{(pid=103149) _load_all_extensions_from_path /opt/stack/neutron/neutron/api/extensions.py:449}}
May 20 08:28:29.099940 np0000175318 devstack@neutron-api.service[103152]: DEBUG neutron_lib.callbacks.manager [None req-679f7fa4-f78d-4abe-83f1-d0ab12fed55c None None] Subscribe: > router before_delete 55550000, False {{(pid=103152) subscribe /opt/stack/data/venv/lib/python3.12/site-packages/neutron_lib/callbacks/manager.py:52}}
May 20 08:28:29.100360 np0000175318 devstack@neutron-api.service[103149]: DEBUG neutron.api.extensions [None req-5b7731c8-389c-4b5b-ac11-320c583d0cbf None None] Ext name="Address group" alias="address-group" description="Support address group" updated="2020-07-15T10:00:00-00:00" {{(pid=103149) _check_extension /opt/stack/neutron/neutron/api/extensions.py:415}}
May 20 08:28:29.100626 np0000175318 devstack@neutron-api.service[103152]: DEBUG neutron_lib.callbacks.manager [None req-679f7fa4-f78d-4abe-83f1-d0ab12fed55c None None] Subscribe: port before_update 55550000, False {{(pid=103152) subscribe /opt/stack/data/venv/lib/python3.12/site-packages/neutron_lib/callbacks/manager.py:52}}
May 20 08:28:29.100626 np0000175318 devstack@neutron-api.service[103152]: DEBUG neutron_lib.callbacks.manager [None req-679f7fa4-f78d-4abe-83f1-d0ab12fed55c None None] Subscribe: port after_update 55550000, False {{(pid=103152) subscribe /opt/stack/data/venv/lib/python3.12/site-packages/neutron_lib/callbacks/manager.py:52}}
May 20 08:28:29.100626 np0000175318 devstack@neutron-api.service[103152]: DEBUG neutron_lib.callbacks.manager [None req-679f7fa4-f78d-4abe-83f1-d0ab12fed55c None None] Subscribe: > port precommit_delete 55550000, False {{(pid=103152) subscribe /opt/stack/data/venv/lib/python3.12/site-packages/neutron_lib/callbacks/manager.py:52}}
May 20 08:28:29.100832 np0000175318 devstack@neutron-api.service[103149]: INFO neutron.api.extensions [None req-5b7731c8-389c-4b5b-ac11-320c583d0cbf None None] Loaded extension: address-group
May 20 08:28:29.100875 np0000175318 devstack@neutron-api.service[103152]: DEBUG neutron_lib.callbacks.manager [None req-679f7fa4-f78d-4abe-83f1-d0ab12fed55c None None] Subscribe: port before_update 55550000, False {{(pid=103152) subscribe /opt/stack/data/venv/lib/python3.12/site-packages/neutron_lib/callbacks/manager.py:52}}
May 20 08:28:29.100875 np0000175318 devstack@neutron-api.service[103152]: DEBUG neutron_lib.callbacks.manager [None req-679f7fa4-f78d-4abe-83f1-d0ab12fed55c None None] Subscribe: port before_delete 55550000, False {{(pid=103152) subscribe /opt/stack/data/venv/lib/python3.12/site-packages/neutron_lib/callbacks/manager.py:52}}
May 20 08:28:29.101047 np0000175318 devstack@neutron-api.service[103149]: DEBUG neutron.api.extensions [None req-5b7731c8-389c-4b5b-ac11-320c583d0cbf None None] Loading extension file: address_scope.py {{(pid=103149) _load_all_extensions_from_path /opt/stack/neutron/neutron/api/extensions.py:449}}
May 20 08:28:29.101092 np0000175318 devstack@neutron-api.service[103152]: DEBUG neutron_lib.callbacks.manager [None req-679f7fa4-f78d-4abe-83f1-d0ab12fed55c None None] Subscribe: > router precommit_create 55550000, False {{(pid=103152) subscribe /opt/stack/data/venv/lib/python3.12/site-packages/neutron_lib/callbacks/manager.py:52}}
May 20 08:28:29.101092 np0000175318 devstack@neutron-api.service[103152]: DEBUG neutron_lib.callbacks.manager [None req-679f7fa4-f78d-4abe-83f1-d0ab12fed55c None None] Subscribe: > router precommit_create 55550000, False {{(pid=103152) subscribe /opt/stack/data/venv/lib/python3.12/site-packages/neutron_lib/callbacks/manager.py:52}}
May 20 08:28:29.101092 np0000175318 devstack@neutron-api.service[103152]: DEBUG neutron_lib.callbacks.manager [None req-679f7fa4-f78d-4abe-83f1-d0ab12fed55c None None] Subscribe: > router precommit_update 55550000, False {{(pid=103152) subscribe /opt/stack/data/venv/lib/python3.12/site-packages/neutron_lib/callbacks/manager.py:52}}
May 20 08:28:29.101092 np0000175318 devstack@neutron-api.service[103152]: DEBUG neutron_lib.callbacks.manager [None req-679f7fa4-f78d-4abe-83f1-d0ab12fed55c None None] Subscribe: subnet after_update 55550000, False {{(pid=103152) subscribe /opt/stack/data/venv/lib/python3.12/site-packages/neutron_lib/callbacks/manager.py:52}}
May 20 08:28:29.101413 np0000175318 devstack@neutron-api.service[103149]: DEBUG neutron.api.extensions [None req-5b7731c8-389c-4b5b-ac11-320c583d0cbf None None] Ext name="Address scope" alias="address-scope" description="Address scopes extension." updated="2015-07-26T10:00:00-00:00" {{(pid=103149) _check_extension /opt/stack/neutron/neutron/api/extensions.py:415}}
May 20 08:28:29.101545 np0000175318 devstack@neutron-api.service[103152]: DEBUG neutron.quota.resource_registry [None req-679f7fa4-f78d-4abe-83f1-d0ab12fed55c None None] Tracking information for resource: router configured {{(pid=103152) set_tracked_resource /opt/stack/neutron/neutron/quota/resource_registry.py:203}}
May 20 08:28:29.101590 np0000175318 devstack@neutron-api.service[103149]: INFO neutron.api.extensions [None req-5b7731c8-389c-4b5b-ac11-320c583d0cbf None None] Loaded extension: address-scope
May 20 08:28:29.101590 np0000175318 devstack@neutron-api.service[103149]: DEBUG neutron.api.extensions [None req-5b7731c8-389c-4b5b-ac11-320c583d0cbf None None] Loading extension file: admin_state_down_before_update.py {{(pid=103149) _load_all_extensions_from_path /opt/stack/neutron/neutron/api/extensions.py:449}}
May 20 08:28:29.101787 np0000175318 devstack@neutron-api.service[103152]: DEBUG neutron.quota.resource_registry [None req-679f7fa4-f78d-4abe-83f1-d0ab12fed55c None None] Tracking information for resource: floatingip configured {{(pid=103152) set_tracked_resource /opt/stack/neutron/neutron/quota/resource_registry.py:203}}
May 20 08:28:29.101787 np0000175318 devstack@neutron-api.service[103152]: INFO neutron.services.ovn_l3.plugin [None req-679f7fa4-f78d-4abe-83f1-d0ab12fed55c None None] Starting OVNL3RouterPlugin
May 20 08:28:29.101976 np0000175318 devstack@neutron-api.service[103149]: DEBUG neutron.api.extensions [None req-5b7731c8-389c-4b5b-ac11-320c583d0cbf None None] Ext name="Enforce Router's Admin State Down Before Update Extension" alias="router-admin-state-down-before-update" description="Ensure that the admin state of a router is DOWN (admin_state_up=False) before updating the distributed attribute" updated="2019-07-02T15:56:00" {{(pid=103149) _check_extension /opt/stack/neutron/neutron/api/extensions.py:415}}
May 20 08:28:29.102075 np0000175318 devstack@neutron-api.service[103152]: DEBUG neutron_lib.callbacks.manager [None req-679f7fa4-f78d-4abe-83f1-d0ab12fed55c None None] Subscribe: > port_forwarding_plugin after_init 55550000, False {{(pid=103152) subscribe /opt/stack/data/venv/lib/python3.12/site-packages/neutron_lib/callbacks/manager.py:52}}
May 20 08:28:29.102172 np0000175318 devstack@neutron-api.service[103149]: INFO neutron.api.extensions [None req-5b7731c8-389c-4b5b-ac11-320c583d0cbf None None] Extension router-admin-state-down-before-update not supported by any of loaded plugins
May 20 08:28:29.102172 np0000175318 devstack@neutron-api.service[103149]: DEBUG neutron.api.extensions [None req-5b7731c8-389c-4b5b-ac11-320c583d0cbf None None] Loading extension file: agent.py {{(pid=103149) _load_all_extensions_from_path /opt/stack/neutron/neutron/api/extensions.py:449}}
May 20 08:28:29.102337 np0000175318 devstack@neutron-api.service[103152]: DEBUG neutron_lib.callbacks.manager [None req-679f7fa4-f78d-4abe-83f1-d0ab12fed55c None None] Subscribe: > router before_create 55550100, False {{(pid=103152) subscribe /opt/stack/data/venv/lib/python3.12/site-packages/neutron_lib/callbacks/manager.py:52}}
May 20 08:28:29.102337 np0000175318 devstack@neutron-api.service[103152]: DEBUG neutron_lib.callbacks.manager [None req-679f7fa4-f78d-4abe-83f1-d0ab12fed55c None None] Subscribe: > router precommit_delete 55550100, False {{(pid=103152) subscribe /opt/stack/data/venv/lib/python3.12/site-packages/neutron_lib/callbacks/manager.py:52}}
May 20 08:28:29.102337 np0000175318 devstack@neutron-api.service[103152]: DEBUG neutron_lib.callbacks.manager [None req-679f7fa4-f78d-4abe-83f1-d0ab12fed55c None None] Subscribe: > router precommit_create 55550100, False {{(pid=103152) subscribe /opt/stack/data/venv/lib/python3.12/site-packages/neutron_lib/callbacks/manager.py:52}}
May 20 08:28:29.102596 np0000175318 devstack@neutron-api.service[103149]: DEBUG neutron.api.extensions [None req-5b7731c8-389c-4b5b-ac11-320c583d0cbf None None] Ext name="agent" alias="agent" description="The agent management extension." updated="2013-02-03T10:00:00-00:00" {{(pid=103149) _check_extension /opt/stack/neutron/neutron/api/extensions.py:415}}
May 20 08:28:29.103152 np0000175318 devstack@neutron-api.service[103152]: DEBUG neutron_lib.callbacks.manager [None req-679f7fa4-f78d-4abe-83f1-d0ab12fed55c None None] Subscribe: > router precommit_update 55550100, False {{(pid=103152) subscribe /opt/stack/data/venv/lib/python3.12/site-packages/neutron_lib/callbacks/manager.py:52}}
May 20 08:28:29.103469 np0000175318 devstack@neutron-api.service[103149]: INFO neutron.api.extensions [None req-5b7731c8-389c-4b5b-ac11-320c583d0cbf None None] Loaded extension: agent
May 20 08:28:29.103469 np0000175318 devstack@neutron-api.service[103149]: DEBUG neutron.api.extensions [None req-5b7731c8-389c-4b5b-ac11-320c583d0cbf None None] Loading extension file: agent_resources_synced.py {{(pid=103149) _load_all_extensions_from_path /opt/stack/neutron/neutron/api/extensions.py:449}}
May 20 08:28:29.103469 np0000175318 devstack@neutron-api.service[103149]: DEBUG neutron.api.extensions [None req-5b7731c8-389c-4b5b-ac11-320c583d0cbf None None] Ext name="Agent's Resource View Synced to Placement" alias="agent-resources-synced" description="Stores success/failure of last sync to Placement" updated="2018-12-19T00:00:00-00:00" {{(pid=103149) _check_extension /opt/stack/neutron/neutron/api/extensions.py:415}}
May 20 08:28:29.103469 np0000175318 devstack@neutron-api.service[103149]: INFO neutron.api.extensions [None req-5b7731c8-389c-4b5b-ac11-320c583d0cbf None None] Extension agent-resources-synced not supported by any of loaded plugins
May 20 08:28:29.103469 np0000175318 devstack@neutron-api.service[103149]: DEBUG neutron.api.extensions [None req-5b7731c8-389c-4b5b-ac11-320c583d0cbf None None] Loading extension file: agent_sort_key.py {{(pid=103149) _load_all_extensions_from_path /opt/stack/neutron/neutron/api/extensions.py:449}}
May 20 08:28:29.103469 np0000175318 devstack@neutron-api.service[103149]: DEBUG neutron.api.extensions [None req-5b7731c8-389c-4b5b-ac11-320c583d0cbf None None] Ext name="Agents Sort Key" alias="agent_sort_key" description="Enabling the keyword sort_key for sorting in agents." updated="2013-02-03T10:00:00-00:00" {{(pid=103149) _check_extension /opt/stack/neutron/neutron/api/extensions.py:415}}
May 20 08:28:29.103469 np0000175318 devstack@neutron-api.service[103149]: INFO neutron.api.extensions [None req-5b7731c8-389c-4b5b-ac11-320c583d0cbf None None] Extension agent_sort_key not supported by any of loaded plugins
May 20 08:28:29.104832 np0000175318 devstack@neutron-api.service[103149]: DEBUG neutron.api.extensions [None req-5b7731c8-389c-4b5b-ac11-320c583d0cbf None None] Loading extension file: allowedaddresspairs.py {{(pid=103149) _load_all_extensions_from_path /opt/stack/neutron/neutron/api/extensions.py:449}}
May 20 08:28:29.104832 np0000175318 devstack@neutron-api.service[103149]: DEBUG neutron.api.extensions [None req-5b7731c8-389c-4b5b-ac11-320c583d0cbf None None] Ext name="Allowed Address Pairs" alias="allowed-address-pairs" description="Provides allowed address pairs" updated="2013-07-23T10:00:00-00:00" {{(pid=103149) _check_extension /opt/stack/neutron/neutron/api/extensions.py:415}}
May 20 08:28:29.104832 np0000175318 devstack@neutron-api.service[103149]: INFO neutron.api.extensions [None req-5b7731c8-389c-4b5b-ac11-320c583d0cbf None None] Loaded extension: allowed-address-pairs
May 20 08:28:29.104832 np0000175318 devstack@neutron-api.service[103149]: DEBUG neutron.api.extensions [None req-5b7731c8-389c-4b5b-ac11-320c583d0cbf None None] Loading extension file: auto_allocated_topology.py {{(pid=103149) _load_all_extensions_from_path /opt/stack/neutron/neutron/api/extensions.py:449}}
May 20 08:28:29.104832 np0000175318 devstack@neutron-api.service[103149]: DEBUG neutron.api.extensions [None req-5b7731c8-389c-4b5b-ac11-320c583d0cbf None None] Ext name="Auto Allocated Topology Services" alias="auto-allocated-topology" description="Auto Allocated Topology Services." updated="2016-01-01T00:00:00-00:00" {{(pid=103149) _check_extension /opt/stack/neutron/neutron/api/extensions.py:415}}
May 20 08:28:29.104832 np0000175318 devstack@neutron-api.service[103149]: INFO neutron.api.extensions [None req-5b7731c8-389c-4b5b-ac11-320c583d0cbf None None] Loaded extension: auto-allocated-topology
May 20 08:28:29.104832 np0000175318 devstack@neutron-api.service[103149]: DEBUG neutron.api.extensions [None req-5b7731c8-389c-4b5b-ac11-320c583d0cbf None None] Loading extension file: availability_zone.py {{(pid=103149) _load_all_extensions_from_path /opt/stack/neutron/neutron/api/extensions.py:449}}
May 20 08:28:29.106146 np0000175318 devstack@neutron-api.service[103149]: DEBUG neutron.api.extensions [None req-5b7731c8-389c-4b5b-ac11-320c583d0cbf None None] Ext name="Availability Zone" alias="availability_zone" description="The availability zone extension." updated="2015-01-01T10:00:00-00:00" {{(pid=103149) _check_extension /opt/stack/neutron/neutron/api/extensions.py:415}}
May 20 08:28:29.106146 np0000175318 devstack@neutron-api.service[103149]: INFO neutron.api.extensions [None req-5b7731c8-389c-4b5b-ac11-320c583d0cbf None None] Loaded extension: availability_zone
May 20 08:28:29.106146 np0000175318 devstack@neutron-api.service[103149]: DEBUG neutron.api.extensions [None req-5b7731c8-389c-4b5b-ac11-320c583d0cbf None None] Loading extension file: availability_zone_filter.py {{(pid=103149) _load_all_extensions_from_path /opt/stack/neutron/neutron/api/extensions.py:449}}
May 20 08:28:29.106146 np0000175318 devstack@neutron-api.service[103149]: DEBUG neutron.api.extensions [None req-5b7731c8-389c-4b5b-ac11-320c583d0cbf None None] Ext name="Availability Zone Filter Extension" alias="availability_zone_filter" description="Add filter parameters to AvailabilityZone resource" updated="2018-06-22T10:00:00-00:00" {{(pid=103149) _check_extension /opt/stack/neutron/neutron/api/extensions.py:415}}
May 20 08:28:29.106887 np0000175318 devstack@neutron-api.service[103152]: DEBUG neutron.services.provider_configuration [None req-679f7fa4-f78d-4abe-83f1-d0ab12fed55c None None] Service providers = [] {{(pid=103152) parse_service_provider_opt /opt/stack/neutron/neutron/services/provider_configuration.py:170}}
May 20 08:28:29.107395 np0000175318 devstack@neutron-api.service[103149]: INFO neutron.api.extensions [None req-5b7731c8-389c-4b5b-ac11-320c583d0cbf None None] Extension availability_zone_filter not supported by any of loaded plugins
May 20 08:28:29.107395 np0000175318 devstack@neutron-api.service[103149]: DEBUG neutron.api.extensions [None req-5b7731c8-389c-4b5b-ac11-320c583d0cbf None None] Loading extension file: data_plane_status.py {{(pid=103149) _load_all_extensions_from_path /opt/stack/neutron/neutron/api/extensions.py:449}}
May 20 08:28:29.107963 np0000175318 devstack@neutron-api.service[103152]: DEBUG neutron.db.servicetype_db [None req-679f7fa4-f78d-4abe-83f1-d0ab12fed55c None None] Adding provider configuration for service L3_ROUTER_NAT {{(pid=103152) add_provider_configuration /opt/stack/neutron/neutron/db/servicetype_db.py:45}}
May 20 08:28:29.108258 np0000175318 devstack@neutron-api.service[103149]: DEBUG neutron.api.extensions [None req-5b7731c8-389c-4b5b-ac11-320c583d0cbf None None] Ext name="Port data plane status extension" alias="data-plane-status" description="Expose status of underlying data plane" updated="2017-01-24T10:00:00-00:00" {{(pid=103149) _check_extension /opt/stack/neutron/neutron/api/extensions.py:415}}
May 20 08:28:29.108258 np0000175318 devstack@neutron-api.service[103149]: INFO neutron.api.extensions [None req-5b7731c8-389c-4b5b-ac11-320c583d0cbf None None] Extension data-plane-status not supported by any of loaded plugins
May 20 08:28:29.108258 np0000175318 devstack@neutron-api.service[103149]: DEBUG neutron.api.extensions [None req-5b7731c8-389c-4b5b-ac11-320c583d0cbf None None] Loading extension file: default_subnetpools.py {{(pid=103149) _load_all_extensions_from_path /opt/stack/neutron/neutron/api/extensions.py:449}}
May 20 08:28:29.108258 np0000175318 devstack@neutron-api.service[103149]: DEBUG neutron.api.extensions [None req-5b7731c8-389c-4b5b-ac11-320c583d0cbf None None] Ext name="Default Subnetpools" alias="default-subnetpools" description="Provides ability to mark and use a subnetpool as the default." updated="2016-02-18T18:00:00-00:00" {{(pid=103149) _check_extension /opt/stack/neutron/neutron/api/extensions.py:415}}
May 20 08:28:29.108258 np0000175318 devstack@neutron-api.service[103149]: INFO neutron.api.extensions [None req-5b7731c8-389c-4b5b-ac11-320c583d0cbf None None] Loaded extension: default-subnetpools
May 20 08:28:29.108258 np0000175318 devstack@neutron-api.service[103149]: DEBUG neutron.api.extensions [None req-5b7731c8-389c-4b5b-ac11-320c583d0cbf None None] Loading extension file: dhcpagentscheduler.py {{(pid=103149) _load_all_extensions_from_path /opt/stack/neutron/neutron/api/extensions.py:449}}
May 20 08:28:29.108258 np0000175318 devstack@neutron-api.service[103149]: DEBUG neutron.api.extensions [None req-5b7731c8-389c-4b5b-ac11-320c583d0cbf None None] Ext name="DHCP Agent Scheduler" alias="dhcp_agent_scheduler" description="Schedule networks among dhcp agents" updated="2013-02-07T10:00:00-00:00" {{(pid=103149) _check_extension /opt/stack/neutron/neutron/api/extensions.py:415}}
May 20 08:28:29.108922 np0000175318 devstack@neutron-api.service[103149]: INFO neutron.api.extensions [None req-5b7731c8-389c-4b5b-ac11-320c583d0cbf None None] Loaded extension: dhcp_agent_scheduler
May 20 08:28:29.108922 np0000175318 devstack@neutron-api.service[103149]: DEBUG neutron.api.extensions [None req-5b7731c8-389c-4b5b-ac11-320c583d0cbf None None] Loading extension file: dns.py {{(pid=103149) _load_all_extensions_from_path /opt/stack/neutron/neutron/api/extensions.py:449}}
May 20 08:28:29.108922 np0000175318 devstack@neutron-api.service[103149]: DEBUG neutron.api.extensions [None req-5b7731c8-389c-4b5b-ac11-320c583d0cbf None None] Ext name="DNS Integration" alias="dns-integration" description="Provides integration with DNS." updated="2015-08-15T18:00:00-00:00" {{(pid=103149) _check_extension /opt/stack/neutron/neutron/api/extensions.py:415}}
May 20 08:28:29.108922 np0000175318 devstack@neutron-api.service[103149]: INFO neutron.api.extensions [None req-5b7731c8-389c-4b5b-ac11-320c583d0cbf None None] Loaded extension: dns-integration
May 20 08:28:29.108922 np0000175318 devstack@neutron-api.service[103149]: DEBUG neutron.api.extensions [None req-5b7731c8-389c-4b5b-ac11-320c583d0cbf None None] Loading extension file: dns_domain_ports.py {{(pid=103149) _load_all_extensions_from_path /opt/stack/neutron/neutron/api/extensions.py:449}}
May 20 08:28:29.109354 np0000175318 devstack@neutron-api.service[103152]: DEBUG neutron_lib.callbacks.manager [None req-679f7fa4-f78d-4abe-83f1-d0ab12fed55c None None] Subscribe: > router precommit_create 55549900, False {{(pid=103152) subscribe /opt/stack/data/venv/lib/python3.12/site-packages/neutron_lib/callbacks/manager.py:52}}
May 20 08:28:29.109354 np0000175318 devstack@neutron-api.service[103152]: DEBUG neutron_lib.callbacks.manager [None req-679f7fa4-f78d-4abe-83f1-d0ab12fed55c None None] Subscribe: > router_interface after_create 55550000, False {{(pid=103152) subscribe /opt/stack/data/venv/lib/python3.12/site-packages/neutron_lib/callbacks/manager.py:52}}
May 20 08:28:29.109691 np0000175318 devstack@neutron-api.service[103149]: DEBUG neutron.api.extensions [None req-5b7731c8-389c-4b5b-ac11-320c583d0cbf None None] Ext name="dns_domain for ports" alias="dns-domain-ports" description="Allows the DNS domain to be specified for a network port." updated="2017-04-24T10:00:00-00:00" {{(pid=103149) _check_extension /opt/stack/neutron/neutron/api/extensions.py:415}}
May 20 08:28:29.109829 np0000175318 devstack@neutron-api.service[103152]: DEBUG neutron_lib.callbacks.manager [None req-679f7fa4-f78d-4abe-83f1-d0ab12fed55c None None] Subscribe: > floatingip after_create 55550000, False {{(pid=103152) subscribe /opt/stack/data/venv/lib/python3.12/site-packages/neutron_lib/callbacks/manager.py:52}}
May 20 08:28:29.109829 np0000175318 devstack@neutron-api.service[103152]: DEBUG neutron_lib.callbacks.manager [None req-679f7fa4-f78d-4abe-83f1-d0ab12fed55c None None] Subscribe: > floatingip precommit_create 55550000, False {{(pid=103152) subscribe /opt/stack/data/venv/lib/python3.12/site-packages/neutron_lib/callbacks/manager.py:52}}
May 20 08:28:29.109917 np0000175318 devstack@neutron-api.service[103149]: INFO neutron.api.extensions [None req-5b7731c8-389c-4b5b-ac11-320c583d0cbf None None] Loaded extension: dns-domain-ports
May 20 08:28:29.109997 np0000175318 devstack@neutron-api.service[103152]: DEBUG neutron_lib.callbacks.manager [None req-679f7fa4-f78d-4abe-83f1-d0ab12fed55c None None] Subscribe: > floatingip precommit_update 55550000, False {{(pid=103152) subscribe /opt/stack/data/venv/lib/python3.12/site-packages/neutron_lib/callbacks/manager.py:52}}
May 20 08:28:29.110033 np0000175318 devstack@neutron-api.service[103149]: DEBUG neutron.api.extensions [None req-5b7731c8-389c-4b5b-ac11-320c583d0cbf None None] Loading extension file: dns_integration_domain_keywords.py {{(pid=103149) _load_all_extensions_from_path /opt/stack/neutron/neutron/api/extensions.py:449}}
May 20 08:28:29.110103 np0000175318 devstack@neutron-api.service[103152]: DEBUG neutron_lib.callbacks.manager [None req-679f7fa4-f78d-4abe-83f1-d0ab12fed55c None None] Subscribe: > floatingip after_delete 55550000, False {{(pid=103152) subscribe /opt/stack/data/venv/lib/python3.12/site-packages/neutron_lib/callbacks/manager.py:52}}
May 20 08:28:29.110103 np0000175318 devstack@neutron-api.service[103152]: DEBUG neutron_lib.callbacks.manager [None req-679f7fa4-f78d-4abe-83f1-d0ab12fed55c None None] Subscribe: > floatingip after_status_update 55550000, False {{(pid=103152) subscribe /opt/stack/data/venv/lib/python3.12/site-packages/neutron_lib/callbacks/manager.py:52}}
May 20 08:28:29.110159 np0000175318 devstack@neutron-api.service[103149]: DEBUG neutron.api.extensions [None req-5b7731c8-389c-4b5b-ac11-320c583d0cbf None None] Ext name="DNS domain names with keywords allowed" alias="dns-integration-domain-keywords" description="Allows to use keywords like , , and as DNS domain name" updated="2020-06-15T18:00:00-00:00" {{(pid=103149) _check_extension /opt/stack/neutron/neutron/api/extensions.py:415}}
May 20 08:28:29.110252 np0000175318 devstack@neutron-api.service[103152]: DEBUG neutron_lib.callbacks.manager [None req-679f7fa4-f78d-4abe-83f1-d0ab12fed55c None None] Subscribe: > floatingip after_update 55550000, False {{(pid=103152) subscribe /opt/stack/data/venv/lib/python3.12/site-packages/neutron_lib/callbacks/manager.py:52}}
May 20 08:28:29.110252 np0000175318 devstack@neutron-api.service[103152]: DEBUG neutron_lib.callbacks.manager [None req-679f7fa4-f78d-4abe-83f1-d0ab12fed55c None None] Subscribe: > port_forwarding after_create 55550000, False {{(pid=103152) subscribe /opt/stack/data/venv/lib/python3.12/site-packages/neutron_lib/callbacks/manager.py:52}}
May 20 08:28:29.110391 np0000175318 devstack@neutron-api.service[103149]: INFO neutron.api.extensions [None req-5b7731c8-389c-4b5b-ac11-320c583d0cbf None None] Loaded extension: dns-integration-domain-keywords
May 20 08:28:29.110391 np0000175318 devstack@neutron-api.service[103149]: DEBUG neutron.api.extensions [None req-5b7731c8-389c-4b5b-ac11-320c583d0cbf None None] Loading extension file: dvr.py {{(pid=103149) _load_all_extensions_from_path /opt/stack/neutron/neutron/api/extensions.py:449}}
May 20 08:28:29.110509 np0000175318 devstack@neutron-api.service[103152]: DEBUG neutron_lib.callbacks.manager [None req-679f7fa4-f78d-4abe-83f1-d0ab12fed55c None None] Subscribe: > router_interface after_delete 55550000, False {{(pid=103152) subscribe /opt/stack/data/venv/lib/python3.12/site-packages/neutron_lib/callbacks/manager.py:52}}
May 20 08:28:29.110509 np0000175318 devstack@neutron-api.service[103152]: DEBUG neutron_lib.callbacks.manager [None req-679f7fa4-f78d-4abe-83f1-d0ab12fed55c None None] Subscribe: > router after_create 55550000, False {{(pid=103152) subscribe /opt/stack/data/venv/lib/python3.12/site-packages/neutron_lib/callbacks/manager.py:52}}
May 20 08:28:29.110509 np0000175318 devstack@neutron-api.service[103152]: DEBUG neutron_lib.callbacks.manager [None req-679f7fa4-f78d-4abe-83f1-d0ab12fed55c None None] Subscribe: > router precommit_create 55550000, False {{(pid=103152) subscribe /opt/stack/data/venv/lib/python3.12/site-packages/neutron_lib/callbacks/manager.py:52}}
May 20 08:28:29.111018 np0000175318 devstack@neutron-api.service[103149]: DEBUG neutron.api.extensions [None req-5b7731c8-389c-4b5b-ac11-320c583d0cbf None None] Ext name="Distributed Virtual Router" alias="dvr" description="Enables configuration of Distributed Virtual Routers." updated="2014-06-1T10:00:00-00:00" {{(pid=103149) _check_extension /opt/stack/neutron/neutron/api/extensions.py:415}}
May 20 08:28:29.111117 np0000175318 devstack@neutron-api.service[103152]: DEBUG neutron_lib.callbacks.manager [None req-679f7fa4-f78d-4abe-83f1-d0ab12fed55c None None] Subscribe: > router after_delete 55550000, False {{(pid=103152) subscribe /opt/stack/data/venv/lib/python3.12/site-packages/neutron_lib/callbacks/manager.py:52}}
May 20 08:28:29.111117 np0000175318 devstack@neutron-api.service[103152]: DEBUG neutron_lib.callbacks.manager [None req-679f7fa4-f78d-4abe-83f1-d0ab12fed55c None None] Subscribe: > router after_update 55550000, False {{(pid=103152) subscribe /opt/stack/data/venv/lib/python3.12/site-packages/neutron_lib/callbacks/manager.py:52}}
May 20 08:28:29.111239 np0000175318 devstack@neutron-api.service[103149]: INFO neutron.api.extensions [None req-5b7731c8-389c-4b5b-ac11-320c583d0cbf None None] Extension dvr not supported by any of loaded plugins
May 20 08:28:29.111239 np0000175318 devstack@neutron-api.service[103149]: DEBUG neutron.api.extensions [None req-5b7731c8-389c-4b5b-ac11-320c583d0cbf None None] Loading extension file: ecmp_routes.py {{(pid=103149) _load_all_extensions_from_path /opt/stack/neutron/neutron/api/extensions.py:449}}
May 20 08:28:29.111889 np0000175318 devstack@neutron-api.service[103152]: DEBUG neutron.services.service_base [None req-679f7fa4-f78d-4abe-83f1-d0ab12fed55c None None] Loaded 'neutron.services.ovn_l3.service_providers.ovn.OvnDriver' provider for service L3_ROUTER_NAT {{(pid=103152) load_drivers /opt/stack/neutron/neutron/services/service_base.py:49}}
May 20 08:28:29.111889 np0000175318 devstack@neutron-api.service[103152]: DEBUG neutron_lib.callbacks.manager [None req-679f7fa4-f78d-4abe-83f1-d0ab12fed55c None None] Subscribe: > process after_init 55550001, True {{(pid=103152) subscribe /opt/stack/data/venv/lib/python3.12/site-packages/neutron_lib/callbacks/manager.py:52}}
May 20 08:28:29.112855 np0000175318 devstack@neutron-api.service[103149]: DEBUG neutron.api.extensions [None req-5b7731c8-389c-4b5b-ac11-320c583d0cbf None None] Ext name="Equal Cost Multipath Routing" alias="ecmp_routes" description="Allows traffic to reach thesame destination via multiple different links " updated="2020-11-26T18:00:00-00:00" {{(pid=103149) _check_extension /opt/stack/neutron/neutron/api/extensions.py:415}}
May 20 08:28:29.113352 np0000175318 devstack@neutron-api.service[103152]: DEBUG neutron.manager [None req-679f7fa4-f78d-4abe-83f1-d0ab12fed55c None None] Successfully loaded L3_ROUTER_NAT plugin. Description: L3 Router Service Plugin for basic L3 forwarding using OVN {{(pid=103152) _create_and_add_service_plugin /opt/stack/neutron/neutron/manager.py:239}}
May 20 08:28:29.113352 np0000175318 devstack@neutron-api.service[103152]: INFO neutron.manager [None req-679f7fa4-f78d-4abe-83f1-d0ab12fed55c None None] Loading Plugin: auto_allocate
May 20 08:28:29.113975 np0000175318 devstack@neutron-api.service[103149]: INFO neutron.api.extensions [None req-5b7731c8-389c-4b5b-ac11-320c583d0cbf None None] Extension ecmp_routes not supported by any of loaded plugins
May 20 08:28:29.113975 np0000175318 devstack@neutron-api.service[103149]: DEBUG neutron.api.extensions [None req-5b7731c8-389c-4b5b-ac11-320c583d0cbf None None] Loading extension file: empty_string_filtering.py {{(pid=103149) _load_all_extensions_from_path /opt/stack/neutron/neutron/api/extensions.py:449}}
May 20 08:28:29.113975 np0000175318 devstack@neutron-api.service[103149]: DEBUG neutron.api.extensions [None req-5b7731c8-389c-4b5b-ac11-320c583d0cbf None None] Ext name="Empty String Filtering Extension" alias="empty-string-filtering" description="Allow filtering by attributes with empty string value" updated="2018-05-01T10:00:00-00:00" {{(pid=103149) _check_extension /opt/stack/neutron/neutron/api/extensions.py:415}}
May 20 08:28:29.113975 np0000175318 devstack@neutron-api.service[103149]: INFO neutron.api.extensions [None req-5b7731c8-389c-4b5b-ac11-320c583d0cbf None None] Loaded extension: empty-string-filtering
May 20 08:28:29.113975 np0000175318 devstack@neutron-api.service[103149]: DEBUG neutron.api.extensions [None req-5b7731c8-389c-4b5b-ac11-320c583d0cbf None None] Loading extension file: expose_l3_conntrack_helper.py {{(pid=103149) _load_all_extensions_from_path /opt/stack/neutron/neutron/api/extensions.py:449}}
May 20 08:28:29.113975 np0000175318 devstack@neutron-api.service[103149]: DEBUG neutron.api.extensions [None req-5b7731c8-389c-4b5b-ac11-320c583d0cbf None None] Ext name="Expose CT target rules for conntrack helper" alias="expose-l3-conntrack-helper" description="Expose allow adding CT target rules for conntrack helper" updated="2019-04-04T10:00:00-00:00" {{(pid=103149) _check_extension /opt/stack/neutron/neutron/api/extensions.py:415}}
May 20 08:28:29.114616 np0000175318 devstack@neutron-api.service[103152]: DEBUG neutron_lib.callbacks.manager [None req-679f7fa4-f78d-4abe-83f1-d0ab12fed55c None None] Subscribe: network precommit_update 55550000, False {{(pid=103152) subscribe /opt/stack/data/venv/lib/python3.12/site-packages/neutron_lib/callbacks/manager.py:52}}
May 20 08:28:29.114956 np0000175318 devstack@neutron-api.service[103149]: INFO neutron.api.extensions [None req-5b7731c8-389c-4b5b-ac11-320c583d0cbf None None] Extension expose-l3-conntrack-helper not supported by any of loaded plugins
May 20 08:28:29.115404 np0000175318 devstack@neutron-api.service[103152]: DEBUG neutron_lib.callbacks.manager [None req-679f7fa4-f78d-4abe-83f1-d0ab12fed55c None None] Subscribe: network precommit_create 55550000, False {{(pid=103152) subscribe /opt/stack/data/venv/lib/python3.12/site-packages/neutron_lib/callbacks/manager.py:52}}
May 20 08:28:29.115551 np0000175318 devstack@neutron-api.service[103149]: DEBUG neutron.api.extensions [None req-5b7731c8-389c-4b5b-ac11-320c583d0cbf None None] Loading extension file: expose_port_forwarding_in_fip.py {{(pid=103149) _load_all_extensions_from_path /opt/stack/neutron/neutron/api/extensions.py:449}}
May 20 08:28:29.115619 np0000175318 devstack@neutron-api.service[103152]: DEBUG neutron.manager [None req-679f7fa4-f78d-4abe-83f1-d0ab12fed55c None None] Successfully loaded auto-allocated-topology plugin. Description: Auto Allocated Topology - aka get me a network. {{(pid=103152) _create_and_add_service_plugin /opt/stack/neutron/neutron/manager.py:239}}
May 20 08:28:29.115712 np0000175318 devstack@neutron-api.service[103149]: DEBUG neutron.api.extensions [None req-5b7731c8-389c-4b5b-ac11-320c583d0cbf None None] Ext name="Expose Floating IP port forwardings" alias="expose-port-forwarding-in-fip" description="Expose port forwarding fields in floating IP response" updated="2018-06-28T16:00:00-00:00" {{(pid=103149) _check_extension /opt/stack/neutron/neutron/api/extensions.py:415}}
May 20 08:28:29.115788 np0000175318 devstack@neutron-api.service[103152]: INFO neutron.manager [None req-679f7fa4-f78d-4abe-83f1-d0ab12fed55c None None] Loading Plugin: tag
May 20 08:28:29.115876 np0000175318 devstack@neutron-api.service[103149]: INFO neutron.api.extensions [None req-5b7731c8-389c-4b5b-ac11-320c583d0cbf None None] Extension expose-port-forwarding-in-fip not supported by any of loaded plugins
May 20 08:28:29.115876 np0000175318 devstack@neutron-api.service[103149]: DEBUG neutron.api.extensions [None req-5b7731c8-389c-4b5b-ac11-320c583d0cbf None None] Loading extension file: external_net.py {{(pid=103149) _load_all_extensions_from_path /opt/stack/neutron/neutron/api/extensions.py:449}}
May 20 08:28:29.115876 np0000175318 devstack@neutron-api.service[103149]: DEBUG neutron.api.extensions [None req-5b7731c8-389c-4b5b-ac11-320c583d0cbf None None] Ext name="Neutron external network" alias="external-net" description="Adds external network attribute to network resource." updated="2013-01-14T10:00:00-00:00" {{(pid=103149) _check_extension /opt/stack/neutron/neutron/api/extensions.py:415}}
May 20 08:28:29.115876 np0000175318 devstack@neutron-api.service[103149]: INFO neutron.api.extensions [None req-5b7731c8-389c-4b5b-ac11-320c583d0cbf None None] Loaded extension: external-net
May 20 08:28:29.115876 np0000175318 devstack@neutron-api.service[103149]: DEBUG neutron.api.extensions [None req-5b7731c8-389c-4b5b-ac11-320c583d0cbf None None] Loading extension file: extra_dhcp_opt.py {{(pid=103149) _load_all_extensions_from_path /opt/stack/neutron/neutron/api/extensions.py:449}}
May 20 08:28:29.115876 np0000175318 devstack@neutron-api.service[103149]: DEBUG neutron.api.extensions [None req-5b7731c8-389c-4b5b-ac11-320c583d0cbf None None] Ext name="Neutron Extra DHCP options" alias="extra_dhcp_opt" description="Extra options configuration for DHCP. For example PXE boot options to DHCP clients can be specified (e.g. tftp-server, server-ip-address, bootfile-name)" updated="2013-03-17T12:00:00-00:00" {{(pid=103149) _check_extension /opt/stack/neutron/neutron/api/extensions.py:415}}
May 20 08:28:29.115876 np0000175318 devstack@neutron-api.service[103149]: INFO neutron.api.extensions [None req-5b7731c8-389c-4b5b-ac11-320c583d0cbf None None] Loaded extension: extra_dhcp_opt
May 20 08:28:29.116110 np0000175318 devstack@neutron-api.service[103149]: DEBUG neutron.api.extensions [None req-5b7731c8-389c-4b5b-ac11-320c583d0cbf None None] Loading extension file: extraroute.py {{(pid=103149) _load_all_extensions_from_path /opt/stack/neutron/neutron/api/extensions.py:449}}
May 20 08:28:29.116110 np0000175318 devstack@neutron-api.service[103149]: DEBUG neutron.api.extensions [None req-5b7731c8-389c-4b5b-ac11-320c583d0cbf None None] Ext name="Neutron Extra Route" alias="extraroute" description="Extra routes configuration for L3 router" updated="2013-02-01T10:00:00-00:00" {{(pid=103149) _check_extension /opt/stack/neutron/neutron/api/extensions.py:415}}
May 20 08:28:29.116110 np0000175318 devstack@neutron-api.service[103149]: INFO neutron.api.extensions [None req-5b7731c8-389c-4b5b-ac11-320c583d0cbf None None] Loaded extension: extraroute
May 20 08:28:29.116110 np0000175318 devstack@neutron-api.service[103149]: DEBUG neutron.api.extensions [None req-5b7731c8-389c-4b5b-ac11-320c583d0cbf None None] Loading extension file: extraroute_atomic.py {{(pid=103149) _load_all_extensions_from_path /opt/stack/neutron/neutron/api/extensions.py:449}}
May 20 08:28:29.116110 np0000175318 devstack@neutron-api.service[103149]: DEBUG neutron.api.extensions [None req-5b7731c8-389c-4b5b-ac11-320c583d0cbf None None] Ext name="Atomically add/remove extra routes" alias="extraroute-atomic" description="Edit extra routes of a router on server side by atomically adding/removing extra routes" updated="2019-07-10T00:00:00+00:00" {{(pid=103149) _check_extension /opt/stack/neutron/neutron/api/extensions.py:415}}
May 20 08:28:29.116110 np0000175318 devstack@neutron-api.service[103149]: INFO neutron.api.extensions [None req-5b7731c8-389c-4b5b-ac11-320c583d0cbf None None] Loaded extension: extraroute-atomic
May 20 08:28:29.116110 np0000175318 devstack@neutron-api.service[103149]: DEBUG neutron.api.extensions [None req-5b7731c8-389c-4b5b-ac11-320c583d0cbf None None] Loading extension file: filter_validation.py {{(pid=103149) _load_all_extensions_from_path /opt/stack/neutron/neutron/api/extensions.py:449}}
May 20 08:28:29.116416 np0000175318 devstack@neutron-api.service[103149]: DEBUG neutron.api.extensions [None req-5b7731c8-389c-4b5b-ac11-320c583d0cbf None None] Ext name="Filter parameters validation" alias="filter-validation" description="Provides validation on filter parameters." updated="2018-07-04T10:00:00-00:00" {{(pid=103149) _check_extension /opt/stack/neutron/neutron/api/extensions.py:415}}
May 20 08:28:29.116416 np0000175318 devstack@neutron-api.service[103149]: INFO neutron.api.extensions [None req-5b7731c8-389c-4b5b-ac11-320c583d0cbf None None] Loaded extension: filter-validation
May 20 08:28:29.116416 np0000175318 devstack@neutron-api.service[103149]: DEBUG neutron.api.extensions [None req-5b7731c8-389c-4b5b-ac11-320c583d0cbf None None] Loading extension file: fip_pf_description.py {{(pid=103149) _load_all_extensions_from_path /opt/stack/neutron/neutron/api/extensions.py:449}}
May 20 08:28:29.116416 np0000175318 devstack@neutron-api.service[103149]: DEBUG neutron.api.extensions [None req-5b7731c8-389c-4b5b-ac11-320c583d0cbf None None] Ext name="Floating IP Port Forwarding new attribute description" alias="floating-ip-port-forwarding-description" description="Add a description field to Port Forwarding rules" updated="2019-11-01T10:00:00-00:00" {{(pid=103149) _check_extension /opt/stack/neutron/neutron/api/extensions.py:415}}
May 20 08:28:29.116416 np0000175318 devstack@neutron-api.service[103149]: INFO neutron.api.extensions [None req-5b7731c8-389c-4b5b-ac11-320c583d0cbf None None] Extension floating-ip-port-forwarding-description not supported by any of loaded plugins
