2026-03-04 14:04:48.059 8 INFO placement.requestlog [req-9e9bf6af-dbe5-4c8c-977d-a9f51ed0c079 req-659270dd-365b-4faf-a549-813b8205f231 cc192db2aa0c478d9c7f5920e133aa59 bf977f360f2544da93920adc0c33fdb2 - - 958d584a4c9a48fabdd6b1486115b0e5 958d584a4c9a48fabdd6b1486115b0e5] 199.204.45.238 "GET /resource_providers/d8d33773-ba43-4e09-9518-85890ce752fd/allocations" status: 200 len: 438 microversion: 1.0 [pid: 8|app: 0|req: 331/672] 199.204.45.238 () {32 vars in 857 bytes} [Wed Mar 4 14:04:48 2026] GET /resource_providers/d8d33773-ba43-4e09-9518-85890ce752fd/allocations => generated 438 bytes in 16 msecs (HTTP/1.1 200) 6 headers in 224 bytes (1 switches on core 0)
2026-03-04 14:04:48.085 7 INFO placement.requestlog [req-9e9bf6af-dbe5-4c8c-977d-a9f51ed0c079 req-cff76743-32d4-4385-864a-b912fa03c311 cc192db2aa0c478d9c7f5920e133aa59 bf977f360f2544da93920adc0c33fdb2 - - 958d584a4c9a48fabdd6b1486115b0e5 958d584a4c9a48fabdd6b1486115b0e5] 199.204.45.238 "GET /allocations/ea291b81-5f98-47ea-b3cd-c1759e32a01a" status: 200 len: 257 microversion: 1.28 [pid: 7|app: 0|req: 342/673] 199.204.45.238 () {34 vars in 863 bytes} [Wed Mar 4 14:04:48 2026] GET /allocations/ea291b81-5f98-47ea-b3cd-c1759e32a01a => generated 257 bytes in 16 msecs (HTTP/1.1 200) 8 headers in 296 bytes (1 switches on core 0)
2026-03-04 14:04:48.102 8 INFO placement.requestlog [req-9e9bf6af-dbe5-4c8c-977d-a9f51ed0c079 req-682d1cea-c6ba-4d88-a8ee-b323cd2594b5 cc192db2aa0c478d9c7f5920e133aa59 bf977f360f2544da93920adc0c33fdb2 - - 958d584a4c9a48fabdd6b1486115b0e5 958d584a4c9a48fabdd6b1486115b0e5] 199.204.45.238 "GET /allocations/c4a7ff9e-02d4-461f-b02e-66e56ebd04cd" status: 200 len: 257 microversion: 1.28 [pid: 8|app: 0|req: 332/674] 199.204.45.238 () {34 vars in 863 bytes} [Wed Mar 4 14:04:48 2026] GET /allocations/c4a7ff9e-02d4-461f-b02e-66e56ebd04cd => generated 257 bytes in 13 msecs (HTTP/1.1 200) 8 headers in 296 bytes (1 switches on core 0)
2026-03-04 14:04:48.119 7 INFO placement.requestlog [req-9e9bf6af-dbe5-4c8c-977d-a9f51ed0c079 req-2204aeba-bef5-4641-b9bc-d7b33acfe918 cc192db2aa0c478d9c7f5920e133aa59 bf977f360f2544da93920adc0c33fdb2 - - 958d584a4c9a48fabdd6b1486115b0e5 958d584a4c9a48fabdd6b1486115b0e5] 199.204.45.238 "GET /allocations/2e6f4aeb-a565-41e0-9784-5b253bfebab7" status: 200 len: 243 microversion: 1.28 [pid: 7|app: 0|req: 343/675] 199.204.45.238 () {34 vars in 863 bytes} [Wed Mar 4 14:04:48 2026] GET /allocations/2e6f4aeb-a565-41e0-9784-5b253bfebab7 => generated 243 bytes in 12 msecs (HTTP/1.1 200) 8 headers in 296 bytes (1 switches on core 0)
2026-03-04 14:04:48.134 8 INFO placement.requestlog [req-9e9bf6af-dbe5-4c8c-977d-a9f51ed0c079 req-b8e11fed-9339-4027-a16e-e8ce6672afd6 cc192db2aa0c478d9c7f5920e133aa59 bf977f360f2544da93920adc0c33fdb2 - - 958d584a4c9a48fabdd6b1486115b0e5 958d584a4c9a48fabdd6b1486115b0e5] 199.204.45.238 "GET /allocations/b2941e09-d74a-4ad1-87f1-1e8b3cb5765c" status: 200 len: 257 microversion: 1.28 [pid: 8|app: 0|req: 333/676] 199.204.45.238 () {34 vars in 863 bytes} [Wed Mar 4 14:04:48 2026] GET /allocations/b2941e09-d74a-4ad1-87f1-1e8b3cb5765c => generated 257 bytes in 11 msecs (HTTP/1.1 200) 8 headers in 296 bytes (1 switches on core 0)
2026-03-04 14:04:49.669 7 INFO placement.requestlog [None req-b3dd8409-0c84-4936-84da-a5bdca4a7beb - - - - - -] 10.0.0.149 "GET /" status: 200 len: 136 microversion: 1.0
2026-03-04 14:04:49.671 8 INFO placement.requestlog [None req-958bcf5e-bfda-4122-99e3-3c9d580fe1ca - - - - - -] 10.0.0.149 "GET /" status: 200 len: 136 microversion: 1.0
2026-03-04 14:04:52.912 7 INFO placement.requestlog [None req-fb5066b3-cbc9-48e8-9bb2-f46a105f6915 dc5c0ccef3224735adca02940b3e0afb 3a97d080073f412392bcb9be61f8cc15 - - default default] 10.0.0.39 "GET /resource_providers" status: 200 len: 405 microversion: 1.0 [pid: 7|app: 0|req: 345/679] 10.0.0.39 () {28 vars in 592 bytes} [Wed Mar 4 14:04:52 2026] GET /resource_providers => generated 405 bytes in 133 msecs (HTTP/1.1 200) 6 headers in 224 bytes (1 switches on core 0)
2026-03-04 14:04:52.931 8 INFO placement.requestlog [None req-d25544f0-67d5-4a27-9325-41f6249b4fcb dc5c0ccef3224735adca02940b3e0afb 3a97d080073f412392bcb9be61f8cc15 - - default default] 10.0.0.39 "GET /resource_providers/d8d33773-ba43-4e09-9518-85890ce752fd/inventories" status: 200 len: 400 microversion: 1.0 [pid: 8|app: 0|req: 335/680] 10.0.0.39 () {28 vars in 690 bytes} [Wed Mar 4 14:04:52 2026] GET /resource_providers/d8d33773-ba43-4e09-9518-85890ce752fd/inventories => generated 400 bytes in 13 msecs (HTTP/1.1 200) 6 headers in 224 bytes (1 switches on core 0)
2026-03-04 14:04:52.954 7 INFO placement.requestlog [None req-4dd5568a-0ead-4757-964b-597314d5bb7e dc5c0ccef3224735adca02940b3e0afb 3a97d080073f412392bcb9be61f8cc15 - - default default] 10.0.0.39 "GET /resource_providers/d8d33773-ba43-4e09-9518-85890ce752fd/usages" status: 200 len: 91 microversion: 1.0 [pid: 7|app: 0|req: 346/681] 10.0.0.39 () {28 vars in 680 bytes} [Wed Mar 4 14:04:52 2026] GET /resource_providers/d8d33773-ba43-4e09-9518-85890ce752fd/usages => generated 91 bytes in 20 msecs (HTTP/1.1 200) 6 headers in 223 bytes (1 switches on core 0)
2026-03-04 14:04:58.228 8 INFO placement.requestlog [req-f615353c-ab85-4a64-ba33-86f10f1cf76c req-f2a1e9cb-78fc-4009-8009-c1cb980d9841 cc192db2aa0c478d9c7f5920e133aa59 bf977f360f2544da93920adc0c33fdb2 - - 958d584a4c9a48fabdd6b1486115b0e5 958d584a4c9a48fabdd6b1486115b0e5] 199.204.45.238 "GET /resource_providers/d8d33773-ba43-4e09-9518-85890ce752fd/allocations" status: 200 len: 438 microversion: 1.0 [pid: 8|app: 0|req: 336/682] 199.204.45.238 () {32 vars in 857 bytes} [Wed Mar 4 14:04:58 2026] GET /resource_providers/d8d33773-ba43-4e09-9518-85890ce752fd/allocations => generated 438 bytes in 14 msecs (HTTP/1.1 200) 6 headers in 224 bytes (1 switches on core 0)
2026-03-04 14:04:58.251 7 INFO placement.requestlog [req-f615353c-ab85-4a64-ba33-86f10f1cf76c req-d3a26a52-ab37-48da-aeff-eb0a222121a8 cc192db2aa0c478d9c7f5920e133aa59 bf977f360f2544da93920adc0c33fdb2 - - 958d584a4c9a48fabdd6b1486115b0e5 958d584a4c9a48fabdd6b1486115b0e5] 199.204.45.238 "GET /resource_providers/d8d33773-ba43-4e09-9518-85890ce752fd/allocations" status: 200 len: 438 microversion: 1.0 [pid: 7|app: 0|req: 347/683] 199.204.45.238 () {32 vars in 857 bytes} [Wed Mar 4 14:04:58 2026] GET /resource_providers/d8d33773-ba43-4e09-9518-85890ce752fd/allocations => generated 438 bytes in 16 msecs (HTTP/1.1 200) 6 headers in 224 bytes (1 switches on core 0)
2026-03-04 14:04:58.283 8 INFO placement.requestlog [req-f615353c-ab85-4a64-ba33-86f10f1cf76c req-ff97dda4-28ca-4f36-b62c-20134f306ea1 cc192db2aa0c478d9c7f5920e133aa59 bf977f360f2544da93920adc0c33fdb2 - - 958d584a4c9a48fabdd6b1486115b0e5 958d584a4c9a48fabdd6b1486115b0e5] 199.204.45.238 "GET /allocations/ea291b81-5f98-47ea-b3cd-c1759e32a01a" status: 200 len: 257 microversion: 1.28 [pid: 8|app: 0|req: 337/684] 199.204.45.238 () {34 vars in 863 bytes} [Wed Mar 4 14:04:58 2026] GET /allocations/ea291b81-5f98-47ea-b3cd-c1759e32a01a => generated 257 bytes in 23 msecs (HTTP/1.1 200) 8 headers in 296 bytes (1 switches on core 0)
2026-03-04 14:04:58.301 7 INFO placement.requestlog [req-f615353c-ab85-4a64-ba33-86f10f1cf76c req-7b313148-0873-462e-8089-9d20738d28aa cc192db2aa0c478d9c7f5920e133aa59 bf977f360f2544da93920adc0c33fdb2 - - 958d584a4c9a48fabdd6b1486115b0e5 958d584a4c9a48fabdd6b1486115b0e5] 199.204.45.238 "GET /allocations/c4a7ff9e-02d4-461f-b02e-66e56ebd04cd" status: 200 len: 257 microversion: 1.28 [pid: 7|app: 0|req: 348/685] 199.204.45.238 () {34 vars in 863 bytes} [Wed Mar 4 14:04:58 2026] GET /allocations/c4a7ff9e-02d4-461f-b02e-66e56ebd04cd => generated 257 bytes in 12 msecs (HTTP/1.1 200) 8 headers in 296 bytes (1 switches on core 0)
2026-03-04 14:04:58.329 8 INFO placement.requestlog [req-f615353c-ab85-4a64-ba33-86f10f1cf76c req-ada973f6-7040-4fc6-aaba-8edcf8391b98 cc192db2aa0c478d9c7f5920e133aa59 bf977f360f2544da93920adc0c33fdb2 - - 958d584a4c9a48fabdd6b1486115b0e5 958d584a4c9a48fabdd6b1486115b0e5] 199.204.45.238 "GET /allocations/2e6f4aeb-a565-41e0-9784-5b253bfebab7" status: 200 len: 243 microversion: 1.28 [pid: 8|app: 0|req: 338/686] 199.204.45.238 () {34 vars in 863 bytes} [Wed Mar 4 14:04:58 2026] GET /allocations/2e6f4aeb-a565-41e0-9784-5b253bfebab7 => generated 243 bytes in 20 msecs (HTTP/1.1 200) 8 headers in 296 bytes (1 switches on core 0)
2026-03-04 14:04:58.351 7 INFO placement.requestlog [req-f615353c-ab85-4a64-ba33-86f10f1cf76c req-69ca8f93-48a9-479d-aac0-024a9c405da1 cc192db2aa0c478d9c7f5920e133aa59 bf977f360f2544da93920adc0c33fdb2 - - 958d584a4c9a48fabdd6b1486115b0e5 958d584a4c9a48fabdd6b1486115b0e5] 199.204.45.238 "GET /allocations/b2941e09-d74a-4ad1-87f1-1e8b3cb5765c" status: 200 len: 257 microversion: 1.28 [pid: 7|app: 0|req: 349/687] 199.204.45.238 () {34 vars in 863 bytes} [Wed Mar 4 14:04:58 2026] GET /allocations/b2941e09-d74a-4ad1-87f1-1e8b3cb5765c => generated 257 bytes in 16 msecs (HTTP/1.1 200) 8 headers in 296 bytes (1 switches on core 0)
2026-03-04 14:04:59.421 8 INFO placement.requestlog [req-882d5562-215a-4d78-8555-3c472defaf39 req-750852a3-4e96-4adf-9e93-4610453e0025 cc192db2aa0c478d9c7f5920e133aa59 bf977f360f2544da93920adc0c33fdb2 - - 958d584a4c9a48fabdd6b1486115b0e5 958d584a4c9a48fabdd6b1486115b0e5] 199.204.45.238 "GET /resource_providers/d8d33773-ba43-4e09-9518-85890ce752fd/allocations" status: 200 len: 438 microversion: 1.0 [pid: 8|app: 0|req: 339/688] 199.204.45.238 () {32 vars in 857 bytes} [Wed Mar 4 14:04:59 2026] GET /resource_providers/d8d33773-ba43-4e09-9518-85890ce752fd/allocations => generated 438 bytes in 16 msecs (HTTP/1.1 200) 6 headers in 224 bytes (1 switches on core 0)
2026-03-04 14:04:59.442 7 INFO placement.requestlog [req-882d5562-215a-4d78-8555-3c472defaf39 req-ce2e588c-ae5b-4a0b-a01c-dfef61bb4736 cc192db2aa0c478d9c7f5920e133aa59 bf977f360f2544da93920adc0c33fdb2 - - 958d584a4c9a48fabdd6b1486115b0e5 958d584a4c9a48fabdd6b1486115b0e5] 199.204.45.238 "GET /allocations/ea291b81-5f98-47ea-b3cd-c1759e32a01a" status: 200 len: 257 microversion: 1.28 [pid: 7|app: 0|req: 350/689] 199.204.45.238 () {34 vars in 863 bytes} [Wed Mar 4 14:04:59 2026] GET /allocations/ea291b81-5f98-47ea-b3cd-c1759e32a01a => generated 257 bytes in 11 msecs (HTTP/1.1 200) 8 headers in 296 bytes (1 switches on core 0)
2026-03-04 14:04:59.465 8 INFO placement.requestlog [req-882d5562-215a-4d78-8555-3c472defaf39 req-fce5490e-d326-4c15-a32a-cbfe62507664 cc192db2aa0c478d9c7f5920e133aa59 bf977f360f2544da93920adc0c33fdb2 - - 958d584a4c9a48fabdd6b1486115b0e5 958d584a4c9a48fabdd6b1486115b0e5] 199.204.45.238 "GET /allocations/c4a7ff9e-02d4-461f-b02e-66e56ebd04cd" status: 200 len: 257 microversion: 1.28 [pid: 8|app: 0|req: 340/690] 199.204.45.238 () {34 vars in 863 bytes} [Wed Mar 4 14:04:59 2026] GET /allocations/c4a7ff9e-02d4-461f-b02e-66e56ebd04cd => generated 257 bytes in 18 msecs (HTTP/1.1 200) 8 headers in 296 bytes (1 switches on core 0)
2026-03-04 14:04:59.487 7 INFO placement.requestlog [req-882d5562-215a-4d78-8555-3c472defaf39 req-8e307640-0c87-4695-982c-feeb5a25def5 cc192db2aa0c478d9c7f5920e133aa59 bf977f360f2544da93920adc0c33fdb2 - - 958d584a4c9a48fabdd6b1486115b0e5 958d584a4c9a48fabdd6b1486115b0e5] 199.204.45.238 "GET /allocations/2e6f4aeb-a565-41e0-9784-5b253bfebab7" status: 200 len: 243 microversion: 1.28 [pid: 7|app: 0|req: 351/691] 199.204.45.238 () {34 vars in 863 bytes} [Wed Mar 4 14:04:59 2026] GET /allocations/2e6f4aeb-a565-41e0-9784-5b253bfebab7 => generated 243 bytes in 16 msecs (HTTP/1.1 200) 8 headers in 296 bytes (1 switches on core 0)
2026-03-04 14:04:59.504 8 INFO placement.requestlog [req-882d5562-215a-4d78-8555-3c472defaf39 req-a6d88119-ada5-4cd0-bd81-26d36d0a9e26 cc192db2aa0c478d9c7f5920e133aa59 bf977f360f2544da93920adc0c33fdb2 - - 958d584a4c9a48fabdd6b1486115b0e5 958d584a4c9a48fabdd6b1486115b0e5] 199.204.45.238 "GET /allocations/b2941e09-d74a-4ad1-87f1-1e8b3cb5765c" status: 200 len: 257 microversion: 1.28 [pid: 8|app: 0|req: 341/692] 199.204.45.238 () {34 vars in 863 bytes} [Wed Mar 4 14:04:59 2026] GET /allocations/b2941e09-d74a-4ad1-87f1-1e8b3cb5765c => generated 257 bytes in 12 msecs (HTTP/1.1 200) 8 headers in 296 bytes (1 switches on core 0)
2026-03-04 14:04:59.669 7 INFO placement.requestlog [None req-8e22128b-2162-42cd-81ba-91e60696925b - - - - - -] 10.0.0.149 "GET /" status: 200 len: 136 microversion: 1.0
2026-03-04 14:04:59.671 8 INFO placement.requestlog [None req-090b3a8b-6af5-4356-875c-0837709d752a - - - - - -] 10.0.0.149 "GET /" status: 200 len: 136 microversion: 1.0
2026-03-04 14:05:00.553 8 INFO placement.requestlog [req-c5b10c7c-ca38-40e8-92b2-004d708dc61c req-435f61f4-7872-487d-b340-c275a6f14c9b cc192db2aa0c478d9c7f5920e133aa59 bf977f360f2544da93920adc0c33fdb2 - - 958d584a4c9a48fabdd6b1486115b0e5 958d584a4c9a48fabdd6b1486115b0e5] 199.204.45.238 "GET /resource_providers/d8d33773-ba43-4e09-9518-85890ce752fd/allocations" status: 200 len: 438 microversion: 1.0 [pid: 8|app: 0|req: 343/695] 199.204.45.238 () {32 vars in 857 bytes} [Wed Mar 4 14:05:00 2026] GET /resource_providers/d8d33773-ba43-4e09-9518-85890ce752fd/allocations => generated 438 bytes in 16 msecs (HTTP/1.1 200) 6 headers in 224 bytes (1 switches on core 0)
2026-03-04 14:05:00.568 7 INFO placement.requestlog [req-882d5562-215a-4d78-8555-3c472defaf39 req-0446888f-280a-496f-a590-0d13046208b0 cc192db2aa0c478d9c7f5920e133aa59 bf977f360f2544da93920adc0c33fdb2 - - 958d584a4c9a48fabdd6b1486115b0e5 958d584a4c9a48fabdd6b1486115b0e5] 199.204.45.238 "DELETE /allocations/c4a7ff9e-02d4-461f-b02e-66e56ebd04cd" status: 204 len: 0 microversion: 1.0 [pid: 7|app: 0|req: 353/696] 199.204.45.238 () {34 vars in 841 bytes} [Wed Mar 4 14:05:00 2026] DELETE /allocations/c4a7ff9e-02d4-461f-b02e-66e56ebd04cd => generated 0 bytes in 32 msecs (HTTP/1.1 204) 5 headers in 198 bytes (1 switches on core 0)
2026-03-04 14:05:00.571 8 INFO placement.requestlog [req-c5b10c7c-ca38-40e8-92b2-004d708dc61c req-6ee85f37-7c8d-4eae-b462-1755288e1921 cc192db2aa0c478d9c7f5920e133aa59 bf977f360f2544da93920adc0c33fdb2 - - 958d584a4c9a48fabdd6b1486115b0e5 958d584a4c9a48fabdd6b1486115b0e5] 199.204.45.238 "GET /allocations/ea291b81-5f98-47ea-b3cd-c1759e32a01a" status: 200 len: 257 microversion: 1.28 [pid: 8|app: 0|req: 344/697] 199.204.45.238 () {34 vars in 863 bytes} [Wed Mar 4 14:05:00 2026] GET /allocations/ea291b81-5f98-47ea-b3cd-c1759e32a01a => generated 257 bytes in 13 msecs (HTTP/1.1 200) 8 headers in 296 bytes (1 switches on core 0)
2026-03-04 14:05:00.591 7 INFO placement.requestlog [req-c5b10c7c-ca38-40e8-92b2-004d708dc61c req-a8149075-5d7f-43d4-a9b8-638979a90afe cc192db2aa0c478d9c7f5920e133aa59 bf977f360f2544da93920adc0c33fdb2 - - 958d584a4c9a48fabdd6b1486115b0e5 958d584a4c9a48fabdd6b1486115b0e5] 199.204.45.238 "GET /allocations/c4a7ff9e-02d4-461f-b02e-66e56ebd04cd" status: 200 len: 19 microversion: 1.28 [pid: 7|app: 0|req: 354/698] 199.204.45.238 () {34 vars in 863 bytes} [Wed Mar 4 14:05:00 2026] GET /allocations/c4a7ff9e-02d4-461f-b02e-66e56ebd04cd => generated 19 bytes in 14 msecs (HTTP/1.1 200) 8 headers in 295 bytes (1 switches on core 0)
2026-03-04 14:05:00.615 8 INFO placement.requestlog [req-c5b10c7c-ca38-40e8-92b2-004d708dc61c req-acdc1874-39cc-4ad1-9488-7203995838d6 cc192db2aa0c478d9c7f5920e133aa59 bf977f360f2544da93920adc0c33fdb2 - - 958d584a4c9a48fabdd6b1486115b0e5 958d584a4c9a48fabdd6b1486115b0e5] 199.204.45.238 "GET /allocations/2e6f4aeb-a565-41e0-9784-5b253bfebab7" status: 200 len: 243 microversion: 1.28 [pid: 8|app: 0|req: 345/699] 199.204.45.238 () {34 vars in 863 bytes} [Wed Mar 4 14:05:00 2026] GET /allocations/2e6f4aeb-a565-41e0-9784-5b253bfebab7 => generated 243 bytes in 18 msecs (HTTP/1.1 200) 8 headers in 296 bytes (1 switches on core 0)
2026-03-04 14:05:00.635 7 INFO placement.requestlog [req-c5b10c7c-ca38-40e8-92b2-004d708dc61c req-a63d74de-9f62-4fc1-89a2-3d8baab00cc7 cc192db2aa0c478d9c7f5920e133aa59 bf977f360f2544da93920adc0c33fdb2 - - 958d584a4c9a48fabdd6b1486115b0e5 958d584a4c9a48fabdd6b1486115b0e5] 199.204.45.238 "GET /allocations/b2941e09-d74a-4ad1-87f1-1e8b3cb5765c" status: 200 len: 257 microversion: 1.28 [pid: 7|app: 0|req: 355/700] 199.204.45.238 () {34 vars in 863 bytes} [Wed Mar 4 14:05:00 2026] GET /allocations/b2941e09-d74a-4ad1-87f1-1e8b3cb5765c => generated 257 bytes in 14 msecs (HTTP/1.1 200) 8 headers in 296 bytes (1 switches on core 0)
2026-03-04 14:05:01.682 7 INFO placement.requestlog [req-406da183-d0fa-4db0-aaae-11ad88b69760 req-e8069917-b23d-4b18-adcc-c3c7898e26d7 cc192db2aa0c478d9c7f5920e133aa59 bf977f360f2544da93920adc0c33fdb2 - - 958d584a4c9a48fabdd6b1486115b0e5 958d584a4c9a48fabdd6b1486115b0e5] 199.204.45.238 "GET /resource_providers/d8d33773-ba43-4e09-9518-85890ce752fd/allocations" status: 200 len: 338 microversion: 1.0 [pid: 7|app: 0|req: 356/701] 199.204.45.238 () {32 vars in 857 bytes} [Wed Mar 4 14:05:01 2026] GET /resource_providers/d8d33773-ba43-4e09-9518-85890ce752fd/allocations => generated 338 bytes in 15 msecs (HTTP/1.1 200) 6 headers in 224 bytes (1 switches on core 0)
2026-03-04 14:05:01.699 7 INFO placement.requestlog [req-406da183-d0fa-4db0-aaae-11ad88b69760 req-8a154b08-a1f7-4203-b5d1-e35e2b3c88fa cc192db2aa0c478d9c7f5920e133aa59 bf977f360f2544da93920adc0c33fdb2 - - 958d584a4c9a48fabdd6b1486115b0e5 958d584a4c9a48fabdd6b1486115b0e5] 199.204.45.238 "GET /allocations/ea291b81-5f98-47ea-b3cd-c1759e32a01a" status: 200 len: 257 microversion: 1.28 [pid: 7|app: 0|req: 357/702] 199.204.45.238 () {34 vars in 863 bytes} [Wed Mar 4 14:05:01 2026] GET /allocations/ea291b81-5f98-47ea-b3cd-c1759e32a01a => generated 257 bytes in 10 msecs (HTTP/1.1 200) 8 headers in 296 bytes (1 switches on core 0)
2026-03-04 14:05:01.700 8 INFO placement.requestlog [req-c5b10c7c-ca38-40e8-92b2-004d708dc61c req-35c5473d-3320-42b3-8082-647cfce4f783 cc192db2aa0c478d9c7f5920e133aa59 bf977f360f2544da93920adc0c33fdb2 - - 958d584a4c9a48fabdd6b1486115b0e5 958d584a4c9a48fabdd6b1486115b0e5] 199.204.45.238 "DELETE /allocations/2e6f4aeb-a565-41e0-9784-5b253bfebab7" status: 204 len: 0 microversion: 1.0 [pid: 8|app: 0|req: 346/703] 199.204.45.238 () {34 vars in 841 bytes} [Wed Mar 4 14:05:01 2026] DELETE /allocations/2e6f4aeb-a565-41e0-9784-5b253bfebab7 => generated 0 bytes in 34 msecs (HTTP/1.1 204) 5 headers in 198 bytes (1 switches on core 0)
2026-03-04 14:05:01.713 7 INFO placement.requestlog [req-406da183-d0fa-4db0-aaae-11ad88b69760 req-119b39a8-651c-4b43-930b-5f5b896cbc4b cc192db2aa0c478d9c7f5920e133aa59 bf977f360f2544da93920adc0c33fdb2 - - 958d584a4c9a48fabdd6b1486115b0e5 958d584a4c9a48fabdd6b1486115b0e5] 199.204.45.238 "GET /allocations/2e6f4aeb-a565-41e0-9784-5b253bfebab7" status: 200 len: 19 microversion: 1.28 [pid: 7|app: 0|req: 358/704] 199.204.45.238 () {34 vars in 863 bytes} [Wed Mar 4 14:05:01 2026] GET /allocations/2e6f4aeb-a565-41e0-9784-5b253bfebab7 => generated 19 bytes in 8 msecs (HTTP/1.1 200) 8 headers in 295 bytes (1 switches on core 0)
2026-03-04 14:05:01.730 8 INFO placement.requestlog [req-406da183-d0fa-4db0-aaae-11ad88b69760 req-0404a4ad-78d5-4e3d-a49c-6eaea0818fe1 cc192db2aa0c478d9c7f5920e133aa59 bf977f360f2544da93920adc0c33fdb2 - - 958d584a4c9a48fabdd6b1486115b0e5 958d584a4c9a48fabdd6b1486115b0e5] 199.204.45.238 "GET /allocations/b2941e09-d74a-4ad1-87f1-1e8b3cb5765c" status: 200 len: 257 microversion: 1.28 [pid: 8|app: 0|req: 347/705] 199.204.45.238 () {34 vars in 863 bytes} [Wed Mar 4 14:05:01 2026] GET /allocations/b2941e09-d74a-4ad1-87f1-1e8b3cb5765c => generated 257 bytes in 13 msecs (HTTP/1.1 200) 8 headers in 296 bytes (1 switches on core 0)
2026-03-04 14:05:02.788 7 INFO placement.requestlog [req-406da183-d0fa-4db0-aaae-11ad88b69760 req-2a6911a3-50bf-4bd2-a9fb-6ad2e3bb57e4 cc192db2aa0c478d9c7f5920e133aa59 bf977f360f2544da93920adc0c33fdb2 - - 958d584a4c9a48fabdd6b1486115b0e5 958d584a4c9a48fabdd6b1486115b0e5] 199.204.45.238 "DELETE /allocations/b2941e09-d74a-4ad1-87f1-1e8b3cb5765c" status: 204 len: 0 microversion: 1.0 [pid: 7|app: 0|req: 359/706] 199.204.45.238 () {34 vars in 841 bytes} [Wed Mar 4 14:05:02 2026] DELETE /allocations/b2941e09-d74a-4ad1-87f1-1e8b3cb5765c => generated 0 bytes in 29 msecs (HTTP/1.1 204) 5 headers in 198 bytes (1 switches on core 0)
2026-03-04 14:05:06.239 8 INFO placement.requestlog [None req-08731237-00af-40b9-ba43-77c05f9bc3df dacfa32723ee4cceaf691975fcbe4202 bf977f360f2544da93920adc0c33fdb2 - - 958d584a4c9a48fabdd6b1486115b0e5 958d584a4c9a48fabdd6b1486115b0e5] 10.0.0.87 "GET /resource_providers/5004f0ab-f7eb-4878-8cd8-0a04dbc43676/aggregates" status: 404 len: 235 microversion: 1.1 [pid: 8|app: 0|req: 348/707] 10.0.0.87 () {32 vars in 815 bytes} [Wed Mar 4 14:05:06 2026] GET /resource_providers/5004f0ab-f7eb-4878-8cd8-0a04dbc43676/aggregates => generated 235 bytes in 113 msecs (HTTP/1.1 404) 5 headers in 202 bytes (1 switches on core 0)
2026-03-04 14:05:06.259 8 INFO placement.requestlog [None req-9b754e50-43ba-4ef2-849a-2cfd0b78242b dacfa32723ee4cceaf691975fcbe4202 bf977f360f2544da93920adc0c33fdb2 - - 958d584a4c9a48fabdd6b1486115b0e5 958d584a4c9a48fabdd6b1486115b0e5] 10.0.0.87 "DELETE /resource_providers/5004f0ab-f7eb-4878-8cd8-0a04dbc43676" status: 404 len: 246 microversion: 1.1 [pid: 8|app: 0|req: 349/708] 10.0.0.87 () {34 vars in 815 bytes} [Wed Mar 4 14:05:06 2026] DELETE /resource_providers/5004f0ab-f7eb-4878-8cd8-0a04dbc43676 => generated 246 bytes in 10 msecs (HTTP/1.1 404) 6 headers in 231 bytes (1 switches on core 0)
2026-03-04 14:05:06.281 7 INFO placement.requestlog [None req-ff99007a-28df-4c27-b6e1-f3d141d057f5 dacfa32723ee4cceaf691975fcbe4202 bf977f360f2544da93920adc0c33fdb2 - - 958d584a4c9a48fabdd6b1486115b0e5 958d584a4c9a48fabdd6b1486115b0e5] 10.0.0.87 "GET /resource_providers/5004f0ab-f7eb-4878-8cd8-0a04dbc43676/aggregates" status: 404 len: 235 microversion: 1.1 [pid: 7|app: 0|req: 360/709] 10.0.0.87 () {32 vars in 815 bytes} [Wed Mar 4 14:05:06 2026] GET /resource_providers/5004f0ab-f7eb-4878-8cd8-0a04dbc43676/aggregates => generated 235 bytes in 123 msecs (HTTP/1.1 404) 5 headers in 202 bytes (1 switches on core 0)
2026-03-04 14:05:06.297 8 INFO placement.requestlog [None req-613eef07-e224-412b-8f51-2e26cc86cd26 dacfa32723ee4cceaf691975fcbe4202 bf977f360f2544da93920adc0c33fdb2 - - 958d584a4c9a48fabdd6b1486115b0e5 958d584a4c9a48fabdd6b1486115b0e5] 10.0.0.87 "DELETE /resource_providers/5004f0ab-f7eb-4878-8cd8-0a04dbc43676" status: 404 len: 246 microversion: 1.1 [pid: 8|app: 0|req: 350/710] 10.0.0.87 () {34 vars in 815 bytes} [Wed Mar 4 14:05:06 2026] DELETE /resource_providers/5004f0ab-f7eb-4878-8cd8-0a04dbc43676 => generated 246 bytes in 9 msecs (HTTP/1.1 404) 6 headers in 231 bytes (1 switches on core 0)
2026-03-04 14:05:06.839 8 INFO placement.requestlog [None req-44a2a7ac-5b08-40f0-a966-e7a7532d426d dacfa32723ee4cceaf691975fcbe4202 bf977f360f2544da93920adc0c33fdb2 - - 958d584a4c9a48fabdd6b1486115b0e5 958d584a4c9a48fabdd6b1486115b0e5] 10.0.0.87 "GET /resource_providers/850557c0-36a8-4ffc-a1e0-cef2f1241996/aggregates" status: 404 len: 235 microversion: 1.1 [pid: 8|app: 0|req: 351/711] 10.0.0.87 () {32 vars in 815 bytes} [Wed Mar 4 14:05:06 2026] GET /resource_providers/850557c0-36a8-4ffc-a1e0-cef2f1241996/aggregates => generated 235 bytes in 8 msecs (HTTP/1.1 404) 5 headers in 202 bytes (1 switches on core 0)
2026-03-04 14:05:06.846 7 INFO placement.requestlog [None req-758ffe45-091e-4c28-b09c-9df4a76453d8 dacfa32723ee4cceaf691975fcbe4202 bf977f360f2544da93920adc0c33fdb2 - - 958d584a4c9a48fabdd6b1486115b0e5 958d584a4c9a48fabdd6b1486115b0e5] 10.0.0.87 "GET /resource_providers/850557c0-36a8-4ffc-a1e0-cef2f1241996/aggregates" status: 404 len: 235 microversion: 1.1 [pid: 7|app: 0|req: 361/712] 10.0.0.87 () {32 vars in 815 bytes} [Wed Mar 4 14:05:06 2026] GET /resource_providers/850557c0-36a8-4ffc-a1e0-cef2f1241996/aggregates => generated 235 bytes in 15 msecs (HTTP/1.1 404) 5 headers in 202 bytes (1 switches on core 0)
2026-03-04 14:05:06.857 8 INFO placement.requestlog [None req-5b3cae39-4394-426d-8942-2ba4108cf284 dacfa32723ee4cceaf691975fcbe4202 bf977f360f2544da93920adc0c33fdb2 - - 958d584a4c9a48fabdd6b1486115b0e5 958d584a4c9a48fabdd6b1486115b0e5] 10.0.0.87 "DELETE /resource_providers/850557c0-36a8-4ffc-a1e0-cef2f1241996" status: 404 len: 246 microversion: 1.1 [pid: 8|app: 0|req: 352/713] 10.0.0.87 () {34 vars in 815 bytes} [Wed Mar 4 14:05:06 2026] DELETE /resource_providers/850557c0-36a8-4ffc-a1e0-cef2f1241996 => generated 246 bytes in 8 msecs (HTTP/1.1 404) 6 headers in 231 bytes (1 switches on core 0)
2026-03-04 14:05:06.872 7 INFO placement.requestlog [None req-9ff1cccf-d9fb-45f0-9e80-731e8ac7c4c6 dacfa32723ee4cceaf691975fcbe4202 bf977f360f2544da93920adc0c33fdb2 - - 958d584a4c9a48fabdd6b1486115b0e5 958d584a4c9a48fabdd6b1486115b0e5] 10.0.0.87 "DELETE /resource_providers/850557c0-36a8-4ffc-a1e0-cef2f1241996" status: 404 len: 246 microversion: 1.1 [pid: 7|app: 0|req: 362/714] 10.0.0.87 () {34 vars in 815 bytes} [Wed Mar 4 14:05:06 2026] DELETE /resource_providers/850557c0-36a8-4ffc-a1e0-cef2f1241996 => generated 246 bytes in 16 msecs (HTTP/1.1 404) 6 headers in 231 bytes (1 switches on core 0)
2026-03-04 14:05:08.274 8 INFO placement.requestlog [None req-b3c70c1a-2e9b-413b-bf1c-0edbdd2827f6 dacfa32723ee4cceaf691975fcbe4202 bf977f360f2544da93920adc0c33fdb2 - - 958d584a4c9a48fabdd6b1486115b0e5 958d584a4c9a48fabdd6b1486115b0e5] 10.0.0.87 "GET /resource_providers/3ae0b7bf-0d54-4495-b792-69a992d2868d/aggregates" status: 404 len: 235 microversion: 1.1 [pid: 8|app: 0|req: 353/715] 10.0.0.87 () {32 vars in 815 bytes} [Wed Mar 4 14:05:08 2026] GET /resource_providers/3ae0b7bf-0d54-4495-b792-69a992d2868d/aggregates => generated 235 bytes in 7 msecs (HTTP/1.1 404) 5 headers in 202 bytes (1 switches on core 0)
2026-03-04 14:05:08.292 7 INFO placement.requestlog [None req-58883e25-2ebc-4a9e-bb42-48a77b2c6e75 dacfa32723ee4cceaf691975fcbe4202 bf977f360f2544da93920adc0c33fdb2 - - 958d584a4c9a48fabdd6b1486115b0e5 958d584a4c9a48fabdd6b1486115b0e5] 10.0.0.87 "DELETE /resource_providers/3ae0b7bf-0d54-4495-b792-69a992d2868d" status: 404 len: 246 microversion: 1.1 [pid: 7|app: 0|req: 363/716] 10.0.0.87 () {34 vars in 815 bytes} [Wed Mar 4 14:05:08 2026] DELETE /resource_providers/3ae0b7bf-0d54-4495-b792-69a992d2868d => generated 246 bytes in 10 msecs (HTTP/1.1 404) 6 headers in 231 bytes (1 switches on core 0)
2026-03-04 14:05:08.317 8 INFO placement.requestlog [None req-942c2392-06c8-4506-84cd-69eeb73fa053 dacfa32723ee4cceaf691975fcbe4202 bf977f360f2544da93920adc0c33fdb2 - - 958d584a4c9a48fabdd6b1486115b0e5 958d584a4c9a48fabdd6b1486115b0e5] 10.0.0.87 "GET /resource_providers/3ae0b7bf-0d54-4495-b792-69a992d2868d/aggregates" status: 404 len: 235 microversion: 1.1 [pid: 8|app: 0|req: 354/717] 10.0.0.87 () {32 vars in 815 bytes} [Wed Mar 4 14:05:08 2026] GET /resource_providers/3ae0b7bf-0d54-4495-b792-69a992d2868d/aggregates => generated 235 bytes in 11 msecs (HTTP/1.1 404) 5 headers in 202 bytes (1 switches on core 0)
2026-03-04 14:05:08.347 7 INFO placement.requestlog [None req-6782ecce-bea9-4a45-b76b-64101dda5d5c dacfa32723ee4cceaf691975fcbe4202 bf977f360f2544da93920adc0c33fdb2 - - 958d584a4c9a48fabdd6b1486115b0e5 958d584a4c9a48fabdd6b1486115b0e5] 10.0.0.87 "DELETE /resource_providers/3ae0b7bf-0d54-4495-b792-69a992d2868d" status: 404 len: 246 microversion: 1.1 [pid: 7|app: 0|req: 364/718] 10.0.0.87 () {34 vars in 815 bytes} [Wed Mar 4 14:05:08 2026] DELETE /resource_providers/3ae0b7bf-0d54-4495-b792-69a992d2868d => generated 246 bytes in 17 msecs (HTTP/1.1 404) 6 headers in 231 bytes (1 switches on core 0)
2026-03-04 14:05:09.669 8 INFO placement.requestlog [None req-8d1d61d7-4fc6-4f42-a4aa-a903926f6b51 - - - - - -] 10.0.0.149 "GET /" status: 200 len: 136 microversion: 1.0
2026-03-04 14:05:09.670 7 INFO placement.requestlog [None req-711bb560-dee0-49d7-8eca-55fc607f2e08 - - - - - -] 10.0.0.149 "GET /" status: 200 len: 136 microversion: 1.0
2026-03-04 14:05:16.704 8 INFO placement.requestlog [req-5060aaac-37f8-40e8-9076-0932e081778a req-7ea0fcda-0cdb-48c4-9d9a-fa872b07dc01 cc192db2aa0c478d9c7f5920e133aa59 bf977f360f2544da93920adc0c33fdb2 - - 958d584a4c9a48fabdd6b1486115b0e5 958d584a4c9a48fabdd6b1486115b0e5] 10.0.0.185 "GET /allocation_candidates?limit=1000&resources=DISK_GB%3A1%2CMEMORY_MB%3A512%2CVCPU%3A1&root_required=%21COMPUTE_STATUS_DISABLED" status: 200 len: 2783 microversion: 1.36 [pid: 8|app: 0|req: 356/721] 10.0.0.185 () {34 vars in 1012 bytes} [Wed Mar 4 14:05:16 2026] GET /allocation_candidates?limit=1000&resources=DISK_GB%3A1%2CMEMORY_MB%3A512%2CVCPU%3A1&root_required=%21COMPUTE_STATUS_DISABLED => generated 2783 bytes in 35 msecs (HTTP/1.1 200) 8 headers in 297 bytes (1 switches on core 0)
2026-03-04 14:05:16.738 7 INFO placement.requestlog [req-5060aaac-37f8-40e8-9076-0932e081778a req-ee73e78f-21ab-4487-975f-34e7ff0b6456 cc192db2aa0c478d9c7f5920e133aa59 bf977f360f2544da93920adc0c33fdb2 - - 958d584a4c9a48fabdd6b1486115b0e5 958d584a4c9a48fabdd6b1486115b0e5] 10.0.0.185 "GET /allocations/35fd90a2-b4aa-4310-9dbb-39c35fdcefd8" status: 200 len: 19 microversion: 1.28 [pid: 7|app: 0|req: 366/722] 10.0.0.185 () {34 vars in 861 bytes} [Wed Mar 4 14:05:16 2026] GET /allocations/35fd90a2-b4aa-4310-9dbb-39c35fdcefd8 => generated 19 bytes in 12 msecs (HTTP/1.1 200) 8 headers in 295 bytes (1 switches on core 0)
2026-03-04 14:05:16.802 8 INFO placement.requestlog [req-5060aaac-37f8-40e8-9076-0932e081778a req-a18abadb-8a95-4d03-b32c-490f55f0d482 cc192db2aa0c478d9c7f5920e133aa59 bf977f360f2544da93920adc0c33fdb2 - - 958d584a4c9a48fabdd6b1486115b0e5 958d584a4c9a48fabdd6b1486115b0e5] 10.0.0.185 "PUT /allocations/35fd90a2-b4aa-4310-9dbb-39c35fdcefd8" status: 204 len: 0 microversion: 1.36 [pid: 8|app: 0|req: 357/723] 10.0.0.185 () {38 vars in 914 bytes} [Wed Mar 4 14:05:16 2026] PUT /allocations/35fd90a2-b4aa-4310-9dbb-39c35fdcefd8 => generated 0 bytes in 56 msecs (HTTP/1.1 204) 5 headers in 199 bytes (1 switches on core 0)
2026-03-04 14:05:18.361 7 INFO placement.requestlog [req-5060aaac-37f8-40e8-9076-0932e081778a req-d94f825c-5e7a-4590-b4fd-8d2cb806d7c1 cc192db2aa0c478d9c7f5920e133aa59 bf977f360f2544da93920adc0c33fdb2 - - 958d584a4c9a48fabdd6b1486115b0e5 958d584a4c9a48fabdd6b1486115b0e5] 199.204.45.238 "GET /allocations/35fd90a2-b4aa-4310-9dbb-39c35fdcefd8" status: 200 len: 257 microversion: 1.28 [pid: 7|app: 0|req: 367/724] 199.204.45.238 () {34 vars in 863 bytes} [Wed Mar 4 14:05:18 2026] GET /allocations/35fd90a2-b4aa-4310-9dbb-39c35fdcefd8 => generated 257 bytes in 19 msecs (HTTP/1.1 200) 8 headers in 296 bytes (1 switches on core 0)
2026-03-04 14:05:19.406 8 INFO placement.requestlog [req-5060aaac-37f8-40e8-9076-0932e081778a req-715be7df-7c75-4aaa-aede-37358b477c05 cc192db2aa0c478d9c7f5920e133aa59 bf977f360f2544da93920adc0c33fdb2 - - 958d584a4c9a48fabdd6b1486115b0e5 958d584a4c9a48fabdd6b1486115b0e5] 199.204.45.238 "GET /resource_providers/d8d33773-ba43-4e09-9518-85890ce752fd/allocations" status: 200 len: 252 microversion: 1.0 [pid: 8|app: 0|req: 358/725] 199.204.45.238 () {32 vars in 857 bytes} [Wed Mar 4 14:05:19 2026] GET /resource_providers/d8d33773-ba43-4e09-9518-85890ce752fd/allocations => generated 252 bytes in 15 msecs (HTTP/1.1 200) 6 headers in 224 bytes (1 switches on core 0)
2026-03-04 14:05:19.428 7 INFO placement.requestlog [req-5060aaac-37f8-40e8-9076-0932e081778a req-9a3e972c-1010-4348-9322-1b06dc00566b cc192db2aa0c478d9c7f5920e133aa59 bf977f360f2544da93920adc0c33fdb2 - - 958d584a4c9a48fabdd6b1486115b0e5 958d584a4c9a48fabdd6b1486115b0e5] 199.204.45.238 "GET /allocations/ea291b81-5f98-47ea-b3cd-c1759e32a01a" status: 200 len: 257 microversion: 1.28 [pid: 7|app: 0|req: 368/726] 199.204.45.238 () {34 vars in 863 bytes} [Wed Mar 4 14:05:19 2026] GET /allocations/ea291b81-5f98-47ea-b3cd-c1759e32a01a => generated 257 bytes in 18 msecs (HTTP/1.1 200) 8 headers in 296 bytes (1 switches on core 0)
2026-03-04 14:05:19.450 8 INFO placement.requestlog [req-5060aaac-37f8-40e8-9076-0932e081778a req-bda62166-eef3-4317-90bc-9cd5776c1e81 cc192db2aa0c478d9c7f5920e133aa59 bf977f360f2544da93920adc0c33fdb2 - - 958d584a4c9a48fabdd6b1486115b0e5 958d584a4c9a48fabdd6b1486115b0e5] 199.204.45.238 "GET /allocations/35fd90a2-b4aa-4310-9dbb-39c35fdcefd8" status: 200 len: 257 microversion: 1.28 [pid: 8|app: 0|req: 359/727] 199.204.45.238 () {34 vars in 863 bytes} [Wed Mar 4 14:05:19 2026] GET /allocations/35fd90a2-b4aa-4310-9dbb-39c35fdcefd8 => generated 257 bytes in 12 msecs (HTTP/1.1 200) 8 headers in 296 bytes (1 switches on core 0)
2026-03-04 14:05:19.669 7 INFO placement.requestlog [None req-18478660-41f7-4070-9da0-252c24afd487 - - - - - -] 10.0.0.149 "GET /" status: 200 len: 136 microversion: 1.0
2026-03-04 14:05:19.669 8 INFO placement.requestlog [None req-44e28d99-ed0c-460f-b12c-9ae732c839ec - - - - - -] 10.0.0.149 "GET /" status: 200 len: 136 microversion: 1.0
2026-03-04 14:05:28.433 7 INFO placement.requestlog [req-994e0cbe-16cb-4d22-b834-558bcc18f7c3 req-9a1f78c2-7b9e-4f12-93a1-4e0a121808d5 cc192db2aa0c478d9c7f5920e133aa59 bf977f360f2544da93920adc0c33fdb2 - - 958d584a4c9a48fabdd6b1486115b0e5 958d584a4c9a48fabdd6b1486115b0e5] 199.204.45.238 "GET /resource_providers/d8d33773-ba43-4e09-9518-85890ce752fd/allocations" status: 200 len: 252 microversion: 1.0 [pid: 7|app: 0|req: 370/730] 199.204.45.238 () {32 vars in 857 bytes} [Wed Mar 4 14:05:28 2026] GET /resource_providers/d8d33773-ba43-4e09-9518-85890ce752fd/allocations => generated 252 bytes in 17 msecs (HTTP/1.1 200) 6 headers in 224 bytes (1 switches on core 0)
2026-03-04 14:05:28.467 8 INFO placement.requestlog [req-994e0cbe-16cb-4d22-b834-558bcc18f7c3 req-c9027502-1e0a-459b-81e3-7e48662f1f14 cc192db2aa0c478d9c7f5920e133aa59 bf977f360f2544da93920adc0c33fdb2 - - 958d584a4c9a48fabdd6b1486115b0e5 958d584a4c9a48fabdd6b1486115b0e5] 199.204.45.238 "GET /allocations/ea291b81-5f98-47ea-b3cd-c1759e32a01a" status: 200 len: 257 microversion: 1.28 [pid: 8|app: 0|req: 361/731] 199.204.45.238 () {34 vars in 863 bytes} [Wed Mar 4 14:05:28 2026] GET /allocations/ea291b81-5f98-47ea-b3cd-c1759e32a01a => generated 257 bytes in 29 msecs (HTTP/1.1 200) 8 headers in 296 bytes (1 switches on core 0)
2026-03-04 14:05:28.495 7 INFO placement.requestlog [req-994e0cbe-16cb-4d22-b834-558bcc18f7c3 req-272a7142-af03-4291-b202-72b185835051 cc192db2aa0c478d9c7f5920e133aa59 bf977f360f2544da93920adc0c33fdb2 - - 958d584a4c9a48fabdd6b1486115b0e5 958d584a4c9a48fabdd6b1486115b0e5] 199.204.45.238 "GET /allocations/35fd90a2-b4aa-4310-9dbb-39c35fdcefd8" status: 200 len: 257 microversion: 1.28 [pid: 7|app: 0|req: 371/732] 199.204.45.238 () {34 vars in 863 bytes} [Wed Mar 4 14:05:28 2026] GET /allocations/35fd90a2-b4aa-4310-9dbb-39c35fdcefd8 => generated 257 bytes in 22 msecs (HTTP/1.1 200) 8 headers in 296 bytes (1 switches on core 0)
2026-03-04 14:05:29.542 8 INFO placement.requestlog [req-994e0cbe-16cb-4d22-b834-558bcc18f7c3 req-2f6c9151-e49c-40da-b891-58a2b7708bed cc192db2aa0c478d9c7f5920e133aa59 bf977f360f2544da93920adc0c33fdb2 - - 958d584a4c9a48fabdd6b1486115b0e5 958d584a4c9a48fabdd6b1486115b0e5] 199.204.45.238 "DELETE /allocations/ea291b81-5f98-47ea-b3cd-c1759e32a01a" status: 204 len: 0 microversion: 1.0 [pid: 8|app: 0|req: 362/733] 199.204.45.238 () {34 vars in 841 bytes} [Wed Mar 4 14:05:29 2026] DELETE /allocations/ea291b81-5f98-47ea-b3cd-c1759e32a01a => generated 0 bytes in 23 msecs (HTTP/1.1 204) 5 headers in 198 bytes (1 switches on core 0)
2026-03-04 14:05:29.669 7 INFO placement.requestlog [None req-9c6f8b3a-2e6e-480b-b7cb-744e53186176 - - - - - -] 10.0.0.149 "GET /" status: 200 len: 136 microversion: 1.0
2026-03-04 14:05:29.669 8 INFO placement.requestlog [None req-328eddd8-5036-4fec-a8e6-9e8719e0a879 - - - - - -] 10.0.0.149 "GET /" status: 200 len: 136 microversion: 1.0
2026-03-04 14:05:34.460 8 INFO placement.requestlog [None req-fe090372-0fd1-49f1-93a3-282c0eabac94 dacfa32723ee4cceaf691975fcbe4202 bf977f360f2544da93920adc0c33fdb2 - - 958d584a4c9a48fabdd6b1486115b0e5 958d584a4c9a48fabdd6b1486115b0e5] 10.0.0.87 "GET /resource_providers/f874920b-45a0-4b0f-aef6-025081fbf8d1/aggregates" status: 404 len: 235 microversion: 1.1 [pid: 8|app: 0|req: 364/736] 10.0.0.87 () {32 vars in 815 bytes} [Wed Mar 4 14:05:34 2026] GET /resource_providers/f874920b-45a0-4b0f-aef6-025081fbf8d1/aggregates => generated 235 bytes in 12 msecs (HTTP/1.1 404) 5 headers in 202 bytes (1 switches on core 0)
2026-03-04 14:05:34.463 7 INFO placement.requestlog [None req-7516dc49-e5ac-480b-8686-f0add76be98b dacfa32723ee4cceaf691975fcbe4202 bf977f360f2544da93920adc0c33fdb2 - - 958d584a4c9a48fabdd6b1486115b0e5 958d584a4c9a48fabdd6b1486115b0e5] 10.0.0.87 "GET /resource_providers/f874920b-45a0-4b0f-aef6-025081fbf8d1/aggregates" status: 404 len: 235 microversion: 1.1 [pid: 7|app: 0|req: 373/737] 10.0.0.87 () {32 vars in 815 bytes} [Wed Mar 4 14:05:34 2026] GET /resource_providers/f874920b-45a0-4b0f-aef6-025081fbf8d1/aggregates => generated 235 bytes in 15 msecs (HTTP/1.1 404) 5 headers in 202 bytes (1 switches on core 0)
2026-03-04 14:05:34.479 8 INFO placement.requestlog [None req-4dad7a03-46f0-4d96-a6f2-b12816198e9a dacfa32723ee4cceaf691975fcbe4202 bf977f360f2544da93920adc0c33fdb2 - - 958d584a4c9a48fabdd6b1486115b0e5 958d584a4c9a48fabdd6b1486115b0e5] 10.0.0.87 "DELETE /resource_providers/f874920b-45a0-4b0f-aef6-025081fbf8d1" status: 404 len: 246 microversion: 1.1 [pid: 8|app: 0|req: 365/738] 10.0.0.87 () {34 vars in 815 bytes} [Wed Mar 4 14:05:34 2026] DELETE /resource_providers/f874920b-45a0-4b0f-aef6-025081fbf8d1 => generated 246 bytes in 7 msecs (HTTP/1.1 404) 6 headers in 231 bytes (1 switches on core 0)
2026-03-04 14:05:34.487 7 INFO placement.requestlog [None req-2ae73757-1f9e-49da-b864-564fb83387e1 dacfa32723ee4cceaf691975fcbe4202 bf977f360f2544da93920adc0c33fdb2 - - 958d584a4c9a48fabdd6b1486115b0e5 958d584a4c9a48fabdd6b1486115b0e5] 10.0.0.87 "DELETE /resource_providers/f874920b-45a0-4b0f-aef6-025081fbf8d1" status: 404 len: 246 microversion: 1.1 [pid: 7|app: 0|req: 374/739] 10.0.0.87 () {34 vars in 815 bytes} [Wed Mar 4 14:05:34 2026] DELETE /resource_providers/f874920b-45a0-4b0f-aef6-025081fbf8d1 => generated 246 bytes in 8 msecs (HTTP/1.1 404) 6 headers in 231 bytes (1 switches on core 0)
2026-03-04 14:05:36.749 8 INFO placement.requestlog [None req-dd65441f-6816-425b-86a8-184f882691c1 dacfa32723ee4cceaf691975fcbe4202 bf977f360f2544da93920adc0c33fdb2 - - 958d584a4c9a48fabdd6b1486115b0e5 958d584a4c9a48fabdd6b1486115b0e5] 10.0.0.87 "GET /resource_providers/81f66615-9eee-489d-be25-c060b631c983/aggregates" status: 404 len: 235 microversion: 1.1 [pid: 8|app: 0|req: 366/740] 10.0.0.87 () {32 vars in 815 bytes} [Wed Mar 4 14:05:36 2026] GET /resource_providers/81f66615-9eee-489d-be25-c060b631c983/aggregates => generated 235 bytes in 8 msecs (HTTP/1.1 404) 5 headers in 202 bytes (1 switches on core 0)
2026-03-04 14:05:36.762 7 INFO placement.requestlog [None req-cf07a20b-4a62-4080-9509-115af1bc3e17 dacfa32723ee4cceaf691975fcbe4202 bf977f360f2544da93920adc0c33fdb2 - - 958d584a4c9a48fabdd6b1486115b0e5 958d584a4c9a48fabdd6b1486115b0e5] 10.0.0.87 "GET /resource_providers/81f66615-9eee-489d-be25-c060b631c983/aggregates" status: 404 len: 235 microversion: 1.1 [pid: 7|app: 0|req: 375/741] 10.0.0.87 () {32 vars in 815 bytes} [Wed Mar 4 14:05:36 2026] GET /resource_providers/81f66615-9eee-489d-be25-c060b631c983/aggregates => generated 235 bytes in 19 msecs (HTTP/1.1 404) 5 headers in 202 bytes (1 switches on core 0)
2026-03-04 14:05:36.788 8 INFO placement.requestlog [None req-0d0beb00-0576-4a0f-8a28-44cb043d8d9b dacfa32723ee4cceaf691975fcbe4202 bf977f360f2544da93920adc0c33fdb2 - - 958d584a4c9a48fabdd6b1486115b0e5 958d584a4c9a48fabdd6b1486115b0e5] 10.0.0.87 "DELETE /resource_providers/81f66615-9eee-489d-be25-c060b631c983" status: 404 len: 246 microversion: 1.1 [pid: 8|app: 0|req: 367/742] 10.0.0.87 () {34 vars in 815 bytes} [Wed Mar 4 14:05:36 2026] DELETE /resource_providers/81f66615-9eee-489d-be25-c060b631c983 => generated 246 bytes in 12 msecs (HTTP/1.1 404) 6 headers in 231 bytes (1 switches on core 0)
2026-03-04 14:05:36.792 7 INFO placement.requestlog [None req-cb5fc84e-1510-4e87-9e1a-c5a80eafa01b dacfa32723ee4cceaf691975fcbe4202 bf977f360f2544da93920adc0c33fdb2 - - 958d584a4c9a48fabdd6b1486115b0e5 958d584a4c9a48fabdd6b1486115b0e5] 10.0.0.87 "DELETE /resource_providers/81f66615-9eee-489d-be25-c060b631c983" status: 404 len: 246 microversion: 1.1 [pid: 7|app: 0|req: 376/743] 10.0.0.87 () {34 vars in 815 bytes} [Wed Mar 4 14:05:36 2026] DELETE /resource_providers/81f66615-9eee-489d-be25-c060b631c983 => generated 246 bytes in 8 msecs (HTTP/1.1 404) 6 headers in 231 bytes (1 switches on core 0)
2026-03-04 14:05:37.590 8 INFO placement.requestlog [None req-92f2f4fc-1e99-4422-8f2b-2e2290c979c5 dacfa32723ee4cceaf691975fcbe4202 bf977f360f2544da93920adc0c33fdb2 - - 958d584a4c9a48fabdd6b1486115b0e5 958d584a4c9a48fabdd6b1486115b0e5] 10.0.0.87 "GET /resource_providers/ec8c339d-43a9-46d4-9c0d-c7ce449309ef/aggregates" status: 404 len: 235 microversion: 1.1 [pid: 8|app: 0|req: 368/744] 10.0.0.87 () {32 vars in 815 bytes} [Wed Mar 4 14:05:37 2026] GET /resource_providers/ec8c339d-43a9-46d4-9c0d-c7ce449309ef/aggregates => generated 235 bytes in 6 msecs (HTTP/1.1 404) 5 headers in 202 bytes (1 switches on core 0)
2026-03-04 14:05:37.598 7 INFO placement.requestlog [None req-a1b94b14-0192-4586-94a7-bed07a85acb7 dacfa32723ee4cceaf691975fcbe4202 bf977f360f2544da93920adc0c33fdb2 - - 958d584a4c9a48fabdd6b1486115b0e5 958d584a4c9a48fabdd6b1486115b0e5] 10.0.0.87 "GET /resource_providers/ec8c339d-43a9-46d4-9c0d-c7ce449309ef/aggregates" status: 404 len: 235 microversion: 1.1 [pid: 7|app: 0|req: 377/745] 10.0.0.87 () {32 vars in 815 bytes} [Wed Mar 4 14:05:37 2026] GET /resource_providers/ec8c339d-43a9-46d4-9c0d-c7ce449309ef/aggregates => generated 235 bytes in 14 msecs (HTTP/1.1 404) 5 headers in 202 bytes (1 switches on core 0)
2026-03-04 14:05:37.612 8 INFO placement.requestlog [None req-f8827f5b-47bc-4a0d-b29a-7ed623f131ba dacfa32723ee4cceaf691975fcbe4202 bf977f360f2544da93920adc0c33fdb2 - - 958d584a4c9a48fabdd6b1486115b0e5 958d584a4c9a48fabdd6b1486115b0e5] 10.0.0.87 "DELETE /resource_providers/ec8c339d-43a9-46d4-9c0d-c7ce449309ef" status: 404 len: 246 microversion: 1.1 [pid: 8|app: 0|req: 369/746] 10.0.0.87 () {34 vars in 815 bytes} [Wed Mar 4 14:05:37 2026] DELETE /resource_providers/ec8c339d-43a9-46d4-9c0d-c7ce449309ef => generated 246 bytes in 7 msecs (HTTP/1.1 404) 6 headers in 231 bytes (1 switches on core 0)
2026-03-04 14:05:37.619 7 INFO placement.requestlog [None req-46675786-7e7b-4e27-a33d-68faaccee564 dacfa32723ee4cceaf691975fcbe4202 bf977f360f2544da93920adc0c33fdb2 - - 958d584a4c9a48fabdd6b1486115b0e5 958d584a4c9a48fabdd6b1486115b0e5] 10.0.0.87 "DELETE /resource_providers/ec8c339d-43a9-46d4-9c0d-c7ce449309ef" status: 404 len: 246 microversion: 1.1 [pid: 7|app: 0|req: 378/747] 10.0.0.87 () {34 vars in 815 bytes} [Wed Mar 4 14:05:37 2026] DELETE /resource_providers/ec8c339d-43a9-46d4-9c0d-c7ce449309ef => generated 246 bytes in 11 msecs (HTTP/1.1 404) 6 headers in 231 bytes (1 switches on core 0)
2026-03-04 14:05:39.669 8 INFO placement.requestlog [None req-1fe9f5aa-c9a6-43bf-a82d-d7ca8632d06d - - - - - -] 10.0.0.149 "GET /" status: 200 len: 136 microversion: 1.0
2026-03-04 14:05:39.669 7 INFO placement.requestlog [None req-ef4fec87-432a-4020-9234-c0efe68d6966 - - - - - -] 10.0.0.149 "GET /" status: 200 len: 136 microversion: 1.0
2026-03-04 14:05:40.039 8 INFO placement.requestlog [None req-03535c21-c5f6-4bb6-b84f-f40cf04b4160 dacfa32723ee4cceaf691975fcbe4202 bf977f360f2544da93920adc0c33fdb2 - - 958d584a4c9a48fabdd6b1486115b0e5 958d584a4c9a48fabdd6b1486115b0e5] 10.0.0.87 "GET /resource_providers/4fafe260-2eea-4533-a6dc-0701c7404207/aggregates" status: 404 len: 235 microversion: 1.1 [pid: 8|app: 0|req: 371/750] 10.0.0.87 () {32 vars in 815 bytes} [Wed Mar 4 14:05:40 2026] GET /resource_providers/4fafe260-2eea-4533-a6dc-0701c7404207/aggregates => generated 235 bytes in 11 msecs (HTTP/1.1 404) 5 headers in 202 bytes (1 switches on core 0)
2026-03-04 14:05:40.042 7 INFO placement.requestlog [None req-2a7d214e-5fda-4e1a-90fb-34bc29440673 dacfa32723ee4cceaf691975fcbe4202 bf977f360f2544da93920adc0c33fdb2 - - 958d584a4c9a48fabdd6b1486115b0e5 958d584a4c9a48fabdd6b1486115b0e5] 10.0.0.87 "GET /resource_providers/4fafe260-2eea-4533-a6dc-0701c7404207/aggregates" status: 404 len: 235 microversion: 1.1 [pid: 7|app: 0|req: 380/751] 10.0.0.87 () {32 vars in 815 bytes} [Wed Mar 4 14:05:40 2026] GET /resource_providers/4fafe260-2eea-4533-a6dc-0701c7404207/aggregates => generated 235 bytes in 7 msecs (HTTP/1.1 404) 5 headers in 202 bytes (1 switches on core 0)
2026-03-04 14:05:40.060 8 INFO placement.requestlog [None req-2a0c6574-ce67-4d17-be5b-68a85ac850ed dacfa32723ee4cceaf691975fcbe4202 bf977f360f2544da93920adc0c33fdb2 - - 958d584a4c9a48fabdd6b1486115b0e5 958d584a4c9a48fabdd6b1486115b0e5] 10.0.0.87 "DELETE /resource_providers/4fafe260-2eea-4533-a6dc-0701c7404207" status: 404 len: 246 microversion: 1.1 [pid: 8|app: 0|req: 372/752] 10.0.0.87 () {34 vars in 815 bytes} [Wed Mar 4 14:05:40 2026] DELETE /resource_providers/4fafe260-2eea-4533-a6dc-0701c7404207 => generated 246 bytes in 10 msecs (HTTP/1.1 404) 6 headers in 231 bytes (1 switches on core 0)
2026-03-04 14:05:40.072 7 INFO placement.requestlog [None req-a5b223eb-5cfd-47d1-a81f-f6dffaea5834 dacfa32723ee4cceaf691975fcbe4202 bf977f360f2544da93920adc0c33fdb2 - - 958d584a4c9a48fabdd6b1486115b0e5 958d584a4c9a48fabdd6b1486115b0e5] 10.0.0.87 "DELETE /resource_providers/4fafe260-2eea-4533-a6dc-0701c7404207" status: 404 len: 246 microversion: 1.1 [pid: 7|app: 0|req: 381/753] 10.0.0.87 () {34 vars in 815 bytes} [Wed Mar 4 14:05:40 2026] DELETE /resource_providers/4fafe260-2eea-4533-a6dc-0701c7404207 => generated 246 bytes in 10 msecs (HTTP/1.1 404) 6 headers in 231 bytes (1 switches on core 0)
2026-03-04 14:05:42.776 8 INFO placement.requestlog [None req-2315ee9b-0a30-4b3f-9d26-362b4e9c6957 dacfa32723ee4cceaf691975fcbe4202 bf977f360f2544da93920adc0c33fdb2 - - 958d584a4c9a48fabdd6b1486115b0e5 958d584a4c9a48fabdd6b1486115b0e5] 10.0.0.87 "GET /resource_providers/e4a3c504-29d1-443f-ad41-b3f75b87f8ac/aggregates" status: 404 len: 235 microversion: 1.1 [pid: 8|app: 0|req: 373/754] 10.0.0.87 () {32 vars in 815 bytes} [Wed Mar 4 14:05:42 2026] GET /resource_providers/e4a3c504-29d1-443f-ad41-b3f75b87f8ac/aggregates => generated 235 bytes in 11 msecs (HTTP/1.1 404) 5 headers in 202 bytes (1 switches on core 0)
2026-03-04 14:05:42.781 7 INFO placement.requestlog [None req-a4088388-3b21-465d-9b0a-d7243a87b976 dacfa32723ee4cceaf691975fcbe4202 bf977f360f2544da93920adc0c33fdb2 - - 958d584a4c9a48fabdd6b1486115b0e5 958d584a4c9a48fabdd6b1486115b0e5] 10.0.0.87 "GET /resource_providers/e4a3c504-29d1-443f-ad41-b3f75b87f8ac/aggregates" status: 404 len: 235 microversion: 1.1 [pid: 7|app: 0|req: 382/755] 10.0.0.87 () {32 vars in 815 bytes} [Wed Mar 4 14:05:42 2026] GET /resource_providers/e4a3c504-29d1-443f-ad41-b3f75b87f8ac/aggregates => generated 235 bytes in 11 msecs (HTTP/1.1 404) 5 headers in 202 bytes (1 switches on core 0)
2026-03-04 14:05:42.802 8 INFO placement.requestlog [None req-d7ef076e-090b-45c4-8b70-9d8498d67def dacfa32723ee4cceaf691975fcbe4202 bf977f360f2544da93920adc0c33fdb2 - - 958d584a4c9a48fabdd6b1486115b0e5 958d584a4c9a48fabdd6b1486115b0e5] 10.0.0.87 "DELETE /resource_providers/e4a3c504-29d1-443f-ad41-b3f75b87f8ac" status: 404 len: 246 microversion: 1.1 [pid: 8|app: 0|req: 374/756] 10.0.0.87 () {34 vars in 815 bytes} [Wed Mar 4 14:05:42 2026] DELETE /resource_providers/e4a3c504-29d1-443f-ad41-b3f75b87f8ac => generated 246 bytes in 12 msecs (HTTP/1.1 404) 6 headers in 231 bytes (1 switches on core 0)
2026-03-04 14:05:42.804 7 INFO placement.requestlog [None req-d3be9dea-8056-46dc-94f1-937c13780316 dacfa32723ee4cceaf691975fcbe4202 bf977f360f2544da93920adc0c33fdb2 - - 958d584a4c9a48fabdd6b1486115b0e5 958d584a4c9a48fabdd6b1486115b0e5] 10.0.0.87 "DELETE /resource_providers/e4a3c504-29d1-443f-ad41-b3f75b87f8ac" status: 404 len: 246 microversion: 1.1 [pid: 7|app: 0|req: 383/757] 10.0.0.87 () {34 vars in 815 bytes} [Wed Mar 4 14:05:42 2026] DELETE /resource_providers/e4a3c504-29d1-443f-ad41-b3f75b87f8ac => generated 246 bytes in 12 msecs (HTTP/1.1 404) 6 headers in 231 bytes (1 switches on core 0)
2026-03-04 14:05:43.530 8 INFO placement.requestlog [None req-febdf5ab-825e-4c6f-a9ca-2dcc07b91a6f dacfa32723ee4cceaf691975fcbe4202 bf977f360f2544da93920adc0c33fdb2 - - 958d584a4c9a48fabdd6b1486115b0e5 958d584a4c9a48fabdd6b1486115b0e5] 10.0.0.87 "GET /resource_providers/b7a28a24-df8e-48e3-914e-60235d2e35dd/aggregates" status: 404 len: 235 microversion: 1.1 [pid: 8|app: 0|req: 375/758] 10.0.0.87 () {32 vars in 815 bytes} [Wed Mar 4 14:05:43 2026] GET /resource_providers/b7a28a24-df8e-48e3-914e-60235d2e35dd/aggregates => generated 235 bytes in 10 msecs (HTTP/1.1 404) 5 headers in 202 bytes (1 switches on core 0)
2026-03-04 14:05:43.532 7 INFO placement.requestlog [None req-e9ff5197-acd6-4270-8dec-9c879436c0ea dacfa32723ee4cceaf691975fcbe4202 bf977f360f2544da93920adc0c33fdb2 - - 958d584a4c9a48fabdd6b1486115b0e5 958d584a4c9a48fabdd6b1486115b0e5] 10.0.0.87 "GET /resource_providers/b7a28a24-df8e-48e3-914e-60235d2e35dd/aggregates" status: 404 len: 235 microversion: 1.1 [pid: 7|app: 0|req: 384/759] 10.0.0.87 () {32 vars in 815 bytes} [Wed Mar 4 14:05:43 2026] GET /resource_providers/b7a28a24-df8e-48e3-914e-60235d2e35dd/aggregates => generated 235 bytes in 12 msecs (HTTP/1.1 404) 5 headers in 202 bytes (1 switches on core 0)
2026-03-04 14:05:43.553 8 INFO placement.requestlog [None req-6a806a82-0c27-4df1-a88e-59fc5417f6c6 dacfa32723ee4cceaf691975fcbe4202 bf977f360f2544da93920adc0c33fdb2 - - 958d584a4c9a48fabdd6b1486115b0e5 958d584a4c9a48fabdd6b1486115b0e5] 10.0.0.87 "DELETE /resource_providers/b7a28a24-df8e-48e3-914e-60235d2e35dd" status: 404 len: 246 microversion: 1.1 [pid: 8|app: 0|req: 376/760] 10.0.0.87 () {34 vars in 815 bytes} [Wed Mar 4 14:05:43 2026] DELETE /resource_providers/b7a28a24-df8e-48e3-914e-60235d2e35dd => generated 246 bytes in 9 msecs (HTTP/1.1 404) 6 headers in 231 bytes (1 switches on core 0)
