2026-03-04 14:05:36.101 7 INFO neutron.db.ovn_revision_numbers_db [None req-a6e2fd50-f824-4bcf-aee1-7d93cc5c84dd 0013a10b3d7b499fa2a19ad67a9d264a 98d6605b0e014793bdbe06fb89de01a6 - - default default] Successfully bumped revision number for resource 42c4276e-3862-4005-a6c0-8f19361716f3 (type: subnets) to 0 [pid: 7|app: 0|req: 582/1119] 10.0.0.182 () {34 vars in 668 bytes} [Wed Mar 4 14:05:35 2026] POST /v2.0/subnets => generated 646 bytes in 208 msecs (HTTP/1.1 201) 4 headers in 162 bytes (1 switches on core 0)
2026-03-04 14:05:36.203 8 INFO neutron.notifiers.nova [-] Nova event matching ['req-823f66a6-9b05-4b09-9281-4d3fe9291e52'] response: {'server_uuid': '35fd90a2-b4aa-4310-9dbb-39c35fdcefd8', 'name': 'network-vif-plugged', 'status': 'completed', 'tag': '26e7f400-7e5a-4dd2-8bb6-f0a3e6871062', 'code': 200}
2026-03-04 14:05:36.323 8 INFO neutron_taas.services.taas.taas_plugin [None req-2f5d192b-9859-4019-871a-22bc572056e2 bd23a140790040109afe5f1d0fa45a59 cf112350f7f14e30984bfdbc209de348 - - default default] TaaS: Handle Delete Port: ec8c9a6e-1806-4051-a43c-aab708e684cc
2026-03-04 14:05:36.328 8 INFO neutron_taas.services.taas.tap_mirror_plugin [None req-2f5d192b-9859-4019-871a-22bc572056e2 bd23a140790040109afe5f1d0fa45a59 cf112350f7f14e30984bfdbc209de348 - - default default] Tap Mirror: Handle Delete Port: ec8c9a6e-1806-4051-a43c-aab708e684cc
2026-03-04 14:05:36.458 8 INFO neutron.db.ovn_revision_numbers_db [None req-a5858fba-26a7-43a1-abde-da86ff398d0d - - - - - -] Successfully bumped revision number for resource 26e7f400-7e5a-4dd2-8bb6-f0a3e6871062 (type: ports) to 5
2026-03-04 14:05:36.640 8 INFO neutron.plugins.ml2.drivers.ovn.mech_driver.mech_driver [None req-0b8f61df-ee3d-4392-83fc-a983636237bd - - - - - -] OVN reports status down for port: 7dd2682f-b9e8-45dd-9a64-9e209d81fd74
2026-03-04 14:05:36.648 8 INFO neutron.plugins.ml2.drivers.ovn.mech_driver.mech_driver [None req-0b8f61df-ee3d-4392-83fc-a983636237bd - - - - - -] OVN reports status down for port: 939aff72-005e-47c9-ac9f-8bf33caefcdb
2026-03-04 14:05:36.756 8 INFO neutron.services.segments.plugin [-] Segment 81f66615-9eee-489d-be25-c060b631c983 resource provider aggregate not found
2026-03-04 14:05:36.764 8 INFO neutron.services.segments.plugin [-] Segment 81f66615-9eee-489d-be25-c060b631c983 resource provider aggregate not found
2026-03-04 14:05:36.788 8 INFO neutron.plugins.ml2.drivers.ovn.mech_driver.mech_driver [None req-0b8f61df-ee3d-4392-83fc-a983636237bd - - - - - -] OVN reports status down for port: 82c46b44-6268-4b4e-9176-e508822e2c15
2026-03-04 14:05:36.792 8 INFO neutron.services.segments.plugin [-] Segment 81f66615-9eee-489d-be25-c060b631c983 resource provider not found; error: Placement Client Error (4xx): {"errors": [{"status": 404, "title": "Not Found", "detail": "The resource could not be found.\n\n No resource provider with uuid 81f66615-9eee-489d-be25-c060b631c983 found for delete ", "request_id": "req-0d0beb00-0576-4a0f-8a28-44cb043d8d9b"}]}
2026-03-04 14:05:36.795 8 INFO neutron.services.segments.plugin [-] Segment 81f66615-9eee-489d-be25-c060b631c983 resource provider not found; error: Placement Client Error (4xx): {"errors": [{"status": 404, "title": "Not Found", "detail": "The resource could not be found.\n\n No resource provider with uuid 81f66615-9eee-489d-be25-c060b631c983 found for delete ", "request_id": "req-cb5fc84e-1510-4e87-9e1a-c5a80eafa01b"}]} [pid: 8|app: 0|req: 538/1120] 10.0.0.182 () {32 vars in 725 bytes} [Wed Mar 4 14:05:36 2026] DELETE /v2.0/networks/af94237f-a309-416c-b120-a4e7d2077151 => generated 0 bytes in 775 msecs (HTTP/1.1 204) 3 headers in 131 bytes (1 switches on core 0)
2026-03-04 14:05:36.909 8 INFO neutron.plugins.ml2.drivers.ovn.mech_driver.mech_driver [None req-0b8f61df-ee3d-4392-83fc-a983636237bd - - - - - -] OVN reports status down for port: 5df4186c-a1c2-469b-84e2-0fcf614c1779
2026-03-04 14:05:36.991 7 INFO neutron.db.ovn_revision_numbers_db [None req-3f3317ed-23c1-4579-a626-4b02d0e8738c - - - - - -] Successfully bumped revision number for resource 5df4186c-a1c2-469b-84e2-0fcf614c1779 (type: ports) to 2
2026-03-04 14:05:37.037 7 INFO neutron.db.ovn_revision_numbers_db [None req-3f3317ed-23c1-4579-a626-4b02d0e8738c - - - - - -] Successfully bumped revision number for resource 42c4276e-3862-4005-a6c0-8f19361716f3 (type: subnets) to 1 [pid: 7|app: 0|req: 583/1121] 10.0.0.182 () {34 vars in 740 bytes} [Wed Mar 4 14:05:36 2026] PUT /v2.0/subnets/42c4276e-3862-4005-a6c0-8f19361716f3 => generated 656 bytes in 915 msecs (HTTP/1.1 200) 4 headers in 157 bytes (1 switches on core 0) [pid: 7|app: 0|req: 584/1122] 10.0.0.147 () {34 vars in 989 bytes} [Wed Mar 4 14:05:37 2026] GET /v2.0/ports?device_id=35fd90a2-b4aa-4310-9dbb-39c35fdcefd8 => generated 971 bytes in 52 msecs (HTTP/1.1 200) 4 headers in 157 bytes (1 switches on core 0) /var/lib/openstack/lib/python3.12/site-packages/pycadf/identifier.py:70: UserWarning: Invalid uuid: neutron. To ensure interoperability, identifiers should be a valid uuid. warnings.warn(('Invalid uuid: %s. To ensure interoperability, '
2026-03-04 14:05:37.267 7 INFO neutron_taas.services.taas.taas_plugin [None req-00ee188f-d276-4fa0-9683-cfc8c1d12dac 0013a10b3d7b499fa2a19ad67a9d264a 98d6605b0e014793bdbe06fb89de01a6 - - default default] TaaS: Handle Delete Port: 5df4186c-a1c2-469b-84e2-0fcf614c1779
2026-03-04 14:05:37.270 7 INFO neutron_taas.services.taas.tap_mirror_plugin [None req-00ee188f-d276-4fa0-9683-cfc8c1d12dac 0013a10b3d7b499fa2a19ad67a9d264a 98d6605b0e014793bdbe06fb89de01a6 - - default default] Tap Mirror: Handle Delete Port: 5df4186c-a1c2-469b-84e2-0fcf614c1779
2026-03-04 14:05:37.405 8 INFO neutron.db.ovn_revision_numbers_db [None req-fd65097b-d7f8-4714-89bf-ccc34fbb2974 dc5c0ccef3224735adca02940b3e0afb 3a97d080073f412392bcb9be61f8cc15 - - default default] Successfully bumped revision number for resource a860b5a7-8534-48ec-b01c-ffaffc2945e4 (type: security_groups) to 1
2026-03-04 14:05:37.426 8 INFO neutron.db.ovn_revision_numbers_db [None req-fd65097b-d7f8-4714-89bf-ccc34fbb2974 dc5c0ccef3224735adca02940b3e0afb 3a97d080073f412392bcb9be61f8cc15 - - default default] Successfully bumped revision number for resource 982457e6-a9a7-4362-82f1-551c62980def (type: security_group_rules) to 0
2026-03-04 14:05:37.439 8 INFO neutron.db.ovn_revision_numbers_db [None req-fd65097b-d7f8-4714-89bf-ccc34fbb2974 dc5c0ccef3224735adca02940b3e0afb 3a97d080073f412392bcb9be61f8cc15 - - default default] Successfully bumped revision number for resource b006f615-bc04-4b07-a1a0-96984f2d0150 (type: security_group_rules) to 0
2026-03-04 14:05:37.451 8 INFO neutron.db.ovn_revision_numbers_db [None req-fd65097b-d7f8-4714-89bf-ccc34fbb2974 dc5c0ccef3224735adca02940b3e0afb 3a97d080073f412392bcb9be61f8cc15 - - default default] Successfully bumped revision number for resource bfbc0865-11a3-4290-aa0c-2b39e1790452 (type: security_group_rules) to 0
2026-03-04 14:05:37.463 8 INFO neutron.db.ovn_revision_numbers_db [None req-fd65097b-d7f8-4714-89bf-ccc34fbb2974 dc5c0ccef3224735adca02940b3e0afb 3a97d080073f412392bcb9be61f8cc15 - - default default] Successfully bumped revision number for resource e72a204a-5044-40eb-be3e-cf9e5072511e (type: security_group_rules) to 0
2026-03-04 14:05:37.550 8 INFO neutron.db.segments_db [None req-fd65097b-d7f8-4714-89bf-ccc34fbb2974 dc5c0ccef3224735adca02940b3e0afb 3a97d080073f412392bcb9be61f8cc15 - - default default] Added segment d902bd37-7046-4de1-bc21-e0dc516bfc95 of type geneve for network f60f60df-b08c-49e2-9387-f364d3abcb4d
2026-03-04 14:05:37.591 7 INFO neutron.services.segments.plugin [-] Segment ec8c339d-43a9-46d4-9c0d-c7ce449309ef resource provider aggregate not found
2026-03-04 14:05:37.601 7 INFO neutron.services.segments.plugin [-] Segment ec8c339d-43a9-46d4-9c0d-c7ce449309ef resource provider aggregate not found
2026-03-04 14:05:37.614 7 INFO neutron.services.segments.plugin [-] Segment ec8c339d-43a9-46d4-9c0d-c7ce449309ef resource provider not found; error: Placement Client Error (4xx): {"errors": [{"status": 404, "title": "Not Found", "detail": "The resource could not be found.\n\n No resource provider with uuid ec8c339d-43a9-46d4-9c0d-c7ce449309ef found for delete ", "request_id": "req-f8827f5b-47bc-4a0d-b29a-7ed623f131ba"}]}
2026-03-04 14:05:37.621 7 INFO neutron.services.segments.plugin [-] Segment ec8c339d-43a9-46d4-9c0d-c7ce449309ef resource provider not found; error: Placement Client Error (4xx): {"errors": [{"status": 404, "title": "Not Found", "detail": "The resource could not be found.\n\n No resource provider with uuid ec8c339d-43a9-46d4-9c0d-c7ce449309ef found for delete ", "request_id": "req-46675786-7e7b-4e27-a33d-68faaccee564"}]}
2026-03-04 14:05:37.675 8 INFO neutron.db.ovn_revision_numbers_db [None req-fd65097b-d7f8-4714-89bf-ccc34fbb2974 dc5c0ccef3224735adca02940b3e0afb 3a97d080073f412392bcb9be61f8cc15 - - default default] Successfully bumped revision number for resource f60f60df-b08c-49e2-9387-f364d3abcb4d (type: networks) to 1 [pid: 7|app: 0|req: 585/1123] 10.0.0.182 () {32 vars in 725 bytes} [Wed Mar 4 14:05:37 2026] DELETE /v2.0/networks/8091ebe5-cbb6-48e4-ac95-4e39b069c916 => generated 0 bytes in 584 msecs (HTTP/1.1 204) 3 headers in 131 bytes (1 switches on core 0) [pid: 7|app: 0|req: 586/1124] 10.0.0.147 () {34 vars in 1039 bytes} [Wed Mar 4 14:05:37 2026] GET /v2.0/security-groups?id=406f82ee-d3c0-4dfb-9712-54764cbf2e02&fields=id&fields=name => generated 113 bytes in 24 msecs (HTTP/1.1 200) 4 headers in 157 bytes (1 switches on core 0)
2026-03-04 14:05:37.831 8 WARNING neutron.scheduler.dhcp_agent_scheduler [None req-fd65097b-d7f8-4714-89bf-ccc34fbb2974 dc5c0ccef3224735adca02940b3e0afb 3a97d080073f412392bcb9be61f8cc15 - - default default] No more DHCP agents
2026-03-04 14:05:37.832 8 WARNING neutron.api.rpc.agentnotifiers.dhcp_rpc_agent_api [None req-fd65097b-d7f8-4714-89bf-ccc34fbb2974 dc5c0ccef3224735adca02940b3e0afb 3a97d080073f412392bcb9be61f8cc15 - - default default] Unable to schedule network f60f60df-b08c-49e2-9387-f364d3abcb4d: no agents available; will retry on subsequent port and subnet creation events. [pid: 7|app: 0|req: 587/1125] 10.0.0.182 () {32 vars in 773 bytes} [Wed Mar 4 14:05:37 2026] GET /v2.0/security-groups?tenant_id=cf112350f7f14e30984bfdbc209de348&name=default => generated 2925 bytes in 146 msecs (HTTP/1.1 200) 4 headers in 158 bytes (1 switches on core 0)
2026-03-04 14:05:37.859 7 INFO neutron.pecan_wsgi.hooks.translation [None req-f8a4cb2e-867f-495c-bf1b-461a7b02a8f2 0013a10b3d7b499fa2a19ad67a9d264a 98d6605b0e014793bdbe06fb89de01a6 - - default default] DELETE failed (client error): The resource could not be found. [pid: 7|app: 0|req: 588/1126] 10.0.0.182 () {32 vars in 725 bytes} [Wed Mar 4 14:05:37 2026] DELETE /v2.0/networks/8091ebe5-cbb6-48e4-ac95-4e39b069c916 => generated 138 bytes in 12 msecs (HTTP/1.1 404) 4 headers in 164 bytes (1 switches on core 0)
2026-03-04 14:05:37.888 8 INFO neutron.plugins.ml2.drivers.ovn.mech_driver.mech_driver [None req-0b8f61df-ee3d-4392-83fc-a983636237bd - - - - - -] OVN reports status down for port: fd4bc966-7f61-4e73-874a-02482b952817
2026-03-04 14:05:37.952 8 INFO neutron.db.ovn_revision_numbers_db [None req-fd65097b-d7f8-4714-89bf-ccc34fbb2974 dc5c0ccef3224735adca02940b3e0afb 3a97d080073f412392bcb9be61f8cc15 - - default default] Successfully bumped revision number for resource fd4bc966-7f61-4e73-874a-02482b952817 (type: ports) to 1 [pid: 8|app: 0|req: 539/1129] 10.0.0.182 () {34 vars in 670 bytes} [Wed Mar 4 14:05:36 2026] POST /v2.0/networks => generated 757 bytes in 1033 msecs (HTTP/1.1 201) 4 headers in 162 bytes (1 switches on core 0) [pid: 8|app: 0|req: 540/1130] 10.0.0.182 () {32 vars in 693 bytes} [Wed Mar 4 14:05:38 2026] GET /v2.0/networks?router%3Aexternal=True => generated 689 bytes in 77 msecs (HTTP/1.1 200) 4 headers in 157 bytes (1 switches on core 0) [pid: 7|app: 0|req: 591/1131] 10.0.0.182 () {32 vars in 739 bytes} [Wed Mar 4 14:05:37 2026] DELETE /v2.0/security-groups/b983aabb-93d4-4478-bbcf-7e743d4c8b97 => generated 0 bytes in 255 msecs (HTTP/1.1 204) 2 headers in 112 bytes (1 switches on core 0) [pid: 7|app: 0|req: 592/1132] 10.0.0.182 () {32 vars in 741 bytes} [Wed Mar 4 14:05:38 2026] GET /v2.0/subnets?network_id=3d007793-50f3-4cf8-85d5-5c3f5304aa90 => generated 649 bytes in 36 msecs (HTTP/1.1 200) 4 headers in 157 bytes (1 switches on core 0) [pid: 7|app: 0|req: 593/1133] 10.0.0.182 () {32 vars in 652 bytes} [Wed Mar 4 14:05:38 2026] GET /v2.0/extensions => generated 20541 bytes in 6 msecs (HTTP/1.1 200) 4 headers in 159 bytes (1 switches on core 0) [pid: 7|app: 0|req: 594/1134] 10.0.0.182 () {32 vars in 648 bytes} [Wed Mar 4 14:05:38 2026] GET /v2.0/networks => generated 1389 bytes in 59 msecs (HTTP/1.1 200) 4 headers in 158 bytes (1 switches on core 0)
2026-03-04 14:05:38.248 8 INFO neutron.notifiers.nova [-] Nova event matching ['req-738c0d89-6661-4194-bf16-f400986bb044'] response: {'server_uuid': '35fd90a2-b4aa-4310-9dbb-39c35fdcefd8', 'name': 'network-vif-plugged', 'status': 'completed', 'tag': '26e7f400-7e5a-4dd2-8bb6-f0a3e6871062', 'code': 200}
2026-03-04 14:05:38.273 8 WARNING neutron.scheduler.dhcp_agent_scheduler [None req-e6153fd6-fc01-4d68-9011-8eca44d48b36 dc5c0ccef3224735adca02940b3e0afb 3a97d080073f412392bcb9be61f8cc15 - - default default] No more DHCP agents
2026-03-04 14:05:38.274 8 WARNING neutron.api.rpc.agentnotifiers.dhcp_rpc_agent_api [None req-e6153fd6-fc01-4d68-9011-8eca44d48b36 dc5c0ccef3224735adca02940b3e0afb 3a97d080073f412392bcb9be61f8cc15 - - default default] Unable to schedule network f60f60df-b08c-49e2-9387-f364d3abcb4d: no agents available; will retry on subsequent port and subnet creation events. [pid: 7|app: 0|req: 595/1135] 10.0.0.182 () {32 vars in 646 bytes} [Wed Mar 4 14:05:38 2026] GET /v2.0/subnets => generated 1312 bytes in 39 msecs (HTTP/1.1 200) 4 headers in 158 bytes (1 switches on core 0) [pid: 7|app: 0|req: 596/1136] 10.0.0.182 () {32 vars in 722 bytes} [Wed Mar 4 14:05:38 2026] GET /v2.0/networks/a7464fcb-f548-4e96-b299-91cfac8e5d7a => generated 711 bytes in 46 msecs (HTTP/1.1 200) 4 headers in 157 bytes (1 switches on core 0) [pid: 7|app: 0|req: 597/1137] 10.0.0.182 () {32 vars in 720 bytes} [Wed Mar 4 14:05:38 2026] GET /v2.0/subnets/6f09524a-caa8-4ae5-9c1c-591c47694e5e => generated 673 bytes in 29 msecs (HTTP/1.1 200) 4 headers in 157 bytes (1 switches on core 0)
2026-03-04 14:05:38.396 7 INFO neutron.pecan_wsgi.hooks.translation [None req-cbfbeee9-f32f-4cdc-8df2-c7bdd08bd7df 0013a10b3d7b499fa2a19ad67a9d264a 98d6605b0e014793bdbe06fb89de01a6 - - default default] DELETE failed (client error): The resource could not be found. [pid: 7|app: 0|req: 598/1138] 10.0.0.182 () {32 vars in 723 bytes} [Wed Mar 4 14:05:38 2026] DELETE /v2.0/subnets/42c4276e-3862-4005-a6c0-8f19361716f3 => generated 136 bytes in 15 msecs (HTTP/1.1 404) 4 headers in 164 bytes (1 switches on core 0)
2026-03-04 14:05:38.411 7 INFO neutron.pecan_wsgi.hooks.translation [None req-949b8221-69fb-466c-ba1e-d16712562357 0013a10b3d7b499fa2a19ad67a9d264a 98d6605b0e014793bdbe06fb89de01a6 - - default default] DELETE failed (client error): The resource could not be found. [pid: 7|app: 0|req: 599/1139] 10.0.0.182 () {32 vars in 725 bytes} [Wed Mar 4 14:05:38 2026] DELETE /v2.0/networks/8091ebe5-cbb6-48e4-ac95-4e39b069c916 => generated 138 bytes in 12 msecs (HTTP/1.1 404) 4 headers in 164 bytes (1 switches on core 0) [pid: 7|app: 0|req: 600/1140] 10.0.0.182 () {32 vars in 723 bytes} [Wed Mar 4 14:05:38 2026] DELETE /v2.0/subnets/6f09524a-caa8-4ae5-9c1c-591c47694e5e => generated 0 bytes in 147 msecs (HTTP/1.1 204) 3 headers in 131 bytes (1 switches on core 0)
2026-03-04 14:05:38.679 7 INFO neutron_taas.services.taas.taas_plugin [None req-d90b697e-9763-49d3-8322-64c610eb1de7 0013a10b3d7b499fa2a19ad67a9d264a 98d6605b0e014793bdbe06fb89de01a6 - - default default] TaaS: Handle Delete Port: 82c46b44-6268-4b4e-9176-e508822e2c15
2026-03-04 14:05:38.682 7 INFO neutron_taas.services.taas.tap_mirror_plugin [None req-d90b697e-9763-49d3-8322-64c610eb1de7 0013a10b3d7b499fa2a19ad67a9d264a 98d6605b0e014793bdbe06fb89de01a6 - - default default] Tap Mirror: Handle Delete Port: 82c46b44-6268-4b4e-9176-e508822e2c15
2026-03-04 14:05:38.805 8 INFO neutron.db.ovn_revision_numbers_db [None req-077aef79-3dc6-4af9-aa6e-1acd30009632 - - - - - -] Successfully bumped revision number for resource fd4bc966-7f61-4e73-874a-02482b952817 (type: ports) to 2
2026-03-04 14:05:38.841 8 INFO neutron.db.ovn_revision_numbers_db [None req-077aef79-3dc6-4af9-aa6e-1acd30009632 - - - - - -] Successfully bumped revision number for resource ae17dd82-d727-4eae-8479-3fac326c5b77 (type: subnets) to 0 [pid: 8|app: 0|req: 541/1141] 10.0.0.182 () {34 vars in 668 bytes} [Wed Mar 4 14:05:38 2026] POST /v2.0/subnets => generated 683 bytes in 784 msecs (HTTP/1.1 201) 4 headers in 162 bytes (1 switches on core 0) [pid: 7|app: 0|req: 601/1142] 10.0.0.182 () {32 vars in 725 bytes} [Wed Mar 4 14:05:38 2026] DELETE /v2.0/networks/a7464fcb-f548-4e96-b299-91cfac8e5d7a => generated 0 bytes in 306 msecs (HTTP/1.1 204) 3 headers in 131 bytes (1 switches on core 0) [pid: 8|app: 0|req: 542/1143] 10.0.0.147 () {34 vars in 989 bytes} [Wed Mar 4 14:05:38 2026] GET /v2.0/ports?device_id=35fd90a2-b4aa-4310-9dbb-39c35fdcefd8 => generated 971 bytes in 49 msecs (HTTP/1.1 200) 4 headers in 157 bytes (1 switches on core 0) [pid: 8|app: 0|req: 543/1144] 10.0.0.147 () {34 vars in 1039 bytes} [Wed Mar 4 14:05:38 2026] GET /v2.0/security-groups?id=406f82ee-d3c0-4dfb-9712-54764cbf2e02&fields=id&fields=name => generated 113 bytes in 37 msecs (HTTP/1.1 200) 4 headers in 157 bytes (1 switches on core 0) [pid: 8|app: 0|req: 544/1145] 10.0.0.147 () {34 vars in 989 bytes} [Wed Mar 4 14:05:39 2026] GET /v2.0/ports?device_id=35fd90a2-b4aa-4310-9dbb-39c35fdcefd8 => generated 971 bytes in 39 msecs (HTTP/1.1 200) 4 headers in 157 bytes (1 switches on core 0)
2026-03-04 14:05:39.312 7 WARNING neutron.scheduler.dhcp_agent_scheduler [None req-be2c90e3-732c-448a-90ec-660847a004ce dc5c0ccef3224735adca02940b3e0afb 3a97d080073f412392bcb9be61f8cc15 - - default default] No more DHCP agents
2026-03-04 14:05:39.313 7 WARNING neutron.api.rpc.agentnotifiers.dhcp_rpc_agent_api [None req-be2c90e3-732c-448a-90ec-660847a004ce dc5c0ccef3224735adca02940b3e0afb 3a97d080073f412392bcb9be61f8cc15 - - default default] Unable to schedule network 3d007793-50f3-4cf8-85d5-5c3f5304aa90: no agents available; will retry on subsequent port and subnet creation events.
2026-03-04 14:05:39.420 8 INFO neutron.plugins.ml2.drivers.ovn.mech_driver.mech_driver [None req-0b8f61df-ee3d-4392-83fc-a983636237bd - - - - - -] OVN reports status down for port: 6c3cf0b7-bfbf-4b01-9cb3-b7e2f3d4e957
2026-03-04 14:05:39.444 7 INFO neutron.db.ovn_revision_numbers_db [None req-be2c90e3-732c-448a-90ec-660847a004ce dc5c0ccef3224735adca02940b3e0afb 3a97d080073f412392bcb9be61f8cc15 - - default default] Successfully bumped revision number for resource 6c3cf0b7-bfbf-4b01-9cb3-b7e2f3d4e957 (type: ports) to 1
2026-03-04 14:05:39.694 8 INFO neutron.db.ovn_revision_numbers_db [None req-45da6b74-8e65-4076-903e-cf13d4baba08 ebfa5efea2ad4529ac95af91d07b7e08 f68cb91c4eed4666875c8052a7588ee0 - - default default] Successfully bumped revision number for resource 59125008-14c5-4f4f-885e-191d8e319086 (type: floatingips) to 1
2026-03-04 14:05:39.825 8 INFO neutron.db.ovn_revision_numbers_db [None req-45da6b74-8e65-4076-903e-cf13d4baba08 ebfa5efea2ad4529ac95af91d07b7e08 f68cb91c4eed4666875c8052a7588ee0 - - default default] Successfully bumped revision number for resource 59125008-14c5-4f4f-885e-191d8e319086 (type: floatingips) to 2
2026-03-04 14:05:39.826 8 INFO neutron.db.l3_db [None req-45da6b74-8e65-4076-903e-cf13d4baba08 ebfa5efea2ad4529ac95af91d07b7e08 f68cb91c4eed4666875c8052a7588ee0 - - default default] Floating IP 59125008-14c5-4f4f-885e-191d8e319086 associated. External IP: 10.96.250.218, port: 26e7f400-7e5a-4dd2-8bb6-f0a3e6871062. [pid: 8|app: 0|req: 545/1146] 10.0.0.182 () {34 vars in 748 bytes} [Wed Mar 4 14:05:39 2026] PUT /v2.0/floatingips/59125008-14c5-4f4f-885e-191d8e319086 => generated 855 bytes in 753 msecs (HTTP/1.1 200) 4 headers in 157 bytes (1 switches on core 0)
2026-03-04 14:05:40.041 7 INFO neutron.services.segments.plugin [-] Segment 4fafe260-2eea-4533-a6dc-0701c7404207 resource provider aggregate not found
2026-03-04 14:05:40.047 7 INFO neutron.services.segments.plugin [-] Segment 4fafe260-2eea-4533-a6dc-0701c7404207 resource provider aggregate not found
2026-03-04 14:05:40.066 7 INFO neutron.services.segments.plugin [-] Segment 4fafe260-2eea-4533-a6dc-0701c7404207 resource provider not found; error: Placement Client Error (4xx): {"errors": [{"status": 404, "title": "Not Found", "detail": "The resource could not be found.\n\n No resource provider with uuid 4fafe260-2eea-4533-a6dc-0701c7404207 found for delete ", "request_id": "req-2a0c6574-ce67-4d17-be5b-68a85ac850ed"}]}
2026-03-04 14:05:40.074 7 INFO neutron.services.segments.plugin [-] Segment 4fafe260-2eea-4533-a6dc-0701c7404207 resource provider not found; error: Placement Client Error (4xx): {"errors": [{"status": 404, "title": "Not Found", "detail": "The resource could not be found.\n\n No resource provider with uuid 4fafe260-2eea-4533-a6dc-0701c7404207 found for delete ", "request_id": "req-a5b223eb-5cfd-47d1-a81f-f6dffaea5834"}]} /var/lib/openstack/lib/python3.12/site-packages/pycadf/identifier.py:70: UserWarning: Invalid uuid: neutron. To ensure interoperability, identifiers should be a valid uuid. warnings.warn(('Invalid uuid: %s. To ensure interoperability, ' [pid: 8|app: 0|req: 546/1147] 10.0.0.182 () {32 vars in 773 bytes} [Wed Mar 4 14:05:39 2026] GET /v2.0/security-groups?tenant_id=98d6605b0e014793bdbe06fb89de01a6&name=default => generated 2925 bytes in 248 msecs (HTTP/1.1 200) 4 headers in 158 bytes (1 switches on core 0)
2026-03-04 14:05:40.299 8 INFO neutron.notifiers.nova [-] Nova event matching ['req-3ff0fac3-385b-47bc-8d5b-3d0da65786cd'] response: {'name': 'network-changed', 'server_uuid': '35fd90a2-b4aa-4310-9dbb-39c35fdcefd8', 'tag': '26e7f400-7e5a-4dd2-8bb6-f0a3e6871062', 'status': 'completed', 'code': 200}
2026-03-04 14:05:40.307 8 INFO neutron.db.ovn_revision_numbers_db [None req-123ab8c9-7e4c-473e-a3bc-2c5fe9b07107 21e0a01c730a47908d588d251a71860d 823d904143c2481c863ff8048f4a365a - - default default] Successfully bumped revision number for resource ed60bb15-395f-4d10-81c2-15fc7cd6c116 (type: security_groups) to 1
2026-03-04 14:05:40.323 8 INFO neutron.db.ovn_revision_numbers_db [None req-123ab8c9-7e4c-473e-a3bc-2c5fe9b07107 21e0a01c730a47908d588d251a71860d 823d904143c2481c863ff8048f4a365a - - default default] Successfully bumped revision number for resource 3cc37717-1fae-4ccd-aff4-1c2bd89c1961 (type: security_group_rules) to 0
2026-03-04 14:05:40.336 8 INFO neutron.db.ovn_revision_numbers_db [None req-123ab8c9-7e4c-473e-a3bc-2c5fe9b07107 21e0a01c730a47908d588d251a71860d 823d904143c2481c863ff8048f4a365a - - default default] Successfully bumped revision number for resource 87ba218a-b617-42f1-b8fb-01ccd5998811 (type: security_group_rules) to 0
2026-03-04 14:05:40.348 8 INFO neutron.db.ovn_revision_numbers_db [None req-123ab8c9-7e4c-473e-a3bc-2c5fe9b07107 21e0a01c730a47908d588d251a71860d 823d904143c2481c863ff8048f4a365a - - default default] Successfully bumped revision number for resource 914ac7a2-fbc8-4525-9d51-144a616fad17 (type: security_group_rules) to 0
2026-03-04 14:05:40.362 8 INFO neutron.db.ovn_revision_numbers_db [None req-123ab8c9-7e4c-473e-a3bc-2c5fe9b07107 21e0a01c730a47908d588d251a71860d 823d904143c2481c863ff8048f4a365a - - default default] Successfully bumped revision number for resource b9a78bb2-66c0-4850-904d-fdeaa52c5350 (type: security_group_rules) to 0
2026-03-04 14:05:40.457 8 INFO neutron.db.segments_db [None req-123ab8c9-7e4c-473e-a3bc-2c5fe9b07107 21e0a01c730a47908d588d251a71860d 823d904143c2481c863ff8048f4a365a - - default default] Added segment e4a3c504-29d1-443f-ad41-b3f75b87f8ac of type geneve for network 05db7003-0d3c-4bc8-8826-5098d62fd6fe
2026-03-04 14:05:40.534 7 INFO neutron.plugins.ml2.drivers.ovn.mech_driver.ovsdb.commands [None req-dbb91c34-d1d3-424d-9380-15df3de138e0 - - - - - -] Schedule LRP lrp-6c3cf0b7-bfbf-4b01-9cb3-b7e2f3d4e957 on gateway b95dbdeb-6c36-4927-b7e4-a5fd4a2feda1 with priority 1
2026-03-04 14:05:40.561 8 INFO neutron.db.segments_db [None req-123ab8c9-7e4c-473e-a3bc-2c5fe9b07107 21e0a01c730a47908d588d251a71860d 823d904143c2481c863ff8048f4a365a - - default default] Added segment b7a28a24-df8e-48e3-914e-60235d2e35dd of type geneve for network 1092d4c6-e730-4d85-9616-59c3bb535f2b
2026-03-04 14:05:40.604 7 INFO neutron.db.ovn_revision_numbers_db [None req-be2c90e3-732c-448a-90ec-660847a004ce dc5c0ccef3224735adca02940b3e0afb 3a97d080073f412392bcb9be61f8cc15 - - default default] Successfully bumped revision number for resource 6c3cf0b7-bfbf-4b01-9cb3-b7e2f3d4e957 (type: router_ports) to 1
2026-03-04 14:05:40.608 8 INFO neutron.plugins.ml2.drivers.ovn.mech_driver.mech_driver [None req-0b8f61df-ee3d-4392-83fc-a983636237bd - - - - - -] OVN reports status up for port: 6c3cf0b7-bfbf-4b01-9cb3-b7e2f3d4e957
2026-03-04 14:05:40.627 8 INFO neutron.plugins.ml2.drivers.ovn.mech_driver.ovsdb.ovsdb_monitor [None req-f2def3c5-bd8b-4398-ab84-ee04595d8898 - - - - - -] Router cb4b5c81-654d-4e7b-9351-5349def48a60 is bound to host instance
2026-03-04 14:05:40.635 8 INFO neutron.plugins.ml2.plugin [None req-0b8f61df-ee3d-4392-83fc-a983636237bd - - - - - -] Attempt 1 to provision port 6c3cf0b7-bfbf-4b01-9cb3-b7e2f3d4e957
2026-03-04 14:05:40.675 7 INFO neutron.db.ovn_revision_numbers_db [None req-be2c90e3-732c-448a-90ec-660847a004ce dc5c0ccef3224735adca02940b3e0afb 3a97d080073f412392bcb9be61f8cc15 - - default default] Successfully bumped revision number for resource cb4b5c81-654d-4e7b-9351-5349def48a60 (type: routers) to 2 [pid: 7|app: 0|req: 602/1148] 10.0.0.182 () {34 vars in 668 bytes} [Wed Mar 4 14:05:38 2026] POST /v2.0/routers => generated 961 bytes in 1813 msecs (HTTP/1.1 201) 4 headers in 162 bytes (1 switches on core 0) [pid: 7|app: 0|req: 603/1149] 10.0.0.182 () {32 vars in 739 bytes} [Wed Mar 4 14:05:40 2026] DELETE /v2.0/security-groups/26d89eca-d722-452e-b7a6-68f69c4c5a67 => generated 0 bytes in 204 msecs (HTTP/1.1 204) 2 headers in 112 bytes (1 switches on core 0)
2026-03-04 14:05:40.962 8 INFO neutron.db.ovn_revision_numbers_db [None req-123ab8c9-7e4c-473e-a3bc-2c5fe9b07107 21e0a01c730a47908d588d251a71860d 823d904143c2481c863ff8048f4a365a - - default default] Successfully bumped revision number for resource 05db7003-0d3c-4bc8-8826-5098d62fd6fe (type: networks) to 1
2026-03-04 14:05:41.248 8 WARNING neutron.scheduler.dhcp_agent_scheduler [None req-123ab8c9-7e4c-473e-a3bc-2c5fe9b07107 21e0a01c730a47908d588d251a71860d 823d904143c2481c863ff8048f4a365a - - default default] No more DHCP agents
2026-03-04 14:05:41.250 8 WARNING neutron.api.rpc.agentnotifiers.dhcp_rpc_agent_api [None req-123ab8c9-7e4c-473e-a3bc-2c5fe9b07107 21e0a01c730a47908d588d251a71860d 823d904143c2481c863ff8048f4a365a - - default default] Unable to schedule network 05db7003-0d3c-4bc8-8826-5098d62fd6fe: no agents available; will retry on subsequent port and subnet creation events.
2026-03-04 14:05:41.346 7 INFO neutron.plugins.ml2.drivers.ovn.mech_driver.mech_driver [None req-cff60e2b-6927-41fe-acbe-bea58fc8324e - - - - - -] OVN reports status down for port: ebcd2065-87b8-4294-a40d-2d0969dbc847
2026-03-04 14:05:41.379 7 WARNING neutron.scheduler.dhcp_agent_scheduler [None req-01db2721-dc8e-48f8-8f66-c119e48de525 dc5c0ccef3224735adca02940b3e0afb 3a97d080073f412392bcb9be61f8cc15 - - default default] No more DHCP agents
2026-03-04 14:05:41.383 8 INFO neutron.db.ovn_revision_numbers_db [None req-123ab8c9-7e4c-473e-a3bc-2c5fe9b07107 21e0a01c730a47908d588d251a71860d 823d904143c2481c863ff8048f4a365a - - default default] Successfully bumped revision number for resource ebcd2065-87b8-4294-a40d-2d0969dbc847 (type: ports) to 1
2026-03-04 14:05:41.383 7 WARNING neutron.api.rpc.agentnotifiers.dhcp_rpc_agent_api [None req-01db2721-dc8e-48f8-8f66-c119e48de525 dc5c0ccef3224735adca02940b3e0afb 3a97d080073f412392bcb9be61f8cc15 - - default default] Unable to schedule network f60f60df-b08c-49e2-9387-f364d3abcb4d: no agents available; will retry on subsequent port and subnet creation events.
2026-03-04 14:05:41.526 8 INFO neutron.db.ovn_revision_numbers_db [None req-123ab8c9-7e4c-473e-a3bc-2c5fe9b07107 21e0a01c730a47908d588d251a71860d 823d904143c2481c863ff8048f4a365a - - default default] Successfully bumped revision number for resource 1092d4c6-e730-4d85-9616-59c3bb535f2b (type: networks) to 1
2026-03-04 14:05:41.538 7 INFO neutron.plugins.ml2.drivers.ovn.mech_driver.mech_driver [None req-cff60e2b-6927-41fe-acbe-bea58fc8324e - - - - - -] OVN reports status down for port: bcac774b-2bda-4e31-9011-d9bdebd6ac46
2026-03-04 14:05:41.593 7 INFO neutron.db.ovn_revision_numbers_db [None req-01db2721-dc8e-48f8-8f66-c119e48de525 dc5c0ccef3224735adca02940b3e0afb 3a97d080073f412392bcb9be61f8cc15 - - default default] Successfully bumped revision number for resource bcac774b-2bda-4e31-9011-d9bdebd6ac46 (type: ports) to 1
2026-03-04 14:05:41.839 8 WARNING neutron.scheduler.dhcp_agent_scheduler [None req-123ab8c9-7e4c-473e-a3bc-2c5fe9b07107 21e0a01c730a47908d588d251a71860d 823d904143c2481c863ff8048f4a365a - - default default] No more DHCP agents
2026-03-04 14:05:41.841 8 WARNING neutron.api.rpc.agentnotifiers.dhcp_rpc_agent_api [None req-123ab8c9-7e4c-473e-a3bc-2c5fe9b07107 21e0a01c730a47908d588d251a71860d 823d904143c2481c863ff8048f4a365a - - default default] Unable to schedule network 1092d4c6-e730-4d85-9616-59c3bb535f2b: no agents available; will retry on subsequent port and subnet creation events.
2026-03-04 14:05:41.963 8 INFO neutron.db.ovn_revision_numbers_db [None req-123ab8c9-7e4c-473e-a3bc-2c5fe9b07107 21e0a01c730a47908d588d251a71860d 823d904143c2481c863ff8048f4a365a - - default default] Successfully bumped revision number for resource f5219cdc-2fda-41f5-b1ec-c1068ba64b86 (type: ports) to 1 [pid: 8|app: 0|req: 547/1150] 10.0.0.182 () {34 vars in 669 bytes} [Wed Mar 4 14:05:40 2026] POST /v2.0/networks => generated 1282 bytes in 1905 msecs (HTTP/1.1 201) 4 headers in 163 bytes (1 switches on core 0) [pid: 8|app: 0|req: 548/1151] 199.204.45.238 () {34 vars in 1079 bytes} [Wed Mar 4 14:05:42 2026] GET /v2.0/ports?tenant_id=f68cb91c4eed4666875c8052a7588ee0&device_id=35fd90a2-b4aa-4310-9dbb-39c35fdcefd8 => generated 1209 bytes in 56 msecs (HTTP/1.1 200) 4 headers in 158 bytes (1 switches on core 0)
2026-03-04 14:05:42.164 8 INFO neutron.db.ovn_revision_numbers_db [None req-32d0a65a-7330-497b-89bd-188ba0880f3a - - - - - -] Successfully bumped revision number for resource 6c3cf0b7-bfbf-4b01-9cb3-b7e2f3d4e957 (type: ports) to 4 [pid: 8|app: 0|req: 549/1152] 10.0.0.182 () {32 vars in 648 bytes} [Wed Mar 4 14:05:42 2026] GET /v2.0/networks => generated 1969 bytes in 104 msecs (HTTP/1.1 200) 4 headers in 158 bytes (1 switches on core 0)
2026-03-04 14:05:42.236 7 INFO neutron.plugins.ml2.drivers.ovn.mech_driver.mech_driver [None req-cff60e2b-6927-41fe-acbe-bea58fc8324e - - - - - -] OVN reports status up for port: bcac774b-2bda-4e31-9011-d9bdebd6ac46 [pid: 8|app: 0|req: 550/1153] 199.204.45.238 () {34 vars in 985 bytes} [Wed Mar 4 14:05:42 2026] GET /v2.0/networks?id=880b4a1f-dd70-4246-8293-fc5e2361fc49 => generated 813 bytes in 84 msecs (HTTP/1.1 200) 4 headers in 157 bytes (1 switches on core 0)
2026-03-04 14:05:42.258 7 INFO neutron.plugins.ml2.plugin [None req-cff60e2b-6927-41fe-acbe-bea58fc8324e - - - - - -] Attempt 1 to provision port bcac774b-2bda-4e31-9011-d9bdebd6ac46
2026-03-04 14:05:42.366 7 WARNING neutron.scheduler.dhcp_agent_scheduler [None req-01db2721-dc8e-48f8-8f66-c119e48de525 dc5c0ccef3224735adca02940b3e0afb 3a97d080073f412392bcb9be61f8cc15 - - default default] No more DHCP agents
2026-03-04 14:05:42.370 7 WARNING neutron.api.rpc.agentnotifiers.dhcp_rpc_agent_api [None req-01db2721-dc8e-48f8-8f66-c119e48de525 dc5c0ccef3224735adca02940b3e0afb 3a97d080073f412392bcb9be61f8cc15 - - default default] Unable to schedule network f60f60df-b08c-49e2-9387-f364d3abcb4d: no agents available; will retry on subsequent port and subnet creation events.
2026-03-04 14:05:42.476 8 INFO neutron_taas.services.taas.taas_plugin [None req-c38ed0e0-b69f-4324-84a2-705d01e03d0e 21e0a01c730a47908d588d251a71860d 823d904143c2481c863ff8048f4a365a - - default default] TaaS: Handle Delete Port: ebcd2065-87b8-4294-a40d-2d0969dbc847
2026-03-04 14:05:42.483 8 INFO neutron_taas.services.taas.tap_mirror_plugin [None req-c38ed0e0-b69f-4324-84a2-705d01e03d0e 21e0a01c730a47908d588d251a71860d 823d904143c2481c863ff8048f4a365a - - default default] Tap Mirror: Handle Delete Port: ebcd2065-87b8-4294-a40d-2d0969dbc847
2026-03-04 14:05:42.740 8 INFO neutron.db.ovn_revision_numbers_db [None req-32d0a65a-7330-497b-89bd-188ba0880f3a - - - - - -] Successfully bumped revision number for resource 6c3cf0b7-bfbf-4b01-9cb3-b7e2f3d4e957 (type: ports) to 5
2026-03-04 14:05:42.781 8 INFO neutron.services.segments.plugin [-] Segment e4a3c504-29d1-443f-ad41-b3f75b87f8ac resource provider aggregate not found
2026-03-04 14:05:42.785 8 INFO neutron.services.segments.plugin [-] Segment e4a3c504-29d1-443f-ad41-b3f75b87f8ac resource provider aggregate not found
2026-03-04 14:05:42.804 8 INFO neutron.services.segments.plugin [-] Segment e4a3c504-29d1-443f-ad41-b3f75b87f8ac resource provider not found; error: Placement Client Error (4xx): {"errors": [{"status": 404, "title": "Not Found", "detail": "The resource could not be found.\n\n No resource provider with uuid e4a3c504-29d1-443f-ad41-b3f75b87f8ac found for delete ", "request_id": "req-d7ef076e-090b-45c4-8b70-9d8498d67def"}]}
2026-03-04 14:05:42.809 8 INFO neutron.services.segments.plugin [-] Segment e4a3c504-29d1-443f-ad41-b3f75b87f8ac resource provider not found; error: Placement Client Error (4xx): {"errors": [{"status": 404, "title": "Not Found", "detail": "The resource could not be found.\n\n No resource provider with uuid e4a3c504-29d1-443f-ad41-b3f75b87f8ac found for delete ", "request_id": "req-d3be9dea-8056-46dc-94f1-937c13780316"}]} [pid: 8|app: 0|req: 551/1154] 10.0.0.182 () {32 vars in 725 bytes} [Wed Mar 4 14:05:42 2026] DELETE /v2.0/networks/05db7003-0d3c-4bc8-8826-5098d62fd6fe => generated 0 bytes in 610 msecs (HTTP/1.1 204) 3 headers in 131 bytes (1 switches on core 0) [pid: 8|app: 0|req: 552/1155] 199.204.45.238 () {34 vars in 1057 bytes} [Wed Mar 4 14:05:42 2026] GET /v2.0/floatingips?fixed_ip_address=10.100.0.7&port_id=26e7f400-7e5a-4dd2-8bb6-f0a3e6871062 => generated 860 bytes in 67 msecs (HTTP/1.1 200) 4 headers in 157 bytes (1 switches on core 0)
2026-03-04 14:05:42.966 7 INFO neutron.db.ovn_revision_numbers_db [None req-cff60e2b-6927-41fe-acbe-bea58fc8324e - - - - - -] Successfully bumped revision number for resource bcac774b-2bda-4e31-9011-d9bdebd6ac46 (type: ports) to 2
2026-03-04 14:05:43.205 8 INFO neutron.plugins.ml2.drivers.ovn.mech_driver.mech_driver [None req-0b8f61df-ee3d-4392-83fc-a983636237bd - - - - - -] OVN reports status down for port: f5219cdc-2fda-41f5-b1ec-c1068ba64b86
2026-03-04 14:05:43.225 7 INFO neutron.db.ovn_revision_numbers_db [None req-01db2721-dc8e-48f8-8f66-c119e48de525 dc5c0ccef3224735adca02940b3e0afb 3a97d080073f412392bcb9be61f8cc15 - - default default] Successfully bumped revision number for resource bcac774b-2bda-4e31-9011-d9bdebd6ac46 (type: router_ports) to 1 [pid: 7|app: 0|req: 604/1156] 10.0.0.182 () {34 vars in 782 bytes} [Wed Mar 4 14:05:40 2026] PUT /v2.0/routers/cb4b5c81-654d-4e7b-9351-5349def48a60/add_router_interface => generated 309 bytes in 2334 msecs (HTTP/1.1 200) 4 headers in 157 bytes (1 switches on core 0)
2026-03-04 14:05:43.317 8 INFO neutron.db.ovn_revision_numbers_db [None req-9008652c-2a5e-4b13-a0ca-d5a2b68fce44 57517467fbe143379959f1d2425f0833 d354aa8ae2934e79804c79864ee46219 - - default default] Successfully bumped revision number for resource b5f591d0-c0d8-4afc-8994-a8175e9c376e (type: security_groups) to 1
2026-03-04 14:05:43.328 8 INFO neutron.db.ovn_revision_numbers_db [None req-9008652c-2a5e-4b13-a0ca-d5a2b68fce44 57517467fbe143379959f1d2425f0833 d354aa8ae2934e79804c79864ee46219 - - default default] Successfully bumped revision number for resource 74ff0dc0-22f5-48e9-9f57-bb2cffd33ca0 (type: security_group_rules) to 0
2026-03-04 14:05:43.340 8 INFO neutron.db.ovn_revision_numbers_db [None req-9008652c-2a5e-4b13-a0ca-d5a2b68fce44 57517467fbe143379959f1d2425f0833 d354aa8ae2934e79804c79864ee46219 - - default default] Successfully bumped revision number for resource 7ed2a29a-8714-48fb-8331-3e9b7e47afcf (type: security_group_rules) to 0
2026-03-04 14:05:43.351 8 INFO neutron.db.ovn_revision_numbers_db [None req-9008652c-2a5e-4b13-a0ca-d5a2b68fce44 57517467fbe143379959f1d2425f0833 d354aa8ae2934e79804c79864ee46219 - - default default] Successfully bumped revision number for resource c9b42d5b-895c-4ae6-8761-ee333dcd212c (type: security_group_rules) to 0
2026-03-04 14:05:43.356 7 INFO neutron_taas.services.taas.taas_plugin [None req-22ba1c36-83b9-44c5-a1bf-b696f7cecad1 21e0a01c730a47908d588d251a71860d 823d904143c2481c863ff8048f4a365a - - default default] TaaS: Handle Delete Port: f5219cdc-2fda-41f5-b1ec-c1068ba64b86
2026-03-04 14:05:43.359 7 INFO neutron_taas.services.taas.tap_mirror_plugin [None req-22ba1c36-83b9-44c5-a1bf-b696f7cecad1 21e0a01c730a47908d588d251a71860d 823d904143c2481c863ff8048f4a365a - - default default] Tap Mirror: Handle Delete Port: f5219cdc-2fda-41f5-b1ec-c1068ba64b86
2026-03-04 14:05:43.363 8 INFO neutron.db.ovn_revision_numbers_db [None req-9008652c-2a5e-4b13-a0ca-d5a2b68fce44 57517467fbe143379959f1d2425f0833 d354aa8ae2934e79804c79864ee46219 - - default default] Successfully bumped revision number for resource e18a0d67-958e-4f72-82cf-f7db38ee3afb (type: security_group_rules) to 0
2026-03-04 14:05:43.434 8 INFO neutron.db.segments_db [None req-9008652c-2a5e-4b13-a0ca-d5a2b68fce44 57517467fbe143379959f1d2425f0833 d354aa8ae2934e79804c79864ee46219 - - default default] Added segment 007aae32-ccab-4e83-ba8b-64cbb0fcefa1 of type geneve for network df67f551-fb44-4c0f-a40c-a82072df1242
2026-03-04 14:05:43.534 7 INFO neutron.services.segments.plugin [-] Segment b7a28a24-df8e-48e3-914e-60235d2e35dd resource provider aggregate not found
2026-03-04 14:05:43.536 7 INFO neutron.services.segments.plugin [-] Segment b7a28a24-df8e-48e3-914e-60235d2e35dd resource provider aggregate not found
2026-03-04 14:05:43.554 7 INFO neutron.services.segments.plugin [-] Segment b7a28a24-df8e-48e3-914e-60235d2e35dd resource provider not found; error: Placement Client Error (4xx): {"errors": [{"status": 404, "title": "Not Found", "detail": "The resource could not be found.\n\n No resource provider with uuid b7a28a24-df8e-48e3-914e-60235d2e35dd found for delete ", "request_id": "req-6a806a82-0c27-4df1-a88e-59fc5417f6c6"}]}
2026-03-04 14:05:43.558 7 INFO neutron.services.segments.plugin [-] Segment b7a28a24-df8e-48e3-914e-60235d2e35dd resource provider not found; error: Placement Client Error (4xx): {"errors": [{"status": 404, "title": "Not Found", "detail": "The resource could not be found.\n\n No resource provider with uuid b7a28a24-df8e-48e3-914e-60235d2e35dd found for delete ", "request_id": "req-92eb55ea-d376-4386-9d52-3c40c6b06b51"}]}
2026-03-04 14:05:43.573 8 INFO neutron.db.ovn_revision_numbers_db [None req-9008652c-2a5e-4b13-a0ca-d5a2b68fce44 57517467fbe143379959f1d2425f0833 d354aa8ae2934e79804c79864ee46219 - - default default] Successfully bumped revision number for resource df67f551-fb44-4c0f-a40c-a82072df1242 (type: networks) to 1 [pid: 7|app: 0|req: 605/1157] 10.0.0.182 () {32 vars in 725 bytes} [Wed Mar 4 14:05:43 2026] DELETE /v2.0/networks/1092d4c6-e730-4d85-9616-59c3bb535f2b => generated 0 bytes in 367 msecs (HTTP/1.1 204) 3 headers in 131 bytes (1 switches on core 0) [pid: 7|app: 0|req: 606/1158] 199.204.45.238 () {34 vars in 983 bytes} [Wed Mar 4 14:05:43 2026] GET /v2.0/subnets?id=0f5ea9cb-2481-47c1-acb1-3a84e5358ca6 => generated 694 bytes in 28 msecs (HTTP/1.1 200) 4 headers in 157 bytes (1 switches on core 0) [pid: 7|app: 0|req: 607/1159] 10.0.0.182 () {32 vars in 648 bytes} [Wed Mar 4 14:05:43 2026] GET /v2.0/networks => generated 689 bytes in 49 msecs (HTTP/1.1 200) 4 headers in 157 bytes (1 switches on core 0) [pid: 7|app: 0|req: 608/1160] 199.204.45.238 () {34 vars in 1051 bytes} [Wed Mar 4 14:05:43 2026] GET /v2.0/ports?network_id=880b4a1f-dd70-4246-8293-fc5e2361fc49&device_owner=network%3Adhcp => generated 12 bytes in 21 msecs (HTTP/1.1 200) 4 headers in 156 bytes (1 switches on core 0)
2026-03-04 14:05:43.736 8 WARNING neutron.scheduler.dhcp_agent_scheduler [None req-9008652c-2a5e-4b13-a0ca-d5a2b68fce44 57517467fbe143379959f1d2425f0833 d354aa8ae2934e79804c79864ee46219 - - default default] No more DHCP agents
2026-03-04 14:05:43.738 8 WARNING neutron.api.rpc.agentnotifiers.dhcp_rpc_agent_api [None req-9008652c-2a5e-4b13-a0ca-d5a2b68fce44 57517467fbe143379959f1d2425f0833 d354aa8ae2934e79804c79864ee46219 - - default default] Unable to schedule network df67f551-fb44-4c0f-a40c-a82072df1242: no agents available; will retry on subsequent port and subnet creation events.
2026-03-04 14:05:43.796 7 INFO neutron.db.segments_db [None req-ed6c1b87-0c1b-4348-9c41-afe8d000242a 21e0a01c730a47908d588d251a71860d 823d904143c2481c863ff8048f4a365a - - default default] Added segment b50f4a26-15a9-4577-abd2-598b26000ae9 of type geneve for network 6348a30d-608e-4276-ae90-3a964c5e2834
2026-03-04 14:05:43.823 8 INFO neutron.db.ovn_revision_numbers_db [None req-9008652c-2a5e-4b13-a0ca-d5a2b68fce44 57517467fbe143379959f1d2425f0833 d354aa8ae2934e79804c79864ee46219 - - default default] Successfully bumped revision number for resource 38ac062e-8e87-4c95-91cb-9b75b0f924ca (type: ports) to 1 [pid: 8|app: 0|req: 553/1161] 10.0.0.182 () {34 vars in 669 bytes} [Wed Mar 4 14:05:42 2026] POST /v2.0/networks => generated 666 bytes in 917 msecs (HTTP/1.1 201) 4 headers in 162 bytes (1 switches on core 0) [pid: 8|app: 0|req: 554/1162] 199.204.45.238 () {34 vars in 1011 bytes} [Wed Mar 4 14:05:43 2026] GET /v2.0/networks/880b4a1f-dd70-4246-8293-fc5e2361fc49?fields=segments => generated 14 bytes in 54 msecs (HTTP/1.1 200) 4 headers in 156 bytes (1 switches on core 0)
2026-03-04 14:05:43.919 7 INFO neutron.db.ovn_revision_numbers_db [None req-ed6c1b87-0c1b-4348-9c41-afe8d000242a 21e0a01c730a47908d588d251a71860d 823d904143c2481c863ff8048f4a365a - - default default] Successfully bumped revision number for resource 6348a30d-608e-4276-ae90-3a964c5e2834 (type: networks) to 1
2026-03-04 14:05:44.027 8 INFO neutron.db.ovn_revision_numbers_db [None req-8652ffa7-cb9f-49b7-a8d0-751dce18c3d6 dcd612e298c44e20b0b6f0a63d2c9e10 ce2f91a37ad049c694a55df8c69805e2 - - default default] Successfully bumped revision number for resource 949edc79-81fa-4bd5-b59e-1e60c6bf996a (type: security_groups) to 1
2026-03-04 14:05:44.039 8 INFO neutron.db.ovn_revision_numbers_db [None req-8652ffa7-cb9f-49b7-a8d0-751dce18c3d6 dcd612e298c44e20b0b6f0a63d2c9e10 ce2f91a37ad049c694a55df8c69805e2 - - default default] Successfully bumped revision number for resource 26bd7b27-303a-4db9-a18c-fbb26e0e2d3e (type: security_group_rules) to 0
2026-03-04 14:05:44.050 8 INFO neutron.db.ovn_revision_numbers_db [None req-8652ffa7-cb9f-49b7-a8d0-751dce18c3d6 dcd612e298c44e20b0b6f0a63d2c9e10 ce2f91a37ad049c694a55df8c69805e2 - - default default] Successfully bumped revision number for resource 3a66699e-4039-48ca-99e0-4c5528a3cb17 (type: security_group_rules) to 0 [pid: 8|app: 0|req: 555/1163] 10.0.0.182 () {34 vars in 684 bytes} [Wed Mar 4 14:05:43 2026] POST /v2.0/security-groups => generated 1660 bytes in 178 msecs (HTTP/1.1 201) 4 headers in 163 bytes (1 switches on core 0)
2026-03-04 14:05:44.114 7 WARNING neutron.scheduler.dhcp_agent_scheduler [None req-ed6c1b87-0c1b-4348-9c41-afe8d000242a 21e0a01c730a47908d588d251a71860d 823d904143c2481c863ff8048f4a365a - - default default] No more DHCP agents
2026-03-04 14:05:44.116 7 WARNING neutron.api.rpc.agentnotifiers.dhcp_rpc_agent_api [None req-ed6c1b87-0c1b-4348-9c41-afe8d000242a 21e0a01c730a47908d588d251a71860d 823d904143c2481c863ff8048f4a365a - - default default] Unable to schedule network 6348a30d-608e-4276-ae90-3a964c5e2834: no agents available; will retry on subsequent port and subnet creation events.
2026-03-04 14:05:44.216 7 INFO neutron.db.ovn_revision_numbers_db [None req-ed6c1b87-0c1b-4348-9c41-afe8d000242a 21e0a01c730a47908d588d251a71860d 823d904143c2481c863ff8048f4a365a - - default default] Successfully bumped revision number for resource 265865e8-0515-4026-b568-e14cf9a4ef15 (type: ports) to 1 [pid: 7|app: 0|req: 609/1164] 10.0.0.182 () {34 vars in 669 bytes} [Wed Mar 4 14:05:43 2026] POST /v2.0/networks => generated 672 bytes in 544 msecs (HTTP/1.1 201) 4 headers in 162 bytes (1 switches on core 0) [pid: 7|app: 0|req: 610/1165] 199.204.45.238 () {34 vars in 1111 bytes} [Wed Mar 4 14:05:44 2026] GET /v2.0/networks/880b4a1f-dd70-4246-8293-fc5e2361fc49?fields=provider%3Aphysical_network&fields=provider%3Anetwork_type => generated 79 bytes in 45 msecs (HTTP/1.1 200) 4 headers in 156 bytes (1 switches on core 0)
2026-03-04 14:05:44.327 8 WARNING neutron.scheduler.dhcp_agent_scheduler [None req-9243a6cc-454b-4c53-80b3-c43134b698bb 57517467fbe143379959f1d2425f0833 d354aa8ae2934e79804c79864ee46219 - - default default] No more DHCP agents
2026-03-04 14:05:44.328 8 WARNING neutron.api.rpc.agentnotifiers.dhcp_rpc_agent_api [None req-9243a6cc-454b-4c53-80b3-c43134b698bb 57517467fbe143379959f1d2425f0833 d354aa8ae2934e79804c79864ee46219 - - default default] Unable to schedule network df67f551-fb44-4c0f-a40c-a82072df1242: no agents available; will retry on subsequent port and subnet creation events.
2026-03-04 14:05:44.422 8 INFO neutron.db.ovn_revision_numbers_db [None req-9243a6cc-454b-4c53-80b3-c43134b698bb 57517467fbe143379959f1d2425f0833 d354aa8ae2934e79804c79864ee46219 - - default default] Successfully bumped revision number for resource cbcac14e-1e60-47e2-b988-36edea6d8478 (type: ports) to 1
2026-03-04 14:05:44.432 7 INFO neutron.db.ovn_revision_numbers_db [None req-1e8ce393-f467-4709-b282-c229609cd604 dcd612e298c44e20b0b6f0a63d2c9e10 ce2f91a37ad049c694a55df8c69805e2 - - default default] Successfully bumped revision number for resource b8b47bbf-9f5c-4072-a50f-5c6364b11963 (type: security_group_rules) to 0 [pid: 7|app: 0|req: 611/1166] 10.0.0.182 () {34 vars in 694 bytes} [Wed Mar 4 14:05:44 2026] POST /v2.0/security-group-rules => generated 597 bytes in 175 msecs (HTTP/1.1 201) 4 headers in 162 bytes (1 switches on core 0) [pid: 8|app: 0|req: 556/1167] 10.0.0.182 () {34 vars in 664 bytes} [Wed Mar 4 14:05:44 2026] POST /v2.0/ports => generated 779 bytes in 400 msecs (HTTP/1.1 201) 4 headers in 162 bytes (1 switches on core 0) /var/lib/openstack/lib/python3.12/site-packages/pycadf/identifier.py:70: UserWarning: Invalid uuid: neutron. To ensure interoperability, identifiers should be a valid uuid. warnings.warn(('Invalid uuid: %s. To ensure interoperability, '
2026-03-04 14:05:44.554 7 INFO neutron.db.segments_db [None req-9bdde155-9f32-4f88-9ddd-6840c21519cd 21e0a01c730a47908d588d251a71860d 823d904143c2481c863ff8048f4a365a - - default default] Added segment f9b89cf0-b2fa-4cdf-ab6f-44b9667788fd of type geneve for network 287b4edb-75d3-464f-888c-b2296eb4d9c6
2026-03-04 14:05:44.635 8 INFO neutron.db.ovn_revision_numbers_db [None req-6ad974d6-aab1-491d-af22-6536a1a185b6 dcd612e298c44e20b0b6f0a63d2c9e10 ce2f91a37ad049c694a55df8c69805e2 - - default default] Successfully bumped revision number for resource 96ebd3a6-c74d-4319-9c4a-06c5569c8741 (type: security_group_rules) to 0
2026-03-04 14:05:44.674 7 INFO neutron.db.ovn_revision_numbers_db [None req-9bdde155-9f32-4f88-9ddd-6840c21519cd 21e0a01c730a47908d588d251a71860d 823d904143c2481c863ff8048f4a365a - - default default] Successfully bumped revision number for resource 287b4edb-75d3-464f-888c-b2296eb4d9c6 (type: networks) to 1 [pid: 8|app: 0|req: 557/1168] 10.0.0.182 () {34 vars in 694 bytes} [Wed Mar 4 14:05:44 2026] POST /v2.0/security-group-rules => generated 602 bytes in 192 msecs (HTTP/1.1 201) 4 headers in 162 bytes (1 switches on core 0)
2026-03-04 14:05:44.762 8 INFO neutron.db.segments_db [None req-7a3b4701-47e7-423c-a56d-fa562e0fe1da 57517467fbe143379959f1d2425f0833 d354aa8ae2934e79804c79864ee46219 - - default default] Added segment 3e7065c6-f804-4e15-9170-054550bf4e7d of type geneve for network e8952901-0502-49ed-a41c-bad81682a5ca
2026-03-04 14:05:44.855 7 WARNING neutron.scheduler.dhcp_agent_scheduler [None req-9bdde155-9f32-4f88-9ddd-6840c21519cd 21e0a01c730a47908d588d251a71860d 823d904143c2481c863ff8048f4a365a - - default default] No more DHCP agents
2026-03-04 14:05:44.857 7 WARNING neutron.api.rpc.agentnotifiers.dhcp_rpc_agent_api [None req-9bdde155-9f32-4f88-9ddd-6840c21519cd 21e0a01c730a47908d588d251a71860d 823d904143c2481c863ff8048f4a365a - - default default] Unable to schedule network 287b4edb-75d3-464f-888c-b2296eb4d9c6: no agents available; will retry on subsequent port and subnet creation events.
2026-03-04 14:05:44.873 8 INFO neutron.db.ovn_revision_numbers_db [None req-7a3b4701-47e7-423c-a56d-fa562e0fe1da 57517467fbe143379959f1d2425f0833 d354aa8ae2934e79804c79864ee46219 - - default default] Successfully bumped revision number for resource e8952901-0502-49ed-a41c-bad81682a5ca (type: networks) to 1
2026-03-04 14:05:44.941 7 INFO neutron.db.ovn_revision_numbers_db [None req-9bdde155-9f32-4f88-9ddd-6840c21519cd 21e0a01c730a47908d588d251a71860d 823d904143c2481c863ff8048f4a365a - - default default] Successfully bumped revision number for resource a3d2adff-4c79-43b3-be27-981640650188 (type: ports) to 1 [pid: 7|app: 0|req: 612/1169] 10.0.0.182 () {34 vars in 669 bytes} [Wed Mar 4 14:05:44 2026] POST /v2.0/networks => generated 673 bytes in 496 msecs (HTTP/1.1 201) 4 headers in 162 bytes (1 switches on core 0)
