2026-03-04 14:07:30.905 7 INFO neutron.pecan_wsgi.hooks.translation [None req-1800e6cc-5a62-4cf1-b367-79ac8b65b24f 32e48e1e2a874181903254ebb0c7b5c9 f0a2bff282214d87aeebc278df65381a - - default default] DELETE failed (client error): The resource could not be found. [pid: 7|app: 0|req: 1013/1998] 10.0.0.182 () {32 vars in 723 bytes} [Wed Mar 4 14:07:30 2026] DELETE /v2.0/subnets/a53eb173-8028-4806-91c6-0a716c87ae8a => generated 136 bytes in 23 msecs (HTTP/1.1 404) 4 headers in 164 bytes (1 switches on core 0) [pid: 8|app: 0|req: 986/1999] 10.0.0.182 () {34 vars in 663 bytes} [Wed Mar 4 14:07:30 2026] POST /v2.0/ports => generated 743 bytes in 485 msecs (HTTP/1.1 201) 4 headers in 162 bytes (1 switches on core 0) [pid: 7|app: 0|req: 1014/2000] 10.0.0.182 () {34 vars in 746 bytes} [Wed Mar 4 14:07:30 2026] PUT /v2.0/ports/41a411b2-355e-437e-abcf-b3e61ed20cbb/tags => generated 17 bytes in 69 msecs (HTTP/1.1 200) 4 headers in 156 bytes (1 switches on core 0) /var/lib/openstack/lib/python3.12/site-packages/pycadf/identifier.py:70: UserWarning: Invalid uuid: neutron. To ensure interoperability, identifiers should be a valid uuid. warnings.warn(('Invalid uuid: %s. To ensure interoperability, ' [pid: 8|app: 0|req: 987/2001] 10.0.0.182 () {34 vars in 746 bytes} [Wed Mar 4 14:07:31 2026] PUT /v2.0/ports/15643b43-f868-4743-9499-5f736bdc2a81/tags => generated 25 bytes in 107 msecs (HTTP/1.1 200) 4 headers in 156 bytes (1 switches on core 0) /var/lib/openstack/lib/python3.12/site-packages/pycadf/identifier.py:70: UserWarning: Invalid uuid: neutron. To ensure interoperability, identifiers should be a valid uuid. warnings.warn(('Invalid uuid: %s. To ensure interoperability, ' [pid: 7|app: 0|req: 1015/2002] 10.0.0.182 () {34 vars in 746 bytes} [Wed Mar 4 14:07:31 2026] PUT /v2.0/ports/4e50c3a1-7388-4ede-bda0-4a8af0430cd8/tags => generated 34 bytes in 76 msecs (HTTP/1.1 200) 4 headers in 156 bytes (1 switches on core 0) /var/lib/openstack/lib/python3.12/site-packages/pycadf/identifier.py:70: UserWarning: Invalid uuid: neutron. To ensure interoperability, identifiers should be a valid uuid. warnings.warn(('Invalid uuid: %s. To ensure interoperability, ' [pid: 8|app: 0|req: 988/2003] 10.0.0.182 () {34 vars in 746 bytes} [Wed Mar 4 14:07:31 2026] PUT /v2.0/ports/86e01684-be23-4010-b55f-e426ff4b6e9f/tags => generated 19 bytes in 67 msecs (HTTP/1.1 200) 4 headers in 156 bytes (1 switches on core 0) /var/lib/openstack/lib/python3.12/site-packages/pycadf/identifier.py:70: UserWarning: Invalid uuid: neutron. To ensure interoperability, identifiers should be a valid uuid. warnings.warn(('Invalid uuid: %s. To ensure interoperability, ' [pid: 7|app: 0|req: 1016/2004] 10.0.0.182 () {32 vars in 659 bytes} [Wed Mar 4 14:07:31 2026] GET /v2.0/ports?tags=red => generated 2253 bytes in 115 msecs (HTTP/1.1 200) 4 headers in 158 bytes (1 switches on core 0) /var/lib/openstack/lib/python3.12/site-packages/pycadf/identifier.py:70: UserWarning: Invalid uuid: neutron. To ensure interoperability, identifiers should be a valid uuid. warnings.warn(('Invalid uuid: %s. To ensure interoperability, ' [pid: 8|app: 0|req: 989/2005] 10.0.0.182 () {32 vars in 673 bytes} [Wed Mar 4 14:07:31 2026] GET /v2.0/ports?tags=red%2Cblue => generated 1513 bytes in 155 msecs (HTTP/1.1 200) 4 headers in 158 bytes (1 switches on core 0) [pid: 7|app: 0|req: 1017/2006] 10.0.0.182 () {32 vars in 669 bytes} [Wed Mar 4 14:07:31 2026] GET /v2.0/ports?tags-any=blue => generated 1513 bytes in 68 msecs (HTTP/1.1 200) 4 headers in 158 bytes (1 switches on core 0) [pid: 8|app: 0|req: 990/2007] 10.0.0.182 () {32 vars in 681 bytes} [Wed Mar 4 14:07:31 2026] GET /v2.0/ports?tags-any=red%2Cblue => generated 2253 bytes in 89 msecs (HTTP/1.1 200) 4 headers in 158 bytes (1 switches on core 0) [pid: 8|app: 0|req: 991/2008] 10.0.0.182 () {32 vars in 667 bytes} [Wed Mar 4 14:07:31 2026] GET /v2.0/ports?not-tags=red => generated 5268 bytes in 119 msecs (HTTP/1.1 200) 4 headers in 158 bytes (1 switches on core 0) [pid: 7|app: 0|req: 1018/2009] 10.0.0.182 () {32 vars in 773 bytes} [Wed Mar 4 14:07:31 2026] GET /v2.0/security-groups?tenant_id=f0a2bff282214d87aeebc278df65381a&name=default => generated 2925 bytes in 201 msecs (HTTP/1.1 200) 4 headers in 158 bytes (1 switches on core 0) [pid: 8|app: 0|req: 992/2010] 10.0.0.182 () {32 vars in 681 bytes} [Wed Mar 4 14:07:31 2026] GET /v2.0/ports?not-tags=red%2Cblue => generated 6008 bytes in 101 msecs (HTTP/1.1 200) 4 headers in 158 bytes (1 switches on core 0)
2026-03-04 14:07:32.126 7 INFO neutron.db.ovn_revision_numbers_db [None req-ed857e3e-c59a-429a-883a-6f9a93fa263c dd056faaedcd41a2bb80e21c73ffa0d7 99e54fc1ddd64fd2a2de0076dade39f5 - - default default] Successfully bumped revision number for resource 56517799-62d6-4567-a23e-7aface495a84 (type: security_groups) to 1
2026-03-04 14:07:32.141 7 INFO neutron.db.ovn_revision_numbers_db [None req-ed857e3e-c59a-429a-883a-6f9a93fa263c dd056faaedcd41a2bb80e21c73ffa0d7 99e54fc1ddd64fd2a2de0076dade39f5 - - default default] Successfully bumped revision number for resource 1562ae72-8b3d-4448-a8f8-5c69d0856cfa (type: security_group_rules) to 0
2026-03-04 14:07:32.155 7 INFO neutron.db.ovn_revision_numbers_db [None req-ed857e3e-c59a-429a-883a-6f9a93fa263c dd056faaedcd41a2bb80e21c73ffa0d7 99e54fc1ddd64fd2a2de0076dade39f5 - - default default] Successfully bumped revision number for resource 97ee3b70-540d-45ab-ab65-6327b343c304 (type: security_group_rules) to 0
2026-03-04 14:07:32.168 7 INFO neutron.db.ovn_revision_numbers_db [None req-ed857e3e-c59a-429a-883a-6f9a93fa263c dd056faaedcd41a2bb80e21c73ffa0d7 99e54fc1ddd64fd2a2de0076dade39f5 - - default default] Successfully bumped revision number for resource d0d9738e-dec5-403f-9fe9-e0aff37d0645 (type: security_group_rules) to 0
2026-03-04 14:07:32.186 7 INFO neutron.db.ovn_revision_numbers_db [None req-ed857e3e-c59a-429a-883a-6f9a93fa263c dd056faaedcd41a2bb80e21c73ffa0d7 99e54fc1ddd64fd2a2de0076dade39f5 - - default default] Successfully bumped revision number for resource da4c4cc1-061a-4d63-82c5-846b4206f208 (type: security_group_rules) to 0 [pid: 8|app: 0|req: 993/2011] 10.0.0.182 () {32 vars in 739 bytes} [Wed Mar 4 14:07:32 2026] DELETE /v2.0/security-groups/f8216329-ea35-402f-b83c-86d9e8b94c60 => generated 0 bytes in 249 msecs (HTTP/1.1 204) 2 headers in 112 bytes (1 switches on core 0)
2026-03-04 14:07:32.264 7 INFO neutron.db.segments_db [None req-ed857e3e-c59a-429a-883a-6f9a93fa263c dd056faaedcd41a2bb80e21c73ffa0d7 99e54fc1ddd64fd2a2de0076dade39f5 - - default default] Added segment ab732b31-c88b-423a-be15-3c7c2c0ba356 of type geneve for network 574362b7-69eb-4158-9902-06cbf2d68e83 [pid: 8|app: 0|req: 994/2012] 10.0.0.182 () {32 vars in 677 bytes} [Wed Mar 4 14:07:32 2026] GET /v2.0/ports?not-tags-any=blue => generated 6008 bytes in 87 msecs (HTTP/1.1 200) 4 headers in 158 bytes (1 switches on core 0)
2026-03-04 14:07:32.388 7 INFO neutron.db.ovn_revision_numbers_db [None req-ed857e3e-c59a-429a-883a-6f9a93fa263c dd056faaedcd41a2bb80e21c73ffa0d7 99e54fc1ddd64fd2a2de0076dade39f5 - - default default] Successfully bumped revision number for resource 574362b7-69eb-4158-9902-06cbf2d68e83 (type: networks) to 1 [pid: 8|app: 0|req: 995/2013] 10.0.0.182 () {32 vars in 689 bytes} [Wed Mar 4 14:07:32 2026] GET /v2.0/ports?not-tags-any=red%2Cblue => generated 5268 bytes in 75 msecs (HTTP/1.1 200) 4 headers in 158 bytes (1 switches on core 0)
2026-03-04 14:07:32.558 8 INFO neutron.db.ovn_revision_numbers_db [None req-b5dc0dce-9340-4e7a-bf6b-4972cbd8ee51 dc5c0ccef3224735adca02940b3e0afb 3a97d080073f412392bcb9be61f8cc15 - - default default] Successfully bumped revision number for resource 9af3fbe0-bb3c-4049-971c-3c22fbc587ee (type: security_groups) to 1
2026-03-04 14:07:32.569 8 INFO neutron.db.ovn_revision_numbers_db [None req-b5dc0dce-9340-4e7a-bf6b-4972cbd8ee51 dc5c0ccef3224735adca02940b3e0afb 3a97d080073f412392bcb9be61f8cc15 - - default default] Successfully bumped revision number for resource 12170cb7-09b0-4696-9b81-d04f5c1a182e (type: security_group_rules) to 0
2026-03-04 14:07:32.573 7 WARNING neutron.scheduler.dhcp_agent_scheduler [None req-ed857e3e-c59a-429a-883a-6f9a93fa263c dd056faaedcd41a2bb80e21c73ffa0d7 99e54fc1ddd64fd2a2de0076dade39f5 - - default default] No more DHCP agents
2026-03-04 14:07:32.575 7 WARNING neutron.api.rpc.agentnotifiers.dhcp_rpc_agent_api [None req-ed857e3e-c59a-429a-883a-6f9a93fa263c dd056faaedcd41a2bb80e21c73ffa0d7 99e54fc1ddd64fd2a2de0076dade39f5 - - default default] Unable to schedule network 574362b7-69eb-4158-9902-06cbf2d68e83: no agents available; will retry on subsequent port and subnet creation events.
2026-03-04 14:07:32.581 8 INFO neutron.db.ovn_revision_numbers_db [None req-b5dc0dce-9340-4e7a-bf6b-4972cbd8ee51 dc5c0ccef3224735adca02940b3e0afb 3a97d080073f412392bcb9be61f8cc15 - - default default] Successfully bumped revision number for resource 803581f4-499a-4ebe-b44a-e89cb45c44e6 (type: security_group_rules) to 0
2026-03-04 14:07:32.593 8 INFO neutron.db.ovn_revision_numbers_db [None req-b5dc0dce-9340-4e7a-bf6b-4972cbd8ee51 dc5c0ccef3224735adca02940b3e0afb 3a97d080073f412392bcb9be61f8cc15 - - default default] Successfully bumped revision number for resource 9996b0b1-1cfb-4c87-a42b-d6e98cd82ac4 (type: security_group_rules) to 0
2026-03-04 14:07:32.605 8 INFO neutron.db.ovn_revision_numbers_db [None req-b5dc0dce-9340-4e7a-bf6b-4972cbd8ee51 dc5c0ccef3224735adca02940b3e0afb 3a97d080073f412392bcb9be61f8cc15 - - default default] Successfully bumped revision number for resource e4b0eb91-86f2-402d-9ee5-77fb1e3e652a (type: security_group_rules) to 0
2026-03-04 14:07:32.643 8 INFO neutron.plugins.ml2.drivers.ovn.mech_driver.mech_driver [None req-29b3d42f-940e-4efc-b52b-a53038659d8b - - - - - -] OVN reports status down for port: fb5d4eec-677f-4ec4-91ae-e9a83c3848e4
2026-03-04 14:07:32.651 7 INFO neutron.db.ovn_revision_numbers_db [None req-ed857e3e-c59a-429a-883a-6f9a93fa263c dd056faaedcd41a2bb80e21c73ffa0d7 99e54fc1ddd64fd2a2de0076dade39f5 - - default default] Successfully bumped revision number for resource fb5d4eec-677f-4ec4-91ae-e9a83c3848e4 (type: ports) to 1 [pid: 7|app: 0|req: 1019/2014] 10.0.0.182 () {34 vars in 669 bytes} [Wed Mar 4 14:07:31 2026] POST /v2.0/networks => generated 648 bytes in 748 msecs (HTTP/1.1 201) 4 headers in 162 bytes (1 switches on core 0) [pid: 8|app: 0|req: 996/2015] 10.0.0.182 () {32 vars in 773 bytes} [Wed Mar 4 14:07:32 2026] GET /v2.0/security-groups?tenant_id=261a81f81b71431295d8f4f891059f78&name=default => generated 2925 bytes in 263 msecs (HTTP/1.1 200) 4 headers in 158 bytes (1 switches on core 0)
2026-03-04 14:07:32.802 8 INFO neutron.db.segments_db [None req-2be86f72-6610-4aaa-84ca-46677848691a dd056faaedcd41a2bb80e21c73ffa0d7 99e54fc1ddd64fd2a2de0076dade39f5 - - default default] Added segment 2ae5ad3a-086e-4379-99fc-20f1c95f0783 of type geneve for network c055fbab-b513-4d8b-a4ca-4952accb341c
2026-03-04 14:07:32.815 7 INFO neutron_taas.services.taas.taas_plugin [None req-e1513ec3-d8de-4d7f-9cff-83b42b0c48fc 5fa982e4e74644b298eec429d8b6524c 869ec30c4952408483d50856b1393cce - - default default] TaaS: Handle Delete Port: 41a411b2-355e-437e-abcf-b3e61ed20cbb
2026-03-04 14:07:32.818 7 INFO neutron_taas.services.taas.tap_mirror_plugin [None req-e1513ec3-d8de-4d7f-9cff-83b42b0c48fc 5fa982e4e74644b298eec429d8b6524c 869ec30c4952408483d50856b1393cce - - default default] Tap Mirror: Handle Delete Port: 41a411b2-355e-437e-abcf-b3e61ed20cbb [pid: 7|app: 0|req: 1020/2016] 10.0.0.182 () {32 vars in 719 bytes} [Wed Mar 4 14:07:32 2026] DELETE /v2.0/ports/41a411b2-355e-437e-abcf-b3e61ed20cbb => generated 0 bytes in 246 msecs (HTTP/1.1 204) 3 headers in 131 bytes (1 switches on core 0)
2026-03-04 14:07:32.941 8 INFO neutron.db.ovn_revision_numbers_db [None req-2be86f72-6610-4aaa-84ca-46677848691a dd056faaedcd41a2bb80e21c73ffa0d7 99e54fc1ddd64fd2a2de0076dade39f5 - - default default] Successfully bumped revision number for resource c055fbab-b513-4d8b-a4ca-4952accb341c (type: networks) to 1
2026-03-04 14:07:33.138 8 WARNING neutron.scheduler.dhcp_agent_scheduler [None req-2be86f72-6610-4aaa-84ca-46677848691a dd056faaedcd41a2bb80e21c73ffa0d7 99e54fc1ddd64fd2a2de0076dade39f5 - - default default] No more DHCP agents
2026-03-04 14:07:33.139 8 WARNING neutron.api.rpc.agentnotifiers.dhcp_rpc_agent_api [None req-2be86f72-6610-4aaa-84ca-46677848691a dd056faaedcd41a2bb80e21c73ffa0d7 99e54fc1ddd64fd2a2de0076dade39f5 - - default default] Unable to schedule network c055fbab-b513-4d8b-a4ca-4952accb341c: no agents available; will retry on subsequent port and subnet creation events. [pid: 7|app: 0|req: 1021/2017] 10.0.0.182 () {32 vars in 739 bytes} [Wed Mar 4 14:07:32 2026] DELETE /v2.0/security-groups/9af3fbe0-bb3c-4049-971c-3c22fbc587ee => generated 0 bytes in 234 msecs (HTTP/1.1 204) 2 headers in 112 bytes (1 switches on core 0)
2026-03-04 14:07:33.192 8 INFO neutron.plugins.ml2.drivers.ovn.mech_driver.mech_driver [None req-29b3d42f-940e-4efc-b52b-a53038659d8b - - - - - -] OVN reports status down for port: 255dbe03-199c-409d-aacd-33d466028a5f
2026-03-04 14:07:33.252 8 INFO neutron.db.ovn_revision_numbers_db [None req-2be86f72-6610-4aaa-84ca-46677848691a dd056faaedcd41a2bb80e21c73ffa0d7 99e54fc1ddd64fd2a2de0076dade39f5 - - default default] Successfully bumped revision number for resource 255dbe03-199c-409d-aacd-33d466028a5f (type: ports) to 1 [pid: 8|app: 0|req: 997/2018] 10.0.0.182 () {34 vars in 669 bytes} [Wed Mar 4 14:07:32 2026] POST /v2.0/networks => generated 649 bytes in 619 msecs (HTTP/1.1 201) 4 headers in 162 bytes (1 switches on core 0)
2026-03-04 14:07:33.325 7 INFO neutron_taas.services.taas.taas_plugin [None req-057424e8-d6fb-4615-be44-3f2cb6539c94 5fa982e4e74644b298eec429d8b6524c 869ec30c4952408483d50856b1393cce - - default default] TaaS: Handle Delete Port: 15643b43-f868-4743-9499-5f736bdc2a81
2026-03-04 14:07:33.328 7 INFO neutron_taas.services.taas.tap_mirror_plugin [None req-057424e8-d6fb-4615-be44-3f2cb6539c94 5fa982e4e74644b298eec429d8b6524c 869ec30c4952408483d50856b1393cce - - default default] Tap Mirror: Handle Delete Port: 15643b43-f868-4743-9499-5f736bdc2a81
2026-03-04 14:07:33.443 8 INFO neutron.db.ovn_revision_numbers_db [None req-970b5359-daea-42aa-8c00-32a95cb3769e dc5c0ccef3224735adca02940b3e0afb 3a97d080073f412392bcb9be61f8cc15 - - default default] Successfully bumped revision number for resource 92d7e6ef-57c7-4a50-9a44-84897b429bd2 (type: security_groups) to 1 [pid: 7|app: 0|req: 1022/2019] 10.0.0.182 () {32 vars in 719 bytes} [Wed Mar 4 14:07:33 2026] DELETE /v2.0/ports/15643b43-f868-4743-9499-5f736bdc2a81 => generated 0 bytes in 299 msecs (HTTP/1.1 204) 3 headers in 131 bytes (1 switches on core 0)
2026-03-04 14:07:33.465 8 INFO neutron.db.ovn_revision_numbers_db [None req-970b5359-daea-42aa-8c00-32a95cb3769e dc5c0ccef3224735adca02940b3e0afb 3a97d080073f412392bcb9be61f8cc15 - - default default] Successfully bumped revision number for resource 2ebf698a-ecc9-4347-9a78-1740f5f5fdfe (type: security_group_rules) to 0
2026-03-04 14:07:33.477 8 INFO neutron.db.ovn_revision_numbers_db [None req-970b5359-daea-42aa-8c00-32a95cb3769e dc5c0ccef3224735adca02940b3e0afb 3a97d080073f412392bcb9be61f8cc15 - - default default] Successfully bumped revision number for resource 60aa7c97-8b41-4bd8-9176-0393404fd2d7 (type: security_group_rules) to 0
2026-03-04 14:07:33.491 8 INFO neutron.db.ovn_revision_numbers_db [None req-970b5359-daea-42aa-8c00-32a95cb3769e dc5c0ccef3224735adca02940b3e0afb 3a97d080073f412392bcb9be61f8cc15 - - default default] Successfully bumped revision number for resource a0f40cce-1ae0-47cd-a2b5-c7cee8e1ef93 (type: security_group_rules) to 0
2026-03-04 14:07:33.505 8 INFO neutron.db.ovn_revision_numbers_db [None req-970b5359-daea-42aa-8c00-32a95cb3769e dc5c0ccef3224735adca02940b3e0afb 3a97d080073f412392bcb9be61f8cc15 - - default default] Successfully bumped revision number for resource a33903dc-3691-447c-8932-dca20daa9c13 (type: security_group_rules) to 0 [pid: 8|app: 0|req: 998/2020] 10.0.0.182 () {32 vars in 773 bytes} [Wed Mar 4 14:07:33 2026] GET /v2.0/security-groups?tenant_id=3a8a48081da74270946454f5229557c3&name=default => generated 2925 bytes in 234 msecs (HTTP/1.1 200) 4 headers in 158 bytes (1 switches on core 0)
2026-03-04 14:07:33.642 7 WARNING neutron.scheduler.dhcp_agent_scheduler [None req-0962cb2f-80b0-42b0-8f7f-540e88d4d5db dd056faaedcd41a2bb80e21c73ffa0d7 99e54fc1ddd64fd2a2de0076dade39f5 - - default default] No more DHCP agents
2026-03-04 14:07:33.644 7 WARNING neutron.api.rpc.agentnotifiers.dhcp_rpc_agent_api [None req-0962cb2f-80b0-42b0-8f7f-540e88d4d5db dd056faaedcd41a2bb80e21c73ffa0d7 99e54fc1ddd64fd2a2de0076dade39f5 - - default default] Unable to schedule network 574362b7-69eb-4158-9902-06cbf2d68e83: no agents available; will retry on subsequent port and subnet creation events.
2026-03-04 14:07:33.666 8 INFO neutron_taas.services.taas.taas_plugin [None req-7c2bb26d-c88f-49ef-b91e-33a6d7e369c1 5fa982e4e74644b298eec429d8b6524c 869ec30c4952408483d50856b1393cce - - default default] TaaS: Handle Delete Port: 4e50c3a1-7388-4ede-bda0-4a8af0430cd8
2026-03-04 14:07:33.669 8 INFO neutron_taas.services.taas.tap_mirror_plugin [None req-7c2bb26d-c88f-49ef-b91e-33a6d7e369c1 5fa982e4e74644b298eec429d8b6524c 869ec30c4952408483d50856b1393cce - - default default] Tap Mirror: Handle Delete Port: 4e50c3a1-7388-4ede-bda0-4a8af0430cd8 [pid: 8|app: 0|req: 999/2021] 10.0.0.182 () {32 vars in 719 bytes} [Wed Mar 4 14:07:33 2026] DELETE /v2.0/ports/4e50c3a1-7388-4ede-bda0-4a8af0430cd8 => generated 0 bytes in 251 msecs (HTTP/1.1 204) 3 headers in 131 bytes (1 switches on core 0) [pid: 8|app: 0|req: 1000/2022] 10.0.0.182 () {32 vars in 739 bytes} [Wed Mar 4 14:07:33 2026] DELETE /v2.0/security-groups/92d7e6ef-57c7-4a50-9a44-84897b429bd2 => generated 0 bytes in 235 msecs (HTTP/1.1 204) 2 headers in 112 bytes (1 switches on core 0)
2026-03-04 14:07:34.139 7 INFO neutron.db.ovn_revision_numbers_db [None req-7e34a094-7a1d-4ffc-80bb-df6255ebf859 - - - - - -] Successfully bumped revision number for resource fb5d4eec-677f-4ec4-91ae-e9a83c3848e4 (type: ports) to 2
2026-03-04 14:07:34.175 7 INFO neutron.db.ovn_revision_numbers_db [None req-7e34a094-7a1d-4ffc-80bb-df6255ebf859 - - - - - -] Successfully bumped revision number for resource 96da54df-c6f3-4fb6-8465-59967b372a1c (type: subnets) to 0
2026-03-04 14:07:34.178 8 INFO neutron_taas.services.taas.taas_plugin [None req-0540bd31-d12d-4507-9df0-bf21d0b99b17 5fa982e4e74644b298eec429d8b6524c 869ec30c4952408483d50856b1393cce - - default default] TaaS: Handle Delete Port: 86e01684-be23-4010-b55f-e426ff4b6e9f
2026-03-04 14:07:34.182 8 INFO neutron_taas.services.taas.tap_mirror_plugin [None req-0540bd31-d12d-4507-9df0-bf21d0b99b17 5fa982e4e74644b298eec429d8b6524c 869ec30c4952408483d50856b1393cce - - default default] Tap Mirror: Handle Delete Port: 86e01684-be23-4010-b55f-e426ff4b6e9f [pid: 7|app: 0|req: 1023/2023] 10.0.0.182 () {34 vars in 668 bytes} [Wed Mar 4 14:07:33 2026] POST /v2.0/subnets => generated 626 bytes in 731 msecs (HTTP/1.1 201) 4 headers in 162 bytes (1 switches on core 0) [pid: 7|app: 0|req: 1024/2024] 10.0.0.33 () {34 vars in 988 bytes} [Wed Mar 4 14:07:34 2026] GET /v2.0/ports?device_id=f65c8d28-7f6c-418f-af69-52017c1208c0 => generated 1209 bytes in 29 msecs (HTTP/1.1 200) 4 headers in 158 bytes (1 switches on core 0) [pid: 8|app: 0|req: 1001/2025] 10.0.0.182 () {32 vars in 719 bytes} [Wed Mar 4 14:07:34 2026] DELETE /v2.0/ports/86e01684-be23-4010-b55f-e426ff4b6e9f => generated 0 bytes in 271 msecs (HTTP/1.1 204) 3 headers in 131 bytes (1 switches on core 0) [pid: 8|app: 0|req: 1002/2026] 10.0.0.33 () {34 vars in 1038 bytes} [Wed Mar 4 14:07:34 2026] GET /v2.0/security-groups?id=daa5f37f-c8e8-4a0a-96f4-9a4f2097dfa9&fields=id&fields=name => generated 112 bytes in 36 msecs (HTTP/1.1 200) 4 headers in 157 bytes (1 switches on core 0)
2026-03-04 14:07:34.441 8 INFO neutron_taas.services.taas.taas_plugin [None req-390a1846-49a9-45d9-a656-709e6f072d76 5fa982e4e74644b298eec429d8b6524c 869ec30c4952408483d50856b1393cce - - default default] TaaS: Handle Delete Port: c1723630-3672-4445-a03d-024c1cc250bb
2026-03-04 14:07:34.444 8 INFO neutron_taas.services.taas.tap_mirror_plugin [None req-390a1846-49a9-45d9-a656-709e6f072d76 5fa982e4e74644b298eec429d8b6524c 869ec30c4952408483d50856b1393cce - - default default] Tap Mirror: Handle Delete Port: c1723630-3672-4445-a03d-024c1cc250bb
2026-03-04 14:07:34.477 7 WARNING neutron.scheduler.dhcp_agent_scheduler [None req-ffb4e628-243b-4dca-9cc0-63003c7a1817 dd056faaedcd41a2bb80e21c73ffa0d7 99e54fc1ddd64fd2a2de0076dade39f5 - - default default] No more DHCP agents
2026-03-04 14:07:34.478 7 WARNING neutron.api.rpc.agentnotifiers.dhcp_rpc_agent_api [None req-ffb4e628-243b-4dca-9cc0-63003c7a1817 dd056faaedcd41a2bb80e21c73ffa0d7 99e54fc1ddd64fd2a2de0076dade39f5 - - default default] Unable to schedule network c055fbab-b513-4d8b-a4ca-4952accb341c: no agents available; will retry on subsequent port and subnet creation events. [pid: 8|app: 0|req: 1003/2027] 10.0.0.182 () {32 vars in 719 bytes} [Wed Mar 4 14:07:34 2026] DELETE /v2.0/ports/c1723630-3672-4445-a03d-024c1cc250bb => generated 0 bytes in 210 msecs (HTTP/1.1 204) 3 headers in 131 bytes (1 switches on core 0)
2026-03-04 14:07:34.672 8 INFO neutron_taas.services.taas.taas_plugin [None req-1d2f79dc-2569-4c25-ba4a-32568e5daefa 5fa982e4e74644b298eec429d8b6524c 869ec30c4952408483d50856b1393cce - - default default] TaaS: Handle Delete Port: 16daca87-edc9-45f6-8454-924bcd6d6d04
2026-03-04 14:07:34.675 8 INFO neutron_taas.services.taas.tap_mirror_plugin [None req-1d2f79dc-2569-4c25-ba4a-32568e5daefa 5fa982e4e74644b298eec429d8b6524c 869ec30c4952408483d50856b1393cce - - default default] Tap Mirror: Handle Delete Port: 16daca87-edc9-45f6-8454-924bcd6d6d04
2026-03-04 14:07:34.853 8 INFO neutron.services.segments.plugin [-] Segment cc7b2fd1-a487-439b-9403-a0cb259c1f7f resource provider aggregate not found
2026-03-04 14:07:34.857 8 INFO neutron.services.segments.plugin [-] Segment cc7b2fd1-a487-439b-9403-a0cb259c1f7f resource provider aggregate not found
2026-03-04 14:07:34.877 8 INFO neutron.services.segments.plugin [-] Segment cc7b2fd1-a487-439b-9403-a0cb259c1f7f resource provider not found; error: Placement Client Error (4xx): {"errors": [{"status": 404, "title": "Not Found", "detail": "The resource could not be found.\n\n No resource provider with uuid cc7b2fd1-a487-439b-9403-a0cb259c1f7f found for delete ", "request_id": "req-92ecd8bf-8e20-4b74-b4fe-669b3823e71f"}]}
2026-03-04 14:07:34.877 8 INFO neutron.services.segments.plugin [-] Segment cc7b2fd1-a487-439b-9403-a0cb259c1f7f resource provider not found; error: Placement Client Error (4xx): {"errors": [{"status": 404, "title": "Not Found", "detail": "The resource could not be found.\n\n No resource provider with uuid cc7b2fd1-a487-439b-9403-a0cb259c1f7f found for delete ", "request_id": "req-e0b32e53-7a2c-4774-8d7b-2d08558509ac"}]} [pid: 8|app: 0|req: 1004/2028] 10.0.0.182 () {32 vars in 725 bytes} [Wed Mar 4 14:07:34 2026] DELETE /v2.0/networks/b174aea6-45cd-4e45-b0bb-4d1af22dcf0e => generated 0 bytes in 340 msecs (HTTP/1.1 204) 3 headers in 131 bytes (1 switches on core 0)
2026-03-04 14:07:34.953 7 INFO neutron.db.ovn_revision_numbers_db [None req-f30f72ac-29be-47db-bdbe-0f5c9e2a65ea - - - - - -] Successfully bumped revision number for resource 255dbe03-199c-409d-aacd-33d466028a5f (type: ports) to 2
2026-03-04 14:07:34.999 7 INFO neutron.db.ovn_revision_numbers_db [None req-f30f72ac-29be-47db-bdbe-0f5c9e2a65ea - - - - - -] Successfully bumped revision number for resource 1a534fc1-5170-4582-a096-2f7d631755f4 (type: subnets) to 0 [pid: 7|app: 0|req: 1025/2029] 10.0.0.182 () {34 vars in 668 bytes} [Wed Mar 4 14:07:34 2026] POST /v2.0/subnets => generated 626 bytes in 806 msecs (HTTP/1.1 201) 4 headers in 162 bytes (1 switches on core 0)
2026-03-04 14:07:35.073 8 INFO neutron_taas.services.taas.taas_plugin [None req-a5c13fe4-552a-474e-a0c4-3ea7e323985e 5fa982e4e74644b298eec429d8b6524c 869ec30c4952408483d50856b1393cce - - default default] TaaS: Handle Delete Port: b047a0b4-1b3b-4fc9-9d9b-40264dec6cb1
2026-03-04 14:07:35.076 8 INFO neutron_taas.services.taas.tap_mirror_plugin [None req-a5c13fe4-552a-474e-a0c4-3ea7e323985e 5fa982e4e74644b298eec429d8b6524c 869ec30c4952408483d50856b1393cce - - default default] Tap Mirror: Handle Delete Port: b047a0b4-1b3b-4fc9-9d9b-40264dec6cb1
2026-03-04 14:07:35.150 7 INFO neutron.db.ovn_revision_numbers_db [None req-2820bf94-f4f8-417d-b8a1-81e5dc10226d dd056faaedcd41a2bb80e21c73ffa0d7 99e54fc1ddd64fd2a2de0076dade39f5 - - default default] Successfully bumped revision number for resource bf545fe3-e671-4f2f-a1af-a5ed06db49c7 (type: routers) to 1 [pid: 7|app: 0|req: 1026/2030] 10.0.0.182 () {34 vars in 668 bytes} [Wed Mar 4 14:07:35 2026] POST /v2.0/routers => generated 603 bytes in 143 msecs (HTTP/1.1 201) 4 headers in 162 bytes (1 switches on core 0) [pid: 8|app: 0|req: 1005/2031] 10.0.0.182 () {32 vars in 725 bytes} [Wed Mar 4 14:07:34 2026] DELETE /v2.0/networks/b2e991c8-39aa-4926-b775-47bd5608f960 => generated 0 bytes in 393 msecs (HTTP/1.1 204) 3 headers in 131 bytes (1 switches on core 0)
2026-03-04 14:07:35.414 8 INFO neutron_taas.services.taas.taas_plugin [None req-77661fc6-f6b2-48e2-a9a0-b5c429720043 5fa982e4e74644b298eec429d8b6524c 869ec30c4952408483d50856b1393cce - - default default] TaaS: Handle Delete Port: bf11188e-cbe8-43af-8364-ab2805335e93
2026-03-04 14:07:35.417 8 INFO neutron_taas.services.taas.tap_mirror_plugin [None req-77661fc6-f6b2-48e2-a9a0-b5c429720043 5fa982e4e74644b298eec429d8b6524c 869ec30c4952408483d50856b1393cce - - default default] Tap Mirror: Handle Delete Port: bf11188e-cbe8-43af-8364-ab2805335e93
2026-03-04 14:07:35.554 7 WARNING neutron.scheduler.dhcp_agent_scheduler [None req-26741be7-d260-4b82-9dfc-19c856ee3730 dd056faaedcd41a2bb80e21c73ffa0d7 99e54fc1ddd64fd2a2de0076dade39f5 - - default default] No more DHCP agents
2026-03-04 14:07:35.556 7 WARNING neutron.api.rpc.agentnotifiers.dhcp_rpc_agent_api [None req-26741be7-d260-4b82-9dfc-19c856ee3730 dd056faaedcd41a2bb80e21c73ffa0d7 99e54fc1ddd64fd2a2de0076dade39f5 - - default default] Unable to schedule network 574362b7-69eb-4158-9902-06cbf2d68e83: no agents available; will retry on subsequent port and subnet creation events. [pid: 8|app: 0|req: 1006/2032] 10.0.0.182 () {32 vars in 725 bytes} [Wed Mar 4 14:07:35 2026] DELETE /v2.0/networks/8423172d-90ea-47c3-bd6e-3dcb57b7beee => generated 0 bytes in 334 msecs (HTTP/1.1 204) 3 headers in 131 bytes (1 switches on core 0)
2026-03-04 14:07:35.693 7 INFO neutron.plugins.ml2.drivers.ovn.mech_driver.mech_driver [None req-67d74b35-f4d9-4a3f-ac19-6b3a3da54b2a - - - - - -] OVN reports status down for port: ca608bf9-a788-4b3f-b39b-4b2495d9e215
2026-03-04 14:07:35.725 7 INFO neutron.db.ovn_revision_numbers_db [None req-26741be7-d260-4b82-9dfc-19c856ee3730 dd056faaedcd41a2bb80e21c73ffa0d7 99e54fc1ddd64fd2a2de0076dade39f5 - - default default] Successfully bumped revision number for resource ca608bf9-a788-4b3f-b39b-4b2495d9e215 (type: ports) to 1
2026-03-04 14:07:35.802 8 INFO neutron_taas.services.taas.taas_plugin [None req-767900d8-1cb7-4eb2-80c5-43e43461ff1e 5fa982e4e74644b298eec429d8b6524c 869ec30c4952408483d50856b1393cce - - default default] TaaS: Handle Delete Port: 8a2ebaf2-b785-4282-8825-6148aba0612c
2026-03-04 14:07:35.805 8 INFO neutron_taas.services.taas.tap_mirror_plugin [None req-767900d8-1cb7-4eb2-80c5-43e43461ff1e 5fa982e4e74644b298eec429d8b6524c 869ec30c4952408483d50856b1393cce - - default default] Tap Mirror: Handle Delete Port: 8a2ebaf2-b785-4282-8825-6148aba0612c [pid: 8|app: 0|req: 1007/2033] 10.0.0.182 () {32 vars in 725 bytes} [Wed Mar 4 14:07:35 2026] DELETE /v2.0/networks/dfa42b6e-1311-40c0-b237-52842429563c => generated 0 bytes in 409 msecs (HTTP/1.1 204) 3 headers in 131 bytes (1 switches on core 0) [pid: 8|app: 0|req: 1008/2034] 10.0.0.147 () {34 vars in 989 bytes} [Wed Mar 4 14:07:36 2026] GET /v2.0/ports?device_id=f65c8d28-7f6c-418f-af69-52017c1208c0 => generated 971 bytes in 101 msecs (HTTP/1.1 200) 4 headers in 157 bytes (1 switches on core 0)
2026-03-04 14:07:36.272 8 INFO neutron_taas.services.taas.taas_plugin [None req-2a06dfb0-fb53-4ed9-9968-0bc6d2e0de2d 5fa982e4e74644b298eec429d8b6524c 869ec30c4952408483d50856b1393cce - - default default] TaaS: Handle Delete Port: 97bc0314-acb6-4509-8876-619158e7b9f4
2026-03-04 14:07:36.277 8 INFO neutron_taas.services.taas.tap_mirror_plugin [None req-2a06dfb0-fb53-4ed9-9968-0bc6d2e0de2d 5fa982e4e74644b298eec429d8b6524c 869ec30c4952408483d50856b1393cce - - default default] Tap Mirror: Handle Delete Port: 97bc0314-acb6-4509-8876-619158e7b9f4
2026-03-04 14:07:36.299 7 INFO neutron.plugins.ml2.drivers.ovn.mech_driver.mech_driver [None req-67d74b35-f4d9-4a3f-ac19-6b3a3da54b2a - - - - - -] OVN reports status up for port: ca608bf9-a788-4b3f-b39b-4b2495d9e215
2026-03-04 14:07:36.323 7 INFO neutron.plugins.ml2.plugin [None req-67d74b35-f4d9-4a3f-ac19-6b3a3da54b2a - - - - - -] Attempt 1 to provision port ca608bf9-a788-4b3f-b39b-4b2495d9e215
2026-03-04 14:07:36.444 7 WARNING neutron.scheduler.dhcp_agent_scheduler [None req-26741be7-d260-4b82-9dfc-19c856ee3730 dd056faaedcd41a2bb80e21c73ffa0d7 99e54fc1ddd64fd2a2de0076dade39f5 - - default default] No more DHCP agents
2026-03-04 14:07:36.445 7 WARNING neutron.api.rpc.agentnotifiers.dhcp_rpc_agent_api [None req-26741be7-d260-4b82-9dfc-19c856ee3730 dd056faaedcd41a2bb80e21c73ffa0d7 99e54fc1ddd64fd2a2de0076dade39f5 - - default default] Unable to schedule network 574362b7-69eb-4158-9902-06cbf2d68e83: no agents available; will retry on subsequent port and subnet creation events. [pid: 8|app: 0|req: 1009/2035] 10.0.0.182 () {32 vars in 725 bytes} [Wed Mar 4 14:07:36 2026] DELETE /v2.0/networks/b28c3123-99bb-409a-bb3d-e56faa8466d4 => generated 0 bytes in 444 msecs (HTTP/1.1 204) 3 headers in 131 bytes (1 switches on core 0) [pid: 8|app: 0|req: 1010/2036] 10.0.0.147 () {34 vars in 1039 bytes} [Wed Mar 4 14:07:36 2026] GET /v2.0/security-groups?id=daa5f37f-c8e8-4a0a-96f4-9a4f2097dfa9&fields=id&fields=name => generated 112 bytes in 32 msecs (HTTP/1.1 200) 4 headers in 157 bytes (1 switches on core 0)
2026-03-04 14:07:36.867 7 INFO neutron.db.ovn_revision_numbers_db [None req-26741be7-d260-4b82-9dfc-19c856ee3730 dd056faaedcd41a2bb80e21c73ffa0d7 99e54fc1ddd64fd2a2de0076dade39f5 - - default default] Successfully bumped revision number for resource ca608bf9-a788-4b3f-b39b-4b2495d9e215 (type: router_ports) to 1 [pid: 7|app: 0|req: 1027/2037] 10.0.0.182 () {34 vars in 782 bytes} [Wed Mar 4 14:07:35 2026] PUT /v2.0/routers/bf545fe3-e671-4f2f-a1af-a5ed06db49c7/add_router_interface => generated 309 bytes in 1696 msecs (HTTP/1.1 200) 4 headers in 157 bytes (1 switches on core 0)
2026-03-04 14:07:36.897 8 INFO neutron.services.segments.plugin [-] Segment 159e2eec-6586-43a3-abba-94aee3bb2462 resource provider aggregate not found
2026-03-04 14:07:36.906 8 INFO neutron.services.segments.plugin [-] Segment 159e2eec-6586-43a3-abba-94aee3bb2462 resource provider aggregate not found
2026-03-04 14:07:36.915 8 INFO neutron.services.segments.plugin [-] Segment 159e2eec-6586-43a3-abba-94aee3bb2462 resource provider not found; error: Placement Client Error (4xx): {"errors": [{"status": 404, "title": "Not Found", "detail": "The resource could not be found.\n\n No resource provider with uuid 159e2eec-6586-43a3-abba-94aee3bb2462 found for delete ", "request_id": "req-e6000f6e-9b6d-4605-8dff-eeb808d7ceca"}]}
2026-03-04 14:07:36.936 8 INFO neutron.services.segments.plugin [-] Segment 159e2eec-6586-43a3-abba-94aee3bb2462 resource provider not found; error: Placement Client Error (4xx): {"errors": [{"status": 404, "title": "Not Found", "detail": "The resource could not be found.\n\n No resource provider with uuid 159e2eec-6586-43a3-abba-94aee3bb2462 found for delete ", "request_id": "req-43fcd0c2-b240-4b28-9adb-ad9a228bb3d7"}]}
2026-03-04 14:07:36.939 8 INFO neutron.services.segments.plugin [-] Segment 788eb92e-faf0-47b0-a19b-bd2659103905 resource provider aggregate not found
2026-03-04 14:07:36.958 8 INFO neutron.services.segments.plugin [-] Segment 788eb92e-faf0-47b0-a19b-bd2659103905 resource provider aggregate not found
2026-03-04 14:07:36.961 8 INFO neutron.services.segments.plugin [-] Segment 788eb92e-faf0-47b0-a19b-bd2659103905 resource provider not found; error: Placement Client Error (4xx): {"errors": [{"status": 404, "title": "Not Found", "detail": "The resource could not be found.\n\n No resource provider with uuid 788eb92e-faf0-47b0-a19b-bd2659103905 found for delete ", "request_id": "req-0db4c415-ff38-4a92-8dda-2f7783c65e6e"}]}
2026-03-04 14:07:36.981 8 INFO neutron.services.segments.plugin [-] Segment b73389e2-7a0d-490b-b2c9-04149a0025f9 resource provider aggregate not found
2026-03-04 14:07:36.988 8 INFO neutron.services.segments.plugin [-] Segment 788eb92e-faf0-47b0-a19b-bd2659103905 resource provider not found; error: Placement Client Error (4xx): {"errors": [{"status": 404, "title": "Not Found", "detail": "The resource could not be found.\n\n No resource provider with uuid 788eb92e-faf0-47b0-a19b-bd2659103905 found for delete ", "request_id": "req-48577efe-384d-41cf-8624-11ee68ff328e"}]}
2026-03-04 14:07:37.009 8 INFO neutron.services.segments.plugin [-] Segment b73389e2-7a0d-490b-b2c9-04149a0025f9 resource provider not found; error: Placement Client Error (4xx): {"errors": [{"status": 404, "title": "Not Found", "detail": "The resource could not be found.\n\n No resource provider with uuid b73389e2-7a0d-490b-b2c9-04149a0025f9 found for delete ", "request_id": "req-857519fc-eb81-4626-a864-cf179ac88f6a"}]}
2026-03-04 14:07:37.017 8 INFO neutron.services.segments.plugin [-] Segment b73389e2-7a0d-490b-b2c9-04149a0025f9 resource provider aggregate not found
2026-03-04 14:07:37.019 7 INFO neutron.db.ovn_revision_numbers_db [None req-67d74b35-f4d9-4a3f-ac19-6b3a3da54b2a - - - - - -] Successfully bumped revision number for resource ca608bf9-a788-4b3f-b39b-4b2495d9e215 (type: ports) to 2
2026-03-04 14:07:37.046 8 INFO neutron.services.segments.plugin [-] Segment 23df49ff-50b9-4063-b395-c22c48d7a2a6 resource provider aggregate not found
2026-03-04 14:07:37.055 8 INFO neutron.services.segments.plugin [-] Segment b73389e2-7a0d-490b-b2c9-04149a0025f9 resource provider not found; error: Placement Client Error (4xx): {"errors": [{"status": 404, "title": "Not Found", "detail": "The resource could not be found.\n\n No resource provider with uuid b73389e2-7a0d-490b-b2c9-04149a0025f9 found for delete ", "request_id": "req-e897413b-60e4-49de-9352-3cfaa3de20d4"}]}
2026-03-04 14:07:37.062 8 INFO neutron.plugins.ml2.drivers.ovn.mech_driver.mech_driver [None req-29b3d42f-940e-4efc-b52b-a53038659d8b - - - - - -] OVN reports status down for port: 03f342db-2158-4969-9b12-0cebbf9b9d03
2026-03-04 14:07:37.069 8 INFO neutron.services.segments.plugin [-] Segment 23df49ff-50b9-4063-b395-c22c48d7a2a6 resource provider not found; error: Placement Client Error (4xx): {"errors": [{"status": 404, "title": "Not Found", "detail": "The resource could not be found.\n\n No resource provider with uuid 23df49ff-50b9-4063-b395-c22c48d7a2a6 found for delete ", "request_id": "req-4cafcb19-d7b6-442c-a22b-df1b268108a6"}]}
2026-03-04 14:07:37.084 8 INFO neutron.services.segments.plugin [-] Segment 23df49ff-50b9-4063-b395-c22c48d7a2a6 resource provider aggregate not found [pid: 8|app: 0|req: 1011/2038] 10.0.0.182 () {32 vars in 716 bytes} [Wed Mar 4 14:07:36 2026] GET /v2.0/ports/ca608bf9-a788-4b3f-b39b-4b2495d9e215 => generated 943 bytes in 233 msecs (HTTP/1.1 200) 4 headers in 157 bytes (1 switches on core 0)
2026-03-04 14:07:37.121 8 INFO neutron.services.segments.plugin [-] Segment 23df49ff-50b9-4063-b395-c22c48d7a2a6 resource provider not found; error: Placement Client Error (4xx): {"errors": [{"status": 404, "title": "Not Found", "detail": "The resource could not be found.\n\n No resource provider with uuid 23df49ff-50b9-4063-b395-c22c48d7a2a6 found for delete ", "request_id": "req-9a1fff5b-3685-40ba-adc0-16db9e1b3a6b"}]}
2026-03-04 14:07:37.272 8 INFO neutron.notifiers.nova [-] Nova event matching ['req-01c0bb3e-8825-4f74-ac47-d615456c3c30'] response: {'server_uuid': 'f65c8d28-7f6c-418f-af69-52017c1208c0', 'name': 'network-vif-unplugged', 'status': 'completed', 'tag': '03f342db-2158-4969-9b12-0cebbf9b9d03', 'code': 200}
2026-03-04 14:07:37.400 8 INFO neutron.db.ovn_revision_numbers_db [None req-29b3d42f-940e-4efc-b52b-a53038659d8b - - - - - -] Successfully bumped revision number for resource 03f342db-2158-4969-9b12-0cebbf9b9d03 (type: ports) to 6
2026-03-04 14:07:37.640 7 WARNING neutron.scheduler.dhcp_agent_scheduler [None req-0e07a1b3-a8b9-4be2-be98-60cce4482fe5 dd056faaedcd41a2bb80e21c73ffa0d7 99e54fc1ddd64fd2a2de0076dade39f5 - - default default] No more DHCP agents /var/lib/openstack/lib/python3.12/site-packages/pycadf/identifier.py:70: UserWarning: Invalid uuid: neutron. To ensure interoperability, identifiers should be a valid uuid. warnings.warn(('Invalid uuid: %s. To ensure interoperability, '
2026-03-04 14:07:37.642 7 WARNING neutron.api.rpc.agentnotifiers.dhcp_rpc_agent_api [None req-0e07a1b3-a8b9-4be2-be98-60cce4482fe5 dd056faaedcd41a2bb80e21c73ffa0d7 99e54fc1ddd64fd2a2de0076dade39f5 - - default default] Unable to schedule network c055fbab-b513-4d8b-a4ca-4952accb341c: no agents available; will retry on subsequent port and subnet creation events.
2026-03-04 14:07:37.764 8 INFO neutron.plugins.ml2.drivers.ovn.mech_driver.mech_driver [None req-ce12fcec-14d2-48fd-bb4d-b30475347481 - - - - - -] OVN reports status down for port: 36a99dac-24e0-4c0e-88c7-0334d42d9047
2026-03-04 14:07:37.774 7 INFO neutron.db.ovn_revision_numbers_db [None req-0e07a1b3-a8b9-4be2-be98-60cce4482fe5 dd056faaedcd41a2bb80e21c73ffa0d7 99e54fc1ddd64fd2a2de0076dade39f5 - - default default] Successfully bumped revision number for resource 36a99dac-24e0-4c0e-88c7-0334d42d9047 (type: ports) to 1
2026-03-04 14:07:37.822 8 INFO neutron.db.ovn_revision_numbers_db [None req-9315db73-62a3-47ed-9732-eb7257ec201c dc5c0ccef3224735adca02940b3e0afb 3a97d080073f412392bcb9be61f8cc15 - - default default] Successfully bumped revision number for resource f4fc793d-f194-48b4-9982-0de197aac85e (type: security_groups) to 1
2026-03-04 14:07:37.841 8 INFO neutron.db.ovn_revision_numbers_db [None req-9315db73-62a3-47ed-9732-eb7257ec201c dc5c0ccef3224735adca02940b3e0afb 3a97d080073f412392bcb9be61f8cc15 - - default default] Successfully bumped revision number for resource 33afb15c-ba4c-4402-85c0-9ab32c373291 (type: security_group_rules) to 0
2026-03-04 14:07:37.863 8 INFO neutron.db.ovn_revision_numbers_db [None req-9315db73-62a3-47ed-9732-eb7257ec201c dc5c0ccef3224735adca02940b3e0afb 3a97d080073f412392bcb9be61f8cc15 - - default default] Successfully bumped revision number for resource 34aba667-6cd6-4612-b1dd-b8e97f611906 (type: security_group_rules) to 0
2026-03-04 14:07:37.883 8 INFO neutron.db.ovn_revision_numbers_db [None req-9315db73-62a3-47ed-9732-eb7257ec201c dc5c0ccef3224735adca02940b3e0afb 3a97d080073f412392bcb9be61f8cc15 - - default default] Successfully bumped revision number for resource ac77d415-96aa-4bb4-9a20-d31b8848ee17 (type: security_group_rules) to 0
2026-03-04 14:07:37.897 8 INFO neutron.db.ovn_revision_numbers_db [None req-9315db73-62a3-47ed-9732-eb7257ec201c dc5c0ccef3224735adca02940b3e0afb 3a97d080073f412392bcb9be61f8cc15 - - default default] Successfully bumped revision number for resource c4785bfe-1579-4386-8514-bec8b353cee3 (type: security_group_rules) to 0 [pid: 8|app: 0|req: 1012/2039] 10.0.0.182 () {32 vars in 773 bytes} [Wed Mar 4 14:07:37 2026] GET /v2.0/security-groups?tenant_id=8e08328a351b4cd9b09b34541ed7d3db&name=default => generated 2925 bytes in 468 msecs (HTTP/1.1 200) 4 headers in 158 bytes (1 switches on core 0) [pid: 8|app: 0|req: 1013/2040] 10.0.0.147 () {34 vars in 989 bytes} [Wed Mar 4 14:07:37 2026] GET /v2.0/ports?device_id=f65c8d28-7f6c-418f-af69-52017c1208c0 => generated 969 bytes in 37 msecs (HTTP/1.1 200) 4 headers in 157 bytes (1 switches on core 0) [pid: 8|app: 0|req: 1016/2043] 10.0.0.182 () {32 vars in 739 bytes} [Wed Mar 4 14:07:37 2026] DELETE /v2.0/security-groups/f4fc793d-f194-48b4-9982-0de197aac85e => generated 0 bytes in 246 msecs (HTTP/1.1 204) 2 headers in 112 bytes (1 switches on core 0) [pid: 8|app: 0|req: 1017/2044] 10.0.0.147 () {34 vars in 1039 bytes} [Wed Mar 4 14:07:38 2026] GET /v2.0/security-groups?id=daa5f37f-c8e8-4a0a-96f4-9a4f2097dfa9&fields=id&fields=name => generated 112 bytes in 30 msecs (HTTP/1.1 200) 4 headers in 157 bytes (1 switches on core 0) [pid: 8|app: 0|req: 1018/2045] 199.204.45.238 () {34 vars in 993 bytes} [Wed Mar 4 14:07:38 2026] GET /v2.0/ports?device_id=f65c8d28-7f6c-418f-af69-52017c1208c0 => generated 969 bytes in 31 msecs (HTTP/1.1 200) 4 headers in 157 bytes (1 switches on core 0)
2026-03-04 14:07:38.434 8 INFO neutron.plugins.ml2.drivers.ovn.mech_driver.mech_driver [None req-ce12fcec-14d2-48fd-bb4d-b30475347481 - - - - - -] OVN reports status up for port: 36a99dac-24e0-4c0e-88c7-0334d42d9047
2026-03-04 14:07:38.450 8 INFO neutron_taas.services.taas.taas_plugin [req-9c319e10-9457-4dcd-ad8f-996742681a6b req-6059ed88-ff02-4991-b5fd-068ad5faf393 3808551a5ef14e2093bc5a111b762020 4393e1623aae4c96bab7a93253738971 - - default default] TaaS: Handle Delete Port: 03f342db-2158-4969-9b12-0cebbf9b9d03
2026-03-04 14:07:38.455 8 INFO neutron_taas.services.taas.tap_mirror_plugin [req-9c319e10-9457-4dcd-ad8f-996742681a6b req-6059ed88-ff02-4991-b5fd-068ad5faf393 3808551a5ef14e2093bc5a111b762020 4393e1623aae4c96bab7a93253738971 - - default default] Tap Mirror: Handle Delete Port: 03f342db-2158-4969-9b12-0cebbf9b9d03
2026-03-04 14:07:38.458 8 INFO neutron.plugins.ml2.plugin [None req-ce12fcec-14d2-48fd-bb4d-b30475347481 - - - - - -] Attempt 1 to provision port 36a99dac-24e0-4c0e-88c7-0334d42d9047
2026-03-04 14:07:38.487 7 WARNING neutron.scheduler.dhcp_agent_scheduler [None req-0e07a1b3-a8b9-4be2-be98-60cce4482fe5 dd056faaedcd41a2bb80e21c73ffa0d7 99e54fc1ddd64fd2a2de0076dade39f5 - - default default] No more DHCP agents
2026-03-04 14:07:38.489 7 WARNING neutron.api.rpc.agentnotifiers.dhcp_rpc_agent_api [None req-0e07a1b3-a8b9-4be2-be98-60cce4482fe5 dd056faaedcd41a2bb80e21c73ffa0d7 99e54fc1ddd64fd2a2de0076dade39f5 - - default default] Unable to schedule network c055fbab-b513-4d8b-a4ca-4952accb341c: no agents available; will retry on subsequent port and subnet creation events.
2026-03-04 14:07:38.680 7 INFO neutron.db.ovn_revision_numbers_db [None req-0e07a1b3-a8b9-4be2-be98-60cce4482fe5 dd056faaedcd41a2bb80e21c73ffa0d7 99e54fc1ddd64fd2a2de0076dade39f5 - - default default] Successfully bumped revision number for resource 36a99dac-24e0-4c0e-88c7-0334d42d9047 (type: router_ports) to 1 [pid: 7|app: 0|req: 1028/2046] 10.0.0.182 () {34 vars in 782 bytes} [Wed Mar 4 14:07:37 2026] PUT /v2.0/routers/bf545fe3-e671-4f2f-a1af-a5ed06db49c7/add_router_interface => generated 309 bytes in 1573 msecs (HTTP/1.1 200) 4 headers in 157 bytes (1 switches on core 0)
2026-03-04 14:07:38.864 8 INFO neutron.db.l3_db [req-9c319e10-9457-4dcd-ad8f-996742681a6b req-6059ed88-ff02-4991-b5fd-068ad5faf393 3808551a5ef14e2093bc5a111b762020 4393e1623aae4c96bab7a93253738971 - - default default] Floating IP 80b5f4e2-c094-4676-82d8-16ce070a0330 disassociated. External IP: 10.96.250.219, port: 03f342db-2158-4969-9b12-0cebbf9b9d03.
2026-03-04 14:07:38.995 7 INFO neutron.db.ovn_revision_numbers_db [None req-5be65526-f601-486e-b573-08ca964ff7cf 0358fd43dfd340778ae8aae9a08df9fc a88c0b7edb7f429086a672858b2f8cb5 - - default default] Successfully bumped revision number for resource 780310de-e8ad-4dc7-a168-f374eab8f599 (type: security_groups) to 1
2026-03-04 14:07:39.008 7 INFO neutron.db.ovn_revision_numbers_db [None req-5be65526-f601-486e-b573-08ca964ff7cf 0358fd43dfd340778ae8aae9a08df9fc a88c0b7edb7f429086a672858b2f8cb5 - - default default] Successfully bumped revision number for resource 102a90a3-ee9f-47b2-aab8-cafe7f4e838c (type: security_group_rules) to 0
2026-03-04 14:07:39.023 7 INFO neutron.db.ovn_revision_numbers_db [None req-5be65526-f601-486e-b573-08ca964ff7cf 0358fd43dfd340778ae8aae9a08df9fc a88c0b7edb7f429086a672858b2f8cb5 - - default default] Successfully bumped revision number for resource 495c8f86-71d9-4321-98a5-f7700d9d380e (type: security_group_rules) to 0
2026-03-04 14:07:39.038 7 INFO neutron.db.ovn_revision_numbers_db [None req-5be65526-f601-486e-b573-08ca964ff7cf 0358fd43dfd340778ae8aae9a08df9fc a88c0b7edb7f429086a672858b2f8cb5 - - default default] Successfully bumped revision number for resource 9b0fbb49-4d08-4476-a680-7dd987ca5d7e (type: security_group_rules) to 0
2026-03-04 14:07:39.056 7 INFO neutron.db.ovn_revision_numbers_db [None req-5be65526-f601-486e-b573-08ca964ff7cf 0358fd43dfd340778ae8aae9a08df9fc a88c0b7edb7f429086a672858b2f8cb5 - - default default] Successfully bumped revision number for resource ac04b152-0933-4bd8-b230-ba291d6d9230 (type: security_group_rules) to 0
2026-03-04 14:07:39.146 7 INFO neutron.db.segments_db [None req-5be65526-f601-486e-b573-08ca964ff7cf 0358fd43dfd340778ae8aae9a08df9fc a88c0b7edb7f429086a672858b2f8cb5 - - default default] Added segment fd638e82-a330-4592-aa24-3798ea653689 of type geneve for network ef2e3d37-9ff6-4d6f-a3ad-214fb9c9d62e
2026-03-04 14:07:39.171 8 INFO neutron.db.ovn_revision_numbers_db [None req-ce12fcec-14d2-48fd-bb4d-b30475347481 - - - - - -] Successfully bumped revision number for resource 36a99dac-24e0-4c0e-88c7-0334d42d9047 (type: ports) to 2 [pid: 8|app: 0|req: 1019/2047] 199.204.45.238 () {36 vars in 996 bytes} [Wed Mar 4 14:07:38 2026] DELETE /v2.0/ports/03f342db-2158-4969-9b12-0cebbf9b9d03 => generated 0 bytes in 887 msecs (HTTP/1.1 204) 3 headers in 131 bytes (1 switches on core 0) [pid: 8|app: 0|req: 1020/2048] 10.0.0.182 () {32 vars in 773 bytes} [Wed Mar 4 14:07:39 2026] GET /v2.0/security-groups?tenant_id=869ec30c4952408483d50856b1393cce&name=default => generated 2925 bytes in 50 msecs (HTTP/1.1 200) 4 headers in 158 bytes (1 switches on core 0)
2026-03-04 14:07:39.268 7 INFO neutron.db.ovn_revision_numbers_db [None req-5be65526-f601-486e-b573-08ca964ff7cf 0358fd43dfd340778ae8aae9a08df9fc a88c0b7edb7f429086a672858b2f8cb5 - - default default] Successfully bumped revision number for resource ef2e3d37-9ff6-4d6f-a3ad-214fb9c9d62e (type: networks) to 1
2026-03-04 14:07:39.332 8 INFO neutron.notifiers.nova [-] Nova event matching ['req-5ec270c8-f67f-4cc5-99f9-322bc2022b86'] response: {'server_uuid': 'f65c8d28-7f6c-418f-af69-52017c1208c0', 'name': 'network-vif-unplugged', 'status': 'completed', 'tag': '03f342db-2158-4969-9b12-0cebbf9b9d03', 'code': 200}
2026-03-04 14:07:39.332 8 INFO neutron.notifiers.nova [-] Nova event matching ['req-5ec270c8-f67f-4cc5-99f9-322bc2022b86'] response: {'server_uuid': 'f65c8d28-7f6c-418f-af69-52017c1208c0', 'name': 'network-vif-deleted', 'tag': '03f342db-2158-4969-9b12-0cebbf9b9d03', 'status': 'completed', 'code': 200} [pid: 8|app: 0|req: 1021/2049] 10.0.0.182 () {32 vars in 716 bytes} [Wed Mar 4 14:07:39 2026] GET /v2.0/ports/36a99dac-24e0-4c0e-88c7-0334d42d9047 => generated 943 bytes in 143 msecs (HTTP/1.1 200) 4 headers in 157 bytes (1 switches on core 0)
2026-03-04 14:07:39.487 7 WARNING neutron.scheduler.dhcp_agent_scheduler [None req-5be65526-f601-486e-b573-08ca964ff7cf 0358fd43dfd340778ae8aae9a08df9fc a88c0b7edb7f429086a672858b2f8cb5 - - default default] No more DHCP agents
2026-03-04 14:07:39.488 7 WARNING neutron.api.rpc.agentnotifiers.dhcp_rpc_agent_api [None req-5be65526-f601-486e-b573-08ca964ff7cf 0358fd43dfd340778ae8aae9a08df9fc a88c0b7edb7f429086a672858b2f8cb5 - - default default] Unable to schedule network ef2e3d37-9ff6-4d6f-a3ad-214fb9c9d62e: no agents available; will retry on subsequent port and subnet creation events.
2026-03-04 14:07:39.585 7 INFO neutron.db.ovn_revision_numbers_db [None req-5be65526-f601-486e-b573-08ca964ff7cf 0358fd43dfd340778ae8aae9a08df9fc a88c0b7edb7f429086a672858b2f8cb5 - - default default] Successfully bumped revision number for resource 1807cd3b-a18d-4948-b0cf-5c7835449f6e (type: ports) to 1 [pid: 7|app: 0|req: 1029/2050] 10.0.0.182 () {34 vars in 669 bytes} [Wed Mar 4 14:07:38 2026] POST /v2.0/networks => generated 651 bytes in 921 msecs (HTTP/1.1 201) 4 headers in 162 bytes (1 switches on core 0) [pid: 7|app: 0|req: 1030/2051] 10.0.0.147 () {34 vars in 989 bytes} [Wed Mar 4 14:07:39 2026] GET /v2.0/ports?device_id=f65c8d28-7f6c-418f-af69-52017c1208c0 => generated 12 bytes in 25 msecs (HTTP/1.1 200) 4 headers in 156 bytes (1 switches on core 0) [pid: 8|app: 0|req: 1022/2052] 10.0.0.182 () {32 vars in 739 bytes} [Wed Mar 4 14:07:39 2026] DELETE /v2.0/security-groups/cf187afc-36d5-402d-b909-9800d3933e05 => generated 0 bytes in 275 msecs (HTTP/1.1 204) 2 headers in 112 bytes (1 switches on core 0) [pid: 7|app: 0|req: 1031/2053] 10.0.0.182 () {32 vars in 716 bytes} [Wed Mar 4 14:07:39 2026] GET /v2.0/ports/36a99dac-24e0-4c0e-88c7-0334d42d9047 => generated 943 bytes in 73 msecs (HTTP/1.1 200) 4 headers in 157 bytes (1 switches on core 0)
2026-03-04 14:07:39.858 8 WARNING neutron.scheduler.dhcp_agent_scheduler [None req-6752a24c-ae67-4799-8674-dbac3ef658b7 0358fd43dfd340778ae8aae9a08df9fc a88c0b7edb7f429086a672858b2f8cb5 - - default default] No more DHCP agents
2026-03-04 14:07:39.859 8 WARNING neutron.api.rpc.agentnotifiers.dhcp_rpc_agent_api [None req-6752a24c-ae67-4799-8674-dbac3ef658b7 0358fd43dfd340778ae8aae9a08df9fc a88c0b7edb7f429086a672858b2f8cb5 - - default default] Unable to schedule network ef2e3d37-9ff6-4d6f-a3ad-214fb9c9d62e: no agents available; will retry on subsequent port and subnet creation events.
2026-03-04 14:07:39.946 7 INFO neutron_taas.services.taas.taas_plugin [None req-30226c17-244e-4b5c-9e4a-9ca211ba12a8 dd056faaedcd41a2bb80e21c73ffa0d7 99e54fc1ddd64fd2a2de0076dade39f5 - - default default] TaaS: Handle Delete Port: 36a99dac-24e0-4c0e-88c7-0334d42d9047
