2026-06-10 10:00:01.932 8 INFO neutron.plugins.ml2.drivers.ovn.mech_driver.mech_driver [None req-348a4525-d1ae-4e29-96fb-ffacddbda756 - - - - - -] OVN reports status up for port: 7844e117-8638-44ff-a888-38421f2320fa [pid: 7|app: 0|req: 715/1356] 10.0.0.224 () {32 vars in 732 bytes} [Wed Jun 10 10:00:01 2026] DELETE /v2.0/floatingips/713a050d-879b-4bce-97ae-82b8e5eb9d93 => generated 0 bytes in 435 msecs (HTTP/1.1 204) 2 headers in 112 bytes (1 switches on core 0)
2026-06-10 10:00:01.952 8 INFO neutron.plugins.ml2.plugin [None req-348a4525-d1ae-4e29-96fb-ffacddbda756 - - - - - -] Attempt 1 to provision port 7844e117-8638-44ff-a888-38421f2320fa
2026-06-10 10:00:02.168 7 INFO neutron.db.ovn_revision_numbers_db [None req-e2f164c8-1f31-47b7-845e-f9963414db25 8df8a066be21402ea96c2f4151696e68 53d0ea8d4dc44dd48732031038af9c87 - - default default] Successfully bumped revision number for resource deed0a0b-7a36-4966-86f6-4fd1d30b315f (type: security_groups) to 1
2026-06-10 10:00:02.181 7 INFO neutron.db.ovn_revision_numbers_db [None req-e2f164c8-1f31-47b7-845e-f9963414db25 8df8a066be21402ea96c2f4151696e68 53d0ea8d4dc44dd48732031038af9c87 - - default default] Successfully bumped revision number for resource 4dee724a-40ce-462d-a5b8-6809001ef508 (type: security_group_rules) to 0
2026-06-10 10:00:02.194 7 INFO neutron.db.ovn_revision_numbers_db [None req-e2f164c8-1f31-47b7-845e-f9963414db25 8df8a066be21402ea96c2f4151696e68 53d0ea8d4dc44dd48732031038af9c87 - - default default] Successfully bumped revision number for resource f252acbd-0e55-43e3-a089-56a67c8a7bc6 (type: security_group_rules) to 0 [pid: 7|app: 0|req: 716/1357] 10.0.0.224 () {34 vars in 685 bytes} [Wed Jun 10 10:00:01 2026] POST /v2.0/security-groups => generated 1661 bytes in 251 msecs (HTTP/1.1 201) 4 headers in 163 bytes (1 switches on core 0)
2026-06-10 10:00:02.253 8 INFO neutron.plugins.ml2.drivers.ovn.mech_driver.mech_driver [None req-348a4525-d1ae-4e29-96fb-ffacddbda756 - - - - - -] OVN reports status down for port: 6c23d951-e514-4636-ae85-a61db15ec285
2026-06-10 10:00:02.339 8 WARNING neutron.plugins.ml2.drivers.ovn.mech_driver.ovsdb.ovn_client [None req-348a4525-d1ae-4e29-96fb-ffacddbda756 - - - - - -] Logical_Switch_Port %s host information not removed, the port state is up
2026-06-10 10:00:02.339 8 INFO neutron.plugins.ml2.drivers.ovn.mech_driver.mech_driver [None req-348a4525-d1ae-4e29-96fb-ffacddbda756 - - - - - -] OVN reports status up for port: 6c23d951-e514-4636-ae85-a61db15ec285
2026-06-10 10:00:02.361 8 INFO neutron.plugins.ml2.plugin [None req-348a4525-d1ae-4e29-96fb-ffacddbda756 - - - - - -] Attempt 1 to provision port 6c23d951-e514-4636-ae85-a61db15ec285
2026-06-10 10:00:02.416 7 INFO neutron.db.ovn_revision_numbers_db [None req-7a6fc3aa-8808-4e57-9e36-441fc68b49b5 8df8a066be21402ea96c2f4151696e68 53d0ea8d4dc44dd48732031038af9c87 - - default default] Successfully bumped revision number for resource 68498891-9534-4486-8808-cc508382c5f1 (type: security_group_rules) to 0 [pid: 7|app: 0|req: 717/1358] 10.0.0.224 () {34 vars in 695 bytes} [Wed Jun 10 10:00:02 2026] POST /v2.0/security-group-rules => generated 597 bytes in 224 msecs (HTTP/1.1 201) 4 headers in 162 bytes (1 switches on core 0)
2026-06-10 10:00:02.494 8 INFO neutron_taas.services.taas.taas_plugin [None req-c45ccd5c-fb66-4c52-b74d-6881d9b8aebf 048bc0a705fb43e689abc01285a6ab7a 74c14e89ae6c411d89bed8674ce76eec - - default default] TaaS: Handle Delete Port: dc0ca578-1a76-4d8a-92f4-aa229fc2d154
2026-06-10 10:00:02.505 8 INFO neutron_taas.services.taas.tap_mirror_plugin [None req-c45ccd5c-fb66-4c52-b74d-6881d9b8aebf 048bc0a705fb43e689abc01285a6ab7a 74c14e89ae6c411d89bed8674ce76eec - - default default] Tap Mirror: Handle Delete Port: dc0ca578-1a76-4d8a-92f4-aa229fc2d154
2026-06-10 10:00:02.617 7 INFO neutron.db.ovn_revision_numbers_db [None req-57e68b1c-0d03-444f-ac6f-9233472be922 8df8a066be21402ea96c2f4151696e68 53d0ea8d4dc44dd48732031038af9c87 - - default default] Successfully bumped revision number for resource 6401e7f6-b4d5-4d8d-a953-019322a1f726 (type: security_group_rules) to 0 [pid: 7|app: 0|req: 718/1359] 10.0.0.224 () {34 vars in 695 bytes} [Wed Jun 10 10:00:02 2026] POST /v2.0/security-group-rules => generated 602 bytes in 184 msecs (HTTP/1.1 201) 4 headers in 162 bytes (1 switches on core 0)
2026-06-10 10:00:03.118 7 INFO neutron.db.ovn_revision_numbers_db [None req-647699a4-72e1-4414-81f5-5d7703471269 048bc0a705fb43e689abc01285a6ab7a 74c14e89ae6c411d89bed8674ce76eec - - default default] Successfully bumped revision number for resource ba07ee9d-9a03-4c22-987b-ba70a6554019 (type: security_groups) to 1
2026-06-10 10:00:03.165 7 INFO neutron.db.ovn_revision_numbers_db [None req-647699a4-72e1-4414-81f5-5d7703471269 048bc0a705fb43e689abc01285a6ab7a 74c14e89ae6c411d89bed8674ce76eec - - default default] Successfully bumped revision number for resource 5d61ac42-3fe9-4d41-91e8-a4a2b79a647a (type: security_group_rules) to 0
2026-06-10 10:00:03.256 7 INFO neutron.db.ovn_revision_numbers_db [None req-647699a4-72e1-4414-81f5-5d7703471269 048bc0a705fb43e689abc01285a6ab7a 74c14e89ae6c411d89bed8674ce76eec - - default default] Successfully bumped revision number for resource 6452a0df-c0ef-4a38-8a5e-edb99e8d6d9f (type: security_group_rules) to 0
2026-06-10 10:00:03.261 8 INFO neutron.db.ovn_revision_numbers_db [None req-348a4525-d1ae-4e29-96fb-ffacddbda756 - - - - - -] Successfully bumped revision number for resource 6c23d951-e514-4636-ae85-a61db15ec285 (type: ports) to 2
2026-06-10 10:00:03.298 7 INFO neutron.db.ovn_revision_numbers_db [None req-647699a4-72e1-4414-81f5-5d7703471269 048bc0a705fb43e689abc01285a6ab7a 74c14e89ae6c411d89bed8674ce76eec - - default default] Successfully bumped revision number for resource 66c11c42-b6f9-4c8e-a9fa-d270f889b93c (type: security_group_rules) to 0
2026-06-10 10:00:03.363 7 INFO neutron.db.ovn_revision_numbers_db [None req-647699a4-72e1-4414-81f5-5d7703471269 048bc0a705fb43e689abc01285a6ab7a 74c14e89ae6c411d89bed8674ce76eec - - default default] Successfully bumped revision number for resource a43b6bf7-8b4a-4d04-a992-f4e7291e830c (type: security_group_rules) to 0 [pid: 7|app: 0|req: 719/1360] 10.0.0.224 () {32 vars in 774 bytes} [Wed Jun 10 10:00:02 2026] GET /v2.0/security-groups?tenant_id=a6240f95648647b58d6a2b0044ca1c45&name=default => generated 2925 bytes in 753 msecs (HTTP/1.1 200) 4 headers in 158 bytes (1 switches on core 0)
2026-06-10 10:00:03.717 7 WARNING neutron.scheduler.dhcp_agent_scheduler [None req-044422f4-4c6e-4c56-9ba2-3e2756376af4 8df8a066be21402ea96c2f4151696e68 53d0ea8d4dc44dd48732031038af9c87 - - default default] No more DHCP agents
2026-06-10 10:00:03.719 7 WARNING neutron.api.rpc.agentnotifiers.dhcp_rpc_agent_api [None req-044422f4-4c6e-4c56-9ba2-3e2756376af4 8df8a066be21402ea96c2f4151696e68 53d0ea8d4dc44dd48732031038af9c87 - - default default] Unable to schedule network 18f23c55-8a06-42e8-bb72-e80dddd75b5b: no agents available; will retry on subsequent port and subnet creation events. [pid: 8|app: 0|req: 642/1361] 10.0.0.224 () {34 vars in 789 bytes} [Wed Jun 10 10:00:01 2026] PUT /v2.0/routers/0b8d5fd0-ba79-47e4-bffd-7b9cf4359466/remove_router_interface => generated 309 bytes in 1821 msecs (HTTP/1.1 200) 4 headers in 157 bytes (1 switches on core 0) /var/lib/openstack/lib/python3.12/site-packages/pycadf/identifier.py:70: UserWarning: Invalid uuid: neutron. To ensure interoperability, identifiers should be a valid uuid. warnings.warn(('Invalid uuid: %s. To ensure interoperability, ' [pid: 8|app: 0|req: 643/1362] 10.0.0.224 () {32 vars in 717 bytes} [Wed Jun 10 10:00:03 2026] GET /v2.0/ports/6c23d951-e514-4636-ae85-a61db15ec285 => generated 943 bytes in 50 msecs (HTTP/1.1 200) 4 headers in 157 bytes (1 switches on core 0) [pid: 7|app: 0|req: 720/1363] 10.0.0.224 () {34 vars in 676 bytes} [Wed Jun 10 10:00:03 2026] POST /v2.0/floatingips => generated 552 bytes in 695 msecs (HTTP/1.1 201) 4 headers in 162 bytes (1 switches on core 0) [pid: 8|app: 0|req: 644/1364] 10.0.0.224 () {32 vars in 740 bytes} [Wed Jun 10 10:00:03 2026] DELETE /v2.0/security-groups/ba07ee9d-9a03-4c22-987b-ba70a6554019 => generated 0 bytes in 430 msecs (HTTP/1.1 204) 2 headers in 112 bytes (1 switches on core 0)
2026-06-10 10:00:04.517 7 INFO neutron_taas.services.taas.taas_plugin [None req-d08b65ea-c3bd-4faa-a6f7-be8ae65d5e43 048bc0a705fb43e689abc01285a6ab7a 74c14e89ae6c411d89bed8674ce76eec - - default default] TaaS: Handle Delete Port: 10ae067c-6df3-452c-b1e0-2efa45ed1581
2026-06-10 10:00:04.531 7 INFO neutron_taas.services.taas.tap_mirror_plugin [None req-d08b65ea-c3bd-4faa-a6f7-be8ae65d5e43 048bc0a705fb43e689abc01285a6ab7a 74c14e89ae6c411d89bed8674ce76eec - - default default] Tap Mirror: Handle Delete Port: 10ae067c-6df3-452c-b1e0-2efa45ed1581
2026-06-10 10:00:04.587 8 INFO neutron_taas.services.taas.taas_plugin [None req-38702edf-29fc-493b-90e8-e87b10b1f7f4 c2269cf4606543b19f26a6d4dd034a43 724d9789480a4b059c14a4520d3c368c - - default default] TaaS: Handle Delete Port: 6c23d951-e514-4636-ae85-a61db15ec285
2026-06-10 10:00:04.592 8 INFO neutron_taas.services.taas.tap_mirror_plugin [None req-38702edf-29fc-493b-90e8-e87b10b1f7f4 c2269cf4606543b19f26a6d4dd034a43 724d9789480a4b059c14a4520d3c368c - - default default] Tap Mirror: Handle Delete Port: 6c23d951-e514-4636-ae85-a61db15ec285 [pid: 7|app: 0|req: 721/1365] 10.0.0.224 () {32 vars in 724 bytes} [Wed Jun 10 10:00:04 2026] DELETE /v2.0/routers/0b8d5fd0-ba79-47e4-bffd-7b9cf4359466 => generated 0 bytes in 1111 msecs (HTTP/1.1 204) 2 headers in 112 bytes (1 switches on core 0) [pid: 7|app: 0|req: 722/1366] 10.0.0.238 () {34 vars in 1100 bytes} [Wed Jun 10 10:00:05 2026] GET /v2.0/security-groups?name=tempest-securitygroup--1254626260&fields=id&tenant_id=53d0ea8d4dc44dd48732031038af9c87 => generated 69 bytes in 37 msecs (HTTP/1.1 200) 4 headers in 156 bytes (1 switches on core 0) [pid: 8|app: 0|req: 645/1367] 10.0.0.224 () {34 vars in 789 bytes} [Wed Jun 10 10:00:04 2026] PUT /v2.0/routers/ede58e9c-517f-4408-9454-c542631083ee/remove_router_interface => generated 309 bytes in 1059 msecs (HTTP/1.1 200) 4 headers in 157 bytes (1 switches on core 0) /var/lib/openstack/lib/python3.12/site-packages/pycadf/identifier.py:70: UserWarning: Invalid uuid: neutron. To ensure interoperability, identifiers should be a valid uuid. warnings.warn(('Invalid uuid: %s. To ensure interoperability, ' [pid: 8|app: 0|req: 646/1368] 10.0.0.238 () {34 vars in 982 bytes} [Wed Jun 10 10:00:05 2026] GET /v2.0/networks?id=6a93a00f-b08c-486f-8bc3-29bd9a103775 => generated 714 bytes in 76 msecs (HTTP/1.1 200) 4 headers in 157 bytes (1 switches on core 0) [pid: 8|app: 0|req: 647/1369] 10.0.0.224 () {32 vars in 717 bytes} [Wed Jun 10 10:00:05 2026] GET /v2.0/ports/964d8d08-8452-4902-b421-8b473304cd0c => generated 943 bytes in 86 msecs (HTTP/1.1 200) 4 headers in 157 bytes (1 switches on core 0) [pid: 8|app: 0|req: 648/1370] 10.0.0.238 () {34 vars in 965 bytes} [Wed Jun 10 10:00:05 2026] GET /v2.0/quotas/53d0ea8d4dc44dd48732031038af9c87 => generated 292 bytes in 11 msecs (HTTP/1.1 200) 4 headers in 157 bytes (1 switches on core 0) [pid: 7|app: 0|req: 723/1371] 10.0.0.224 () {32 vars in 724 bytes} [Wed Jun 10 10:00:05 2026] DELETE /v2.0/subnets/d2414edf-22b6-4720-9582-b7dd1f658de8 => generated 0 bytes in 245 msecs (HTTP/1.1 204) 3 headers in 131 bytes (1 switches on core 0) [pid: 7|app: 0|req: 724/1372] 10.0.0.238 () {34 vars in 1002 bytes} [Wed Jun 10 10:00:05 2026] GET /v2.0/ports?tenant_id=53d0ea8d4dc44dd48732031038af9c87&fields=id => generated 103 bytes in 87 msecs (HTTP/1.1 200) 4 headers in 157 bytes (1 switches on core 0)
2026-06-10 10:00:05.763 7 INFO neutron_taas.services.taas.taas_plugin [None req-b8d2a5c8-b2cc-4785-9941-cc487ce817a2 048bc0a705fb43e689abc01285a6ab7a 74c14e89ae6c411d89bed8674ce76eec - - default default] TaaS: Handle Delete Port: 83504fc0-138f-4d6d-9176-c2bc2ba972cf
2026-06-10 10:00:05.766 7 INFO neutron_taas.services.taas.tap_mirror_plugin [None req-b8d2a5c8-b2cc-4785-9941-cc487ce817a2 048bc0a705fb43e689abc01285a6ab7a 74c14e89ae6c411d89bed8674ce76eec - - default default] Tap Mirror: Handle Delete Port: 83504fc0-138f-4d6d-9176-c2bc2ba972cf
2026-06-10 10:00:05.794 8 INFO neutron_taas.services.taas.taas_plugin [None req-650e1e1d-3ec6-4235-9cf4-2036ab39a06e c2269cf4606543b19f26a6d4dd034a43 724d9789480a4b059c14a4520d3c368c - - default default] TaaS: Handle Delete Port: 964d8d08-8452-4902-b421-8b473304cd0c
2026-06-10 10:00:05.798 8 INFO neutron_taas.services.taas.tap_mirror_plugin [None req-650e1e1d-3ec6-4235-9cf4-2036ab39a06e c2269cf4606543b19f26a6d4dd034a43 724d9789480a4b059c14a4520d3c368c - - default default] Tap Mirror: Handle Delete Port: 964d8d08-8452-4902-b421-8b473304cd0c
2026-06-10 10:00:05.991 7 INFO neutron.services.segments.plugin [-] Segment 513c5b07-d992-4dd4-9acb-de139c42cfad resource provider aggregate not found
2026-06-10 10:00:05.997 7 INFO neutron.services.segments.plugin [-] Segment 513c5b07-d992-4dd4-9acb-de139c42cfad resource provider aggregate not found
2026-06-10 10:00:06.006 7 INFO neutron.services.segments.plugin [-] Segment 513c5b07-d992-4dd4-9acb-de139c42cfad resource provider not found; error: Placement Client Error (4xx): {"errors": [{"status": 404, "title": "Not Found", "detail": "The resource could not be found.\n\n No resource provider with uuid 513c5b07-d992-4dd4-9acb-de139c42cfad found for delete ", "request_id": "req-197331af-66c3-41d1-b531-9b2ef4a22de9"}]}
2026-06-10 10:00:06.016 7 INFO neutron.services.segments.plugin [-] Segment 513c5b07-d992-4dd4-9acb-de139c42cfad resource provider not found; error: Placement Client Error (4xx): {"errors": [{"status": 404, "title": "Not Found", "detail": "The resource could not be found.\n\n No resource provider with uuid 513c5b07-d992-4dd4-9acb-de139c42cfad found for delete ", "request_id": "req-ff11b017-ec1b-4ded-aa12-9ca07820b0f7"}]} [pid: 7|app: 0|req: 725/1373] 10.0.0.224 () {32 vars in 726 bytes} [Wed Jun 10 10:00:05 2026] DELETE /v2.0/networks/4d455298-b202-47cd-a833-ead44719a5f7 => generated 0 bytes in 477 msecs (HTTP/1.1 204) 3 headers in 131 bytes (1 switches on core 0) [pid: 7|app: 0|req: 726/1374] 10.0.0.238 () {34 vars in 907 bytes} [Wed Jun 10 10:00:06 2026] GET /v2.0/extensions => generated 20541 bytes in 156 msecs (HTTP/1.1 200) 4 headers in 159 bytes (1 switches on core 0) [pid: 7|app: 0|req: 727/1375] 10.0.0.238 () {34 vars in 1008 bytes} [Wed Jun 10 10:00:06 2026] GET /v2.0/networks/6a93a00f-b08c-486f-8bc3-29bd9a103775?fields=segments => generated 14 bytes in 42 msecs (HTTP/1.1 200) 4 headers in 156 bytes (1 switches on core 0) [pid: 8|app: 0|req: 649/1376] 10.0.0.224 () {34 vars in 789 bytes} [Wed Jun 10 10:00:05 2026] PUT /v2.0/routers/ede58e9c-517f-4408-9454-c542631083ee/remove_router_interface => generated 309 bytes in 901 msecs (HTTP/1.1 200) 4 headers in 157 bytes (1 switches on core 0) /var/lib/openstack/lib/python3.12/site-packages/pycadf/identifier.py:70: UserWarning: Invalid uuid: neutron. To ensure interoperability, identifiers should be a valid uuid. warnings.warn(('Invalid uuid: %s. To ensure interoperability, ' [pid: 8|app: 0|req: 650/1377] 10.0.0.238 () {34 vars in 1108 bytes} [Wed Jun 10 10:00:06 2026] GET /v2.0/networks/6a93a00f-b08c-486f-8bc3-29bd9a103775?fields=provider%3Aphysical_network&fields=provider%3Anetwork_type => generated 79 bytes in 40 msecs (HTTP/1.1 200) 4 headers in 156 bytes (1 switches on core 0) [pid: 8|app: 0|req: 651/1378] 10.0.0.224 () {32 vars in 774 bytes} [Wed Jun 10 10:00:06 2026] GET /v2.0/security-groups?tenant_id=c973a0a8fd7544528bce7aa5535a3c84&name=default => generated 2925 bytes in 33 msecs (HTTP/1.1 200) 4 headers in 158 bytes (1 switches on core 0) [pid: 8|app: 0|req: 652/1379] 10.0.0.224 () {32 vars in 736 bytes} [Wed Jun 10 10:00:06 2026] GET /v2.0/ports?device_id=ede58e9c-517f-4408-9454-c542631083ee => generated 12 bytes in 19 msecs (HTTP/1.1 200) 4 headers in 156 bytes (1 switches on core 0)
2026-06-10 10:00:06.700 7 INFO neutron.db.ovn_revision_numbers_db [None req-2ca92816-dec3-41a1-92d7-5a89d542ea79 05229b21adbf46a28bce33df2dc0e6c4 317ee6b70d1049a893db6a3e14e6bcb0 - - default default] Successfully bumped revision number for resource 0f4fe6b8-38f4-4aed-9a39-e65ddfd143a1 (type: security_groups) to 1
2026-06-10 10:00:06.726 7 INFO neutron.db.ovn_revision_numbers_db [None req-2ca92816-dec3-41a1-92d7-5a89d542ea79 05229b21adbf46a28bce33df2dc0e6c4 317ee6b70d1049a893db6a3e14e6bcb0 - - default default] Successfully bumped revision number for resource aad9e93d-e943-4cac-8729-f658d928a29b (type: security_group_rules) to 0
2026-06-10 10:00:06.745 7 INFO neutron.db.ovn_revision_numbers_db [None req-2ca92816-dec3-41a1-92d7-5a89d542ea79 05229b21adbf46a28bce33df2dc0e6c4 317ee6b70d1049a893db6a3e14e6bcb0 - - default default] Successfully bumped revision number for resource b0504c4e-2cf1-42f0-9746-53c672c87dcf (type: security_group_rules) to 0
2026-06-10 10:00:06.762 7 INFO neutron.db.ovn_revision_numbers_db [None req-2ca92816-dec3-41a1-92d7-5a89d542ea79 05229b21adbf46a28bce33df2dc0e6c4 317ee6b70d1049a893db6a3e14e6bcb0 - - default default] Successfully bumped revision number for resource b3555f34-c46f-4463-aff8-c5267f936a26 (type: security_group_rules) to 0
2026-06-10 10:00:06.773 7 INFO neutron.db.ovn_revision_numbers_db [None req-2ca92816-dec3-41a1-92d7-5a89d542ea79 05229b21adbf46a28bce33df2dc0e6c4 317ee6b70d1049a893db6a3e14e6bcb0 - - default default] Successfully bumped revision number for resource d57f97ec-a42b-4bad-8b24-438464a9812f (type: security_group_rules) to 0
2026-06-10 10:00:06.880 7 INFO neutron.db.segments_db [None req-2ca92816-dec3-41a1-92d7-5a89d542ea79 05229b21adbf46a28bce33df2dc0e6c4 317ee6b70d1049a893db6a3e14e6bcb0 - - default default] Added segment 912b005f-8ef2-4cb3-9723-7327ada9c8b0 of type geneve for network 1e93e29b-cb15-4351-b8e1-b4562352d337 [pid: 8|app: 0|req: 653/1380] 10.0.0.224 () {32 vars in 740 bytes} [Wed Jun 10 10:00:06 2026] DELETE /v2.0/security-groups/30e7ef47-9270-4f5b-a100-a92a0426d64c => generated 0 bytes in 415 msecs (HTTP/1.1 204) 2 headers in 112 bytes (1 switches on core 0)
2026-06-10 10:00:07.016 7 INFO neutron.db.ovn_revision_numbers_db [None req-2ca92816-dec3-41a1-92d7-5a89d542ea79 05229b21adbf46a28bce33df2dc0e6c4 317ee6b70d1049a893db6a3e14e6bcb0 - - default default] Successfully bumped revision number for resource 1e93e29b-cb15-4351-b8e1-b4562352d337 (type: networks) to 1 [pid: 8|app: 0|req: 654/1381] 10.0.0.224 () {32 vars in 724 bytes} [Wed Jun 10 10:00:06 2026] DELETE /v2.0/routers/ede58e9c-517f-4408-9454-c542631083ee => generated 0 bytes in 279 msecs (HTTP/1.1 204) 2 headers in 112 bytes (1 switches on core 0) [pid: 8|app: 0|req: 655/1382] 10.0.0.238 () {34 vars in 990 bytes} [Wed Jun 10 10:00:07 2026] GET /v2.0/ports?device_id=a353e16d-1e68-4e59-9adc-4d89fff6a1cc => generated 12 bytes in 31 msecs (HTTP/1.1 200) 4 headers in 156 bytes (1 switches on core 0)
2026-06-10 10:00:07.209 7 WARNING neutron.scheduler.dhcp_agent_scheduler [None req-2ca92816-dec3-41a1-92d7-5a89d542ea79 05229b21adbf46a28bce33df2dc0e6c4 317ee6b70d1049a893db6a3e14e6bcb0 - - default default] No more DHCP agents
2026-06-10 10:00:07.210 7 WARNING neutron.api.rpc.agentnotifiers.dhcp_rpc_agent_api [None req-2ca92816-dec3-41a1-92d7-5a89d542ea79 05229b21adbf46a28bce33df2dc0e6c4 317ee6b70d1049a893db6a3e14e6bcb0 - - default default] Unable to schedule network 1e93e29b-cb15-4351-b8e1-b4562352d337: no agents available; will retry on subsequent port and subnet creation events.
2026-06-10 10:00:07.433 7 INFO neutron.db.ovn_revision_numbers_db [None req-2ca92816-dec3-41a1-92d7-5a89d542ea79 05229b21adbf46a28bce33df2dc0e6c4 317ee6b70d1049a893db6a3e14e6bcb0 - - default default] Successfully bumped revision number for resource 5d105d91-7f56-404d-977e-2ce1313685a1 (type: ports) to 1 [pid: 7|app: 0|req: 728/1383] 10.0.0.224 () {34 vars in 670 bytes} [Wed Jun 10 10:00:06 2026] POST /v2.0/networks => generated 669 bytes in 1200 msecs (HTTP/1.1 201) 4 headers in 162 bytes (1 switches on core 0) [pid: 8|app: 0|req: 656/1384] 10.0.0.224 () {32 vars in 724 bytes} [Wed Jun 10 10:00:07 2026] DELETE /v2.0/subnets/b75b5ac5-36d0-4362-a2f9-da36d605bc7e => generated 0 bytes in 328 msecs (HTTP/1.1 204) 3 headers in 131 bytes (1 switches on core 0)
2026-06-10 10:00:07.712 7 WARNING neutron.scheduler.dhcp_agent_scheduler [None req-5025bb2b-536f-40bc-8c1b-99b8e962b82b 05229b21adbf46a28bce33df2dc0e6c4 317ee6b70d1049a893db6a3e14e6bcb0 - - default default] No more DHCP agents [pid: 8|app: 0|req: 657/1385] 10.0.0.224 () {32 vars in 724 bytes} [Wed Jun 10 10:00:07 2026] DELETE /v2.0/subnets/a755819e-df50-4fd4-8e5f-ddb5ee698fd4 => generated 0 bytes in 173 msecs (HTTP/1.1 204) 3 headers in 131 bytes (1 switches on core 0)
2026-06-10 10:00:07.717 7 WARNING neutron.api.rpc.agentnotifiers.dhcp_rpc_agent_api [None req-5025bb2b-536f-40bc-8c1b-99b8e962b82b 05229b21adbf46a28bce33df2dc0e6c4 317ee6b70d1049a893db6a3e14e6bcb0 - - default default] Unable to schedule network 1e93e29b-cb15-4351-b8e1-b4562352d337: no agents available; will retry on subsequent port and subnet creation events.
2026-06-10 10:00:07.743 7 INFO neutron.db.ovn_revision_numbers_db [None req-5025bb2b-536f-40bc-8c1b-99b8e962b82b 05229b21adbf46a28bce33df2dc0e6c4 317ee6b70d1049a893db6a3e14e6bcb0 - - default default] Successfully bumped revision number for resource ad12c116-2e4f-4023-9d0d-70ead20dcdf2 (type: subnets) to 0 [pid: 7|app: 0|req: 729/1386] 10.0.0.224 () {34 vars in 669 bytes} [Wed Jun 10 10:00:07 2026] POST /v2.0/subnets => generated 627 bytes in 286 msecs (HTTP/1.1 201) 4 headers in 162 bytes (1 switches on core 0)
2026-06-10 10:00:07.858 8 INFO neutron_taas.services.taas.taas_plugin [None req-04da6346-debd-4925-a5cf-ea7c12d4406b c2269cf4606543b19f26a6d4dd034a43 724d9789480a4b059c14a4520d3c368c - - default default] TaaS: Handle Delete Port: a4185b27-e562-4673-a463-f647ef9d0e11
2026-06-10 10:00:07.865 8 INFO neutron_taas.services.taas.tap_mirror_plugin [None req-04da6346-debd-4925-a5cf-ea7c12d4406b c2269cf4606543b19f26a6d4dd034a43 724d9789480a4b059c14a4520d3c368c - - default default] Tap Mirror: Handle Delete Port: a4185b27-e562-4673-a463-f647ef9d0e11
2026-06-10 10:00:08.139 8 INFO neutron.services.segments.plugin [-] Segment 91098dcc-9701-4d5a-9863-62db28ce6dfd resource provider aggregate not found
2026-06-10 10:00:08.146 8 INFO neutron.services.segments.plugin [-] Segment 91098dcc-9701-4d5a-9863-62db28ce6dfd resource provider aggregate not found
2026-06-10 10:00:08.163 8 INFO neutron.services.segments.plugin [-] Segment 91098dcc-9701-4d5a-9863-62db28ce6dfd resource provider not found; error: Placement Client Error (4xx): {"errors": [{"status": 404, "title": "Not Found", "detail": "The resource could not be found.\n\n No resource provider with uuid 91098dcc-9701-4d5a-9863-62db28ce6dfd found for delete ", "request_id": "req-60a536f1-8d4e-46c7-b79d-8f7ff0dd23bc"}]}
2026-06-10 10:00:08.165 8 INFO neutron.services.segments.plugin [-] Segment 91098dcc-9701-4d5a-9863-62db28ce6dfd resource provider not found; error: Placement Client Error (4xx): {"errors": [{"status": 404, "title": "Not Found", "detail": "The resource could not be found.\n\n No resource provider with uuid 91098dcc-9701-4d5a-9863-62db28ce6dfd found for delete ", "request_id": "req-081bb39d-711a-48dd-9f4f-6f85a00307b7"}]} [pid: 8|app: 0|req: 658/1387] 10.0.0.224 () {32 vars in 726 bytes} [Wed Jun 10 10:00:07 2026] DELETE /v2.0/networks/ce03e2e6-7368-4cac-b883-fd7e0d917cfb => generated 0 bytes in 509 msecs (HTTP/1.1 204) 3 headers in 131 bytes (1 switches on core 0)
2026-06-10 10:00:08.272 7 WARNING neutron.scheduler.dhcp_agent_scheduler [None req-b6a662ff-20c5-4fed-bcd0-c3cd9fd69f3a 05229b21adbf46a28bce33df2dc0e6c4 317ee6b70d1049a893db6a3e14e6bcb0 - - default default] No more DHCP agents
2026-06-10 10:00:08.273 7 WARNING neutron.api.rpc.agentnotifiers.dhcp_rpc_agent_api [None req-b6a662ff-20c5-4fed-bcd0-c3cd9fd69f3a 05229b21adbf46a28bce33df2dc0e6c4 317ee6b70d1049a893db6a3e14e6bcb0 - - default default] Unable to schedule network 18f23c55-8a06-42e8-bb72-e80dddd75b5b: no agents available; will retry on subsequent port and subnet creation events.
2026-06-10 10:00:08.322 8 WARNING neutron.plugins.ml2.drivers.ovn.mech_driver.ovsdb.ovn_client [None req-4c109e4d-91d4-41d6-b4c4-984191d4d3c5 - - - - - -] No port found with ID 6c23d951-e514-4636-ae85-a61db15ec285: RuntimeError: No port found with ID 6c23d951-e514-4636-ae85-a61db15ec285
2026-06-10 10:00:08.345 8 INFO neutron.plugins.ml2.drivers.ovn.mech_driver.mech_driver [None req-4c109e4d-91d4-41d6-b4c4-984191d4d3c5 - - - - - -] OVN reports status down for port: a5cdd767-2029-4c1e-8e05-ae4446c9b1c4
2026-06-10 10:00:08.516 7 INFO neutron.db.ovn_revision_numbers_db [None req-b6a662ff-20c5-4fed-bcd0-c3cd9fd69f3a 05229b21adbf46a28bce33df2dc0e6c4 317ee6b70d1049a893db6a3e14e6bcb0 - - default default] Successfully bumped revision number for resource dfbf67e2-b3ef-4385-9362-87e05c8ea17c (type: ports) to 1
2026-06-10 10:00:08.568 8 WARNING neutron.plugins.ml2.drivers.ovn.mech_driver.ovsdb.ovn_client [None req-4c109e4d-91d4-41d6-b4c4-984191d4d3c5 - - - - - -] Logical_Switch_Port %s host information not removed, the port state is up
2026-06-10 10:00:08.569 8 INFO neutron.plugins.ml2.drivers.ovn.mech_driver.mech_driver [None req-4c109e4d-91d4-41d6-b4c4-984191d4d3c5 - - - - - -] OVN reports status up for port: a5cdd767-2029-4c1e-8e05-ae4446c9b1c4
2026-06-10 10:00:08.577 8 INFO neutron_taas.services.taas.taas_plugin [None req-6c03ac16-ef8f-43af-b2ea-ed8a84cba491 c2269cf4606543b19f26a6d4dd034a43 724d9789480a4b059c14a4520d3c368c - - default default] TaaS: Handle Delete Port: e86ae0f2-09da-4e50-b392-3054df9a3cda
2026-06-10 10:00:08.582 8 INFO neutron_taas.services.taas.tap_mirror_plugin [None req-6c03ac16-ef8f-43af-b2ea-ed8a84cba491 c2269cf4606543b19f26a6d4dd034a43 724d9789480a4b059c14a4520d3c368c - - default default] Tap Mirror: Handle Delete Port: e86ae0f2-09da-4e50-b392-3054df9a3cda
2026-06-10 10:00:08.597 8 INFO neutron.plugins.ml2.plugin [None req-4c109e4d-91d4-41d6-b4c4-984191d4d3c5 - - - - - -] Attempt 1 to provision port a5cdd767-2029-4c1e-8e05-ae4446c9b1c4 [pid: 8|app: 0|req: 659/1388] 10.0.0.224 () {32 vars in 726 bytes} [Wed Jun 10 10:00:08 2026] DELETE /v2.0/networks/a29dd02b-2e23-4451-ae7e-35991bf55cc1 => generated 0 bytes in 841 msecs (HTTP/1.1 204) 3 headers in 131 bytes (1 switches on core 0) [pid: 8|app: 0|req: 660/1389] 10.0.0.238 () {34 vars in 990 bytes} [Wed Jun 10 10:00:09 2026] GET /v2.0/ports?device_id=a353e16d-1e68-4e59-9adc-4d89fff6a1cc => generated 12 bytes in 46 msecs (HTTP/1.1 200) 4 headers in 156 bytes (1 switches on core 0)
2026-06-10 10:00:09.329 8 INFO neutron.db.ovn_revision_numbers_db [None req-4c109e4d-91d4-41d6-b4c4-984191d4d3c5 - - - - - -] Successfully bumped revision number for resource a5cdd767-2029-4c1e-8e05-ae4446c9b1c4 (type: ports) to 2
2026-06-10 10:00:09.370 7 INFO neutron.plugins.ml2.drivers.ovn.mech_driver.ovsdb.commands [-] Schedule LRP lrp-dfbf67e2-b3ef-4385-9362-87e05c8ea17c on gateway 8c29d616-7501-49d8-93d6-b52255fee8cd with priority 1
2026-06-10 10:00:09.512 7 INFO neutron.db.ovn_revision_numbers_db [None req-b6a662ff-20c5-4fed-bcd0-c3cd9fd69f3a 05229b21adbf46a28bce33df2dc0e6c4 317ee6b70d1049a893db6a3e14e6bcb0 - - default default] Successfully bumped revision number for resource dfbf67e2-b3ef-4385-9362-87e05c8ea17c (type: router_ports) to 1
2026-06-10 10:00:09.649 7 INFO neutron.db.ovn_revision_numbers_db [None req-b6a662ff-20c5-4fed-bcd0-c3cd9fd69f3a 05229b21adbf46a28bce33df2dc0e6c4 317ee6b70d1049a893db6a3e14e6bcb0 - - default default] Successfully bumped revision number for resource fc6aa55e-19d9-47fe-bca4-23dabc7e040e (type: routers) to 2 [pid: 7|app: 0|req: 730/1390] 10.0.0.224 () {34 vars in 669 bytes} [Wed Jun 10 10:00:07 2026] POST /v2.0/routers => generated 955 bytes in 1922 msecs (HTTP/1.1 201) 4 headers in 162 bytes (1 switches on core 0)
2026-06-10 10:00:09.797 8 INFO neutron.db.ovn_revision_numbers_db [None req-f94f021e-9687-4b86-bebc-770214ceae4c 048bc0a705fb43e689abc01285a6ab7a 74c14e89ae6c411d89bed8674ce76eec - - default default] Successfully bumped revision number for resource d24ce11c-3b85-405e-822c-4633cef304c7 (type: security_groups) to 1
2026-06-10 10:00:09.813 8 INFO neutron.db.ovn_revision_numbers_db [None req-f94f021e-9687-4b86-bebc-770214ceae4c 048bc0a705fb43e689abc01285a6ab7a 74c14e89ae6c411d89bed8674ce76eec - - default default] Successfully bumped revision number for resource 37ea68de-69e9-4001-b05d-f1e7b45dc524 (type: security_group_rules) to 0
2026-06-10 10:00:09.816 7 INFO neutron.db.segments_db [None req-b295b9a8-b74f-4b8e-8131-87681f75134a c2269cf4606543b19f26a6d4dd034a43 724d9789480a4b059c14a4520d3c368c - - default default] Added segment 23d49062-fd1e-4969-b859-21061ae1765b of type geneve for network 5621c622-470f-4052-a646-e23b616456c2
2026-06-10 10:00:09.826 8 INFO neutron.db.ovn_revision_numbers_db [None req-f94f021e-9687-4b86-bebc-770214ceae4c 048bc0a705fb43e689abc01285a6ab7a 74c14e89ae6c411d89bed8674ce76eec - - default default] Successfully bumped revision number for resource 3915a0c3-3aec-4571-9a08-1005f5dbece8 (type: security_group_rules) to 0
2026-06-10 10:00:09.840 8 INFO neutron.db.ovn_revision_numbers_db [None req-f94f021e-9687-4b86-bebc-770214ceae4c 048bc0a705fb43e689abc01285a6ab7a 74c14e89ae6c411d89bed8674ce76eec - - default default] Successfully bumped revision number for resource 80d08aa9-ada2-40ae-a6db-af2b556e9e87 (type: security_group_rules) to 0
2026-06-10 10:00:09.858 8 INFO neutron.db.ovn_revision_numbers_db [None req-f94f021e-9687-4b86-bebc-770214ceae4c 048bc0a705fb43e689abc01285a6ab7a 74c14e89ae6c411d89bed8674ce76eec - - default default] Successfully bumped revision number for resource ad5d76f4-d4d8-48c3-8948-816f6039078c (type: security_group_rules) to 0
2026-06-10 10:00:09.948 8 INFO neutron.db.segments_db [None req-f94f021e-9687-4b86-bebc-770214ceae4c 048bc0a705fb43e689abc01285a6ab7a 74c14e89ae6c411d89bed8674ce76eec - - default default] Added segment d6316780-3fcd-4bb3-bea5-525ea260c3a9 of type geneve for network e1430c40-de4e-4cf7-aa21-971e939cb689
2026-06-10 10:00:09.984 7 INFO neutron.db.ovn_revision_numbers_db [None req-b295b9a8-b74f-4b8e-8131-87681f75134a c2269cf4606543b19f26a6d4dd034a43 724d9789480a4b059c14a4520d3c368c - - default default] Successfully bumped revision number for resource 5621c622-470f-4052-a646-e23b616456c2 (type: networks) to 1
2026-06-10 10:00:10.179 8 INFO neutron.db.ovn_revision_numbers_db [None req-f94f021e-9687-4b86-bebc-770214ceae4c 048bc0a705fb43e689abc01285a6ab7a 74c14e89ae6c411d89bed8674ce76eec - - default default] Successfully bumped revision number for resource e1430c40-de4e-4cf7-aa21-971e939cb689 (type: networks) to 1
2026-06-10 10:00:10.192 8 INFO neutron.services.segments.plugin [-] Segment 08aad793-1700-4120-8558-28f13709f45e resource provider aggregate not found
2026-06-10 10:00:10.196 8 INFO neutron.services.segments.plugin [-] Segment 08aad793-1700-4120-8558-28f13709f45e resource provider aggregate not found
2026-06-10 10:00:10.216 8 INFO neutron.services.segments.plugin [-] Segment 08aad793-1700-4120-8558-28f13709f45e resource provider not found; error: Placement Client Error (4xx): {"errors": [{"status": 404, "title": "Not Found", "detail": "The resource could not be found.\n\n No resource provider with uuid 08aad793-1700-4120-8558-28f13709f45e found for delete ", "request_id": "req-798b24a5-e187-416f-a4b5-0ccc53a2c0db"}]}
2026-06-10 10:00:10.216 8 INFO neutron.services.segments.plugin [-] Segment 08aad793-1700-4120-8558-28f13709f45e resource provider not found; error: Placement Client Error (4xx): {"errors": [{"status": 404, "title": "Not Found", "detail": "The resource could not be found.\n\n No resource provider with uuid 08aad793-1700-4120-8558-28f13709f45e found for delete ", "request_id": "req-9c02e64a-67e9-417b-81bc-5beaf67f741b"}]}
2026-06-10 10:00:10.248 7 WARNING neutron.scheduler.dhcp_agent_scheduler [None req-b295b9a8-b74f-4b8e-8131-87681f75134a c2269cf4606543b19f26a6d4dd034a43 724d9789480a4b059c14a4520d3c368c - - default default] No more DHCP agents
2026-06-10 10:00:10.249 7 WARNING neutron.api.rpc.agentnotifiers.dhcp_rpc_agent_api [None req-b295b9a8-b74f-4b8e-8131-87681f75134a c2269cf4606543b19f26a6d4dd034a43 724d9789480a4b059c14a4520d3c368c - - default default] Unable to schedule network 5621c622-470f-4052-a646-e23b616456c2: no agents available; will retry on subsequent port and subnet creation events.
2026-06-10 10:00:10.405 8 WARNING neutron.scheduler.dhcp_agent_scheduler [None req-f94f021e-9687-4b86-bebc-770214ceae4c 048bc0a705fb43e689abc01285a6ab7a 74c14e89ae6c411d89bed8674ce76eec - - default default] No more DHCP agents
2026-06-10 10:00:10.406 8 WARNING neutron.api.rpc.agentnotifiers.dhcp_rpc_agent_api [None req-f94f021e-9687-4b86-bebc-770214ceae4c 048bc0a705fb43e689abc01285a6ab7a 74c14e89ae6c411d89bed8674ce76eec - - default default] Unable to schedule network e1430c40-de4e-4cf7-aa21-971e939cb689: no agents available; will retry on subsequent port and subnet creation events.
2026-06-10 10:00:10.412 7 INFO neutron.db.ovn_revision_numbers_db [None req-b295b9a8-b74f-4b8e-8131-87681f75134a c2269cf4606543b19f26a6d4dd034a43 724d9789480a4b059c14a4520d3c368c - - default default] Successfully bumped revision number for resource 37b4954d-a103-4ab8-a772-8330e51e0acb (type: ports) to 1 [pid: 7|app: 0|req: 731/1391] 10.0.0.224 () {34 vars in 670 bytes} [Wed Jun 10 10:00:09 2026] POST /v2.0/networks => generated 648 bytes in 793 msecs (HTTP/1.1 201) 4 headers in 162 bytes (1 switches on core 0)
2026-06-10 10:00:10.573 8 INFO neutron.db.ovn_revision_numbers_db [None req-f94f021e-9687-4b86-bebc-770214ceae4c 048bc0a705fb43e689abc01285a6ab7a 74c14e89ae6c411d89bed8674ce76eec - - default default] Successfully bumped revision number for resource 92263ec8-5268-4f05-a353-f7c1001cdf26 (type: ports) to 1 [pid: 8|app: 0|req: 661/1392] 10.0.0.224 () {34 vars in 671 bytes} [Wed Jun 10 10:00:09 2026] POST /v2.0/networks => generated 768 bytes in 1471 msecs (HTTP/1.1 201) 4 headers in 162 bytes (1 switches on core 0) [pid: 8|app: 0|req: 662/1393] 10.0.0.238 () {34 vars in 990 bytes} [Wed Jun 10 10:00:10 2026] GET /v2.0/ports?device_id=a353e16d-1e68-4e59-9adc-4d89fff6a1cc => generated 12 bytes in 39 msecs (HTTP/1.1 200) 4 headers in 156 bytes (1 switches on core 0)
2026-06-10 10:00:10.870 8 WARNING neutron.scheduler.dhcp_agent_scheduler [None req-de806d8b-0646-4f0a-a49e-e4686f418c3c c2269cf4606543b19f26a6d4dd034a43 724d9789480a4b059c14a4520d3c368c - - default default] No more DHCP agents
2026-06-10 10:00:10.877 8 WARNING neutron.api.rpc.agentnotifiers.dhcp_rpc_agent_api [None req-de806d8b-0646-4f0a-a49e-e4686f418c3c c2269cf4606543b19f26a6d4dd034a43 724d9789480a4b059c14a4520d3c368c - - default default] Unable to schedule network 5621c622-470f-4052-a646-e23b616456c2: no agents available; will retry on subsequent port and subnet creation events.
2026-06-10 10:00:11.137 7 WARNING neutron.scheduler.dhcp_agent_scheduler [None req-fb234a60-f49d-4969-a90e-a4f98324b71d 05229b21adbf46a28bce33df2dc0e6c4 317ee6b70d1049a893db6a3e14e6bcb0 - - default default] No more DHCP agents
2026-06-10 10:00:11.138 7 WARNING neutron.api.rpc.agentnotifiers.dhcp_rpc_agent_api [None req-fb234a60-f49d-4969-a90e-a4f98324b71d 05229b21adbf46a28bce33df2dc0e6c4 317ee6b70d1049a893db6a3e14e6bcb0 - - default default] Unable to schedule network 1e93e29b-cb15-4351-b8e1-b4562352d337: no agents available; will retry on subsequent port and subnet creation events.
2026-06-10 10:00:11.348 7 INFO neutron.db.ovn_revision_numbers_db [None req-fb234a60-f49d-4969-a90e-a4f98324b71d 05229b21adbf46a28bce33df2dc0e6c4 317ee6b70d1049a893db6a3e14e6bcb0 - - default default] Successfully bumped revision number for resource 37050acd-76fc-4d0c-8313-b2201f89ea53 (type: ports) to 1
2026-06-10 10:00:11.594 8 INFO neutron.db.ovn_revision_numbers_db [None req-61349be6-5a07-4f10-b693-a33307033a40 - - - - - -] Successfully bumped revision number for resource 37b4954d-a103-4ab8-a772-8330e51e0acb (type: ports) to 2
2026-06-10 10:00:11.620 8 INFO neutron.db.ovn_revision_numbers_db [None req-61349be6-5a07-4f10-b693-a33307033a40 - - - - - -] Successfully bumped revision number for resource 1e9dea60-7725-4521-a4f6-01adb477122d (type: subnets) to 0 [pid: 8|app: 0|req: 663/1394] 10.0.0.224 () {34 vars in 669 bytes} [Wed Jun 10 10:00:10 2026] POST /v2.0/subnets => generated 626 bytes in 997 msecs (HTTP/1.1 201) 4 headers in 162 bytes (1 switches on core 0)
2026-06-10 10:00:11.818 8 WARNING neutron.scheduler.dhcp_agent_scheduler [None req-484a8214-28ea-4b3e-91dd-ceee36bec47d 048bc0a705fb43e689abc01285a6ab7a 74c14e89ae6c411d89bed8674ce76eec - - default default] No more DHCP agents
2026-06-10 10:00:11.820 8 WARNING neutron.api.rpc.agentnotifiers.dhcp_rpc_agent_api [None req-484a8214-28ea-4b3e-91dd-ceee36bec47d 048bc0a705fb43e689abc01285a6ab7a 74c14e89ae6c411d89bed8674ce76eec - - default default] Unable to schedule network e1430c40-de4e-4cf7-aa21-971e939cb689: no agents available; will retry on subsequent port and subnet creation events.
2026-06-10 10:00:12.350 7 WARNING neutron.scheduler.dhcp_agent_scheduler [None req-fb234a60-f49d-4969-a90e-a4f98324b71d 05229b21adbf46a28bce33df2dc0e6c4 317ee6b70d1049a893db6a3e14e6bcb0 - - default default] No more DHCP agents
2026-06-10 10:00:12.352 7 WARNING neutron.api.rpc.agentnotifiers.dhcp_rpc_agent_api [None req-fb234a60-f49d-4969-a90e-a4f98324b71d 05229b21adbf46a28bce33df2dc0e6c4 317ee6b70d1049a893db6a3e14e6bcb0 - - default default] Unable to schedule network 1e93e29b-cb15-4351-b8e1-b4562352d337: no agents available; will retry on subsequent port and subnet creation events.
2026-06-10 10:00:13.052 8 INFO neutron.db.ovn_revision_numbers_db [None req-5e101125-dbc5-4ea4-822a-0439869e1a8d - - - - - -] Successfully bumped revision number for resource 92263ec8-5268-4f05-a353-f7c1001cdf26 (type: ports) to 2
2026-06-10 10:00:13.177 7 INFO neutron.db.ovn_revision_numbers_db [None req-fb234a60-f49d-4969-a90e-a4f98324b71d 05229b21adbf46a28bce33df2dc0e6c4 317ee6b70d1049a893db6a3e14e6bcb0 - - default default] Successfully bumped revision number for resource 37050acd-76fc-4d0c-8313-b2201f89ea53 (type: router_ports) to 1 [pid: 7|app: 0|req: 732/1395] 10.0.0.224 () {34 vars in 783 bytes} [Wed Jun 10 10:00:10 2026] PUT /v2.0/routers/fc6aa55e-19d9-47fe-bca4-23dabc7e040e/add_router_interface => generated 309 bytes in 2700 msecs (HTTP/1.1 200) 4 headers in 157 bytes (1 switches on core 0) [pid: 7|app: 0|req: 733/1396] 199.204.45.23 () {34 vars in 985 bytes} [Wed Jun 10 10:00:13 2026] GET /v2.0/networks?id=6a93a00f-b08c-486f-8bc3-29bd9a103775 => generated 714 bytes in 53 msecs (HTTP/1.1 200) 4 headers in 157 bytes (1 switches on core 0)
2026-06-10 10:00:13.250 8 INFO neutron.db.ovn_revision_numbers_db [None req-5e101125-dbc5-4ea4-822a-0439869e1a8d - - - - - -] Successfully bumped revision number for resource 027cf5ff-7164-410a-b6ba-1928d7d73a1d (type: subnets) to 0 [pid: 8|app: 0|req: 664/1397] 10.0.0.224 () {34 vars in 669 bytes} [Wed Jun 10 10:00:11 2026] POST /v2.0/subnets => generated 693 bytes in 1846 msecs (HTTP/1.1 201) 4 headers in 162 bytes (1 switches on core 0) [pid: 8|app: 0|req: 665/1398] 10.0.0.238 () {34 vars in 990 bytes} [Wed Jun 10 10:00:13 2026] GET /v2.0/ports?device_id=a353e16d-1e68-4e59-9adc-4d89fff6a1cc => generated 12 bytes in 29 msecs (HTTP/1.1 200) 4 headers in 156 bytes (1 switches on core 0)
2026-06-10 10:00:13.702 7 INFO neutron.db.ovn_revision_numbers_db [None req-fa9c6acb-a38f-4989-ba5b-03e2dcd86a82 c2269cf4606543b19f26a6d4dd034a43 724d9789480a4b059c14a4520d3c368c - - default default] Successfully bumped revision number for resource 8c23c145-8aab-4e65-9d5f-ed2b58b67776 (type: routers) to 1 [pid: 7|app: 0|req: 734/1399] 10.0.0.224 () {34 vars in 669 bytes} [Wed Jun 10 10:00:13 2026] POST /v2.0/routers => generated 602 bytes in 546 msecs (HTTP/1.1 201) 4 headers in 162 bytes (1 switches on core 0) [pid: 7|app: 0|req: 735/1400] 199.204.45.23 () {34 vars in 1049 bytes} [Wed Jun 10 10:00:13 2026] GET /v2.0/security-groups?fields=id&fields=name&tenant_id=53d0ea8d4dc44dd48732031038af9c87 => generated 181 bytes in 40 msecs (HTTP/1.1 200) 4 headers in 157 bytes (1 switches on core 0)
2026-06-10 10:00:14.116 8 WARNING neutron.scheduler.dhcp_agent_scheduler [None req-e99c2483-42f5-4c7e-aca9-6a03402c2a45 05229b21adbf46a28bce33df2dc0e6c4 317ee6b70d1049a893db6a3e14e6bcb0 - - default default] No more DHCP agents
2026-06-10 10:00:14.118 8 WARNING neutron.api.rpc.agentnotifiers.dhcp_rpc_agent_api [None req-e99c2483-42f5-4c7e-aca9-6a03402c2a45 05229b21adbf46a28bce33df2dc0e6c4 317ee6b70d1049a893db6a3e14e6bcb0 - - default default] Unable to schedule network 1e93e29b-cb15-4351-b8e1-b4562352d337: no agents available; will retry on subsequent port and subnet creation events.
2026-06-10 10:00:14.361 8 INFO neutron.db.ovn_revision_numbers_db [None req-e99c2483-42f5-4c7e-aca9-6a03402c2a45 05229b21adbf46a28bce33df2dc0e6c4 317ee6b70d1049a893db6a3e14e6bcb0 - - default default] Successfully bumped revision number for resource c264e993-8f43-45d1-8d78-6da816cbc6f3 (type: ports) to 1 [pid: 8|app: 0|req: 666/1401] 10.0.0.224 () {34 vars in 665 bytes} [Wed Jun 10 10:00:13 2026] POST /v2.0/ports => generated 954 bytes in 908 msecs (HTTP/1.1 201) 4 headers in 162 bytes (1 switches on core 0) /var/lib/openstack/lib/python3.12/site-packages/pycadf/identifier.py:70: UserWarning: Invalid uuid: neutron. To ensure interoperability, identifiers should be a valid uuid. warnings.warn(('Invalid uuid: %s. To ensure interoperability, '
2026-06-10 10:00:14.594 8 WARNING neutron.plugins.ml2.drivers.ovn.mech_driver.ovsdb.ovn_client [None req-911e6d02-41b5-48bf-a8e0-deeb1cdd5dcf - - - - - -] No hosting information found for port a5cdd767-2029-4c1e-8e05-ae4446c9b1c4: RuntimeError: No hosting information found for port a5cdd767-2029-4c1e-8e05-ae4446c9b1c4
2026-06-10 10:00:14.647 7 WARNING neutron.scheduler.dhcp_agent_scheduler [None req-225e2cd7-c077-4623-8a6a-d2266b9115fd 048bc0a705fb43e689abc01285a6ab7a 74c14e89ae6c411d89bed8674ce76eec - - default default] No more DHCP agents
2026-06-10 10:00:14.648 7 WARNING neutron.api.rpc.agentnotifiers.dhcp_rpc_agent_api [None req-225e2cd7-c077-4623-8a6a-d2266b9115fd 048bc0a705fb43e689abc01285a6ab7a 74c14e89ae6c411d89bed8674ce76eec - - default default] Unable to schedule network 18f23c55-8a06-42e8-bb72-e80dddd75b5b: no agents available; will retry on subsequent port and subnet creation events.
2026-06-10 10:00:14.909 7 INFO neutron.db.ovn_revision_numbers_db [None req-225e2cd7-c077-4623-8a6a-d2266b9115fd 048bc0a705fb43e689abc01285a6ab7a 74c14e89ae6c411d89bed8674ce76eec - - default default] Successfully bumped revision number for resource 202db011-6b27-48bf-923c-d4d2ee414596 (type: ports) to 1
2026-06-10 10:00:14.931 8 INFO neutron.db.ovn_revision_numbers_db [None req-911e6d02-41b5-48bf-a8e0-deeb1cdd5dcf - - - - - -] Successfully bumped revision number for resource a5cdd767-2029-4c1e-8e05-ae4446c9b1c4 (type: router_ports) to 2
2026-06-10 10:00:14.952 8 INFO neutron.plugins.ml2.drivers.ovn.mech_driver.mech_driver [None req-911e6d02-41b5-48bf-a8e0-deeb1cdd5dcf - - - - - -] OVN reports status down for port: 5d105d91-7f56-404d-977e-2ce1313685a1
2026-06-10 10:00:15.092 8 INFO neutron.plugins.ml2.drivers.ovn.mech_driver.mech_driver [None req-911e6d02-41b5-48bf-a8e0-deeb1cdd5dcf - - - - - -] OVN reports status down for port: dfbf67e2-b3ef-4385-9362-87e05c8ea17c
2026-06-10 10:00:15.110 8 WARNING neutron.scheduler.dhcp_agent_scheduler [None req-387dd1c2-7f6d-4391-a7ef-10c016156525 c2269cf4606543b19f26a6d4dd034a43 724d9789480a4b059c14a4520d3c368c - - default default] No more DHCP agents
2026-06-10 10:00:15.112 8 WARNING neutron.api.rpc.agentnotifiers.dhcp_rpc_agent_api [None req-387dd1c2-7f6d-4391-a7ef-10c016156525 c2269cf4606543b19f26a6d4dd034a43 724d9789480a4b059c14a4520d3c368c - - default default] Unable to schedule network 5621c622-470f-4052-a646-e23b616456c2: no agents available; will retry on subsequent port and subnet creation events.
2026-06-10 10:00:15.194 8 WARNING neutron.plugins.ml2.drivers.ovn.mech_driver.ovsdb.ovn_client [None req-911e6d02-41b5-48bf-a8e0-deeb1cdd5dcf - - - - - -] Logical_Switch_Port %s host information not removed, the port state is up
2026-06-10 10:00:15.344 8 INFO neutron.plugins.ml2.drivers.ovn.mech_driver.mech_driver [None req-911e6d02-41b5-48bf-a8e0-deeb1cdd5dcf - - - - - -] OVN reports status up for port: dfbf67e2-b3ef-4385-9362-87e05c8ea17c
2026-06-10 10:00:15.370 8 INFO neutron.plugins.ml2.plugin [None req-911e6d02-41b5-48bf-a8e0-deeb1cdd5dcf - - - - - -] Attempt 1 to provision port dfbf67e2-b3ef-4385-9362-87e05c8ea17c
2026-06-10 10:00:15.389 8 INFO neutron.db.ovn_revision_numbers_db [None req-387dd1c2-7f6d-4391-a7ef-10c016156525 c2269cf4606543b19f26a6d4dd034a43 724d9789480a4b059c14a4520d3c368c - - default default] Successfully bumped revision number for resource 8633649c-a0bf-41f1-80a1-5c90b550c257 (type: ports) to 1 [pid: 8|app: 0|req: 667/1402] 10.0.0.224 () {34 vars in 665 bytes} [Wed Jun 10 10:00:14 2026] POST /v2.0/ports => generated 950 bytes in 1007 msecs (HTTP/1.1 201) 4 headers in 162 bytes (1 switches on core 0) /var/lib/openstack/lib/python3.12/site-packages/pycadf/identifier.py:70: UserWarning: Invalid uuid: neutron. To ensure interoperability, identifiers should be a valid uuid. warnings.warn(('Invalid uuid: %s. To ensure interoperability, '
2026-06-10 10:00:15.685 7 INFO neutron.plugins.ml2.drivers.ovn.mech_driver.ovsdb.commands [-] Schedule LRP lrp-202db011-6b27-48bf-923c-d4d2ee414596 on gateway 8c29d616-7501-49d8-93d6-b52255fee8cd with priority 1
2026-06-10 10:00:15.832 8 INFO neutron.plugins.ml2.drivers.ovn.mech_driver.ovsdb.ovsdb_monitor [None req-b4ab2bc9-351f-47ed-8b0a-753eecc31443 - - - - - -] Router dfc75f91-cbc0-40b4-9168-bb603a044bc0 is bound to host instance
2026-06-10 10:00:15.891 7 INFO neutron.db.ovn_revision_numbers_db [None req-225e2cd7-c077-4623-8a6a-d2266b9115fd 048bc0a705fb43e689abc01285a6ab7a 74c14e89ae6c411d89bed8674ce76eec - - default default] Successfully bumped revision number for resource 202db011-6b27-48bf-923c-d4d2ee414596 (type: router_ports) to 1
2026-06-10 10:00:15.960 7 INFO neutron.db.ovn_revision_numbers_db [None req-225e2cd7-c077-4623-8a6a-d2266b9115fd 048bc0a705fb43e689abc01285a6ab7a 74c14e89ae6c411d89bed8674ce76eec - - default default] Successfully bumped revision number for resource dfc75f91-cbc0-40b4-9168-bb603a044bc0 (type: routers) to 2 [pid: 7|app: 0|req: 736/1403] 10.0.0.224 () {34 vars in 669 bytes} [Wed Jun 10 10:00:13 2026] POST /v2.0/routers => generated 971 bytes in 2152 msecs (HTTP/1.1 201) 4 headers in 162 bytes (1 switches on core 0)
2026-06-10 10:00:16.038 8 WARNING neutron.scheduler.dhcp_agent_scheduler [req-2302f938-eb58-436f-808b-6a2283e790f9 req-7ef6b54a-666d-44df-b294-e607dae40f40 8df8a066be21402ea96c2f4151696e68 53d0ea8d4dc44dd48732031038af9c87 - - default default] No more DHCP agents
2026-06-10 10:00:16.046 8 WARNING neutron.api.rpc.agentnotifiers.dhcp_rpc_agent_api [req-2302f938-eb58-436f-808b-6a2283e790f9 req-7ef6b54a-666d-44df-b294-e607dae40f40 8df8a066be21402ea96c2f4151696e68 53d0ea8d4dc44dd48732031038af9c87 - - default default] Unable to schedule network 6a93a00f-b08c-486f-8bc3-29bd9a103775: no agents available; will retry on subsequent port and subnet creation events.
2026-06-10 10:00:16.261 7 WARNING neutron.scheduler.dhcp_agent_scheduler [None req-8f90e367-c1db-4cb7-8945-e8ba21cb3f06 05229b21adbf46a28bce33df2dc0e6c4 317ee6b70d1049a893db6a3e14e6bcb0 - - default default] No more DHCP agents
2026-06-10 10:00:16.263 7 WARNING neutron.api.rpc.agentnotifiers.dhcp_rpc_agent_api [None req-8f90e367-c1db-4cb7-8945-e8ba21cb3f06 05229b21adbf46a28bce33df2dc0e6c4 317ee6b70d1049a893db6a3e14e6bcb0 - - default default] Unable to schedule network 1e93e29b-cb15-4351-b8e1-b4562352d337: no agents available; will retry on subsequent port and subnet creation events.
2026-06-10 10:00:16.484 8 INFO neutron.db.ovn_revision_numbers_db [req-2302f938-eb58-436f-808b-6a2283e790f9 req-7ef6b54a-666d-44df-b294-e607dae40f40 8df8a066be21402ea96c2f4151696e68 53d0ea8d4dc44dd48732031038af9c87 - - default default] Successfully bumped revision number for resource e362d883-b0c0-4b4e-af81-dac51980048c (type: ports) to 1
2026-06-10 10:00:16.598 7 INFO neutron.db.ovn_revision_numbers_db [None req-8f90e367-c1db-4cb7-8945-e8ba21cb3f06 05229b21adbf46a28bce33df2dc0e6c4 317ee6b70d1049a893db6a3e14e6bcb0 - - default default] Successfully bumped revision number for resource 75908b96-1de2-441e-83cb-56f6df9bc07e (type: ports) to 1 [pid: 8|app: 0|req: 668/1404] 199.204.45.23 () {38 vars in 954 bytes} [Wed Jun 10 10:00:15 2026] POST /v2.0/ports => generated 958 bytes in 1233 msecs (HTTP/1.1 201) 4 headers in 162 bytes (1 switches on core 0) /var/lib/openstack/lib/python3.12/site-packages/pycadf/identifier.py:70: UserWarning: Invalid uuid: neutron. To ensure interoperability, identifiers should be a valid uuid. warnings.warn(('Invalid uuid: %s. To ensure interoperability, ' [pid: 7|app: 0|req: 737/1405] 10.0.0.224 () {34 vars in 665 bytes} [Wed Jun 10 10:00:15 2026] POST /v2.0/ports => generated 953 bytes in 711 msecs (HTTP/1.1 201) 4 headers in 162 bytes (1 switches on core 0) /var/lib/openstack/lib/python3.12/site-packages/pycadf/identifier.py:70: UserWarning: Invalid uuid: neutron. To ensure interoperability, identifiers should be a valid uuid. warnings.warn(('Invalid uuid: %s. To ensure interoperability, ' [pid: 8|app: 0|req: 669/1408] 10.0.0.238 () {34 vars in 990 bytes} [Wed Jun 10 10:00:16 2026] GET /v2.0/ports?device_id=a353e16d-1e68-4e59-9adc-4d89fff6a1cc => generated 961 bytes in 85 msecs (HTTP/1.1 200) 4 headers in 157 bytes (1 switches on core 0)
