2026-06-10 09:59:47.954 7 INFO neutron.db.ovn_revision_numbers_db [None req-8fb01293-4892-4920-84c8-dacd09f84551 048bc0a705fb43e689abc01285a6ab7a 74c14e89ae6c411d89bed8674ce76eec - - default default] Successfully bumped revision number for resource 17b2cf89-ae34-42f0-aab4-a4995d703f26 (type: security_groups) to 1
2026-06-10 09:59:47.982 7 INFO neutron.db.ovn_revision_numbers_db [None req-8fb01293-4892-4920-84c8-dacd09f84551 048bc0a705fb43e689abc01285a6ab7a 74c14e89ae6c411d89bed8674ce76eec - - default default] Successfully bumped revision number for resource 2d5624f3-57e8-4e93-a83b-8b22778c2b63 (type: security_group_rules) to 0
2026-06-10 09:59:48.009 7 INFO neutron.db.ovn_revision_numbers_db [None req-8fb01293-4892-4920-84c8-dacd09f84551 048bc0a705fb43e689abc01285a6ab7a 74c14e89ae6c411d89bed8674ce76eec - - default default] Successfully bumped revision number for resource 4abb016f-44bf-4165-a1e3-261f1b4ce2a9 (type: security_group_rules) to 0 [pid: 8|app: 0|req: 615/1298] 10.0.0.224 () {32 vars in 724 bytes} [Wed Jun 10 09:59:47 2026] DELETE /v2.0/routers/e4586ce3-fd9b-4bf0-bf22-35d79beeedb3 => generated 0 bytes in 890 msecs (HTTP/1.1 204) 2 headers in 112 bytes (1 switches on core 0)
2026-06-10 09:59:48.055 7 INFO neutron.db.ovn_revision_numbers_db [None req-8fb01293-4892-4920-84c8-dacd09f84551 048bc0a705fb43e689abc01285a6ab7a 74c14e89ae6c411d89bed8674ce76eec - - default default] Successfully bumped revision number for resource 9609cf4b-3f99-4290-bb06-c286bf7e844e (type: security_group_rules) to 0
2026-06-10 09:59:48.076 7 INFO neutron.db.ovn_revision_numbers_db [None req-8fb01293-4892-4920-84c8-dacd09f84551 048bc0a705fb43e689abc01285a6ab7a 74c14e89ae6c411d89bed8674ce76eec - - default default] Successfully bumped revision number for resource a5bcb657-1a93-49c3-b8be-f72356268778 (type: security_group_rules) to 0 [pid: 7|app: 0|req: 684/1299] 10.0.0.224 () {32 vars in 774 bytes} [Wed Jun 10 09:59:47 2026] GET /v2.0/security-groups?tenant_id=81df35b5c9d646eaa999c67967ea460d&name=default => generated 2925 bytes in 485 msecs (HTTP/1.1 200) 4 headers in 158 bytes (1 switches on core 0) [pid: 8|app: 0|req: 616/1300] 10.0.0.224 () {32 vars in 724 bytes} [Wed Jun 10 09:59:48 2026] DELETE /v2.0/subnets/6ff574c1-3956-4831-af60-d929f7dcb3ed => generated 0 bytes in 270 msecs (HTTP/1.1 204) 3 headers in 131 bytes (1 switches on core 0) [pid: 8|app: 0|req: 617/1301] 10.0.0.238 () {34 vars in 990 bytes} [Wed Jun 10 09:59:48 2026] GET /v2.0/ports?device_id=3dd11cd0-e56b-49ea-bb3a-12457d852a1d => generated 973 bytes in 46 msecs (HTTP/1.1 200) 4 headers in 157 bytes (1 switches on core 0) [pid: 7|app: 0|req: 685/1302] 10.0.0.224 () {32 vars in 740 bytes} [Wed Jun 10 09:59:48 2026] DELETE /v2.0/security-groups/17b2cf89-ae34-42f0-aab4-a4995d703f26 => generated 0 bytes in 296 msecs (HTTP/1.1 204) 2 headers in 112 bytes (1 switches on core 0) [pid: 7|app: 0|req: 686/1303] 10.0.0.238 () {34 vars in 1040 bytes} [Wed Jun 10 09:59:48 2026] GET /v2.0/security-groups?id=a8256a67-e441-4cfb-ac34-2131bdcbd2b2&fields=id&fields=name => generated 114 bytes in 34 msecs (HTTP/1.1 200) 4 headers in 157 bytes (1 switches on core 0)
2026-06-10 09:59:48.586 8 INFO neutron.plugins.ml2.drivers.ovn.mech_driver.mech_driver [None req-aa027b6d-edf7-4950-ac34-b34101e4c93f - - - - - -] OVN reports status up for port: 6d3814fb-a62f-40fa-ae9a-970284701413
2026-06-10 09:59:48.618 8 INFO neutron_taas.services.taas.taas_plugin [None req-e76c1972-393b-4721-a4f2-55ade829da44 048bc0a705fb43e689abc01285a6ab7a 74c14e89ae6c411d89bed8674ce76eec - - default default] TaaS: Handle Delete Port: fe39bb65-76bd-42e0-b293-e7b83ae5c09f
2026-06-10 09:59:48.621 8 INFO neutron_taas.services.taas.tap_mirror_plugin [None req-e76c1972-393b-4721-a4f2-55ade829da44 048bc0a705fb43e689abc01285a6ab7a 74c14e89ae6c411d89bed8674ce76eec - - default default] Tap Mirror: Handle Delete Port: fe39bb65-76bd-42e0-b293-e7b83ae5c09f
2026-06-10 09:59:48.628 8 INFO neutron.plugins.ml2.plugin [None req-aa027b6d-edf7-4950-ac34-b34101e4c93f - - - - - -] Attempt 1 to provision port 6d3814fb-a62f-40fa-ae9a-970284701413
2026-06-10 09:59:48.865 8 INFO neutron.notifiers.nova [-] Nova event matching ['req-256b860d-06a0-4c15-b388-0ab2e654e659'] response: {'server_uuid': '3dd11cd0-e56b-49ea-bb3a-12457d852a1d', 'name': 'network-vif-plugged', 'status': 'completed', 'tag': '6d3814fb-a62f-40fa-ae9a-970284701413', 'code': 200}
2026-06-10 09:59:48.874 7 INFO neutron.db.ovn_revision_numbers_db [None req-12df905a-5a21-4b86-a0cf-1c5ad50b2bfe 048bc0a705fb43e689abc01285a6ab7a 74c14e89ae6c411d89bed8674ce76eec - - default default] Successfully bumped revision number for resource c9ce3ea4-faf1-4b5b-a348-84e6ae020556 (type: security_groups) to 1
2026-06-10 09:59:48.887 7 INFO neutron.db.ovn_revision_numbers_db [None req-12df905a-5a21-4b86-a0cf-1c5ad50b2bfe 048bc0a705fb43e689abc01285a6ab7a 74c14e89ae6c411d89bed8674ce76eec - - default default] Successfully bumped revision number for resource 242cfbe5-5c81-480e-8178-c07fb87bed4e (type: security_group_rules) to 0
2026-06-10 09:59:48.902 7 INFO neutron.db.ovn_revision_numbers_db [None req-12df905a-5a21-4b86-a0cf-1c5ad50b2bfe 048bc0a705fb43e689abc01285a6ab7a 74c14e89ae6c411d89bed8674ce76eec - - default default] Successfully bumped revision number for resource 463bf425-99d9-4efb-b433-393680c04b10 (type: security_group_rules) to 0
2026-06-10 09:59:48.913 7 INFO neutron.db.ovn_revision_numbers_db [None req-12df905a-5a21-4b86-a0cf-1c5ad50b2bfe 048bc0a705fb43e689abc01285a6ab7a 74c14e89ae6c411d89bed8674ce76eec - - default default] Successfully bumped revision number for resource 8bd5cf38-2a81-4a73-be24-052ea04cc0a4 (type: security_group_rules) to 0
2026-06-10 09:59:48.936 7 INFO neutron.db.ovn_revision_numbers_db [None req-12df905a-5a21-4b86-a0cf-1c5ad50b2bfe 048bc0a705fb43e689abc01285a6ab7a 74c14e89ae6c411d89bed8674ce76eec - - default default] Successfully bumped revision number for resource 9a2e4354-503d-47eb-a595-09a7028609b2 (type: security_group_rules) to 0 [pid: 7|app: 0|req: 687/1304] 10.0.0.224 () {32 vars in 774 bytes} [Wed Jun 10 09:59:48 2026] GET /v2.0/security-groups?tenant_id=56f3a80b1ca84c4d88122badac2e7dd7&name=default => generated 2925 bytes in 340 msecs (HTTP/1.1 200) 4 headers in 158 bytes (1 switches on core 0)
2026-06-10 09:59:49.284 8 INFO neutron.services.segments.plugin [-] Segment 0e55986e-1306-4299-8a29-769dae9868e5 resource provider aggregate not found
2026-06-10 09:59:49.285 8 INFO neutron.db.ovn_revision_numbers_db [None req-aa027b6d-edf7-4950-ac34-b34101e4c93f - - - - - -] Successfully bumped revision number for resource 6d3814fb-a62f-40fa-ae9a-970284701413 (type: ports) to 5
2026-06-10 09:59:49.291 8 INFO neutron.services.segments.plugin [-] Segment 0e55986e-1306-4299-8a29-769dae9868e5 resource provider aggregate not found
2026-06-10 09:59:49.303 8 INFO neutron.services.segments.plugin [-] Segment 0e55986e-1306-4299-8a29-769dae9868e5 resource provider not found; error: Placement Client Error (4xx): {"errors": [{"status": 404, "title": "Not Found", "detail": "The resource could not be found.\n\n No resource provider with uuid 0e55986e-1306-4299-8a29-769dae9868e5 found for delete ", "request_id": "req-1b6b34db-4230-400f-abf5-1c95c82c52f6"}]}
2026-06-10 09:59:49.322 8 INFO neutron.services.segments.plugin [-] Segment 0e55986e-1306-4299-8a29-769dae9868e5 resource provider not found; error: Placement Client Error (4xx): {"errors": [{"status": 404, "title": "Not Found", "detail": "The resource could not be found.\n\n No resource provider with uuid 0e55986e-1306-4299-8a29-769dae9868e5 found for delete ", "request_id": "req-c844a7bf-8bd3-4add-bc4a-98fe61a46bb1"}]} [pid: 8|app: 0|req: 618/1305] 10.0.0.224 () {32 vars in 726 bytes} [Wed Jun 10 09:59:48 2026] DELETE /v2.0/networks/212aac97-1346-4e4e-a88c-a03bf325b74a => generated 0 bytes in 1051 msecs (HTTP/1.1 204) 3 headers in 131 bytes (1 switches on core 0) /var/lib/openstack/lib/python3.12/site-packages/pycadf/identifier.py:70: UserWarning: Invalid uuid: neutron. To ensure interoperability, identifiers should be a valid uuid. warnings.warn(('Invalid uuid: %s. To ensure interoperability, '
2026-06-10 09:59:49.484 7 INFO neutron.db.ovn_revision_numbers_db [None req-80abb02c-ba86-4f8b-88d8-092c723a4985 c2269cf4606543b19f26a6d4dd034a43 724d9789480a4b059c14a4520d3c368c - - default default] Successfully bumped revision number for resource edaa9e45-2479-41a2-9548-f791fede36ba (type: security_groups) to 1
2026-06-10 09:59:49.508 7 INFO neutron.db.ovn_revision_numbers_db [None req-80abb02c-ba86-4f8b-88d8-092c723a4985 c2269cf4606543b19f26a6d4dd034a43 724d9789480a4b059c14a4520d3c368c - - default default] Successfully bumped revision number for resource 05acbb81-0561-4152-9ba7-9a61e61d9017 (type: security_group_rules) to 0
2026-06-10 09:59:49.523 7 INFO neutron.db.ovn_revision_numbers_db [None req-80abb02c-ba86-4f8b-88d8-092c723a4985 c2269cf4606543b19f26a6d4dd034a43 724d9789480a4b059c14a4520d3c368c - - default default] Successfully bumped revision number for resource 562cf62d-d2b3-4ea7-967d-16b56b32b348 (type: security_group_rules) to 0
2026-06-10 09:59:49.539 7 INFO neutron.db.ovn_revision_numbers_db [None req-80abb02c-ba86-4f8b-88d8-092c723a4985 c2269cf4606543b19f26a6d4dd034a43 724d9789480a4b059c14a4520d3c368c - - default default] Successfully bumped revision number for resource e94e4bda-b086-498e-b591-a8a8008ea889 (type: security_group_rules) to 0
2026-06-10 09:59:49.563 7 INFO neutron.db.ovn_revision_numbers_db [None req-80abb02c-ba86-4f8b-88d8-092c723a4985 c2269cf4606543b19f26a6d4dd034a43 724d9789480a4b059c14a4520d3c368c - - default default] Successfully bumped revision number for resource f07a223a-5985-4e3d-a00d-4202bea0cc70 (type: security_group_rules) to 0
2026-06-10 09:59:49.677 7 INFO neutron.db.segments_db [None req-80abb02c-ba86-4f8b-88d8-092c723a4985 c2269cf4606543b19f26a6d4dd034a43 724d9789480a4b059c14a4520d3c368c - - default default] Added segment 08aad793-1700-4120-8558-28f13709f45e of type geneve for network a29dd02b-2e23-4451-ae7e-35991bf55cc1 [pid: 8|app: 0|req: 619/1306] 10.0.0.224 () {32 vars in 740 bytes} [Wed Jun 10 09:59:49 2026] DELETE /v2.0/security-groups/c9ce3ea4-faf1-4b5b-a348-84e6ae020556 => generated 0 bytes in 415 msecs (HTTP/1.1 204) 2 headers in 112 bytes (1 switches on core 0)
2026-06-10 09:59:49.869 7 INFO neutron.db.ovn_revision_numbers_db [None req-80abb02c-ba86-4f8b-88d8-092c723a4985 c2269cf4606543b19f26a6d4dd034a43 724d9789480a4b059c14a4520d3c368c - - default default] Successfully bumped revision number for resource a29dd02b-2e23-4451-ae7e-35991bf55cc1 (type: networks) to 1 [pid: 8|app: 0|req: 620/1307] 10.0.0.238 () {34 vars in 990 bytes} [Wed Jun 10 09:59:49 2026] GET /v2.0/ports?device_id=3dd11cd0-e56b-49ea-bb3a-12457d852a1d => generated 975 bytes in 46 msecs (HTTP/1.1 200) 4 headers in 157 bytes (1 switches on core 0) [pid: 8|app: 0|req: 621/1308] 10.0.0.224 () {32 vars in 774 bytes} [Wed Jun 10 09:59:49 2026] GET /v2.0/security-groups?tenant_id=227ac2afd93f4b5ebaf664149613d3c4&name=default => generated 2925 bytes in 29 msecs (HTTP/1.1 200) 4 headers in 158 bytes (1 switches on core 0) [pid: 8|app: 0|req: 622/1309] 10.0.0.238 () {34 vars in 1040 bytes} [Wed Jun 10 09:59:49 2026] GET /v2.0/security-groups?id=a8256a67-e441-4cfb-ac34-2131bdcbd2b2&fields=id&fields=name => generated 114 bytes in 29 msecs (HTTP/1.1 200) 4 headers in 157 bytes (1 switches on core 0)
2026-06-10 09:59:50.063 7 WARNING neutron.scheduler.dhcp_agent_scheduler [None req-80abb02c-ba86-4f8b-88d8-092c723a4985 c2269cf4606543b19f26a6d4dd034a43 724d9789480a4b059c14a4520d3c368c - - default default] No more DHCP agents
2026-06-10 09:59:50.065 7 WARNING neutron.api.rpc.agentnotifiers.dhcp_rpc_agent_api [None req-80abb02c-ba86-4f8b-88d8-092c723a4985 c2269cf4606543b19f26a6d4dd034a43 724d9789480a4b059c14a4520d3c368c - - default default] Unable to schedule network a29dd02b-2e23-4451-ae7e-35991bf55cc1: no agents available; will retry on subsequent port and subnet creation events.
2026-06-10 09:59:50.174 8 INFO neutron.plugins.ml2.drivers.ovn.mech_driver.mech_driver [None req-e73ff089-89bb-49ae-9b7e-8c8b7f9bfc44 - - - - - -] OVN reports status down for port: e86ae0f2-09da-4e50-b392-3054df9a3cda
2026-06-10 09:59:50.245 7 INFO neutron.db.ovn_revision_numbers_db [None req-80abb02c-ba86-4f8b-88d8-092c723a4985 c2269cf4606543b19f26a6d4dd034a43 724d9789480a4b059c14a4520d3c368c - - default default] Successfully bumped revision number for resource e86ae0f2-09da-4e50-b392-3054df9a3cda (type: ports) to 1 [pid: 7|app: 0|req: 688/1310] 10.0.0.224 () {34 vars in 670 bytes} [Wed Jun 10 09:59:49 2026] POST /v2.0/networks => generated 649 bytes in 1264 msecs (HTTP/1.1 201) 4 headers in 162 bytes (1 switches on core 0)
2026-06-10 09:59:50.376 7 INFO neutron.db.segments_db [None req-b604b316-5b0e-4814-b25a-a82c22241dab c2269cf4606543b19f26a6d4dd034a43 724d9789480a4b059c14a4520d3c368c - - default default] Added segment 91098dcc-9701-4d5a-9863-62db28ce6dfd of type geneve for network ce03e2e6-7368-4cac-b883-fd7e0d917cfb [pid: 8|app: 0|req: 623/1311] 10.0.0.224 () {32 vars in 740 bytes} [Wed Jun 10 09:59:49 2026] DELETE /v2.0/security-groups/3f0c4075-9d57-44b4-91b5-6f1fda5f478c => generated 0 bytes in 437 msecs (HTTP/1.1 204) 2 headers in 112 bytes (1 switches on core 0)
2026-06-10 09:59:50.524 7 INFO neutron.db.ovn_revision_numbers_db [None req-b604b316-5b0e-4814-b25a-a82c22241dab c2269cf4606543b19f26a6d4dd034a43 724d9789480a4b059c14a4520d3c368c - - default default] Successfully bumped revision number for resource ce03e2e6-7368-4cac-b883-fd7e0d917cfb (type: networks) to 1
2026-06-10 09:59:50.751 7 WARNING neutron.scheduler.dhcp_agent_scheduler [None req-b604b316-5b0e-4814-b25a-a82c22241dab c2269cf4606543b19f26a6d4dd034a43 724d9789480a4b059c14a4520d3c368c - - default default] No more DHCP agents
2026-06-10 09:59:50.754 7 WARNING neutron.api.rpc.agentnotifiers.dhcp_rpc_agent_api [None req-b604b316-5b0e-4814-b25a-a82c22241dab c2269cf4606543b19f26a6d4dd034a43 724d9789480a4b059c14a4520d3c368c - - default default] Unable to schedule network ce03e2e6-7368-4cac-b883-fd7e0d917cfb: no agents available; will retry on subsequent port and subnet creation events.
2026-06-10 09:59:50.864 8 INFO neutron.plugins.ml2.drivers.ovn.mech_driver.mech_driver [None req-e73ff089-89bb-49ae-9b7e-8c8b7f9bfc44 - - - - - -] OVN reports status down for port: a4185b27-e562-4673-a463-f647ef9d0e11
2026-06-10 09:59:50.884 7 INFO neutron.db.ovn_revision_numbers_db [None req-b604b316-5b0e-4814-b25a-a82c22241dab c2269cf4606543b19f26a6d4dd034a43 724d9789480a4b059c14a4520d3c368c - - default default] Successfully bumped revision number for resource a4185b27-e562-4673-a463-f647ef9d0e11 (type: ports) to 1
2026-06-10 09:59:50.911 8 INFO neutron.notifiers.nova [-] Nova event matching ['req-05c7f577-7e07-4935-90be-79dbd8ee0110'] response: {'server_uuid': '3dd11cd0-e56b-49ea-bb3a-12457d852a1d', 'name': 'network-vif-plugged', 'status': 'completed', 'tag': '6d3814fb-a62f-40fa-ae9a-970284701413', 'code': 200} [pid: 7|app: 0|req: 689/1312] 10.0.0.224 () {34 vars in 670 bytes} [Wed Jun 10 09:59:50 2026] POST /v2.0/networks => generated 649 bytes in 653 msecs (HTTP/1.1 201) 4 headers in 162 bytes (1 switches on core 0) [pid: 7|app: 0|req: 690/1313] 10.0.0.238 () {34 vars in 990 bytes} [Wed Jun 10 09:59:51 2026] GET /v2.0/ports?device_id=3dd11cd0-e56b-49ea-bb3a-12457d852a1d => generated 975 bytes in 87 msecs (HTTP/1.1 200) 4 headers in 157 bytes (1 switches on core 0) [pid: 7|app: 0|req: 691/1314] 10.0.0.238 () {34 vars in 1040 bytes} [Wed Jun 10 09:59:51 2026] GET /v2.0/security-groups?id=a8256a67-e441-4cfb-ac34-2131bdcbd2b2&fields=id&fields=name => generated 114 bytes in 37 msecs (HTTP/1.1 200) 4 headers in 157 bytes (1 switches on core 0)
2026-06-10 09:59:51.204 8 WARNING neutron.scheduler.dhcp_agent_scheduler [None req-5166d760-3beb-4a4a-bfc2-1acfbd16be8e c2269cf4606543b19f26a6d4dd034a43 724d9789480a4b059c14a4520d3c368c - - default default] No more DHCP agents
2026-06-10 09:59:51.206 8 WARNING neutron.api.rpc.agentnotifiers.dhcp_rpc_agent_api [None req-5166d760-3beb-4a4a-bfc2-1acfbd16be8e c2269cf4606543b19f26a6d4dd034a43 724d9789480a4b059c14a4520d3c368c - - default default] Unable to schedule network a29dd02b-2e23-4451-ae7e-35991bf55cc1: no agents available; will retry on subsequent port and subnet creation events. [pid: 7|app: 0|req: 692/1315] 10.0.0.238 () {34 vars in 990 bytes} [Wed Jun 10 09:59:51 2026] GET /v2.0/ports?device_id=3dd11cd0-e56b-49ea-bb3a-12457d852a1d => generated 975 bytes in 43 msecs (HTTP/1.1 200) 4 headers in 157 bytes (1 switches on core 0)
2026-06-10 09:59:51.874 7 INFO neutron.db.ovn_revision_numbers_db [None req-f924db79-1ef2-435c-8da0-d1927fd9aa1c 74f8819055224b35b5f15e59566b7259 c973a0a8fd7544528bce7aa5535a3c84 - - default default] Successfully bumped revision number for resource 713a050d-879b-4bce-97ae-82b8e5eb9d93 (type: floatingips) to 1
2026-06-10 09:59:51.936 8 INFO neutron.db.ovn_revision_numbers_db [None req-634b9ac4-5bed-4622-8cdf-e8e265aabfcc - - - - - -] Successfully bumped revision number for resource e86ae0f2-09da-4e50-b392-3054df9a3cda (type: ports) to 2
2026-06-10 09:59:51.994 8 INFO neutron.db.ovn_revision_numbers_db [None req-634b9ac4-5bed-4622-8cdf-e8e265aabfcc - - - - - -] Successfully bumped revision number for resource a755819e-df50-4fd4-8e5f-ddb5ee698fd4 (type: subnets) to 0
2026-06-10 09:59:52.013 7 INFO neutron.db.ovn_revision_numbers_db [None req-f924db79-1ef2-435c-8da0-d1927fd9aa1c 74f8819055224b35b5f15e59566b7259 c973a0a8fd7544528bce7aa5535a3c84 - - default default] Successfully bumped revision number for resource 713a050d-879b-4bce-97ae-82b8e5eb9d93 (type: floatingips) to 2
2026-06-10 09:59:52.013 7 INFO neutron.db.l3_db [None req-f924db79-1ef2-435c-8da0-d1927fd9aa1c 74f8819055224b35b5f15e59566b7259 c973a0a8fd7544528bce7aa5535a3c84 - - default default] Floating IP 713a050d-879b-4bce-97ae-82b8e5eb9d93 associated. External IP: 10.96.250.210, port: 6d3814fb-a62f-40fa-ae9a-970284701413. [pid: 8|app: 0|req: 624/1316] 10.0.0.224 () {34 vars in 669 bytes} [Wed Jun 10 09:59:50 2026] POST /v2.0/subnets => generated 626 bytes in 1083 msecs (HTTP/1.1 201) 4 headers in 162 bytes (1 switches on core 0) /var/lib/openstack/lib/python3.12/site-packages/pycadf/identifier.py:70: UserWarning: Invalid uuid: neutron. To ensure interoperability, identifiers should be a valid uuid. warnings.warn(('Invalid uuid: %s. To ensure interoperability, ' [pid: 7|app: 0|req: 693/1317] 10.0.0.224 () {34 vars in 749 bytes} [Wed Jun 10 09:59:51 2026] PUT /v2.0/floatingips/713a050d-879b-4bce-97ae-82b8e5eb9d93 => generated 856 bytes in 743 msecs (HTTP/1.1 200) 4 headers in 157 bytes (1 switches on core 0)
2026-06-10 09:59:52.085 7 INFO neutron.notifiers.nova [-] Nova event matching ['req-419b2325-a40f-483c-a44a-8a14339fd2eb'] response: {'name': 'network-changed', 'server_uuid': '3dd11cd0-e56b-49ea-bb3a-12457d852a1d', 'tag': '6d3814fb-a62f-40fa-ae9a-970284701413', 'status': 'completed', 'code': 200} [pid: 7|app: 0|req: 694/1318] 10.0.0.238 () {34 vars in 990 bytes} [Wed Jun 10 09:59:52 2026] GET /v2.0/ports?device_id=3dd11cd0-e56b-49ea-bb3a-12457d852a1d => generated 975 bytes in 59 msecs (HTTP/1.1 200) 4 headers in 157 bytes (1 switches on core 0) [pid: 7|app: 0|req: 695/1319] 10.0.0.238 () {34 vars in 1040 bytes} [Wed Jun 10 09:59:52 2026] GET /v2.0/security-groups?id=a8256a67-e441-4cfb-ac34-2131bdcbd2b2&fields=id&fields=name => generated 114 bytes in 31 msecs (HTTP/1.1 200) 4 headers in 157 bytes (1 switches on core 0)
2026-06-10 09:59:52.252 8 WARNING neutron.scheduler.dhcp_agent_scheduler [None req-d3a2c7ee-93ef-4bec-96c3-c435619a7436 c2269cf4606543b19f26a6d4dd034a43 724d9789480a4b059c14a4520d3c368c - - default default] No more DHCP agents
2026-06-10 09:59:52.257 8 WARNING neutron.api.rpc.agentnotifiers.dhcp_rpc_agent_api [None req-d3a2c7ee-93ef-4bec-96c3-c435619a7436 c2269cf4606543b19f26a6d4dd034a43 724d9789480a4b059c14a4520d3c368c - - default default] Unable to schedule network ce03e2e6-7368-4cac-b883-fd7e0d917cfb: no agents available; will retry on subsequent port and subnet creation events.
2026-06-10 09:59:52.686 7 INFO neutron.db.ovn_revision_numbers_db [None req-30454319-f730-4ab1-9c36-34124bb9fd57 048bc0a705fb43e689abc01285a6ab7a 74c14e89ae6c411d89bed8674ce76eec - - default default] Successfully bumped revision number for resource 85fd0ddc-9fc7-4eb0-8f31-a9fa3761bdbb (type: security_groups) to 1
2026-06-10 09:59:52.704 7 INFO neutron.db.ovn_revision_numbers_db [None req-30454319-f730-4ab1-9c36-34124bb9fd57 048bc0a705fb43e689abc01285a6ab7a 74c14e89ae6c411d89bed8674ce76eec - - default default] Successfully bumped revision number for resource 2e5e37af-88a4-4e53-b53b-f9caeb9be978 (type: security_group_rules) to 0
2026-06-10 09:59:52.720 7 INFO neutron.db.ovn_revision_numbers_db [None req-30454319-f730-4ab1-9c36-34124bb9fd57 048bc0a705fb43e689abc01285a6ab7a 74c14e89ae6c411d89bed8674ce76eec - - default default] Successfully bumped revision number for resource a17a51a7-f733-48bb-8ba0-1bb1b3986989 (type: security_group_rules) to 0
2026-06-10 09:59:52.737 7 INFO neutron.db.ovn_revision_numbers_db [None req-30454319-f730-4ab1-9c36-34124bb9fd57 048bc0a705fb43e689abc01285a6ab7a 74c14e89ae6c411d89bed8674ce76eec - - default default] Successfully bumped revision number for resource ec683ff5-4f95-4b01-a93b-87c0ab0776e0 (type: security_group_rules) to 0
2026-06-10 09:59:52.751 7 INFO neutron.db.ovn_revision_numbers_db [None req-30454319-f730-4ab1-9c36-34124bb9fd57 048bc0a705fb43e689abc01285a6ab7a 74c14e89ae6c411d89bed8674ce76eec - - default default] Successfully bumped revision number for resource f32d3502-51ab-4ebd-b427-d4a7b4f6c5ef (type: security_group_rules) to 0
2026-06-10 09:59:52.855 8 INFO neutron.db.ovn_revision_numbers_db [None req-11613d6f-7974-4478-83d0-cc4b0241d296 - - - - - -] Successfully bumped revision number for resource a4185b27-e562-4673-a463-f647ef9d0e11 (type: ports) to 2
2026-06-10 09:59:52.885 7 INFO neutron.db.segments_db [None req-30454319-f730-4ab1-9c36-34124bb9fd57 048bc0a705fb43e689abc01285a6ab7a 74c14e89ae6c411d89bed8674ce76eec - - default default] Added segment 92f45873-2e2e-43df-afc4-7225e36b5191 of type geneve for network 6a93a00f-b08c-486f-8bc3-29bd9a103775
2026-06-10 09:59:52.892 8 INFO neutron.db.ovn_revision_numbers_db [None req-11613d6f-7974-4478-83d0-cc4b0241d296 - - - - - -] Successfully bumped revision number for resource b75b5ac5-36d0-4362-a2f9-da36d605bc7e (type: subnets) to 0 [pid: 8|app: 0|req: 625/1320] 10.0.0.224 () {34 vars in 669 bytes} [Wed Jun 10 09:59:52 2026] POST /v2.0/subnets => generated 626 bytes in 882 msecs (HTTP/1.1 201) 4 headers in 162 bytes (1 switches on core 0) [pid: 8|app: 0|req: 626/1321] 10.0.0.238 () {34 vars in 990 bytes} [Wed Jun 10 09:59:52 2026] GET /v2.0/ports?device_id=3dd11cd0-e56b-49ea-bb3a-12457d852a1d => generated 975 bytes in 76 msecs (HTTP/1.1 200) 4 headers in 157 bytes (1 switches on core 0)
2026-06-10 09:59:53.027 7 INFO neutron.db.ovn_revision_numbers_db [None req-30454319-f730-4ab1-9c36-34124bb9fd57 048bc0a705fb43e689abc01285a6ab7a 74c14e89ae6c411d89bed8674ce76eec - - default default] Successfully bumped revision number for resource 6a93a00f-b08c-486f-8bc3-29bd9a103775 (type: networks) to 1 [pid: 8|app: 0|req: 627/1322] 199.204.45.23 () {34 vars in 1079 bytes} [Wed Jun 10 09:59:52 2026] GET /v2.0/ports?tenant_id=c973a0a8fd7544528bce7aa5535a3c84&device_id=3dd11cd0-e56b-49ea-bb3a-12457d852a1d => generated 1213 bytes in 85 msecs (HTTP/1.1 200) 4 headers in 158 bytes (1 switches on core 0)
2026-06-10 09:59:53.195 8 INFO neutron.db.ovn_revision_numbers_db [None req-6de46e91-00d2-446d-aa9a-1c65ae2333d6 c2269cf4606543b19f26a6d4dd034a43 724d9789480a4b059c14a4520d3c368c - - default default] Successfully bumped revision number for resource ede58e9c-517f-4408-9454-c542631083ee (type: routers) to 1 [pid: 8|app: 0|req: 628/1323] 10.0.0.224 () {34 vars in 669 bytes} [Wed Jun 10 09:59:53 2026] POST /v2.0/routers => generated 603 bytes in 149 msecs (HTTP/1.1 201) 4 headers in 162 bytes (1 switches on core 0)
2026-06-10 09:59:53.220 7 WARNING neutron.scheduler.dhcp_agent_scheduler [None req-30454319-f730-4ab1-9c36-34124bb9fd57 048bc0a705fb43e689abc01285a6ab7a 74c14e89ae6c411d89bed8674ce76eec - - default default] No more DHCP agents
2026-06-10 09:59:53.221 7 WARNING neutron.api.rpc.agentnotifiers.dhcp_rpc_agent_api [None req-30454319-f730-4ab1-9c36-34124bb9fd57 048bc0a705fb43e689abc01285a6ab7a 74c14e89ae6c411d89bed8674ce76eec - - default default] Unable to schedule network 6a93a00f-b08c-486f-8bc3-29bd9a103775: no agents available; will retry on subsequent port and subnet creation events. [pid: 8|app: 0|req: 629/1324] 10.0.0.238 () {34 vars in 1040 bytes} [Wed Jun 10 09:59:53 2026] GET /v2.0/security-groups?id=a8256a67-e441-4cfb-ac34-2131bdcbd2b2&fields=id&fields=name => generated 114 bytes in 23 msecs (HTTP/1.1 200) 4 headers in 157 bytes (1 switches on core 0)
2026-06-10 09:59:53.328 8 INFO neutron.plugins.ml2.drivers.ovn.mech_driver.mech_driver [None req-e73ff089-89bb-49ae-9b7e-8c8b7f9bfc44 - - - - - -] OVN reports status down for port: 66e1d8e6-03bd-4b47-abaa-4424ed5dc8a5 [pid: 8|app: 0|req: 630/1325] 199.204.45.23 () {34 vars in 985 bytes} [Wed Jun 10 09:59:53 2026] GET /v2.0/networks?id=4d455298-b202-47cd-a833-ead44719a5f7 => generated 807 bytes in 126 msecs (HTTP/1.1 200) 4 headers in 157 bytes (1 switches on core 0)
2026-06-10 09:59:53.381 7 INFO neutron.db.ovn_revision_numbers_db [None req-30454319-f730-4ab1-9c36-34124bb9fd57 048bc0a705fb43e689abc01285a6ab7a 74c14e89ae6c411d89bed8674ce76eec - - default default] Successfully bumped revision number for resource 66e1d8e6-03bd-4b47-abaa-4424ed5dc8a5 (type: ports) to 1 [pid: 7|app: 0|req: 696/1326] 10.0.0.224 () {34 vars in 671 bytes} [Wed Jun 10 09:59:52 2026] POST /v2.0/networks => generated 766 bytes in 1133 msecs (HTTP/1.1 201) 4 headers in 162 bytes (1 switches on core 0) [pid: 7|app: 0|req: 697/1327] 199.204.45.23 () {34 vars in 1059 bytes} [Wed Jun 10 09:59:53 2026] GET /v2.0/floatingips?fixed_ip_address=10.100.0.12&port_id=6d3814fb-a62f-40fa-ae9a-970284701413 => generated 861 bytes in 62 msecs (HTTP/1.1 200) 4 headers in 157 bytes (1 switches on core 0)
2026-06-10 09:59:53.567 8 INFO neutron.plugins.ml2.drivers.ovn.mech_driver.mech_driver [None req-e73ff089-89bb-49ae-9b7e-8c8b7f9bfc44 - - - - - -] OVN reports status down for port: 6d3814fb-a62f-40fa-ae9a-970284701413
2026-06-10 09:59:53.681 7 WARNING neutron.scheduler.dhcp_agent_scheduler [None req-9b664688-3cdd-4ae1-833e-06aa10cb1603 048bc0a705fb43e689abc01285a6ab7a 74c14e89ae6c411d89bed8674ce76eec - - default default] No more DHCP agents
2026-06-10 09:59:53.683 7 WARNING neutron.api.rpc.agentnotifiers.dhcp_rpc_agent_api [None req-9b664688-3cdd-4ae1-833e-06aa10cb1603 048bc0a705fb43e689abc01285a6ab7a 74c14e89ae6c411d89bed8674ce76eec - - default default] Unable to schedule network 6a93a00f-b08c-486f-8bc3-29bd9a103775: no agents available; will retry on subsequent port and subnet creation events.
2026-06-10 09:59:53.880 8 INFO neutron.notifiers.nova [-] Nova event matching ['req-b95bfa9c-77fe-456d-a8d1-0919ff2e1a7e'] response: {'server_uuid': '3dd11cd0-e56b-49ea-bb3a-12457d852a1d', 'name': 'network-vif-unplugged', 'status': 'completed', 'tag': '6d3814fb-a62f-40fa-ae9a-970284701413', 'code': 200}
2026-06-10 09:59:54.088 8 WARNING neutron.scheduler.dhcp_agent_scheduler [None req-f978a69d-a9ac-4eef-aef5-f3bfe04cc17b c2269cf4606543b19f26a6d4dd034a43 724d9789480a4b059c14a4520d3c368c - - default default] No more DHCP agents
2026-06-10 09:59:54.097 8 WARNING neutron.api.rpc.agentnotifiers.dhcp_rpc_agent_api [None req-f978a69d-a9ac-4eef-aef5-f3bfe04cc17b c2269cf4606543b19f26a6d4dd034a43 724d9789480a4b059c14a4520d3c368c - - default default] Unable to schedule network a29dd02b-2e23-4451-ae7e-35991bf55cc1: no agents available; will retry on subsequent port and subnet creation events.
2026-06-10 09:59:54.176 8 INFO neutron.db.ovn_revision_numbers_db [None req-e73ff089-89bb-49ae-9b7e-8c8b7f9bfc44 - - - - - -] Successfully bumped revision number for resource 6d3814fb-a62f-40fa-ae9a-970284701413 (type: ports) to 6
2026-06-10 09:59:54.255 7 INFO neutron.db.ovn_revision_numbers_db [None req-e0d7f5b5-2789-4375-93d2-47f4180e592b - - - - - -] Successfully bumped revision number for resource 66e1d8e6-03bd-4b47-abaa-4424ed5dc8a5 (type: ports) to 2
2026-06-10 09:59:54.294 7 INFO neutron.db.ovn_revision_numbers_db [None req-e0d7f5b5-2789-4375-93d2-47f4180e592b - - - - - -] Successfully bumped revision number for resource bc2d6444-c7f5-421e-a00a-028e80d8b1c3 (type: subnets) to 0 [pid: 7|app: 0|req: 698/1328] 10.0.0.224 () {34 vars in 669 bytes} [Wed Jun 10 09:59:53 2026] POST /v2.0/subnets => generated 691 bytes in 837 msecs (HTTP/1.1 201) 4 headers in 162 bytes (1 switches on core 0) [pid: 7|app: 0|req: 699/1329] 199.204.45.23 () {34 vars in 983 bytes} [Wed Jun 10 09:59:54 2026] GET /v2.0/subnets?id=d2414edf-22b6-4720-9582-b7dd1f658de8 => generated 688 bytes in 56 msecs (HTTP/1.1 200) 4 headers in 157 bytes (1 switches on core 0)
2026-06-10 09:59:54.423 8 INFO neutron.plugins.ml2.drivers.ovn.mech_driver.mech_driver [None req-dd90d825-0395-47dc-ac85-422816cbb905 - - - - - -] OVN reports status down for port: 964d8d08-8452-4902-b421-8b473304cd0c
2026-06-10 09:59:54.491 8 INFO neutron.db.ovn_revision_numbers_db [None req-f978a69d-a9ac-4eef-aef5-f3bfe04cc17b c2269cf4606543b19f26a6d4dd034a43 724d9789480a4b059c14a4520d3c368c - - default default] Successfully bumped revision number for resource 964d8d08-8452-4902-b421-8b473304cd0c (type: ports) to 1
2026-06-10 09:59:54.874 7 WARNING neutron.scheduler.dhcp_agent_scheduler [None req-98be52dd-7450-4465-8eca-ce5517c5589e 048bc0a705fb43e689abc01285a6ab7a 74c14e89ae6c411d89bed8674ce76eec - - default default] No more DHCP agents
2026-06-10 09:59:54.875 7 WARNING neutron.api.rpc.agentnotifiers.dhcp_rpc_agent_api [None req-98be52dd-7450-4465-8eca-ce5517c5589e 048bc0a705fb43e689abc01285a6ab7a 74c14e89ae6c411d89bed8674ce76eec - - default default] Unable to schedule network 18f23c55-8a06-42e8-bb72-e80dddd75b5b: no agents available; will retry on subsequent port and subnet creation events.
2026-06-10 09:59:55.041 7 INFO neutron.db.ovn_revision_numbers_db [None req-98be52dd-7450-4465-8eca-ce5517c5589e 048bc0a705fb43e689abc01285a6ab7a 74c14e89ae6c411d89bed8674ce76eec - - default default] Successfully bumped revision number for resource 7844e117-8638-44ff-a888-38421f2320fa (type: ports) to 1
2026-06-10 09:59:55.045 8 INFO neutron.plugins.ml2.drivers.ovn.mech_driver.mech_driver [None req-dd90d825-0395-47dc-ac85-422816cbb905 - - - - - -] OVN reports status down for port: 7844e117-8638-44ff-a888-38421f2320fa
2026-06-10 09:59:55.272 8 INFO neutron.plugins.ml2.drivers.ovn.mech_driver.mech_driver [None req-dd90d825-0395-47dc-ac85-422816cbb905 - - - - - -] OVN reports status up for port: 964d8d08-8452-4902-b421-8b473304cd0c
2026-06-10 09:59:55.308 8 INFO neutron.plugins.ml2.plugin [None req-dd90d825-0395-47dc-ac85-422816cbb905 - - - - - -] Attempt 1 to provision port 964d8d08-8452-4902-b421-8b473304cd0c
2026-06-10 09:59:55.416 8 WARNING neutron.scheduler.dhcp_agent_scheduler [None req-f978a69d-a9ac-4eef-aef5-f3bfe04cc17b c2269cf4606543b19f26a6d4dd034a43 724d9789480a4b059c14a4520d3c368c - - default default] No more DHCP agents
2026-06-10 09:59:55.419 8 WARNING neutron.api.rpc.agentnotifiers.dhcp_rpc_agent_api [None req-f978a69d-a9ac-4eef-aef5-f3bfe04cc17b c2269cf4606543b19f26a6d4dd034a43 724d9789480a4b059c14a4520d3c368c - - default default] Unable to schedule network a29dd02b-2e23-4451-ae7e-35991bf55cc1: no agents available; will retry on subsequent port and subnet creation events.
2026-06-10 09:59:55.931 8 INFO neutron.db.ovn_revision_numbers_db [None req-f978a69d-a9ac-4eef-aef5-f3bfe04cc17b c2269cf4606543b19f26a6d4dd034a43 724d9789480a4b059c14a4520d3c368c - - default default] Successfully bumped revision number for resource 964d8d08-8452-4902-b421-8b473304cd0c (type: router_ports) to 1 [pid: 8|app: 0|req: 631/1330] 10.0.0.224 () {34 vars in 783 bytes} [Wed Jun 10 09:59:53 2026] PUT /v2.0/routers/ede58e9c-517f-4408-9454-c542631083ee/add_router_interface => generated 309 bytes in 2576 msecs (HTTP/1.1 200) 4 headers in 157 bytes (1 switches on core 0) /var/lib/openstack/lib/python3.12/site-packages/pycadf/identifier.py:70: UserWarning: Invalid uuid: neutron. To ensure interoperability, identifiers should be a valid uuid. warnings.warn(('Invalid uuid: %s. To ensure interoperability, '
2026-06-10 09:59:55.970 8 INFO neutron.notifiers.nova [-] Nova event matching ['req-2c889463-812d-4c28-b16b-84859a29a386'] response: {'server_uuid': '3dd11cd0-e56b-49ea-bb3a-12457d852a1d', 'name': 'network-vif-unplugged', 'status': 'completed', 'tag': '6d3814fb-a62f-40fa-ae9a-970284701413', 'code': 200} [pid: 8|app: 0|req: 632/1331] 10.0.0.238 () {34 vars in 990 bytes} [Wed Jun 10 09:59:55 2026] GET /v2.0/ports?device_id=3dd11cd0-e56b-49ea-bb3a-12457d852a1d => generated 973 bytes in 93 msecs (HTTP/1.1 200) 4 headers in 157 bytes (1 switches on core 0) [pid: 8|app: 0|req: 633/1332] 199.204.45.23 () {34 vars in 1051 bytes} [Wed Jun 10 09:59:56 2026] GET /v2.0/ports?network_id=4d455298-b202-47cd-a833-ead44719a5f7&device_owner=network%3Adhcp => generated 12 bytes in 39 msecs (HTTP/1.1 200) 4 headers in 156 bytes (1 switches on core 0) [pid: 8|app: 0|req: 634/1333] 199.204.45.23 () {34 vars in 993 bytes} [Wed Jun 10 09:59:56 2026] GET /v2.0/ports?device_id=3dd11cd0-e56b-49ea-bb3a-12457d852a1d => generated 973 bytes in 72 msecs (HTTP/1.1 200) 4 headers in 157 bytes (1 switches on core 0)
2026-06-10 09:59:56.189 8 INFO neutron.db.ovn_revision_numbers_db [None req-dd90d825-0395-47dc-ac85-422816cbb905 - - - - - -] Successfully bumped revision number for resource 964d8d08-8452-4902-b421-8b473304cd0c (type: ports) to 2
2026-06-10 09:59:56.238 7 INFO neutron.plugins.ml2.drivers.ovn.mech_driver.ovsdb.commands [-] Schedule LRP lrp-7844e117-8638-44ff-a888-38421f2320fa on gateway 8c29d616-7501-49d8-93d6-b52255fee8cd with priority 1 [pid: 8|app: 0|req: 635/1334] 10.0.0.224 () {32 vars in 717 bytes} [Wed Jun 10 09:59:56 2026] GET /v2.0/ports/964d8d08-8452-4902-b421-8b473304cd0c => generated 943 bytes in 169 msecs (HTTP/1.1 200) 4 headers in 157 bytes (1 switches on core 0)
2026-06-10 09:59:56.390 7 INFO neutron.db.ovn_revision_numbers_db [None req-98be52dd-7450-4465-8eca-ce5517c5589e 048bc0a705fb43e689abc01285a6ab7a 74c14e89ae6c411d89bed8674ce76eec - - default default] Successfully bumped revision number for resource 7844e117-8638-44ff-a888-38421f2320fa (type: router_ports) to 1 [pid: 8|app: 0|req: 636/1335] 10.0.0.238 () {34 vars in 1040 bytes} [Wed Jun 10 09:59:56 2026] GET /v2.0/security-groups?id=a8256a67-e441-4cfb-ac34-2131bdcbd2b2&fields=id&fields=name => generated 114 bytes in 111 msecs (HTTP/1.1 200) 4 headers in 157 bytes (1 switches on core 0)
2026-06-10 09:59:56.456 7 INFO neutron.db.ovn_revision_numbers_db [None req-98be52dd-7450-4465-8eca-ce5517c5589e 048bc0a705fb43e689abc01285a6ab7a 74c14e89ae6c411d89bed8674ce76eec - - default default] Successfully bumped revision number for resource c2af2161-eebf-4e3c-8c3d-7e0de626ea34 (type: routers) to 2 [pid: 7|app: 0|req: 700/1336] 10.0.0.224 () {34 vars in 669 bytes} [Wed Jun 10 09:59:54 2026] POST /v2.0/routers => generated 969 bytes in 2102 msecs (HTTP/1.1 201) 4 headers in 162 bytes (1 switches on core 0)
2026-06-10 09:59:56.491 8 INFO neutron.plugins.ml2.drivers.ovn.mech_driver.ovsdb.ovsdb_monitor [None req-cd867977-a634-4caf-8269-934d12d609e3 - - - - - -] Router c2af2161-eebf-4e3c-8c3d-7e0de626ea34 is bound to host instance
2026-06-10 09:59:56.640 7 INFO neutron_taas.services.taas.taas_plugin [req-1decd935-9f6e-497d-b53c-191201527110 req-a47cd602-5dc1-4598-9076-ae6ea66d6635 74f8819055224b35b5f15e59566b7259 c973a0a8fd7544528bce7aa5535a3c84 - - default default] TaaS: Handle Delete Port: 6d3814fb-a62f-40fa-ae9a-970284701413
2026-06-10 09:59:56.648 7 INFO neutron_taas.services.taas.tap_mirror_plugin [req-1decd935-9f6e-497d-b53c-191201527110 req-a47cd602-5dc1-4598-9076-ae6ea66d6635 74f8819055224b35b5f15e59566b7259 c973a0a8fd7544528bce7aa5535a3c84 - - default default] Tap Mirror: Handle Delete Port: 6d3814fb-a62f-40fa-ae9a-970284701413
2026-06-10 09:59:56.848 7 INFO neutron.db.l3_db [req-1decd935-9f6e-497d-b53c-191201527110 req-a47cd602-5dc1-4598-9076-ae6ea66d6635 74f8819055224b35b5f15e59566b7259 c973a0a8fd7544528bce7aa5535a3c84 - - default default] Floating IP 713a050d-879b-4bce-97ae-82b8e5eb9d93 disassociated. External IP: 10.96.250.210, port: 6d3814fb-a62f-40fa-ae9a-970284701413. [pid: 7|app: 0|req: 701/1337] 199.204.45.23 () {36 vars in 996 bytes} [Wed Jun 10 09:59:56 2026] DELETE /v2.0/ports/6d3814fb-a62f-40fa-ae9a-970284701413 => generated 0 bytes in 545 msecs (HTTP/1.1 204) 3 headers in 131 bytes (1 switches on core 0)
2026-06-10 09:59:57.058 7 INFO neutron.notifiers.nova [-] Nova event matching ['req-6263d929-b480-4be9-8a19-b320b31ab463'] response: {'server_uuid': '3dd11cd0-e56b-49ea-bb3a-12457d852a1d', 'name': 'network-vif-deleted', 'tag': '6d3814fb-a62f-40fa-ae9a-970284701413', 'status': 'completed', 'code': 200} [pid: 8|app: 0|req: 637/1338] 199.204.45.23 () {34 vars in 1011 bytes} [Wed Jun 10 09:59:56 2026] GET /v2.0/networks/4d455298-b202-47cd-a833-ead44719a5f7?fields=segments => generated 14 bytes in 773 msecs (HTTP/1.1 200) 4 headers in 156 bytes (1 switches on core 0)
2026-06-10 09:59:57.511 7 WARNING neutron.scheduler.dhcp_agent_scheduler [None req-61757915-88b9-47cc-848d-10b6edc6c966 c2269cf4606543b19f26a6d4dd034a43 724d9789480a4b059c14a4520d3c368c - - default default] No more DHCP agents
2026-06-10 09:59:57.512 7 WARNING neutron.api.rpc.agentnotifiers.dhcp_rpc_agent_api [None req-61757915-88b9-47cc-848d-10b6edc6c966 c2269cf4606543b19f26a6d4dd034a43 724d9789480a4b059c14a4520d3c368c - - default default] Unable to schedule network ce03e2e6-7368-4cac-b883-fd7e0d917cfb: no agents available; will retry on subsequent port and subnet creation events.
2026-06-10 09:59:57.788 7 INFO neutron.db.ovn_revision_numbers_db [None req-61757915-88b9-47cc-848d-10b6edc6c966 c2269cf4606543b19f26a6d4dd034a43 724d9789480a4b059c14a4520d3c368c - - default default] Successfully bumped revision number for resource 6c23d951-e514-4636-ae85-a61db15ec285 (type: ports) to 1
2026-06-10 09:59:57.957 8 INFO neutron.db.ovn_revision_numbers_db [None req-8d639386-64e7-48af-9b79-0ccc19a6bb92 048bc0a705fb43e689abc01285a6ab7a 74c14e89ae6c411d89bed8674ce76eec - - default default] Successfully bumped revision number for resource 54cb57de-3482-4661-b27a-8783cf9cd48c (type: security_groups) to 1
2026-06-10 09:59:57.980 8 INFO neutron.db.ovn_revision_numbers_db [None req-8d639386-64e7-48af-9b79-0ccc19a6bb92 048bc0a705fb43e689abc01285a6ab7a 74c14e89ae6c411d89bed8674ce76eec - - default default] Successfully bumped revision number for resource 1767f39b-60ca-4d69-b171-56610389674a (type: security_group_rules) to 0
2026-06-10 09:59:58.005 8 INFO neutron.db.ovn_revision_numbers_db [None req-8d639386-64e7-48af-9b79-0ccc19a6bb92 048bc0a705fb43e689abc01285a6ab7a 74c14e89ae6c411d89bed8674ce76eec - - default default] Successfully bumped revision number for resource 33b63bad-77db-41ab-99f7-9b4591d9c9ee (type: security_group_rules) to 0
2026-06-10 09:59:58.036 8 INFO neutron.db.ovn_revision_numbers_db [None req-8d639386-64e7-48af-9b79-0ccc19a6bb92 048bc0a705fb43e689abc01285a6ab7a 74c14e89ae6c411d89bed8674ce76eec - - default default] Successfully bumped revision number for resource a94c55c3-c8d7-4b3f-a4ee-035f68317fa8 (type: security_group_rules) to 0
2026-06-10 09:59:58.064 8 INFO neutron.db.ovn_revision_numbers_db [None req-8d639386-64e7-48af-9b79-0ccc19a6bb92 048bc0a705fb43e689abc01285a6ab7a 74c14e89ae6c411d89bed8674ce76eec - - default default] Successfully bumped revision number for resource eabba731-4123-426a-a622-1504ffbc4dcc (type: security_group_rules) to 0 [pid: 8|app: 0|req: 638/1339] 10.0.0.224 () {32 vars in 774 bytes} [Wed Jun 10 09:59:57 2026] GET /v2.0/security-groups?tenant_id=2ba3a73509424059b01e6c6a1db7fac5&name=default => generated 2925 bytes in 937 msecs (HTTP/1.1 200) 4 headers in 158 bytes (1 switches on core 0)
2026-06-10 09:59:58.247 8 INFO neutron.db.ovn_revision_numbers_db [None req-b4ab2bc9-351f-47ed-8b0a-753eecc31443 - - - - - -] Successfully bumped revision number for resource 7844e117-8638-44ff-a888-38421f2320fa (type: ports) to 4
2026-06-10 09:59:58.607 7 WARNING neutron.scheduler.dhcp_agent_scheduler [None req-61757915-88b9-47cc-848d-10b6edc6c966 c2269cf4606543b19f26a6d4dd034a43 724d9789480a4b059c14a4520d3c368c - - default default] No more DHCP agents
2026-06-10 09:59:58.609 7 WARNING neutron.api.rpc.agentnotifiers.dhcp_rpc_agent_api [None req-61757915-88b9-47cc-848d-10b6edc6c966 c2269cf4606543b19f26a6d4dd034a43 724d9789480a4b059c14a4520d3c368c - - default default] Unable to schedule network ce03e2e6-7368-4cac-b883-fd7e0d917cfb: no agents available; will retry on subsequent port and subnet creation events.
2026-06-10 09:59:58.888 7 INFO neutron.db.ovn_revision_numbers_db [None req-61757915-88b9-47cc-848d-10b6edc6c966 c2269cf4606543b19f26a6d4dd034a43 724d9789480a4b059c14a4520d3c368c - - default default] Successfully bumped revision number for resource 6c23d951-e514-4636-ae85-a61db15ec285 (type: router_ports) to 1 [pid: 7|app: 0|req: 702/1340] 10.0.0.224 () {34 vars in 783 bytes} [Wed Jun 10 09:59:57 2026] PUT /v2.0/routers/ede58e9c-517f-4408-9454-c542631083ee/add_router_interface => generated 309 bytes in 1874 msecs (HTTP/1.1 200) 4 headers in 157 bytes (1 switches on core 0) [pid: 7|app: 0|req: 703/1341] 199.204.45.23 () {34 vars in 1111 bytes} [Wed Jun 10 09:59:58 2026] GET /v2.0/networks/4d455298-b202-47cd-a833-ead44719a5f7?fields=provider%3Aphysical_network&fields=provider%3Anetwork_type => generated 79 bytes in 39 msecs (HTTP/1.1 200) 4 headers in 156 bytes (1 switches on core 0) [pid: 7|app: 0|req: 704/1342] 10.0.0.238 () {34 vars in 990 bytes} [Wed Jun 10 09:59:58 2026] GET /v2.0/ports?device_id=3dd11cd0-e56b-49ea-bb3a-12457d852a1d => generated 12 bytes in 18 msecs (HTTP/1.1 200) 4 headers in 156 bytes (1 switches on core 0)
2026-06-10 09:59:59.083 8 WARNING neutron.scheduler.dhcp_agent_scheduler [None req-59288063-76b1-481d-8904-f95b82d8a81d 048bc0a705fb43e689abc01285a6ab7a 74c14e89ae6c411d89bed8674ce76eec - - default default] No more DHCP agents
2026-06-10 09:59:59.091 8 WARNING neutron.api.rpc.agentnotifiers.dhcp_rpc_agent_api [None req-59288063-76b1-481d-8904-f95b82d8a81d 048bc0a705fb43e689abc01285a6ab7a 74c14e89ae6c411d89bed8674ce76eec - - default default] Unable to schedule network 6a93a00f-b08c-486f-8bc3-29bd9a103775: no agents available; will retry on subsequent port and subnet creation events. [pid: 7|app: 0|req: 705/1343] 10.0.0.224 () {32 vars in 740 bytes} [Wed Jun 10 09:59:58 2026] DELETE /v2.0/security-groups/54cb57de-3482-4661-b27a-8783cf9cd48c => generated 0 bytes in 347 msecs (HTTP/1.1 204) 2 headers in 112 bytes (1 switches on core 0)
2026-06-10 09:59:59.324 8 INFO neutron.db.ovn_revision_numbers_db [None req-b4ab2bc9-351f-47ed-8b0a-753eecc31443 - - - - - -] Successfully bumped revision number for resource 7844e117-8638-44ff-a888-38421f2320fa (type: ports) to 5 [pid: 7|app: 0|req: 706/1344] 10.0.0.224 () {32 vars in 717 bytes} [Wed Jun 10 09:59:59 2026] GET /v2.0/ports/6c23d951-e514-4636-ae85-a61db15ec285 => generated 941 bytes in 96 msecs (HTTP/1.1 200) 4 headers in 157 bytes (1 switches on core 0) [pid: 7|app: 0|req: 707/1345] 10.0.0.224 () {32 vars in 717 bytes} [Wed Jun 10 09:59:59 2026] GET /v2.0/ports/6c23d951-e514-4636-ae85-a61db15ec285 => generated 941 bytes in 84 msecs (HTTP/1.1 200) 4 headers in 157 bytes (1 switches on core 0)
2026-06-10 09:59:59.560 8 INFO neutron.db.ovn_revision_numbers_db [None req-59288063-76b1-481d-8904-f95b82d8a81d 048bc0a705fb43e689abc01285a6ab7a 74c14e89ae6c411d89bed8674ce76eec - - default default] Successfully bumped revision number for resource a5cdd767-2029-4c1e-8e05-ae4446c9b1c4 (type: ports) to 1
2026-06-10 09:59:59.658 7 INFO neutron.db.ovn_revision_numbers_db [None req-f67287d8-cc63-4d76-96b4-80722a338a68 048bc0a705fb43e689abc01285a6ab7a 74c14e89ae6c411d89bed8674ce76eec - - default default] Successfully bumped revision number for resource 71745ef7-aeb9-4005-aad1-c8f7acdd495e (type: security_groups) to 1
2026-06-10 09:59:59.673 7 INFO neutron.db.ovn_revision_numbers_db [None req-f67287d8-cc63-4d76-96b4-80722a338a68 048bc0a705fb43e689abc01285a6ab7a 74c14e89ae6c411d89bed8674ce76eec - - default default] Successfully bumped revision number for resource 114e918e-c46f-4b3b-a2d1-90ac32313cdb (type: security_group_rules) to 0
2026-06-10 09:59:59.688 7 INFO neutron.db.ovn_revision_numbers_db [None req-f67287d8-cc63-4d76-96b4-80722a338a68 048bc0a705fb43e689abc01285a6ab7a 74c14e89ae6c411d89bed8674ce76eec - - default default] Successfully bumped revision number for resource 4fa0cf14-6349-4238-ac95-20602dc4a8eb (type: security_group_rules) to 0
2026-06-10 09:59:59.706 7 INFO neutron.db.ovn_revision_numbers_db [None req-f67287d8-cc63-4d76-96b4-80722a338a68 048bc0a705fb43e689abc01285a6ab7a 74c14e89ae6c411d89bed8674ce76eec - - default default] Successfully bumped revision number for resource af45de12-4bdb-4ca2-bcd4-1e59f34a4232 (type: security_group_rules) to 0
2026-06-10 09:59:59.729 7 INFO neutron.db.ovn_revision_numbers_db [None req-f67287d8-cc63-4d76-96b4-80722a338a68 048bc0a705fb43e689abc01285a6ab7a 74c14e89ae6c411d89bed8674ce76eec - - default default] Successfully bumped revision number for resource d8a579c6-40f0-4aa6-8a6c-8a6e9fd075e5 (type: security_group_rules) to 0 [pid: 7|app: 0|req: 708/1346] 10.0.0.224 () {32 vars in 774 bytes} [Wed Jun 10 09:59:59 2026] GET /v2.0/security-groups?tenant_id=fd6f87a2b54e46b08de3f6fd39ded8bc&name=default => generated 2925 bytes in 295 msecs (HTTP/1.1 200) 4 headers in 158 bytes (1 switches on core 0) [pid: 7|app: 0|req: 709/1347] 10.0.0.224 () {32 vars in 740 bytes} [Wed Jun 10 09:59:59 2026] DELETE /v2.0/security-groups/71745ef7-aeb9-4005-aad1-c8f7acdd495e => generated 0 bytes in 299 msecs (HTTP/1.1 204) 2 headers in 112 bytes (1 switches on core 0) [pid: 7|app: 0|req: 712/1350] 10.0.0.238 () {34 vars in 990 bytes} [Wed Jun 10 10:00:00 2026] GET /v2.0/ports?device_id=3dd11cd0-e56b-49ea-bb3a-12457d852a1d => generated 12 bytes in 38 msecs (HTTP/1.1 200) 4 headers in 156 bytes (1 switches on core 0)
2026-06-10 10:00:00.458 8 WARNING neutron.scheduler.dhcp_agent_scheduler [None req-59288063-76b1-481d-8904-f95b82d8a81d 048bc0a705fb43e689abc01285a6ab7a 74c14e89ae6c411d89bed8674ce76eec - - default default] No more DHCP agents
2026-06-10 10:00:00.460 8 WARNING neutron.api.rpc.agentnotifiers.dhcp_rpc_agent_api [None req-59288063-76b1-481d-8904-f95b82d8a81d 048bc0a705fb43e689abc01285a6ab7a 74c14e89ae6c411d89bed8674ce76eec - - default default] Unable to schedule network 6a93a00f-b08c-486f-8bc3-29bd9a103775: no agents available; will retry on subsequent port and subnet creation events. [pid: 7|app: 0|req: 713/1351] 10.0.0.224 () {32 vars in 717 bytes} [Wed Jun 10 10:00:00 2026] GET /v2.0/ports/6c23d951-e514-4636-ae85-a61db15ec285 => generated 941 bytes in 91 msecs (HTTP/1.1 200) 4 headers in 157 bytes (1 switches on core 0)
2026-06-10 10:00:01.207 8 INFO neutron.db.ovn_revision_numbers_db [None req-59288063-76b1-481d-8904-f95b82d8a81d 048bc0a705fb43e689abc01285a6ab7a 74c14e89ae6c411d89bed8674ce76eec - - default default] Successfully bumped revision number for resource a5cdd767-2029-4c1e-8e05-ae4446c9b1c4 (type: router_ports) to 1 [pid: 8|app: 0|req: 639/1352] 10.0.0.224 () {34 vars in 783 bytes} [Wed Jun 10 09:59:58 2026] PUT /v2.0/routers/c2af2161-eebf-4e3c-8c3d-7e0de626ea34/add_router_interface => generated 309 bytes in 3069 msecs (HTTP/1.1 200) 4 headers in 157 bytes (1 switches on core 0) [pid: 7|app: 0|req: 714/1353] 10.0.0.224 () {32 vars in 740 bytes} [Wed Jun 10 10:00:01 2026] DELETE /v2.0/security-groups/a8256a67-e441-4cfb-ac34-2131bdcbd2b2 => generated 0 bytes in 224 msecs (HTTP/1.1 204) 2 headers in 112 bytes (1 switches on core 0)
2026-06-10 10:00:01.494 8 INFO neutron.api.v2.resource [None req-5cd778d2-3d79-47d9-a76e-81549528b0df 74f8819055224b35b5f15e59566b7259 c973a0a8fd7544528bce7aa5535a3c84 - - default default] show failed (client error): The resource could not be found. [pid: 8|app: 0|req: 640/1354] 10.0.0.224 () {32 vars in 737 bytes} [Wed Jun 10 10:00:01 2026] GET /v2.0/security-groups/a8256a67-e441-4cfb-ac34-2131bdcbd2b2 => generated 146 bytes in 15 msecs (HTTP/1.1 404) 4 headers in 164 bytes (1 switches on core 0)
2026-06-10 10:00:01.687 7 INFO neutron_taas.services.taas.taas_plugin [None req-f9734b1f-6cc4-4b34-bbe2-acb7e8282c68 74f8819055224b35b5f15e59566b7259 c973a0a8fd7544528bce7aa5535a3c84 - - default default] TaaS: Handle Delete Port: c49a8f2d-c7de-4b40-bca4-4b3dfed3701c [pid: 8|app: 0|req: 641/1355] 10.0.0.224 () {32 vars in 717 bytes} [Wed Jun 10 10:00:01 2026] GET /v2.0/ports/6c23d951-e514-4636-ae85-a61db15ec285 => generated 941 bytes in 95 msecs (HTTP/1.1 200) 4 headers in 157 bytes (1 switches on core 0)
2026-06-10 10:00:01.691 7 INFO neutron_taas.services.taas.tap_mirror_plugin [None req-f9734b1f-6cc4-4b34-bbe2-acb7e8282c68 74f8819055224b35b5f15e59566b7259 c973a0a8fd7544528bce7aa5535a3c84 - - default default] Tap Mirror: Handle Delete Port: c49a8f2d-c7de-4b40-bca4-4b3dfed3701c
2026-06-10 10:00:01.712 8 WARNING neutron.plugins.ml2.drivers.ovn.mech_driver.ovsdb.ovn_client [None req-348a4525-d1ae-4e29-96fb-ffacddbda756 - - - - - -] No hosting information found for port 964d8d08-8452-4902-b421-8b473304cd0c: RuntimeError: No hosting information found for port 964d8d08-8452-4902-b421-8b473304cd0c
2026-06-10 10:00:01.877 8 INFO neutron.db.ovn_revision_numbers_db [None req-348a4525-d1ae-4e29-96fb-ffacddbda756 - - - - - -] Successfully bumped revision number for resource 964d8d08-8452-4902-b421-8b473304cd0c (type: router_ports) to 2
