2026-06-10 10:01:29.310 8 WARNING neutron.api.rpc.agentnotifiers.dhcp_rpc_agent_api [None req-2f04563b-0d5e-449c-a153-66a3d75e94b7 acc32d61d4844fee9c6c07f0819cd236 dfc72285a5fb48248a26294177d412e8 - - default default] Unable to schedule network e24a5482-cf19-43f6-ab2b-7dfd1a2601f6: no agents available; will retry on subsequent port and subnet creation events. [pid: 7|app: 0|req: 984/1877] 10.0.0.238 () {34 vars in 1040 bytes} [Wed Jun 10 10:01:29 2026] GET /v2.0/security-groups?id=deed0a0b-7a36-4966-86f6-4fd1d30b315f&fields=id&fields=name => generated 114 bytes in 34 msecs (HTTP/1.1 200) 4 headers in 157 bytes (1 switches on core 0)
2026-06-10 10:01:29.402 8 INFO neutron.plugins.ml2.drivers.ovn.mech_driver.mech_driver [None req-9858ea4f-0009-4c9a-bfd9-b01b2aff49d2 - - - - - -] OVN reports status down for port: 2bc17030-db79-46ed-ac78-3fd6e0473535
2026-06-10 10:01:29.506 8 INFO neutron.db.ovn_revision_numbers_db [None req-2f04563b-0d5e-449c-a153-66a3d75e94b7 acc32d61d4844fee9c6c07f0819cd236 dfc72285a5fb48248a26294177d412e8 - - default default] Successfully bumped revision number for resource 2bc17030-db79-46ed-ac78-3fd6e0473535 (type: ports) to 1 [pid: 8|app: 0|req: 894/1878] 10.0.0.224 () {34 vars in 665 bytes} [Wed Jun 10 10:01:28 2026] POST /v2.0/ports => generated 779 bytes in 618 msecs (HTTP/1.1 201) 4 headers in 162 bytes (1 switches on core 0)
2026-06-10 10:01:29.721 7 INFO neutron.db.segments_db [None req-8e8cfbc7-1d12-4829-a45b-4748681bc8ad acc32d61d4844fee9c6c07f0819cd236 dfc72285a5fb48248a26294177d412e8 - - default default] Added segment 13c53807-70ed-4a32-a1ea-a046703016a6 of type geneve for network 9e060b2f-90ea-44eb-b330-a99d1cc08e9f
2026-06-10 10:01:29.851 7 INFO neutron.db.ovn_revision_numbers_db [None req-8e8cfbc7-1d12-4829-a45b-4748681bc8ad acc32d61d4844fee9c6c07f0819cd236 dfc72285a5fb48248a26294177d412e8 - - default default] Successfully bumped revision number for resource 9e060b2f-90ea-44eb-b330-a99d1cc08e9f (type: networks) to 1
2026-06-10 10:01:30.027 7 WARNING neutron.scheduler.dhcp_agent_scheduler [None req-8e8cfbc7-1d12-4829-a45b-4748681bc8ad acc32d61d4844fee9c6c07f0819cd236 dfc72285a5fb48248a26294177d412e8 - - default default] No more DHCP agents
2026-06-10 10:01:30.028 7 WARNING neutron.api.rpc.agentnotifiers.dhcp_rpc_agent_api [None req-8e8cfbc7-1d12-4829-a45b-4748681bc8ad acc32d61d4844fee9c6c07f0819cd236 dfc72285a5fb48248a26294177d412e8 - - default default] Unable to schedule network 9e060b2f-90ea-44eb-b330-a99d1cc08e9f: no agents available; will retry on subsequent port and subnet creation events.
2026-06-10 10:01:30.092 8 INFO neutron.plugins.ml2.drivers.ovn.mech_driver.mech_driver [None req-9858ea4f-0009-4c9a-bfd9-b01b2aff49d2 - - - - - -] OVN reports status down for port: e362d883-b0c0-4b4e-af81-dac51980048c
2026-06-10 10:01:30.196 7 INFO neutron.db.ovn_revision_numbers_db [None req-8e8cfbc7-1d12-4829-a45b-4748681bc8ad acc32d61d4844fee9c6c07f0819cd236 dfc72285a5fb48248a26294177d412e8 - - default default] Successfully bumped revision number for resource b33b9e69-ff10-4c5b-bd28-e4b50f7483b9 (type: ports) to 1 [pid: 7|app: 0|req: 985/1881] 10.0.0.224 () {34 vars in 670 bytes} [Wed Jun 10 10:01:29 2026] POST /v2.0/networks => generated 655 bytes in 600 msecs (HTTP/1.1 201) 4 headers in 162 bytes (1 switches on core 0) /var/lib/openstack/lib/python3.12/site-packages/pycadf/identifier.py:70: UserWarning: Invalid uuid: neutron. To ensure interoperability, identifiers should be a valid uuid. warnings.warn(('Invalid uuid: %s. To ensure interoperability, '
2026-06-10 10:01:30.361 8 INFO neutron.notifiers.nova [-] Nova event matching ['req-8b193104-f70d-4d0b-8a37-39369fa28372'] response: {'server_uuid': 'a353e16d-1e68-4e59-9adc-4d89fff6a1cc', 'name': 'network-vif-unplugged', 'status': 'completed', 'tag': 'e362d883-b0c0-4b4e-af81-dac51980048c', 'code': 200}
2026-06-10 10:01:30.611 7 INFO neutron.db.ovn_revision_numbers_db [None req-4f6850b5-b54b-446f-9b05-5334b871d1c6 048bc0a705fb43e689abc01285a6ab7a 74c14e89ae6c411d89bed8674ce76eec - - default default] Successfully bumped revision number for resource bb3a1f96-5ab8-468e-9f14-3a31efa205e6 (type: security_groups) to 1
2026-06-10 10:01:30.628 7 INFO neutron.db.ovn_revision_numbers_db [None req-4f6850b5-b54b-446f-9b05-5334b871d1c6 048bc0a705fb43e689abc01285a6ab7a 74c14e89ae6c411d89bed8674ce76eec - - default default] Successfully bumped revision number for resource 120215d3-895e-41f4-beba-911f24ac1bd2 (type: security_group_rules) to 0
2026-06-10 10:01:30.643 7 INFO neutron.db.ovn_revision_numbers_db [None req-4f6850b5-b54b-446f-9b05-5334b871d1c6 048bc0a705fb43e689abc01285a6ab7a 74c14e89ae6c411d89bed8674ce76eec - - default default] Successfully bumped revision number for resource c53daa83-d95d-47b0-911c-b3c117fef34f (type: security_group_rules) to 0
2026-06-10 10:01:30.655 7 INFO neutron.db.ovn_revision_numbers_db [None req-4f6850b5-b54b-446f-9b05-5334b871d1c6 048bc0a705fb43e689abc01285a6ab7a 74c14e89ae6c411d89bed8674ce76eec - - default default] Successfully bumped revision number for resource dd71ed0c-d1fe-40fc-a940-bd7acf2a40db (type: security_group_rules) to 0
2026-06-10 10:01:30.688 7 INFO neutron.db.ovn_revision_numbers_db [None req-4f6850b5-b54b-446f-9b05-5334b871d1c6 048bc0a705fb43e689abc01285a6ab7a 74c14e89ae6c411d89bed8674ce76eec - - default default] Successfully bumped revision number for resource e2f3b038-e4ba-4434-aba4-0d99d82611d9 (type: security_group_rules) to 0 [pid: 7|app: 0|req: 986/1882] 10.0.0.224 () {32 vars in 774 bytes} [Wed Jun 10 10:01:30 2026] GET /v2.0/security-groups?tenant_id=5b99618de77741579a0d9dc9164d341f&name=default => generated 2925 bytes in 421 msecs (HTTP/1.1 200) 4 headers in 158 bytes (1 switches on core 0) [pid: 7|app: 0|req: 987/1883] 10.0.0.238 () {34 vars in 990 bytes} [Wed Jun 10 10:01:30 2026] GET /v2.0/ports?device_id=a353e16d-1e68-4e59-9adc-4d89fff6a1cc => generated 973 bytes in 58 msecs (HTTP/1.1 200) 4 headers in 157 bytes (1 switches on core 0)
2026-06-10 10:01:30.793 8 INFO neutron.db.ovn_revision_numbers_db [None req-9858ea4f-0009-4c9a-bfd9-b01b2aff49d2 - - - - - -] Successfully bumped revision number for resource e362d883-b0c0-4b4e-af81-dac51980048c (type: ports) to 8
2026-06-10 10:01:30.806 8 WARNING neutron.scheduler.dhcp_agent_scheduler [None req-3ae855fb-8b33-429e-876c-5d823c74b12b acc32d61d4844fee9c6c07f0819cd236 dfc72285a5fb48248a26294177d412e8 - - default default] No more DHCP agents
2026-06-10 10:01:30.808 8 WARNING neutron.api.rpc.agentnotifiers.dhcp_rpc_agent_api [None req-3ae855fb-8b33-429e-876c-5d823c74b12b acc32d61d4844fee9c6c07f0819cd236 dfc72285a5fb48248a26294177d412e8 - - default default] Unable to schedule network 9e060b2f-90ea-44eb-b330-a99d1cc08e9f: no agents available; will retry on subsequent port and subnet creation events.
2026-06-10 10:01:30.902 8 INFO neutron.db.ovn_revision_numbers_db [None req-3ae855fb-8b33-429e-876c-5d823c74b12b acc32d61d4844fee9c6c07f0819cd236 dfc72285a5fb48248a26294177d412e8 - - default default] Successfully bumped revision number for resource de96db48-7568-46d8-8a7d-ef7666c5be06 (type: subnets) to 0
2026-06-10 10:01:30.929 8 INFO neutron.plugins.ml2.drivers.ovn.mech_driver.mech_driver [None req-d8392663-5b71-42b2-a692-d359ee0a4d6f - - - - - -] OVN reports status down for port: b33b9e69-ff10-4c5b-bd28-e4b50f7483b9 [pid: 8|app: 0|req: 897/1884] 10.0.0.224 () {34 vars in 669 bytes} [Wed Jun 10 10:01:30 2026] POST /v2.0/subnets => generated 646 bytes in 713 msecs (HTTP/1.1 201) 4 headers in 162 bytes (1 switches on core 0) /var/lib/openstack/lib/python3.12/site-packages/pycadf/identifier.py:70: UserWarning: Invalid uuid: neutron. To ensure interoperability, identifiers should be a valid uuid. warnings.warn(('Invalid uuid: %s. To ensure interoperability, ' [pid: 8|app: 0|req: 898/1885] 10.0.0.238 () {34 vars in 1040 bytes} [Wed Jun 10 10:01:30 2026] GET /v2.0/security-groups?id=deed0a0b-7a36-4966-86f6-4fd1d30b315f&fields=id&fields=name => generated 114 bytes in 95 msecs (HTTP/1.1 200) 4 headers in 157 bytes (1 switches on core 0) [pid: 7|app: 0|req: 988/1886] 10.0.0.224 () {32 vars in 740 bytes} [Wed Jun 10 10:01:30 2026] DELETE /v2.0/security-groups/bb3a1f96-5ab8-468e-9f14-3a31efa205e6 => generated 0 bytes in 370 msecs (HTTP/1.1 204) 2 headers in 112 bytes (1 switches on core 0)
2026-06-10 10:01:31.443 8 WARNING neutron.scheduler.dhcp_agent_scheduler [None req-64fa55d1-513c-467e-a078-7039787747ce acc32d61d4844fee9c6c07f0819cd236 dfc72285a5fb48248a26294177d412e8 - - default default] No more DHCP agents
2026-06-10 10:01:31.444 8 WARNING neutron.api.rpc.agentnotifiers.dhcp_rpc_agent_api [None req-64fa55d1-513c-467e-a078-7039787747ce acc32d61d4844fee9c6c07f0819cd236 dfc72285a5fb48248a26294177d412e8 - - default default] Unable to schedule network 9e060b2f-90ea-44eb-b330-a99d1cc08e9f: no agents available; will retry on subsequent port and subnet creation events.
2026-06-10 10:01:31.558 8 INFO neutron.plugins.ml2.drivers.ovn.mech_driver.mech_driver [None req-d8392663-5b71-42b2-a692-d359ee0a4d6f - - - - - -] OVN reports status down for port: 09577391-d679-4fb0-9324-7c88f3ba28b5
2026-06-10 10:01:31.649 8 INFO neutron.db.ovn_revision_numbers_db [None req-64fa55d1-513c-467e-a078-7039787747ce acc32d61d4844fee9c6c07f0819cd236 dfc72285a5fb48248a26294177d412e8 - - default default] Successfully bumped revision number for resource 09577391-d679-4fb0-9324-7c88f3ba28b5 (type: ports) to 1 [pid: 8|app: 0|req: 899/1887] 10.0.0.224 () {34 vars in 665 bytes} [Wed Jun 10 10:01:31 2026] POST /v2.0/ports => generated 965 bytes in 686 msecs (HTTP/1.1 201) 4 headers in 162 bytes (1 switches on core 0) /var/lib/openstack/lib/python3.12/site-packages/pycadf/identifier.py:70: UserWarning: Invalid uuid: neutron. To ensure interoperability, identifiers should be a valid uuid. warnings.warn(('Invalid uuid: %s. To ensure interoperability, '
2026-06-10 10:01:31.908 8 INFO neutron_taas.services.taas.taas_plugin [None req-5fac2005-a8dc-49b5-a7c3-3790735cb7bc acc32d61d4844fee9c6c07f0819cd236 dfc72285a5fb48248a26294177d412e8 - - default default] TaaS: Handle Delete Port: 09577391-d679-4fb0-9324-7c88f3ba28b5
2026-06-10 10:01:31.911 8 INFO neutron_taas.services.taas.tap_mirror_plugin [None req-5fac2005-a8dc-49b5-a7c3-3790735cb7bc acc32d61d4844fee9c6c07f0819cd236 dfc72285a5fb48248a26294177d412e8 - - default default] Tap Mirror: Handle Delete Port: 09577391-d679-4fb0-9324-7c88f3ba28b5 [pid: 8|app: 0|req: 900/1888] 10.0.0.224 () {32 vars in 720 bytes} [Wed Jun 10 10:01:31 2026] DELETE /v2.0/ports/09577391-d679-4fb0-9324-7c88f3ba28b5 => generated 0 bytes in 387 msecs (HTTP/1.1 204) 3 headers in 131 bytes (1 switches on core 0) [pid: 8|app: 0|req: 901/1889] 10.0.0.238 () {34 vars in 990 bytes} [Wed Jun 10 10:01:32 2026] GET /v2.0/ports?device_id=a353e16d-1e68-4e59-9adc-4d89fff6a1cc => generated 973 bytes in 78 msecs (HTTP/1.1 200) 4 headers in 157 bytes (1 switches on core 0) [pid: 7|app: 0|req: 989/1890] 199.204.45.23 () {34 vars in 993 bytes} [Wed Jun 10 10:01:31 2026] GET /v2.0/ports?device_id=a353e16d-1e68-4e59-9adc-4d89fff6a1cc => generated 973 bytes in 1027 msecs (HTTP/1.1 200) 4 headers in 157 bytes (1 switches on core 0) [pid: 8|app: 0|req: 902/1891] 10.0.0.134 () {28 vars in 591 bytes} [Wed Jun 10 10:01:32 2026] GET /v2.0/floatingips => generated 859 bytes in 146 msecs (HTTP/1.1 200) 4 headers in 157 bytes (1 switches on core 0)
2026-06-10 10:01:32.342 7 INFO neutron.pecan_wsgi.hooks.translation [None req-a0fef6c0-8395-4a8f-8ea7-d7e5fed82cfd acc32d61d4844fee9c6c07f0819cd236 dfc72285a5fb48248a26294177d412e8 - - default default] DELETE failed (client error): The resource could not be found. [pid: 7|app: 0|req: 990/1892] 10.0.0.224 () {32 vars in 720 bytes} [Wed Jun 10 10:01:32 2026] DELETE /v2.0/ports/09577391-d679-4fb0-9324-7c88f3ba28b5 => generated 132 bytes in 35 msecs (HTTP/1.1 404) 4 headers in 164 bytes (1 switches on core 0) [pid: 8|app: 0|req: 903/1893] 10.0.0.238 () {34 vars in 1040 bytes} [Wed Jun 10 10:01:32 2026] GET /v2.0/security-groups?id=deed0a0b-7a36-4966-86f6-4fd1d30b315f&fields=id&fields=name => generated 114 bytes in 33 msecs (HTTP/1.1 200) 4 headers in 157 bytes (1 switches on core 0) [pid: 8|app: 0|req: 904/1894] 10.0.0.134 () {28 vars in 599 bytes} [Wed Jun 10 10:01:32 2026] GET /v2.0/security-groups => generated 26075 bytes in 37 msecs (HTTP/1.1 200) 4 headers in 159 bytes (1 switches on core 0)
2026-06-10 10:01:32.415 8 INFO neutron.notifiers.nova [-] Nova event matching ['req-06cf0466-982b-422d-92ef-ef4ced936b90'] response: {'server_uuid': 'a353e16d-1e68-4e59-9adc-4d89fff6a1cc', 'name': 'network-vif-unplugged', 'status': 'completed', 'tag': 'e362d883-b0c0-4b4e-af81-dac51980048c', 'code': 200}
2026-06-10 10:01:32.424 8 INFO neutron.pecan_wsgi.hooks.translation [None req-7e196cec-391d-4ca6-9798-9cd3c1b0089c acc32d61d4844fee9c6c07f0819cd236 dfc72285a5fb48248a26294177d412e8 - - default default] GET failed (client error): The resource could not be found. [pid: 8|app: 0|req: 905/1895] 10.0.0.224 () {32 vars in 717 bytes} [Wed Jun 10 10:01:32 2026] GET /v2.0/ports/09577391-d679-4fb0-9324-7c88f3ba28b5 => generated 132 bytes in 16 msecs (HTTP/1.1 404) 4 headers in 164 bytes (1 switches on core 0) [pid: 8|app: 0|req: 906/1896] 10.0.0.134 () {28 vars in 583 bytes} [Wed Jun 10 10:01:32 2026] GET /v2.0/subnets => generated 2643 bytes in 30 msecs (HTTP/1.1 200) 4 headers in 158 bytes (1 switches on core 0)
2026-06-10 10:01:32.539 7 INFO neutron_taas.services.taas.taas_plugin [req-5ab433e1-5004-40d3-ac09-3efac21fa4d9 req-c43b1b33-ea82-4bfc-be7b-2d4a07f3c85f 8df8a066be21402ea96c2f4151696e68 53d0ea8d4dc44dd48732031038af9c87 - - default default] TaaS: Handle Delete Port: e362d883-b0c0-4b4e-af81-dac51980048c
2026-06-10 10:01:32.543 7 INFO neutron_taas.services.taas.tap_mirror_plugin [req-5ab433e1-5004-40d3-ac09-3efac21fa4d9 req-c43b1b33-ea82-4bfc-be7b-2d4a07f3c85f 8df8a066be21402ea96c2f4151696e68 53d0ea8d4dc44dd48732031038af9c87 - - default default] Tap Mirror: Handle Delete Port: e362d883-b0c0-4b4e-af81-dac51980048c [pid: 8|app: 0|req: 907/1897] 10.0.0.224 () {32 vars in 724 bytes} [Wed Jun 10 10:01:32 2026] DELETE /v2.0/subnets/de96db48-7568-46d8-8a7d-ef7666c5be06 => generated 0 bytes in 206 msecs (HTTP/1.1 204) 3 headers in 131 bytes (1 switches on core 0) [pid: 8|app: 0|req: 908/1898] 10.0.0.134 () {28 vars in 591 bytes} [Wed Jun 10 10:01:32 2026] GET /v2.0/subnetpools => generated 19 bytes in 8 msecs (HTTP/1.1 200) 4 headers in 156 bytes (1 switches on core 0)
2026-06-10 10:01:32.838 7 INFO neutron.db.l3_db [req-5ab433e1-5004-40d3-ac09-3efac21fa4d9 req-c43b1b33-ea82-4bfc-be7b-2d4a07f3c85f 8df8a066be21402ea96c2f4151696e68 53d0ea8d4dc44dd48732031038af9c87 - - default default] Floating IP bacd583f-9983-400c-80f7-e9a023503afa disassociated. External IP: 10.96.250.220, port: e362d883-b0c0-4b4e-af81-dac51980048c.
2026-06-10 10:01:32.869 8 INFO neutron_taas.services.taas.taas_plugin [None req-70bb3dc0-8bb3-4ca8-999e-02e40f3bb63b acc32d61d4844fee9c6c07f0819cd236 dfc72285a5fb48248a26294177d412e8 - - default default] TaaS: Handle Delete Port: b33b9e69-ff10-4c5b-bd28-e4b50f7483b9
2026-06-10 10:01:32.872 8 INFO neutron_taas.services.taas.tap_mirror_plugin [None req-70bb3dc0-8bb3-4ca8-999e-02e40f3bb63b acc32d61d4844fee9c6c07f0819cd236 dfc72285a5fb48248a26294177d412e8 - - default default] Tap Mirror: Handle Delete Port: b33b9e69-ff10-4c5b-bd28-e4b50f7483b9 [pid: 7|app: 0|req: 991/1899] 199.204.45.23 () {36 vars in 996 bytes} [Wed Jun 10 10:01:32 2026] DELETE /v2.0/ports/e362d883-b0c0-4b4e-af81-dac51980048c => generated 0 bytes in 708 msecs (HTTP/1.1 204) 3 headers in 131 bytes (1 switches on core 0)
2026-06-10 10:01:33.108 7 INFO neutron.notifiers.nova [-] Nova event matching ['req-cd5159c1-cb69-4720-92b8-472dda00c55f'] response: {'server_uuid': 'a353e16d-1e68-4e59-9adc-4d89fff6a1cc', 'name': 'network-vif-deleted', 'tag': 'e362d883-b0c0-4b4e-af81-dac51980048c', 'status': 'completed', 'code': 200} [pid: 7|app: 0|req: 992/1900] 10.0.0.134 () {28 vars in 585 bytes} [Wed Jun 10 10:01:33 2026] GET /v2.0/networks => generated 4597 bytes in 102 msecs (HTTP/1.1 200) 4 headers in 158 bytes (1 switches on core 0)
2026-06-10 10:01:33.174 8 INFO neutron.services.segments.plugin [-] Segment 13c53807-70ed-4a32-a1ea-a046703016a6 resource provider aggregate not found
2026-06-10 10:01:33.183 8 INFO neutron.services.segments.plugin [-] Segment 13c53807-70ed-4a32-a1ea-a046703016a6 resource provider aggregate not found
2026-06-10 10:01:33.195 8 INFO neutron.services.segments.plugin [-] Segment 13c53807-70ed-4a32-a1ea-a046703016a6 resource provider not found; error: Placement Client Error (4xx): {"errors": [{"status": 404, "title": "Not Found", "detail": "The resource could not be found.\n\n No resource provider with uuid 13c53807-70ed-4a32-a1ea-a046703016a6 found for delete ", "request_id": "req-16a2dedf-4697-4ce5-a057-f50c6785dd5f"}]}
2026-06-10 10:01:33.201 8 INFO neutron.services.segments.plugin [-] Segment 13c53807-70ed-4a32-a1ea-a046703016a6 resource provider not found; error: Placement Client Error (4xx): {"errors": [{"status": 404, "title": "Not Found", "detail": "The resource could not be found.\n\n No resource provider with uuid 13c53807-70ed-4a32-a1ea-a046703016a6 found for delete ", "request_id": "req-6d37b50d-5352-45d9-9146-731839bc0392"}]} [pid: 8|app: 0|req: 909/1901] 10.0.0.224 () {32 vars in 726 bytes} [Wed Jun 10 10:01:32 2026] DELETE /v2.0/networks/9e060b2f-90ea-44eb-b330-a99d1cc08e9f => generated 0 bytes in 598 msecs (HTTP/1.1 204) 3 headers in 131 bytes (1 switches on core 0) [pid: 7|app: 0|req: 993/1902] 10.0.0.134 () {28 vars in 583 bytes} [Wed Jun 10 10:01:33 2026] GET /v2.0/routers => generated 978 bytes in 111 msecs (HTTP/1.1 200) 4 headers in 157 bytes (1 switches on core 0) /var/lib/openstack/lib/python3.12/site-packages/pycadf/identifier.py:70: UserWarning: Invalid uuid: neutron. To ensure interoperability, identifiers should be a valid uuid. warnings.warn(('Invalid uuid: %s. To ensure interoperability, ' [pid: 7|app: 0|req: 994/1903] 10.0.0.134 () {28 vars in 624 bytes} [Wed Jun 10 10:01:33 2026] GET /v2.0/agents?binary=ovn-controller => generated 416 bytes in 20 msecs (HTTP/1.1 200) 4 headers in 157 bytes (1 switches on core 0) [pid: 7|app: 0|req: 995/1904] 10.0.0.134 () {28 vars in 581 bytes} [Wed Jun 10 10:01:33 2026] GET /v2.0/agents => generated 1214 bytes in 9 msecs (HTTP/1.1 200) 4 headers in 158 bytes (1 switches on core 0) [pid: 7|app: 0|req: 996/1905] 10.0.0.134 () {28 vars in 583 bytes} [Wed Jun 10 10:01:33 2026] GET /v2.0/subnets => generated 1989 bytes in 29 msecs (HTTP/1.1 200) 4 headers in 158 bytes (1 switches on core 0)
2026-06-10 10:01:33.373 8 INFO neutron.db.segments_db [None req-51ab2343-cb60-4a15-9871-9d378ba6eda4 acc32d61d4844fee9c6c07f0819cd236 dfc72285a5fb48248a26294177d412e8 - - default default] Added segment 3365e24f-84d4-472e-a7b9-8209e72410e3 of type geneve for network 7f17a613-f785-4c9f-9e6e-90f61262ae52 [pid: 7|app: 0|req: 997/1906] 10.0.0.134 () {28 vars in 579 bytes} [Wed Jun 10 10:01:33 2026] GET /v2.0/ports => generated 11161 bytes in 69 msecs (HTTP/1.1 200) 4 headers in 159 bytes (1 switches on core 0) [pid: 7|app: 0|req: 998/1907] 10.0.0.134 () {28 vars in 619 bytes} [Wed Jun 10 10:01:33 2026] GET /v2.0/network-ip-availabilities => generated 1867 bytes in 23 msecs (HTTP/1.1 200) 4 headers in 158 bytes (1 switches on core 0) [pid: 7|app: 0|req: 999/1908] 10.0.0.238 () {34 vars in 990 bytes} [Wed Jun 10 10:01:33 2026] GET /v2.0/ports?device_id=a353e16d-1e68-4e59-9adc-4d89fff6a1cc => generated 12 bytes in 17 msecs (HTTP/1.1 200) 4 headers in 156 bytes (1 switches on core 0)
2026-06-10 10:01:33.564 8 INFO neutron.db.ovn_revision_numbers_db [None req-51ab2343-cb60-4a15-9871-9d378ba6eda4 acc32d61d4844fee9c6c07f0819cd236 dfc72285a5fb48248a26294177d412e8 - - default default] Successfully bumped revision number for resource 7f17a613-f785-4c9f-9e6e-90f61262ae52 (type: networks) to 1
2026-06-10 10:01:33.744 8 WARNING neutron.scheduler.dhcp_agent_scheduler [None req-51ab2343-cb60-4a15-9871-9d378ba6eda4 acc32d61d4844fee9c6c07f0819cd236 dfc72285a5fb48248a26294177d412e8 - - default default] No more DHCP agents
2026-06-10 10:01:33.745 8 WARNING neutron.api.rpc.agentnotifiers.dhcp_rpc_agent_api [None req-51ab2343-cb60-4a15-9871-9d378ba6eda4 acc32d61d4844fee9c6c07f0819cd236 dfc72285a5fb48248a26294177d412e8 - - default default] Unable to schedule network 7f17a613-f785-4c9f-9e6e-90f61262ae52: no agents available; will retry on subsequent port and subnet creation events.
2026-06-10 10:01:33.830 8 INFO neutron.plugins.ml2.drivers.ovn.mech_driver.mech_driver [None req-d8392663-5b71-42b2-a692-d359ee0a4d6f - - - - - -] OVN reports status down for port: ec507fad-d168-49d3-9c55-eb9648595053
2026-06-10 10:01:33.907 8 INFO neutron.db.ovn_revision_numbers_db [None req-51ab2343-cb60-4a15-9871-9d378ba6eda4 acc32d61d4844fee9c6c07f0819cd236 dfc72285a5fb48248a26294177d412e8 - - default default] Successfully bumped revision number for resource ec507fad-d168-49d3-9c55-eb9648595053 (type: ports) to 1 [pid: 8|app: 0|req: 910/1909] 10.0.0.224 () {34 vars in 670 bytes} [Wed Jun 10 10:01:33 2026] POST /v2.0/networks => generated 655 bytes in 667 msecs (HTTP/1.1 201) 4 headers in 162 bytes (1 switches on core 0)
2026-06-10 10:01:34.186 8 WARNING neutron.scheduler.dhcp_agent_scheduler [None req-7ef69b1c-94be-46b5-a0db-767c1a976f1c acc32d61d4844fee9c6c07f0819cd236 dfc72285a5fb48248a26294177d412e8 - - default default] No more DHCP agents
2026-06-10 10:01:34.187 8 WARNING neutron.api.rpc.agentnotifiers.dhcp_rpc_agent_api [None req-7ef69b1c-94be-46b5-a0db-767c1a976f1c acc32d61d4844fee9c6c07f0819cd236 dfc72285a5fb48248a26294177d412e8 - - default default] Unable to schedule network 7f17a613-f785-4c9f-9e6e-90f61262ae52: no agents available; will retry on subsequent port and subnet creation events.
2026-06-10 10:01:34.224 7 WARNING neutron.scheduler.dhcp_agent_scheduler [None req-e8fef421-2829-4354-85fa-994ddb061225 99031748897440eca7a3920c937a5479 ade642df2504426793fdb6c539ffe19e - - default default] No more DHCP agents
2026-06-10 10:01:34.226 7 WARNING neutron.api.rpc.agentnotifiers.dhcp_rpc_agent_api [None req-e8fef421-2829-4354-85fa-994ddb061225 99031748897440eca7a3920c937a5479 ade642df2504426793fdb6c539ffe19e - - default default] Unable to schedule network 18f23c55-8a06-42e8-bb72-e80dddd75b5b: no agents available; will retry on subsequent port and subnet creation events.
2026-06-10 10:01:34.233 8 INFO neutron.db.ovn_revision_numbers_db [None req-7ef69b1c-94be-46b5-a0db-767c1a976f1c acc32d61d4844fee9c6c07f0819cd236 dfc72285a5fb48248a26294177d412e8 - - default default] Successfully bumped revision number for resource 7f48142f-c668-4130-903f-674e5e00390b (type: subnets) to 0 [pid: 8|app: 0|req: 911/1910] 10.0.0.224 () {34 vars in 669 bytes} [Wed Jun 10 10:01:33 2026] POST /v2.0/subnets => generated 646 bytes in 303 msecs (HTTP/1.1 201) 4 headers in 162 bytes (1 switches on core 0) [pid: 7|app: 0|req: 1000/1911] 10.0.0.224 () {34 vars in 676 bytes} [Wed Jun 10 10:01:33 2026] POST /v2.0/floatingips => generated 552 bytes in 728 msecs (HTTP/1.1 201) 4 headers in 162 bytes (1 switches on core 0)
2026-06-10 10:01:34.533 8 WARNING neutron.scheduler.dhcp_agent_scheduler [None req-a523c942-3b0c-476b-af13-5f5aeb6cedda acc32d61d4844fee9c6c07f0819cd236 dfc72285a5fb48248a26294177d412e8 - - default default] No more DHCP agents
2026-06-10 10:01:34.539 8 WARNING neutron.api.rpc.agentnotifiers.dhcp_rpc_agent_api [None req-a523c942-3b0c-476b-af13-5f5aeb6cedda acc32d61d4844fee9c6c07f0819cd236 dfc72285a5fb48248a26294177d412e8 - - default default] Unable to schedule network 7f17a613-f785-4c9f-9e6e-90f61262ae52: no agents available; will retry on subsequent port and subnet creation events.
2026-06-10 10:01:34.679 8 INFO neutron.plugins.ml2.drivers.ovn.mech_driver.mech_driver [None req-d8392663-5b71-42b2-a692-d359ee0a4d6f - - - - - -] OVN reports status down for port: ed482710-38fb-4020-b81e-a5d11c6d50b2
2026-06-10 10:01:34.773 8 INFO neutron.db.ovn_revision_numbers_db [None req-a523c942-3b0c-476b-af13-5f5aeb6cedda acc32d61d4844fee9c6c07f0819cd236 dfc72285a5fb48248a26294177d412e8 - - default default] Successfully bumped revision number for resource ed482710-38fb-4020-b81e-a5d11c6d50b2 (type: ports) to 1 [pid: 8|app: 0|req: 912/1912] 10.0.0.224 () {34 vars in 665 bytes} [Wed Jun 10 10:01:34 2026] POST /v2.0/ports => generated 927 bytes in 568 msecs (HTTP/1.1 201) 4 headers in 162 bytes (1 switches on core 0)
2026-06-10 10:01:34.926 7 INFO neutron.db.ovn_revision_numbers_db [None req-2720093d-4b86-4d61-998f-4b7a2ea70bb5 d8dc2ca2dc9d4945934cce0fc20626c0 f0d61a3bf8504daaa77c8f5abe15c623 - - default default] Successfully bumped revision number for resource 73ce5b7b-8733-44b6-aa17-a77a41c4396c (type: security_groups) to 1
2026-06-10 10:01:34.944 7 INFO neutron.db.ovn_revision_numbers_db [None req-2720093d-4b86-4d61-998f-4b7a2ea70bb5 d8dc2ca2dc9d4945934cce0fc20626c0 f0d61a3bf8504daaa77c8f5abe15c623 - - default default] Successfully bumped revision number for resource 065a30be-afd7-4c4c-a020-17c336d69d22 (type: security_group_rules) to 0
2026-06-10 10:01:34.961 7 INFO neutron.db.ovn_revision_numbers_db [None req-2720093d-4b86-4d61-998f-4b7a2ea70bb5 d8dc2ca2dc9d4945934cce0fc20626c0 f0d61a3bf8504daaa77c8f5abe15c623 - - default default] Successfully bumped revision number for resource 3f06e2b0-4565-4c43-a14c-f332c3c6a08c (type: security_group_rules) to 0
2026-06-10 10:01:34.977 7 INFO neutron.db.ovn_revision_numbers_db [None req-2720093d-4b86-4d61-998f-4b7a2ea70bb5 d8dc2ca2dc9d4945934cce0fc20626c0 f0d61a3bf8504daaa77c8f5abe15c623 - - default default] Successfully bumped revision number for resource b97c622a-2cdd-41f6-8ece-ddb5e039b608 (type: security_group_rules) to 0
2026-06-10 10:01:34.993 7 INFO neutron.db.ovn_revision_numbers_db [None req-2720093d-4b86-4d61-998f-4b7a2ea70bb5 d8dc2ca2dc9d4945934cce0fc20626c0 f0d61a3bf8504daaa77c8f5abe15c623 - - default default] Successfully bumped revision number for resource f60596c9-2f3a-44cd-87fb-13c7867a1ea2 (type: security_group_rules) to 0
2026-06-10 10:01:35.072 7 INFO neutron.db.segments_db [None req-2720093d-4b86-4d61-998f-4b7a2ea70bb5 d8dc2ca2dc9d4945934cce0fc20626c0 f0d61a3bf8504daaa77c8f5abe15c623 - - default default] Added segment c2cf8196-a9dc-4585-8661-16f86c72e351 of type geneve for network a716afae-5635-4926-990a-16135ddc920c
2026-06-10 10:01:35.116 8 WARNING neutron.scheduler.dhcp_agent_scheduler [None req-24b35f03-6192-4f73-94af-37a8f775e5fe 99031748897440eca7a3920c937a5479 ade642df2504426793fdb6c539ffe19e - - default default] No more DHCP agents
2026-06-10 10:01:35.117 8 WARNING neutron.api.rpc.agentnotifiers.dhcp_rpc_agent_api [None req-24b35f03-6192-4f73-94af-37a8f775e5fe 99031748897440eca7a3920c937a5479 ade642df2504426793fdb6c539ffe19e - - default default] Unable to schedule network 18f23c55-8a06-42e8-bb72-e80dddd75b5b: no agents available; will retry on subsequent port and subnet creation events.
2026-06-10 10:01:35.212 7 INFO neutron.db.ovn_revision_numbers_db [None req-2720093d-4b86-4d61-998f-4b7a2ea70bb5 d8dc2ca2dc9d4945934cce0fc20626c0 f0d61a3bf8504daaa77c8f5abe15c623 - - default default] Successfully bumped revision number for resource a716afae-5635-4926-990a-16135ddc920c (type: networks) to 1
2026-06-10 10:01:35.412 7 WARNING neutron.scheduler.dhcp_agent_scheduler [None req-2720093d-4b86-4d61-998f-4b7a2ea70bb5 d8dc2ca2dc9d4945934cce0fc20626c0 f0d61a3bf8504daaa77c8f5abe15c623 - - default default] No more DHCP agents
2026-06-10 10:01:35.414 7 WARNING neutron.api.rpc.agentnotifiers.dhcp_rpc_agent_api [None req-2720093d-4b86-4d61-998f-4b7a2ea70bb5 d8dc2ca2dc9d4945934cce0fc20626c0 f0d61a3bf8504daaa77c8f5abe15c623 - - default default] Unable to schedule network a716afae-5635-4926-990a-16135ddc920c: no agents available; will retry on subsequent port and subnet creation events.
2026-06-10 10:01:35.559 8 INFO neutron.plugins.ml2.drivers.ovn.mech_driver.mech_driver [None req-d8392663-5b71-42b2-a692-d359ee0a4d6f - - - - - -] OVN reports status down for port: 38d27589-6482-466e-b897-57c5354e28a5
2026-06-10 10:01:35.570 7 INFO neutron.db.ovn_revision_numbers_db [None req-2720093d-4b86-4d61-998f-4b7a2ea70bb5 d8dc2ca2dc9d4945934cce0fc20626c0 f0d61a3bf8504daaa77c8f5abe15c623 - - default default] Successfully bumped revision number for resource 38d27589-6482-466e-b897-57c5354e28a5 (type: ports) to 1 [pid: 7|app: 0|req: 1001/1913] 10.0.0.224 () {34 vars in 671 bytes} [Wed Jun 10 10:01:34 2026] POST /v2.0/networks => generated 651 bytes in 1082 msecs (HTTP/1.1 201) 4 headers in 162 bytes (1 switches on core 0) [pid: 7|app: 0|req: 1002/1914] 10.0.0.238 () {34 vars in 990 bytes} [Wed Jun 10 10:01:35 2026] GET /v2.0/ports?device_id=a353e16d-1e68-4e59-9adc-4d89fff6a1cc => generated 12 bytes in 33 msecs (HTTP/1.1 200) 4 headers in 156 bytes (1 switches on core 0) [pid: 8|app: 0|req: 913/1915] 10.0.0.224 () {34 vars in 676 bytes} [Wed Jun 10 10:01:34 2026] POST /v2.0/floatingips => generated 552 bytes in 840 msecs (HTTP/1.1 201) 4 headers in 162 bytes (1 switches on core 0)
2026-06-10 10:01:35.842 7 INFO neutron_taas.services.taas.taas_plugin [None req-ca2dc877-afb8-4b5c-aca6-857824a743ba acc32d61d4844fee9c6c07f0819cd236 dfc72285a5fb48248a26294177d412e8 - - default default] TaaS: Handle Delete Port: ed482710-38fb-4020-b81e-a5d11c6d50b2
2026-06-10 10:01:35.844 7 INFO neutron_taas.services.taas.tap_mirror_plugin [None req-ca2dc877-afb8-4b5c-aca6-857824a743ba acc32d61d4844fee9c6c07f0819cd236 dfc72285a5fb48248a26294177d412e8 - - default default] Tap Mirror: Handle Delete Port: ed482710-38fb-4020-b81e-a5d11c6d50b2 [pid: 7|app: 0|req: 1003/1916] 10.0.0.224 () {32 vars in 720 bytes} [Wed Jun 10 10:01:35 2026] DELETE /v2.0/ports/ed482710-38fb-4020-b81e-a5d11c6d50b2 => generated 0 bytes in 373 msecs (HTTP/1.1 204) 3 headers in 131 bytes (1 switches on core 0)
2026-06-10 10:01:36.211 8 WARNING neutron.scheduler.dhcp_agent_scheduler [None req-93fa2f86-7dc8-43f3-91e5-7c96814c5562 d8dc2ca2dc9d4945934cce0fc20626c0 f0d61a3bf8504daaa77c8f5abe15c623 - - default default] No more DHCP agents
2026-06-10 10:01:36.213 8 WARNING neutron.api.rpc.agentnotifiers.dhcp_rpc_agent_api [None req-93fa2f86-7dc8-43f3-91e5-7c96814c5562 d8dc2ca2dc9d4945934cce0fc20626c0 f0d61a3bf8504daaa77c8f5abe15c623 - - default default] Unable to schedule network 18f23c55-8a06-42e8-bb72-e80dddd75b5b: no agents available; will retry on subsequent port and subnet creation events.
2026-06-10 10:01:36.245 7 WARNING neutron.scheduler.dhcp_agent_scheduler [None req-0ce44cec-937b-4c88-8260-06dee7b66022 99031748897440eca7a3920c937a5479 ade642df2504426793fdb6c539ffe19e - - default default] No more DHCP agents
2026-06-10 10:01:36.247 7 WARNING neutron.api.rpc.agentnotifiers.dhcp_rpc_agent_api [None req-0ce44cec-937b-4c88-8260-06dee7b66022 99031748897440eca7a3920c937a5479 ade642df2504426793fdb6c539ffe19e - - default default] Unable to schedule network 18f23c55-8a06-42e8-bb72-e80dddd75b5b: no agents available; will retry on subsequent port and subnet creation events.
2026-06-10 10:01:36.346 8 INFO neutron.plugins.ml2.drivers.ovn.mech_driver.mech_driver [None req-d8392663-5b71-42b2-a692-d359ee0a4d6f - - - - - -] OVN reports status down for port: 98a16fc0-6d64-4817-b7f0-167135c4c656
2026-06-10 10:01:36.419 8 INFO neutron.db.ovn_revision_numbers_db [None req-93fa2f86-7dc8-43f3-91e5-7c96814c5562 d8dc2ca2dc9d4945934cce0fc20626c0 f0d61a3bf8504daaa77c8f5abe15c623 - - default default] Successfully bumped revision number for resource 98a16fc0-6d64-4817-b7f0-167135c4c656 (type: ports) to 1 [pid: 7|app: 0|req: 1004/1917] 10.0.0.224 () {34 vars in 676 bytes} [Wed Jun 10 10:01:36 2026] POST /v2.0/floatingips => generated 552 bytes in 616 msecs (HTTP/1.1 201) 4 headers in 162 bytes (1 switches on core 0)
2026-06-10 10:01:36.644 7 INFO neutron.pecan_wsgi.hooks.translation [None req-a193edbe-00c2-4d8a-ba3d-f60bb01a17b9 acc32d61d4844fee9c6c07f0819cd236 dfc72285a5fb48248a26294177d412e8 - - default default] GET failed (client error): The resource could not be found. [pid: 7|app: 0|req: 1005/1918] 10.0.0.224 () {32 vars in 717 bytes} [Wed Jun 10 10:01:36 2026] GET /v2.0/ports/ed482710-38fb-4020-b81e-a5d11c6d50b2 => generated 132 bytes in 25 msecs (HTTP/1.1 404) 4 headers in 164 bytes (1 switches on core 0)
2026-06-10 10:01:36.921 7 WARNING neutron.scheduler.dhcp_agent_scheduler [None req-fa796b67-9d7f-4400-b5a9-a2962568b03b 99031748897440eca7a3920c937a5479 ade642df2504426793fdb6c539ffe19e - - default default] No more DHCP agents
2026-06-10 10:01:36.922 7 WARNING neutron.api.rpc.agentnotifiers.dhcp_rpc_agent_api [None req-fa796b67-9d7f-4400-b5a9-a2962568b03b 99031748897440eca7a3920c937a5479 ade642df2504426793fdb6c539ffe19e - - default default] Unable to schedule network 18f23c55-8a06-42e8-bb72-e80dddd75b5b: no agents available; will retry on subsequent port and subnet creation events.
2026-06-10 10:01:37.104 8 INFO neutron.plugins.ml2.drivers.ovn.mech_driver.ovsdb.commands [None req-9f54d0be-6c6e-4778-b096-a907f625767a - - - - - -] Schedule LRP lrp-98a16fc0-6d64-4817-b7f0-167135c4c656 on gateway 8c29d616-7501-49d8-93d6-b52255fee8cd with priority 1
2026-06-10 10:01:37.243 8 INFO neutron.plugins.ml2.drivers.ovn.mech_driver.ovsdb.ovsdb_monitor [None req-a3e74a2a-f59f-4332-a268-1e48b4c40e76 - - - - - -] Router fdec316c-e1e6-4017-a735-9eb9e43eaf5f is bound to host instance
2026-06-10 10:01:37.260 8 INFO neutron.plugins.ml2.drivers.ovn.mech_driver.mech_driver [None req-d8392663-5b71-42b2-a692-d359ee0a4d6f - - - - - -] OVN reports status up for port: 98a16fc0-6d64-4817-b7f0-167135c4c656
2026-06-10 10:01:37.311 8 INFO neutron.plugins.ml2.plugin [None req-d8392663-5b71-42b2-a692-d359ee0a4d6f - - - - - -] Attempt 1 to provision port 98a16fc0-6d64-4817-b7f0-167135c4c656
2026-06-10 10:01:37.373 8 INFO neutron.db.ovn_revision_numbers_db [None req-93fa2f86-7dc8-43f3-91e5-7c96814c5562 d8dc2ca2dc9d4945934cce0fc20626c0 f0d61a3bf8504daaa77c8f5abe15c623 - - default default] Successfully bumped revision number for resource 98a16fc0-6d64-4817-b7f0-167135c4c656 (type: router_ports) to 1 [pid: 7|app: 0|req: 1006/1919] 10.0.0.224 () {34 vars in 676 bytes} [Wed Jun 10 10:01:36 2026] POST /v2.0/floatingips => generated 552 bytes in 748 msecs (HTTP/1.1 201) 4 headers in 162 bytes (1 switches on core 0) [pid: 7|app: 0|req: 1007/1920] 10.0.0.224 () {32 vars in 724 bytes} [Wed Jun 10 10:01:37 2026] DELETE /v2.0/subnets/7f48142f-c668-4130-903f-674e5e00390b => generated 0 bytes in 157 msecs (HTTP/1.1 204) 3 headers in 131 bytes (1 switches on core 0)
2026-06-10 10:01:37.609 8 INFO neutron.db.ovn_revision_numbers_db [None req-93fa2f86-7dc8-43f3-91e5-7c96814c5562 d8dc2ca2dc9d4945934cce0fc20626c0 f0d61a3bf8504daaa77c8f5abe15c623 - - default default] Successfully bumped revision number for resource fdec316c-e1e6-4017-a735-9eb9e43eaf5f (type: routers) to 2 [pid: 8|app: 0|req: 914/1921] 10.0.0.224 () {34 vars in 669 bytes} [Wed Jun 10 10:01:35 2026] POST /v2.0/routers => generated 955 bytes in 1977 msecs (HTTP/1.1 201) 4 headers in 162 bytes (1 switches on core 0) [pid: 7|app: 0|req: 1008/1922] 10.0.0.224 () {32 vars in 740 bytes} [Wed Jun 10 10:01:37 2026] DELETE /v2.0/security-groups/deed0a0b-7a36-4966-86f6-4fd1d30b315f => generated 0 bytes in 195 msecs (HTTP/1.1 204) 2 headers in 112 bytes (1 switches on core 0)
2026-06-10 10:01:37.862 7 INFO neutron_taas.services.taas.taas_plugin [None req-94b9b97f-02ab-487f-aead-5244f08bd503 acc32d61d4844fee9c6c07f0819cd236 dfc72285a5fb48248a26294177d412e8 - - default default] TaaS: Handle Delete Port: ec507fad-d168-49d3-9c55-eb9648595053
2026-06-10 10:01:37.865 7 INFO neutron_taas.services.taas.tap_mirror_plugin [None req-94b9b97f-02ab-487f-aead-5244f08bd503 acc32d61d4844fee9c6c07f0819cd236 dfc72285a5fb48248a26294177d412e8 - - default default] Tap Mirror: Handle Delete Port: ec507fad-d168-49d3-9c55-eb9648595053
2026-06-10 10:01:38.094 7 INFO neutron.services.segments.plugin [-] Segment 3365e24f-84d4-472e-a7b9-8209e72410e3 resource provider aggregate not found
2026-06-10 10:01:38.096 7 INFO neutron.services.segments.plugin [-] Segment 3365e24f-84d4-472e-a7b9-8209e72410e3 resource provider aggregate not found
2026-06-10 10:01:38.122 7 INFO neutron.services.segments.plugin [-] Segment 3365e24f-84d4-472e-a7b9-8209e72410e3 resource provider not found; error: Placement Client Error (4xx): {"errors": [{"status": 404, "title": "Not Found", "detail": "The resource could not be found.\n\n No resource provider with uuid 3365e24f-84d4-472e-a7b9-8209e72410e3 found for delete ", "request_id": "req-2e63891c-42b3-46a1-93ed-68bfaf1faf8c"}]}
2026-06-10 10:01:38.123 7 INFO neutron.services.segments.plugin [-] Segment 3365e24f-84d4-472e-a7b9-8209e72410e3 resource provider not found; error: Placement Client Error (4xx): {"errors": [{"status": 404, "title": "Not Found", "detail": "The resource could not be found.\n\n No resource provider with uuid 3365e24f-84d4-472e-a7b9-8209e72410e3 found for delete ", "request_id": "req-8a6bf542-30d5-4da2-a40c-bcdcb6595dd0"}]} [pid: 7|app: 0|req: 1009/1923] 10.0.0.224 () {32 vars in 726 bytes} [Wed Jun 10 10:01:37 2026] DELETE /v2.0/networks/7f17a613-f785-4c9f-9e6e-90f61262ae52 => generated 0 bytes in 408 msecs (HTTP/1.1 204) 3 headers in 131 bytes (1 switches on core 0) [pid: 7|app: 0|req: 1010/1924] 10.0.0.224 () {32 vars in 776 bytes} [Wed Jun 10 10:01:38 2026] GET /v2.0/subnets?project_id=f0d61a3bf8504daaa77c8f5abe15c623&cidr=10.100.0.0%2F28 => generated 14 bytes in 50 msecs (HTTP/1.1 200) 4 headers in 156 bytes (1 switches on core 0)
2026-06-10 10:01:38.218 7 INFO neutron.api.v2.resource [None req-53af74b3-981b-430c-92e4-ea1d36a89638 8df8a066be21402ea96c2f4151696e68 53d0ea8d4dc44dd48732031038af9c87 - - default default] show failed (client error): The resource could not be found. [pid: 7|app: 0|req: 1011/1925] 10.0.0.224 () {32 vars in 737 bytes} [Wed Jun 10 10:01:38 2026] GET /v2.0/security-groups/deed0a0b-7a36-4966-86f6-4fd1d30b315f => generated 146 bytes in 13 msecs (HTTP/1.1 404) 4 headers in 164 bytes (1 switches on core 0)
2026-06-10 10:01:38.296 8 WARNING neutron.scheduler.dhcp_agent_scheduler [None req-ad751fa8-4571-4d57-abaf-8f543acc04a0 99031748897440eca7a3920c937a5479 ade642df2504426793fdb6c539ffe19e - - default default] No more DHCP agents
2026-06-10 10:01:38.298 8 WARNING neutron.api.rpc.agentnotifiers.dhcp_rpc_agent_api [None req-ad751fa8-4571-4d57-abaf-8f543acc04a0 99031748897440eca7a3920c937a5479 ade642df2504426793fdb6c539ffe19e - - default default] Unable to schedule network 18f23c55-8a06-42e8-bb72-e80dddd75b5b: no agents available; will retry on subsequent port and subnet creation events.
2026-06-10 10:01:38.454 7 WARNING neutron.scheduler.dhcp_agent_scheduler [None req-3c1d6071-8d22-4c81-a194-48ff520909d5 acc32d61d4844fee9c6c07f0819cd236 dfc72285a5fb48248a26294177d412e8 - - default default] No more DHCP agents
2026-06-10 10:01:38.455 7 WARNING neutron.api.rpc.agentnotifiers.dhcp_rpc_agent_api [None req-3c1d6071-8d22-4c81-a194-48ff520909d5 acc32d61d4844fee9c6c07f0819cd236 dfc72285a5fb48248a26294177d412e8 - - default default] Unable to schedule network e24a5482-cf19-43f6-ab2b-7dfd1a2601f6: no agents available; will retry on subsequent port and subnet creation events.
2026-06-10 10:01:38.612 7 INFO neutron.db.ovn_revision_numbers_db [None req-3c1d6071-8d22-4c81-a194-48ff520909d5 acc32d61d4844fee9c6c07f0819cd236 dfc72285a5fb48248a26294177d412e8 - - default default] Successfully bumped revision number for resource 51d7563a-0977-49bf-8dcf-f1439b0137de (type: ports) to 1 [pid: 7|app: 0|req: 1012/1926] 10.0.0.224 () {34 vars in 665 bytes} [Wed Jun 10 10:01:38 2026] POST /v2.0/ports => generated 778 bytes in 457 msecs (HTTP/1.1 201) 4 headers in 162 bytes (1 switches on core 0) /var/lib/openstack/lib/python3.12/site-packages/pycadf/identifier.py:70: UserWarning: Invalid uuid: neutron. To ensure interoperability, identifiers should be a valid uuid. warnings.warn(('Invalid uuid: %s. To ensure interoperability, ' [pid: 7|app: 0|req: 1013/1927] 10.0.0.224 () {32 vars in 694 bytes} [Wed Jun 10 10:01:38 2026] GET /v2.0/networks?router%3Aexternal=True => generated 791 bytes in 66 msecs (HTTP/1.1 200) 4 headers in 157 bytes (1 switches on core 0)
2026-06-10 10:01:38.854 7 INFO neutron_taas.services.taas.taas_plugin [None req-5720d109-4512-4b21-92c6-3f6ccfeee67b 8df8a066be21402ea96c2f4151696e68 53d0ea8d4dc44dd48732031038af9c87 - - default default] TaaS: Handle Delete Port: df58db86-1a74-45f5-b0d1-07b1a580ca69
2026-06-10 10:01:38.856 7 INFO neutron_taas.services.taas.tap_mirror_plugin [None req-5720d109-4512-4b21-92c6-3f6ccfeee67b 8df8a066be21402ea96c2f4151696e68 53d0ea8d4dc44dd48732031038af9c87 - - default default] Tap Mirror: Handle Delete Port: df58db86-1a74-45f5-b0d1-07b1a580ca69 [pid: 8|app: 0|req: 915/1928] 10.0.0.224 () {34 vars in 676 bytes} [Wed Jun 10 10:01:37 2026] POST /v2.0/floatingips => generated 552 bytes in 1340 msecs (HTTP/1.1 201) 4 headers in 162 bytes (1 switches on core 0) [pid: 7|app: 0|req: 1014/1929] 10.0.0.224 () {32 vars in 732 bytes} [Wed Jun 10 10:01:38 2026] DELETE /v2.0/floatingips/bacd583f-9983-400c-80f7-e9a023503afa => generated 0 bytes in 242 msecs (HTTP/1.1 204) 2 headers in 112 bytes (1 switches on core 0) [pid: 7|app: 0|req: 1015/1930] 10.0.0.224 () {32 vars in 784 bytes} [Wed Jun 10 10:01:38 2026] GET /v2.0/subnets?network_id=18f23c55-8a06-42e8-bb72-e80dddd75b5b&cidr=10.100.0.0%2F28 => generated 14 bytes in 20 msecs (HTTP/1.1 200) 4 headers in 156 bytes (1 switches on core 0) [pid: 7|app: 0|req: 1016/1931] 10.0.0.224 () {34 vars in 759 bytes} [Wed Jun 10 10:01:39 2026] PUT /v2.0/floatingips/0e2e46ca-896b-4604-bc65-6994725c6516/tags => generated 17 bytes in 80 msecs (HTTP/1.1 200) 4 headers in 156 bytes (1 switches on core 0)
2026-06-10 10:01:39.419 7 INFO neutron_taas.services.taas.taas_plugin [None req-ca720868-b52b-4e9a-b5ed-5ef981ec6a47 048bc0a705fb43e689abc01285a6ab7a 74c14e89ae6c411d89bed8674ce76eec - - default default] TaaS: Handle Delete Port: a5cdd767-2029-4c1e-8e05-ae4446c9b1c4
2026-06-10 10:01:39.422 7 INFO neutron_taas.services.taas.tap_mirror_plugin [None req-ca720868-b52b-4e9a-b5ed-5ef981ec6a47 048bc0a705fb43e689abc01285a6ab7a 74c14e89ae6c411d89bed8674ce76eec - - default default] Tap Mirror: Handle Delete Port: a5cdd767-2029-4c1e-8e05-ae4446c9b1c4
2026-06-10 10:01:39.441 8 INFO neutron.db.ovn_revision_numbers_db [None req-859f75a4-c08b-4b6b-9eb8-4545c9e770ca - - - - - -] Successfully bumped revision number for resource 98a16fc0-6d64-4817-b7f0-167135c4c656 (type: ports) to 4
2026-06-10 10:01:39.573 8 INFO neutron.db.ovn_revision_numbers_db [None req-5faedadb-56e5-4e4a-9839-7fb63b57dade acc32d61d4844fee9c6c07f0819cd236 dfc72285a5fb48248a26294177d412e8 - - default default] Successfully bumped revision number for resource 51d7563a-0977-49bf-8dcf-f1439b0137de (type: ports) to 2 [pid: 8|app: 0|req: 916/1932] 10.0.0.224 () {34 vars in 737 bytes} [Wed Jun 10 10:01:38 2026] PUT /v2.0/ports/51d7563a-0977-49bf-8dcf-f1439b0137de => generated 752 bytes in 734 msecs (HTTP/1.1 200) 4 headers in 157 bytes (1 switches on core 0) /var/lib/openstack/lib/python3.12/site-packages/pycadf/identifier.py:70: UserWarning: Invalid uuid: neutron. To ensure interoperability, identifiers should be a valid uuid. warnings.warn(('Invalid uuid: %s. To ensure interoperability, '
2026-06-10 10:01:39.934 8 INFO neutron.plugins.ml2.drivers.ovn.mech_driver.mech_driver [None req-d8392663-5b71-42b2-a692-d359ee0a4d6f - - - - - -] OVN reports status down for port: 51d7563a-0977-49bf-8dcf-f1439b0137de
2026-06-10 10:01:40.134 8 INFO neutron.plugins.ml2.drivers.ovn.mech_driver.mech_driver [None req-d8392663-5b71-42b2-a692-d359ee0a4d6f - - - - - -] OVN reports status down for port: 51d7563a-0977-49bf-8dcf-f1439b0137de [pid: 7|app: 0|req: 1017/1933] 10.0.0.224 () {34 vars in 789 bytes} [Wed Jun 10 10:01:39 2026] PUT /v2.0/routers/c2af2161-eebf-4e3c-8c3d-7e0de626ea34/remove_router_interface => generated 309 bytes in 1167 msecs (HTTP/1.1 200) 4 headers in 157 bytes (1 switches on core 0) /var/lib/openstack/lib/python3.12/site-packages/pycadf/identifier.py:70: UserWarning: Invalid uuid: neutron. To ensure interoperability, identifiers should be a valid uuid. warnings.warn(('Invalid uuid: %s. To ensure interoperability, ' [pid: 7|app: 0|req: 1018/1934] 10.0.0.224 () {34 vars in 759 bytes} [Wed Jun 10 10:01:40 2026] PUT /v2.0/floatingips/fb9b8488-de6a-473f-b7d4-c43f42b92453/tags => generated 25 bytes in 79 msecs (HTTP/1.1 200) 4 headers in 156 bytes (1 switches on core 0)
2026-06-10 10:01:40.450 8 WARNING neutron.scheduler.dhcp_agent_scheduler [None req-8359e4ac-b2c0-4779-8fbe-3fafdf4fe626 d8dc2ca2dc9d4945934cce0fc20626c0 f0d61a3bf8504daaa77c8f5abe15c623 - - default default] No more DHCP agents
2026-06-10 10:01:40.455 8 WARNING neutron.api.rpc.agentnotifiers.dhcp_rpc_agent_api [None req-8359e4ac-b2c0-4779-8fbe-3fafdf4fe626 d8dc2ca2dc9d4945934cce0fc20626c0 f0d61a3bf8504daaa77c8f5abe15c623 - - default default] Unable to schedule network a716afae-5635-4926-990a-16135ddc920c: no agents available; will retry on subsequent port and subnet creation events.
2026-06-10 10:01:40.488 7 INFO neutron_taas.services.taas.taas_plugin [None req-8d9cae10-8123-4837-a11e-d89f83db74f2 acc32d61d4844fee9c6c07f0819cd236 dfc72285a5fb48248a26294177d412e8 - - default default] TaaS: Handle Delete Port: 51d7563a-0977-49bf-8dcf-f1439b0137de
2026-06-10 10:01:40.493 7 INFO neutron_taas.services.taas.tap_mirror_plugin [None req-8d9cae10-8123-4837-a11e-d89f83db74f2 acc32d61d4844fee9c6c07f0819cd236 dfc72285a5fb48248a26294177d412e8 - - default default] Tap Mirror: Handle Delete Port: 51d7563a-0977-49bf-8dcf-f1439b0137de
2026-06-10 10:01:40.783 8 INFO neutron.db.ovn_revision_numbers_db [None req-859f75a4-c08b-4b6b-9eb8-4545c9e770ca - - - - - -] Successfully bumped revision number for resource 98a16fc0-6d64-4817-b7f0-167135c4c656 (type: ports) to 5 [pid: 7|app: 0|req: 1019/1935] 10.0.0.224 () {32 vars in 720 bytes} [Wed Jun 10 10:01:40 2026] DELETE /v2.0/ports/51d7563a-0977-49bf-8dcf-f1439b0137de => generated 0 bytes in 496 msecs (HTTP/1.1 204) 3 headers in 131 bytes (1 switches on core 0)
2026-06-10 10:01:41.216 8 INFO neutron.db.ovn_revision_numbers_db [None req-d196cc1f-7788-412b-810d-8788f44f498e - - - - - -] Successfully bumped revision number for resource 38d27589-6482-466e-b897-57c5354e28a5 (type: ports) to 2
2026-06-10 10:01:41.233 7 INFO neutron_taas.services.taas.taas_plugin [None req-35d493cc-ce10-48ea-8067-8a64d09c1b9e 048bc0a705fb43e689abc01285a6ab7a 74c14e89ae6c411d89bed8674ce76eec - - default default] TaaS: Handle Delete Port: 7844e117-8638-44ff-a888-38421f2320fa
2026-06-10 10:01:41.237 7 INFO neutron_taas.services.taas.tap_mirror_plugin [None req-35d493cc-ce10-48ea-8067-8a64d09c1b9e 048bc0a705fb43e689abc01285a6ab7a 74c14e89ae6c411d89bed8674ce76eec - - default default] Tap Mirror: Handle Delete Port: 7844e117-8638-44ff-a888-38421f2320fa
2026-06-10 10:01:41.252 8 INFO neutron.db.ovn_revision_numbers_db [None req-d196cc1f-7788-412b-810d-8788f44f498e - - - - - -] Successfully bumped revision number for resource b705bc96-00dc-4ebb-82b1-deb028821634 (type: subnets) to 0 [pid: 8|app: 0|req: 917/1936] 10.0.0.224 () {34 vars in 669 bytes} [Wed Jun 10 10:01:39 2026] POST /v2.0/subnets => generated 657 bytes in 1547 msecs (HTTP/1.1 201) 4 headers in 162 bytes (1 switches on core 0) [pid: 8|app: 0|req: 918/1937] 10.0.0.224 () {34 vars in 759 bytes} [Wed Jun 10 10:01:41 2026] PUT /v2.0/floatingips/fd8410a5-d6ca-4a3e-8e3e-7755daebc6cc/tags => generated 34 bytes in 76 msecs (HTTP/1.1 200) 4 headers in 156 bytes (1 switches on core 0) [pid: 8|app: 0|req: 919/1938] 10.0.0.224 () {32 vars in 643 bytes} [Wed Jun 10 10:01:41 2026] GET /v2.0/ports => generated 1538 bytes in 51 msecs (HTTP/1.1 200) 4 headers in 158 bytes (1 switches on core 0) [pid: 7|app: 0|req: 1020/1939] 10.0.0.224 () {32 vars in 724 bytes} [Wed Jun 10 10:01:40 2026] DELETE /v2.0/routers/c2af2161-eebf-4e3c-8c3d-7e0de626ea34 => generated 0 bytes in 986 msecs (HTTP/1.1 204) 2 headers in 112 bytes (1 switches on core 0) [pid: 7|app: 0|req: 1021/1940] 10.0.0.224 () {34 vars in 759 bytes} [Wed Jun 10 10:01:41 2026] PUT /v2.0/floatingips/600df42e-b92a-4afa-b555-25e4656b5422/tags => generated 19 bytes in 60 msecs (HTTP/1.1 200) 4 headers in 156 bytes (1 switches on core 0)
2026-06-10 10:01:41.896 7 INFO neutron.pecan_wsgi.hooks.translation [None req-1c03382c-3476-4ebb-8ec3-45289a44d428 acc32d61d4844fee9c6c07f0819cd236 dfc72285a5fb48248a26294177d412e8 - - default default] GET failed (client error): The resource could not be found. [pid: 7|app: 0|req: 1022/1941] 10.0.0.224 () {32 vars in 717 bytes} [Wed Jun 10 10:01:41 2026] GET /v2.0/ports/51d7563a-0977-49bf-8dcf-f1439b0137de => generated 132 bytes in 18 msecs (HTTP/1.1 404) 4 headers in 164 bytes (1 switches on core 0) [pid: 7|app: 0|req: 1023/1942] 10.0.0.224 () {32 vars in 724 bytes} [Wed Jun 10 10:01:41 2026] DELETE /v2.0/subnets/bc2d6444-c7f5-421e-a00a-028e80d8b1c3 => generated 0 bytes in 183 msecs (HTTP/1.1 204) 3 headers in 131 bytes (1 switches on core 0) [pid: 7|app: 0|req: 1024/1943] 10.0.0.224 () {32 vars in 672 bytes} [Wed Jun 10 10:01:42 2026] GET /v2.0/floatingips?tags=red => generated 1671 bytes in 79 msecs (HTTP/1.1 200) 4 headers in 158 bytes (1 switches on core 0)
2026-06-10 10:01:42.185 8 WARNING neutron.scheduler.dhcp_agent_scheduler [None req-0f1e5ad9-715d-43db-9583-6621b47fa0fb d8dc2ca2dc9d4945934cce0fc20626c0 f0d61a3bf8504daaa77c8f5abe15c623 - - default default] No more DHCP agents
