Apr 02 14:41:44.185601 np0000163003 neutron-periodic-workers[104134]: DEBUG cotyledon.oslo_config_glue [-] ml2.project_network_types = ['geneve'] {{(pid=104134) log_opt_values /opt/stack/data/venv/lib/python3.12/site-packages/oslo_config/cfg.py:3006}}
Apr 02 14:41:44.185601 np0000163003 neutron-periodic-workers[104134]: DEBUG cotyledon.oslo_config_glue [-] ml2.tunnelled_network_rp_name = rp_tunnelled {{(pid=104134) log_opt_values /opt/stack/data/venv/lib/python3.12/site-packages/oslo_config/cfg.py:3006}}
Apr 02 14:41:44.185601 np0000163003 neutron-periodic-workers[104134]: DEBUG cotyledon.oslo_config_glue [-] ml2.type_drivers = ['local', 'flat', 'vlan', 'geneve'] {{(pid=104134) log_opt_values /opt/stack/data/venv/lib/python3.12/site-packages/oslo_config/cfg.py:3006}}
Apr 02 14:41:44.185601 np0000163003 neutron-periodic-workers[104134]: DEBUG cotyledon.oslo_config_glue [-] ml2_type_flat.flat_networks = ['public'] {{(pid=104134) log_opt_values /opt/stack/data/venv/lib/python3.12/site-packages/oslo_config/cfg.py:3006}}
Apr 02 14:41:44.185601 np0000163003 neutron-periodic-workers[104134]: DEBUG cotyledon.oslo_config_glue [-] ml2_type_geneve.max_header_size = 38 {{(pid=104134) log_opt_values /opt/stack/data/venv/lib/python3.12/site-packages/oslo_config/cfg.py:3006}}
Apr 02 14:41:44.185601 np0000163003 neutron-periodic-workers[104134]: DEBUG cotyledon.oslo_config_glue [-] ml2_type_geneve.vni_ranges = ['1:65536'] {{(pid=104134) log_opt_values /opt/stack/data/venv/lib/python3.12/site-packages/oslo_config/cfg.py:3006}}
Apr 02 14:41:44.185601 np0000163003 neutron-periodic-workers[104134]: DEBUG cotyledon.oslo_config_glue [-] ml2_type_vlan.network_vlan_ranges = ['public'] {{(pid=104134) log_opt_values /opt/stack/data/venv/lib/python3.12/site-packages/oslo_config/cfg.py:3006}}
Apr 02 14:41:44.185601 np0000163003 neutron-periodic-workers[104134]: DEBUG cotyledon.oslo_config_glue [-] network_log.burst_limit = 25 {{(pid=104134) log_opt_values /opt/stack/data/venv/lib/python3.12/site-packages/oslo_config/cfg.py:3006}}
Apr 02 14:41:44.185601 np0000163003 neutron-periodic-workers[104134]: DEBUG cotyledon.oslo_config_glue [-] network_log.local_output_log_base = None {{(pid=104134) log_opt_values /opt/stack/data/venv/lib/python3.12/site-packages/oslo_config/cfg.py:3006}}
Apr 02 14:41:44.185976 np0000163003 neutron-periodic-workers[104134]: DEBUG cotyledon.oslo_config_glue [-] network_log.rate_limit = 100 {{(pid=104134) log_opt_values /opt/stack/data/venv/lib/python3.12/site-packages/oslo_config/cfg.py:3006}}
Apr 02 14:41:44.185976 np0000163003 neutron-periodic-workers[104134]: DEBUG cotyledon.oslo_config_glue [-] database.asyncio_connection = **** {{(pid=104134) log_opt_values /opt/stack/data/venv/lib/python3.12/site-packages/oslo_config/cfg.py:3006}}
Apr 02 14:41:44.185976 np0000163003 neutron-periodic-workers[104134]: DEBUG cotyledon.oslo_config_glue [-] database.asyncio_slave_connection = **** {{(pid=104134) log_opt_values /opt/stack/data/venv/lib/python3.12/site-packages/oslo_config/cfg.py:3006}}
Apr 02 14:41:44.185976 np0000163003 neutron-periodic-workers[104134]: DEBUG cotyledon.oslo_config_glue [-] database.backend = sqlalchemy {{(pid=104134) log_opt_values /opt/stack/data/venv/lib/python3.12/site-packages/oslo_config/cfg.py:3006}}
Apr 02 14:41:44.185976 np0000163003 neutron-periodic-workers[104134]: DEBUG cotyledon.oslo_config_glue [-] database.connection = **** {{(pid=104134) log_opt_values /opt/stack/data/venv/lib/python3.12/site-packages/oslo_config/cfg.py:3006}}
Apr 02 14:41:44.185976 np0000163003 neutron-periodic-workers[104134]: DEBUG cotyledon.oslo_config_glue [-] database.connection_debug = 0 {{(pid=104134) log_opt_values /opt/stack/data/venv/lib/python3.12/site-packages/oslo_config/cfg.py:3006}}
Apr 02 14:41:44.185976 np0000163003 neutron-periodic-workers[104134]: DEBUG cotyledon.oslo_config_glue [-] database.connection_parameters = {{(pid=104134) log_opt_values /opt/stack/data/venv/lib/python3.12/site-packages/oslo_config/cfg.py:3006}}
Apr 02 14:41:44.185976 np0000163003 neutron-periodic-workers[104134]: DEBUG cotyledon.oslo_config_glue [-] database.connection_recycle_time = 3600 {{(pid=104134) log_opt_values /opt/stack/data/venv/lib/python3.12/site-packages/oslo_config/cfg.py:3006}}
Apr 02 14:41:44.185976 np0000163003 neutron-periodic-workers[104134]: DEBUG cotyledon.oslo_config_glue [-] database.connection_trace = False {{(pid=104134) log_opt_values /opt/stack/data/venv/lib/python3.12/site-packages/oslo_config/cfg.py:3006}}
Apr 02 14:41:44.186331 np0000163003 neutron-periodic-workers[104134]: DEBUG cotyledon.oslo_config_glue [-] database.db_inc_retry_interval = True {{(pid=104134) log_opt_values /opt/stack/data/venv/lib/python3.12/site-packages/oslo_config/cfg.py:3006}}
Apr 02 14:41:44.186331 np0000163003 neutron-periodic-workers[104134]: DEBUG cotyledon.oslo_config_glue [-] database.db_max_retries = 20 {{(pid=104134) log_opt_values /opt/stack/data/venv/lib/python3.12/site-packages/oslo_config/cfg.py:3006}}
Apr 02 14:41:44.186331 np0000163003 neutron-periodic-workers[104134]: DEBUG cotyledon.oslo_config_glue [-] database.db_max_retry_interval = 10 {{(pid=104134) log_opt_values /opt/stack/data/venv/lib/python3.12/site-packages/oslo_config/cfg.py:3006}}
Apr 02 14:41:44.186331 np0000163003 neutron-periodic-workers[104134]: DEBUG cotyledon.oslo_config_glue [-] database.db_retry_interval = 1 {{(pid=104134) log_opt_values /opt/stack/data/venv/lib/python3.12/site-packages/oslo_config/cfg.py:3006}}
Apr 02 14:41:44.186331 np0000163003 neutron-periodic-workers[104134]: DEBUG cotyledon.oslo_config_glue [-] database.max_overflow = 50 {{(pid=104134) log_opt_values /opt/stack/data/venv/lib/python3.12/site-packages/oslo_config/cfg.py:3006}}
Apr 02 14:41:44.186331 np0000163003 neutron-periodic-workers[104134]: DEBUG cotyledon.oslo_config_glue [-] database.max_pool_size = 5 {{(pid=104134) log_opt_values /opt/stack/data/venv/lib/python3.12/site-packages/oslo_config/cfg.py:3006}}
Apr 02 14:41:44.186331 np0000163003 neutron-periodic-workers[104134]: DEBUG cotyledon.oslo_config_glue [-] database.max_retries = 10 {{(pid=104134) log_opt_values /opt/stack/data/venv/lib/python3.12/site-packages/oslo_config/cfg.py:3006}}
Apr 02 14:41:44.186331 np0000163003 neutron-periodic-workers[104134]: DEBUG cotyledon.oslo_config_glue [-] database.mysql_sql_mode = TRADITIONAL {{(pid=104134) log_opt_values /opt/stack/data/venv/lib/python3.12/site-packages/oslo_config/cfg.py:3006}}
Apr 02 14:41:44.186331 np0000163003 neutron-periodic-workers[104134]: DEBUG cotyledon.oslo_config_glue [-] database.mysql_wsrep_sync_wait = None {{(pid=104134) log_opt_values /opt/stack/data/venv/lib/python3.12/site-packages/oslo_config/cfg.py:3006}}
Apr 02 14:41:44.186735 np0000163003 neutron-periodic-workers[104134]: DEBUG cotyledon.oslo_config_glue [-] database.pool_timeout = None {{(pid=104134) log_opt_values /opt/stack/data/venv/lib/python3.12/site-packages/oslo_config/cfg.py:3006}}
Apr 02 14:41:44.186735 np0000163003 neutron-periodic-workers[104134]: DEBUG cotyledon.oslo_config_glue [-] database.retry_interval = 10 {{(pid=104134) log_opt_values /opt/stack/data/venv/lib/python3.12/site-packages/oslo_config/cfg.py:3006}}
Apr 02 14:41:44.186735 np0000163003 neutron-periodic-workers[104134]: DEBUG cotyledon.oslo_config_glue [-] database.slave_connection = **** {{(pid=104134) log_opt_values /opt/stack/data/venv/lib/python3.12/site-packages/oslo_config/cfg.py:3006}}
Apr 02 14:41:44.186735 np0000163003 neutron-periodic-workers[104134]: DEBUG cotyledon.oslo_config_glue [-] database.sqlite_synchronous = True {{(pid=104134) log_opt_values /opt/stack/data/venv/lib/python3.12/site-packages/oslo_config/cfg.py:3006}}
Apr 02 14:41:44.186735 np0000163003 neutron-periodic-workers[104134]: DEBUG cotyledon.oslo_config_glue [-] database.synchronous_reader = True {{(pid=104134) log_opt_values /opt/stack/data/venv/lib/python3.12/site-packages/oslo_config/cfg.py:3006}}
Apr 02 14:41:44.186735 np0000163003 neutron-periodic-workers[104134]: DEBUG cotyledon.oslo_config_glue [-] database.use_db_reconnect = False {{(pid=104134) log_opt_values /opt/stack/data/venv/lib/python3.12/site-packages/oslo_config/cfg.py:3006}}
Apr 02 14:41:44.186735 np0000163003 neutron-periodic-workers[104134]: DEBUG cotyledon.oslo_config_glue [-] ovn.bfd_min_rx = 1000 {{(pid=104134) log_opt_values /opt/stack/data/venv/lib/python3.12/site-packages/oslo_config/cfg.py:3006}}
Apr 02 14:41:44.186735 np0000163003 neutron-periodic-workers[104134]: DEBUG cotyledon.oslo_config_glue [-] ovn.bfd_min_tx = 100 {{(pid=104134) log_opt_values /opt/stack/data/venv/lib/python3.12/site-packages/oslo_config/cfg.py:3006}}
Apr 02 14:41:44.186735 np0000163003 neutron-periodic-workers[104134]: DEBUG cotyledon.oslo_config_glue [-] ovn.bfd_mult = 3 {{(pid=104134) log_opt_values /opt/stack/data/venv/lib/python3.12/site-packages/oslo_config/cfg.py:3006}}
Apr 02 14:41:44.187115 np0000163003 neutron-periodic-workers[104134]: DEBUG cotyledon.oslo_config_glue [-] ovn.broadcast_arps_to_all_routers = True {{(pid=104134) log_opt_values /opt/stack/data/venv/lib/python3.12/site-packages/oslo_config/cfg.py:3006}}
Apr 02 14:41:44.187115 np0000163003 neutron-periodic-workers[104134]: DEBUG cotyledon.oslo_config_glue [-] ovn.dhcp_default_lease_time = 43200 {{(pid=104134) log_opt_values /opt/stack/data/venv/lib/python3.12/site-packages/oslo_config/cfg.py:3006}}
Apr 02 14:41:44.187115 np0000163003 neutron-periodic-workers[104134]: DEBUG cotyledon.oslo_config_glue [-] ovn.disable_ovn_dhcp_for_baremetal_ports = False {{(pid=104134) log_opt_values /opt/stack/data/venv/lib/python3.12/site-packages/oslo_config/cfg.py:3006}}
Apr 02 14:41:44.187115 np0000163003 neutron-periodic-workers[104134]: DEBUG cotyledon.oslo_config_glue [-] ovn.dns_records_ovn_owned = False {{(pid=104134) log_opt_values /opt/stack/data/venv/lib/python3.12/site-packages/oslo_config/cfg.py:3006}}
Apr 02 14:41:44.187115 np0000163003 neutron-periodic-workers[104134]: DEBUG cotyledon.oslo_config_glue [-] ovn.dns_servers = [] {{(pid=104134) log_opt_values /opt/stack/data/venv/lib/python3.12/site-packages/oslo_config/cfg.py:3006}}
Apr 02 14:41:44.187115 np0000163003 neutron-periodic-workers[104134]: DEBUG cotyledon.oslo_config_glue [-] ovn.enable_distributed_floating_ip = False {{(pid=104134) log_opt_values /opt/stack/data/venv/lib/python3.12/site-packages/oslo_config/cfg.py:3006}}
Apr 02 14:41:44.187115 np0000163003 neutron-periodic-workers[104134]: DEBUG cotyledon.oslo_config_glue [-] ovn.fdb_age_threshold = 300 {{(pid=104134) log_opt_values /opt/stack/data/venv/lib/python3.12/site-packages/oslo_config/cfg.py:3006}}
Apr 02 14:41:44.187115 np0000163003 neutron-periodic-workers[104134]: DEBUG cotyledon.oslo_config_glue [-] ovn.ha_failover_strategy = normal {{(pid=104134) log_opt_values /opt/stack/data/venv/lib/python3.12/site-packages/oslo_config/cfg.py:3006}}
Apr 02 14:41:44.187115 np0000163003 neutron-periodic-workers[104134]: DEBUG cotyledon.oslo_config_glue [-] ovn.live_migration_activation_strategy = rarp {{(pid=104134) log_opt_values /opt/stack/data/venv/lib/python3.12/site-packages/oslo_config/cfg.py:3006}}
Apr 02 14:41:44.187503 np0000163003 neutron-periodic-workers[104134]: DEBUG cotyledon.oslo_config_glue [-] ovn.localnet_learn_fdb = False {{(pid=104134) log_opt_values /opt/stack/data/venv/lib/python3.12/site-packages/oslo_config/cfg.py:3006}}
Apr 02 14:41:44.187503 np0000163003 neutron-periodic-workers[104134]: DEBUG cotyledon.oslo_config_glue [-] ovn.mac_binding_age_threshold = 300 {{(pid=104134) log_opt_values /opt/stack/data/venv/lib/python3.12/site-packages/oslo_config/cfg.py:3006}}
Apr 02 14:41:44.187503 np0000163003 neutron-periodic-workers[104134]: DEBUG cotyledon.oslo_config_glue [-] ovn.neutron_sync_mode = log {{(pid=104134) log_opt_values /opt/stack/data/venv/lib/python3.12/site-packages/oslo_config/cfg.py:3006}}
Apr 02 14:41:44.187503 np0000163003 neutron-periodic-workers[104134]: DEBUG cotyledon.oslo_config_glue [-] ovn.ovn_dhcp4_global_options = {} {{(pid=104134) log_opt_values /opt/stack/data/venv/lib/python3.12/site-packages/oslo_config/cfg.py:3006}}
Apr 02 14:41:44.187503 np0000163003 neutron-periodic-workers[104134]: DEBUG cotyledon.oslo_config_glue [-] ovn.ovn_dhcp6_global_options = {} {{(pid=104134) log_opt_values /opt/stack/data/venv/lib/python3.12/site-packages/oslo_config/cfg.py:3006}}
Apr 02 14:41:44.187503 np0000163003 neutron-periodic-workers[104134]: DEBUG cotyledon.oslo_config_glue [-] ovn.ovn_l3_scheduler = leastloaded {{(pid=104134) log_opt_values /opt/stack/data/venv/lib/python3.12/site-packages/oslo_config/cfg.py:3006}}
Apr 02 14:41:44.187503 np0000163003 neutron-periodic-workers[104134]: DEBUG cotyledon.oslo_config_glue [-] ovn.ovn_metadata_enabled = True {{(pid=104134) log_opt_values /opt/stack/data/venv/lib/python3.12/site-packages/oslo_config/cfg.py:3006}}
Apr 02 14:41:44.187503 np0000163003 neutron-periodic-workers[104134]: DEBUG cotyledon.oslo_config_glue [-] ovn.ovn_nb_ca_cert = /opt/stack/data/CA/int-ca/ca-chain.pem {{(pid=104134) log_opt_values /opt/stack/data/venv/lib/python3.12/site-packages/oslo_config/cfg.py:3006}}
Apr 02 14:41:44.187503 np0000163003 neutron-periodic-workers[104134]: DEBUG cotyledon.oslo_config_glue [-] ovn.ovn_nb_certificate = /opt/stack/data/CA/int-ca/devstack-cert.crt {{(pid=104134) log_opt_values /opt/stack/data/venv/lib/python3.12/site-packages/oslo_config/cfg.py:3006}}
Apr 02 14:41:44.187963 np0000163003 neutron-periodic-workers[104134]: DEBUG cotyledon.oslo_config_glue [-] ovn.ovn_nb_connection = ['ssl:199.204.45.138:6641'] {{(pid=104134) log_opt_values /opt/stack/data/venv/lib/python3.12/site-packages/oslo_config/cfg.py:3006}}
Apr 02 14:41:44.187963 np0000163003 neutron-periodic-workers[104134]: DEBUG cotyledon.oslo_config_glue [-] ovn.ovn_nb_private_key = /opt/stack/data/CA/int-ca/private/devstack-cert.key {{(pid=104134) log_opt_values /opt/stack/data/venv/lib/python3.12/site-packages/oslo_config/cfg.py:3006}}
Apr 02 14:41:44.187963 np0000163003 neutron-periodic-workers[104134]: DEBUG cotyledon.oslo_config_glue [-] ovn.ovn_router_indirect_snat = False {{(pid=104134) log_opt_values /opt/stack/data/venv/lib/python3.12/site-packages/oslo_config/cfg.py:3006}}
Apr 02 14:41:44.187963 np0000163003 neutron-periodic-workers[104134]: DEBUG cotyledon.oslo_config_glue [-] ovn.ovn_sb_ca_cert = /opt/stack/data/CA/int-ca/ca-chain.pem {{(pid=104134) log_opt_values /opt/stack/data/venv/lib/python3.12/site-packages/oslo_config/cfg.py:3006}}
Apr 02 14:41:44.187963 np0000163003 neutron-periodic-workers[104134]: DEBUG cotyledon.oslo_config_glue [-] ovn.ovn_sb_certificate = /opt/stack/data/CA/int-ca/devstack-cert.crt {{(pid=104134) log_opt_values /opt/stack/data/venv/lib/python3.12/site-packages/oslo_config/cfg.py:3006}}
Apr 02 14:41:44.187963 np0000163003 neutron-periodic-workers[104134]: DEBUG cotyledon.oslo_config_glue [-] ovn.ovn_sb_connection = ['ssl:199.204.45.138:6642'] {{(pid=104134) log_opt_values /opt/stack/data/venv/lib/python3.12/site-packages/oslo_config/cfg.py:3006}}
Apr 02 14:41:44.187963 np0000163003 neutron-periodic-workers[104134]: DEBUG cotyledon.oslo_config_glue [-] ovn.ovn_sb_private_key = /opt/stack/data/CA/int-ca/private/devstack-cert.key {{(pid=104134) log_opt_values /opt/stack/data/venv/lib/python3.12/site-packages/oslo_config/cfg.py:3006}}
Apr 02 14:41:44.187963 np0000163003 neutron-periodic-workers[104134]: DEBUG cotyledon.oslo_config_glue [-] ovn.ovs_create_tap = False {{(pid=104134) log_opt_values /opt/stack/data/venv/lib/python3.12/site-packages/oslo_config/cfg.py:3006}}
Apr 02 14:41:44.188295 np0000163003 neutron-periodic-workers[104134]: DEBUG cotyledon.oslo_config_glue [-] ovn.ovsdb_connection_timeout = 180 {{(pid=104134) log_opt_values /opt/stack/data/venv/lib/python3.12/site-packages/oslo_config/cfg.py:3006}}
Apr 02 14:41:44.188295 np0000163003 neutron-periodic-workers[104134]: DEBUG cotyledon.oslo_config_glue [-] ovn.ovsdb_log_level = INFO {{(pid=104134) log_opt_values /opt/stack/data/venv/lib/python3.12/site-packages/oslo_config/cfg.py:3006}}
Apr 02 14:41:44.188295 np0000163003 neutron-periodic-workers[104134]: DEBUG cotyledon.oslo_config_glue [-] ovn.ovsdb_probe_interval = 60000 {{(pid=104134) log_opt_values /opt/stack/data/venv/lib/python3.12/site-packages/oslo_config/cfg.py:3006}}
Apr 02 14:41:44.188295 np0000163003 neutron-periodic-workers[104134]: DEBUG cotyledon.oslo_config_glue [-] ovn.ovsdb_retry_max_interval = 180 {{(pid=104134) log_opt_values /opt/stack/data/venv/lib/python3.12/site-packages/oslo_config/cfg.py:3006}}
Apr 02 14:41:44.188295 np0000163003 neutron-periodic-workers[104134]: DEBUG cotyledon.oslo_config_glue [-] ovn.stateless_nat_enabled = False {{(pid=104134) log_opt_values /opt/stack/data/venv/lib/python3.12/site-packages/oslo_config/cfg.py:3006}}
Apr 02 14:41:44.188295 np0000163003 neutron-periodic-workers[104134]: DEBUG cotyledon.oslo_config_glue [-] ovn.vhost_sock_dir = /var/run/openvswitch {{(pid=104134) log_opt_values /opt/stack/data/venv/lib/python3.12/site-packages/oslo_config/cfg.py:3006}}
Apr 02 14:41:44.188295 np0000163003 neutron-periodic-workers[104134]: DEBUG cotyledon.oslo_config_glue [-] OVS.bridge_mac_table_size = 50000 {{(pid=104134) log_opt_values /opt/stack/data/venv/lib/python3.12/site-packages/oslo_config/cfg.py:3006}}
Apr 02 14:41:44.188295 np0000163003 neutron-periodic-workers[104134]: DEBUG cotyledon.oslo_config_glue [-] OVS.igmp_flood = False {{(pid=104134) log_opt_values /opt/stack/data/venv/lib/python3.12/site-packages/oslo_config/cfg.py:3006}}
Apr 02 14:41:44.188295 np0000163003 neutron-periodic-workers[104134]: DEBUG cotyledon.oslo_config_glue [-] OVS.igmp_flood_reports = True {{(pid=104134) log_opt_values /opt/stack/data/venv/lib/python3.12/site-packages/oslo_config/cfg.py:3006}}
Apr 02 14:41:44.188712 np0000163003 neutron-periodic-workers[104134]: DEBUG cotyledon.oslo_config_glue [-] OVS.igmp_flood_unregistered = False {{(pid=104134) log_opt_values /opt/stack/data/venv/lib/python3.12/site-packages/oslo_config/cfg.py:3006}}
Apr 02 14:41:44.188712 np0000163003 neutron-periodic-workers[104134]: DEBUG cotyledon.oslo_config_glue [-] OVS.igmp_snooping_enable = False {{(pid=104134) log_opt_values /opt/stack/data/venv/lib/python3.12/site-packages/oslo_config/cfg.py:3006}}
Apr 02 14:41:44.188712 np0000163003 neutron-periodic-workers[104134]: DEBUG cotyledon.oslo_config_glue [-] OVS.ovsdb_timeout = 10 {{(pid=104134) log_opt_values /opt/stack/data/venv/lib/python3.12/site-packages/oslo_config/cfg.py:3006}}
Apr 02 14:41:44.188712 np0000163003 neutron-periodic-workers[104134]: DEBUG cotyledon.oslo_config_glue [-] ovn_nb_global.fdb_removal_limit = 0 {{(pid=104134) log_opt_values /opt/stack/data/venv/lib/python3.12/site-packages/oslo_config/cfg.py:3006}}
Apr 02 14:41:44.188712 np0000163003 neutron-periodic-workers[104134]: DEBUG cotyledon.oslo_config_glue [-] ovn_nb_global.ignore_lsp_down = False {{(pid=104134) log_opt_values /opt/stack/data/venv/lib/python3.12/site-packages/oslo_config/cfg.py:3006}}
Apr 02 14:41:44.188712 np0000163003 neutron-periodic-workers[104134]: DEBUG cotyledon.oslo_config_glue [-] ovn_nb_global.mac_binding_removal_limit = 0 {{(pid=104134) log_opt_values /opt/stack/data/venv/lib/python3.12/site-packages/oslo_config/cfg.py:3006}}
Apr 02 14:41:44.188712 np0000163003 neutron-periodic-workers[104134]: DEBUG cotyledon.oslo_config_glue [-] ******************************************************************************** {{(pid=104134) log_opt_values /opt/stack/data/venv/lib/python3.12/site-packages/oslo_config/cfg.py:3013}}
Apr 02 14:41:44.188712 np0000163003 neutron-periodic-workers[104134]: DEBUG cotyledon._service_worker [-] Run service ServiceWrapper(0) [104134] {{(pid=104134) wait_forever /opt/stack/data/venv/lib/python3.12/site-packages/cotyledon/_service_worker.py:218}}
Apr 02 14:41:53.826860 np0000163003 neutron-periodic-workers[103352]: DEBUG dbcounter [-] [103352] Writing DB stats neutron:SELECT=4 {{(pid=103352) stat_writer /opt/stack/data/venv/lib/python3.12/site-packages/dbcounter.py:115}}
Apr 02 14:42:37.141720 np0000163003 neutron-periodic-workers[104099]: DEBUG oslo_db.sqlalchemy.engines [None req-17175e00-7771-46c1-ae9a-e66a50620c5b None None] Parent process 103352 forked (104099) with an open database connection, which is being discarded and recreated. {{(pid=104099) checkout /opt/stack/data/venv/lib/python3.12/site-packages/oslo_db/sqlalchemy/engines.py:402}}
Apr 02 14:42:37.151096 np0000163003 neutron-periodic-workers[104099]: DEBUG dbcounter [-] [104099] Writer thread running {{(pid=104099) stat_writer /opt/stack/data/venv/lib/python3.12/site-packages/dbcounter.py:102}}
Apr 02 14:42:37.162372 np0000163003 neutron-periodic-workers[104099]: DEBUG oslo.service.backend._threading.loopingcall [None req-17175e00-7771-46c1-ae9a-e66a50620c5b None None] Fixed interval looping call 'neutron.plugins.ml2.plugin.DhcpAgentSchedulerDbMixin.remove_networks_from_down_agents' sleeping for 36.97 seconds {{(pid=104099) _run_loop /opt/stack/data/venv/lib/python3.12/site-packages/oslo_service/backend/_threading/loopingcall.py:125}}
Apr 02 14:42:47.161223 np0000163003 neutron-periodic-workers[104099]: DEBUG dbcounter [-] [104099] Writing DB stats neutron:SELECT=3 {{(pid=104099) stat_writer /opt/stack/data/venv/lib/python3.12/site-packages/dbcounter.py:115}}
Apr 02 14:42:47.169670 np0000163003 neutron-periodic-workers[104108]: DEBUG dbcounter [-] [104108] Writer thread running {{(pid=104108) stat_writer /opt/stack/data/venv/lib/python3.12/site-packages/dbcounter.py:102}}
Apr 02 14:42:47.174371 np0000163003 neutron-periodic-workers[104108]: DEBUG neutron.db.agents_db [None req-f649af98-7732-46d9-a9e5-12bfb23d51bd None None] Agent healthcheck: found 0 active agents {{(pid=104108) agent_health_check /opt/stack/neutron/neutron/db/agents_db.py:317}}
Apr 02 14:42:47.174643 np0000163003 neutron-periodic-workers[104108]: DEBUG oslo.service.backend._threading.loopingcall [None req-f649af98-7732-46d9-a9e5-12bfb23d51bd None None] Fixed interval looping call 'neutron.plugins.ml2.plugin.AgentDbMixin.agent_health_check' sleeping for 36.98 seconds {{(pid=104108) _run_loop /opt/stack/data/venv/lib/python3.12/site-packages/oslo_service/backend/_threading/loopingcall.py:125}}
Apr 02 14:42:57.170375 np0000163003 neutron-periodic-workers[104108]: DEBUG dbcounter [-] [104108] Writing DB stats neutron:SELECT=1 {{(pid=104108) stat_writer /opt/stack/data/venv/lib/python3.12/site-packages/dbcounter.py:115}}
Apr 02 14:43:14.137758 np0000163003 neutron-periodic-workers[104099]: DEBUG oslo.service.backend._threading.loopingcall [None req-17175e00-7771-46c1-ae9a-e66a50620c5b None None] Fixed interval looping call 'neutron.plugins.ml2.plugin.DhcpAgentSchedulerDbMixin.remove_networks_from_down_agents' sleeping for 37.00 seconds {{(pid=104099) _run_loop /opt/stack/data/venv/lib/python3.12/site-packages/oslo_service/backend/_threading/loopingcall.py:125}}
Apr 02 14:43:24.137591 np0000163003 neutron-periodic-workers[104099]: DEBUG dbcounter [-] [104099] Writing DB stats neutron:SELECT=3 {{(pid=104099) stat_writer /opt/stack/data/venv/lib/python3.12/site-packages/dbcounter.py:115}}
Apr 02 14:43:24.160961 np0000163003 neutron-periodic-workers[104108]: DEBUG neutron.db.agents_db [None req-f649af98-7732-46d9-a9e5-12bfb23d51bd None None] Agent healthcheck: found 0 active agents {{(pid=104108) agent_health_check /opt/stack/neutron/neutron/db/agents_db.py:317}}
Apr 02 14:43:24.161497 np0000163003 neutron-periodic-workers[104108]: DEBUG oslo.service.backend._threading.loopingcall [None req-f649af98-7732-46d9-a9e5-12bfb23d51bd None None] Fixed interval looping call 'neutron.plugins.ml2.plugin.AgentDbMixin.agent_health_check' sleeping for 36.99 seconds {{(pid=104108) _run_loop /opt/stack/data/venv/lib/python3.12/site-packages/oslo_service/backend/_threading/loopingcall.py:125}}
Apr 02 14:43:34.158742 np0000163003 neutron-periodic-workers[104108]: DEBUG dbcounter [-] [104108] Writing DB stats neutron:SELECT=1 {{(pid=104108) stat_writer /opt/stack/data/venv/lib/python3.12/site-packages/dbcounter.py:115}}
Apr 02 14:43:44.193999 np0000163003 neutron-periodic-workers[104121]: DEBUG dbcounter [-] [104121] Writer thread running {{(pid=104121) stat_writer /opt/stack/data/venv/lib/python3.12/site-packages/dbcounter.py:102}}
Apr 02 14:43:44.195621 np0000163003 neutron-periodic-workers[104121]: DEBUG oslo.service.backend._threading.loopingcall [None req-b8f3635f-444f-4b71-b830-10966b449519 None None] Fixed interval looping call 'neutron.db.quota.driver_nolock.DbQuotaNoLockDriver._remove_expired_reservations' sleeping for 119.98 seconds {{(pid=104121) _run_loop /opt/stack/data/venv/lib/python3.12/site-packages/oslo_service/backend/_threading/loopingcall.py:125}}
Apr 02 14:43:51.150391 np0000163003 neutron-periodic-workers[104099]: DEBUG oslo.service.backend._threading.loopingcall [None req-17175e00-7771-46c1-ae9a-e66a50620c5b None None] Fixed interval looping call 'neutron.plugins.ml2.plugin.DhcpAgentSchedulerDbMixin.remove_networks_from_down_agents' sleeping for 36.99 seconds {{(pid=104099) _run_loop /opt/stack/data/venv/lib/python3.12/site-packages/oslo_service/backend/_threading/loopingcall.py:125}}
Apr 02 14:43:54.194965 np0000163003 neutron-periodic-workers[104121]: DEBUG dbcounter [-] [104121] Writing DB stats neutron:DELETE=1 {{(pid=104121) stat_writer /opt/stack/data/venv/lib/python3.12/site-packages/dbcounter.py:115}}
Apr 02 14:43:56.226339 np0000163003 neutron-periodic-workers[104134]: DEBUG dbcounter [-] [104134] Writer thread running {{(pid=104134) stat_writer /opt/stack/data/venv/lib/python3.12/site-packages/dbcounter.py:102}}
Apr 02 14:43:56.237892 np0000163003 neutron-periodic-workers[104134]: DEBUG oslo.service.backend._threading.loopingcall [None req-7b3fdb67-a634-49f8-ac2e-b2968a5da848 None None] Fixed interval looping call 'neutron.services.ovn_l3.plugin.L3_NAT_dbonly_mixin._clean_garbage' sleeping for 299.95 seconds {{(pid=104134) _run_loop /opt/stack/data/venv/lib/python3.12/site-packages/oslo_service/backend/_threading/loopingcall.py:125}}
Apr 02 14:44:01.149368 np0000163003 neutron-periodic-workers[104099]: DEBUG dbcounter [-] [104099] Writing DB stats neutron:SELECT=3 {{(pid=104099) stat_writer /opt/stack/data/venv/lib/python3.12/site-packages/dbcounter.py:115}}
Apr 02 14:44:01.157773 np0000163003 neutron-periodic-workers[104108]: DEBUG neutron.db.agents_db [None req-f649af98-7732-46d9-a9e5-12bfb23d51bd None None] Agent healthcheck: found 0 active agents {{(pid=104108) agent_health_check /opt/stack/neutron/neutron/db/agents_db.py:317}}
Apr 02 14:44:01.158072 np0000163003 neutron-periodic-workers[104108]: DEBUG oslo.service.backend._threading.loopingcall [None req-f649af98-7732-46d9-a9e5-12bfb23d51bd None None] Fixed interval looping call 'neutron.plugins.ml2.plugin.AgentDbMixin.agent_health_check' sleeping for 36.99 seconds {{(pid=104108) _run_loop /opt/stack/data/venv/lib/python3.12/site-packages/oslo_service/backend/_threading/loopingcall.py:125}}
Apr 02 14:44:11.156946 np0000163003 neutron-periodic-workers[104108]: DEBUG dbcounter [-] [104108] Writing DB stats neutron:SELECT=1 {{(pid=104108) stat_writer /opt/stack/data/venv/lib/python3.12/site-packages/dbcounter.py:115}}
Apr 02 14:44:16.228456 np0000163003 neutron-periodic-workers[104134]: DEBUG dbcounter [-] [104134] Writing DB stats neutron:SELECT=1 {{(pid=104134) stat_writer /opt/stack/data/venv/lib/python3.12/site-packages/dbcounter.py:115}}
Apr 02 14:44:28.150367 np0000163003 neutron-periodic-workers[104099]: DEBUG oslo.service.backend._threading.loopingcall [None req-17175e00-7771-46c1-ae9a-e66a50620c5b None None] Fixed interval looping call 'neutron.plugins.ml2.plugin.DhcpAgentSchedulerDbMixin.remove_networks_from_down_agents' sleeping for 36.99 seconds {{(pid=104099) _run_loop /opt/stack/data/venv/lib/python3.12/site-packages/oslo_service/backend/_threading/loopingcall.py:125}}
Apr 02 14:44:38.149027 np0000163003 neutron-periodic-workers[104099]: DEBUG dbcounter [-] [104099] Writing DB stats neutron:SELECT=3 {{(pid=104099) stat_writer /opt/stack/data/venv/lib/python3.12/site-packages/dbcounter.py:115}}
Apr 02 14:44:38.154512 np0000163003 neutron-periodic-workers[104108]: DEBUG neutron.db.agents_db [None req-f649af98-7732-46d9-a9e5-12bfb23d51bd None None] Agent healthcheck: found 0 active agents {{(pid=104108) agent_health_check /opt/stack/neutron/neutron/db/agents_db.py:317}}
Apr 02 14:44:38.154956 np0000163003 neutron-periodic-workers[104108]: DEBUG oslo.service.backend._threading.loopingcall [None req-f649af98-7732-46d9-a9e5-12bfb23d51bd None None] Fixed interval looping call 'neutron.plugins.ml2.plugin.AgentDbMixin.agent_health_check' sleeping for 36.99 seconds {{(pid=104108) _run_loop /opt/stack/data/venv/lib/python3.12/site-packages/oslo_service/backend/_threading/loopingcall.py:125}}
Apr 02 14:44:48.152250 np0000163003 neutron-periodic-workers[104108]: DEBUG dbcounter [-] [104108] Writing DB stats neutron:SELECT=1 {{(pid=104108) stat_writer /opt/stack/data/venv/lib/python3.12/site-packages/dbcounter.py:115}}
Apr 02 14:45:05.152526 np0000163003 neutron-periodic-workers[104099]: DEBUG oslo.service.backend._threading.loopingcall [None req-17175e00-7771-46c1-ae9a-e66a50620c5b None None] Fixed interval looping call 'neutron.plugins.ml2.plugin.DhcpAgentSchedulerDbMixin.remove_networks_from_down_agents' sleeping for 36.99 seconds {{(pid=104099) _run_loop /opt/stack/data/venv/lib/python3.12/site-packages/oslo_service/backend/_threading/loopingcall.py:125}}
Apr 02 14:45:15.150177 np0000163003 neutron-periodic-workers[104108]: DEBUG neutron.db.agents_db [None req-f649af98-7732-46d9-a9e5-12bfb23d51bd None None] Agent healthcheck: found 0 active agents {{(pid=104108) agent_health_check /opt/stack/neutron/neutron/db/agents_db.py:317}}
Apr 02 14:45:15.150897 np0000163003 neutron-periodic-workers[104108]: DEBUG oslo.service.backend._threading.loopingcall [None req-f649af98-7732-46d9-a9e5-12bfb23d51bd None None] Fixed interval looping call 'neutron.plugins.ml2.plugin.AgentDbMixin.agent_health_check' sleeping for 36.99 seconds {{(pid=104108) _run_loop /opt/stack/data/venv/lib/python3.12/site-packages/oslo_service/backend/_threading/loopingcall.py:125}}
Apr 02 14:45:15.151082 np0000163003 neutron-periodic-workers[104099]: DEBUG dbcounter [-] [104099] Writing DB stats neutron:SELECT=3 {{(pid=104099) stat_writer /opt/stack/data/venv/lib/python3.12/site-packages/dbcounter.py:115}}
Apr 02 14:45:25.148576 np0000163003 neutron-periodic-workers[104108]: DEBUG dbcounter [-] [104108] Writing DB stats neutron:SELECT=1 {{(pid=104108) stat_writer /opt/stack/data/venv/lib/python3.12/site-packages/dbcounter.py:115}}
Apr 02 14:45:42.151092 np0000163003 neutron-periodic-workers[104099]: DEBUG oslo.service.backend._threading.loopingcall [None req-17175e00-7771-46c1-ae9a-e66a50620c5b None None] Fixed interval looping call 'neutron.plugins.ml2.plugin.DhcpAgentSchedulerDbMixin.remove_networks_from_down_agents' sleeping for 36.99 seconds {{(pid=104099) _run_loop /opt/stack/data/venv/lib/python3.12/site-packages/oslo_service/backend/_threading/loopingcall.py:125}}
Apr 02 14:45:44.183791 np0000163003 neutron-periodic-workers[104121]: DEBUG oslo.service.backend._threading.loopingcall [None req-b8f3635f-444f-4b71-b830-10966b449519 None None] Fixed interval looping call 'neutron.db.quota.driver_nolock.DbQuotaNoLockDriver._remove_expired_reservations' sleeping for 119.99 seconds {{(pid=104121) _run_loop /opt/stack/data/venv/lib/python3.12/site-packages/oslo_service/backend/_threading/loopingcall.py:125}}
Apr 02 14:45:52.144460 np0000163003 neutron-periodic-workers[104108]: DEBUG neutron.db.agents_db [None req-f649af98-7732-46d9-a9e5-12bfb23d51bd None None] Agent healthcheck: found 0 active agents {{(pid=104108) agent_health_check /opt/stack/neutron/neutron/db/agents_db.py:317}}
Apr 02 14:45:52.144888 np0000163003 neutron-periodic-workers[104108]: DEBUG oslo.service.backend._threading.loopingcall [None req-f649af98-7732-46d9-a9e5-12bfb23d51bd None None] Fixed interval looping call 'neutron.plugins.ml2.plugin.AgentDbMixin.agent_health_check' sleeping for 37.00 seconds {{(pid=104108) _run_loop /opt/stack/data/venv/lib/python3.12/site-packages/oslo_service/backend/_threading/loopingcall.py:125}}
Apr 02 14:45:52.149673 np0000163003 neutron-periodic-workers[104099]: DEBUG dbcounter [-] [104099] Writing DB stats neutron:SELECT=3 {{(pid=104099) stat_writer /opt/stack/data/venv/lib/python3.12/site-packages/dbcounter.py:115}}
Apr 02 14:45:54.182078 np0000163003 neutron-periodic-workers[104121]: DEBUG dbcounter [-] [104121] Writing DB stats neutron:DELETE=1 {{(pid=104121) stat_writer /opt/stack/data/venv/lib/python3.12/site-packages/dbcounter.py:115}}
Apr 02 14:46:02.143601 np0000163003 neutron-periodic-workers[104108]: DEBUG dbcounter [-] [104108] Writing DB stats neutron:SELECT=1 {{(pid=104108) stat_writer /opt/stack/data/venv/lib/python3.12/site-packages/dbcounter.py:115}}
Apr 02 14:46:19.152875 np0000163003 neutron-periodic-workers[104099]: DEBUG oslo.service.backend._threading.loopingcall [None req-17175e00-7771-46c1-ae9a-e66a50620c5b None None] Fixed interval looping call 'neutron.plugins.ml2.plugin.DhcpAgentSchedulerDbMixin.remove_networks_from_down_agents' sleeping for 36.99 seconds {{(pid=104099) _run_loop /opt/stack/data/venv/lib/python3.12/site-packages/oslo_service/backend/_threading/loopingcall.py:125}}
Apr 02 14:46:29.150841 np0000163003 neutron-periodic-workers[104108]: DEBUG neutron.db.agents_db [None req-f649af98-7732-46d9-a9e5-12bfb23d51bd None None] Agent healthcheck: found 0 active agents {{(pid=104108) agent_health_check /opt/stack/neutron/neutron/db/agents_db.py:317}}
Apr 02 14:46:29.151775 np0000163003 neutron-periodic-workers[104108]: DEBUG oslo.service.backend._threading.loopingcall [None req-f649af98-7732-46d9-a9e5-12bfb23d51bd None None] Fixed interval looping call 'neutron.plugins.ml2.plugin.AgentDbMixin.agent_health_check' sleeping for 36.99 seconds {{(pid=104108) _run_loop /opt/stack/data/venv/lib/python3.12/site-packages/oslo_service/backend/_threading/loopingcall.py:125}}
Apr 02 14:46:29.151943 np0000163003 neutron-periodic-workers[104099]: DEBUG dbcounter [-] [104099] Writing DB stats neutron:SELECT=3 {{(pid=104099) stat_writer /opt/stack/data/venv/lib/python3.12/site-packages/dbcounter.py:115}}
Apr 02 14:46:39.148546 np0000163003 neutron-periodic-workers[104108]: DEBUG dbcounter [-] [104108] Writing DB stats neutron:SELECT=1 {{(pid=104108) stat_writer /opt/stack/data/venv/lib/python3.12/site-packages/dbcounter.py:115}}
Apr 02 14:46:56.150095 np0000163003 neutron-periodic-workers[104099]: DEBUG oslo.service.backend._threading.loopingcall [None req-17175e00-7771-46c1-ae9a-e66a50620c5b None None] Fixed interval looping call 'neutron.plugins.ml2.plugin.DhcpAgentSchedulerDbMixin.remove_networks_from_down_agents' sleeping for 36.99 seconds {{(pid=104099) _run_loop /opt/stack/data/venv/lib/python3.12/site-packages/oslo_service/backend/_threading/loopingcall.py:125}}
Apr 02 14:47:06.148074 np0000163003 neutron-periodic-workers[104108]: DEBUG neutron.db.agents_db [None req-f649af98-7732-46d9-a9e5-12bfb23d51bd None None] Agent healthcheck: found 0 active agents {{(pid=104108) agent_health_check /opt/stack/neutron/neutron/db/agents_db.py:317}}
Apr 02 14:47:06.148705 np0000163003 neutron-periodic-workers[104108]: DEBUG oslo.service.backend._threading.loopingcall [None req-f649af98-7732-46d9-a9e5-12bfb23d51bd None None] Fixed interval looping call 'neutron.plugins.ml2.plugin.AgentDbMixin.agent_health_check' sleeping for 36.99 seconds {{(pid=104108) _run_loop /opt/stack/data/venv/lib/python3.12/site-packages/oslo_service/backend/_threading/loopingcall.py:125}}
Apr 02 14:47:06.149269 np0000163003 neutron-periodic-workers[104099]: DEBUG dbcounter [-] [104099] Writing DB stats neutron:SELECT=3 {{(pid=104099) stat_writer /opt/stack/data/venv/lib/python3.12/site-packages/dbcounter.py:115}}
Apr 02 14:47:16.145934 np0000163003 neutron-periodic-workers[104108]: DEBUG dbcounter [-] [104108] Writing DB stats neutron:SELECT=1 {{(pid=104108) stat_writer /opt/stack/data/venv/lib/python3.12/site-packages/dbcounter.py:115}}
Apr 02 14:47:33.145785 np0000163003 neutron-periodic-workers[104099]: DEBUG oslo.service.backend._threading.loopingcall [None req-17175e00-7771-46c1-ae9a-e66a50620c5b None None] Fixed interval looping call 'neutron.plugins.ml2.plugin.DhcpAgentSchedulerDbMixin.remove_networks_from_down_agents' sleeping for 36.99 seconds {{(pid=104099) _run_loop /opt/stack/data/venv/lib/python3.12/site-packages/oslo_service/backend/_threading/loopingcall.py:125}}
Apr 02 14:47:43.143704 np0000163003 neutron-periodic-workers[104108]: DEBUG neutron.db.agents_db [None req-f649af98-7732-46d9-a9e5-12bfb23d51bd None None] Agent healthcheck: found 0 active agents {{(pid=104108) agent_health_check /opt/stack/neutron/neutron/db/agents_db.py:317}}
Apr 02 14:47:43.144391 np0000163003 neutron-periodic-workers[104108]: DEBUG oslo.service.backend._threading.loopingcall [None req-f649af98-7732-46d9-a9e5-12bfb23d51bd None None] Fixed interval looping call 'neutron.plugins.ml2.plugin.AgentDbMixin.agent_health_check' sleeping for 36.99 seconds {{(pid=104108) _run_loop /opt/stack/data/venv/lib/python3.12/site-packages/oslo_service/backend/_threading/loopingcall.py:125}}
Apr 02 14:47:43.145435 np0000163003 neutron-periodic-workers[104099]: DEBUG dbcounter [-] [104099] Writing DB stats neutron:SELECT=3 {{(pid=104099) stat_writer /opt/stack/data/venv/lib/python3.12/site-packages/dbcounter.py:115}}
Apr 02 14:47:44.178559 np0000163003 neutron-periodic-workers[104121]: DEBUG oslo.service.backend._threading.loopingcall [None req-b8f3635f-444f-4b71-b830-10966b449519 None None] Fixed interval looping call 'neutron.db.quota.driver_nolock.DbQuotaNoLockDriver._remove_expired_reservations' sleeping for 120.00 seconds {{(pid=104121) _run_loop /opt/stack/data/venv/lib/python3.12/site-packages/oslo_service/backend/_threading/loopingcall.py:125}}
Apr 02 14:47:53.141999 np0000163003 neutron-periodic-workers[104108]: DEBUG dbcounter [-] [104108] Writing DB stats neutron:SELECT=1 {{(pid=104108) stat_writer /opt/stack/data/venv/lib/python3.12/site-packages/dbcounter.py:115}}
Apr 02 14:47:54.177416 np0000163003 neutron-periodic-workers[104121]: DEBUG dbcounter [-] [104121] Writing DB stats neutron:DELETE=1 {{(pid=104121) stat_writer /opt/stack/data/venv/lib/python3.12/site-packages/dbcounter.py:115}}
Apr 02 14:48:10.144610 np0000163003 neutron-periodic-workers[104099]: DEBUG oslo.service.backend._threading.loopingcall [None req-17175e00-7771-46c1-ae9a-e66a50620c5b None None] Fixed interval looping call 'neutron.plugins.ml2.plugin.DhcpAgentSchedulerDbMixin.remove_networks_from_down_agents' sleeping for 36.99 seconds {{(pid=104099) _run_loop /opt/stack/data/venv/lib/python3.12/site-packages/oslo_service/backend/_threading/loopingcall.py:125}}
Apr 02 14:48:20.143513 np0000163003 neutron-periodic-workers[104099]: DEBUG dbcounter [-] [104099] Writing DB stats neutron:SELECT=3 {{(pid=104099) stat_writer /opt/stack/data/venv/lib/python3.12/site-packages/dbcounter.py:115}}
Apr 02 14:48:20.147857 np0000163003 neutron-periodic-workers[104108]: DEBUG neutron.db.agents_db [None req-f649af98-7732-46d9-a9e5-12bfb23d51bd None None] Agent healthcheck: found 0 active agents {{(pid=104108) agent_health_check /opt/stack/neutron/neutron/db/agents_db.py:317}}
Apr 02 14:48:20.148123 np0000163003 neutron-periodic-workers[104108]: DEBUG oslo.service.backend._threading.loopingcall [None req-f649af98-7732-46d9-a9e5-12bfb23d51bd None None] Fixed interval looping call 'neutron.plugins.ml2.plugin.AgentDbMixin.agent_health_check' sleeping for 36.99 seconds {{(pid=104108) _run_loop /opt/stack/data/venv/lib/python3.12/site-packages/oslo_service/backend/_threading/loopingcall.py:125}}
Apr 02 14:48:30.143253 np0000163003 neutron-periodic-workers[104108]: DEBUG dbcounter [-] [104108] Writing DB stats neutron:SELECT=1 {{(pid=104108) stat_writer /opt/stack/data/venv/lib/python3.12/site-packages/dbcounter.py:115}}
Apr 02 14:48:47.145924 np0000163003 neutron-periodic-workers[104099]: DEBUG oslo.service.backend._threading.loopingcall [None req-17175e00-7771-46c1-ae9a-e66a50620c5b None None] Fixed interval looping call 'neutron.plugins.ml2.plugin.DhcpAgentSchedulerDbMixin.remove_networks_from_down_agents' sleeping for 36.99 seconds {{(pid=104099) _run_loop /opt/stack/data/venv/lib/python3.12/site-packages/oslo_service/backend/_threading/loopingcall.py:125}}
Apr 02 14:48:56.200403 np0000163003 neutron-periodic-workers[104134]: DEBUG oslo.service.backend._threading.loopingcall [None req-7b3fdb67-a634-49f8-ac2e-b2968a5da848 None None] Fixed interval looping call 'neutron.services.ovn_l3.plugin.L3_NAT_dbonly_mixin._clean_garbage' sleeping for 299.99 seconds {{(pid=104134) _run_loop /opt/stack/data/venv/lib/python3.12/site-packages/oslo_service/backend/_threading/loopingcall.py:125}}
Apr 02 14:48:57.144590 np0000163003 neutron-periodic-workers[104108]: DEBUG neutron.db.agents_db [None req-f649af98-7732-46d9-a9e5-12bfb23d51bd None None] Agent healthcheck: found 0 active agents {{(pid=104108) agent_health_check /opt/stack/neutron/neutron/db/agents_db.py:317}}
Apr 02 14:48:57.145134 np0000163003 neutron-periodic-workers[104108]: DEBUG oslo.service.backend._threading.loopingcall [None req-f649af98-7732-46d9-a9e5-12bfb23d51bd None None] Fixed interval looping call 'neutron.plugins.ml2.plugin.AgentDbMixin.agent_health_check' sleeping for 36.99 seconds {{(pid=104108) _run_loop /opt/stack/data/venv/lib/python3.12/site-packages/oslo_service/backend/_threading/loopingcall.py:125}}
Apr 02 14:48:57.145213 np0000163003 neutron-periodic-workers[104099]: DEBUG dbcounter [-] [104099] Writing DB stats neutron:SELECT=3 {{(pid=104099) stat_writer /opt/stack/data/venv/lib/python3.12/site-packages/dbcounter.py:115}}
Apr 02 14:49:06.191674 np0000163003 neutron-periodic-workers[104134]: DEBUG dbcounter [-] [104134] Writing DB stats neutron:SELECT=1 {{(pid=104134) stat_writer /opt/stack/data/venv/lib/python3.12/site-packages/dbcounter.py:115}}
Apr 02 14:49:07.142346 np0000163003 neutron-periodic-workers[104108]: DEBUG dbcounter [-] [104108] Writing DB stats neutron:SELECT=1 {{(pid=104108) stat_writer /opt/stack/data/venv/lib/python3.12/site-packages/dbcounter.py:115}}
Apr 02 14:49:24.147924 np0000163003 neutron-periodic-workers[104099]: DEBUG oslo.service.backend._threading.loopingcall [None req-17175e00-7771-46c1-ae9a-e66a50620c5b None None] Fixed interval looping call 'neutron.plugins.ml2.plugin.DhcpAgentSchedulerDbMixin.remove_networks_from_down_agents' sleeping for 36.99 seconds {{(pid=104099) _run_loop /opt/stack/data/venv/lib/python3.12/site-packages/oslo_service/backend/_threading/loopingcall.py:125}}
Apr 02 14:49:34.142919 np0000163003 neutron-periodic-workers[104108]: DEBUG neutron.db.agents_db [None req-f649af98-7732-46d9-a9e5-12bfb23d51bd None None] Agent healthcheck: found 0 active agents {{(pid=104108) agent_health_check /opt/stack/neutron/neutron/db/agents_db.py:317}}
Apr 02 14:49:34.143829 np0000163003 neutron-periodic-workers[104108]: DEBUG oslo.service.backend._threading.loopingcall [None req-f649af98-7732-46d9-a9e5-12bfb23d51bd None None] Fixed interval looping call 'neutron.plugins.ml2.plugin.AgentDbMixin.agent_health_check' sleeping for 36.99 seconds {{(pid=104108) _run_loop /opt/stack/data/venv/lib/python3.12/site-packages/oslo_service/backend/_threading/loopingcall.py:125}}
Apr 02 14:49:34.146970 np0000163003 neutron-periodic-workers[104099]: DEBUG dbcounter [-] [104099] Writing DB stats neutron:SELECT=3 {{(pid=104099) stat_writer /opt/stack/data/venv/lib/python3.12/site-packages/dbcounter.py:115}}
Apr 02 14:49:44.140370 np0000163003 neutron-periodic-workers[104108]: DEBUG dbcounter [-] [104108] Writing DB stats neutron:SELECT=1 {{(pid=104108) stat_writer /opt/stack/data/venv/lib/python3.12/site-packages/dbcounter.py:115}}
Apr 02 14:49:44.183588 np0000163003 neutron-periodic-workers[104121]: DEBUG oslo.service.backend._threading.loopingcall [None req-b8f3635f-444f-4b71-b830-10966b449519 None None] Fixed interval looping call 'neutron.db.quota.driver_nolock.DbQuotaNoLockDriver._remove_expired_reservations' sleeping for 120.00 seconds {{(pid=104121) _run_loop /opt/stack/data/venv/lib/python3.12/site-packages/oslo_service/backend/_threading/loopingcall.py:125}}
Apr 02 14:49:54.182051 np0000163003 neutron-periodic-workers[104121]: DEBUG dbcounter [-] [104121] Writing DB stats neutron:DELETE=1 {{(pid=104121) stat_writer /opt/stack/data/venv/lib/python3.12/site-packages/dbcounter.py:115}}
Apr 02 14:50:01.147271 np0000163003 neutron-periodic-workers[104099]: DEBUG oslo.service.backend._threading.loopingcall [None req-17175e00-7771-46c1-ae9a-e66a50620c5b None None] Fixed interval looping call 'neutron.plugins.ml2.plugin.DhcpAgentSchedulerDbMixin.remove_networks_from_down_agents' sleeping for 36.99 seconds {{(pid=104099) _run_loop /opt/stack/data/venv/lib/python3.12/site-packages/oslo_service/backend/_threading/loopingcall.py:125}}
Apr 02 14:50:11.136389 np0000163003 neutron-periodic-workers[104108]: DEBUG neutron.db.agents_db [None req-f649af98-7732-46d9-a9e5-12bfb23d51bd None None] Agent healthcheck: found 0 active agents {{(pid=104108) agent_health_check /opt/stack/neutron/neutron/db/agents_db.py:317}}
Apr 02 14:50:11.137002 np0000163003 neutron-periodic-workers[104108]: DEBUG oslo.service.backend._threading.loopingcall [None req-f649af98-7732-46d9-a9e5-12bfb23d51bd None None] Fixed interval looping call 'neutron.plugins.ml2.plugin.AgentDbMixin.agent_health_check' sleeping for 37.00 seconds {{(pid=104108) _run_loop /opt/stack/data/venv/lib/python3.12/site-packages/oslo_service/backend/_threading/loopingcall.py:125}}
Apr 02 14:50:11.147221 np0000163003 neutron-periodic-workers[104099]: DEBUG dbcounter [-] [104099] Writing DB stats neutron:SELECT=3 {{(pid=104099) stat_writer /opt/stack/data/venv/lib/python3.12/site-packages/dbcounter.py:115}}
Apr 02 14:50:21.135614 np0000163003 neutron-periodic-workers[104108]: DEBUG dbcounter [-] [104108] Writing DB stats neutron:SELECT=1 {{(pid=104108) stat_writer /opt/stack/data/venv/lib/python3.12/site-packages/dbcounter.py:115}}
Apr 02 14:50:38.145275 np0000163003 neutron-periodic-workers[104099]: DEBUG oslo.service.backend._threading.loopingcall [None req-17175e00-7771-46c1-ae9a-e66a50620c5b None None] Fixed interval looping call 'neutron.plugins.ml2.plugin.DhcpAgentSchedulerDbMixin.remove_networks_from_down_agents' sleeping for 36.99 seconds {{(pid=104099) _run_loop /opt/stack/data/venv/lib/python3.12/site-packages/oslo_service/backend/_threading/loopingcall.py:125}}
Apr 02 14:50:48.142863 np0000163003 neutron-periodic-workers[104108]: DEBUG neutron.db.agents_db [None req-f649af98-7732-46d9-a9e5-12bfb23d51bd None None] Agent healthcheck: found 0 active agents {{(pid=104108) agent_health_check /opt/stack/neutron/neutron/db/agents_db.py:317}}
Apr 02 14:50:48.143622 np0000163003 neutron-periodic-workers[104108]: DEBUG oslo.service.backend._threading.loopingcall [None req-f649af98-7732-46d9-a9e5-12bfb23d51bd None None] Fixed interval looping call 'neutron.plugins.ml2.plugin.AgentDbMixin.agent_health_check' sleeping for 36.99 seconds {{(pid=104108) _run_loop /opt/stack/data/venv/lib/python3.12/site-packages/oslo_service/backend/_threading/loopingcall.py:125}}
Apr 02 14:50:48.144354 np0000163003 neutron-periodic-workers[104099]: DEBUG dbcounter [-] [104099] Writing DB stats neutron:SELECT=3 {{(pid=104099) stat_writer /opt/stack/data/venv/lib/python3.12/site-packages/dbcounter.py:115}}
Apr 02 14:50:58.141138 np0000163003 neutron-periodic-workers[104108]: DEBUG dbcounter [-] [104108] Writing DB stats neutron:SELECT=1 {{(pid=104108) stat_writer /opt/stack/data/venv/lib/python3.12/site-packages/dbcounter.py:115}}
Apr 02 14:51:15.144080 np0000163003 neutron-periodic-workers[104099]: DEBUG oslo.service.backend._threading.loopingcall [None req-17175e00-7771-46c1-ae9a-e66a50620c5b None None] Fixed interval looping call 'neutron.plugins.ml2.plugin.DhcpAgentSchedulerDbMixin.remove_networks_from_down_agents' sleeping for 36.99 seconds {{(pid=104099) _run_loop /opt/stack/data/venv/lib/python3.12/site-packages/oslo_service/backend/_threading/loopingcall.py:125}}
Apr 02 14:51:25.138579 np0000163003 neutron-periodic-workers[104108]: DEBUG neutron.db.agents_db [None req-f649af98-7732-46d9-a9e5-12bfb23d51bd None None] Agent healthcheck: found 0 active agents {{(pid=104108) agent_health_check /opt/stack/neutron/neutron/db/agents_db.py:317}}
Apr 02 14:51:25.139099 np0000163003 neutron-periodic-workers[104108]: DEBUG oslo.service.backend._threading.loopingcall [None req-f649af98-7732-46d9-a9e5-12bfb23d51bd None None] Fixed interval looping call 'neutron.plugins.ml2.plugin.AgentDbMixin.agent_health_check' sleeping for 36.99 seconds {{(pid=104108) _run_loop /opt/stack/data/venv/lib/python3.12/site-packages/oslo_service/backend/_threading/loopingcall.py:125}}
Apr 02 14:51:25.143164 np0000163003 neutron-periodic-workers[104099]: DEBUG dbcounter [-] [104099] Writing DB stats neutron:SELECT=3 {{(pid=104099) stat_writer /opt/stack/data/venv/lib/python3.12/site-packages/dbcounter.py:115}}
Apr 02 14:51:35.136756 np0000163003 neutron-periodic-workers[104108]: DEBUG dbcounter [-] [104108] Writing DB stats neutron:SELECT=1 {{(pid=104108) stat_writer /opt/stack/data/venv/lib/python3.12/site-packages/dbcounter.py:115}}
Apr 02 14:51:44.191068 np0000163003 neutron-periodic-workers[104121]: DEBUG oslo.service.backend._threading.loopingcall [None req-b8f3635f-444f-4b71-b830-10966b449519 None None] Fixed interval looping call 'neutron.db.quota.driver_nolock.DbQuotaNoLockDriver._remove_expired_reservations' sleeping for 119.99 seconds {{(pid=104121) _run_loop /opt/stack/data/venv/lib/python3.12/site-packages/oslo_service/backend/_threading/loopingcall.py:125}}
