Apr 02 14:41:43.579383 np0000163003 devstack@neutron-api.service[102306]: DEBUG neutron_lib.callbacks.manager [None req-c747c79e-a49f-4311-8e3f-405d3fcd7548 None None] Subscribe: port after_delete 55550000, False {{(pid=102306) subscribe /opt/stack/data/venv/lib/python3.12/site-packages/neutron_lib/callbacks/manager.py:52}}
Apr 02 14:41:43.579408 np0000163003 devstack@neutron-api.service[102307]: DEBUG neutron.api.extensions [None req-8d8d8cc1-7f93-4698-a596-5a49b70d7db7 None None] Loading extension file: l3_ext_gw_mode.py {{(pid=102307) _load_all_extensions_from_path /opt/stack/neutron/neutron/api/extensions.py:449}}
Apr 02 14:41:43.579490 np0000163003 devstack@neutron-api.service[102306]: DEBUG neutron_lib.callbacks.manager [None req-c747c79e-a49f-4311-8e3f-405d3fcd7548 None None] Subscribe: subnet after_update 55550000, False {{(pid=102306) subscribe /opt/stack/data/venv/lib/python3.12/site-packages/neutron_lib/callbacks/manager.py:52}}
Apr 02 14:41:43.579594 np0000163003 devstack@neutron-api.service[102306]: DEBUG neutron_lib.callbacks.manager [None req-c747c79e-a49f-4311-8e3f-405d3fcd7548 None None] Subscribe: subnetpool_address_scope after_update 55550000, False {{(pid=102306) subscribe /opt/stack/data/venv/lib/python3.12/site-packages/neutron_lib/callbacks/manager.py:52}}
Apr 02 14:41:43.579641 np0000163003 devstack@neutron-api.service[102305]: DEBUG neutron.api.extensions [None req-60192446-cda3-465c-8164-18bcc59ef7c8 None None] Ext name="DHCP Agent Scheduler" alias="dhcp_agent_scheduler" description="Schedule networks among dhcp agents" updated="2013-02-07T10:00:00-00:00" {{(pid=102305) _check_extension /opt/stack/neutron/neutron/api/extensions.py:415}}
Apr 02 14:41:43.579676 np0000163003 devstack@neutron-api.service[102307]: DEBUG neutron.api.extensions [None req-8d8d8cc1-7f93-4698-a596-5a49b70d7db7 None None] Ext name="Neutron L3 Configurable external gateway mode" alias="ext-gw-mode" description="Extension of the router abstraction for specifying whether SNAT should occur on the external gateway" updated="2013-03-28T10:00:00-00:00" {{(pid=102307) _check_extension /opt/stack/neutron/neutron/api/extensions.py:415}}
Apr 02 14:41:43.579708 np0000163003 devstack@neutron-api.service[102306]: DEBUG neutron_lib.callbacks.manager [None req-c747c79e-a49f-4311-8e3f-405d3fcd7548 None None] Subscribe: port before_update 55550000, False {{(pid=102306) subscribe /opt/stack/data/venv/lib/python3.12/site-packages/neutron_lib/callbacks/manager.py:52}}
Apr 02 14:41:43.579792 np0000163003 devstack@neutron-api.service[102305]: INFO neutron.api.extensions [None req-60192446-cda3-465c-8164-18bcc59ef7c8 None None] Loaded extension: dhcp_agent_scheduler
Apr 02 14:41:43.579825 np0000163003 devstack@neutron-api.service[102306]: DEBUG neutron_lib.callbacks.manager [None req-c747c79e-a49f-4311-8e3f-405d3fcd7548 None None] Subscribe: port after_update 55550000, False {{(pid=102306) subscribe /opt/stack/data/venv/lib/python3.12/site-packages/neutron_lib/callbacks/manager.py:52}}
Apr 02 14:41:43.579850 np0000163003 devstack@neutron-api.service[102307]: INFO neutron.api.extensions [None req-8d8d8cc1-7f93-4698-a596-5a49b70d7db7 None None] Loaded extension: ext-gw-mode
Apr 02 14:41:43.579942 np0000163003 devstack@neutron-api.service[102305]: DEBUG neutron.api.extensions [None req-60192446-cda3-465c-8164-18bcc59ef7c8 None None] Loading extension file: dns.py {{(pid=102305) _load_all_extensions_from_path /opt/stack/neutron/neutron/api/extensions.py:449}}
Apr 02 14:41:43.580005 np0000163003 devstack@neutron-api.service[102306]: DEBUG neutron_lib.callbacks.manager [None req-c747c79e-a49f-4311-8e3f-405d3fcd7548 None None] Subscribe: > port precommit_delete 55550000, False {{(pid=102306) subscribe /opt/stack/data/venv/lib/python3.12/site-packages/neutron_lib/callbacks/manager.py:52}}
Apr 02 14:41:43.580061 np0000163003 devstack@neutron-api.service[102307]: DEBUG neutron.api.extensions [None req-8d8d8cc1-7f93-4698-a596-5a49b70d7db7 None None] Loading extension file: l3_ext_ha_mode.py {{(pid=102307) _load_all_extensions_from_path /opt/stack/neutron/neutron/api/extensions.py:449}}
Apr 02 14:41:43.580089 np0000163003 devstack@neutron-api.service[102306]: DEBUG neutron_lib.callbacks.manager [None req-c747c79e-a49f-4311-8e3f-405d3fcd7548 None None] Subscribe: port before_update 55550000, False {{(pid=102306) subscribe /opt/stack/data/venv/lib/python3.12/site-packages/neutron_lib/callbacks/manager.py:52}}
Apr 02 14:41:43.580163 np0000163003 devstack@neutron-api.service[102305]: DEBUG neutron.api.extensions [None req-60192446-cda3-465c-8164-18bcc59ef7c8 None None] Ext name="DNS Integration" alias="dns-integration" description="Provides integration with DNS." updated="2015-08-15T18:00:00-00:00" {{(pid=102305) _check_extension /opt/stack/neutron/neutron/api/extensions.py:415}}
Apr 02 14:41:43.580195 np0000163003 devstack@neutron-api.service[102306]: DEBUG neutron_lib.callbacks.manager [None req-c747c79e-a49f-4311-8e3f-405d3fcd7548 None None] Subscribe: port before_delete 55550000, False {{(pid=102306) subscribe /opt/stack/data/venv/lib/python3.12/site-packages/neutron_lib/callbacks/manager.py:52}}
Apr 02 14:41:43.580284 np0000163003 devstack@neutron-api.service[102307]: DEBUG neutron.api.extensions [None req-8d8d8cc1-7f93-4698-a596-5a49b70d7db7 None None] Ext name="HA Router extension" alias="l3-ha" description="Adds HA capability to routers." updated="2014-04-26T00:00:00-00:00" {{(pid=102307) _check_extension /opt/stack/neutron/neutron/api/extensions.py:415}}
Apr 02 14:41:43.580315 np0000163003 devstack@neutron-api.service[102306]: DEBUG neutron_lib.callbacks.manager [None req-c747c79e-a49f-4311-8e3f-405d3fcd7548 None None] Subscribe: > router precommit_create 55550000, False {{(pid=102306) subscribe /opt/stack/data/venv/lib/python3.12/site-packages/neutron_lib/callbacks/manager.py:52}}
Apr 02 14:41:43.580406 np0000163003 devstack@neutron-api.service[102305]: INFO neutron.api.extensions [None req-60192446-cda3-465c-8164-18bcc59ef7c8 None None] Loaded extension: dns-integration
Apr 02 14:41:43.580434 np0000163003 devstack@neutron-api.service[102306]: DEBUG neutron_lib.callbacks.manager [None req-c747c79e-a49f-4311-8e3f-405d3fcd7548 None None] Subscribe: > router precommit_create 55550000, False {{(pid=102306) subscribe /opt/stack/data/venv/lib/python3.12/site-packages/neutron_lib/callbacks/manager.py:52}}
Apr 02 14:41:43.580459 np0000163003 devstack@neutron-api.service[102305]: DEBUG neutron.api.extensions [None req-60192446-cda3-465c-8164-18bcc59ef7c8 None None] Loading extension file: dns_domain_ports.py {{(pid=102305) _load_all_extensions_from_path /opt/stack/neutron/neutron/api/extensions.py:449}}
Apr 02 14:41:43.580498 np0000163003 devstack@neutron-api.service[102307]: INFO neutron.api.extensions [None req-8d8d8cc1-7f93-4698-a596-5a49b70d7db7 None None] Loaded extension: l3-ha
Apr 02 14:41:43.580521 np0000163003 devstack@neutron-api.service[102306]: DEBUG neutron_lib.callbacks.manager [None req-c747c79e-a49f-4311-8e3f-405d3fcd7548 None None] Subscribe: > router precommit_update 55550000, False {{(pid=102306) subscribe /opt/stack/data/venv/lib/python3.12/site-packages/neutron_lib/callbacks/manager.py:52}}
Apr 02 14:41:43.580548 np0000163003 devstack@neutron-api.service[102307]: DEBUG neutron.api.extensions [None req-8d8d8cc1-7f93-4698-a596-5a49b70d7db7 None None] Loading extension file: l3_ext_ndp_proxy.py {{(pid=102307) _load_all_extensions_from_path /opt/stack/neutron/neutron/api/extensions.py:449}}
Apr 02 14:41:43.580676 np0000163003 devstack@neutron-api.service[102306]: DEBUG neutron_lib.callbacks.manager [None req-c747c79e-a49f-4311-8e3f-405d3fcd7548 None None] Subscribe: subnet after_update 55550000, False {{(pid=102306) subscribe /opt/stack/data/venv/lib/python3.12/site-packages/neutron_lib/callbacks/manager.py:52}}
Apr 02 14:41:43.580732 np0000163003 devstack@neutron-api.service[102305]: DEBUG neutron.api.extensions [None req-60192446-cda3-465c-8164-18bcc59ef7c8 None None] Ext name="dns_domain for ports" alias="dns-domain-ports" description="Allows the DNS domain to be specified for a network port." updated="2017-04-24T10:00:00-00:00" {{(pid=102305) _check_extension /opt/stack/neutron/neutron/api/extensions.py:415}}
Apr 02 14:41:43.580797 np0000163003 devstack@neutron-api.service[102307]: DEBUG neutron.api.extensions [None req-8d8d8cc1-7f93-4698-a596-5a49b70d7db7 None None] Ext name="Router support to enable NDP proxy" alias="l3-ext-ndp-proxy" description="Router extension to enable ndp proxy" updated="2020-08-25T00:00:00-00:00" {{(pid=102307) _check_extension /opt/stack/neutron/neutron/api/extensions.py:415}}
Apr 02 14:41:43.580854 np0000163003 devstack@neutron-api.service[102305]: INFO neutron.api.extensions [None req-60192446-cda3-465c-8164-18bcc59ef7c8 None None] Loaded extension: dns-domain-ports
Apr 02 14:41:43.580948 np0000163003 devstack@neutron-api.service[102305]: DEBUG neutron.api.extensions [None req-60192446-cda3-465c-8164-18bcc59ef7c8 None None] Loading extension file: dns_integration_domain_keywords.py {{(pid=102305) _load_all_extensions_from_path /opt/stack/neutron/neutron/api/extensions.py:449}}
Apr 02 14:41:43.581004 np0000163003 devstack@neutron-api.service[102307]: INFO neutron.api.extensions [None req-8d8d8cc1-7f93-4698-a596-5a49b70d7db7 None None] Extension l3-ext-ndp-proxy not supported by any of loaded plugins
Apr 02 14:41:43.581054 np0000163003 devstack@neutron-api.service[102307]: DEBUG neutron.api.extensions [None req-8d8d8cc1-7f93-4698-a596-5a49b70d7db7 None None] Loading extension file: l3_extra_gws.py {{(pid=102307) _load_all_extensions_from_path /opt/stack/neutron/neutron/api/extensions.py:449}}
Apr 02 14:41:43.581186 np0000163003 devstack@neutron-api.service[102305]: DEBUG neutron.api.extensions [None req-60192446-cda3-465c-8164-18bcc59ef7c8 None None] Ext name="DNS domain names with keywords allowed" alias="dns-integration-domain-keywords" description="Allows to use keywords like , , and as DNS domain name" updated="2020-06-15T18:00:00-00:00" {{(pid=102305) _check_extension /opt/stack/neutron/neutron/api/extensions.py:415}}
Apr 02 14:41:43.581259 np0000163003 devstack@neutron-api.service[102307]: DEBUG neutron.api.extensions [None req-8d8d8cc1-7f93-4698-a596-5a49b70d7db7 None None] Ext name="Neutron L3 External Gateway Multihoming" alias="external-gateway-multihoming" description="Allow multiple external gateway ports per router" updated="2023-01-18T00:00:00-00:00" {{(pid=102307) _check_extension /opt/stack/neutron/neutron/api/extensions.py:415}}
Apr 02 14:41:43.581317 np0000163003 devstack@neutron-api.service[102306]: DEBUG neutron.quota.resource_registry [None req-c747c79e-a49f-4311-8e3f-405d3fcd7548 None None] Tracking information for resource: router configured {{(pid=102306) set_tracked_resource /opt/stack/neutron/neutron/quota/resource_registry.py:203}}
Apr 02 14:41:43.581372 np0000163003 devstack@neutron-api.service[102305]: INFO neutron.api.extensions [None req-60192446-cda3-465c-8164-18bcc59ef7c8 None None] Loaded extension: dns-integration-domain-keywords
Apr 02 14:41:43.581399 np0000163003 devstack@neutron-api.service[102306]: DEBUG neutron.quota.resource_registry [None req-c747c79e-a49f-4311-8e3f-405d3fcd7548 None None] Tracking information for resource: floatingip configured {{(pid=102306) set_tracked_resource /opt/stack/neutron/neutron/quota/resource_registry.py:203}}
Apr 02 14:41:43.581498 np0000163003 devstack@neutron-api.service[102307]: INFO neutron.api.extensions [None req-8d8d8cc1-7f93-4698-a596-5a49b70d7db7 None None] Loaded extension: external-gateway-multihoming
Apr 02 14:41:43.581524 np0000163003 devstack@neutron-api.service[102305]: DEBUG neutron.api.extensions [None req-60192446-cda3-465c-8164-18bcc59ef7c8 None None] Loading extension file: dvr.py {{(pid=102305) _load_all_extensions_from_path /opt/stack/neutron/neutron/api/extensions.py:449}}
Apr 02 14:41:43.581553 np0000163003 devstack@neutron-api.service[102306]: INFO neutron.services.ovn_l3.plugin [None req-c747c79e-a49f-4311-8e3f-405d3fcd7548 None None] Starting OVNL3RouterPlugin
Apr 02 14:41:43.581576 np0000163003 devstack@neutron-api.service[102307]: DEBUG neutron.api.extensions [None req-8d8d8cc1-7f93-4698-a596-5a49b70d7db7 None None] Loading extension file: l3_flavors.py {{(pid=102307) _load_all_extensions_from_path /opt/stack/neutron/neutron/api/extensions.py:449}}
Apr 02 14:41:43.581705 np0000163003 devstack@neutron-api.service[102306]: DEBUG neutron_lib.callbacks.manager [None req-c747c79e-a49f-4311-8e3f-405d3fcd7548 None None] Subscribe: > port_forwarding_plugin after_init 55550000, False {{(pid=102306) subscribe /opt/stack/data/venv/lib/python3.12/site-packages/neutron_lib/callbacks/manager.py:52}}
Apr 02 14:41:43.581771 np0000163003 devstack@neutron-api.service[102307]: DEBUG neutron.api.extensions [None req-8d8d8cc1-7f93-4698-a596-5a49b70d7db7 None None] Ext name="Router Flavor Extension" alias="l3-flavors" description="Flavor support for routers." updated="2016-05-17T00:00:00-00:00" {{(pid=102307) _check_extension /opt/stack/neutron/neutron/api/extensions.py:415}}
Apr 02 14:41:43.581810 np0000163003 devstack@neutron-api.service[102305]: DEBUG neutron.api.extensions [None req-60192446-cda3-465c-8164-18bcc59ef7c8 None None] Ext name="Distributed Virtual Router" alias="dvr" description="Enables configuration of Distributed Virtual Routers." updated="2014-06-1T10:00:00-00:00" {{(pid=102305) _check_extension /opt/stack/neutron/neutron/api/extensions.py:415}}
Apr 02 14:41:43.581905 np0000163003 devstack@neutron-api.service[102306]: DEBUG neutron_lib.callbacks.manager [None req-c747c79e-a49f-4311-8e3f-405d3fcd7548 None None] Subscribe: > router before_create 55550100, False {{(pid=102306) subscribe /opt/stack/data/venv/lib/python3.12/site-packages/neutron_lib/callbacks/manager.py:52}}
Apr 02 14:41:43.581938 np0000163003 devstack@neutron-api.service[102307]: INFO neutron.api.extensions [None req-8d8d8cc1-7f93-4698-a596-5a49b70d7db7 None None] Loaded extension: l3-flavors
Apr 02 14:41:43.581962 np0000163003 devstack@neutron-api.service[102305]: INFO neutron.api.extensions [None req-60192446-cda3-465c-8164-18bcc59ef7c8 None None] Extension dvr not supported by any of loaded plugins
Apr 02 14:41:43.582029 np0000163003 devstack@neutron-api.service[102307]: DEBUG neutron.api.extensions [None req-8d8d8cc1-7f93-4698-a596-5a49b70d7db7 None None] Loading extension file: l3_ndp_proxy.py {{(pid=102307) _load_all_extensions_from_path /opt/stack/neutron/neutron/api/extensions.py:449}}
Apr 02 14:41:43.582081 np0000163003 devstack@neutron-api.service[102306]: DEBUG neutron_lib.callbacks.manager [None req-c747c79e-a49f-4311-8e3f-405d3fcd7548 None None] Subscribe: > router precommit_delete 55550100, False {{(pid=102306) subscribe /opt/stack/data/venv/lib/python3.12/site-packages/neutron_lib/callbacks/manager.py:52}}
Apr 02 14:41:43.582133 np0000163003 devstack@neutron-api.service[102305]: DEBUG neutron.api.extensions [None req-60192446-cda3-465c-8164-18bcc59ef7c8 None None] Loading extension file: ecmp_routes.py {{(pid=102305) _load_all_extensions_from_path /opt/stack/neutron/neutron/api/extensions.py:449}}
Apr 02 14:41:43.582171 np0000163003 devstack@neutron-api.service[102306]: DEBUG neutron_lib.callbacks.manager [None req-c747c79e-a49f-4311-8e3f-405d3fcd7548 None None] Subscribe: > router precommit_create 55550100, False {{(pid=102306) subscribe /opt/stack/data/venv/lib/python3.12/site-packages/neutron_lib/callbacks/manager.py:52}}
Apr 02 14:41:43.582233 np0000163003 devstack@neutron-api.service[102306]: DEBUG neutron_lib.callbacks.manager [None req-c747c79e-a49f-4311-8e3f-405d3fcd7548 None None] Subscribe: > router precommit_update 55550100, False {{(pid=102306) subscribe /opt/stack/data/venv/lib/python3.12/site-packages/neutron_lib/callbacks/manager.py:52}}
Apr 02 14:41:43.582288 np0000163003 devstack@neutron-api.service[102305]: DEBUG neutron.api.extensions [None req-60192446-cda3-465c-8164-18bcc59ef7c8 None None] Ext name="Equal Cost Multipath Routing" alias="ecmp_routes" description="Allows traffic to reach thesame destination via multiple different links " updated="2020-11-26T18:00:00-00:00" {{(pid=102305) _check_extension /opt/stack/neutron/neutron/api/extensions.py:415}}
Apr 02 14:41:43.582338 np0000163003 devstack@neutron-api.service[102307]: DEBUG neutron.api.extensions [None req-8d8d8cc1-7f93-4698-a596-5a49b70d7db7 None None] Ext name="name" alias="l3-ndp-proxy" description="description" updated="2021-06-29T10:00:00-00:00" {{(pid=102307) _check_extension /opt/stack/neutron/neutron/api/extensions.py:415}}
Apr 02 14:41:43.582433 np0000163003 devstack@neutron-api.service[102305]: INFO neutron.api.extensions [None req-60192446-cda3-465c-8164-18bcc59ef7c8 None None] Extension ecmp_routes not supported by any of loaded plugins
Apr 02 14:41:43.582477 np0000163003 devstack@neutron-api.service[102307]: INFO neutron.api.extensions [None req-8d8d8cc1-7f93-4698-a596-5a49b70d7db7 None None] Extension l3-ndp-proxy not supported by any of loaded plugins
Apr 02 14:41:43.582545 np0000163003 devstack@neutron-api.service[102305]: DEBUG neutron.api.extensions [None req-60192446-cda3-465c-8164-18bcc59ef7c8 None None] Loading extension file: empty_string_filtering.py {{(pid=102305) _load_all_extensions_from_path /opt/stack/neutron/neutron/api/extensions.py:449}}
Apr 02 14:41:43.582576 np0000163003 devstack@neutron-api.service[102307]: DEBUG neutron.api.extensions [None req-8d8d8cc1-7f93-4698-a596-5a49b70d7db7 None None] Loading extension file: l3_port_ip_change_not_allowed.py {{(pid=102307) _load_all_extensions_from_path /opt/stack/neutron/neutron/api/extensions.py:449}}
Apr 02 14:41:43.582783 np0000163003 devstack@neutron-api.service[102305]: DEBUG neutron.api.extensions [None req-60192446-cda3-465c-8164-18bcc59ef7c8 None None] Ext name="Empty String Filtering Extension" alias="empty-string-filtering" description="Allow filtering by attributes with empty string value" updated="2018-05-01T10:00:00-00:00" {{(pid=102305) _check_extension /opt/stack/neutron/neutron/api/extensions.py:415}}
Apr 02 14:41:43.582818 np0000163003 devstack@neutron-api.service[102307]: DEBUG neutron.api.extensions [None req-8d8d8cc1-7f93-4698-a596-5a49b70d7db7 None None] Ext name="Prevent L3 router ports IP address change extension" alias="l3-port-ip-change-not-allowed" description="Prevent change of IP address for some L3 router ports" updated="2018-10-09T10:00:00-00:00" {{(pid=102307) _check_extension /opt/stack/neutron/neutron/api/extensions.py:415}}
Apr 02 14:41:43.582959 np0000163003 devstack@neutron-api.service[102305]: INFO neutron.api.extensions [None req-60192446-cda3-465c-8164-18bcc59ef7c8 None None] Loaded extension: empty-string-filtering
Apr 02 14:41:43.582990 np0000163003 devstack@neutron-api.service[102307]: INFO neutron.api.extensions [None req-8d8d8cc1-7f93-4698-a596-5a49b70d7db7 None None] Extension l3-port-ip-change-not-allowed not supported by any of loaded plugins
Apr 02 14:41:43.583049 np0000163003 devstack@neutron-api.service[102307]: DEBUG neutron.api.extensions [None req-8d8d8cc1-7f93-4698-a596-5a49b70d7db7 None None] Loading extension file: l3agentscheduler.py {{(pid=102307) _load_all_extensions_from_path /opt/stack/neutron/neutron/api/extensions.py:449}}
Apr 02 14:41:43.583080 np0000163003 devstack@neutron-api.service[102305]: DEBUG neutron.api.extensions [None req-60192446-cda3-465c-8164-18bcc59ef7c8 None None] Loading extension file: expose_l3_conntrack_helper.py {{(pid=102305) _load_all_extensions_from_path /opt/stack/neutron/neutron/api/extensions.py:449}}
Apr 02 14:41:43.583287 np0000163003 devstack@neutron-api.service[102305]: DEBUG neutron.api.extensions [None req-60192446-cda3-465c-8164-18bcc59ef7c8 None None] Ext name="Expose CT target rules for conntrack helper" alias="expose-l3-conntrack-helper" description="Expose allow adding CT target rules for conntrack helper" updated="2019-04-04T10:00:00-00:00" {{(pid=102305) _check_extension /opt/stack/neutron/neutron/api/extensions.py:415}}
Apr 02 14:41:43.583475 np0000163003 devstack@neutron-api.service[102305]: INFO neutron.api.extensions [None req-60192446-cda3-465c-8164-18bcc59ef7c8 None None] Extension expose-l3-conntrack-helper not supported by any of loaded plugins
Apr 02 14:41:43.583578 np0000163003 devstack@neutron-api.service[102305]: DEBUG neutron.api.extensions [None req-60192446-cda3-465c-8164-18bcc59ef7c8 None None] Loading extension file: expose_port_forwarding_in_fip.py {{(pid=102305) _load_all_extensions_from_path /opt/stack/neutron/neutron/api/extensions.py:449}}
Apr 02 14:41:43.583677 np0000163003 devstack@neutron-api.service[102307]: DEBUG neutron.api.extensions [None req-8d8d8cc1-7f93-4698-a596-5a49b70d7db7 None None] Ext name="L3 Agent Scheduler" alias="l3_agent_scheduler" description="Schedule routers among l3 agents" updated="2013-02-07T10:00:00-00:00" {{(pid=102307) _check_extension /opt/stack/neutron/neutron/api/extensions.py:415}}
Apr 02 14:41:43.583830 np0000163003 devstack@neutron-api.service[102305]: DEBUG neutron.api.extensions [None req-60192446-cda3-465c-8164-18bcc59ef7c8 None None] Ext name="Expose Floating IP port forwardings" alias="expose-port-forwarding-in-fip" description="Expose port forwarding fields in floating IP response" updated="2018-06-28T16:00:00-00:00" {{(pid=102305) _check_extension /opt/stack/neutron/neutron/api/extensions.py:415}}
Apr 02 14:41:43.583865 np0000163003 devstack@neutron-api.service[102307]: INFO neutron.api.extensions [None req-8d8d8cc1-7f93-4698-a596-5a49b70d7db7 None None] Extension l3_agent_scheduler not supported by any of loaded plugins
Apr 02 14:41:43.583982 np0000163003 devstack@neutron-api.service[102307]: DEBUG neutron.api.extensions [None req-8d8d8cc1-7f93-4698-a596-5a49b70d7db7 None None] Loading extension file: local_ip.py {{(pid=102307) _load_all_extensions_from_path /opt/stack/neutron/neutron/api/extensions.py:449}}
Apr 02 14:41:43.584015 np0000163003 devstack@neutron-api.service[102305]: INFO neutron.api.extensions [None req-60192446-cda3-465c-8164-18bcc59ef7c8 None None] Extension expose-port-forwarding-in-fip not supported by any of loaded plugins
Apr 02 14:41:43.584114 np0000163003 devstack@neutron-api.service[102305]: DEBUG neutron.api.extensions [None req-60192446-cda3-465c-8164-18bcc59ef7c8 None None] Loading extension file: external_net.py {{(pid=102305) _load_all_extensions_from_path /opt/stack/neutron/neutron/api/extensions.py:449}}
Apr 02 14:41:43.584312 np0000163003 devstack@neutron-api.service[102307]: DEBUG neutron.api.extensions [None req-8d8d8cc1-7f93-4698-a596-5a49b70d7db7 None None] Ext name="Local IP" alias="local_ip" description="Support Node Local Virtual IP" updated="2021-07-26T10:00:00-00:00" {{(pid=102307) _check_extension /opt/stack/neutron/neutron/api/extensions.py:415}}
Apr 02 14:41:43.584345 np0000163003 devstack@neutron-api.service[102305]: DEBUG neutron.api.extensions [None req-60192446-cda3-465c-8164-18bcc59ef7c8 None None] Ext name="Neutron external network" alias="external-net" description="Adds external network attribute to network resource." updated="2013-01-14T10:00:00-00:00" {{(pid=102305) _check_extension /opt/stack/neutron/neutron/api/extensions.py:415}}
Apr 02 14:41:43.584504 np0000163003 devstack@neutron-api.service[102307]: INFO neutron.api.extensions [None req-8d8d8cc1-7f93-4698-a596-5a49b70d7db7 None None] Extension local_ip not supported by any of loaded plugins
Apr 02 14:41:43.584536 np0000163003 devstack@neutron-api.service[102305]: INFO neutron.api.extensions [None req-60192446-cda3-465c-8164-18bcc59ef7c8 None None] Loaded extension: external-net
Apr 02 14:41:43.584602 np0000163003 devstack@neutron-api.service[102307]: DEBUG neutron.api.extensions [None req-8d8d8cc1-7f93-4698-a596-5a49b70d7db7 None None] Loading extension file: logging.py {{(pid=102307) _load_all_extensions_from_path /opt/stack/neutron/neutron/api/extensions.py:449}}
Apr 02 14:41:43.584660 np0000163003 devstack@neutron-api.service[102305]: DEBUG neutron.api.extensions [None req-60192446-cda3-465c-8164-18bcc59ef7c8 None None] Loading extension file: extra_dhcp_opt.py {{(pid=102305) _load_all_extensions_from_path /opt/stack/neutron/neutron/api/extensions.py:449}}
Apr 02 14:41:43.584850 np0000163003 devstack@neutron-api.service[102305]: DEBUG neutron.api.extensions [None req-60192446-cda3-465c-8164-18bcc59ef7c8 None None] Ext name="Neutron Extra DHCP options" alias="extra_dhcp_opt" description="Extra options configuration for DHCP. For example PXE boot options to DHCP clients can be specified (e.g. tftp-server, server-ip-address, bootfile-name)" updated="2013-03-17T12:00:00-00:00" {{(pid=102305) _check_extension /opt/stack/neutron/neutron/api/extensions.py:415}}
Apr 02 14:41:43.584915 np0000163003 devstack@neutron-api.service[102307]: DEBUG neutron.api.extensions [None req-8d8d8cc1-7f93-4698-a596-5a49b70d7db7 None None] Ext name="Logging API Extension" alias="logging" description="Provides a logging API for resources such as security group and firewall." updated="2017-01-01T10:00:00-00:00" {{(pid=102307) _check_extension /opt/stack/neutron/neutron/api/extensions.py:415}}
Apr 02 14:41:43.585021 np0000163003 devstack@neutron-api.service[102305]: INFO neutron.api.extensions [None req-60192446-cda3-465c-8164-18bcc59ef7c8 None None] Loaded extension: extra_dhcp_opt
Apr 02 14:41:43.585085 np0000163003 devstack@neutron-api.service[102307]: INFO neutron.api.extensions [None req-8d8d8cc1-7f93-4698-a596-5a49b70d7db7 None None] Extension logging not supported by any of loaded plugins
Apr 02 14:41:43.585134 np0000163003 devstack@neutron-api.service[102305]: DEBUG neutron.api.extensions [None req-60192446-cda3-465c-8164-18bcc59ef7c8 None None] Loading extension file: extraroute.py {{(pid=102305) _load_all_extensions_from_path /opt/stack/neutron/neutron/api/extensions.py:449}}
Apr 02 14:41:43.585164 np0000163003 devstack@neutron-api.service[102307]: DEBUG neutron.api.extensions [None req-8d8d8cc1-7f93-4698-a596-5a49b70d7db7 None None] Loading extension file: metering.py {{(pid=102307) _load_all_extensions_from_path /opt/stack/neutron/neutron/api/extensions.py:449}}
Apr 02 14:41:43.585339 np0000163003 devstack@neutron-api.service[102305]: DEBUG neutron.api.extensions [None req-60192446-cda3-465c-8164-18bcc59ef7c8 None None] Ext name="Neutron Extra Route" alias="extraroute" description="Extra routes configuration for L3 router" updated="2013-02-01T10:00:00-00:00" {{(pid=102305) _check_extension /opt/stack/neutron/neutron/api/extensions.py:415}}
Apr 02 14:41:43.585507 np0000163003 devstack@neutron-api.service[102306]: DEBUG neutron.services.provider_configuration [None req-c747c79e-a49f-4311-8e3f-405d3fcd7548 None None] Service providers = [] {{(pid=102306) parse_service_provider_opt /opt/stack/neutron/neutron/services/provider_configuration.py:170}}
Apr 02 14:41:43.585541 np0000163003 devstack@neutron-api.service[102305]: INFO neutron.api.extensions [None req-60192446-cda3-465c-8164-18bcc59ef7c8 None None] Loaded extension: extraroute
Apr 02 14:41:43.585611 np0000163003 devstack@neutron-api.service[102305]: DEBUG neutron.api.extensions [None req-60192446-cda3-465c-8164-18bcc59ef7c8 None None] Loading extension file: extraroute_atomic.py {{(pid=102305) _load_all_extensions_from_path /opt/stack/neutron/neutron/api/extensions.py:449}}
Apr 02 14:41:43.585643 np0000163003 devstack@neutron-api.service[102306]: DEBUG neutron.db.servicetype_db [None req-c747c79e-a49f-4311-8e3f-405d3fcd7548 None None] Adding provider configuration for service L3_ROUTER_NAT {{(pid=102306) add_provider_configuration /opt/stack/neutron/neutron/db/servicetype_db.py:42}}
Apr 02 14:41:43.585676 np0000163003 devstack@neutron-api.service[102307]: DEBUG neutron.api.extensions [None req-8d8d8cc1-7f93-4698-a596-5a49b70d7db7 None None] Ext name="Neutron Metering" alias="metering" description="Neutron Metering extension." updated="2013-06-12T10:00:00-00:00" {{(pid=102307) _check_extension /opt/stack/neutron/neutron/api/extensions.py:415}}
Apr 02 14:41:43.585826 np0000163003 devstack@neutron-api.service[102307]: INFO neutron.api.extensions [None req-8d8d8cc1-7f93-4698-a596-5a49b70d7db7 None None] Extension metering not supported by any of loaded plugins
Apr 02 14:41:43.585872 np0000163003 devstack@neutron-api.service[102305]: DEBUG neutron.api.extensions [None req-60192446-cda3-465c-8164-18bcc59ef7c8 None None] Ext name="Atomically add/remove extra routes" alias="extraroute-atomic" description="Edit extra routes of a router on server side by atomically adding/removing extra routes" updated="2019-07-10T00:00:00+00:00" {{(pid=102305) _check_extension /opt/stack/neutron/neutron/api/extensions.py:415}}
Apr 02 14:41:43.585938 np0000163003 devstack@neutron-api.service[102307]: DEBUG neutron.api.extensions [None req-8d8d8cc1-7f93-4698-a596-5a49b70d7db7 None None] Loading extension file: metering_source_and_destination_fields.py {{(pid=102307) _load_all_extensions_from_path /opt/stack/neutron/neutron/api/extensions.py:449}}
Apr 02 14:41:43.586042 np0000163003 devstack@neutron-api.service[102305]: INFO neutron.api.extensions [None req-60192446-cda3-465c-8164-18bcc59ef7c8 None None] Loaded extension: extraroute-atomic
Apr 02 14:41:43.586134 np0000163003 devstack@neutron-api.service[102305]: DEBUG neutron.api.extensions [None req-60192446-cda3-465c-8164-18bcc59ef7c8 None None] Loading extension file: filter_validation.py {{(pid=102305) _load_all_extensions_from_path /opt/stack/neutron/neutron/api/extensions.py:449}}
Apr 02 14:41:43.586163 np0000163003 devstack@neutron-api.service[102307]: DEBUG neutron.api.extensions [None req-8d8d8cc1-7f93-4698-a596-5a49b70d7db7 None None] Ext name="Neutron Metering with source and destination filtering" alias="metering_source_and_destination_fields" description="Neutron Metering extension that enables the use of source and destination IP prefixes to create metering label rules." updated="2020-08-21T08:12:00-00:00" {{(pid=102307) _check_extension /opt/stack/neutron/neutron/api/extensions.py:415}}
Apr 02 14:41:43.586331 np0000163003 devstack@neutron-api.service[102307]: INFO neutron.api.extensions [None req-8d8d8cc1-7f93-4698-a596-5a49b70d7db7 None None] Extension metering_source_and_destination_fields not supported by any of loaded plugins
Apr 02 14:41:43.586402 np0000163003 devstack@neutron-api.service[102305]: DEBUG neutron.api.extensions [None req-60192446-cda3-465c-8164-18bcc59ef7c8 None None] Ext name="Filter parameters validation" alias="filter-validation" description="Provides validation on filter parameters." updated="2018-07-04T10:00:00-00:00" {{(pid=102305) _check_extension /opt/stack/neutron/neutron/api/extensions.py:415}}
Apr 02 14:41:43.586436 np0000163003 devstack@neutron-api.service[102307]: DEBUG neutron.api.extensions [None req-8d8d8cc1-7f93-4698-a596-5a49b70d7db7 None None] Loading extension file: multiprovidernet.py {{(pid=102307) _load_all_extensions_from_path /opt/stack/neutron/neutron/api/extensions.py:449}}
Apr 02 14:41:43.586589 np0000163003 devstack@neutron-api.service[102305]: INFO neutron.api.extensions [None req-60192446-cda3-465c-8164-18bcc59ef7c8 None None] Loaded extension: filter-validation
Apr 02 14:41:43.586674 np0000163003 devstack@neutron-api.service[102307]: DEBUG neutron.api.extensions [None req-8d8d8cc1-7f93-4698-a596-5a49b70d7db7 None None] Ext name="Multi Provider Network" alias="multi-provider" description="Expose mapping of virtual networks to multiple physical networks" updated="2013-06-27T10:00:00-00:00" {{(pid=102307) _check_extension /opt/stack/neutron/neutron/api/extensions.py:415}}
Apr 02 14:41:43.586727 np0000163003 devstack@neutron-api.service[102305]: DEBUG neutron.api.extensions [None req-60192446-cda3-465c-8164-18bcc59ef7c8 None None] Loading extension file: fip_pf_description.py {{(pid=102305) _load_all_extensions_from_path /opt/stack/neutron/neutron/api/extensions.py:449}}
Apr 02 14:41:43.586831 np0000163003 devstack@neutron-api.service[102306]: DEBUG neutron_lib.callbacks.manager [None req-c747c79e-a49f-4311-8e3f-405d3fcd7548 None None] Subscribe: > router precommit_create 55549900, False {{(pid=102306) subscribe /opt/stack/data/venv/lib/python3.12/site-packages/neutron_lib/callbacks/manager.py:52}}
Apr 02 14:41:43.586887 np0000163003 devstack@neutron-api.service[102307]: INFO neutron.api.extensions [None req-8d8d8cc1-7f93-4698-a596-5a49b70d7db7 None None] Loaded extension: multi-provider
Apr 02 14:41:43.586920 np0000163003 devstack@neutron-api.service[102305]: DEBUG neutron.api.extensions [None req-60192446-cda3-465c-8164-18bcc59ef7c8 None None] Ext name="Floating IP Port Forwarding new attribute description" alias="floating-ip-port-forwarding-description" description="Add a description field to Port Forwarding rules" updated="2019-11-01T10:00:00-00:00" {{(pid=102305) _check_extension /opt/stack/neutron/neutron/api/extensions.py:415}}
Apr 02 14:41:43.586947 np0000163003 devstack@neutron-api.service[102307]: DEBUG neutron.api.extensions [None req-8d8d8cc1-7f93-4698-a596-5a49b70d7db7 None None] Loading extension file: netmtu.py {{(pid=102307) _load_all_extensions_from_path /opt/stack/neutron/neutron/api/extensions.py:449}}
Apr 02 14:41:43.586973 np0000163003 devstack@neutron-api.service[102306]: DEBUG neutron_lib.callbacks.manager [None req-c747c79e-a49f-4311-8e3f-405d3fcd7548 None None] Subscribe: > router_interface after_create 55550000, False {{(pid=102306) subscribe /opt/stack/data/venv/lib/python3.12/site-packages/neutron_lib/callbacks/manager.py:52}}
Apr 02 14:41:43.587057 np0000163003 devstack@neutron-api.service[102306]: DEBUG neutron_lib.callbacks.manager [None req-c747c79e-a49f-4311-8e3f-405d3fcd7548 None None] Subscribe: > floatingip after_create 55550000, False {{(pid=102306) subscribe /opt/stack/data/venv/lib/python3.12/site-packages/neutron_lib/callbacks/manager.py:52}}
Apr 02 14:41:43.587115 np0000163003 devstack@neutron-api.service[102305]: INFO neutron.api.extensions [None req-60192446-cda3-465c-8164-18bcc59ef7c8 None None] Extension floating-ip-port-forwarding-description not supported by any of loaded plugins
Apr 02 14:41:43.587164 np0000163003 devstack@neutron-api.service[102307]: DEBUG neutron.api.extensions [None req-8d8d8cc1-7f93-4698-a596-5a49b70d7db7 None None] Ext name="Network MTU" alias="net-mtu" description="Provides MTU attribute for a network resource." updated="2015-03-25T10:00:00-00:00" {{(pid=102307) _check_extension /opt/stack/neutron/neutron/api/extensions.py:415}}
Apr 02 14:41:43.587213 np0000163003 devstack@neutron-api.service[102305]: DEBUG neutron.api.extensions [None req-60192446-cda3-465c-8164-18bcc59ef7c8 None None] Loading extension file: fip_pf_detail.py {{(pid=102305) _load_all_extensions_from_path /opt/stack/neutron/neutron/api/extensions.py:449}}
Apr 02 14:41:43.587269 np0000163003 devstack@neutron-api.service[102306]: DEBUG neutron_lib.callbacks.manager [None req-c747c79e-a49f-4311-8e3f-405d3fcd7548 None None] Subscribe: > floatingip precommit_create 55550000, False {{(pid=102306) subscribe /opt/stack/data/venv/lib/python3.12/site-packages/neutron_lib/callbacks/manager.py:52}}
Apr 02 14:41:43.587269 np0000163003 devstack@neutron-api.service[102306]: DEBUG neutron_lib.callbacks.manager [None req-c747c79e-a49f-4311-8e3f-405d3fcd7548 None None] Subscribe: > floatingip precommit_update 55550000, False {{(pid=102306) subscribe /opt/stack/data/venv/lib/python3.12/site-packages/neutron_lib/callbacks/manager.py:52}}
Apr 02 14:41:43.587368 np0000163003 devstack@neutron-api.service[102307]: INFO neutron.api.extensions [None req-8d8d8cc1-7f93-4698-a596-5a49b70d7db7 None None] Loaded extension: net-mtu
Apr 02 14:41:43.587395 np0000163003 devstack@neutron-api.service[102306]: DEBUG neutron_lib.callbacks.manager [None req-c747c79e-a49f-4311-8e3f-405d3fcd7548 None None] Subscribe: > floatingip after_delete 55550000, False {{(pid=102306) subscribe /opt/stack/data/venv/lib/python3.12/site-packages/neutron_lib/callbacks/manager.py:52}}
Apr 02 14:41:43.587424 np0000163003 devstack@neutron-api.service[102305]: DEBUG neutron.api.extensions [None req-60192446-cda3-465c-8164-18bcc59ef7c8 None None] Ext name="Floating IP port forwarding detail" alias="floating-ip-port-forwarding-detail" description="Allow list floating ip return more port forwarding data, include'id' and 'internal_port_id'" updated="2022-05-06T10:00:00-00:00" {{(pid=102305) _check_extension /opt/stack/neutron/neutron/api/extensions.py:415}}
Apr 02 14:41:43.587450 np0000163003 devstack@neutron-api.service[102307]: DEBUG neutron.api.extensions [None req-8d8d8cc1-7f93-4698-a596-5a49b70d7db7 None None] Loading extension file: netmtu_writable.py {{(pid=102307) _load_all_extensions_from_path /opt/stack/neutron/neutron/api/extensions.py:449}}
Apr 02 14:41:43.587491 np0000163003 devstack@neutron-api.service[102306]: DEBUG neutron_lib.callbacks.manager [None req-c747c79e-a49f-4311-8e3f-405d3fcd7548 None None] Subscribe: > floatingip after_status_update 55550000, False {{(pid=102306) subscribe /opt/stack/data/venv/lib/python3.12/site-packages/neutron_lib/callbacks/manager.py:52}}
Apr 02 14:41:43.587614 np0000163003 devstack@neutron-api.service[102305]: INFO neutron.api.extensions [None req-60192446-cda3-465c-8164-18bcc59ef7c8 None None] Loaded extension: floating-ip-port-forwarding-detail
Apr 02 14:41:43.587673 np0000163003 devstack@neutron-api.service[102306]: DEBUG neutron_lib.callbacks.manager [None req-c747c79e-a49f-4311-8e3f-405d3fcd7548 None None] Subscribe: > floatingip after_update 55550000, False {{(pid=102306) subscribe /opt/stack/data/venv/lib/python3.12/site-packages/neutron_lib/callbacks/manager.py:52}}
Apr 02 14:41:43.587725 np0000163003 devstack@neutron-api.service[102307]: DEBUG neutron.api.extensions [None req-8d8d8cc1-7f93-4698-a596-5a49b70d7db7 None None] Ext name="Network MTU (writable)" alias="net-mtu-writable" description="Provides a writable MTU attribute for a network resource." updated="2017-07-12T00:00:00-00:00" {{(pid=102307) _check_extension /opt/stack/neutron/neutron/api/extensions.py:415}}
Apr 02 14:41:43.588002 np0000163003 devstack@neutron-api.service[102305]: DEBUG neutron.api.extensions [None req-60192446-cda3-465c-8164-18bcc59ef7c8 None None] Loading extension file: fip_pf_port_range.py {{(pid=102305) _load_all_extensions_from_path /opt/stack/neutron/neutron/api/extensions.py:449}}
Apr 02 14:41:43.588060 np0000163003 devstack@neutron-api.service[102306]: DEBUG neutron_lib.callbacks.manager [None req-c747c79e-a49f-4311-8e3f-405d3fcd7548 None None] Subscribe: > port_forwarding after_create 55550000, False {{(pid=102306) subscribe /opt/stack/data/venv/lib/python3.12/site-packages/neutron_lib/callbacks/manager.py:52}}
Apr 02 14:41:43.588060 np0000163003 devstack@neutron-api.service[102306]: DEBUG neutron_lib.callbacks.manager [None req-c747c79e-a49f-4311-8e3f-405d3fcd7548 None None] Subscribe: > router_interface after_delete 55550000, False {{(pid=102306) subscribe /opt/stack/data/venv/lib/python3.12/site-packages/neutron_lib/callbacks/manager.py:52}}
Apr 02 14:41:43.588111 np0000163003 devstack@neutron-api.service[102307]: INFO neutron.api.extensions [None req-8d8d8cc1-7f93-4698-a596-5a49b70d7db7 None None] Loaded extension: net-mtu-writable
Apr 02 14:41:43.588140 np0000163003 devstack@neutron-api.service[102306]: DEBUG neutron_lib.callbacks.manager [None req-c747c79e-a49f-4311-8e3f-405d3fcd7548 None None] Subscribe: > router after_create 55550000, False {{(pid=102306) subscribe /opt/stack/data/venv/lib/python3.12/site-packages/neutron_lib/callbacks/manager.py:52}}
Apr 02 14:41:43.588174 np0000163003 devstack@neutron-api.service[102307]: DEBUG neutron.api.extensions [None req-8d8d8cc1-7f93-4698-a596-5a49b70d7db7 None None] Loading extension file: network_availability_zone.py {{(pid=102307) _load_all_extensions_from_path /opt/stack/neutron/neutron/api/extensions.py:449}}
Apr 02 14:41:43.588199 np0000163003 devstack@neutron-api.service[102305]: DEBUG neutron.api.extensions [None req-60192446-cda3-465c-8164-18bcc59ef7c8 None None] Ext name="Floating IP Port Forwarding support port ranges" alias="floating-ip-port-forwarding-port-ranges" description="Add support to port ranges" updated="2020-07-01T10:00:00-00:00" {{(pid=102305) _check_extension /opt/stack/neutron/neutron/api/extensions.py:415}}
Apr 02 14:41:43.588223 np0000163003 devstack@neutron-api.service[102306]: DEBUG neutron_lib.callbacks.manager [None req-c747c79e-a49f-4311-8e3f-405d3fcd7548 None None] Subscribe: > router precommit_create 55550000, False {{(pid=102306) subscribe /opt/stack/data/venv/lib/python3.12/site-packages/neutron_lib/callbacks/manager.py:52}}
Apr 02 14:41:43.588322 np0000163003 devstack@neutron-api.service[102306]: DEBUG neutron_lib.callbacks.manager [None req-c747c79e-a49f-4311-8e3f-405d3fcd7548 None None] Subscribe: > router after_delete 55550000, False {{(pid=102306) subscribe /opt/stack/data/venv/lib/python3.12/site-packages/neutron_lib/callbacks/manager.py:52}}
Apr 02 14:41:43.588390 np0000163003 devstack@neutron-api.service[102305]: INFO neutron.api.extensions [None req-60192446-cda3-465c-8164-18bcc59ef7c8 None None] Extension floating-ip-port-forwarding-port-ranges not supported by any of loaded plugins
Apr 02 14:41:43.588440 np0000163003 devstack@neutron-api.service[102306]: DEBUG neutron_lib.callbacks.manager [None req-c747c79e-a49f-4311-8e3f-405d3fcd7548 None None] Subscribe: > router after_update 55550000, False {{(pid=102306) subscribe /opt/stack/data/venv/lib/python3.12/site-packages/neutron_lib/callbacks/manager.py:52}}
Apr 02 14:41:43.588513 np0000163003 devstack@neutron-api.service[102307]: DEBUG neutron.api.extensions [None req-8d8d8cc1-7f93-4698-a596-5a49b70d7db7 None None] Ext name="Network Availability Zone" alias="network_availability_zone" description="Availability zone support for network." updated="2015-01-01T10:00:00-00:00" {{(pid=102307) _check_extension /opt/stack/neutron/neutron/api/extensions.py:415}}
Apr 02 14:41:43.588579 np0000163003 devstack@neutron-api.service[102305]: DEBUG neutron.api.extensions [None req-60192446-cda3-465c-8164-18bcc59ef7c8 None None] Loading extension file: fip_port_details.py {{(pid=102305) _load_all_extensions_from_path /opt/stack/neutron/neutron/api/extensions.py:449}}
Apr 02 14:41:43.588606 np0000163003 devstack@neutron-api.service[102306]: DEBUG neutron.services.service_base [None req-c747c79e-a49f-4311-8e3f-405d3fcd7548 None None] Loaded 'neutron.services.ovn_l3.service_providers.ovn.OvnDriver' provider for service L3_ROUTER_NAT {{(pid=102306) load_drivers /opt/stack/neutron/neutron/services/service_base.py:49}}
Apr 02 14:41:43.588631 np0000163003 devstack@neutron-api.service[102307]: INFO neutron.api.extensions [None req-8d8d8cc1-7f93-4698-a596-5a49b70d7db7 None None] Loaded extension: network_availability_zone
Apr 02 14:41:43.588659 np0000163003 devstack@neutron-api.service[102306]: DEBUG neutron_lib.callbacks.manager [None req-c747c79e-a49f-4311-8e3f-405d3fcd7548 None None] Subscribe: > process after_init 55550001, True {{(pid=102306) subscribe /opt/stack/data/venv/lib/python3.12/site-packages/neutron_lib/callbacks/manager.py:52}}
Apr 02 14:41:43.588685 np0000163003 devstack@neutron-api.service[102307]: DEBUG neutron.api.extensions [None req-8d8d8cc1-7f93-4698-a596-5a49b70d7db7 None None] Loading extension file: network_ha.py {{(pid=102307) _load_all_extensions_from_path /opt/stack/neutron/neutron/api/extensions.py:449}}
Apr 02 14:41:43.588708 np0000163003 devstack@neutron-api.service[102305]: DEBUG neutron.api.extensions [None req-60192446-cda3-465c-8164-18bcc59ef7c8 None None] Ext name="Floating IP Port Details Extension" alias="fip-port-details" description="Add port_details attribute to Floating IP resource" updated="2018-04-09T10:00:00-00:00" {{(pid=102305) _check_extension /opt/stack/neutron/neutron/api/extensions.py:415}}
Apr 02 14:41:43.588737 np0000163003 devstack@neutron-api.service[102306]: DEBUG neutron.manager [None req-c747c79e-a49f-4311-8e3f-405d3fcd7548 None None] Successfully loaded L3_ROUTER_NAT plugin. Description: L3 Router Service Plugin for basic L3 forwarding using OVN {{(pid=102306) _create_and_add_service_plugin /opt/stack/neutron/neutron/manager.py:239}}
Apr 02 14:41:43.588838 np0000163003 devstack@neutron-api.service[102306]: INFO neutron.manager [None req-c747c79e-a49f-4311-8e3f-405d3fcd7548 None None] Loading Plugin: auto_allocate
Apr 02 14:41:43.588922 np0000163003 devstack@neutron-api.service[102307]: DEBUG neutron.api.extensions [None req-8d8d8cc1-7f93-4698-a596-5a49b70d7db7 None None] Ext name="Network HA creation flag" alias="network_ha" description="Network high availability creation flag." updated="2023-04-27T10:00:00-00:00" {{(pid=102307) _check_extension /opt/stack/neutron/neutron/api/extensions.py:415}}
Apr 02 14:41:43.589036 np0000163003 devstack@neutron-api.service[102307]: INFO neutron.api.extensions [None req-8d8d8cc1-7f93-4698-a596-5a49b70d7db7 None None] Extension network_ha not supported by any of loaded plugins
Apr 02 14:41:43.589112 np0000163003 devstack@neutron-api.service[102305]: INFO neutron.api.extensions [None req-60192446-cda3-465c-8164-18bcc59ef7c8 None None] Loaded extension: fip-port-details
Apr 02 14:41:43.589165 np0000163003 devstack@neutron-api.service[102307]: DEBUG neutron.api.extensions [None req-8d8d8cc1-7f93-4698-a596-5a49b70d7db7 None None] Loading extension file: network_ip_availability.py {{(pid=102307) _load_all_extensions_from_path /opt/stack/neutron/neutron/api/extensions.py:449}}
Apr 02 14:41:43.589215 np0000163003 devstack@neutron-api.service[102305]: DEBUG neutron.api.extensions [None req-60192446-cda3-465c-8164-18bcc59ef7c8 None None] Loading extension file: flavors.py {{(pid=102305) _load_all_extensions_from_path /opt/stack/neutron/neutron/api/extensions.py:449}}
Apr 02 14:41:43.589384 np0000163003 devstack@neutron-api.service[102307]: DEBUG neutron.api.extensions [None req-8d8d8cc1-7f93-4698-a596-5a49b70d7db7 None None] Ext name="Network IP Availability" alias="network-ip-availability" description="Provides IP availability data for each network and subnet." updated="2015-09-24T00:00:00-00:00" {{(pid=102307) _check_extension /opt/stack/neutron/neutron/api/extensions.py:415}}
Apr 02 14:41:43.589524 np0000163003 devstack@neutron-api.service[102305]: DEBUG neutron.api.extensions [None req-60192446-cda3-465c-8164-18bcc59ef7c8 None None] Ext name="Neutron Service Flavors" alias="flavors" description="Flavor specification for Neutron advanced services." updated="2015-09-17T10:00:00-00:00" {{(pid=102305) _check_extension /opt/stack/neutron/neutron/api/extensions.py:415}}
Apr 02 14:41:43.589569 np0000163003 devstack@neutron-api.service[102307]: INFO neutron.api.extensions [None req-8d8d8cc1-7f93-4698-a596-5a49b70d7db7 None None] Loaded extension: network-ip-availability
Apr 02 14:41:43.589665 np0000163003 devstack@neutron-api.service[102307]: DEBUG neutron.api.extensions [None req-8d8d8cc1-7f93-4698-a596-5a49b70d7db7 None None] Loading extension file: network_ip_availability_details.py {{(pid=102307) _load_all_extensions_from_path /opt/stack/neutron/neutron/api/extensions.py:449}}
Apr 02 14:41:43.589697 np0000163003 devstack@neutron-api.service[102306]: DEBUG neutron_lib.callbacks.manager [None req-c747c79e-a49f-4311-8e3f-405d3fcd7548 None None] Subscribe: network precommit_update 55550000, False {{(pid=102306) subscribe /opt/stack/data/venv/lib/python3.12/site-packages/neutron_lib/callbacks/manager.py:52}}
Apr 02 14:41:43.589724 np0000163003 devstack@neutron-api.service[102305]: INFO neutron.api.extensions [None req-60192446-cda3-465c-8164-18bcc59ef7c8 None None] Loaded extension: flavors
Apr 02 14:41:43.589803 np0000163003 devstack@neutron-api.service[102306]: DEBUG neutron_lib.callbacks.manager [None req-c747c79e-a49f-4311-8e3f-405d3fcd7548 None None] Subscribe: network precommit_create 55550000, False {{(pid=102306) subscribe /opt/stack/data/venv/lib/python3.12/site-packages/neutron_lib/callbacks/manager.py:52}}
Apr 02 14:41:43.589857 np0000163003 devstack@neutron-api.service[102305]: DEBUG neutron.api.extensions [None req-60192446-cda3-465c-8164-18bcc59ef7c8 None None] Loading extension file: floating_ip_port_forwarding.py {{(pid=102305) _load_all_extensions_from_path /opt/stack/neutron/neutron/api/extensions.py:449}}
Apr 02 14:41:43.589918 np0000163003 devstack@neutron-api.service[102307]: DEBUG neutron.api.extensions [None req-8d8d8cc1-7f93-4698-a596-5a49b70d7db7 None None] Ext name="Network IP Availability Details Extension" alias="network-ip-availability-details" description="Add ip_availability_details attribute to network-ip-availabilities resource." updated="2025-10-31T00:00:00-00:00" {{(pid=102307) _check_extension /opt/stack/neutron/neutron/api/extensions.py:415}}
Apr 02 14:41:43.589989 np0000163003 devstack@neutron-api.service[102306]: DEBUG neutron.manager [None req-c747c79e-a49f-4311-8e3f-405d3fcd7548 None None] Successfully loaded auto-allocated-topology plugin. Description: Auto Allocated Topology - aka get me a network. {{(pid=102306) _create_and_add_service_plugin /opt/stack/neutron/neutron/manager.py:239}}
Apr 02 14:41:43.590078 np0000163003 devstack@neutron-api.service[102307]: INFO neutron.api.extensions [None req-8d8d8cc1-7f93-4698-a596-5a49b70d7db7 None None] Loaded extension: network-ip-availability-details
Apr 02 14:41:43.590110 np0000163003 devstack@neutron-api.service[102306]: INFO neutron.manager [None req-c747c79e-a49f-4311-8e3f-405d3fcd7548 None None] Loading Plugin: tag
Apr 02 14:41:43.590170 np0000163003 devstack@neutron-api.service[102307]: DEBUG neutron.api.extensions [None req-8d8d8cc1-7f93-4698-a596-5a49b70d7db7 None None] Loading extension file: network_segment_range.py {{(pid=102307) _load_all_extensions_from_path /opt/stack/neutron/neutron/api/extensions.py:449}}
