Apr 02 14:48:20.354842 np0000163003 devstack@neutron-api.service[102308]: DEBUG ovsdbapp.backend.ovs_idl.transaction [None req-abc92198-a96d-4c39-a3f0-46aac22d9635 None None] Running txn n=1 command(idx=0): CheckRevisionNumberCommand(_result=None, name=a79be878-2779-4474-8b67-69d4f84a9aad, resource={'id': 'a79be878-2779-4474-8b67-69d4f84a9aad', 'name': '', 'network_id': 'd663e3cf-50c4-4b84-bb59-4da7976af967', 'project_id': '5390efdb395042a39f828c5a128582fe', 'mac_address': 'fa:16:3e:39:60:cd', 'admin_state_up': True, 'status': 'ACTIVE', 'device_id': 'manila-admin-share', 'device_owner': 'manila:share', 'standard_attr_id': 46, 'fixed_ips': [{'subnet_id': '2ae08e40-db0f-4983-bbb3-3c5a771dbd48', 'ip_address': '10.2.5.39'}], 'allowed_address_pairs': [], 'extra_dhcp_opts': [], 'security_groups': [], 'description': '', 'binding:vnic_type': 'normal', 'binding:profile': {}, 'binding:host_id': 'np0000163003', 'binding:vif_type': 'ovs', 'binding:vif_details': {'port_filter': True, 'connectivity': 'l2', 'ovs_create_tap': False, 'bridge_name': 'br-int', 'datapath_type': 'system', 'bound_drivers': {'0': 'ovn'}}, 'port_security_enabled': False, 'tags': [], 'created_at': '2026-04-02T14:48:19Z', 'updated_at': '2026-04-02T14:48:20Z', 'revision_number': 4, 'tenant_id': '5390efdb395042a39f828c5a128582fe', 'network': {'id': 'd663e3cf-50c4-4b84-bb59-4da7976af967', 'name': 'admin_net', 'tenant_id': '5390efdb395042a39f828c5a128582fe', 'project_id': '5390efdb395042a39f828c5a128582fe', 'admin_state_up': True, 'mtu': 1372, 'status': 'ACTIVE', 'subnets': ['2ae08e40-db0f-4983-bbb3-3c5a771dbd48'], 'standard_attr_id': 42, 'shared': False, 'availability_zone_hints': [], 'availability_zones': [], 'ipv4_address_scope': None, 'ipv6_address_scope': None, 'router:external': False, 'qinq': False, 'vlan_transparent': False, 'description': '', 'port_security_enabled': True, 'tags': [], 'created_at': '2026-04-02T14:48:12Z', 'updated_at': '2026-04-02T14:48:13Z', 'revision_number': 2, 'provider:network_type': 'geneve', 'provider:physical_network': None, 'provider:segmentation_id': 40981}}, resource_type=ports, if_exists=True) {{(pid=102308) do_commit /opt/stack/data/venv/lib/python3.12/site-packages/ovsdbapp/backend/ovs_idl/transaction.py:89}}
Apr 02 14:48:20.355848 np0000163003 devstack@neutron-api.service[102308]: DEBUG ovsdbapp.backend.ovs_idl.transaction [None req-abc92198-a96d-4c39-a3f0-46aac22d9635 None None] Running txn n=1 command(idx=1): SetLSwitchPortCommand(_result=None, lport=a79be878-2779-4474-8b67-69d4f84a9aad, external_ids_update=None, columns={'external_ids': {'neutron:port_name': '', 'neutron:device_id': 'manila-admin-share', 'neutron:project_id': '5390efdb395042a39f828c5a128582fe', 'neutron:cidrs': '10.2.5.39/24', 'neutron:device_owner': 'manila:share', 'neutron:subnet_pool_addr_scope4': '', 'neutron:subnet_pool_addr_scope6': '', 'neutron:network_name': 'neutron-d663e3cf-50c4-4b84-bb59-4da7976af967', 'neutron:security_group_ids': '', 'neutron:revision_number': '4', 'neutron:vnic_type': 'normal', 'neutron:port_capabilities': '', 'neutron:mtu': ''}, 'parent_name': [], 'tag': [], 'options': {'requested-chassis': 'np0000163003'}, 'enabled': True, 'port_security': [], 'dhcpv4_options': [UUID('944f5e40-6e6c-42f1-bb31-c754654f8b39')], 'dhcpv6_options': [], 'type': '', 'addresses': ['fa:16:3e:39:60:cd 10.2.5.39', 'unknown'], 'ha_chassis_group': []}, if_exists=False) {{(pid=102308) do_commit /opt/stack/data/venv/lib/python3.12/site-packages/ovsdbapp/backend/ovs_idl/transaction.py:89}}
Apr 02 14:48:20.357726 np0000163003 devstack@neutron-api.service[102308]: DEBUG ovsdbapp.backend.ovs_idl.transaction [None req-abc92198-a96d-4c39-a3f0-46aac22d9635 None None] Running txn n=1 command(idx=2): PgDelPortCommand(_result=None, port_group=neutron_pg_drop, lsp=['a79be878-2779-4474-8b67-69d4f84a9aad'], if_exists=False) {{(pid=102308) do_commit /opt/stack/data/venv/lib/python3.12/site-packages/ovsdbapp/backend/ovs_idl/transaction.py:89}}
Apr 02 14:48:20.362127 np0000163003 devstack@neutron-api.service[102308]: DEBUG neutron.plugins.ml2.drivers.ovn.mech_driver.ovsdb.ovsdb_monitor [None req-abc92198-a96d-4c39-a3f0-46aac22d9635 None None] Touching Hash Ring node "e1b23cb3c3bb52db88b9a6c82e0868af" from IDL notify handler {{(pid=102308) notify /opt/stack/neutron/neutron/plugins/ml2/drivers/ovn/mech_driver/ovsdb/ovsdb_monitor.py:904}}
Apr 02 14:48:20.366788 np0000163003 devstack@neutron-api.service[102308]: DEBUG neutron.plugins.ml2.drivers.ovn.mech_driver.ovsdb.ovsdb_monitor [None req-abc92198-a96d-4c39-a3f0-46aac22d9635 None None] Hash Ring: Node e1b23cb3c3bb52db88b9a6c82e0868af (host: np0000163003) handling event "update" for row b7e42afc-cd11-49c2-b326-adc69424110d (table: Logical_Switch_Port) {{(pid=102308) notify /opt/stack/neutron/neutron/plugins/ml2/drivers/ovn/mech_driver/ovsdb/ovsdb_monitor.py:912}}
Apr 02 14:48:20.367127 np0000163003 devstack@neutron-api.service[102305]: DEBUG neutron.plugins.ml2.drivers.ovn.mech_driver.ovsdb.ovsdb_monitor [None req-5ee7c6c3-3bf9-40a5-bbba-47c343e5a74d None None] Touching Hash Ring node "a27a077932bf5c4c9d7eae976272c7f4" from IDL notify handler {{(pid=102305) notify /opt/stack/neutron/neutron/plugins/ml2/drivers/ovn/mech_driver/ovsdb/ovsdb_monitor.py:904}}
Apr 02 14:48:20.369489 np0000163003 devstack@neutron-api.service[102305]: DEBUG neutron.plugins.ml2.drivers.ovn.mech_driver.ovsdb.ovsdb_monitor [None req-5ee7c6c3-3bf9-40a5-bbba-47c343e5a74d None None] Hash Ring: Node a27a077932bf5c4c9d7eae976272c7f4 (host: np0000163003) handling event "update" for row d0dacfa7-3adc-4f9e-be95-b444b10b4967 (table: Port_Binding) {{(pid=102305) notify /opt/stack/neutron/neutron/plugins/ml2/drivers/ovn/mech_driver/ovsdb/ovsdb_monitor.py:912}}
Apr 02 14:48:20.394942 np0000163003 devstack@neutron-api.service[102308]: INFO neutron.db.ovn_revision_numbers_db [None req-ac1dd500-b3d2-453b-9d5d-7bbcb4231920 None None] Successfully bumped revision number for resource a79be878-2779-4474-8b67-69d4f84a9aad (type: ports) to 4
Apr 02 14:48:20.399624 np0000163003 devstack@neutron-api.service[102308]: DEBUG neutron_lib.callbacks.manager [None req-ac1dd500-b3d2-453b-9d5d-7bbcb4231920 None None] Publish callbacks ['neutron.plugins.ml2.ovo_rpc._ObjectChangeHandler.handle_event-7536288', 'neutron.db.l3_db.L3RpcNotifierMixin._notify_gateway_port_ip_changed-8725490537412', 'neutron.services.ovn_l3.plugin.OVNL3RouterPlugin._port_update-8725489932238'] for port (a79be878-2779-4474-8b67-69d4f84a9aad), after_update {{(pid=102308) _notify_loop /opt/stack/data/venv/lib/python3.12/site-packages/neutron_lib/callbacks/manager.py:184}}
Apr 02 14:48:20.424875 np0000163003 devstack@neutron-api.service[102308]: DEBUG neutron.api.rpc.handlers.resources_rpc [None req-261e05e4-76d3-4930-a186-5b335dbfd3cb None None] Pushing event updated for resources: {'Port': ['ID=a79be878-2779-4474-8b67-69d4f84a9aad,revision_number=4']} {{(pid=102308) push /opt/stack/neutron/neutron/api/rpc/handlers/resources_rpc.py:237}}
Apr 02 14:48:20.432370 np0000163003 devstack@neutron-api.service[102308]: DEBUG neutron.api.rpc.callbacks.version_manager [None req-261e05e4-76d3-4930-a186-5b335dbfd3cb None None] Tracked resource versions report:
Apr 02 14:48:20.432370 np0000163003 devstack@neutron-api.service[102308]: pushed versions:
Apr 02 14:48:20.432370 np0000163003 devstack@neutron-api.service[102308]: { 'AddressGroup': {'1.2'},
Apr 02 14:48:20.432370 np0000163003 devstack@neutron-api.service[102308]: 'Agent': {'1.1'},
Apr 02 14:48:20.432370 np0000163003 devstack@neutron-api.service[102308]: 'ConntrackHelper': {'1.0'},
Apr 02 14:48:20.432370 np0000163003 devstack@neutron-api.service[102308]: 'LocalIPAssociation': {'1.0'},
Apr 02 14:48:20.432370 np0000163003 devstack@neutron-api.service[102308]: 'Log': {'1.0'},
Apr 02 14:48:20.432370 np0000163003 devstack@neutron-api.service[102308]: 'NDPProxy': {'1.0'},
Apr 02 14:48:20.432370 np0000163003 devstack@neutron-api.service[102308]: 'Network': {'1.2'},
Apr 02 14:48:20.432370 np0000163003 devstack@neutron-api.service[102308]: 'Port': {'1.10'},
Apr 02 14:48:20.432370 np0000163003 devstack@neutron-api.service[102308]: 'PortForwarding': {'1.3'},
Apr 02 14:48:20.432370 np0000163003 devstack@neutron-api.service[102308]: 'QosPolicy': {'1.10'},
Apr 02 14:48:20.432370 np0000163003 devstack@neutron-api.service[102308]: 'SecurityGroup': {'1.6'},
Apr 02 14:48:20.432370 np0000163003 devstack@neutron-api.service[102308]: 'SecurityGroupRule': {'1.3'},
Apr 02 14:48:20.432370 np0000163003 devstack@neutron-api.service[102308]: 'SubPort': {'1.0'},
Apr 02 14:48:20.432370 np0000163003 devstack@neutron-api.service[102308]: 'Subnet': {'1.2'},
Apr 02 14:48:20.432370 np0000163003 devstack@neutron-api.service[102308]: 'Trunk': {'1.1'}}
Apr 02 14:48:20.432370 np0000163003 devstack@neutron-api.service[102308]: consumer versions:
Apr 02 14:48:20.432370 np0000163003 devstack@neutron-api.service[102308]: { OVN Controller Gateway agent@np0000163003: {},
Apr 02 14:48:20.432370 np0000163003 devstack@neutron-api.service[102308]: OVN Neutron agent@np0000163003: {}}
Apr 02 14:48:20.432370 np0000163003 devstack@neutron-api.service[102308]: {{(pid=102308) report /opt/stack/neutron/neutron/api/rpc/callbacks/version_manager.py:183}}
Apr 02 14:48:20.455052 np0000163003 devstack@neutron-api.service[102308]: DEBUG ovsdbapp.backend.ovs_idl.transaction [None req-abc92198-a96d-4c39-a3f0-46aac22d9635 None None] Running txn n=1 command(idx=0): DbSetCommand(_result=None, table=Logical_Switch_Port, record=a79be878-2779-4474-8b67-69d4f84a9aad, col_values=(('external_ids', {'neutron:host_id': 'np0000163003'}),), if_exists=True) {{(pid=102308) do_commit /opt/stack/data/venv/lib/python3.12/site-packages/ovsdbapp/backend/ovs_idl/transaction.py:89}}
Apr 02 14:48:20.458965 np0000163003 devstack@neutron-api.service[102308]: DEBUG neutron.plugins.ml2.drivers.ovn.mech_driver.ovsdb.ovsdb_monitor [None req-abc92198-a96d-4c39-a3f0-46aac22d9635 None None] Touching Hash Ring node "e1b23cb3c3bb52db88b9a6c82e0868af" from IDL notify handler {{(pid=102308) notify /opt/stack/neutron/neutron/plugins/ml2/drivers/ovn/mech_driver/ovsdb/ovsdb_monitor.py:904}}
Apr 02 14:48:20.462481 np0000163003 devstack@neutron-api.service[102308]: DEBUG neutron.plugins.ml2.drivers.ovn.mech_driver.ovsdb.ovsdb_monitor [None req-abc92198-a96d-4c39-a3f0-46aac22d9635 None None] Hash Ring: Node e1b23cb3c3bb52db88b9a6c82e0868af (host: np0000163003) handling event "update" for row b7e42afc-cd11-49c2-b326-adc69424110d (table: Logical_Switch_Port) {{(pid=102308) notify /opt/stack/neutron/neutron/plugins/ml2/drivers/ovn/mech_driver/ovsdb/ovsdb_monitor.py:912}}
Apr 02 14:48:20.468452 np0000163003 devstack@neutron-api.service[102305]: DEBUG neutron.plugins.ml2.drivers.ovn.mech_driver.ovsdb.ovsdb_monitor [None req-5ee7c6c3-3bf9-40a5-bbba-47c343e5a74d None None] Touching Hash Ring node "a27a077932bf5c4c9d7eae976272c7f4" from IDL notify handler {{(pid=102305) notify /opt/stack/neutron/neutron/plugins/ml2/drivers/ovn/mech_driver/ovsdb/ovsdb_monitor.py:904}}
Apr 02 14:48:20.471050 np0000163003 devstack@neutron-api.service[102305]: DEBUG neutron.plugins.ml2.drivers.ovn.mech_driver.ovsdb.ovsdb_monitor [None req-5ee7c6c3-3bf9-40a5-bbba-47c343e5a74d None None] Hash Ring: Node a27a077932bf5c4c9d7eae976272c7f4 (host: np0000163003) handling event "update" for row d0dacfa7-3adc-4f9e-be95-b444b10b4967 (table: Port_Binding) {{(pid=102305) notify /opt/stack/neutron/neutron/plugins/ml2/drivers/ovn/mech_driver/ovsdb/ovsdb_monitor.py:912}}
Apr 02 14:48:20.917169 np0000163003 devstack@neutron-api.service[102305]: DEBUG neutron.pecan_wsgi.hooks.policy_enforcement [None req-fc98736b-98ea-4047-8c9d-63eb806225c9 service neutron] Attributes excluded by policy engine: ['standard_attr_id', 'shared'] {{(pid=102305) _exclude_attributes_by_policy /opt/stack/neutron/neutron/pecan_wsgi/hooks/policy_enforcement.py:258}}
Apr 02 14:48:20.917866 np0000163003 devstack@neutron-api.service[102305]: [pid: 102305|app: 0|req: 26/105] 199.204.45.138 () {64 vars in 1367 bytes} [Thu Apr 2 14:48:20 2026] GET /networking/v2.0/subnets/2ae08e40-db0f-4983-bbb3-3c5a771dbd48 => generated 625 bytes in 29 msecs (HTTP/1.1 200) 4 headers in 157 bytes (1 switches on core 0)
Apr 02 14:48:21.810130 np0000163003 devstack@neutron-api.service[102308]: DEBUG neutron.pecan_wsgi.hooks.policy_enforcement [None req-1d0feb74-e4bd-4c1b-aa42-5df7f37dbb54 service neutron] Attributes excluded by policy engine: ['standard_attr_id'] {{(pid=102308) _exclude_attributes_by_policy /opt/stack/neutron/neutron/pecan_wsgi/hooks/policy_enforcement.py:258}}
Apr 02 14:48:21.810914 np0000163003 devstack@neutron-api.service[102308]: [pid: 102308|app: 0|req: 28/106] 199.204.45.138 () {64 vars in 1369 bytes} [Thu Apr 2 14:48:21 2026] GET /networking/v2.0/ports?device_id=manila-admin-share&binding%3Ahost_id=np0000163003 => generated 931 bytes in 43 msecs (HTTP/1.1 200) 4 headers in 157 bytes (1 switches on core 0)
Apr 02 14:48:22.294436 np0000163003 devstack@neutron-api.service[102307]: DEBUG neutron.pecan_wsgi.hooks.policy_enforcement [None req-f8dfefdb-207a-4ffd-9bb8-6c36c17d1503 service neutron] Attributes excluded by policy engine: ['standard_attr_id', 'shared'] {{(pid=102307) _exclude_attributes_by_policy /opt/stack/neutron/neutron/pecan_wsgi/hooks/policy_enforcement.py:258}}
Apr 02 14:48:22.295375 np0000163003 devstack@neutron-api.service[102307]: [pid: 102307|app: 0|req: 27/107] 199.204.45.138 () {64 vars in 1367 bytes} [Thu Apr 2 14:48:22 2026] GET /networking/v2.0/subnets/2ae08e40-db0f-4983-bbb3-3c5a771dbd48 => generated 625 bytes in 26 msecs (HTTP/1.1 200) 4 headers in 157 bytes (1 switches on core 0)
Apr 02 14:48:28.067556 np0000163003 devstack@neutron-api.service[102308]: DEBUG futurist.periodics [-] Submitting periodic callback 'neutron.plugins.ml2.drivers.ovn.mech_driver.ovsdb.maintenance.HashRingHealthCheckPeriodics.touch_hash_ring_node' {{(pid=102308) _process_scheduled /opt/stack/data/venv/lib/python3.12/site-packages/futurist/periodics.py:784}}
Apr 02 14:48:28.069075 np0000163003 devstack@neutron-api.service[102308]: DEBUG neutron.plugins.ml2.drivers.ovn.mech_driver.ovsdb.maintenance [-] Touching Hash Ring node "e1b23cb3c3bb52db88b9a6c82e0868af" from periodic health check thread {{(pid=102308) touch_hash_ring_node /opt/stack/neutron/neutron/plugins/ml2/drivers/ovn/mech_driver/ovsdb/maintenance.py:1232}}
Apr 02 14:48:28.928035 np0000163003 devstack@neutron-api.service[102307]: DEBUG futurist.periodics [-] Submitting periodic callback 'neutron.plugins.ml2.drivers.ovn.mech_driver.ovsdb.maintenance.HashRingHealthCheckPeriodics.touch_hash_ring_node' {{(pid=102307) _process_scheduled /opt/stack/data/venv/lib/python3.12/site-packages/futurist/periodics.py:784}}
Apr 02 14:48:28.929727 np0000163003 devstack@neutron-api.service[102307]: DEBUG neutron.plugins.ml2.drivers.ovn.mech_driver.ovsdb.maintenance [-] Touching Hash Ring node "d98aef2c4d4750628cfcdb47e0371b99" from periodic health check thread {{(pid=102307) touch_hash_ring_node /opt/stack/neutron/neutron/plugins/ml2/drivers/ovn/mech_driver/ovsdb/maintenance.py:1232}}
Apr 02 14:48:28.985133 np0000163003 devstack@neutron-api.service[102306]: DEBUG futurist.periodics [-] Submitting periodic callback 'neutron.plugins.ml2.drivers.ovn.mech_driver.ovsdb.maintenance.HashRingHealthCheckPeriodics.touch_hash_ring_node' {{(pid=102306) _process_scheduled /opt/stack/data/venv/lib/python3.12/site-packages/futurist/periodics.py:784}}
Apr 02 14:48:28.987417 np0000163003 devstack@neutron-api.service[102306]: DEBUG neutron.plugins.ml2.drivers.ovn.mech_driver.ovsdb.maintenance [-] Touching Hash Ring node "6aa76ff045a05e46b4cbe03e03a9e884" from periodic health check thread {{(pid=102306) touch_hash_ring_node /opt/stack/neutron/neutron/plugins/ml2/drivers/ovn/mech_driver/ovsdb/maintenance.py:1232}}
Apr 02 14:48:29.073792 np0000163003 devstack@neutron-api.service[102305]: DEBUG futurist.periodics [-] Submitting periodic callback 'neutron.plugins.ml2.drivers.ovn.mech_driver.ovsdb.maintenance.HashRingHealthCheckPeriodics.touch_hash_ring_node' {{(pid=102305) _process_scheduled /opt/stack/data/venv/lib/python3.12/site-packages/futurist/periodics.py:784}}
Apr 02 14:48:29.075642 np0000163003 devstack@neutron-api.service[102305]: DEBUG neutron.plugins.ml2.drivers.ovn.mech_driver.ovsdb.maintenance [-] Touching Hash Ring node "a27a077932bf5c4c9d7eae976272c7f4" from periodic health check thread {{(pid=102305) touch_hash_ring_node /opt/stack/neutron/neutron/plugins/ml2/drivers/ovn/mech_driver/ovsdb/maintenance.py:1232}}
Apr 02 14:48:36.019252 np0000163003 devstack@neutron-api.service[102306]: DEBUG neutron.pecan_wsgi.hooks.policy_enforcement [None req-aa9fa8c8-766b-4b80-af62-d5fd1ee25d8b demo demo] Attributes excluded by policy engine: ['standard_attr_id', 'provider:network_type', 'provider:physical_network', 'provider:segmentation_id'] {{(pid=102306) _exclude_attributes_by_policy /opt/stack/neutron/neutron/pecan_wsgi/hooks/policy_enforcement.py:258}}
Apr 02 14:48:36.020183 np0000163003 devstack@neutron-api.service[102306]: [pid: 102306|app: 0|req: 27/108] 199.204.45.138 () {64 vars in 1304 bytes} [Thu Apr 2 14:48:35 2026] GET /networking/v2.0/networks?router%3Aexternal=True => generated 659 bytes in 54 msecs (HTTP/1.1 200) 4 headers in 157 bytes (1 switches on core 0)
Apr 02 14:48:38.080140 np0000163003 devstack@neutron-api.service[102308]: DEBUG dbcounter [-] [102308] Writing DB stats neutron:SELECT=176,neutron:INSERT=1,neutron:UPDATE=13,neutron:DELETE=1 {{(pid=102308) stat_writer /opt/stack/data/venv/lib/python3.12/site-packages/dbcounter.py:115}}
Apr 02 14:48:38.943115 np0000163003 devstack@neutron-api.service[102307]: DEBUG dbcounter [-] [102307] Writing DB stats neutron:SELECT=258,neutron:INSERT=11,neutron:UPDATE=8,neutron:DELETE=2 {{(pid=102307) stat_writer /opt/stack/data/venv/lib/python3.12/site-packages/dbcounter.py:115}}
Apr 02 14:48:39.087652 np0000163003 devstack@neutron-api.service[102305]: DEBUG dbcounter [-] [102305] Writing DB stats neutron:SELECT=202,neutron:INSERT=29,neutron:UPDATE=23,neutron:DELETE=2 {{(pid=102305) stat_writer /opt/stack/data/venv/lib/python3.12/site-packages/dbcounter.py:115}}
Apr 02 14:48:41.781814 np0000163003 devstack@neutron-api.service[102305]: DEBUG neutron.pecan_wsgi.hooks.policy_enforcement [None req-88127409-65d9-4011-aae2-8919d6bf56d6 demo demo] Attributes excluded by policy engine: ['standard_attr_id', 'provider:network_type', 'provider:physical_network', 'provider:segmentation_id'] {{(pid=102305) _exclude_attributes_by_policy /opt/stack/neutron/neutron/pecan_wsgi/hooks/policy_enforcement.py:258}}
Apr 02 14:48:41.782689 np0000163003 devstack@neutron-api.service[102305]: [pid: 102305|app: 0|req: 27/109] 199.204.45.138 () {64 vars in 1304 bytes} [Thu Apr 2 14:48:41 2026] GET /networking/v2.0/networks?router%3Aexternal=True => generated 659 bytes in 58 msecs (HTTP/1.1 200) 4 headers in 157 bytes (1 switches on core 0)
Apr 02 14:48:43.069453 np0000163003 devstack@neutron-api.service[102308]: DEBUG futurist.periodics [-] Submitting periodic callback 'neutron.plugins.ml2.drivers.ovn.mech_driver.ovsdb.maintenance.HashRingHealthCheckPeriodics.touch_hash_ring_node' {{(pid=102308) _process_scheduled /opt/stack/data/venv/lib/python3.12/site-packages/futurist/periodics.py:784}}
Apr 02 14:48:43.071118 np0000163003 devstack@neutron-api.service[102308]: DEBUG neutron.plugins.ml2.drivers.ovn.mech_driver.ovsdb.maintenance [-] Touching Hash Ring node "e1b23cb3c3bb52db88b9a6c82e0868af" from periodic health check thread {{(pid=102308) touch_hash_ring_node /opt/stack/neutron/neutron/plugins/ml2/drivers/ovn/mech_driver/ovsdb/maintenance.py:1232}}
Apr 02 14:48:43.929801 np0000163003 devstack@neutron-api.service[102307]: DEBUG futurist.periodics [-] Submitting periodic callback 'neutron.plugins.ml2.drivers.ovn.mech_driver.ovsdb.maintenance.HashRingHealthCheckPeriodics.touch_hash_ring_node' {{(pid=102307) _process_scheduled /opt/stack/data/venv/lib/python3.12/site-packages/futurist/periodics.py:784}}
Apr 02 14:48:43.931138 np0000163003 devstack@neutron-api.service[102307]: DEBUG neutron.plugins.ml2.drivers.ovn.mech_driver.ovsdb.maintenance [-] Touching Hash Ring node "d98aef2c4d4750628cfcdb47e0371b99" from periodic health check thread {{(pid=102307) touch_hash_ring_node /opt/stack/neutron/neutron/plugins/ml2/drivers/ovn/mech_driver/ovsdb/maintenance.py:1232}}
Apr 02 14:48:43.987509 np0000163003 devstack@neutron-api.service[102306]: DEBUG futurist.periodics [-] Submitting periodic callback 'neutron.plugins.ml2.drivers.ovn.mech_driver.ovsdb.maintenance.HashRingHealthCheckPeriodics.touch_hash_ring_node' {{(pid=102306) _process_scheduled /opt/stack/data/venv/lib/python3.12/site-packages/futurist/periodics.py:784}}
Apr 02 14:48:43.988799 np0000163003 devstack@neutron-api.service[102306]: DEBUG neutron.plugins.ml2.drivers.ovn.mech_driver.ovsdb.maintenance [-] Touching Hash Ring node "6aa76ff045a05e46b4cbe03e03a9e884" from periodic health check thread {{(pid=102306) touch_hash_ring_node /opt/stack/neutron/neutron/plugins/ml2/drivers/ovn/mech_driver/ovsdb/maintenance.py:1232}}
Apr 02 14:48:44.076871 np0000163003 devstack@neutron-api.service[102305]: DEBUG futurist.periodics [-] Submitting periodic callback 'neutron.plugins.ml2.drivers.ovn.mech_driver.ovsdb.maintenance.HashRingHealthCheckPeriodics.touch_hash_ring_node' {{(pid=102305) _process_scheduled /opt/stack/data/venv/lib/python3.12/site-packages/futurist/periodics.py:784}}
Apr 02 14:48:44.078146 np0000163003 devstack@neutron-api.service[102305]: DEBUG neutron.plugins.ml2.drivers.ovn.mech_driver.ovsdb.maintenance [-] Touching Hash Ring node "a27a077932bf5c4c9d7eae976272c7f4" from periodic health check thread {{(pid=102305) touch_hash_ring_node /opt/stack/neutron/neutron/plugins/ml2/drivers/ovn/mech_driver/ovsdb/maintenance.py:1232}}
Apr 02 14:48:50.260335 np0000163003 devstack@neutron-api.service[102308]: DEBUG neutron.pecan_wsgi.hooks.policy_enforcement [None req-25332b5e-855a-4dd0-85be-86b6a232d718 demo demo] Attributes excluded by policy engine: ['standard_attr_id', 'provider:network_type', 'provider:physical_network', 'provider:segmentation_id'] {{(pid=102308) _exclude_attributes_by_policy /opt/stack/neutron/neutron/pecan_wsgi/hooks/policy_enforcement.py:258}}
Apr 02 14:48:50.261321 np0000163003 devstack@neutron-api.service[102308]: [pid: 102308|app: 0|req: 29/110] 199.204.45.138 () {64 vars in 1328 bytes} [Thu Apr 2 14:48:50 2026] GET /networking/v2.0/networks?name=public&router%3Aexternal=True => generated 659 bytes in 61 msecs (HTTP/1.1 200) 4 headers in 157 bytes (1 switches on core 0)
Apr 02 14:48:50.996856 np0000163003 devstack@neutron-api.service[102307]: DEBUG neutron.pecan_wsgi.hooks.policy_enforcement [None req-7e77f764-8901-4618-a6d0-60ae61a27a9b demo demo] Attributes excluded by policy engine: ['standard_attr_id', 'provider:network_type', 'provider:physical_network', 'provider:segmentation_id'] {{(pid=102307) _exclude_attributes_by_policy /opt/stack/neutron/neutron/pecan_wsgi/hooks/policy_enforcement.py:258}}
Apr 02 14:48:50.997837 np0000163003 devstack@neutron-api.service[102307]: [pid: 102307|app: 0|req: 28/111] 199.204.45.138 () {64 vars in 1415 bytes} [Thu Apr 2 14:48:50 2026] GET /networking/v2.0/networks/d07ff772-b31d-4cf4-a036-40adfe585c98 => generated 656 bytes in 107 msecs (HTTP/1.1 200) 4 headers in 157 bytes (1 switches on core 0)
Apr 02 14:48:51.034504 np0000163003 devstack@neutron-api.service[102306]: [pid: 102306|app: 0|req: 28/112] 199.204.45.138 () {64 vars in 1409 bytes} [Thu Apr 2 14:48:51 2026] GET /networking/v2.0/networks?name=k8s-clusterapi-cluster-magnum-system-kube-i4ght => generated 15 bytes in 25 msecs (HTTP/1.1 200) 4 headers in 156 bytes (2 switches on core 0)
Apr 02 14:48:51.046314 np0000163003 devstack@neutron-api.service[102305]: DEBUG neutron.api.v2.base [None req-374b88db-daec-4c5d-ba53-91add74597a9 demo demo] Request body: {'network': {'admin_state_up': True, 'name': 'k8s-clusterapi-cluster-magnum-system-kube-i4ght'}} {{(pid=102305) prepare_request_body /opt/stack/neutron/neutron/api/v2/base.py:729}}
Apr 02 14:48:51.065594 np0000163003 devstack@neutron-api.service[102305]: DEBUG neutron.pecan_wsgi.hooks.quota_enforcement [None req-374b88db-daec-4c5d-ba53-91add74597a9 demo demo] Made reservation on behalf of 14c860b8b3ff451babba08a905b65397 for: {'network': 1} {{(pid=102305) before /opt/stack/neutron/neutron/pecan_wsgi/hooks/quota_enforcement.py:66}}
Apr 02 14:48:51.072599 np0000163003 devstack@neutron-api.service[102305]: DEBUG neutron_lib.callbacks.manager [None req-374b88db-daec-4c5d-ba53-91add74597a9 demo demo] Publish callbacks ['neutron.plugins.ml2.plugin.SecurityGroupDbMixin._ensure_default_security_group_handler-1733059'] for network (None), before_create {{(pid=102305) _notify_loop /opt/stack/data/venv/lib/python3.12/site-packages/neutron_lib/callbacks/manager.py:184}}
Apr 02 14:48:51.074818 np0000163003 devstack@neutron-api.service[102305]: DEBUG neutron_lib.callbacks.manager [None req-374b88db-daec-4c5d-ba53-91add74597a9 demo demo] Publish callbacks [] for security_group (None), before_create {{(pid=102305) _notify_loop /opt/stack/data/venv/lib/python3.12/site-packages/neutron_lib/callbacks/manager.py:184}}
Apr 02 14:48:51.133051 np0000163003 devstack@neutron-api.service[102305]: DEBUG neutron_lib.callbacks.manager [None req-374b88db-daec-4c5d-ba53-91add74597a9 demo demo] Publish callbacks ['neutron.plugins.ml2.drivers.ovn.mech_driver.mech_driver.OVNMechanismDriver._create_security_group_precommit-8242704'] for security_group (d2e07b19-a9fa-4d1b-a27c-492d40fb41e0), precommit_create {{(pid=102305) _notify_loop /opt/stack/data/venv/lib/python3.12/site-packages/neutron_lib/callbacks/manager.py:184}}
Apr 02 14:48:51.133237 np0000163003 devstack@neutron-api.service[102305]: DEBUG neutron.db.ovn_revision_numbers_db [None req-374b88db-daec-4c5d-ba53-91add74597a9 demo demo] create_initial_revision uuid=d2e07b19-a9fa-4d1b-a27c-492d40fb41e0, type=security_groups, rev=-1 {{(pid=102305) create_initial_revision /opt/stack/neutron/neutron/db/ovn_revision_numbers_db.py:98}}
Apr 02 14:48:51.134709 np0000163003 devstack@neutron-api.service[102305]: DEBUG neutron.db.ovn_revision_numbers_db [None req-374b88db-daec-4c5d-ba53-91add74597a9 demo demo] create_initial_revision uuid=1fb202d1-2bdc-4bba-8e1e-58ba8756a11f, type=security_group_rules, rev=-1 {{(pid=102305) create_initial_revision /opt/stack/neutron/neutron/db/ovn_revision_numbers_db.py:98}}
Apr 02 14:48:51.136909 np0000163003 devstack@neutron-api.service[102305]: DEBUG neutron.db.ovn_revision_numbers_db [None req-374b88db-daec-4c5d-ba53-91add74597a9 demo demo] create_initial_revision uuid=d9d228dd-9818-4758-9868-062accd9d4c1, type=security_group_rules, rev=-1 {{(pid=102305) create_initial_revision /opt/stack/neutron/neutron/db/ovn_revision_numbers_db.py:98}}
Apr 02 14:48:51.137990 np0000163003 devstack@neutron-api.service[102305]: DEBUG neutron.db.ovn_revision_numbers_db [None req-374b88db-daec-4c5d-ba53-91add74597a9 demo demo] create_initial_revision uuid=f780ce29-be2b-4037-afa8-bd42a6809cf7, type=security_group_rules, rev=-1 {{(pid=102305) create_initial_revision /opt/stack/neutron/neutron/db/ovn_revision_numbers_db.py:98}}
Apr 02 14:48:51.138823 np0000163003 devstack@neutron-api.service[102305]: DEBUG neutron.db.ovn_revision_numbers_db [None req-374b88db-daec-4c5d-ba53-91add74597a9 demo demo] create_initial_revision uuid=fcdc8c42-e5da-445a-bce9-c0acd7e9ee4d, type=security_group_rules, rev=-1 {{(pid=102305) create_initial_revision /opt/stack/neutron/neutron/db/ovn_revision_numbers_db.py:98}}
Apr 02 14:48:51.144839 np0000163003 devstack@neutron-api.service[102305]: DEBUG neutron_lib.callbacks.manager [None req-374b88db-daec-4c5d-ba53-91add74597a9 demo demo] Publish callbacks ['neutron.plugins.ml2.drivers.ovn.mech_driver.mech_driver.OVNMechanismDriver._create_security_group-8242698', 'neutron.plugins.ml2.ovo_rpc._ObjectChangeHandler.handle_event-7260598'] for security_group (d2e07b19-a9fa-4d1b-a27c-492d40fb41e0), after_create {{(pid=102305) _notify_loop /opt/stack/data/venv/lib/python3.12/site-packages/neutron_lib/callbacks/manager.py:184}}
Apr 02 14:48:51.146107 np0000163003 devstack@neutron-api.service[102305]: DEBUG ovsdbapp.backend.ovs_idl.transaction [None req-e19acd12-4f09-400b-8643-7cf87adbe58d None None] Running txn n=1 command(idx=0): PgAddCommand(_result=None, name=pg_d2e07b19_a9fa_4d1b_a27c_492d40fb41e0, may_exist=False, columns={'acls': [], 'external_ids': {'neutron:security_group_id': 'd2e07b19-a9fa-4d1b-a27c-492d40fb41e0'}}) {{(pid=102305) do_commit /opt/stack/data/venv/lib/python3.12/site-packages/ovsdbapp/backend/ovs_idl/transaction.py:89}}
Apr 02 14:48:51.146412 np0000163003 devstack@neutron-api.service[102305]: DEBUG ovsdbapp.backend.ovs_idl.transaction [None req-e19acd12-4f09-400b-8643-7cf87adbe58d None None] Running txn n=1 command(idx=1): PgAclAddCommand(_result=None, entity=pg_d2e07b19_a9fa_4d1b_a27c_492d40fb41e0, direction=from-lport, priority=1002, match=inport == @pg_d2e07b19_a9fa_4d1b_a27c_492d40fb41e0 && ip4, action=allow-related, log=False, may_exist=True, severity=[], name=[], meter=[], external_ids={'neutron:security_group_rule_id': '1fb202d1-2bdc-4bba-8e1e-58ba8756a11f'}) {{(pid=102305) do_commit /opt/stack/data/venv/lib/python3.12/site-packages/ovsdbapp/backend/ovs_idl/transaction.py:89}}
Apr 02 14:48:51.147367 np0000163003 devstack@neutron-api.service[102305]: DEBUG ovsdbapp.backend.ovs_idl.transaction [None req-e19acd12-4f09-400b-8643-7cf87adbe58d None None] Running txn n=1 command(idx=2): PgAclAddCommand(_result=None, entity=pg_d2e07b19_a9fa_4d1b_a27c_492d40fb41e0, direction=to-lport, priority=1002, match=outport == @pg_d2e07b19_a9fa_4d1b_a27c_492d40fb41e0 && ip4 && ip4.src == $pg_d2e07b19_a9fa_4d1b_a27c_492d40fb41e0_ip4, action=allow-related, log=False, may_exist=True, severity=[], name=[], meter=[], external_ids={'neutron:security_group_rule_id': 'd9d228dd-9818-4758-9868-062accd9d4c1'}) {{(pid=102305) do_commit /opt/stack/data/venv/lib/python3.12/site-packages/ovsdbapp/backend/ovs_idl/transaction.py:89}}
Apr 02 14:48:51.147686 np0000163003 devstack@neutron-api.service[102305]: DEBUG ovsdbapp.backend.ovs_idl.transaction [None req-e19acd12-4f09-400b-8643-7cf87adbe58d None None] Running txn n=1 command(idx=3): PgAclAddCommand(_result=None, entity=pg_d2e07b19_a9fa_4d1b_a27c_492d40fb41e0, direction=to-lport, priority=1002, match=outport == @pg_d2e07b19_a9fa_4d1b_a27c_492d40fb41e0 && ip6 && ip6.src == $pg_d2e07b19_a9fa_4d1b_a27c_492d40fb41e0_ip6, action=allow-related, log=False, may_exist=True, severity=[], name=[], meter=[], external_ids={'neutron:security_group_rule_id': 'f780ce29-be2b-4037-afa8-bd42a6809cf7'}) {{(pid=102305) do_commit /opt/stack/data/venv/lib/python3.12/site-packages/ovsdbapp/backend/ovs_idl/transaction.py:89}}
Apr 02 14:48:51.148140 np0000163003 devstack@neutron-api.service[102305]: DEBUG ovsdbapp.backend.ovs_idl.transaction [None req-e19acd12-4f09-400b-8643-7cf87adbe58d None None] Running txn n=1 command(idx=4): PgAclAddCommand(_result=None, entity=pg_d2e07b19_a9fa_4d1b_a27c_492d40fb41e0, direction=from-lport, priority=1002, match=inport == @pg_d2e07b19_a9fa_4d1b_a27c_492d40fb41e0 && ip6, action=allow-related, log=False, may_exist=True, severity=[], name=[], meter=[], external_ids={'neutron:security_group_rule_id': 'fcdc8c42-e5da-445a-bce9-c0acd7e9ee4d'}) {{(pid=102305) do_commit /opt/stack/data/venv/lib/python3.12/site-packages/ovsdbapp/backend/ovs_idl/transaction.py:89}}
Apr 02 14:48:51.155112 np0000163003 devstack@neutron-api.service[102308]: DEBUG neutron.plugins.ml2.drivers.ovn.mech_driver.ovsdb.ovsdb_monitor [None req-abc92198-a96d-4c39-a3f0-46aac22d9635 None None] Touching Hash Ring node "e1b23cb3c3bb52db88b9a6c82e0868af" from IDL notify handler {{(pid=102308) notify /opt/stack/neutron/neutron/plugins/ml2/drivers/ovn/mech_driver/ovsdb/ovsdb_monitor.py:904}}
Apr 02 14:48:51.159504 np0000163003 devstack@neutron-api.service[102305]: DEBUG neutron.plugins.ml2.drivers.ovn.mech_driver.ovsdb.ovsdb_monitor [None req-e19acd12-4f09-400b-8643-7cf87adbe58d None None] Touching Hash Ring node "a27a077932bf5c4c9d7eae976272c7f4" from IDL notify handler {{(pid=102305) notify /opt/stack/neutron/neutron/plugins/ml2/drivers/ovn/mech_driver/ovsdb/ovsdb_monitor.py:904}}
Apr 02 14:48:51.167107 np0000163003 devstack@neutron-api.service[102305]: DEBUG neutron.plugins.ml2.drivers.ovn.mech_driver.ovsdb.ovsdb_monitor [None req-e19acd12-4f09-400b-8643-7cf87adbe58d None None] Hash Ring: Node a27a077932bf5c4c9d7eae976272c7f4 (host: np0000163003) handling event "create" for row 12121d31-50f9-4430-981a-768d1da6cbb0 (table: Port_Group) {{(pid=102305) notify /opt/stack/neutron/neutron/plugins/ml2/drivers/ovn/mech_driver/ovsdb/ovsdb_monitor.py:912}}
Apr 02 14:48:51.168589 np0000163003 devstack@neutron-api.service[102308]: DEBUG neutron.plugins.ml2.drivers.ovn.mech_driver.ovsdb.ovsdb_monitor [None req-abc92198-a96d-4c39-a3f0-46aac22d9635 None None] Hash Ring: Node e1b23cb3c3bb52db88b9a6c82e0868af (host: np0000163003) handling event "create" for row 1f1e2afc-e616-4390-873d-f1e4968ac13d (table: ACL) {{(pid=102308) notify /opt/stack/neutron/neutron/plugins/ml2/drivers/ovn/mech_driver/ovsdb/ovsdb_monitor.py:912}}
Apr 02 14:48:51.169461 np0000163003 devstack@neutron-api.service[102308]: DEBUG neutron.plugins.ml2.drivers.ovn.mech_driver.ovsdb.ovsdb_monitor [None req-abc92198-a96d-4c39-a3f0-46aac22d9635 None None] Touching Hash Ring node "e1b23cb3c3bb52db88b9a6c82e0868af" from IDL notify handler {{(pid=102308) notify /opt/stack/neutron/neutron/plugins/ml2/drivers/ovn/mech_driver/ovsdb/ovsdb_monitor.py:904}}
Apr 02 14:48:51.171774 np0000163003 devstack@neutron-api.service[102308]: DEBUG neutron.plugins.ml2.drivers.ovn.mech_driver.ovsdb.ovsdb_monitor [None req-abc92198-a96d-4c39-a3f0-46aac22d9635 None None] Hash Ring: Node e1b23cb3c3bb52db88b9a6c82e0868af (host: np0000163003) handling event "create" for row 6127f314-3145-4e2e-a6dc-df1e0e27025e (table: ACL) {{(pid=102308) notify /opt/stack/neutron/neutron/plugins/ml2/drivers/ovn/mech_driver/ovsdb/ovsdb_monitor.py:912}}
Apr 02 14:48:51.172550 np0000163003 devstack@neutron-api.service[102308]: DEBUG neutron.plugins.ml2.drivers.ovn.mech_driver.ovsdb.ovsdb_monitor [None req-abc92198-a96d-4c39-a3f0-46aac22d9635 None None] Touching Hash Ring node "e1b23cb3c3bb52db88b9a6c82e0868af" from IDL notify handler {{(pid=102308) notify /opt/stack/neutron/neutron/plugins/ml2/drivers/ovn/mech_driver/ovsdb/ovsdb_monitor.py:904}}
Apr 02 14:48:51.177600 np0000163003 devstack@neutron-api.service[102308]: DEBUG neutron.plugins.ml2.drivers.ovn.mech_driver.ovsdb.ovsdb_monitor [None req-abc92198-a96d-4c39-a3f0-46aac22d9635 None None] Hash Ring: Node e1b23cb3c3bb52db88b9a6c82e0868af (host: np0000163003) handling event "create" for row 9582a2f8-e790-41a8-abef-bf9fe6cf1579 (table: ACL) {{(pid=102308) notify /opt/stack/neutron/neutron/plugins/ml2/drivers/ovn/mech_driver/ovsdb/ovsdb_monitor.py:912}}
Apr 02 14:48:51.179562 np0000163003 devstack@neutron-api.service[102308]: DEBUG neutron.plugins.ml2.drivers.ovn.mech_driver.ovsdb.ovsdb_monitor [None req-abc92198-a96d-4c39-a3f0-46aac22d9635 None None] Touching Hash Ring node "e1b23cb3c3bb52db88b9a6c82e0868af" from IDL notify handler {{(pid=102308) notify /opt/stack/neutron/neutron/plugins/ml2/drivers/ovn/mech_driver/ovsdb/ovsdb_monitor.py:904}}
Apr 02 14:48:51.182129 np0000163003 devstack@neutron-api.service[102308]: DEBUG neutron.plugins.ml2.drivers.ovn.mech_driver.ovsdb.ovsdb_monitor [None req-abc92198-a96d-4c39-a3f0-46aac22d9635 None None] Hash Ring: Node e1b23cb3c3bb52db88b9a6c82e0868af (host: np0000163003) handling event "create" for row ba297286-3818-4bc9-93a6-af3f37f7f499 (table: ACL) {{(pid=102308) notify /opt/stack/neutron/neutron/plugins/ml2/drivers/ovn/mech_driver/ovsdb/ovsdb_monitor.py:912}}
Apr 02 14:48:51.188389 np0000163003 devstack@neutron-api.service[102305]: INFO neutron.db.ovn_revision_numbers_db [None req-374b88db-daec-4c5d-ba53-91add74597a9 demo demo] Successfully bumped revision number for resource d2e07b19-a9fa-4d1b-a27c-492d40fb41e0 (type: security_groups) to 1
Apr 02 14:48:51.209026 np0000163003 devstack@neutron-api.service[102305]: INFO neutron.db.ovn_revision_numbers_db [None req-374b88db-daec-4c5d-ba53-91add74597a9 demo demo] Successfully bumped revision number for resource 1fb202d1-2bdc-4bba-8e1e-58ba8756a11f (type: security_group_rules) to 0
Apr 02 14:48:51.222460 np0000163003 devstack@neutron-api.service[102305]: INFO neutron.db.ovn_revision_numbers_db [None req-374b88db-daec-4c5d-ba53-91add74597a9 demo demo] Successfully bumped revision number for resource d9d228dd-9818-4758-9868-062accd9d4c1 (type: security_group_rules) to 0
Apr 02 14:48:51.238174 np0000163003 devstack@neutron-api.service[102305]: INFO neutron.db.ovn_revision_numbers_db [None req-374b88db-daec-4c5d-ba53-91add74597a9 demo demo] Successfully bumped revision number for resource f780ce29-be2b-4037-afa8-bd42a6809cf7 (type: security_group_rules) to 0
Apr 02 14:48:51.253189 np0000163003 devstack@neutron-api.service[102305]: INFO neutron.db.ovn_revision_numbers_db [None req-374b88db-daec-4c5d-ba53-91add74597a9 demo demo] Successfully bumped revision number for resource fcdc8c42-e5da-445a-bce9-c0acd7e9ee4d (type: security_group_rules) to 0
Apr 02 14:48:51.290974 np0000163003 devstack@neutron-api.service[102305]: DEBUG neutron.api.rpc.handlers.resources_rpc [None req-374b88db-daec-4c5d-ba53-91add74597a9 demo demo] Pushing event updated for resources: {'SecurityGroup': ['ID=d2e07b19-a9fa-4d1b-a27c-492d40fb41e0,revision_number=1']} {{(pid=102305) push /opt/stack/neutron/neutron/api/rpc/handlers/resources_rpc.py:237}}
Apr 02 14:48:51.331380 np0000163003 devstack@neutron-api.service[102305]: DEBUG neutron.plugins.ml2.drivers.helpers [None req-374b88db-daec-4c5d-ba53-91add74597a9 demo demo] geneve segment allocate from pool success with {'geneve_vni': 51184} {{(pid=102305) allocate_partially_specified_segment /opt/stack/neutron/neutron/plugins/ml2/drivers/helpers.py:142}}
Apr 02 14:48:51.337622 np0000163003 devstack@neutron-api.service[102305]: DEBUG neutron_lib.callbacks.manager [None req-374b88db-daec-4c5d-ba53-91add74597a9 demo demo] Publish callbacks ['neutron.services.segments.db._add_segment_host_mapping_for_segment-8725490648128', 'neutron.plugins.ml2.plugin.Ml2Plugin._handle_segment_change-1989139'] for segment (2d946bbb-6fc5-467f-bcb6-8d08c1eb02ca), precommit_create {{(pid=102305) _notify_loop /opt/stack/data/venv/lib/python3.12/site-packages/neutron_lib/callbacks/manager.py:184}}
Apr 02 14:48:51.337746 np0000163003 devstack@neutron-api.service[102305]: INFO neutron.db.segments_db [None req-374b88db-daec-4c5d-ba53-91add74597a9 demo demo] Added segment 2d946bbb-6fc5-467f-bcb6-8d08c1eb02ca of type geneve for network 7c9d68ff-a414-4f06-b6fa-36e19688fc42
Apr 02 14:48:51.349407 np0000163003 devstack@neutron-api.service[102305]: DEBUG neutron_lib.callbacks.manager [None req-374b88db-daec-4c5d-ba53-91add74597a9 demo demo] Publish callbacks ['neutron.services.auto_allocate.db._ensure_external_network_default_value_callback-8725488941100'] for network (7c9d68ff-a414-4f06-b6fa-36e19688fc42), precommit_create {{(pid=102305) _notify_loop /opt/stack/data/venv/lib/python3.12/site-packages/neutron_lib/callbacks/manager.py:184}}
Apr 02 14:48:51.360886 np0000163003 devstack@neutron-api.service[102305]: DEBUG neutron.plugins.ml2.drivers.ovn.mech_driver.mech_driver [None req-374b88db-daec-4c5d-ba53-91add74597a9 demo demo] Validating network segment with type geneve, segmentation ID 51184, physical network None {{(pid=102305) _validate_network_segments /opt/stack/neutron/neutron/plugins/ml2/drivers/ovn/mech_driver/mech_driver.py:631}}
Apr 02 14:48:51.361007 np0000163003 devstack@neutron-api.service[102305]: DEBUG neutron.db.ovn_revision_numbers_db [None req-374b88db-daec-4c5d-ba53-91add74597a9 demo demo] create_initial_revision uuid=7c9d68ff-a414-4f06-b6fa-36e19688fc42, type=networks, rev=-1 {{(pid=102305) create_initial_revision /opt/stack/neutron/neutron/db/ovn_revision_numbers_db.py:98}}
Apr 02 14:48:51.369040 np0000163003 devstack@neutron-api.service[102305]: DEBUG neutron_lib.callbacks.manager [None req-374b88db-daec-4c5d-ba53-91add74597a9 demo demo] Publish callbacks ['neutron.plugins.ml2.ovo_rpc._ObjectChangeHandler.handle_event-7260593'] for network (7c9d68ff-a414-4f06-b6fa-36e19688fc42), after_create {{(pid=102305) _notify_loop /opt/stack/data/venv/lib/python3.12/site-packages/neutron_lib/callbacks/manager.py:184}}
Apr 02 14:48:51.404550 np0000163003 devstack@neutron-api.service[102305]: DEBUG neutron.api.rpc.handlers.resources_rpc [None req-374b88db-daec-4c5d-ba53-91add74597a9 demo demo] Pushing event updated for resources: {'Network': ['ID=7c9d68ff-a414-4f06-b6fa-36e19688fc42,revision_number=1']} {{(pid=102305) push /opt/stack/neutron/neutron/api/rpc/handlers/resources_rpc.py:237}}
Apr 02 14:48:51.416218 np0000163003 devstack@neutron-api.service[102305]: DEBUG ovsdbapp.backend.ovs_idl.transaction [None req-e19acd12-4f09-400b-8643-7cf87adbe58d None None] Running txn n=1 command(idx=0): AddNetworkCommand(_result=None, network_uuid=7c9d68ff-a414-4f06-b6fa-36e19688fc42, may_exist=True, columns={'external_ids': {'neutron:network_name': 'k8s-clusterapi-cluster-magnum-system-kube-i4ght', 'neutron:mtu': '1372', 'neutron:revision_number': '1', 'neutron:availability_zone_hints': '', 'neutron:provnet-network-type': 'geneve'}, 'other_config': {'mcast_snoop': 'false', 'mcast_flood_unregistered': 'false', 'vlan-passthru': 'false'}}) {{(pid=102305) do_commit /opt/stack/data/venv/lib/python3.12/site-packages/ovsdbapp/backend/ovs_idl/transaction.py:89}}
Apr 02 14:48:51.451489 np0000163003 devstack@neutron-api.service[102305]: DEBUG neutron.plugins.ml2.drivers.ovn.mech_driver.ovsdb.ovsdb_monitor [None req-e19acd12-4f09-400b-8643-7cf87adbe58d None None] Touching Hash Ring node "a27a077932bf5c4c9d7eae976272c7f4" from IDL notify handler {{(pid=102305) notify /opt/stack/neutron/neutron/plugins/ml2/drivers/ovn/mech_driver/ovsdb/ovsdb_monitor.py:904}}
Apr 02 14:48:51.457707 np0000163003 devstack@neutron-api.service[102307]: DEBUG neutron.plugins.ml2.drivers.ovn.mech_driver.ovsdb.ovsdb_monitor [None req-f4b8be7d-8cb5-4a29-96a8-038f9fb76287 None None] Touching Hash Ring node "d98aef2c4d4750628cfcdb47e0371b99" from IDL notify handler {{(pid=102307) notify /opt/stack/neutron/neutron/plugins/ml2/drivers/ovn/mech_driver/ovsdb/ovsdb_monitor.py:904}}
Apr 02 14:48:51.459809 np0000163003 devstack@neutron-api.service[102305]: DEBUG neutron.plugins.ml2.drivers.ovn.mech_driver.ovsdb.ovsdb_monitor [None req-e19acd12-4f09-400b-8643-7cf87adbe58d None None] Hash Ring: Node a27a077932bf5c4c9d7eae976272c7f4 (host: np0000163003) handling event "create" for row 7c9d68ff-a414-4f06-b6fa-36e19688fc42 (table: Logical_Switch) {{(pid=102305) notify /opt/stack/neutron/neutron/plugins/ml2/drivers/ovn/mech_driver/ovsdb/ovsdb_monitor.py:912}}
Apr 02 14:48:51.469694 np0000163003 devstack@neutron-api.service[102307]: DEBUG neutron.plugins.ml2.drivers.ovn.mech_driver.ovsdb.ovsdb_monitor [None req-f4b8be7d-8cb5-4a29-96a8-038f9fb76287 None None] Hash Ring: Node d98aef2c4d4750628cfcdb47e0371b99 (host: np0000163003) handling event "create" for row d9edb8d0-4312-4453-a867-b9747325b643 (table: Datapath_Binding) {{(pid=102307) notify /opt/stack/neutron/neutron/plugins/ml2/drivers/ovn/mech_driver/ovsdb/ovsdb_monitor.py:912}}
Apr 02 14:48:51.487593 np0000163003 devstack@neutron-api.service[102305]: INFO neutron.db.ovn_revision_numbers_db [None req-374b88db-daec-4c5d-ba53-91add74597a9 demo demo] Successfully bumped revision number for resource 7c9d68ff-a414-4f06-b6fa-36e19688fc42 (type: networks) to 1
Apr 02 14:48:51.541088 np0000163003 devstack@neutron-api.service[102305]: DEBUG neutron_lib.callbacks.manager [None req-374b88db-daec-4c5d-ba53-91add74597a9 demo demo] Publish callbacks ['neutron.plugins.ml2.plugin.SecurityGroupDbMixin._ensure_default_security_group_handler-1733059'] for port (None), before_create {{(pid=102305) _notify_loop /opt/stack/data/venv/lib/python3.12/site-packages/neutron_lib/callbacks/manager.py:184}}
Apr 02 14:48:51.869257 np0000163003 devstack@neutron-api.service[102305]: DEBUG neutron_lib.callbacks.manager [None req-374b88db-daec-4c5d-ba53-91add74597a9 demo demo] Publish callbacks ['neutron.plugins.ml2.drivers.ovn.mech_driver.mech_driver.OVNMechanismDriver._validate_allowed_address_pairs-8243096'] for allowed_address_pair (aa4f2f76-b72b-418d-bd5f-0459489b52ba), before_create {{(pid=102305) _notify_loop /opt/stack/data/venv/lib/python3.12/site-packages/neutron_lib/callbacks/manager.py:184}}
Apr 02 14:48:51.869654 np0000163003 devstack@neutron-api.service[102305]: DEBUG neutron_lib.callbacks.manager [None req-374b88db-daec-4c5d-ba53-91add74597a9 demo demo] Publish callbacks [] for port (aa4f2f76-b72b-418d-bd5f-0459489b52ba), precommit_create {{(pid=102305) _notify_loop /opt/stack/data/venv/lib/python3.12/site-packages/neutron_lib/callbacks/manager.py:184}}
Apr 02 14:48:51.869852 np0000163003 devstack@neutron-api.service[102305]: DEBUG neutron.plugins.ml2.drivers.ovn.mech_driver.mech_driver [None req-374b88db-daec-4c5d-ba53-91add74597a9 demo demo] No provisioning block for port aa4f2f76-b72b-418d-bd5f-0459489b52ba since it does not have a host {{(pid=102305) _is_port_provisioning_required /opt/stack/neutron/neutron/plugins/ml2/drivers/ovn/mech_driver/mech_driver.py:884}}
Apr 02 14:48:51.869955 np0000163003 devstack@neutron-api.service[102305]: DEBUG neutron.db.ovn_revision_numbers_db [None req-374b88db-daec-4c5d-ba53-91add74597a9 demo demo] create_initial_revision uuid=aa4f2f76-b72b-418d-bd5f-0459489b52ba, type=ports, rev=-1 {{(pid=102305) create_initial_revision /opt/stack/neutron/neutron/db/ovn_revision_numbers_db.py:98}}
Apr 02 14:48:51.897604 np0000163003 devstack@neutron-api.service[102305]: DEBUG neutron_lib.callbacks.manager [None req-374b88db-daec-4c5d-ba53-91add74597a9 demo demo] Publish callbacks ['neutron.plugins.ml2.ovo_rpc._ObjectChangeHandler.handle_event-7260224'] for port (aa4f2f76-b72b-418d-bd5f-0459489b52ba), after_create {{(pid=102305) _notify_loop /opt/stack/data/venv/lib/python3.12/site-packages/neutron_lib/callbacks/manager.py:184}}
Apr 02 14:48:51.950493 np0000163003 devstack@neutron-api.service[102305]: DEBUG neutron.api.rpc.handlers.resources_rpc [None req-374b88db-daec-4c5d-ba53-91add74597a9 demo demo] Pushing event updated for resources: {'Port': ['ID=aa4f2f76-b72b-418d-bd5f-0459489b52ba,revision_number=1']} {{(pid=102305) push /opt/stack/neutron/neutron/api/rpc/handlers/resources_rpc.py:237}}
Apr 02 14:48:51.957623 np0000163003 devstack@neutron-api.service[102305]: DEBUG ovsdbapp.backend.ovs_idl.transaction [None req-e19acd12-4f09-400b-8643-7cf87adbe58d None None] Running txn n=1 command(idx=0): AddLSwitchPortCommand(_result=None, lport=aa4f2f76-b72b-418d-bd5f-0459489b52ba, lswitch=neutron-7c9d68ff-a414-4f06-b6fa-36e19688fc42, may_exist=True, network_uuid=7c9d68ff-a414-4f06-b6fa-36e19688fc42, columns={'addresses': ['fa:16:3e:21:b8:f8'], 'external_ids': {'neutron:port_name': '', 'neutron:device_id': 'ovnmeta-7c9d68ff-a414-4f06-b6fa-36e19688fc42', 'neutron:project_id': '14c860b8b3ff451babba08a905b65397', 'neutron:cidrs': '', 'neutron:device_owner': 'network:distributed', 'neutron:subnet_pool_addr_scope4': '', 'neutron:subnet_pool_addr_scope6': '', 'neutron:network_name': 'neutron-7c9d68ff-a414-4f06-b6fa-36e19688fc42', 'neutron:security_group_ids': '', 'neutron:revision_number': '1', 'neutron:vnic_type': 'normal', 'neutron:port_capabilities': '', 'neutron:mtu': ''}, 'parent_name': [], 'tag': [], 'enabled': True, 'options': {}, 'type': 'localport', 'port_security': [], 'dhcpv4_options': [], 'dhcpv6_options': []}) {{(pid=102305) do_commit /opt/stack/data/venv/lib/python3.12/site-packages/ovsdbapp/backend/ovs_idl/transaction.py:89}}
Apr 02 14:48:51.958637 np0000163003 devstack@neutron-api.service[102305]: DEBUG ovsdbapp.backend.ovs_idl.transaction [None req-e19acd12-4f09-400b-8643-7cf87adbe58d None None] Running txn n=1 command(idx=1): QoSDelCommand(_result=None, switch=neutron-7c9d68ff-a414-4f06-b6fa-36e19688fc42, conditions=[('direction', '=', 'to-lport'), ('priority', '=', 2002), ('match', '=', 'outport == "aa4f2f76-b72b-418d-bd5f-0459489b52ba"')], if_exists=True) {{(pid=102305) do_commit /opt/stack/data/venv/lib/python3.12/site-packages/ovsdbapp/backend/ovs_idl/transaction.py:89}}
Apr 02 14:48:51.958988 np0000163003 devstack@neutron-api.service[102305]: DEBUG ovsdbapp.backend.ovs_idl.transaction [None req-e19acd12-4f09-400b-8643-7cf87adbe58d None None] Running txn n=1 command(idx=2): QoSDelCommand(_result=None, switch=neutron-7c9d68ff-a414-4f06-b6fa-36e19688fc42, conditions=[('direction', '=', 'from-lport'), ('priority', '=', 2002), ('match', '=', 'inport == "aa4f2f76-b72b-418d-bd5f-0459489b52ba"')], if_exists=True) {{(pid=102305) do_commit /opt/stack/data/venv/lib/python3.12/site-packages/ovsdbapp/backend/ovs_idl/transaction.py:89}}
Apr 02 14:48:51.965376 np0000163003 devstack@neutron-api.service[102305]: DEBUG neutron.plugins.ml2.drivers.ovn.mech_driver.ovsdb.ovsdb_monitor [None req-e19acd12-4f09-400b-8643-7cf87adbe58d None None] Touching Hash Ring node "a27a077932bf5c4c9d7eae976272c7f4" from IDL notify handler {{(pid=102305) notify /opt/stack/neutron/neutron/plugins/ml2/drivers/ovn/mech_driver/ovsdb/ovsdb_monitor.py:904}}
Apr 02 14:48:51.969695 np0000163003 devstack@neutron-api.service[102308]: DEBUG neutron.plugins.ml2.drivers.ovn.mech_driver.ovsdb.ovsdb_monitor [None req-95fc56ed-a15a-41dc-9b61-0e690e832bbc None None] Touching Hash Ring node "e1b23cb3c3bb52db88b9a6c82e0868af" from IDL notify handler {{(pid=102308) notify /opt/stack/neutron/neutron/plugins/ml2/drivers/ovn/mech_driver/ovsdb/ovsdb_monitor.py:904}}
