Sep 15 11:06:38.642304 np0000192775 devstack@neutron-api.service[102632]: DEBUG neutron.api.extensions [None req-7b912ad8-fd48-4dcc-be38-81a49dc93188 None None] Loading extension file: subnet_dns_publish_fixed_ip.py {{(pid=102632) _load_all_extensions_from_path /opt/stack/neutron/neutron/api/extensions.py:449}}
Sep 15 11:06:38.642684 np0000192775 devstack@neutron-api.service[102632]: DEBUG neutron.api.extensions [None req-7b912ad8-fd48-4dcc-be38-81a49dc93188 None None] Ext name="Subnet DNS publish fixed IP" alias="subnet-dns-publish-fixed-ip" description="Support choosing to publish DNS records for IPs from a subnet" updated="2019-05-24T10:00:00-00:00" {{(pid=102632) _check_extension /opt/stack/neutron/neutron/api/extensions.py:415}}
Sep 15 11:06:38.642684 np0000192775 devstack@neutron-api.service[102632]: INFO neutron.api.extensions [None req-7b912ad8-fd48-4dcc-be38-81a49dc93188 None None] Loaded extension: subnet-dns-publish-fixed-ip
Sep 15 11:06:38.642871 np0000192775 devstack@neutron-api.service[102632]: DEBUG neutron.api.extensions [None req-7b912ad8-fd48-4dcc-be38-81a49dc93188 None None] Loading extension file: subnet_external_network.py {{(pid=102632) _load_all_extensions_from_path /opt/stack/neutron/neutron/api/extensions.py:449}}
Sep 15 11:06:38.643103 np0000192775 devstack@neutron-api.service[102629]: DEBUG neutron.api.extensions [None req-a71e11e5-a1bb-4d8b-b1a7-6d836655e724 None None] Extended resource: tags {{(pid=102629) __init__ /opt/stack/neutron/neutron/api/extensions.py:156}}
Sep 15 11:06:38.643200 np0000192775 devstack@neutron-api.service[102630]: INFO neutron.quota.resource_registry [None req-b3edf309-8798-4356-b827-52c98449e725 None None] Creating instance of TrackedResource for resource:security_group
Sep 15 11:06:38.643285 np0000192775 devstack@neutron-api.service[102632]: DEBUG neutron.api.extensions [None req-7b912ad8-fd48-4dcc-be38-81a49dc93188 None None] Ext name="Subnet belongs to an external network" alias="subnet-external-network" description="Informs if the subnet belongs to an external network" updated="2024-02-05T18:00:00-00:00" {{(pid=102632) _check_extension /opt/stack/neutron/neutron/api/extensions.py:415}}
Sep 15 11:06:38.643285 np0000192775 devstack@neutron-api.service[102632]: INFO neutron.api.extensions [None req-7b912ad8-fd48-4dcc-be38-81a49dc93188 None None] Loaded extension: subnet-external-network
Sep 15 11:06:38.643285 np0000192775 devstack@neutron-api.service[102632]: DEBUG neutron.api.extensions [None req-7b912ad8-fd48-4dcc-be38-81a49dc93188 None None] Loading extension file: subnet_onboard.py {{(pid=102632) _load_all_extensions_from_path /opt/stack/neutron/neutron/api/extensions.py:449}}
Sep 15 11:06:38.643426 np0000192775 devstack@neutron-api.service[102630]: INFO neutron.quota.resource_registry [None req-b3edf309-8798-4356-b827-52c98449e725 None None] Creating instance of TrackedResource for resource:security_group_rule
Sep 15 11:06:38.643579 np0000192775 devstack@neutron-api.service[102632]: DEBUG neutron.api.extensions [None req-7b912ad8-fd48-4dcc-be38-81a49dc93188 None None] Ext name="Subnet Onboard" alias="subnet_onboard" description="Provides support for onboarding subnets into subnet pools" updated="2018-12-18T09:00:00-00:00" {{(pid=102632) _check_extension /opt/stack/neutron/neutron/api/extensions.py:415}}
Sep 15 11:06:38.643655 np0000192775 devstack@neutron-api.service[102629]: DEBUG neutron.api.extensions [None req-a71e11e5-a1bb-4d8b-b1a7-6d836655e724 None None] Extended resource: tags {{(pid=102629) __init__ /opt/stack/neutron/neutron/api/extensions.py:156}}
Sep 15 11:06:38.643856 np0000192775 devstack@neutron-api.service[102632]: INFO neutron.api.extensions [None req-7b912ad8-fd48-4dcc-be38-81a49dc93188 None None] Loaded extension: subnet_onboard
Sep 15 11:06:38.643942 np0000192775 devstack@neutron-api.service[102632]: DEBUG neutron.api.extensions [None req-7b912ad8-fd48-4dcc-be38-81a49dc93188 None None] Loading extension file: subnet_segmentid_writable.py {{(pid=102632) _load_all_extensions_from_path /opt/stack/neutron/neutron/api/extensions.py:449}}
Sep 15 11:06:38.644048 np0000192775 devstack@neutron-api.service[102630]: DEBUG neutron.api.v2.resource_helper [None req-b3edf309-8798-4356-b827-52c98449e725 None None] Service CORE assigned prefix: {{(pid=102630) build_resource_info /opt/stack/neutron/neutron/api/v2/resource_helper.py:77}}
Sep 15 11:06:38.644166 np0000192775 devstack@neutron-api.service[102630]: INFO neutron.quota.resource_registry [None req-b3edf309-8798-4356-b827-52c98449e725 None None] Creating instance of TrackedResource for resource:subnetpool
Sep 15 11:06:38.644251 np0000192775 devstack@neutron-api.service[102632]: DEBUG neutron.api.extensions [None req-7b912ad8-fd48-4dcc-be38-81a49dc93188 None None] Ext name="Subnet SegmentID (writable)" alias="subnet-segmentid-writable" description="Provides a writable segment_id attribute for a subnet resource." updated="2018-03-12T00:00:00-00:00" {{(pid=102632) _check_extension /opt/stack/neutron/neutron/api/extensions.py:415}}
Sep 15 11:06:38.644338 np0000192775 devstack@neutron-api.service[102630]: WARNING neutron.quota.resource_registry [None req-b3edf309-8798-4356-b827-52c98449e725 None None] subnetpool is already registered
Sep 15 11:06:38.644376 np0000192775 devstack@neutron-api.service[102629]: DEBUG neutron.api.extensions [None req-a71e11e5-a1bb-4d8b-b1a7-6d836655e724 None None] Extended resource: tags {{(pid=102629) __init__ /opt/stack/neutron/neutron/api/extensions.py:156}}
Sep 15 11:06:38.644415 np0000192775 devstack@neutron-api.service[102632]: INFO neutron.api.extensions [None req-7b912ad8-fd48-4dcc-be38-81a49dc93188 None None] Extension subnet-segmentid-writable not supported by any of loaded plugins
Sep 15 11:06:38.644578 np0000192775 devstack@neutron-api.service[102632]: DEBUG neutron.api.extensions [None req-7b912ad8-fd48-4dcc-be38-81a49dc93188 None None] Loading extension file: subnet_service_types.py {{(pid=102632) _load_all_extensions_from_path /opt/stack/neutron/neutron/api/extensions.py:449}}
Sep 15 11:06:38.644963 np0000192775 devstack@neutron-api.service[102632]: DEBUG neutron.api.extensions [None req-7b912ad8-fd48-4dcc-be38-81a49dc93188 None None] Ext name="Subnet service types" alias="subnet-service-types" description="Provides ability to set the subnet service_types field" updated="2016-03-15T18:00:00-00:00" {{(pid=102632) _check_extension /opt/stack/neutron/neutron/api/extensions.py:415}}
Sep 15 11:06:38.644963 np0000192775 devstack@neutron-api.service[102632]: INFO neutron.api.extensions [None req-7b912ad8-fd48-4dcc-be38-81a49dc93188 None None] Loaded extension: subnet-service-types
Sep 15 11:06:38.645207 np0000192775 devstack@neutron-api.service[102632]: DEBUG neutron.api.extensions [None req-7b912ad8-fd48-4dcc-be38-81a49dc93188 None None] Loading extension file: subnetallocation.py {{(pid=102632) _load_all_extensions_from_path /opt/stack/neutron/neutron/api/extensions.py:449}}
Sep 15 11:06:38.645255 np0000192775 devstack@neutron-api.service[102629]: DEBUG neutron.api.extensions [None req-a71e11e5-a1bb-4d8b-b1a7-6d836655e724 None None] Extended resource: tags {{(pid=102629) __init__ /opt/stack/neutron/neutron/api/extensions.py:156}}
Sep 15 11:06:38.645299 np0000192775 devstack@neutron-api.service[102632]: DEBUG neutron.api.extensions [None req-7b912ad8-fd48-4dcc-be38-81a49dc93188 None None] Ext name="Subnet Allocation" alias="subnet_allocation" description="Enables allocation of subnets from a subnet pool" updated="2015-03-30T10:00:00-00:00" {{(pid=102632) _check_extension /opt/stack/neutron/neutron/api/extensions.py:415}}
Sep 15 11:06:38.645436 np0000192775 devstack@neutron-api.service[102632]: INFO neutron.api.extensions [None req-7b912ad8-fd48-4dcc-be38-81a49dc93188 None None] Loaded extension: subnet_allocation
Sep 15 11:06:38.645659 np0000192775 devstack@neutron-api.service[102632]: DEBUG neutron.api.extensions [None req-7b912ad8-fd48-4dcc-be38-81a49dc93188 None None] Loading extension file: subnetpool_prefix_ops.py {{(pid=102632) _load_all_extensions_from_path /opt/stack/neutron/neutron/api/extensions.py:449}}
Sep 15 11:06:38.645905 np0000192775 devstack@neutron-api.service[102632]: DEBUG neutron.api.extensions [None req-7b912ad8-fd48-4dcc-be38-81a49dc93188 None None] Ext name="Subnet Pool Prefix Operations" alias="subnetpool-prefix-ops" description="Provides support for adjusting the prefix list of subnet pools" updated="2019-02-08T10:00:00-00:00" {{(pid=102632) _check_extension /opt/stack/neutron/neutron/api/extensions.py:415}}
Sep 15 11:06:38.646004 np0000192775 devstack@neutron-api.service[102630]: DEBUG neutron.api.v2.resource_helper [None req-b3edf309-8798-4356-b827-52c98449e725 None None] Service CORE assigned prefix: {{(pid=102630) build_resource_info /opt/stack/neutron/neutron/api/v2/resource_helper.py:77}}
Sep 15 11:06:38.646122 np0000192775 devstack@neutron-api.service[102632]: INFO neutron.api.extensions [None req-7b912ad8-fd48-4dcc-be38-81a49dc93188 None None] Loaded extension: subnetpool-prefix-ops
Sep 15 11:06:38.646122 np0000192775 devstack@neutron-api.service[102632]: DEBUG neutron.api.extensions [None req-7b912ad8-fd48-4dcc-be38-81a49dc93188 None None] Loading extension file: tag_creation.py {{(pid=102632) _load_all_extensions_from_path /opt/stack/neutron/neutron/api/extensions.py:449}}
Sep 15 11:06:38.646391 np0000192775 devstack@neutron-api.service[102632]: DEBUG neutron.api.extensions [None req-7b912ad8-fd48-4dcc-be38-81a49dc93188 None None] Ext name="Tag creation extension" alias="tag-creation" description="Allow to create multiple tags for a resource" updated="2024-23-07T10:00:00-00:00" {{(pid=102632) _check_extension /opt/stack/neutron/neutron/api/extensions.py:415}}
Sep 15 11:06:38.646836 np0000192775 devstack@neutron-api.service[102632]: INFO neutron.api.extensions [None req-7b912ad8-fd48-4dcc-be38-81a49dc93188 None None] Loaded extension: tag-creation
Sep 15 11:06:38.646938 np0000192775 devstack@neutron-api.service[102630]: INFO neutron.quota.resource_registry [None req-b3edf309-8798-4356-b827-52c98449e725 None None] Creating instance of TrackedResource for resource:subnetpool
Sep 15 11:06:38.647029 np0000192775 devstack@neutron-api.service[102632]: DEBUG neutron.api.extensions [None req-7b912ad8-fd48-4dcc-be38-81a49dc93188 None None] Loading extension file: tag_ports_during_bulk_creation.py {{(pid=102632) _load_all_extensions_from_path /opt/stack/neutron/neutron/api/extensions.py:449}}
Sep 15 11:06:38.647029 np0000192775 devstack@neutron-api.service[102632]: DEBUG neutron.api.extensions [None req-7b912ad8-fd48-4dcc-be38-81a49dc93188 None None] Ext name="Tag Ports During Bulk Creation" alias="tag-ports-during-bulk-creation" description="Allow to tag ports during bulk creation" updated="2019-12-29T19:00:00-00:00" {{(pid=102632) _check_extension /opt/stack/neutron/neutron/api/extensions.py:415}}
Sep 15 11:06:38.647170 np0000192775 devstack@neutron-api.service[102632]: INFO neutron.api.extensions [None req-7b912ad8-fd48-4dcc-be38-81a49dc93188 None None] Extension tag-ports-during-bulk-creation not supported by any of loaded plugins
Sep 15 11:06:38.647302 np0000192775 devstack@neutron-api.service[102630]: WARNING neutron.quota.resource_registry [None req-b3edf309-8798-4356-b827-52c98449e725 None None] subnetpool is already registered
Sep 15 11:06:38.647411 np0000192775 devstack@neutron-api.service[102632]: DEBUG neutron.api.extensions [None req-7b912ad8-fd48-4dcc-be38-81a49dc93188 None None] Loading extension file: tagging.py {{(pid=102632) _load_all_extensions_from_path /opt/stack/neutron/neutron/api/extensions.py:449}}
Sep 15 11:06:38.648241 np0000192775 devstack@neutron-api.service[102632]: DEBUG neutron.api.extensions [None req-7b912ad8-fd48-4dcc-be38-81a49dc93188 None None] Ext name="Tag support for resources with standard attribute: port, subnet, subnetpool, network, security_group, router, floatingip, policy, trunk, network_segment_range" alias="standard-attr-tag" description="Enables to set tag on resources with standard attribute." updated="2017-01-01T00:00:00-00:00" {{(pid=102632) _check_extension /opt/stack/neutron/neutron/api/extensions.py:415}}
Sep 15 11:06:38.648390 np0000192775 devstack@neutron-api.service[102632]: INFO neutron.api.extensions [None req-7b912ad8-fd48-4dcc-be38-81a49dc93188 None None] Loaded extension: standard-attr-tag
Sep 15 11:06:38.648390 np0000192775 devstack@neutron-api.service[102632]: DEBUG neutron.api.extensions [None req-7b912ad8-fd48-4dcc-be38-81a49dc93188 None None] Loading extension file: timestamp.py {{(pid=102632) _load_all_extensions_from_path /opt/stack/neutron/neutron/api/extensions.py:449}}
Sep 15 11:06:38.648665 np0000192775 devstack@neutron-api.service[102632]: DEBUG neutron.api.extensions [None req-7b912ad8-fd48-4dcc-be38-81a49dc93188 None None] Ext name="Resource timestamps" alias="standard-attr-timestamp" description="Adds created_at and updated_at fields to all Neutron resources that have Neutron standard attributes." updated="2016-09-12T10:00:00-00:00" {{(pid=102632) _check_extension /opt/stack/neutron/neutron/api/extensions.py:415}}
Sep 15 11:06:38.648871 np0000192775 devstack@neutron-api.service[102632]: INFO neutron.api.extensions [None req-7b912ad8-fd48-4dcc-be38-81a49dc93188 None None] Loaded extension: standard-attr-timestamp
Sep 15 11:06:38.648924 np0000192775 devstack@neutron-api.service[102632]: DEBUG neutron.api.extensions [None req-7b912ad8-fd48-4dcc-be38-81a49dc93188 None None] Loading extension file: trunk.py {{(pid=102632) _load_all_extensions_from_path /opt/stack/neutron/neutron/api/extensions.py:449}}
Sep 15 11:06:38.649342 np0000192775 devstack@neutron-api.service[102632]: DEBUG neutron.api.extensions [None req-7b912ad8-fd48-4dcc-be38-81a49dc93188 None None] Ext name="Trunk Extension" alias="trunk" description="Provides support for trunk ports" updated="2016-01-01T10:00:00-00:00" {{(pid=102632) _check_extension /opt/stack/neutron/neutron/api/extensions.py:415}}
Sep 15 11:06:38.649510 np0000192775 devstack@neutron-api.service[102632]: INFO neutron.api.extensions [None req-7b912ad8-fd48-4dcc-be38-81a49dc93188 None None] Extension trunk not supported by any of loaded plugins
Sep 15 11:06:38.649611 np0000192775 devstack@neutron-api.service[102632]: DEBUG neutron.api.extensions [None req-7b912ad8-fd48-4dcc-be38-81a49dc93188 None None] Loading extension file: trunk_details.py {{(pid=102632) _load_all_extensions_from_path /opt/stack/neutron/neutron/api/extensions.py:449}}
Sep 15 11:06:38.649867 np0000192775 devstack@neutron-api.service[102632]: DEBUG neutron.api.extensions [None req-7b912ad8-fd48-4dcc-be38-81a49dc93188 None None] Ext name="Trunk port details" alias="trunk-details" description="Expose trunk port details" updated="2016-01-01T10:00:00-00:00" {{(pid=102632) _check_extension /opt/stack/neutron/neutron/api/extensions.py:415}}
Sep 15 11:06:38.650012 np0000192775 devstack@neutron-api.service[102632]: INFO neutron.api.extensions [None req-7b912ad8-fd48-4dcc-be38-81a49dc93188 None None] Extension trunk-details not supported by any of loaded plugins
Sep 15 11:06:38.650141 np0000192775 devstack@neutron-api.service[102632]: DEBUG neutron.api.extensions [None req-7b912ad8-fd48-4dcc-be38-81a49dc93188 None None] Loading extension file: uplink_status_propagation.py {{(pid=102632) _load_all_extensions_from_path /opt/stack/neutron/neutron/api/extensions.py:449}}
Sep 15 11:06:38.650406 np0000192775 devstack@neutron-api.service[102632]: DEBUG neutron.api.extensions [None req-7b912ad8-fd48-4dcc-be38-81a49dc93188 None None] Ext name="Uplink status propagation extension" alias="uplink-status-propagation" description="Provides ability to propagate port uplink status." updated="2018-05-31T18:00:00-00:00" {{(pid=102632) _check_extension /opt/stack/neutron/neutron/api/extensions.py:415}}
Sep 15 11:06:38.650590 np0000192775 devstack@neutron-api.service[102632]: INFO neutron.api.extensions [None req-7b912ad8-fd48-4dcc-be38-81a49dc93188 None None] Extension uplink-status-propagation not supported by any of loaded plugins
Sep 15 11:06:38.650798 np0000192775 devstack@neutron-api.service[102632]: DEBUG neutron.api.extensions [None req-7b912ad8-fd48-4dcc-be38-81a49dc93188 None None] Loading extension file: uplink_status_propagation_updatable.py {{(pid=102632) _load_all_extensions_from_path /opt/stack/neutron/neutron/api/extensions.py:449}}
Sep 15 11:06:38.650962 np0000192775 devstack@neutron-api.service[102632]: DEBUG neutron.api.extensions [None req-7b912ad8-fd48-4dcc-be38-81a49dc93188 None None] Ext name="Uplink status propagation updatable extension" alias="uplink-status-propagation-updatable" description="Provides ability to update the port uplink status." updated="2024-09-03T18:00:00-00:00" {{(pid=102632) _check_extension /opt/stack/neutron/neutron/api/extensions.py:415}}
Sep 15 11:06:38.651111 np0000192775 devstack@neutron-api.service[102632]: INFO neutron.api.extensions [None req-7b912ad8-fd48-4dcc-be38-81a49dc93188 None None] Extension uplink-status-propagation-updatable not supported by any of loaded plugins
Sep 15 11:06:38.651200 np0000192775 devstack@neutron-api.service[102632]: DEBUG neutron.api.extensions [None req-7b912ad8-fd48-4dcc-be38-81a49dc93188 None None] Loading extension file: vlantransparent.py {{(pid=102632) _load_all_extensions_from_path /opt/stack/neutron/neutron/api/extensions.py:449}}
Sep 15 11:06:38.651409 np0000192775 devstack@neutron-api.service[102632]: DEBUG neutron.api.extensions [None req-7b912ad8-fd48-4dcc-be38-81a49dc93188 None None] Ext name="Vlantransparent" alias="vlan-transparent" description="Provides Vlan Transparent Networks" updated="2015-03-23T09:00:00-00:00" {{(pid=102632) _check_extension /opt/stack/neutron/neutron/api/extensions.py:415}}
Sep 15 11:06:38.651615 np0000192775 devstack@neutron-api.service[102632]: INFO neutron.api.extensions [None req-7b912ad8-fd48-4dcc-be38-81a49dc93188 None None] Loaded extension: vlan-transparent
Sep 15 11:06:38.653272 np0000192775 devstack@neutron-api.service[102632]: INFO neutron.quota.resource_registry [None req-7b912ad8-fd48-4dcc-be38-81a49dc93188 None None] Creating instance of TrackedResource for resource:network
Sep 15 11:06:38.653487 np0000192775 devstack@neutron-api.service[102632]: INFO neutron.quota.resource_registry [None req-7b912ad8-fd48-4dcc-be38-81a49dc93188 None None] Creating instance of TrackedResource for resource:subnet
Sep 15 11:06:38.653630 np0000192775 devstack@neutron-api.service[102632]: INFO neutron.quota.resource_registry [None req-7b912ad8-fd48-4dcc-be38-81a49dc93188 None None] Creating instance of TrackedResource for resource:subnetpool
Sep 15 11:06:38.653800 np0000192775 devstack@neutron-api.service[102632]: INFO neutron.quota.resource_registry [None req-7b912ad8-fd48-4dcc-be38-81a49dc93188 None None] Creating instance of TrackedResource for resource:port
Sep 15 11:06:38.654951 np0000192775 devstack@neutron-api.service[102630]: INFO neutron.quota.resource_registry [None req-b3edf309-8798-4356-b827-52c98449e725 None None] Creating instance of CountableResource for resource:router_route
Sep 15 11:06:38.655082 np0000192775 devstack@neutron-api.service[102630]: WARNING neutron.quota.resource_registry [None req-b3edf309-8798-4356-b827-52c98449e725 None None] router_route is already registered
Sep 15 11:06:38.655171 np0000192775 devstack@neutron-api.service[102629]: DEBUG neutron_lib.callbacks.manager [None req-a71e11e5-a1bb-4d8b-b1a7-6d836655e724 None None] Publish callbacks ['neutron.plugins.ml2.drivers.ovn.mech_driver.mech_driver.OVNMechanismDriver.pre_fork_initialize-43239'] for process (None), before_spawn {{(pid=102629) _notify_loop /opt/stack/data/venv/lib/python3.12/site-packages/neutron_lib/callbacks/manager.py:184}}
Sep 15 11:06:38.655264 np0000192775 devstack@neutron-api.service[102632]: INFO neutron.quota.resource_registry [None req-7b912ad8-fd48-4dcc-be38-81a49dc93188 None None] Creating instance of CountableResource for resource:router_route
Sep 15 11:06:38.655352 np0000192775 devstack@neutron-api.service[102630]: DEBUG neutron.api.v2.resource_helper [None req-b3edf309-8798-4356-b827-52c98449e725 None None] Service L3_ROUTER_NAT assigned prefix: {{(pid=102630) build_resource_info /opt/stack/neutron/neutron/api/v2/resource_helper.py:77}}
Sep 15 11:06:38.655396 np0000192775 devstack@neutron-api.service[102632]: DEBUG neutron.api.v2.resource_helper [None req-7b912ad8-fd48-4dcc-be38-81a49dc93188 None None] Service L3_ROUTER_NAT assigned prefix: {{(pid=102632) build_resource_info /opt/stack/neutron/neutron/api/v2/resource_helper.py:77}}
Sep 15 11:06:38.655437 np0000192775 devstack@neutron-api.service[102629]: DEBUG oslo_concurrency.processutils [None req-a71e11e5-a1bb-4d8b-b1a7-6d836655e724 None None] Running cmd (subprocess): ovsdb-client transact ssl:162.253.55.53:6641 --timeout 180 -p /opt/stack/data/CA/int-ca/private/devstack-cert.key -c /opt/stack/data/CA/int-ca/devstack-cert.crt -C /opt/stack/data/CA/int-ca/ca-chain.pem ["OVN_Northbound", {"op": "wait", "timeout": 0, "table": "Port_Group", "where": [["name", "==", "neutron_pg_drop"]], "until": "==", "rows": []}, {"op": "insert", "table": "ACL", "row": {"action": "drop", "direction": "to-lport", "match": "outport == @neutron_pg_drop && ip", "priority": 1000}, "uuid-name": "droptoport"}, {"op": "insert", "table": "ACL", "row": {"action": "drop", "direction": "from-lport", "match": "inport == @neutron_pg_drop && ip", "priority": 1000}, "uuid-name": "dropfromport"}, {"op": "insert", "table": "Port_Group", "row": {"name": "neutron_pg_drop", "acls": ["set", [["named-uuid", "droptoport"], ["named-uuid", "dropfromport"]]]}}] {{(pid=102629) execute /opt/stack/data/venv/lib/python3.12/site-packages/oslo_concurrency/processutils.py:440}}
Sep 15 11:06:38.655623 np0000192775 devstack@neutron-api.service[102630]: DEBUG neutron.api.v2.resource_helper [None req-b3edf309-8798-4356-b827-52c98449e725 None None] Service FLAVORS assigned prefix: {{(pid=102630) build_resource_info /opt/stack/neutron/neutron/api/v2/resource_helper.py:77}}
Sep 15 11:06:38.655708 np0000192775 devstack@neutron-api.service[102632]: DEBUG neutron.api.v2.resource_helper [None req-7b912ad8-fd48-4dcc-be38-81a49dc93188 None None] Service FLAVORS assigned prefix: {{(pid=102632) build_resource_info /opt/stack/neutron/neutron/api/v2/resource_helper.py:77}}
Sep 15 11:06:38.656644 np0000192775 devstack@neutron-api.service[102632]: DEBUG neutron.api.v2.resource_helper [None req-7b912ad8-fd48-4dcc-be38-81a49dc93188 None None] Service L3_ROUTER_NAT assigned prefix: {{(pid=102632) build_resource_info /opt/stack/neutron/neutron/api/v2/resource_helper.py:77}}
Sep 15 11:06:38.656987 np0000192775 devstack@neutron-api.service[102632]: DEBUG neutron.api.v2.resource_helper [None req-7b912ad8-fd48-4dcc-be38-81a49dc93188 None None] Service L3_ROUTER_NAT assigned prefix: {{(pid=102632) build_resource_info /opt/stack/neutron/neutron/api/v2/resource_helper.py:77}}
Sep 15 11:06:38.657134 np0000192775 devstack@neutron-api.service[102632]: INFO neutron.quota.resource_registry [None req-7b912ad8-fd48-4dcc-be38-81a49dc93188 None None] Creating instance of TrackedResource for resource:router
Sep 15 11:06:38.657504 np0000192775 devstack@neutron-api.service[102632]: INFO neutron.quota.resource_registry [None req-7b912ad8-fd48-4dcc-be38-81a49dc93188 None None] Creating instance of TrackedResource for resource:floatingip
Sep 15 11:06:38.658603 np0000192775 devstack@neutron-api.service[102632]: INFO neutron.quota.resource_registry [None req-7b912ad8-fd48-4dcc-be38-81a49dc93188 None None] Creating instance of CountableResource for resource:rbac_policy
Sep 15 11:06:38.659237 np0000192775 devstack@neutron-api.service[102632]: INFO neutron.quota.resource_registry [None req-7b912ad8-fd48-4dcc-be38-81a49dc93188 None None] Creating instance of TrackedResource for resource:security_group
Sep 15 11:06:38.659598 np0000192775 devstack@neutron-api.service[102632]: INFO neutron.quota.resource_registry [None req-7b912ad8-fd48-4dcc-be38-81a49dc93188 None None] Creating instance of TrackedResource for resource:security_group_rule
Sep 15 11:06:38.660228 np0000192775 devstack@neutron-api.service[102632]: DEBUG neutron.api.v2.resource_helper [None req-7b912ad8-fd48-4dcc-be38-81a49dc93188 None None] Service CORE assigned prefix: {{(pid=102632) build_resource_info /opt/stack/neutron/neutron/api/v2/resource_helper.py:77}}
Sep 15 11:06:38.660345 np0000192775 devstack@neutron-api.service[102632]: INFO neutron.quota.resource_registry [None req-7b912ad8-fd48-4dcc-be38-81a49dc93188 None None] Creating instance of TrackedResource for resource:subnetpool
Sep 15 11:06:38.660641 np0000192775 devstack@neutron-api.service[102632]: WARNING neutron.quota.resource_registry [None req-7b912ad8-fd48-4dcc-be38-81a49dc93188 None None] subnetpool is already registered
Sep 15 11:06:38.660939 np0000192775 devstack@neutron-api.service[102632]: DEBUG neutron.api.v2.resource_helper [None req-7b912ad8-fd48-4dcc-be38-81a49dc93188 None None] Service CORE assigned prefix: {{(pid=102632) build_resource_info /opt/stack/neutron/neutron/api/v2/resource_helper.py:77}}
Sep 15 11:06:38.661027 np0000192775 devstack@neutron-api.service[102632]: INFO neutron.quota.resource_registry [None req-7b912ad8-fd48-4dcc-be38-81a49dc93188 None None] Creating instance of TrackedResource for resource:subnetpool
Sep 15 11:06:38.661157 np0000192775 devstack@neutron-api.service[102632]: WARNING neutron.quota.resource_registry [None req-7b912ad8-fd48-4dcc-be38-81a49dc93188 None None] subnetpool is already registered
Sep 15 11:06:38.663825 np0000192775 devstack@neutron-api.service[102632]: INFO neutron.quota.resource_registry [None req-7b912ad8-fd48-4dcc-be38-81a49dc93188 None None] Creating instance of CountableResource for resource:router_route
Sep 15 11:06:38.663923 np0000192775 devstack@neutron-api.service[102632]: WARNING neutron.quota.resource_registry [None req-7b912ad8-fd48-4dcc-be38-81a49dc93188 None None] router_route is already registered
Sep 15 11:06:38.664053 np0000192775 devstack@neutron-api.service[102632]: DEBUG neutron.api.v2.resource_helper [None req-7b912ad8-fd48-4dcc-be38-81a49dc93188 None None] Service L3_ROUTER_NAT assigned prefix: {{(pid=102632) build_resource_info /opt/stack/neutron/neutron/api/v2/resource_helper.py:77}}
Sep 15 11:06:38.664461 np0000192775 devstack@neutron-api.service[102632]: DEBUG neutron.api.v2.resource_helper [None req-7b912ad8-fd48-4dcc-be38-81a49dc93188 None None] Service FLAVORS assigned prefix: {{(pid=102632) build_resource_info /opt/stack/neutron/neutron/api/v2/resource_helper.py:77}}
Sep 15 11:06:38.665029 np0000192775 devstack@neutron-api.service[102630]: DEBUG neutron.api.v2.resource_helper [None req-b3edf309-8798-4356-b827-52c98449e725 None None] Service L3_ROUTER_NAT assigned prefix: {{(pid=102630) build_resource_info /opt/stack/neutron/neutron/api/v2/resource_helper.py:77}}
Sep 15 11:06:38.665308 np0000192775 devstack@neutron-api.service[102632]: DEBUG neutron.api.v2.resource_helper [None req-7b912ad8-fd48-4dcc-be38-81a49dc93188 None None] Service L3_ROUTER_NAT assigned prefix: {{(pid=102632) build_resource_info /opt/stack/neutron/neutron/api/v2/resource_helper.py:77}}
Sep 15 11:06:38.665689 np0000192775 devstack@neutron-api.service[102632]: DEBUG neutron.api.v2.resource_helper [None req-7b912ad8-fd48-4dcc-be38-81a49dc93188 None None] Service L3_ROUTER_NAT assigned prefix: {{(pid=102632) build_resource_info /opt/stack/neutron/neutron/api/v2/resource_helper.py:77}}
Sep 15 11:06:38.665820 np0000192775 devstack@neutron-api.service[102632]: INFO neutron.quota.resource_registry [None req-7b912ad8-fd48-4dcc-be38-81a49dc93188 None None] Creating instance of TrackedResource for resource:router
Sep 15 11:06:38.665902 np0000192775 devstack@neutron-api.service[102630]: DEBUG neutron.api.v2.resource_helper [None req-b3edf309-8798-4356-b827-52c98449e725 None None] Service L3_ROUTER_NAT assigned prefix: {{(pid=102630) build_resource_info /opt/stack/neutron/neutron/api/v2/resource_helper.py:77}}
Sep 15 11:06:38.665984 np0000192775 devstack@neutron-api.service[102632]: WARNING neutron.quota.resource_registry [None req-7b912ad8-fd48-4dcc-be38-81a49dc93188 None None] router is already registered
Sep 15 11:06:38.666087 np0000192775 devstack@neutron-api.service[102630]: INFO neutron.quota.resource_registry [None req-b3edf309-8798-4356-b827-52c98449e725 None None] Creating instance of TrackedResource for resource:router
Sep 15 11:06:38.666298 np0000192775 devstack@neutron-api.service[102632]: INFO neutron.quota.resource_registry [None req-7b912ad8-fd48-4dcc-be38-81a49dc93188 None None] Creating instance of TrackedResource for resource:floatingip
Sep 15 11:06:38.666434 np0000192775 devstack@neutron-api.service[102632]: WARNING neutron.quota.resource_registry [None req-7b912ad8-fd48-4dcc-be38-81a49dc93188 None None] floatingip is already registered
Sep 15 11:06:38.667157 np0000192775 devstack@neutron-api.service[102630]: WARNING neutron.quota.resource_registry [None req-b3edf309-8798-4356-b827-52c98449e725 None None] router is already registered
Sep 15 11:06:38.668568 np0000192775 devstack@neutron-api.service[102632]: INFO neutron.quota.resource_registry [None req-7b912ad8-fd48-4dcc-be38-81a49dc93188 None None] Creating instance of CountableResource for resource:rbac_policy
Sep 15 11:06:38.668649 np0000192775 devstack@neutron-api.service[102632]: WARNING neutron.quota.resource_registry [None req-7b912ad8-fd48-4dcc-be38-81a49dc93188 None None] rbac_policy is already registered
Sep 15 11:06:38.669363 np0000192775 devstack@neutron-api.service[102632]: INFO neutron.quota.resource_registry [None req-7b912ad8-fd48-4dcc-be38-81a49dc93188 None None] Creating instance of TrackedResource for resource:security_group
Sep 15 11:06:38.669485 np0000192775 devstack@neutron-api.service[102632]: WARNING neutron.quota.resource_registry [None req-7b912ad8-fd48-4dcc-be38-81a49dc93188 None None] security_group is already registered
Sep 15 11:06:38.669842 np0000192775 devstack@neutron-api.service[102632]: INFO neutron.quota.resource_registry [None req-7b912ad8-fd48-4dcc-be38-81a49dc93188 None None] Creating instance of TrackedResource for resource:security_group_rule
Sep 15 11:06:38.669995 np0000192775 devstack@neutron-api.service[102632]: WARNING neutron.quota.resource_registry [None req-7b912ad8-fd48-4dcc-be38-81a49dc93188 None None] security_group_rule is already registered
Sep 15 11:06:38.670336 np0000192775 devstack@neutron-api.service[102630]: INFO neutron.quota.resource_registry [None req-b3edf309-8798-4356-b827-52c98449e725 None None] Creating instance of TrackedResource for resource:floatingip
Sep 15 11:06:38.670473 np0000192775 devstack@neutron-api.service[102632]: DEBUG neutron.api.v2.resource_helper [None req-7b912ad8-fd48-4dcc-be38-81a49dc93188 None None] Service CORE assigned prefix: {{(pid=102632) build_resource_info /opt/stack/neutron/neutron/api/v2/resource_helper.py:77}}
Sep 15 11:06:38.670540 np0000192775 devstack@neutron-api.service[102630]: WARNING neutron.quota.resource_registry [None req-b3edf309-8798-4356-b827-52c98449e725 None None] floatingip is already registered
Sep 15 11:06:38.670607 np0000192775 devstack@neutron-api.service[102632]: INFO neutron.quota.resource_registry [None req-7b912ad8-fd48-4dcc-be38-81a49dc93188 None None] Creating instance of TrackedResource for resource:subnetpool
Sep 15 11:06:38.670736 np0000192775 devstack@neutron-api.service[102632]: WARNING neutron.quota.resource_registry [None req-7b912ad8-fd48-4dcc-be38-81a49dc93188 None None] subnetpool is already registered
Sep 15 11:06:38.671105 np0000192775 devstack@neutron-api.service[102632]: DEBUG neutron.api.v2.resource_helper [None req-7b912ad8-fd48-4dcc-be38-81a49dc93188 None None] Service CORE assigned prefix: {{(pid=102632) build_resource_info /opt/stack/neutron/neutron/api/v2/resource_helper.py:77}}
Sep 15 11:06:38.671261 np0000192775 devstack@neutron-api.service[102632]: INFO neutron.quota.resource_registry [None req-7b912ad8-fd48-4dcc-be38-81a49dc93188 None None] Creating instance of TrackedResource for resource:subnetpool
Sep 15 11:06:38.671552 np0000192775 devstack@neutron-api.service[102632]: WARNING neutron.quota.resource_registry [None req-7b912ad8-fd48-4dcc-be38-81a49dc93188 None None] subnetpool is already registered
Sep 15 11:06:38.672289 np0000192775 devstack@neutron-api.service[102632]: DEBUG neutron.api.extensions [None req-7b912ad8-fd48-4dcc-be38-81a49dc93188 None None] Extended resource: extensions {{(pid=102632) __init__ /opt/stack/neutron/neutron/api/extensions.py:156}}
Sep 15 11:06:38.672915 np0000192775 devstack@neutron-api.service[102632]: DEBUG neutron.api.extensions [None req-7b912ad8-fd48-4dcc-be38-81a49dc93188 None None] Extended resource: address-groups {{(pid=102632) __init__ /opt/stack/neutron/neutron/api/extensions.py:156}}
Sep 15 11:06:38.673948 np0000192775 devstack@neutron-api.service[102632]: DEBUG neutron.api.extensions [None req-7b912ad8-fd48-4dcc-be38-81a49dc93188 None None] Extended resource: address-scopes {{(pid=102632) __init__ /opt/stack/neutron/neutron/api/extensions.py:156}}
Sep 15 11:06:38.674486 np0000192775 devstack@neutron-api.service[102632]: DEBUG neutron.api.extensions [None req-7b912ad8-fd48-4dcc-be38-81a49dc93188 None None] Extended resource: agents {{(pid=102632) __init__ /opt/stack/neutron/neutron/api/extensions.py:156}}
Sep 15 11:06:38.674975 np0000192775 devstack@neutron-api.service[102632]: DEBUG neutron.api.extensions [None req-7b912ad8-fd48-4dcc-be38-81a49dc93188 None None] Extended resource: auto-allocated-topology {{(pid=102632) __init__ /opt/stack/neutron/neutron/api/extensions.py:156}}
Sep 15 11:06:38.675627 np0000192775 devstack@neutron-api.service[102632]: DEBUG neutron.api.extensions [None req-7b912ad8-fd48-4dcc-be38-81a49dc93188 None None] Extended resource: availability_zones {{(pid=102632) __init__ /opt/stack/neutron/neutron/api/extensions.py:156}}
Sep 15 11:06:38.676087 np0000192775 devstack@neutron-api.service[102632]: DEBUG neutron.api.extensions [None req-7b912ad8-fd48-4dcc-be38-81a49dc93188 None None] Extended resource: dhcp-networks {{(pid=102632) __init__ /opt/stack/neutron/neutron/api/extensions.py:156}}
Sep 15 11:06:38.676889 np0000192775 devstack@neutron-api.service[102632]: DEBUG neutron.api.extensions [None req-7b912ad8-fd48-4dcc-be38-81a49dc93188 None None] Extended resource: dhcp-agents {{(pid=102632) __init__ /opt/stack/neutron/neutron/api/extensions.py:156}}
Sep 15 11:06:38.677812 np0000192775 devstack@neutron-api.service[102632]: DEBUG neutron.api.extensions [None req-7b912ad8-fd48-4dcc-be38-81a49dc93188 None None] Extended resource: routers {{(pid=102632) __init__ /opt/stack/neutron/neutron/api/extensions.py:156}}
Sep 15 11:06:38.678098 np0000192775 devstack@neutron-api.service[102630]: INFO neutron.quota.resource_registry [None req-b3edf309-8798-4356-b827-52c98449e725 None None] Creating instance of CountableResource for resource:rbac_policy
Sep 15 11:06:38.678212 np0000192775 devstack@neutron-api.service[102630]: WARNING neutron.quota.resource_registry [None req-b3edf309-8798-4356-b827-52c98449e725 None None] rbac_policy is already registered
Sep 15 11:06:38.678842 np0000192775 devstack@neutron-api.service[102632]: DEBUG neutron.api.extensions [None req-7b912ad8-fd48-4dcc-be38-81a49dc93188 None None] Extended resource: flavors {{(pid=102632) __init__ /opt/stack/neutron/neutron/api/extensions.py:156}}
Sep 15 11:06:38.678988 np0000192775 devstack@neutron-api.service[102630]: INFO neutron.quota.resource_registry [None req-b3edf309-8798-4356-b827-52c98449e725 None None] Creating instance of TrackedResource for resource:security_group
Sep 15 11:06:38.679078 np0000192775 devstack@neutron-api.service[102630]: WARNING neutron.quota.resource_registry [None req-b3edf309-8798-4356-b827-52c98449e725 None None] security_group is already registered
Sep 15 11:06:38.679434 np0000192775 devstack@neutron-api.service[102632]: DEBUG neutron.api.extensions [None req-7b912ad8-fd48-4dcc-be38-81a49dc93188 None None] Extended resource: service_profiles {{(pid=102632) __init__ /opt/stack/neutron/neutron/api/extensions.py:156}}
Sep 15 11:06:38.680032 np0000192775 devstack@neutron-api.service[102632]: DEBUG neutron.api.extensions [None req-7b912ad8-fd48-4dcc-be38-81a49dc93188 None None] Extended resource: next_providers {{(pid=102632) __init__ /opt/stack/neutron/neutron/api/extensions.py:156}}
Sep 15 11:06:38.680095 np0000192775 devstack@neutron-api.service[102630]: INFO neutron.quota.resource_registry [None req-b3edf309-8798-4356-b827-52c98449e725 None None] Creating instance of TrackedResource for resource:security_group_rule
Sep 15 11:06:38.680735 np0000192775 devstack@neutron-api.service[102632]: DEBUG neutron.api.extensions [None req-7b912ad8-fd48-4dcc-be38-81a49dc93188 None None] Extended resource: service_profiles {{(pid=102632) __init__ /opt/stack/neutron/neutron/api/extensions.py:156}}
Sep 15 11:06:38.681404 np0000192775 devstack@neutron-api.service[102632]: DEBUG neutron.api.extensions [None req-7b912ad8-fd48-4dcc-be38-81a49dc93188 None None] Extended resource: floatingip-pools {{(pid=102632) __init__ /opt/stack/neutron/neutron/api/extensions.py:156}}
Sep 15 11:06:38.681861 np0000192775 devstack@neutron-api.service[102632]: DEBUG neutron.api.extensions [None req-7b912ad8-fd48-4dcc-be38-81a49dc93188 None None] Extended resource: routers {{(pid=102632) __init__ /opt/stack/neutron/neutron/api/extensions.py:156}}
Sep 15 11:06:38.682208 np0000192775 devstack@neutron-api.service[102630]: WARNING neutron.quota.resource_registry [None req-b3edf309-8798-4356-b827-52c98449e725 None None] security_group_rule is already registered
Sep 15 11:06:38.682905 np0000192775 devstack@neutron-api.service[102632]: DEBUG neutron.api.extensions [None req-7b912ad8-fd48-4dcc-be38-81a49dc93188 None None] Extended resource: floatingips {{(pid=102632) __init__ /opt/stack/neutron/neutron/api/extensions.py:156}}
Sep 15 11:06:38.683656 np0000192775 devstack@neutron-api.service[102632]: DEBUG neutron.api.extensions [None req-7b912ad8-fd48-4dcc-be38-81a49dc93188 None None] Extended resource: l3-routers {{(pid=102632) __init__ /opt/stack/neutron/neutron/api/extensions.py:156}}
Sep 15 11:06:38.684298 np0000192775 devstack@neutron-api.service[102632]: DEBUG neutron.api.extensions [None req-7b912ad8-fd48-4dcc-be38-81a49dc93188 None None] Extended resource: l3-agents {{(pid=102632) __init__ /opt/stack/neutron/neutron/api/extensions.py:156}}
Sep 15 11:06:38.684936 np0000192775 devstack@neutron-api.service[102632]: DEBUG neutron.api.extensions [None req-7b912ad8-fd48-4dcc-be38-81a49dc93188 None None] Extended resource: network-ip-availabilities {{(pid=102632) __init__ /opt/stack/neutron/neutron/api/extensions.py:156}}
Sep 15 11:06:38.685545 np0000192775 devstack@neutron-api.service[102632]: DEBUG neutron.api.extensions [None req-7b912ad8-fd48-4dcc-be38-81a49dc93188 None None] Extended resource: network-ip-availabilities {{(pid=102632) __init__ /opt/stack/neutron/neutron/api/extensions.py:156}}
Sep 15 11:06:38.686361 np0000192775 devstack@neutron-api.service[102629]: DEBUG oslo_concurrency.processutils [None req-a71e11e5-a1bb-4d8b-b1a7-6d836655e724 None None] CMD "ovsdb-client transact ssl:162.253.55.53:6641 --timeout 180 -p /opt/stack/data/CA/int-ca/private/devstack-cert.key -c /opt/stack/data/CA/int-ca/devstack-cert.crt -C /opt/stack/data/CA/int-ca/ca-chain.pem ["OVN_Northbound", {"op": "wait", "timeout": 0, "table": "Port_Group", "where": [["name", "==", "neutron_pg_drop"]], "until": "==", "rows": []}, {"op": "insert", "table": "ACL", "row": {"action": "drop", "direction": "to-lport", "match": "outport == @neutron_pg_drop && ip", "priority": 1000}, "uuid-name": "droptoport"}, {"op": "insert", "table": "ACL", "row": {"action": "drop", "direction": "from-lport", "match": "inport == @neutron_pg_drop && ip", "priority": 1000}, "uuid-name": "dropfromport"}, {"op": "insert", "table": "Port_Group", "row": {"name": "neutron_pg_drop", "acls": ["set", [["named-uuid", "droptoport"], ["named-uuid", "dropfromport"]]]}}]" returned: 0 in 0.030s {{(pid=102629) execute /opt/stack/data/venv/lib/python3.12/site-packages/oslo_concurrency/processutils.py:468}}
Sep 15 11:06:38.686649 np0000192775 devstack@neutron-api.service[102632]: DEBUG neutron.api.extensions [None req-7b912ad8-fd48-4dcc-be38-81a49dc93188 None None] Extended resource: bindings {{(pid=102632) __init__ /opt/stack/neutron/neutron/api/extensions.py:156}}
Sep 15 11:06:38.686777 np0000192775 devstack@neutron-api.service[102629]: DEBUG neutron_lib.callbacks.manager [None req-a71e11e5-a1bb-4d8b-b1a7-6d836655e724 None None] Publish callbacks ['neutron.plugins.ml2.drivers.ovn.mech_driver.mech_driver.OVNMechanismDriver.post_fork_initialize-43151', 'neutron.services.ovn_l3.plugin.OVNL3RouterPlugin._post_fork_initialize-1976378'] for process (None), after_init {{(pid=102629) _notify_loop /opt/stack/data/venv/lib/python3.12/site-packages/neutron_lib/callbacks/manager.py:184}}
Sep 15 11:06:38.686777 np0000192775 devstack@neutron-api.service[102629]: DEBUG oslo_concurrency.lockutils [None req-a71e11e5-a1bb-4d8b-b1a7-6d836655e724 None None] Acquiring lock "singleton_lock" {{(pid=102629) lock /opt/stack/data/venv/lib/python3.12/site-packages/oslo_concurrency/lockutils.py:396}}
Sep 15 11:06:38.686777 np0000192775 devstack@neutron-api.service[102629]: DEBUG oslo_concurrency.lockutils [None req-a71e11e5-a1bb-4d8b-b1a7-6d836655e724 None None] Acquired lock "singleton_lock" {{(pid=102629) lock /opt/stack/data/venv/lib/python3.12/site-packages/oslo_concurrency/lockutils.py:399}}
Sep 15 11:06:38.687061 np0000192775 devstack@neutron-api.service[102629]: DEBUG oslo_concurrency.lockutils [None req-a71e11e5-a1bb-4d8b-b1a7-6d836655e724 None None] Releasing lock "singleton_lock" {{(pid=102629) lock /opt/stack/data/venv/lib/python3.12/site-packages/oslo_concurrency/lockutils.py:419}}
Sep 15 11:06:38.687203 np0000192775 devstack@neutron-api.service[102632]: DEBUG neutron.api.extensions [None req-7b912ad8-fd48-4dcc-be38-81a49dc93188 None None] Extended resource: quotas {{(pid=102632) __init__ /opt/stack/neutron/neutron/api/extensions.py:156}}
Sep 15 11:06:38.687327 np0000192775 devstack@neutron-api.service[102630]: DEBUG neutron.api.v2.resource_helper [None req-b3edf309-8798-4356-b827-52c98449e725 None None] Service CORE assigned prefix: {{(pid=102630) build_resource_info /opt/stack/neutron/neutron/api/v2/resource_helper.py:77}}
Sep 15 11:06:38.687639 np0000192775 devstack@neutron-api.service[102632]: DEBUG neutron.api.extensions [None req-7b912ad8-fd48-4dcc-be38-81a49dc93188 None None] Extended resource: quotas {{(pid=102632) __init__ /opt/stack/neutron/neutron/api/extensions.py:156}}
Sep 15 11:06:38.688018 np0000192775 devstack@neutron-api.service[102630]: INFO neutron.quota.resource_registry [None req-b3edf309-8798-4356-b827-52c98449e725 None None] Creating instance of TrackedResource for resource:subnetpool
Sep 15 11:06:38.688448 np0000192775 devstack@neutron-api.service[102632]: DEBUG neutron.api.extensions [None req-7b912ad8-fd48-4dcc-be38-81a49dc93188 None None] Extended resource: rbac-policies {{(pid=102632) __init__ /opt/stack/neutron/neutron/api/extensions.py:156}}
Sep 15 11:06:38.688741 np0000192775 devstack@neutron-api.service[102629]: DEBUG neutron.plugins.ml2.drivers.ovn.mech_driver.mech_driver [None req-a71e11e5-a1bb-4d8b-b1a7-6d836655e724 None None] Hash Ring setup using WSGI start time 2026-09-15 11:06:37+00:00 {{(pid=102629) _init_hash_ring /opt/stack/neutron/neutron/plugins/ml2/drivers/ovn/mech_driver/mech_driver.py:386}}
Sep 15 11:06:38.688997 np0000192775 devstack@neutron-api.service[102632]: DEBUG neutron.api.extensions [None req-7b912ad8-fd48-4dcc-be38-81a49dc93188 None None] Extended resource: default-security-group-rules {{(pid=102632) __init__ /opt/stack/neutron/neutron/api/extensions.py:156}}
Sep 15 11:06:38.689449 np0000192775 devstack@neutron-api.service[102630]: WARNING neutron.quota.resource_registry [None req-b3edf309-8798-4356-b827-52c98449e725 None None] subnetpool is already registered
Sep 15 11:06:38.689715 np0000192775 devstack@neutron-api.service[102632]: DEBUG neutron.api.extensions [None req-7b912ad8-fd48-4dcc-be38-81a49dc93188 None None] Extended resource: security-groups-default-statefulness {{(pid=102632) __init__ /opt/stack/neutron/neutron/api/extensions.py:156}}
Sep 15 11:06:38.689882 np0000192775 devstack@neutron-api.service[102630]: DEBUG neutron.api.v2.resource_helper [None req-b3edf309-8798-4356-b827-52c98449e725 None None] Service CORE assigned prefix: {{(pid=102630) build_resource_info /opt/stack/neutron/neutron/api/v2/resource_helper.py:77}}
Sep 15 11:06:38.689996 np0000192775 devstack@neutron-api.service[102630]: INFO neutron.quota.resource_registry [None req-b3edf309-8798-4356-b827-52c98449e725 None None] Creating instance of TrackedResource for resource:subnetpool
Sep 15 11:06:38.690271 np0000192775 devstack@neutron-api.service[102632]: DEBUG neutron.api.extensions [None req-7b912ad8-fd48-4dcc-be38-81a49dc93188 None None] Extended resource: security-groups {{(pid=102632) __init__ /opt/stack/neutron/neutron/api/extensions.py:156}}
Sep 15 11:06:38.690607 np0000192775 devstack@neutron-api.service[102630]: WARNING neutron.quota.resource_registry [None req-b3edf309-8798-4356-b827-52c98449e725 None None] subnetpool is already registered
Sep 15 11:06:38.690907 np0000192775 devstack@neutron-api.service[102632]: DEBUG neutron.api.extensions [None req-7b912ad8-fd48-4dcc-be38-81a49dc93188 None None] Extended resource: security-group-rules {{(pid=102632) __init__ /opt/stack/neutron/neutron/api/extensions.py:156}}
Sep 15 11:06:38.691457 np0000192775 devstack@neutron-api.service[102630]: DEBUG neutron.api.extensions [None req-b3edf309-8798-4356-b827-52c98449e725 None None] Extended resource: extensions {{(pid=102630) __init__ /opt/stack/neutron/neutron/api/extensions.py:156}}
Sep 15 11:06:38.691582 np0000192775 devstack@neutron-api.service[102632]: DEBUG neutron.api.extensions [None req-7b912ad8-fd48-4dcc-be38-81a49dc93188 None None] Extended resource: service-providers {{(pid=102632) __init__ /opt/stack/neutron/neutron/api/extensions.py:156}}
Sep 15 11:06:38.692059 np0000192775 devstack@neutron-api.service[102632]: DEBUG neutron.api.extensions [None req-7b912ad8-fd48-4dcc-be38-81a49dc93188 None None] Extended resource: subnetpools {{(pid=102632) __init__ /opt/stack/neutron/neutron/api/extensions.py:156}}
Sep 15 11:06:38.692797 np0000192775 devstack@neutron-api.service[102632]: DEBUG neutron.api.extensions [None req-7b912ad8-fd48-4dcc-be38-81a49dc93188 None None] Extended resource: subnetpools {{(pid=102632) __init__ /opt/stack/neutron/neutron/api/extensions.py:156}}
Sep 15 11:06:38.693446 np0000192775 devstack@neutron-api.service[102632]: DEBUG neutron.api.extensions [None req-7b912ad8-fd48-4dcc-be38-81a49dc93188 None None] Extended resource: tags {{(pid=102632) __init__ /opt/stack/neutron/neutron/api/extensions.py:156}}
Sep 15 11:06:38.693744 np0000192775 devstack@neutron-api.service[102629]: INFO neutron.db.ovn_hash_ring_db [None req-a71e11e5-a1bb-4d8b-b1a7-6d836655e724 None None] Nodes from host "np0000192775" and group "mechanism_driver" removed from the Hash Ring created at 2026-09-15 11:06:37+00:00
Sep 15 11:06:38.693903 np0000192775 devstack@neutron-api.service[102630]: DEBUG neutron.api.extensions [None req-b3edf309-8798-4356-b827-52c98449e725 None None] Extended resource: address-groups {{(pid=102630) __init__ /opt/stack/neutron/neutron/api/extensions.py:156}}
Sep 15 11:06:38.694420 np0000192775 devstack@neutron-api.service[102632]: DEBUG neutron.api.extensions [None req-7b912ad8-fd48-4dcc-be38-81a49dc93188 None None] Extended resource: tags {{(pid=102632) __init__ /opt/stack/neutron/neutron/api/extensions.py:156}}
Sep 15 11:06:38.694633 np0000192775 devstack@neutron-api.service[102630]: DEBUG neutron.api.extensions [None req-b3edf309-8798-4356-b827-52c98449e725 None None] Extended resource: address-scopes {{(pid=102630) __init__ /opt/stack/neutron/neutron/api/extensions.py:156}}
Sep 15 11:06:38.695117 np0000192775 devstack@neutron-api.service[102632]: DEBUG neutron.api.extensions [None req-7b912ad8-fd48-4dcc-be38-81a49dc93188 None None] Extended resource: tags {{(pid=102632) __init__ /opt/stack/neutron/neutron/api/extensions.py:156}}
Sep 15 11:06:38.695880 np0000192775 devstack@neutron-api.service[102632]: DEBUG neutron.api.extensions [None req-7b912ad8-fd48-4dcc-be38-81a49dc93188 None None] Extended resource: tags {{(pid=102632) __init__ /opt/stack/neutron/neutron/api/extensions.py:156}}
Sep 15 11:06:38.695919 np0000192775 devstack@neutron-api.service[102630]: DEBUG neutron.api.extensions [None req-b3edf309-8798-4356-b827-52c98449e725 None None] Extended resource: agents {{(pid=102630) __init__ /opt/stack/neutron/neutron/api/extensions.py:156}}
Sep 15 11:06:38.696154 np0000192775 devstack@neutron-api.service[102629]: INFO neutron.db.ovn_hash_ring_db [None req-a71e11e5-a1bb-4d8b-b1a7-6d836655e724 None None] Node 312793c0bc4657c4b8996609a629a8a8 from host "np0000192775" and group "mechanism_driver" added to the Hash Ring
Sep 15 11:06:38.696569 np0000192775 devstack@neutron-api.service[102632]: DEBUG neutron.api.extensions [None req-7b912ad8-fd48-4dcc-be38-81a49dc93188 None None] Extended resource: tags {{(pid=102632) __init__ /opt/stack/neutron/neutron/api/extensions.py:156}}
Sep 15 11:06:38.697474 np0000192775 devstack@neutron-api.service[102630]: DEBUG neutron.api.extensions [None req-b3edf309-8798-4356-b827-52c98449e725 None None] Extended resource: auto-allocated-topology {{(pid=102630) __init__ /opt/stack/neutron/neutron/api/extensions.py:156}}
Sep 15 11:06:38.698089 np0000192775 devstack@neutron-api.service[102630]: DEBUG neutron.api.extensions [None req-b3edf309-8798-4356-b827-52c98449e725 None None] Extended resource: availability_zones {{(pid=102630) __init__ /opt/stack/neutron/neutron/api/extensions.py:156}}
