Sep 15 11:11:44.335417 np0000192775 devstack@n-api.service[99338]: DEBUG nova.api.openstack.wsgi [None req-71bd066e-916a-48e3-9573-f3c35d738242 admin admin] Calling method '>' {{(pid=99338) _process_stack /opt/stack/nova/nova/api/openstack/wsgi.py:551}}
Sep 15 11:11:44.341062 np0000192775 devstack@n-api.service[99338]: INFO nova.api.openstack.requestlog [None req-71bd066e-916a-48e3-9573-f3c35d738242 admin admin] 162.253.55.53 "GET /compute/v2.1/" status: 200 len: 392 microversion: 2.1 time: 0.006115
Sep 15 11:11:44.341377 np0000192775 devstack@n-api.service[99338]: [pid: 99338|app: 0|req: 19/70] 162.253.55.53 () {62 vars in 1059 bytes} [Tue Sep 15 11:11:44 2026] GET /compute/v2.1/ => generated 392 bytes in 7 msecs (HTTP/1.1 200) 9 headers in 357 bytes (1 switches on core 0)
Sep 15 11:11:44.388778 np0000192775 devstack@n-api.service[99336]: DEBUG nova.api.openstack.wsgi [None req-7c07fa37-8152-45c9-83f6-9bed20cdc6be demo demo] Calling method '>' {{(pid=99336) _process_stack /opt/stack/nova/nova/api/openstack/wsgi.py:551}}
Sep 15 11:11:44.410170 np0000192775 devstack@n-api.service[99336]: INFO nova.api.openstack.requestlog [None req-7c07fa37-8152-45c9-83f6-9bed20cdc6be demo demo] 162.253.55.53 "GET /compute/v2.1/flavors/detail?is_public=None" status: 200 len: 5240 microversion: 2.61 time: 0.023723
Sep 15 11:11:44.410451 np0000192775 devstack@n-api.service[99336]: [pid: 99336|app: 0|req: 18/71] 162.253.55.53 () {68 vars in 1417 bytes} [Tue Sep 15 11:11:44 2026] GET /compute/v2.1/flavors/detail?is_public=None => generated 5240 bytes in 24 msecs (HTTP/1.1 200) 9 headers in 360 bytes (1 switches on core 0)
Sep 15 11:11:44.483568 np0000192775 devstack@n-api.service[99339]: DEBUG nova.api.openstack.wsgi [None req-81732fbb-2f21-462d-a7a9-f18008f66c3b demo demo] Calling method '>' {{(pid=99339) _process_stack /opt/stack/nova/nova/api/openstack/wsgi.py:551}}
Sep 15 11:11:44.522482 np0000192775 devstack@n-api.service[99339]: INFO nova.api.openstack.requestlog [None req-81732fbb-2f21-462d-a7a9-f18008f66c3b demo demo] 162.253.55.53 "GET /compute/v2.1/flavors/detail?is_public=None" status: 200 len: 5240 microversion: 2.61 time: 0.044072
Sep 15 11:11:44.523054 np0000192775 devstack@n-api.service[99339]: [pid: 99339|app: 0|req: 18/72] 162.253.55.53 () {68 vars in 1417 bytes} [Tue Sep 15 11:11:44 2026] GET /compute/v2.1/flavors/detail?is_public=None => generated 5240 bytes in 45 msecs (HTTP/1.1 200) 9 headers in 360 bytes (1 switches on core 0)
Sep 15 11:11:44.661257 np0000192775 devstack@n-api.service[99337]: DEBUG nova.api.openstack.wsgi [None req-b2cf9404-712b-4aa3-be12-d1f55feec5eb admin admin] Calling method '>' {{(pid=99337) _process_stack /opt/stack/nova/nova/api/openstack/wsgi.py:551}}
Sep 15 11:11:44.666784 np0000192775 devstack@n-api.service[99337]: INFO nova.api.openstack.requestlog [None req-b2cf9404-712b-4aa3-be12-d1f55feec5eb admin admin] 162.253.55.53 "GET /compute/v2.1" status: 200 len: 392 microversion: 2.1 time: 0.005987
Sep 15 11:11:44.667180 np0000192775 devstack@n-api.service[99337]: [pid: 99337|app: 0|req: 18/73] 162.253.55.53 () {62 vars in 1056 bytes} [Tue Sep 15 11:11:44 2026] GET /compute/v2.1 => generated 392 bytes in 7 msecs (HTTP/1.1 200) 9 headers in 357 bytes (1 switches on core 0)
Sep 15 11:11:44.702659 np0000192775 devstack@n-api.service[99338]: DEBUG nova.api.openstack.wsgi [None req-71bd066e-916a-48e3-9573-f3c35d738242 admin admin] Calling method '>' {{(pid=99338) _process_stack /opt/stack/nova/nova/api/openstack/wsgi.py:551}}
Sep 15 11:11:44.708326 np0000192775 devstack@n-api.service[99338]: INFO nova.api.openstack.requestlog [None req-71bd066e-916a-48e3-9573-f3c35d738242 admin admin] 162.253.55.53 "GET /compute/v2.1/" status: 200 len: 392 microversion: 2.1 time: 0.006044
Sep 15 11:11:44.708698 np0000192775 devstack@n-api.service[99338]: [pid: 99338|app: 0|req: 20/74] 162.253.55.53 () {62 vars in 1059 bytes} [Tue Sep 15 11:11:44 2026] GET /compute/v2.1/ => generated 392 bytes in 7 msecs (HTTP/1.1 200) 9 headers in 357 bytes (1 switches on core 0)
Sep 15 11:11:44.746279 np0000192775 devstack@n-api.service[99336]: DEBUG nova.api.openstack.wsgi [None req-6c82959c-d6c2-468c-9ef5-1bf8c4df04cd demo demo] Calling method '>' {{(pid=99336) _process_stack /opt/stack/nova/nova/api/openstack/wsgi.py:551}}
Sep 15 11:11:44.780240 np0000192775 devstack@n-api.service[99336]: INFO nova.api.openstack.requestlog [None req-6c82959c-d6c2-468c-9ef5-1bf8c4df04cd demo demo] 162.253.55.53 "GET /compute/v2.1/flavors/detail?is_public=None" status: 200 len: 5240 microversion: 2.61 time: 0.037281
Sep 15 11:11:44.780780 np0000192775 devstack@n-api.service[99336]: [pid: 99336|app: 0|req: 19/75] 162.253.55.53 () {68 vars in 1417 bytes} [Tue Sep 15 11:11:44 2026] GET /compute/v2.1/flavors/detail?is_public=None => generated 5240 bytes in 38 msecs (HTTP/1.1 200) 9 headers in 360 bytes (1 switches on core 0)
Sep 15 11:11:44.834218 np0000192775 devstack@n-api.service[99339]: DEBUG nova.api.openstack.wsgi [None req-fc4da566-327a-4964-94ba-ae39fd45fbd6 demo demo] Calling method '>' {{(pid=99339) _process_stack /opt/stack/nova/nova/api/openstack/wsgi.py:551}}
Sep 15 11:11:44.868457 np0000192775 devstack@n-api.service[99339]: INFO nova.api.openstack.requestlog [None req-fc4da566-327a-4964-94ba-ae39fd45fbd6 demo demo] 162.253.55.53 "GET /compute/v2.1/flavors/detail?is_public=None" status: 200 len: 5240 microversion: 2.61 time: 0.037228
Sep 15 11:11:44.869025 np0000192775 devstack@n-api.service[99339]: [pid: 99339|app: 0|req: 19/76] 162.253.55.53 () {68 vars in 1417 bytes} [Tue Sep 15 11:11:44 2026] GET /compute/v2.1/flavors/detail?is_public=None => generated 5240 bytes in 39 msecs (HTTP/1.1 200) 9 headers in 360 bytes (1 switches on core 0)
Sep 15 11:11:49.408378 np0000192775 devstack@n-api.service[99337]: DEBUG nova.api.openstack.wsgi [None req-b2cf9404-712b-4aa3-be12-d1f55feec5eb admin admin] Calling method '>' {{(pid=99337) _process_stack /opt/stack/nova/nova/api/openstack/wsgi.py:551}}
Sep 15 11:11:49.411059 np0000192775 devstack@n-api.service[99337]: INFO nova.api.openstack.requestlog [None req-b2cf9404-712b-4aa3-be12-d1f55feec5eb admin admin] 162.253.55.53 "GET /compute/v2.1" status: 200 len: 392 microversion: 2.1 time: 0.002950
Sep 15 11:11:49.411258 np0000192775 devstack@n-api.service[99337]: [pid: 99337|app: 0|req: 19/77] 162.253.55.53 () {62 vars in 1067 bytes} [Tue Sep 15 11:11:49 2026] GET /compute/v2.1 => generated 392 bytes in 3 msecs (HTTP/1.1 200) 9 headers in 357 bytes (1 switches on core 0)
Sep 15 11:11:49.447381 np0000192775 devstack@n-api.service[99338]: DEBUG nova.api.openstack.wsgi [None req-71bd066e-916a-48e3-9573-f3c35d738242 admin admin] Calling method '>' {{(pid=99338) _process_stack /opt/stack/nova/nova/api/openstack/wsgi.py:551}}
Sep 15 11:11:49.454069 np0000192775 devstack@n-api.service[99338]: INFO nova.api.openstack.requestlog [None req-71bd066e-916a-48e3-9573-f3c35d738242 admin admin] 162.253.55.53 "GET /compute/v2.1/" status: 200 len: 392 microversion: 2.1 time: 0.007199
Sep 15 11:11:49.454449 np0000192775 devstack@n-api.service[99338]: [pid: 99338|app: 0|req: 21/78] 162.253.55.53 () {62 vars in 1070 bytes} [Tue Sep 15 11:11:49 2026] GET /compute/v2.1/ => generated 392 bytes in 8 msecs (HTTP/1.1 200) 9 headers in 357 bytes (1 switches on core 0)
Sep 15 11:11:49.492704 np0000192775 devstack@n-api.service[99336]: DEBUG nova.api.openstack.wsgi [None req-3730fb89-e531-4c3f-b9ec-78f8acf42c25 demo demo] Calling method '>' {{(pid=99336) _process_stack /opt/stack/nova/nova/api/openstack/wsgi.py:551}}
Sep 15 11:11:49.537034 np0000192775 devstack@n-api.service[99336]: INFO nova.api.openstack.requestlog [None req-3730fb89-e531-4c3f-b9ec-78f8acf42c25 demo demo] 162.253.55.53 "GET /compute/v2.1/os-server-groups" status: 200 len: 21 microversion: 2.64 time: 0.048340
Sep 15 11:11:49.537755 np0000192775 devstack@n-api.service[99336]: [pid: 99336|app: 0|req: 20/79] 162.253.55.53 () {68 vars in 1405 bytes} [Tue Sep 15 11:11:49 2026] GET /compute/v2.1/os-server-groups => generated 21 bytes in 50 msecs (HTTP/1.1 200) 9 headers in 358 bytes (1 switches on core 0)
Sep 15 11:11:49.581477 np0000192775 devstack@n-api.service[99339]: DEBUG nova.api.openstack.wsgi [None req-fc4da566-327a-4964-94ba-ae39fd45fbd6 demo demo] Calling method '>' {{(pid=99339) _process_stack /opt/stack/nova/nova/api/openstack/wsgi.py:551}}
Sep 15 11:11:49.587069 np0000192775 devstack@n-api.service[99339]: INFO nova.api.openstack.requestlog [None req-fc4da566-327a-4964-94ba-ae39fd45fbd6 demo demo] 162.253.55.53 "GET /compute/v2.1" status: 200 len: 392 microversion: 2.1 time: 0.006020
Sep 15 11:11:49.587510 np0000192775 devstack@n-api.service[99339]: [pid: 99339|app: 0|req: 20/80] 162.253.55.53 () {62 vars in 1067 bytes} [Tue Sep 15 11:11:49 2026] GET /compute/v2.1 => generated 392 bytes in 7 msecs (HTTP/1.1 200) 9 headers in 357 bytes (1 switches on core 0)
Sep 15 11:11:49.627029 np0000192775 devstack@n-api.service[99337]: DEBUG nova.api.openstack.wsgi [None req-b2cf9404-712b-4aa3-be12-d1f55feec5eb admin admin] Calling method '>' {{(pid=99337) _process_stack /opt/stack/nova/nova/api/openstack/wsgi.py:551}}
Sep 15 11:11:49.633379 np0000192775 devstack@n-api.service[99337]: INFO nova.api.openstack.requestlog [None req-b2cf9404-712b-4aa3-be12-d1f55feec5eb admin admin] 162.253.55.53 "GET /compute/v2.1/" status: 200 len: 392 microversion: 2.1 time: 0.006747
Sep 15 11:11:49.633769 np0000192775 devstack@n-api.service[99337]: [pid: 99337|app: 0|req: 20/81] 162.253.55.53 () {62 vars in 1070 bytes} [Tue Sep 15 11:11:49 2026] GET /compute/v2.1/ => generated 392 bytes in 8 msecs (HTTP/1.1 200) 9 headers in 357 bytes (1 switches on core 0)
Sep 15 11:11:49.670374 np0000192775 devstack@n-api.service[99338]: DEBUG nova.api.openstack.wsgi [None req-5352f590-16d5-429a-b0da-470b5e18b900 demo demo] Action: 'create', calling method: >, body: {"server_group": {"name": "kube-su3qe", "policy": "soft-anti-affinity"}} {{(pid=99338) _process_stack /opt/stack/nova/nova/api/openstack/wsgi.py:549}}
Sep 15 11:11:49.707566 np0000192775 devstack@n-api.service[99338]: DEBUG nova.quota [None req-5352f590-16d5-429a-b0da-470b5e18b900 demo demo] Getting quotas for project 20dc6c2857134b8987c641272b851a6b. Resources: {'server_groups'} {{(pid=99338) _get_quotas /opt/stack/nova/nova/quota.py:389}}
Sep 15 11:11:49.714830 np0000192775 devstack@n-api.service[99338]: DEBUG nova.quota [None req-5352f590-16d5-429a-b0da-470b5e18b900 demo demo] Getting quotas for user 85b71a05b9d24050bcf468f80c30c608 and project 20dc6c2857134b8987c641272b851a6b. Resources: {'server_groups'} {{(pid=99338) _get_quotas /opt/stack/nova/nova/quota.py:379}}
Sep 15 11:11:49.781871 np0000192775 devstack@n-api.service[99338]: DEBUG nova.quota [None req-5352f590-16d5-429a-b0da-470b5e18b900 demo demo] Getting quotas for project 20dc6c2857134b8987c641272b851a6b. Resources: {'server_groups'} {{(pid=99338) _get_quotas /opt/stack/nova/nova/quota.py:389}}
Sep 15 11:11:49.784591 np0000192775 devstack@n-api.service[99338]: DEBUG nova.quota [None req-5352f590-16d5-429a-b0da-470b5e18b900 demo demo] Getting quotas for user 85b71a05b9d24050bcf468f80c30c608 and project 20dc6c2857134b8987c641272b851a6b. Resources: {'server_groups'} {{(pid=99338) _get_quotas /opt/stack/nova/nova/quota.py:379}}
Sep 15 11:11:49.794719 np0000192775 devstack@n-api.service[99338]: INFO nova.api.openstack.requestlog [None req-5352f590-16d5-429a-b0da-470b5e18b900 demo demo] 162.253.55.53 "POST /compute/v2.1/os-server-groups" status: 200 len: 243 microversion: 2.64 time: 0.129023
Sep 15 11:11:49.795001 np0000192775 devstack@n-api.service[99338]: [pid: 99338|app: 0|req: 22/82] 162.253.55.53 () {72 vars in 1445 bytes} [Tue Sep 15 11:11:49 2026] POST /compute/v2.1/os-server-groups => generated 243 bytes in 130 msecs (HTTP/1.1 200) 9 headers in 359 bytes (1 switches on core 0)
Sep 15 11:11:49.864570 np0000192775 devstack@n-api.service[99336]: DEBUG nova.api.openstack.wsgi [None req-3730fb89-e531-4c3f-b9ec-78f8acf42c25 demo demo] Calling method '>' {{(pid=99336) _process_stack /opt/stack/nova/nova/api/openstack/wsgi.py:551}}
Sep 15 11:11:49.870462 np0000192775 devstack@n-api.service[99336]: INFO nova.api.openstack.requestlog [None req-3730fb89-e531-4c3f-b9ec-78f8acf42c25 demo demo] 162.253.55.53 "GET /compute/v2.1" status: 200 len: 392 microversion: 2.1 time: 0.006391
Sep 15 11:11:49.871275 np0000192775 devstack@n-api.service[99336]: [pid: 99336|app: 0|req: 21/83] 162.253.55.53 () {62 vars in 1067 bytes} [Tue Sep 15 11:11:49 2026] GET /compute/v2.1 => generated 392 bytes in 7 msecs (HTTP/1.1 200) 9 headers in 357 bytes (1 switches on core 0)
Sep 15 11:11:49.914982 np0000192775 devstack@n-api.service[99339]: DEBUG nova.api.openstack.wsgi [None req-fc4da566-327a-4964-94ba-ae39fd45fbd6 demo demo] Calling method '>' {{(pid=99339) _process_stack /opt/stack/nova/nova/api/openstack/wsgi.py:551}}
Sep 15 11:11:49.920429 np0000192775 devstack@n-api.service[99339]: INFO nova.api.openstack.requestlog [None req-fc4da566-327a-4964-94ba-ae39fd45fbd6 demo demo] 162.253.55.53 "GET /compute/v2.1/" status: 200 len: 392 microversion: 2.1 time: 0.005963
Sep 15 11:11:49.920935 np0000192775 devstack@n-api.service[99339]: [pid: 99339|app: 0|req: 21/84] 162.253.55.53 () {62 vars in 1070 bytes} [Tue Sep 15 11:11:49 2026] GET /compute/v2.1/ => generated 392 bytes in 7 msecs (HTTP/1.1 200) 9 headers in 357 bytes (1 switches on core 0)
Sep 15 11:11:49.967087 np0000192775 devstack@n-api.service[99337]: DEBUG nova.api.openstack.wsgi [None req-838e1251-19e5-4f3a-ab67-c23c8cdba132 demo demo] Calling method '>' {{(pid=99337) _process_stack /opt/stack/nova/nova/api/openstack/wsgi.py:551}}
Sep 15 11:11:50.009560 np0000192775 devstack@n-api.service[99337]: INFO nova.api.openstack.requestlog [None req-838e1251-19e5-4f3a-ab67-c23c8cdba132 demo demo] 162.253.55.53 "GET /compute/v2.1/os-server-groups" status: 200 len: 246 microversion: 2.64 time: 0.046359
Sep 15 11:11:50.010319 np0000192775 devstack@n-api.service[99337]: [pid: 99337|app: 0|req: 21/85] 162.253.55.53 () {68 vars in 1405 bytes} [Tue Sep 15 11:11:49 2026] GET /compute/v2.1/os-server-groups => generated 246 bytes in 48 msecs (HTTP/1.1 200) 9 headers in 359 bytes (1 switches on core 0)
Sep 15 11:11:50.053907 np0000192775 devstack@n-api.service[99338]: DEBUG nova.api.openstack.wsgi [None req-5352f590-16d5-429a-b0da-470b5e18b900 demo demo] Calling method '>' {{(pid=99338) _process_stack /opt/stack/nova/nova/api/openstack/wsgi.py:551}}
Sep 15 11:11:50.060427 np0000192775 devstack@n-api.service[99338]: INFO nova.api.openstack.requestlog [None req-5352f590-16d5-429a-b0da-470b5e18b900 demo demo] 162.253.55.53 "GET /compute/v2.1" status: 200 len: 392 microversion: 2.1 time: 0.006878
Sep 15 11:11:50.060819 np0000192775 devstack@n-api.service[99338]: [pid: 99338|app: 0|req: 23/86] 162.253.55.53 () {62 vars in 1067 bytes} [Tue Sep 15 11:11:50 2026] GET /compute/v2.1 => generated 392 bytes in 8 msecs (HTTP/1.1 200) 9 headers in 357 bytes (1 switches on core 0)
Sep 15 11:11:50.102769 np0000192775 devstack@n-api.service[99336]: DEBUG nova.api.openstack.wsgi [None req-3730fb89-e531-4c3f-b9ec-78f8acf42c25 demo demo] Calling method '>' {{(pid=99336) _process_stack /opt/stack/nova/nova/api/openstack/wsgi.py:551}}
Sep 15 11:11:50.110495 np0000192775 devstack@n-api.service[99336]: INFO nova.api.openstack.requestlog [None req-3730fb89-e531-4c3f-b9ec-78f8acf42c25 demo demo] 162.253.55.53 "GET /compute/v2.1/" status: 200 len: 392 microversion: 2.1 time: 0.007996
Sep 15 11:11:50.111052 np0000192775 devstack@n-api.service[99336]: [pid: 99336|app: 0|req: 22/87] 162.253.55.53 () {62 vars in 1070 bytes} [Tue Sep 15 11:11:50 2026] GET /compute/v2.1/ => generated 392 bytes in 9 msecs (HTTP/1.1 200) 9 headers in 357 bytes (1 switches on core 0)
Sep 15 11:11:50.149185 np0000192775 devstack@n-api.service[99339]: DEBUG nova.api.openstack.wsgi [None req-fb84c2ea-f065-4449-907b-f231247048ff demo demo] Action: 'create', calling method: >, body: {"server_group": {"name": "kube-su3qe-default-worker", "policy": "soft-anti-affinity"}} {{(pid=99339) _process_stack /opt/stack/nova/nova/api/openstack/wsgi.py:549}}
Sep 15 11:11:50.187640 np0000192775 devstack@n-api.service[99339]: DEBUG nova.quota [None req-fb84c2ea-f065-4449-907b-f231247048ff demo demo] Getting quotas for project 20dc6c2857134b8987c641272b851a6b. Resources: {'server_groups'} {{(pid=99339) _get_quotas /opt/stack/nova/nova/quota.py:389}}
Sep 15 11:11:50.195272 np0000192775 devstack@n-api.service[99339]: DEBUG nova.quota [None req-fb84c2ea-f065-4449-907b-f231247048ff demo demo] Getting quotas for user 85b71a05b9d24050bcf468f80c30c608 and project 20dc6c2857134b8987c641272b851a6b. Resources: {'server_groups'} {{(pid=99339) _get_quotas /opt/stack/nova/nova/quota.py:379}}
Sep 15 11:11:50.297014 np0000192775 devstack@n-api.service[99339]: DEBUG nova.quota [None req-fb84c2ea-f065-4449-907b-f231247048ff demo demo] Getting quotas for project 20dc6c2857134b8987c641272b851a6b. Resources: {'server_groups'} {{(pid=99339) _get_quotas /opt/stack/nova/nova/quota.py:389}}
Sep 15 11:11:50.301290 np0000192775 devstack@n-api.service[99339]: DEBUG nova.quota [None req-fb84c2ea-f065-4449-907b-f231247048ff demo demo] Getting quotas for user 85b71a05b9d24050bcf468f80c30c608 and project 20dc6c2857134b8987c641272b851a6b. Resources: {'server_groups'} {{(pid=99339) _get_quotas /opt/stack/nova/nova/quota.py:379}}
Sep 15 11:11:50.315669 np0000192775 devstack@n-api.service[99339]: INFO nova.api.openstack.requestlog [None req-fb84c2ea-f065-4449-907b-f231247048ff demo demo] 162.253.55.53 "POST /compute/v2.1/os-server-groups" status: 200 len: 258 microversion: 2.64 time: 0.170231
Sep 15 11:11:50.316096 np0000192775 devstack@n-api.service[99339]: [pid: 99339|app: 0|req: 22/88] 162.253.55.53 () {72 vars in 1445 bytes} [Tue Sep 15 11:11:50 2026] POST /compute/v2.1/os-server-groups => generated 258 bytes in 171 msecs (HTTP/1.1 200) 9 headers in 359 bytes (1 switches on core 0)
Sep 15 11:11:53.507253 np0000192775 devstack@n-api.service[99337]: DEBUG nova.api.openstack.wsgi [None req-838e1251-19e5-4f3a-ab67-c23c8cdba132 demo demo] Calling method '>' {{(pid=99337) _process_stack /opt/stack/nova/nova/api/openstack/wsgi.py:551}}
Sep 15 11:11:53.510400 np0000192775 devstack@n-api.service[99337]: INFO nova.api.openstack.requestlog [None req-838e1251-19e5-4f3a-ab67-c23c8cdba132 demo demo] 162.253.55.53 "GET /compute/v2.1" status: 200 len: 392 microversion: 2.1 time: 0.003490
Sep 15 11:11:53.510627 np0000192775 devstack@n-api.service[99337]: [pid: 99337|app: 0|req: 22/89] 162.253.55.53 () {62 vars in 1067 bytes} [Tue Sep 15 11:11:53 2026] GET /compute/v2.1 => generated 392 bytes in 4 msecs (HTTP/1.1 200) 9 headers in 357 bytes (1 switches on core 0)
Sep 15 11:11:53.541910 np0000192775 devstack@n-api.service[99338]: DEBUG nova.api.openstack.wsgi [None req-5352f590-16d5-429a-b0da-470b5e18b900 demo demo] Calling method '>' {{(pid=99338) _process_stack /opt/stack/nova/nova/api/openstack/wsgi.py:551}}
Sep 15 11:11:53.547850 np0000192775 devstack@n-api.service[99338]: INFO nova.api.openstack.requestlog [None req-5352f590-16d5-429a-b0da-470b5e18b900 demo demo] 162.253.55.53 "GET /compute/v2.1/" status: 200 len: 392 microversion: 2.1 time: 0.006265
Sep 15 11:11:53.548230 np0000192775 devstack@n-api.service[99338]: [pid: 99338|app: 0|req: 24/90] 162.253.55.53 () {62 vars in 1070 bytes} [Tue Sep 15 11:11:53 2026] GET /compute/v2.1/ => generated 392 bytes in 7 msecs (HTTP/1.1 200) 9 headers in 357 bytes (1 switches on core 0)
Sep 15 11:11:53.580382 np0000192775 devstack@n-api.service[99336]: DEBUG nova.api.openstack.wsgi [None req-d6decdc9-b0e6-4171-944f-f2bbde701ebd demo demo] Calling method '>' {{(pid=99336) _process_stack /opt/stack/nova/nova/api/openstack/wsgi.py:551}}
Sep 15 11:11:53.596985 np0000192775 devstack@n-api.service[99336]: INFO nova.api.openstack.requestlog [None req-d6decdc9-b0e6-4171-944f-f2bbde701ebd demo demo] 162.253.55.53 "GET /compute/v2.1/flavors/detail?is_public=None" status: 200 len: 5240 microversion: 2.61 time: 0.018330
Sep 15 11:11:53.597195 np0000192775 devstack@n-api.service[99336]: [pid: 99336|app: 0|req: 23/91] 162.253.55.53 () {68 vars in 1428 bytes} [Tue Sep 15 11:11:53 2026] GET /compute/v2.1/flavors/detail?is_public=None => generated 5240 bytes in 19 msecs (HTTP/1.1 200) 9 headers in 360 bytes (1 switches on core 0)
Sep 15 11:11:53.639402 np0000192775 devstack@n-api.service[99339]: DEBUG nova.api.openstack.wsgi [None req-61693d55-5fe9-4fd6-852f-1c7b1ea9423f demo demo] Calling method '>' {{(pid=99339) _process_stack /opt/stack/nova/nova/api/openstack/wsgi.py:551}}
Sep 15 11:11:53.679106 np0000192775 devstack@n-api.service[99339]: INFO nova.api.openstack.requestlog [None req-61693d55-5fe9-4fd6-852f-1c7b1ea9423f demo demo] 162.253.55.53 "GET /compute/v2.1/flavors/detail?is_public=None" status: 200 len: 5240 microversion: 2.61 time: 0.042828
Sep 15 11:11:53.680262 np0000192775 devstack@n-api.service[99339]: [pid: 99339|app: 0|req: 23/92] 162.253.55.53 () {68 vars in 1428 bytes} [Tue Sep 15 11:11:53 2026] GET /compute/v2.1/flavors/detail?is_public=None => generated 5240 bytes in 45 msecs (HTTP/1.1 200) 9 headers in 360 bytes (1 switches on core 0)
Sep 15 11:11:53.833249 np0000192775 devstack@n-api.service[99337]: DEBUG nova.api.openstack.wsgi [None req-838e1251-19e5-4f3a-ab67-c23c8cdba132 demo demo] Calling method '>' {{(pid=99337) _process_stack /opt/stack/nova/nova/api/openstack/wsgi.py:551}}
Sep 15 11:11:53.839187 np0000192775 devstack@n-api.service[99337]: INFO nova.api.openstack.requestlog [None req-838e1251-19e5-4f3a-ab67-c23c8cdba132 demo demo] 162.253.55.53 "GET /compute/v2.1" status: 200 len: 392 microversion: 2.1 time: 0.006355
Sep 15 11:11:53.839553 np0000192775 devstack@n-api.service[99337]: [pid: 99337|app: 0|req: 23/93] 162.253.55.53 () {62 vars in 1067 bytes} [Tue Sep 15 11:11:53 2026] GET /compute/v2.1 => generated 392 bytes in 7 msecs (HTTP/1.1 200) 9 headers in 357 bytes (1 switches on core 0)
Sep 15 11:11:53.872069 np0000192775 devstack@n-api.service[99338]: DEBUG nova.api.openstack.wsgi [None req-5352f590-16d5-429a-b0da-470b5e18b900 demo demo] Calling method '>' {{(pid=99338) _process_stack /opt/stack/nova/nova/api/openstack/wsgi.py:551}}
Sep 15 11:11:53.877670 np0000192775 devstack@n-api.service[99338]: INFO nova.api.openstack.requestlog [None req-5352f590-16d5-429a-b0da-470b5e18b900 demo demo] 162.253.55.53 "GET /compute/v2.1/" status: 200 len: 392 microversion: 2.1 time: 0.005996
Sep 15 11:11:53.878040 np0000192775 devstack@n-api.service[99338]: [pid: 99338|app: 0|req: 25/94] 162.253.55.53 () {62 vars in 1070 bytes} [Tue Sep 15 11:11:53 2026] GET /compute/v2.1/ => generated 392 bytes in 7 msecs (HTTP/1.1 200) 9 headers in 357 bytes (1 switches on core 0)
Sep 15 11:11:53.912178 np0000192775 devstack@n-api.service[99336]: DEBUG nova.api.openstack.wsgi [None req-5d893156-10b0-43b5-8918-2fb2d765ada7 demo demo] Calling method '>' {{(pid=99336) _process_stack /opt/stack/nova/nova/api/openstack/wsgi.py:551}}
Sep 15 11:11:53.945830 np0000192775 devstack@n-api.service[99336]: INFO nova.api.openstack.requestlog [None req-5d893156-10b0-43b5-8918-2fb2d765ada7 demo demo] 162.253.55.53 "GET /compute/v2.1/flavors/detail?is_public=None" status: 200 len: 5240 microversion: 2.61 time: 0.036600
Sep 15 11:11:53.946419 np0000192775 devstack@n-api.service[99336]: [pid: 99336|app: 0|req: 24/95] 162.253.55.53 () {68 vars in 1428 bytes} [Tue Sep 15 11:11:53 2026] GET /compute/v2.1/flavors/detail?is_public=None => generated 5240 bytes in 38 msecs (HTTP/1.1 200) 9 headers in 360 bytes (1 switches on core 0)
Sep 15 11:11:59.789021 np0000192775 devstack@n-api.service[99338]: DEBUG dbcounter [-] [99338] Writing DB stats nova_cell0:SELECT=4 {{(pid=99338) stat_writer /opt/stack/data/venv/lib/python3.12/site-packages/dbcounter.py:115}}
Sep 15 11:11:59.791797 np0000192775 devstack@n-api.service[99338]: DEBUG dbcounter [-] [99338] Writing DB stats nova_api:SELECT=14,nova_api:INSERT=2 {{(pid=99338) stat_writer /opt/stack/data/venv/lib/python3.12/site-packages/dbcounter.py:115}}
Sep 15 11:12:00.003105 np0000192775 devstack@n-api.service[99337]: DEBUG dbcounter [-] [99337] Writing DB stats nova_api:SELECT=2 {{(pid=99337) stat_writer /opt/stack/data/venv/lib/python3.12/site-packages/dbcounter.py:115}}
Sep 15 11:12:00.308624 np0000192775 devstack@n-api.service[99339]: DEBUG dbcounter [-] [99339] Writing DB stats nova_cell0:SELECT=4 {{(pid=99339) stat_writer /opt/stack/data/venv/lib/python3.12/site-packages/dbcounter.py:115}}
Sep 15 11:12:03.647586 np0000192775 devstack@n-api.service[99339]: DEBUG dbcounter [-] [99339] Writing DB stats nova_api:SELECT=19,nova_api:INSERT=2 {{(pid=99339) stat_writer /opt/stack/data/venv/lib/python3.12/site-packages/dbcounter.py:115}}
Sep 15 11:12:03.920406 np0000192775 devstack@n-api.service[99336]: DEBUG dbcounter [-] [99336] Writing DB stats nova_api:SELECT=8 {{(pid=99336) stat_writer /opt/stack/data/venv/lib/python3.12/site-packages/dbcounter.py:115}}
Sep 15 11:12:19.122180 np0000192775 devstack@n-api.service[99339]: DEBUG nova.api.openstack.wsgi [None req-61693d55-5fe9-4fd6-852f-1c7b1ea9423f demo demo] Calling method '>' {{(pid=99339) _process_stack /opt/stack/nova/nova/api/openstack/wsgi.py:551}}
Sep 15 11:12:19.128237 np0000192775 devstack@n-api.service[99339]: INFO nova.api.openstack.requestlog [None req-61693d55-5fe9-4fd6-852f-1c7b1ea9423f demo demo] 172.18.0.2 "GET /compute/v2.1/" status: 200 len: 392 microversion: 2.1 time: 0.006547
Sep 15 11:12:19.128717 np0000192775 devstack@n-api.service[99339]: [pid: 99339|app: 0|req: 24/96] 162.253.55.53 () {64 vars in 1266 bytes} [Tue Sep 15 11:12:19 2026] GET /compute/v2.1/ => generated 392 bytes in 8 msecs (HTTP/1.1 200) 9 headers in 357 bytes (1 switches on core 0)
Sep 15 11:12:19.138793 np0000192775 devstack@n-api.service[99337]: DEBUG nova.api.openstack.wsgi [None req-557d3e1d-2981-4090-8aa3-e6a29fc049c3 demo demo] Calling method '>' {{(pid=99337) _process_stack /opt/stack/nova/nova/api/openstack/wsgi.py:551}}
Sep 15 11:12:19.142463 np0000192775 devstack@n-api.service[99337]: DEBUG oslo_concurrency.lockutils [None req-557d3e1d-2981-4090-8aa3-e6a29fc049c3 demo demo] Acquiring lock "00000000-0000-0000-0000-000000000000" by "nova.context.set_target_cell..get_or_set_cached_cell_and_set_connections" {{(pid=99337) inner /opt/stack/data/venv/lib/python3.12/site-packages/oslo_concurrency/lockutils.py:512}}
Sep 15 11:12:19.142809 np0000192775 devstack@n-api.service[99337]: DEBUG oslo_concurrency.lockutils [None req-557d3e1d-2981-4090-8aa3-e6a29fc049c3 demo demo] Lock "00000000-0000-0000-0000-000000000000" acquired by "nova.context.set_target_cell..get_or_set_cached_cell_and_set_connections" :: waited 0.000s {{(pid=99337) inner /opt/stack/data/venv/lib/python3.12/site-packages/oslo_concurrency/lockutils.py:525}}
Sep 15 11:12:19.143073 np0000192775 devstack@n-api.service[99337]: DEBUG oslo_concurrency.lockutils [None req-557d3e1d-2981-4090-8aa3-e6a29fc049c3 demo demo] Lock "00000000-0000-0000-0000-000000000000" "released" by "nova.context.set_target_cell..get_or_set_cached_cell_and_set_connections" :: held 0.000s {{(pid=99337) inner /opt/stack/data/venv/lib/python3.12/site-packages/oslo_concurrency/lockutils.py:544}}
Sep 15 11:12:19.144546 np0000192775 devstack@n-api.service[99337]: DEBUG oslo_concurrency.lockutils [None req-557d3e1d-2981-4090-8aa3-e6a29fc049c3 demo demo] Acquiring lock "476406ef-cf33-47c1-9d19-d7ee65aced08" by "nova.context.set_target_cell..get_or_set_cached_cell_and_set_connections" {{(pid=99337) inner /opt/stack/data/venv/lib/python3.12/site-packages/oslo_concurrency/lockutils.py:512}}
Sep 15 11:12:19.144894 np0000192775 devstack@n-api.service[99337]: DEBUG oslo_concurrency.lockutils [None req-557d3e1d-2981-4090-8aa3-e6a29fc049c3 demo demo] Lock "476406ef-cf33-47c1-9d19-d7ee65aced08" acquired by "nova.context.set_target_cell..get_or_set_cached_cell_and_set_connections" :: waited 0.000s {{(pid=99337) inner /opt/stack/data/venv/lib/python3.12/site-packages/oslo_concurrency/lockutils.py:525}}
Sep 15 11:12:19.145200 np0000192775 devstack@n-api.service[99337]: DEBUG oslo_concurrency.lockutils [None req-557d3e1d-2981-4090-8aa3-e6a29fc049c3 demo demo] Lock "476406ef-cf33-47c1-9d19-d7ee65aced08" "released" by "nova.context.set_target_cell..get_or_set_cached_cell_and_set_connections" :: held 0.000s {{(pid=99337) inner /opt/stack/data/venv/lib/python3.12/site-packages/oslo_concurrency/lockutils.py:544}}
Sep 15 11:12:19.230778 np0000192775 devstack@n-api.service[99337]: INFO nova.api.openstack.requestlog [None req-557d3e1d-2981-4090-8aa3-e6a29fc049c3 demo demo] 172.18.0.2 "GET /compute/v2.1/os-availability-zone" status: 200 len: 97 microversion: 2.38 time: 0.095096
Sep 15 11:12:19.231322 np0000192775 devstack@n-api.service[99337]: [pid: 99337|app: 0|req: 24/97] 162.253.55.53 () {68 vars in 1409 bytes} [Tue Sep 15 11:12:19 2026] GET /compute/v2.1/os-availability-zone => generated 97 bytes in 96 msecs (HTTP/1.1 200) 9 headers in 358 bytes (1 switches on core 0)
Sep 15 11:12:20.356309 np0000192775 devstack@n-api.service[99338]: DEBUG nova.api.openstack.wsgi [None req-5352f590-16d5-429a-b0da-470b5e18b900 demo demo] Calling method '>' {{(pid=99338) _process_stack /opt/stack/nova/nova/api/openstack/wsgi.py:551}}
Sep 15 11:12:20.361029 np0000192775 devstack@n-api.service[99338]: INFO nova.api.openstack.requestlog [None req-5352f590-16d5-429a-b0da-470b5e18b900 demo demo] 172.18.0.2 "GET /compute/v2.1/" status: 200 len: 392 microversion: 2.1 time: 0.004973
Sep 15 11:12:20.361330 np0000192775 devstack@n-api.service[99338]: [pid: 99338|app: 0|req: 26/98] 162.253.55.53 () {64 vars in 1266 bytes} [Tue Sep 15 11:12:20 2026] GET /compute/v2.1/ => generated 392 bytes in 6 msecs (HTTP/1.1 200) 9 headers in 357 bytes (1 switches on core 0)
Sep 15 11:12:20.375645 np0000192775 devstack@n-api.service[99336]: DEBUG nova.api.openstack.wsgi [None req-44f1abfb-f249-47ec-8bef-75017e64fefa demo demo] Calling method '>' {{(pid=99336) _process_stack /opt/stack/nova/nova/api/openstack/wsgi.py:551}}
Sep 15 11:12:20.379626 np0000192775 devstack@n-api.service[99336]: DEBUG oslo_concurrency.lockutils [None req-44f1abfb-f249-47ec-8bef-75017e64fefa demo demo] Acquiring lock "00000000-0000-0000-0000-000000000000" by "nova.context.set_target_cell..get_or_set_cached_cell_and_set_connections" {{(pid=99336) inner /opt/stack/data/venv/lib/python3.12/site-packages/oslo_concurrency/lockutils.py:512}}
Sep 15 11:12:20.379968 np0000192775 devstack@n-api.service[99336]: DEBUG oslo_concurrency.lockutils [None req-44f1abfb-f249-47ec-8bef-75017e64fefa demo demo] Lock "00000000-0000-0000-0000-000000000000" acquired by "nova.context.set_target_cell..get_or_set_cached_cell_and_set_connections" :: waited 0.000s {{(pid=99336) inner /opt/stack/data/venv/lib/python3.12/site-packages/oslo_concurrency/lockutils.py:525}}
Sep 15 11:12:20.380281 np0000192775 devstack@n-api.service[99336]: DEBUG oslo_concurrency.lockutils [None req-44f1abfb-f249-47ec-8bef-75017e64fefa demo demo] Lock "00000000-0000-0000-0000-000000000000" "released" by "nova.context.set_target_cell..get_or_set_cached_cell_and_set_connections" :: held 0.000s {{(pid=99336) inner /opt/stack/data/venv/lib/python3.12/site-packages/oslo_concurrency/lockutils.py:544}}
Sep 15 11:12:20.381677 np0000192775 devstack@n-api.service[99336]: DEBUG oslo_concurrency.lockutils [None req-44f1abfb-f249-47ec-8bef-75017e64fefa demo demo] Acquiring lock "476406ef-cf33-47c1-9d19-d7ee65aced08" by "nova.context.set_target_cell..get_or_set_cached_cell_and_set_connections" {{(pid=99336) inner /opt/stack/data/venv/lib/python3.12/site-packages/oslo_concurrency/lockutils.py:512}}
Sep 15 11:12:20.382001 np0000192775 devstack@n-api.service[99336]: DEBUG oslo_concurrency.lockutils [None req-44f1abfb-f249-47ec-8bef-75017e64fefa demo demo] Lock "476406ef-cf33-47c1-9d19-d7ee65aced08" acquired by "nova.context.set_target_cell..get_or_set_cached_cell_and_set_connections" :: waited 0.000s {{(pid=99336) inner /opt/stack/data/venv/lib/python3.12/site-packages/oslo_concurrency/lockutils.py:525}}
Sep 15 11:12:20.382306 np0000192775 devstack@n-api.service[99336]: DEBUG oslo_concurrency.lockutils [None req-44f1abfb-f249-47ec-8bef-75017e64fefa demo demo] Lock "476406ef-cf33-47c1-9d19-d7ee65aced08" "released" by "nova.context.set_target_cell..get_or_set_cached_cell_and_set_connections" :: held 0.000s {{(pid=99336) inner /opt/stack/data/venv/lib/python3.12/site-packages/oslo_concurrency/lockutils.py:544}}
Sep 15 11:12:20.455047 np0000192775 devstack@n-api.service[99336]: INFO nova.api.openstack.requestlog [None req-44f1abfb-f249-47ec-8bef-75017e64fefa demo demo] 172.18.0.2 "GET /compute/v2.1/os-availability-zone" status: 200 len: 97 microversion: 2.38 time: 0.083267
Sep 15 11:12:20.455877 np0000192775 devstack@n-api.service[99336]: [pid: 99336|app: 0|req: 25/99] 162.253.55.53 () {68 vars in 1409 bytes} [Tue Sep 15 11:12:20 2026] GET /compute/v2.1/os-availability-zone => generated 97 bytes in 85 msecs (HTTP/1.1 200) 9 headers in 358 bytes (1 switches on core 0)
Sep 15 11:12:25.912868 np0000192775 devstack@n-api.service[99339]: DEBUG nova.api.openstack.wsgi [None req-61693d55-5fe9-4fd6-852f-1c7b1ea9423f demo demo] Calling method '>' {{(pid=99339) _process_stack /opt/stack/nova/nova/api/openstack/wsgi.py:551}}
Sep 15 11:12:25.915684 np0000192775 devstack@n-api.service[99339]: INFO nova.api.openstack.requestlog [None req-61693d55-5fe9-4fd6-852f-1c7b1ea9423f demo demo] 172.18.0.2 "GET /compute/v2.1/" status: 200 len: 392 microversion: 2.1 time: 0.003061
Sep 15 11:12:25.915881 np0000192775 devstack@n-api.service[99339]: [pid: 99339|app: 0|req: 25/100] 162.253.55.53 () {64 vars in 1266 bytes} [Tue Sep 15 11:12:25 2026] GET /compute/v2.1/ => generated 392 bytes in 3 msecs (HTTP/1.1 200) 9 headers in 357 bytes (1 switches on core 0)
Sep 15 11:12:25.926516 np0000192775 devstack@n-api.service[99337]: DEBUG nova.api.openstack.wsgi [None req-242a7b2b-7e17-4ace-a22e-40ba3be23804 demo demo] Calling method '>' {{(pid=99337) _process_stack /opt/stack/nova/nova/api/openstack/wsgi.py:551}}
Sep 15 11:12:25.956075 np0000192775 devstack@n-api.service[99337]: INFO nova.api.openstack.requestlog [None req-242a7b2b-7e17-4ace-a22e-40ba3be23804 demo demo] 172.18.0.2 "GET /compute/v2.1/flavors/detail" status: 200 len: 4000 microversion: 2.38 time: 0.033789
Sep 15 11:12:25.956509 np0000192775 devstack@n-api.service[99337]: [pid: 99337|app: 0|req: 25/101] 162.253.55.53 () {68 vars in 1391 bytes} [Tue Sep 15 11:12:25 2026] GET /compute/v2.1/flavors/detail => generated 4000 bytes in 35 msecs (HTTP/1.1 200) 9 headers in 360 bytes (1 switches on core 0)
Sep 15 11:12:26.006361 np0000192775 devstack@n-api.service[99338]: DEBUG nova.api.openstack.wsgi [None req-5352f590-16d5-429a-b0da-470b5e18b900 demo demo] Calling method '>' {{(pid=99338) _process_stack /opt/stack/nova/nova/api/openstack/wsgi.py:551}}
Sep 15 11:12:26.012718 np0000192775 devstack@n-api.service[99338]: INFO nova.api.openstack.requestlog [None req-5352f590-16d5-429a-b0da-470b5e18b900 demo demo] 172.18.0.2 "GET /compute/v2.1/" status: 200 len: 392 microversion: 2.1 time: 0.006648
Sep 15 11:12:26.013057 np0000192775 devstack@n-api.service[99338]: [pid: 99338|app: 0|req: 27/102] 162.253.55.53 () {64 vars in 1266 bytes} [Tue Sep 15 11:12:26 2026] GET /compute/v2.1/ => generated 392 bytes in 7 msecs (HTTP/1.1 200) 9 headers in 357 bytes (1 switches on core 0)
Sep 15 11:12:26.022068 np0000192775 devstack@n-api.service[99336]: DEBUG nova.api.openstack.wsgi [None req-e7621989-09db-4596-b030-52979af6b3fe demo demo] Calling method '>' {{(pid=99336) _process_stack /opt/stack/nova/nova/api/openstack/wsgi.py:551}}
Sep 15 11:12:26.042939 np0000192775 devstack@n-api.service[99336]: INFO nova.api.openstack.requestlog [None req-e7621989-09db-4596-b030-52979af6b3fe demo demo] 172.18.0.2 "GET /compute/v2.1/flavors/detail" status: 200 len: 4000 microversion: 2.38 time: 0.023262
Sep 15 11:12:26.043326 np0000192775 devstack@n-api.service[99336]: [pid: 99336|app: 0|req: 26/103] 162.253.55.53 () {68 vars in 1391 bytes} [Tue Sep 15 11:12:26 2026] GET /compute/v2.1/flavors/detail => generated 4000 bytes in 24 msecs (HTTP/1.1 200) 9 headers in 360 bytes (1 switches on core 0)
Sep 15 11:12:26.745026 np0000192775 devstack@n-api.service[99339]: DEBUG nova.api.openstack.wsgi [None req-61693d55-5fe9-4fd6-852f-1c7b1ea9423f demo demo] Calling method '>' {{(pid=99339) _process_stack /opt/stack/nova/nova/api/openstack/wsgi.py:551}}
Sep 15 11:12:26.751049 np0000192775 devstack@n-api.service[99339]: INFO nova.api.openstack.requestlog [None req-61693d55-5fe9-4fd6-852f-1c7b1ea9423f demo demo] 172.18.0.2 "GET /compute/v2.1/" status: 200 len: 392 microversion: 2.1 time: 0.006296
Sep 15 11:12:26.751480 np0000192775 devstack@n-api.service[99339]: [pid: 99339|app: 0|req: 26/104] 162.253.55.53 () {64 vars in 1266 bytes} [Tue Sep 15 11:12:26 2026] GET /compute/v2.1/ => generated 392 bytes in 7 msecs (HTTP/1.1 200) 9 headers in 357 bytes (1 switches on core 0)
Sep 15 11:12:26.758514 np0000192775 devstack@n-api.service[99337]: DEBUG nova.api.openstack.wsgi [None req-e15b5e03-db2e-4d91-b9c5-088cc2d08eb5 demo demo] Calling method '>' {{(pid=99337) _process_stack /opt/stack/nova/nova/api/openstack/wsgi.py:551}}
Sep 15 11:12:26.761636 np0000192775 devstack@n-api.service[99337]: DEBUG nova.policy [None req-e15b5e03-db2e-4d91-b9c5-088cc2d08eb5 demo demo] Policy check for os_compute_api:servers:allow_all_filters failed with credentials {'is_admin': False, 'user_id': '85b71a05b9d24050bcf468f80c30c608', 'user_domain_id': 'default', 'system_scope': None, 'domain_id': None, 'project_id': '20dc6c2857134b8987c641272b851a6b', 'project_domain_id': 'default', 'roles': ['load-balancer_member', 'member', 'anotherrole', 'reader'], 'is_admin_project': True, 'service_user_id': None, 'service_user_domain_id': None, 'service_project_id': None, 'service_project_domain_id': None, 'service_roles': []} {{(pid=99337) authorize /opt/stack/nova/nova/policy.py:202}}
Sep 15 11:12:26.761952 np0000192775 devstack@n-api.service[99337]: DEBUG nova.compute.api [None req-e15b5e03-db2e-4d91-b9c5-088cc2d08eb5 demo demo] Searching by: {'name': '^kube-su3qe-cl2zz-jzfw8$', 'deleted': False, 'project_id': '20dc6c2857134b8987c641272b851a6b'} {{(pid=99337) get_all /opt/stack/nova/nova/compute/api.py:3114}}
Sep 15 11:12:26.769640 np0000192775 devstack@n-api.service[99337]: DEBUG oslo_concurrency.lockutils [None req-e15b5e03-db2e-4d91-b9c5-088cc2d08eb5 demo demo] Acquiring lock "00000000-0000-0000-0000-000000000000" by "nova.context.set_target_cell..get_or_set_cached_cell_and_set_connections" {{(pid=99337) inner /opt/stack/data/venv/lib/python3.12/site-packages/oslo_concurrency/lockutils.py:512}}
Sep 15 11:12:26.769837 np0000192775 devstack@n-api.service[99337]: DEBUG oslo_concurrency.lockutils [None req-e15b5e03-db2e-4d91-b9c5-088cc2d08eb5 demo demo] Lock "00000000-0000-0000-0000-000000000000" acquired by "nova.context.set_target_cell..get_or_set_cached_cell_and_set_connections" :: waited 0.000s {{(pid=99337) inner /opt/stack/data/venv/lib/python3.12/site-packages/oslo_concurrency/lockutils.py:525}}
Sep 15 11:12:26.770021 np0000192775 devstack@n-api.service[99337]: DEBUG oslo_concurrency.lockutils [None req-e15b5e03-db2e-4d91-b9c5-088cc2d08eb5 demo demo] Lock "00000000-0000-0000-0000-000000000000" "released" by "nova.context.set_target_cell..get_or_set_cached_cell_and_set_connections" :: held 0.000s {{(pid=99337) inner /opt/stack/data/venv/lib/python3.12/site-packages/oslo_concurrency/lockutils.py:544}}
Sep 15 11:12:26.771018 np0000192775 devstack@n-api.service[99337]: DEBUG oslo_concurrency.lockutils [None req-e15b5e03-db2e-4d91-b9c5-088cc2d08eb5 demo demo] Acquiring lock "476406ef-cf33-47c1-9d19-d7ee65aced08" by "nova.context.set_target_cell..get_or_set_cached_cell_and_set_connections" {{(pid=99337) inner /opt/stack/data/venv/lib/python3.12/site-packages/oslo_concurrency/lockutils.py:512}}
Sep 15 11:12:26.771264 np0000192775 devstack@n-api.service[99337]: DEBUG oslo_concurrency.lockutils [None req-e15b5e03-db2e-4d91-b9c5-088cc2d08eb5 demo demo] Lock "476406ef-cf33-47c1-9d19-d7ee65aced08" acquired by "nova.context.set_target_cell..get_or_set_cached_cell_and_set_connections" :: waited 0.000s {{(pid=99337) inner /opt/stack/data/venv/lib/python3.12/site-packages/oslo_concurrency/lockutils.py:525}}
Sep 15 11:12:26.771474 np0000192775 devstack@n-api.service[99337]: DEBUG oslo_concurrency.lockutils [None req-e15b5e03-db2e-4d91-b9c5-088cc2d08eb5 demo demo] Lock "476406ef-cf33-47c1-9d19-d7ee65aced08" "released" by "nova.context.set_target_cell..get_or_set_cached_cell_and_set_connections" :: held 0.000s {{(pid=99337) inner /opt/stack/data/venv/lib/python3.12/site-packages/oslo_concurrency/lockutils.py:544}}
Sep 15 11:12:26.835624 np0000192775 devstack@n-api.service[99337]: DEBUG oslo_concurrency.lockutils [None req-e15b5e03-db2e-4d91-b9c5-088cc2d08eb5 demo demo] Acquiring lock "00000000-0000-0000-0000-000000000000" by "nova.context.set_target_cell..get_or_set_cached_cell_and_set_connections" {{(pid=99337) inner /opt/stack/data/venv/lib/python3.12/site-packages/oslo_concurrency/lockutils.py:512}}
Sep 15 11:12:26.835896 np0000192775 devstack@n-api.service[99337]: DEBUG oslo_concurrency.lockutils [None req-e15b5e03-db2e-4d91-b9c5-088cc2d08eb5 demo demo] Lock "00000000-0000-0000-0000-000000000000" acquired by "nova.context.set_target_cell..get_or_set_cached_cell_and_set_connections" :: waited 0.000s {{(pid=99337) inner /opt/stack/data/venv/lib/python3.12/site-packages/oslo_concurrency/lockutils.py:525}}
Sep 15 11:12:26.836251 np0000192775 devstack@n-api.service[99337]: DEBUG oslo_concurrency.lockutils [None req-e15b5e03-db2e-4d91-b9c5-088cc2d08eb5 demo demo] Lock "00000000-0000-0000-0000-000000000000" "released" by "nova.context.set_target_cell..get_or_set_cached_cell_and_set_connections" :: held 0.000s {{(pid=99337) inner /opt/stack/data/venv/lib/python3.12/site-packages/oslo_concurrency/lockutils.py:544}}
Sep 15 11:12:26.836729 np0000192775 devstack@n-api.service[99337]: DEBUG oslo_concurrency.lockutils [None req-e15b5e03-db2e-4d91-b9c5-088cc2d08eb5 demo demo] Acquiring lock "476406ef-cf33-47c1-9d19-d7ee65aced08" by "nova.context.set_target_cell..get_or_set_cached_cell_and_set_connections" {{(pid=99337) inner /opt/stack/data/venv/lib/python3.12/site-packages/oslo_concurrency/lockutils.py:512}}
Sep 15 11:12:26.837053 np0000192775 devstack@n-api.service[99337]: DEBUG oslo_concurrency.lockutils [None req-e15b5e03-db2e-4d91-b9c5-088cc2d08eb5 demo demo] Lock "476406ef-cf33-47c1-9d19-d7ee65aced08" acquired by "nova.context.set_target_cell..get_or_set_cached_cell_and_set_connections" :: waited 0.000s {{(pid=99337) inner /opt/stack/data/venv/lib/python3.12/site-packages/oslo_concurrency/lockutils.py:525}}
Sep 15 11:12:26.837383 np0000192775 devstack@n-api.service[99337]: DEBUG oslo_concurrency.lockutils [None req-e15b5e03-db2e-4d91-b9c5-088cc2d08eb5 demo demo] Lock "476406ef-cf33-47c1-9d19-d7ee65aced08" "released" by "nova.context.set_target_cell..get_or_set_cached_cell_and_set_connections" :: held 0.000s {{(pid=99337) inner /opt/stack/data/venv/lib/python3.12/site-packages/oslo_concurrency/lockutils.py:544}}
Sep 15 11:12:26.839422 np0000192775 devstack@n-api.service[99337]: DEBUG nova.policy [None req-e15b5e03-db2e-4d91-b9c5-088cc2d08eb5 demo demo] Policy check for os_compute_api:os-extended-server-attributes failed with credentials {'is_admin': False, 'user_id': '85b71a05b9d24050bcf468f80c30c608', 'user_domain_id': 'default', 'system_scope': None, 'domain_id': None, 'project_id': '20dc6c2857134b8987c641272b851a6b', 'project_domain_id': 'default', 'roles': ['load-balancer_member', 'member', 'anotherrole', 'reader'], 'is_admin_project': True, 'service_user_id': None, 'service_user_domain_id': None, 'service_project_id': None, 'service_project_domain_id': None, 'service_roles': []} {{(pid=99337) authorize /opt/stack/nova/nova/policy.py:202}}
Sep 15 11:12:26.843564 np0000192775 devstack@n-api.service[99337]: DEBUG nova.policy [None req-e15b5e03-db2e-4d91-b9c5-088cc2d08eb5 demo demo] Policy check for os_compute_api:servers:show:host_status failed with credentials {'is_admin': False, 'user_id': '85b71a05b9d24050bcf468f80c30c608', 'user_domain_id': 'default', 'system_scope': None, 'domain_id': None, 'project_id': '20dc6c2857134b8987c641272b851a6b', 'project_domain_id': 'default', 'roles': ['load-balancer_member', 'member', 'anotherrole', 'reader'], 'is_admin_project': True, 'service_user_id': None, 'service_user_domain_id': None, 'service_project_id': None, 'service_project_domain_id': None, 'service_roles': []} {{(pid=99337) authorize /opt/stack/nova/nova/policy.py:202}}
Sep 15 11:12:26.844378 np0000192775 devstack@n-api.service[99337]: DEBUG nova.policy [None req-e15b5e03-db2e-4d91-b9c5-088cc2d08eb5 demo demo] Policy check for os_compute_api:servers:show:host_status:unknown-only failed with credentials {'is_admin': False, 'user_id': '85b71a05b9d24050bcf468f80c30c608', 'user_domain_id': 'default', 'system_scope': None, 'domain_id': None, 'project_id': '20dc6c2857134b8987c641272b851a6b', 'project_domain_id': 'default', 'roles': ['load-balancer_member', 'member', 'anotherrole', 'reader'], 'is_admin_project': True, 'service_user_id': None, 'service_user_domain_id': None, 'service_project_id': None, 'service_project_domain_id': None, 'service_roles': []} {{(pid=99337) authorize /opt/stack/nova/nova/policy.py:202}}
Sep 15 11:12:26.846424 np0000192775 devstack@n-api.service[99337]: INFO nova.api.openstack.requestlog [None req-e15b5e03-db2e-4d91-b9c5-088cc2d08eb5 demo demo] 172.18.0.2 "GET /compute/v2.1/servers/detail?name=%5Ekube-su3qe-cl2zz-jzfw8%24" status: 200 len: 15 microversion: 2.38 time: 0.089734
Sep 15 11:12:26.846768 np0000192775 devstack@n-api.service[99337]: [pid: 99337|app: 0|req: 26/105] 162.253.55.53 () {68 vars in 1458 bytes} [Tue Sep 15 11:12:26 2026] GET /compute/v2.1/servers/detail?name=%5Ekube-su3qe-cl2zz-jzfw8%24 => generated 15 bytes in 90 msecs (HTTP/1.1 200) 9 headers in 358 bytes (1 switches on core 0)
Sep 15 11:12:26.857437 np0000192775 devstack@n-api.service[99338]: DEBUG nova.api.openstack.wsgi [None req-5352f590-16d5-429a-b0da-470b5e18b900 demo demo] Calling method '>' {{(pid=99338) _process_stack /opt/stack/nova/nova/api/openstack/wsgi.py:551}}
Sep 15 11:12:26.861003 np0000192775 devstack@n-api.service[99338]: INFO nova.api.openstack.requestlog [None req-5352f590-16d5-429a-b0da-470b5e18b900 demo demo] 172.18.0.2 "GET /compute/v2.1/" status: 200 len: 392 microversion: 2.1 time: 0.003867
Sep 15 11:12:26.861262 np0000192775 devstack@n-api.service[99338]: [pid: 99338|app: 0|req: 28/106] 162.253.55.53 () {64 vars in 1266 bytes} [Tue Sep 15 11:12:26 2026] GET /compute/v2.1/ => generated 392 bytes in 4 msecs (HTTP/1.1 200) 9 headers in 357 bytes (1 switches on core 0)
