Jun 17 05:53:08.885370 np0000181120 neutron-rpc-server[109225]: DEBUG cotyledon.oslo_config_glue [-] fatal_deprecations = False {{(pid=109225) log_opt_values /opt/stack/data/venv/lib/python3.12/site-packages/oslo_config/cfg.py:3242}}
Jun 17 05:53:08.885474 np0000181120 neutron-rpc-server[109221]: DEBUG cotyledon.oslo_config_glue [-] ml2_type_flat.flat_networks = ['public'] {{(pid=109221) log_opt_values /opt/stack/data/venv/lib/python3.12/site-packages/oslo_config/cfg.py:3253}}
Jun 17 05:53:08.885614 np0000181120 neutron-rpc-server[109225]: DEBUG cotyledon.oslo_config_glue [-] filter_validation = True {{(pid=109225) log_opt_values /opt/stack/data/venv/lib/python3.12/site-packages/oslo_config/cfg.py:3242}}
Jun 17 05:53:08.885738 np0000181120 neutron-rpc-server[109221]: DEBUG cotyledon.oslo_config_glue [-] ml2_type_geneve.max_header_size = 38 {{(pid=109221) log_opt_values /opt/stack/data/venv/lib/python3.12/site-packages/oslo_config/cfg.py:3253}}
Jun 17 05:53:08.885738 np0000181120 neutron-rpc-server[109221]: DEBUG cotyledon.oslo_config_glue [-] ml2_type_geneve.vni_ranges = ['1:65536'] {{(pid=109221) log_opt_values /opt/stack/data/venv/lib/python3.12/site-packages/oslo_config/cfg.py:3253}}
Jun 17 05:53:08.885953 np0000181120 neutron-rpc-server[109225]: DEBUG cotyledon.oslo_config_glue [-] global_physnet_mtu = 1430 {{(pid=109225) log_opt_values /opt/stack/data/venv/lib/python3.12/site-packages/oslo_config/cfg.py:3242}}
Jun 17 05:53:08.886182 np0000181120 neutron-rpc-server[109221]: DEBUG cotyledon.oslo_config_glue [-] ml2_type_vlan.network_vlan_ranges = ['public'] {{(pid=109221) log_opt_values /opt/stack/data/venv/lib/python3.12/site-packages/oslo_config/cfg.py:3253}}
Jun 17 05:53:08.886329 np0000181120 neutron-rpc-server[109225]: DEBUG cotyledon.oslo_config_glue [-] graceful_shutdown_timeout = 60 {{(pid=109225) log_opt_values /opt/stack/data/venv/lib/python3.12/site-packages/oslo_config/cfg.py:3242}}
Jun 17 05:53:08.886443 np0000181120 neutron-rpc-server[109221]: DEBUG cotyledon.oslo_config_glue [-] network_log.burst_limit = 25 {{(pid=109221) log_opt_values /opt/stack/data/venv/lib/python3.12/site-packages/oslo_config/cfg.py:3253}}
Jun 17 05:53:08.886443 np0000181120 neutron-rpc-server[109221]: DEBUG cotyledon.oslo_config_glue [-] network_log.local_output_log_base = None {{(pid=109221) log_opt_values /opt/stack/data/venv/lib/python3.12/site-packages/oslo_config/cfg.py:3253}}
Jun 17 05:53:08.886443 np0000181120 neutron-rpc-server[109221]: DEBUG cotyledon.oslo_config_glue [-] network_log.rate_limit = 100 {{(pid=109221) log_opt_values /opt/stack/data/venv/lib/python3.12/site-packages/oslo_config/cfg.py:3253}}
Jun 17 05:53:08.886443 np0000181120 neutron-rpc-server[109221]: DEBUG cotyledon.oslo_config_glue [-] database.asyncio_connection = **** {{(pid=109221) log_opt_values /opt/stack/data/venv/lib/python3.12/site-packages/oslo_config/cfg.py:3253}}
Jun 17 05:53:08.886443 np0000181120 neutron-rpc-server[109221]: DEBUG cotyledon.oslo_config_glue [-] database.asyncio_slave_connection = **** {{(pid=109221) log_opt_values /opt/stack/data/venv/lib/python3.12/site-packages/oslo_config/cfg.py:3253}}
Jun 17 05:53:08.886443 np0000181120 neutron-rpc-server[109221]: DEBUG cotyledon.oslo_config_glue [-] database.backend = sqlalchemy {{(pid=109221) log_opt_values /opt/stack/data/venv/lib/python3.12/site-packages/oslo_config/cfg.py:3253}}
Jun 17 05:53:08.886709 np0000181120 neutron-rpc-server[109225]: DEBUG cotyledon.oslo_config_glue [-] host = np0000181120 {{(pid=109225) log_opt_values /opt/stack/data/venv/lib/python3.12/site-packages/oslo_config/cfg.py:3242}}
Jun 17 05:53:08.886984 np0000181120 neutron-rpc-server[109221]: DEBUG cotyledon.oslo_config_glue [-] database.connection = **** {{(pid=109221) log_opt_values /opt/stack/data/venv/lib/python3.12/site-packages/oslo_config/cfg.py:3253}}
Jun 17 05:53:08.886984 np0000181120 neutron-rpc-server[109221]: DEBUG cotyledon.oslo_config_glue [-] database.connection_debug = 0 {{(pid=109221) log_opt_values /opt/stack/data/venv/lib/python3.12/site-packages/oslo_config/cfg.py:3253}}
Jun 17 05:53:08.887219 np0000181120 neutron-rpc-server[109225]: DEBUG cotyledon.oslo_config_glue [-] host_dvr_for_dhcp = True {{(pid=109225) log_opt_values /opt/stack/data/venv/lib/python3.12/site-packages/oslo_config/cfg.py:3242}}
Jun 17 05:53:08.887348 np0000181120 neutron-rpc-server[109221]: DEBUG cotyledon.oslo_config_glue [-] database.connection_parameters = {{(pid=109221) log_opt_values /opt/stack/data/venv/lib/python3.12/site-packages/oslo_config/cfg.py:3253}}
Jun 17 05:53:08.887348 np0000181120 neutron-rpc-server[109221]: DEBUG cotyledon.oslo_config_glue [-] database.connection_recycle_time = 3600 {{(pid=109221) log_opt_values /opt/stack/data/venv/lib/python3.12/site-packages/oslo_config/cfg.py:3253}}
Jun 17 05:53:08.887490 np0000181120 neutron-rpc-server[109225]: DEBUG cotyledon.oslo_config_glue [-] http_retries = 3 {{(pid=109225) log_opt_values /opt/stack/data/venv/lib/python3.12/site-packages/oslo_config/cfg.py:3242}}
Jun 17 05:53:08.887589 np0000181120 neutron-rpc-server[109221]: DEBUG cotyledon.oslo_config_glue [-] database.connection_trace = False {{(pid=109221) log_opt_values /opt/stack/data/venv/lib/python3.12/site-packages/oslo_config/cfg.py:3253}}
Jun 17 05:53:08.887589 np0000181120 neutron-rpc-server[109221]: DEBUG cotyledon.oslo_config_glue [-] database.db_inc_retry_interval = True {{(pid=109221) log_opt_values /opt/stack/data/venv/lib/python3.12/site-packages/oslo_config/cfg.py:3253}}
Jun 17 05:53:08.887742 np0000181120 neutron-rpc-server[109225]: DEBUG cotyledon.oslo_config_glue [-] instance_format = [instance: %(uuid)s] {{(pid=109225) log_opt_values /opt/stack/data/venv/lib/python3.12/site-packages/oslo_config/cfg.py:3242}}
Jun 17 05:53:08.887881 np0000181120 neutron-rpc-server[109221]: DEBUG cotyledon.oslo_config_glue [-] database.db_max_retries = 20 {{(pid=109221) log_opt_values /opt/stack/data/venv/lib/python3.12/site-packages/oslo_config/cfg.py:3253}}
Jun 17 05:53:08.887999 np0000181120 neutron-rpc-server[109225]: DEBUG cotyledon.oslo_config_glue [-] instance_uuid_format = [instance: %(uuid)s] {{(pid=109225) log_opt_values /opt/stack/data/venv/lib/python3.12/site-packages/oslo_config/cfg.py:3242}}
Jun 17 05:53:08.888112 np0000181120 neutron-rpc-server[109221]: DEBUG cotyledon.oslo_config_glue [-] database.db_max_retry_interval = 10 {{(pid=109221) log_opt_values /opt/stack/data/venv/lib/python3.12/site-packages/oslo_config/cfg.py:3253}}
Jun 17 05:53:08.888237 np0000181120 neutron-rpc-server[109225]: DEBUG cotyledon.oslo_config_glue [-] ipam_driver = internal {{(pid=109225) log_opt_values /opt/stack/data/venv/lib/python3.12/site-packages/oslo_config/cfg.py:3242}}
Jun 17 05:53:08.888338 np0000181120 neutron-rpc-server[109221]: DEBUG cotyledon.oslo_config_glue [-] database.db_retry_interval = 1 {{(pid=109221) log_opt_values /opt/stack/data/venv/lib/python3.12/site-packages/oslo_config/cfg.py:3253}}
Jun 17 05:53:08.888431 np0000181120 neutron-rpc-server[109225]: DEBUG cotyledon.oslo_config_glue [-] ipv6_pd_enabled = False {{(pid=109225) log_opt_values /opt/stack/data/venv/lib/python3.12/site-packages/oslo_config/cfg.py:3242}}
Jun 17 05:53:08.888537 np0000181120 neutron-rpc-server[109221]: DEBUG cotyledon.oslo_config_glue [-] database.max_overflow = 50 {{(pid=109221) log_opt_values /opt/stack/data/venv/lib/python3.12/site-packages/oslo_config/cfg.py:3253}}
Jun 17 05:53:08.888679 np0000181120 neutron-rpc-server[109225]: DEBUG cotyledon.oslo_config_glue [-] l3_ha = False {{(pid=109225) log_opt_values /opt/stack/data/venv/lib/python3.12/site-packages/oslo_config/cfg.py:3242}}
Jun 17 05:53:08.888814 np0000181120 neutron-rpc-server[109221]: DEBUG cotyledon.oslo_config_glue [-] database.max_pool_size = 5 {{(pid=109221) log_opt_values /opt/stack/data/venv/lib/python3.12/site-packages/oslo_config/cfg.py:3253}}
Jun 17 05:53:08.888932 np0000181120 neutron-rpc-server[109182]: WARNING neutron.plugins.ml2.drivers.ovn.mech_driver.mech_driver [-] uWSGI is the only supported loader for the Neutron API; it provides, via ``uwsgi`` library, the worker ID. If other loader is used, a random hash ring node UUID will be provided
Jun 17 05:53:08.889100 np0000181120 neutron-rpc-server[109221]: DEBUG cotyledon.oslo_config_glue [-] database.max_retries = 10 {{(pid=109221) log_opt_values /opt/stack/data/venv/lib/python3.12/site-packages/oslo_config/cfg.py:3253}}
Jun 17 05:53:08.889206 np0000181120 neutron-rpc-server[109225]: DEBUG cotyledon.oslo_config_glue [-] l3_ha_net_cidr = 169.254.192.0/18 {{(pid=109225) log_opt_values /opt/stack/data/venv/lib/python3.12/site-packages/oslo_config/cfg.py:3242}}
Jun 17 05:53:08.889306 np0000181120 neutron-rpc-server[109221]: DEBUG cotyledon.oslo_config_glue [-] database.mysql_sql_mode = TRADITIONAL {{(pid=109221) log_opt_values /opt/stack/data/venv/lib/python3.12/site-packages/oslo_config/cfg.py:3253}}
Jun 17 05:53:08.889533 np0000181120 neutron-rpc-server[109225]: DEBUG cotyledon.oslo_config_glue [-] l3_ha_network_physical_name = {{(pid=109225) log_opt_values /opt/stack/data/venv/lib/python3.12/site-packages/oslo_config/cfg.py:3242}}
Jun 17 05:53:08.889792 np0000181120 neutron-rpc-server[109221]: DEBUG cotyledon.oslo_config_glue [-] database.mysql_wsrep_sync_wait = None {{(pid=109221) log_opt_values /opt/stack/data/venv/lib/python3.12/site-packages/oslo_config/cfg.py:3253}}
Jun 17 05:53:08.890013 np0000181120 neutron-rpc-server[109225]: DEBUG cotyledon.oslo_config_glue [-] l3_ha_network_type = {{(pid=109225) log_opt_values /opt/stack/data/venv/lib/python3.12/site-packages/oslo_config/cfg.py:3242}}
Jun 17 05:53:08.890169 np0000181120 neutron-rpc-server[109221]: DEBUG cotyledon.oslo_config_glue [-] database.pool_timeout = None {{(pid=109221) log_opt_values /opt/stack/data/venv/lib/python3.12/site-packages/oslo_config/cfg.py:3253}}
Jun 17 05:53:08.890331 np0000181120 neutron-rpc-server[109198]: WARNING neutron.plugins.ml2.drivers.ovn.mech_driver.mech_driver [-] uWSGI is the only supported loader for the Neutron API; it provides, via ``uwsgi`` library, the worker ID. If other loader is used, a random hash ring node UUID will be provided
Jun 17 05:53:08.890454 np0000181120 neutron-rpc-server[109225]: DEBUG cotyledon.oslo_config_glue [-] log_color = False {{(pid=109225) log_opt_values /opt/stack/data/venv/lib/python3.12/site-packages/oslo_config/cfg.py:3242}}
Jun 17 05:53:08.890553 np0000181120 neutron-rpc-server[109221]: DEBUG cotyledon.oslo_config_glue [-] database.retry_interval = 10 {{(pid=109221) log_opt_values /opt/stack/data/venv/lib/python3.12/site-packages/oslo_config/cfg.py:3253}}
Jun 17 05:53:08.890553 np0000181120 neutron-rpc-server[109221]: DEBUG cotyledon.oslo_config_glue [-] database.slave_connection = **** {{(pid=109221) log_opt_values /opt/stack/data/venv/lib/python3.12/site-packages/oslo_config/cfg.py:3253}}
Jun 17 05:53:08.890725 np0000181120 neutron-rpc-server[109225]: DEBUG cotyledon.oslo_config_glue [-] log_config_append = None {{(pid=109225) log_opt_values /opt/stack/data/venv/lib/python3.12/site-packages/oslo_config/cfg.py:3242}}
Jun 17 05:53:08.890895 np0000181120 neutron-rpc-server[109221]: DEBUG cotyledon.oslo_config_glue [-] database.sqlite_synchronous = True {{(pid=109221) log_opt_values /opt/stack/data/venv/lib/python3.12/site-packages/oslo_config/cfg.py:3253}}
Jun 17 05:53:08.891026 np0000181120 neutron-rpc-server[109225]: DEBUG cotyledon.oslo_config_glue [-] log_date_format = %Y-%m-%d %H:%M:%S {{(pid=109225) log_opt_values /opt/stack/data/venv/lib/python3.12/site-packages/oslo_config/cfg.py:3242}}
Jun 17 05:53:08.891140 np0000181120 neutron-rpc-server[109221]: DEBUG cotyledon.oslo_config_glue [-] database.synchronous_reader = True {{(pid=109221) log_opt_values /opt/stack/data/venv/lib/python3.12/site-packages/oslo_config/cfg.py:3253}}
Jun 17 05:53:08.891270 np0000181120 neutron-rpc-server[109225]: DEBUG cotyledon.oslo_config_glue [-] log_dir = None {{(pid=109225) log_opt_values /opt/stack/data/venv/lib/python3.12/site-packages/oslo_config/cfg.py:3242}}
Jun 17 05:53:08.891406 np0000181120 neutron-rpc-server[109221]: DEBUG cotyledon.oslo_config_glue [-] database.use_db_reconnect = False {{(pid=109221) log_opt_values /opt/stack/data/venv/lib/python3.12/site-packages/oslo_config/cfg.py:3253}}
Jun 17 05:53:08.891571 np0000181120 neutron-rpc-server[109225]: DEBUG cotyledon.oslo_config_glue [-] log_file = None {{(pid=109225) log_opt_values /opt/stack/data/venv/lib/python3.12/site-packages/oslo_config/cfg.py:3242}}
Jun 17 05:53:08.891571 np0000181120 neutron-rpc-server[109225]: DEBUG cotyledon.oslo_config_glue [-] log_options = True {{(pid=109225) log_opt_values /opt/stack/data/venv/lib/python3.12/site-packages/oslo_config/cfg.py:3242}}
Jun 17 05:53:08.891728 np0000181120 neutron-rpc-server[109221]: DEBUG cotyledon.oslo_config_glue [-] ovn.bfd_min_rx = 1000 {{(pid=109221) log_opt_values /opt/stack/data/venv/lib/python3.12/site-packages/oslo_config/cfg.py:3253}}
Jun 17 05:53:08.892231 np0000181120 neutron-rpc-server[109225]: DEBUG cotyledon.oslo_config_glue [-] log_rotate_interval = 1 {{(pid=109225) log_opt_values /opt/stack/data/venv/lib/python3.12/site-packages/oslo_config/cfg.py:3242}}
Jun 17 05:53:08.892356 np0000181120 neutron-rpc-server[109221]: DEBUG cotyledon.oslo_config_glue [-] ovn.bfd_min_tx = 100 {{(pid=109221) log_opt_values /opt/stack/data/venv/lib/python3.12/site-packages/oslo_config/cfg.py:3253}}
Jun 17 05:53:08.892356 np0000181120 neutron-rpc-server[109221]: DEBUG cotyledon.oslo_config_glue [-] ovn.bfd_mult = 3 {{(pid=109221) log_opt_values /opt/stack/data/venv/lib/python3.12/site-packages/oslo_config/cfg.py:3253}}
Jun 17 05:53:08.892471 np0000181120 neutron-rpc-server[109225]: DEBUG cotyledon.oslo_config_glue [-] log_rotate_interval_type = days {{(pid=109225) log_opt_values /opt/stack/data/venv/lib/python3.12/site-packages/oslo_config/cfg.py:3242}}
Jun 17 05:53:08.892554 np0000181120 neutron-rpc-server[109221]: DEBUG cotyledon.oslo_config_glue [-] ovn.broadcast_arps_to_all_routers = True {{(pid=109221) log_opt_values /opt/stack/data/venv/lib/python3.12/site-packages/oslo_config/cfg.py:3253}}
Jun 17 05:53:08.892650 np0000181120 neutron-rpc-server[109225]: DEBUG cotyledon.oslo_config_glue [-] log_rotation_type = none {{(pid=109225) log_opt_values /opt/stack/data/venv/lib/python3.12/site-packages/oslo_config/cfg.py:3242}}
Jun 17 05:53:08.892744 np0000181120 neutron-rpc-server[109221]: DEBUG cotyledon.oslo_config_glue [-] ovn.dhcp_default_lease_time = 43200 {{(pid=109221) log_opt_values /opt/stack/data/venv/lib/python3.12/site-packages/oslo_config/cfg.py:3253}}
Jun 17 05:53:08.892895 np0000181120 neutron-rpc-server[109225]: DEBUG cotyledon.oslo_config_glue [-] logging_context_format_string = %(color)s%(levelname)s %(name)s [%(global_request_id)s %(request_id)s %(project_name)s %(user_name)s%(color)s] %(instance)s%(color)s%(message)s {{(pid=109225) log_opt_values /opt/stack/data/venv/lib/python3.12/site-packages/oslo_config/cfg.py:3242}}
Jun 17 05:53:08.892895 np0000181120 neutron-rpc-server[109225]: DEBUG cotyledon.oslo_config_glue [-] logging_debug_format_suffix = {{(pid=%(process)d) %(funcName)s %(pathname)s:%(lineno)d}} {{(pid=109225) log_opt_values /opt/stack/data/venv/lib/python3.12/site-packages/oslo_config/cfg.py:3242}}
Jun 17 05:53:08.893024 np0000181120 neutron-rpc-server[109221]: DEBUG cotyledon.oslo_config_glue [-] ovn.disable_ovn_dhcp_for_baremetal_ports = False {{(pid=109221) log_opt_values /opt/stack/data/venv/lib/python3.12/site-packages/oslo_config/cfg.py:3253}}
Jun 17 05:53:08.893122 np0000181120 neutron-rpc-server[109225]: DEBUG cotyledon.oslo_config_glue [-] logging_default_format_string = %(color)s%(levelname)s %(name)s [-%(color)s] %(instance)s%(color)s%(message)s {{(pid=109225) log_opt_values /opt/stack/data/venv/lib/python3.12/site-packages/oslo_config/cfg.py:3242}}
Jun 17 05:53:08.893214 np0000181120 neutron-rpc-server[109221]: DEBUG cotyledon.oslo_config_glue [-] ovn.dns_records_ovn_owned = False {{(pid=109221) log_opt_values /opt/stack/data/venv/lib/python3.12/site-packages/oslo_config/cfg.py:3253}}
Jun 17 05:53:08.893214 np0000181120 neutron-rpc-server[109221]: DEBUG cotyledon.oslo_config_glue [-] ovn.dns_servers = [] {{(pid=109221) log_opt_values /opt/stack/data/venv/lib/python3.12/site-packages/oslo_config/cfg.py:3253}}
Jun 17 05:53:08.893343 np0000181120 neutron-rpc-server[109225]: DEBUG cotyledon.oslo_config_glue [-] logging_exception_prefix = ERROR %(name)s %(instance)s {{(pid=109225) log_opt_values /opt/stack/data/venv/lib/python3.12/site-packages/oslo_config/cfg.py:3242}}
Jun 17 05:53:08.893343 np0000181120 neutron-rpc-server[109225]: DEBUG cotyledon.oslo_config_glue [-] logging_user_identity_format = %(user)s %(project)s %(domain)s %(system_scope)s %(user_domain)s %(project_domain)s {{(pid=109225) log_opt_values /opt/stack/data/venv/lib/python3.12/site-packages/oslo_config/cfg.py:3242}}
Jun 17 05:53:08.893550 np0000181120 neutron-rpc-server[109221]: DEBUG cotyledon.oslo_config_glue [-] ovn.enable_distributed_floating_ip = False {{(pid=109221) log_opt_values /opt/stack/data/venv/lib/python3.12/site-packages/oslo_config/cfg.py:3253}}
Jun 17 05:53:08.893550 np0000181120 neutron-rpc-server[109221]: DEBUG cotyledon.oslo_config_glue [-] ovn.fdb_age_threshold = 300 {{(pid=109221) log_opt_values /opt/stack/data/venv/lib/python3.12/site-packages/oslo_config/cfg.py:3253}}
Jun 17 05:53:08.893734 np0000181120 neutron-rpc-server[109225]: DEBUG cotyledon.oslo_config_glue [-] max_allowed_address_pair = 10 {{(pid=109225) log_opt_values /opt/stack/data/venv/lib/python3.12/site-packages/oslo_config/cfg.py:3242}}
Jun 17 05:53:08.893867 np0000181120 neutron-rpc-server[109221]: DEBUG cotyledon.oslo_config_glue [-] ovn.ha_failover_strategy = normal {{(pid=109221) log_opt_values /opt/stack/data/venv/lib/python3.12/site-packages/oslo_config/cfg.py:3253}}
Jun 17 05:53:08.894009 np0000181120 neutron-rpc-server[109225]: DEBUG cotyledon.oslo_config_glue [-] max_dns_nameservers = 5 {{(pid=109225) log_opt_values /opt/stack/data/venv/lib/python3.12/site-packages/oslo_config/cfg.py:3242}}
Jun 17 05:53:08.894155 np0000181120 neutron-rpc-server[109221]: DEBUG cotyledon.oslo_config_glue [-] ovn.live_migration_activation_strategy = rarp {{(pid=109221) log_opt_values /opt/stack/data/venv/lib/python3.12/site-packages/oslo_config/cfg.py:3253}}
Jun 17 05:53:08.894295 np0000181120 neutron-rpc-server[109225]: DEBUG cotyledon.oslo_config_glue [-] max_header_line = 16384 {{(pid=109225) log_opt_values /opt/stack/data/venv/lib/python3.12/site-packages/oslo_config/cfg.py:3242}}
Jun 17 05:53:08.894406 np0000181120 neutron-rpc-server[109221]: DEBUG cotyledon.oslo_config_glue [-] ovn.localnet_learn_fdb = False {{(pid=109221) log_opt_values /opt/stack/data/venv/lib/python3.12/site-packages/oslo_config/cfg.py:3253}}
Jun 17 05:53:08.894509 np0000181120 neutron-rpc-server[109225]: DEBUG cotyledon.oslo_config_glue [-] max_l3_agents_per_router = 3 {{(pid=109225) log_opt_values /opt/stack/data/venv/lib/python3.12/site-packages/oslo_config/cfg.py:3242}}
Jun 17 05:53:08.894632 np0000181120 neutron-rpc-server[109221]: DEBUG cotyledon.oslo_config_glue [-] ovn.mac_binding_age_threshold = 300 {{(pid=109221) log_opt_values /opt/stack/data/venv/lib/python3.12/site-packages/oslo_config/cfg.py:3253}}
Jun 17 05:53:08.894779 np0000181120 neutron-rpc-server[109225]: DEBUG cotyledon.oslo_config_glue [-] max_logfile_count = 30 {{(pid=109225) log_opt_values /opt/stack/data/venv/lib/python3.12/site-packages/oslo_config/cfg.py:3242}}
Jun 17 05:53:08.894884 np0000181120 neutron-rpc-server[109221]: DEBUG cotyledon.oslo_config_glue [-] ovn.neutron_sync_mode = log {{(pid=109221) log_opt_values /opt/stack/data/venv/lib/python3.12/site-packages/oslo_config/cfg.py:3253}}
Jun 17 05:53:08.894996 np0000181120 neutron-rpc-server[109225]: DEBUG cotyledon.oslo_config_glue [-] max_logfile_size_mb = 200 {{(pid=109225) log_opt_values /opt/stack/data/venv/lib/python3.12/site-packages/oslo_config/cfg.py:3242}}
Jun 17 05:53:08.895122 np0000181120 neutron-rpc-server[109221]: DEBUG cotyledon.oslo_config_glue [-] ovn.ovn_dhcp4_global_options = {} {{(pid=109221) log_opt_values /opt/stack/data/venv/lib/python3.12/site-packages/oslo_config/cfg.py:3253}}
Jun 17 05:53:08.895122 np0000181120 neutron-rpc-server[109221]: DEBUG cotyledon.oslo_config_glue [-] ovn.ovn_dhcp6_global_options = {} {{(pid=109221) log_opt_values /opt/stack/data/venv/lib/python3.12/site-packages/oslo_config/cfg.py:3253}}
Jun 17 05:53:08.895281 np0000181120 neutron-rpc-server[109225]: DEBUG cotyledon.oslo_config_glue [-] max_routes = 30 {{(pid=109225) log_opt_values /opt/stack/data/venv/lib/python3.12/site-packages/oslo_config/cfg.py:3242}}
Jun 17 05:53:08.895384 np0000181120 neutron-rpc-server[109221]: DEBUG cotyledon.oslo_config_glue [-] ovn.ovn_l3_scheduler = leastloaded {{(pid=109221) log_opt_values /opt/stack/data/venv/lib/python3.12/site-packages/oslo_config/cfg.py:3253}}
Jun 17 05:53:08.895513 np0000181120 neutron-rpc-server[109225]: DEBUG cotyledon.oslo_config_glue [-] max_subnet_host_routes = 20 {{(pid=109225) log_opt_values /opt/stack/data/venv/lib/python3.12/site-packages/oslo_config/cfg.py:3242}}
Jun 17 05:53:08.895625 np0000181120 neutron-rpc-server[109221]: DEBUG cotyledon.oslo_config_glue [-] ovn.ovn_metadata_enabled = True {{(pid=109221) log_opt_values /opt/stack/data/venv/lib/python3.12/site-packages/oslo_config/cfg.py:3253}}
Jun 17 05:53:08.895816 np0000181120 neutron-rpc-server[109225]: DEBUG cotyledon.oslo_config_glue [-] my_ip = 199.204.45.148 {{(pid=109225) log_opt_values /opt/stack/data/venv/lib/python3.12/site-packages/oslo_config/cfg.py:3242}}
Jun 17 05:53:08.895920 np0000181120 neutron-rpc-server[109182]: DEBUG ovsdbapp.backend.ovs_idl [None req-04429477-645d-47fc-9b59-10ab1481f689 None None] Created lookup_table index Logical_Switch.name {{(pid=109182) autocreate_indices /opt/stack/data/venv/lib/python3.12/site-packages/ovsdbapp/backend/ovs_idl/__init__.py:87}}
Jun 17 05:53:08.896034 np0000181120 neutron-rpc-server[109221]: DEBUG cotyledon.oslo_config_glue [-] ovn.ovn_nb_ca_cert = /opt/stack/data/CA/int-ca/ca-chain.pem {{(pid=109221) log_opt_values /opt/stack/data/venv/lib/python3.12/site-packages/oslo_config/cfg.py:3253}}
Jun 17 05:53:08.896140 np0000181120 neutron-rpc-server[109225]: DEBUG cotyledon.oslo_config_glue [-] my_ipv6 = 2604:e100:1:0:f816:3eff:fe86:7712 {{(pid=109225) log_opt_values /opt/stack/data/venv/lib/python3.12/site-packages/oslo_config/cfg.py:3242}}
Jun 17 05:53:08.896269 np0000181120 neutron-rpc-server[109221]: DEBUG cotyledon.oslo_config_glue [-] ovn.ovn_nb_certificate = /opt/stack/data/CA/int-ca/devstack-cert.crt {{(pid=109221) log_opt_values /opt/stack/data/venv/lib/python3.12/site-packages/oslo_config/cfg.py:3253}}
Jun 17 05:53:08.896370 np0000181120 neutron-rpc-server[109182]: DEBUG ovsdbapp.backend.ovs_idl [None req-04429477-645d-47fc-9b59-10ab1481f689 None None] Created lookup_table index Logical_Router.name {{(pid=109182) autocreate_indices /opt/stack/data/venv/lib/python3.12/site-packages/ovsdbapp/backend/ovs_idl/__init__.py:87}}
Jun 17 05:53:08.896460 np0000181120 neutron-rpc-server[109225]: DEBUG cotyledon.oslo_config_glue [-] network_auto_schedule = True {{(pid=109225) log_opt_values /opt/stack/data/venv/lib/python3.12/site-packages/oslo_config/cfg.py:3242}}
Jun 17 05:53:08.896574 np0000181120 neutron-rpc-server[109221]: DEBUG cotyledon.oslo_config_glue [-] ovn.ovn_nb_connection = ['ssl:199.204.45.148:6641'] {{(pid=109221) log_opt_values /opt/stack/data/venv/lib/python3.12/site-packages/oslo_config/cfg.py:3253}}
Jun 17 05:53:08.896717 np0000181120 neutron-rpc-server[109182]: DEBUG ovsdbapp.backend.ovs_idl [None req-04429477-645d-47fc-9b59-10ab1481f689 None None] Created lookup_table index Load_Balancer.name {{(pid=109182) autocreate_indices /opt/stack/data/venv/lib/python3.12/site-packages/ovsdbapp/backend/ovs_idl/__init__.py:87}}
Jun 17 05:53:08.896835 np0000181120 neutron-rpc-server[109198]: DEBUG ovsdbapp.backend.ovs_idl [None req-26ab9b94-e56b-4d82-9077-13c2da1ed7da None None] Created lookup_table index Logical_Switch.name {{(pid=109198) autocreate_indices /opt/stack/data/venv/lib/python3.12/site-packages/ovsdbapp/backend/ovs_idl/__init__.py:87}}
Jun 17 05:53:08.896979 np0000181120 neutron-rpc-server[109221]: DEBUG cotyledon.oslo_config_glue [-] ovn.ovn_nb_private_key = /opt/stack/data/CA/int-ca/private/devstack-cert.key {{(pid=109221) log_opt_values /opt/stack/data/venv/lib/python3.12/site-packages/oslo_config/cfg.py:3253}}
Jun 17 05:53:08.897105 np0000181120 neutron-rpc-server[109225]: DEBUG cotyledon.oslo_config_glue [-] network_link_prefix = None {{(pid=109225) log_opt_values /opt/stack/data/venv/lib/python3.12/site-packages/oslo_config/cfg.py:3242}}
Jun 17 05:53:08.897270 np0000181120 neutron-rpc-server[109221]: DEBUG cotyledon.oslo_config_glue [-] ovn.ovn_router_indirect_snat = False {{(pid=109221) log_opt_values /opt/stack/data/venv/lib/python3.12/site-packages/oslo_config/cfg.py:3253}}
Jun 17 05:53:08.897415 np0000181120 neutron-rpc-server[109182]: DEBUG ovsdbapp.backend.ovs_idl [None req-04429477-645d-47fc-9b59-10ab1481f689 None None] Created schema index Copp.name {{(pid=109182) autocreate_indices /opt/stack/data/venv/lib/python3.12/site-packages/ovsdbapp/backend/ovs_idl/__init__.py:106}}
Jun 17 05:53:08.897874 np0000181120 neutron-rpc-server[109198]: DEBUG ovsdbapp.backend.ovs_idl [None req-26ab9b94-e56b-4d82-9077-13c2da1ed7da None None] Created lookup_table index Logical_Router.name {{(pid=109198) autocreate_indices /opt/stack/data/venv/lib/python3.12/site-packages/ovsdbapp/backend/ovs_idl/__init__.py:87}}
Jun 17 05:53:08.898389 np0000181120 neutron-rpc-server[109225]: DEBUG cotyledon.oslo_config_glue [-] network_scheduler_driver = neutron.scheduler.dhcp_agent_scheduler.WeightScheduler {{(pid=109225) log_opt_values /opt/stack/data/venv/lib/python3.12/site-packages/oslo_config/cfg.py:3242}}
Jun 17 05:53:08.898648 np0000181120 neutron-rpc-server[109221]: DEBUG cotyledon.oslo_config_glue [-] ovn.ovn_sb_ca_cert = /opt/stack/data/CA/int-ca/ca-chain.pem {{(pid=109221) log_opt_values /opt/stack/data/venv/lib/python3.12/site-packages/oslo_config/cfg.py:3253}}
Jun 17 05:53:08.898648 np0000181120 neutron-rpc-server[109221]: DEBUG cotyledon.oslo_config_glue [-] ovn.ovn_sb_certificate = /opt/stack/data/CA/int-ca/devstack-cert.crt {{(pid=109221) log_opt_values /opt/stack/data/venv/lib/python3.12/site-packages/oslo_config/cfg.py:3253}}
Jun 17 05:53:08.898906 np0000181120 neutron-rpc-server[109182]: DEBUG ovsdbapp.backend.ovs_idl [None req-04429477-645d-47fc-9b59-10ab1481f689 None None] Created schema index Meter.name {{(pid=109182) autocreate_indices /opt/stack/data/venv/lib/python3.12/site-packages/ovsdbapp/backend/ovs_idl/__init__.py:106}}
Jun 17 05:53:08.899018 np0000181120 neutron-rpc-server[109198]: DEBUG ovsdbapp.backend.ovs_idl [None req-26ab9b94-e56b-4d82-9077-13c2da1ed7da None None] Created lookup_table index Load_Balancer.name {{(pid=109198) autocreate_indices /opt/stack/data/venv/lib/python3.12/site-packages/ovsdbapp/backend/ovs_idl/__init__.py:87}}
Jun 17 05:53:08.899179 np0000181120 neutron-rpc-server[109225]: DEBUG cotyledon.oslo_config_glue [-] notify_nova_on_port_data_changes = True {{(pid=109225) log_opt_values /opt/stack/data/venv/lib/python3.12/site-packages/oslo_config/cfg.py:3242}}
Jun 17 05:53:08.899309 np0000181120 neutron-rpc-server[109221]: DEBUG cotyledon.oslo_config_glue [-] ovn.ovn_sb_connection = ['ssl:199.204.45.148:6642'] {{(pid=109221) log_opt_values /opt/stack/data/venv/lib/python3.12/site-packages/oslo_config/cfg.py:3253}}
Jun 17 05:53:08.899609 np0000181120 neutron-rpc-server[109182]: DEBUG ovsdbapp.backend.ovs_idl [None req-04429477-645d-47fc-9b59-10ab1481f689 None None] Created schema index Load_Balancer_Group.name {{(pid=109182) autocreate_indices /opt/stack/data/venv/lib/python3.12/site-packages/ovsdbapp/backend/ovs_idl/__init__.py:106}}
Jun 17 05:53:08.899825 np0000181120 neutron-rpc-server[109225]: DEBUG cotyledon.oslo_config_glue [-] notify_nova_on_port_status_changes = True {{(pid=109225) log_opt_values /opt/stack/data/venv/lib/python3.12/site-packages/oslo_config/cfg.py:3242}}
Jun 17 05:53:08.899941 np0000181120 neutron-rpc-server[109198]: DEBUG ovsdbapp.backend.ovs_idl [None req-26ab9b94-e56b-4d82-9077-13c2da1ed7da None None] Created schema index Copp.name {{(pid=109198) autocreate_indices /opt/stack/data/venv/lib/python3.12/site-packages/ovsdbapp/backend/ovs_idl/__init__.py:106}}
Jun 17 05:53:08.900087 np0000181120 neutron-rpc-server[109221]: DEBUG cotyledon.oslo_config_glue [-] ovn.ovn_sb_private_key = /opt/stack/data/CA/int-ca/private/devstack-cert.key {{(pid=109221) log_opt_values /opt/stack/data/venv/lib/python3.12/site-packages/oslo_config/cfg.py:3253}}
Jun 17 05:53:08.900186 np0000181120 neutron-rpc-server[109182]: DEBUG ovsdbapp.backend.ovs_idl [None req-04429477-645d-47fc-9b59-10ab1481f689 None None] Created schema index HA_Chassis_Group.name {{(pid=109182) autocreate_indices /opt/stack/data/venv/lib/python3.12/site-packages/ovsdbapp/backend/ovs_idl/__init__.py:106}}
Jun 17 05:53:08.900289 np0000181120 neutron-rpc-server[109225]: DEBUG cotyledon.oslo_config_glue [-] pagination_max_limit = -1 {{(pid=109225) log_opt_values /opt/stack/data/venv/lib/python3.12/site-packages/oslo_config/cfg.py:3242}}
Jun 17 05:53:08.900460 np0000181120 neutron-rpc-server[109221]: DEBUG cotyledon.oslo_config_glue [-] ovn.ovs_create_tap = False {{(pid=109221) log_opt_values /opt/stack/data/venv/lib/python3.12/site-packages/oslo_config/cfg.py:3253}}
Jun 17 05:53:08.900685 np0000181120 neutron-rpc-server[109198]: DEBUG ovsdbapp.backend.ovs_idl [None req-26ab9b94-e56b-4d82-9077-13c2da1ed7da None None] Created schema index Meter.name {{(pid=109198) autocreate_indices /opt/stack/data/venv/lib/python3.12/site-packages/ovsdbapp/backend/ovs_idl/__init__.py:106}}
Jun 17 05:53:08.900863 np0000181120 neutron-rpc-server[109182]: DEBUG ovsdbapp.backend.ovs_idl [None req-04429477-645d-47fc-9b59-10ab1481f689 None None] Created schema index Address_Set.name {{(pid=109182) autocreate_indices /opt/stack/data/venv/lib/python3.12/site-packages/ovsdbapp/backend/ovs_idl/__init__.py:106}}
Jun 17 05:53:08.901005 np0000181120 neutron-rpc-server[109221]: DEBUG cotyledon.oslo_config_glue [-] ovn.ovsdb_connection_timeout = 180 {{(pid=109221) log_opt_values /opt/stack/data/venv/lib/python3.12/site-packages/oslo_config/cfg.py:3253}}
Jun 17 05:53:08.901142 np0000181120 neutron-rpc-server[109225]: DEBUG cotyledon.oslo_config_glue [-] periodic_fuzzy_delay = 5 {{(pid=109225) log_opt_values /opt/stack/data/venv/lib/python3.12/site-packages/oslo_config/cfg.py:3242}}
Jun 17 05:53:08.901300 np0000181120 neutron-rpc-server[109198]: DEBUG ovsdbapp.backend.ovs_idl [None req-26ab9b94-e56b-4d82-9077-13c2da1ed7da None None] Created schema index Load_Balancer_Group.name {{(pid=109198) autocreate_indices /opt/stack/data/venv/lib/python3.12/site-packages/ovsdbapp/backend/ovs_idl/__init__.py:106}}
Jun 17 05:53:08.901497 np0000181120 neutron-rpc-server[109221]: DEBUG cotyledon.oslo_config_glue [-] ovn.ovsdb_log_level = INFO {{(pid=109221) log_opt_values /opt/stack/data/venv/lib/python3.12/site-packages/oslo_config/cfg.py:3253}}
Jun 17 05:53:08.901607 np0000181120 neutron-rpc-server[109182]: DEBUG ovsdbapp.backend.ovs_idl [None req-04429477-645d-47fc-9b59-10ab1481f689 None None] Created schema index Connection.target {{(pid=109182) autocreate_indices /opt/stack/data/venv/lib/python3.12/site-packages/ovsdbapp/backend/ovs_idl/__init__.py:106}}
Jun 17 05:53:08.901807 np0000181120 neutron-rpc-server[109198]: DEBUG ovsdbapp.backend.ovs_idl [None req-26ab9b94-e56b-4d82-9077-13c2da1ed7da None None] Created schema index HA_Chassis_Group.name {{(pid=109198) autocreate_indices /opt/stack/data/venv/lib/python3.12/site-packages/ovsdbapp/backend/ovs_idl/__init__.py:106}}
Jun 17 05:53:08.902032 np0000181120 neutron-rpc-server[109221]: DEBUG cotyledon.oslo_config_glue [-] ovn.ovsdb_probe_interval = 60000 {{(pid=109221) log_opt_values /opt/stack/data/venv/lib/python3.12/site-packages/oslo_config/cfg.py:3253}}
Jun 17 05:53:08.902127 np0000181120 neutron-rpc-server[109225]: DEBUG cotyledon.oslo_config_glue [-] periodic_interval = 40 {{(pid=109225) log_opt_values /opt/stack/data/venv/lib/python3.12/site-packages/oslo_config/cfg.py:3242}}
Jun 17 05:53:08.902231 np0000181120 neutron-rpc-server[109182]: DEBUG ovsdbapp.backend.ovs_idl [None req-04429477-645d-47fc-9b59-10ab1481f689 None None] Created schema index Gateway_Chassis.name {{(pid=109182) autocreate_indices /opt/stack/data/venv/lib/python3.12/site-packages/ovsdbapp/backend/ovs_idl/__init__.py:106}}
Jun 17 05:53:08.902332 np0000181120 neutron-rpc-server[109221]: DEBUG cotyledon.oslo_config_glue [-] ovn.ovsdb_retry_max_interval = 180 {{(pid=109221) log_opt_values /opt/stack/data/venv/lib/python3.12/site-packages/oslo_config/cfg.py:3253}}
Jun 17 05:53:08.902491 np0000181120 neutron-rpc-server[109225]: DEBUG cotyledon.oslo_config_glue [-] publish_errors = False {{(pid=109225) log_opt_values /opt/stack/data/venv/lib/python3.12/site-packages/oslo_config/cfg.py:3242}}
Jun 17 05:53:08.902638 np0000181120 neutron-rpc-server[109198]: DEBUG ovsdbapp.backend.ovs_idl [None req-26ab9b94-e56b-4d82-9077-13c2da1ed7da None None] Created schema index Address_Set.name {{(pid=109198) autocreate_indices /opt/stack/data/venv/lib/python3.12/site-packages/ovsdbapp/backend/ovs_idl/__init__.py:106}}
Jun 17 05:53:08.902829 np0000181120 neutron-rpc-server[109221]: DEBUG cotyledon.oslo_config_glue [-] ovn.stateless_nat_enabled = False {{(pid=109221) log_opt_values /opt/stack/data/venv/lib/python3.12/site-packages/oslo_config/cfg.py:3253}}
Jun 17 05:53:08.902975 np0000181120 neutron-rpc-server[109182]: DEBUG ovsdbapp.backend.ovs_idl [None req-04429477-645d-47fc-9b59-10ab1481f689 None None] Created schema index Mirror.name {{(pid=109182) autocreate_indices /opt/stack/data/venv/lib/python3.12/site-packages/ovsdbapp/backend/ovs_idl/__init__.py:106}}
Jun 17 05:53:08.903241 np0000181120 neutron-rpc-server[109225]: DEBUG cotyledon.oslo_config_glue [-] rate_limit_burst = 0 {{(pid=109225) log_opt_values /opt/stack/data/venv/lib/python3.12/site-packages/oslo_config/cfg.py:3242}}
Jun 17 05:53:08.903503 np0000181120 neutron-rpc-server[109198]: DEBUG ovsdbapp.backend.ovs_idl [None req-26ab9b94-e56b-4d82-9077-13c2da1ed7da None None] Created schema index Connection.target {{(pid=109198) autocreate_indices /opt/stack/data/venv/lib/python3.12/site-packages/ovsdbapp/backend/ovs_idl/__init__.py:106}}
Jun 17 05:53:08.903653 np0000181120 neutron-rpc-server[109221]: DEBUG cotyledon.oslo_config_glue [-] ovn.vhost_sock_dir = /var/run/openvswitch {{(pid=109221) log_opt_values /opt/stack/data/venv/lib/python3.12/site-packages/oslo_config/cfg.py:3253}}
Jun 17 05:53:08.903780 np0000181120 neutron-rpc-server[109225]: DEBUG cotyledon.oslo_config_glue [-] rate_limit_except_level = CRITICAL {{(pid=109225) log_opt_values /opt/stack/data/venv/lib/python3.12/site-packages/oslo_config/cfg.py:3242}}
Jun 17 05:53:08.903897 np0000181120 neutron-rpc-server[109182]: DEBUG ovsdbapp.backend.ovs_idl [None req-04429477-645d-47fc-9b59-10ab1481f689 None None] Created schema index Chassis_Template_Var.chassis {{(pid=109182) autocreate_indices /opt/stack/data/venv/lib/python3.12/site-packages/ovsdbapp/backend/ovs_idl/__init__.py:106}}
Jun 17 05:53:08.904141 np0000181120 neutron-rpc-server[109221]: DEBUG cotyledon.oslo_config_glue [-] OVS.bridge_mac_table_size = 50000 {{(pid=109221) log_opt_values /opt/stack/data/venv/lib/python3.12/site-packages/oslo_config/cfg.py:3253}}
Jun 17 05:53:08.904408 np0000181120 neutron-rpc-server[109198]: DEBUG ovsdbapp.backend.ovs_idl [None req-26ab9b94-e56b-4d82-9077-13c2da1ed7da None None] Created schema index Gateway_Chassis.name {{(pid=109198) autocreate_indices /opt/stack/data/venv/lib/python3.12/site-packages/ovsdbapp/backend/ovs_idl/__init__.py:106}}
Jun 17 05:53:08.904561 np0000181120 neutron-rpc-server[109225]: DEBUG cotyledon.oslo_config_glue [-] rate_limit_interval = 0 {{(pid=109225) log_opt_values /opt/stack/data/venv/lib/python3.12/site-packages/oslo_config/cfg.py:3242}}
Jun 17 05:53:08.904832 np0000181120 neutron-rpc-server[109221]: DEBUG cotyledon.oslo_config_glue [-] OVS.igmp_flood = False {{(pid=109221) log_opt_values /opt/stack/data/venv/lib/python3.12/site-packages/oslo_config/cfg.py:3253}}
Jun 17 05:53:08.905002 np0000181120 neutron-rpc-server[109182]: DEBUG ovsdbapp.backend.ovs_idl [None req-04429477-645d-47fc-9b59-10ab1481f689 None None] Created schema index Logical_Router_Port.name {{(pid=109182) autocreate_indices /opt/stack/data/venv/lib/python3.12/site-packages/ovsdbapp/backend/ovs_idl/__init__.py:106}}
Jun 17 05:53:08.905205 np0000181120 neutron-rpc-server[109198]: DEBUG ovsdbapp.backend.ovs_idl [None req-26ab9b94-e56b-4d82-9077-13c2da1ed7da None None] Created schema index Mirror.name {{(pid=109198) autocreate_indices /opt/stack/data/venv/lib/python3.12/site-packages/ovsdbapp/backend/ovs_idl/__init__.py:106}}
Jun 17 05:53:08.905417 np0000181120 neutron-rpc-server[109225]: DEBUG cotyledon.oslo_config_glue [-] router_distributed = False {{(pid=109225) log_opt_values /opt/stack/data/venv/lib/python3.12/site-packages/oslo_config/cfg.py:3242}}
Jun 17 05:53:08.905534 np0000181120 neutron-rpc-server[109221]: DEBUG cotyledon.oslo_config_glue [-] OVS.igmp_flood_reports = True {{(pid=109221) log_opt_values /opt/stack/data/venv/lib/python3.12/site-packages/oslo_config/cfg.py:3253}}
Jun 17 05:53:08.905642 np0000181120 neutron-rpc-server[109182]: DEBUG ovsdbapp.backend.ovs_idl [None req-04429477-645d-47fc-9b59-10ab1481f689 None None] Created schema index Port_Group.name {{(pid=109182) autocreate_indices /opt/stack/data/venv/lib/python3.12/site-packages/ovsdbapp/backend/ovs_idl/__init__.py:106}}
Jun 17 05:53:08.905739 np0000181120 neutron-rpc-server[109225]: DEBUG cotyledon.oslo_config_glue [-] rpc_resources_processing_step = 20 {{(pid=109225) log_opt_values /opt/stack/data/venv/lib/python3.12/site-packages/oslo_config/cfg.py:3242}}
Jun 17 05:53:08.906039 np0000181120 neutron-rpc-server[109221]: DEBUG cotyledon.oslo_config_glue [-] OVS.igmp_flood_unregistered = False {{(pid=109221) log_opt_values /opt/stack/data/venv/lib/python3.12/site-packages/oslo_config/cfg.py:3253}}
Jun 17 05:53:08.906039 np0000181120 neutron-rpc-server[109221]: DEBUG cotyledon.oslo_config_glue [-] OVS.igmp_snooping_enable = False {{(pid=109221) log_opt_values /opt/stack/data/venv/lib/python3.12/site-packages/oslo_config/cfg.py:3253}}
Jun 17 05:53:08.906202 np0000181120 neutron-rpc-server[109182]: DEBUG ovsdbapp.backend.ovs_idl [None req-04429477-645d-47fc-9b59-10ab1481f689 None None] Created schema index Logical_Switch_Port.name {{(pid=109182) autocreate_indices /opt/stack/data/venv/lib/python3.12/site-packages/ovsdbapp/backend/ovs_idl/__init__.py:106}}
Jun 17 05:53:08.906311 np0000181120 neutron-rpc-server[109225]: DEBUG cotyledon.oslo_config_glue [-] rpc_response_max_timeout = 600 {{(pid=109225) log_opt_values /opt/stack/data/venv/lib/python3.12/site-packages/oslo_config/cfg.py:3242}}
Jun 17 05:53:08.906424 np0000181120 neutron-rpc-server[109221]: DEBUG cotyledon.oslo_config_glue [-] OVS.ovsdb_timeout = 10 {{(pid=109221) log_opt_values /opt/stack/data/venv/lib/python3.12/site-packages/oslo_config/cfg.py:3253}}
Jun 17 05:53:08.906543 np0000181120 neutron-rpc-server[109225]: DEBUG cotyledon.oslo_config_glue [-] rpc_response_timeout = 60 {{(pid=109225) log_opt_values /opt/stack/data/venv/lib/python3.12/site-packages/oslo_config/cfg.py:3242}}
Jun 17 05:53:08.906642 np0000181120 neutron-rpc-server[109221]: DEBUG cotyledon.oslo_config_glue [-] ovn_nb_global.fdb_removal_limit = 0 {{(pid=109221) log_opt_values /opt/stack/data/venv/lib/python3.12/site-packages/oslo_config/cfg.py:3253}}
Jun 17 05:53:08.906748 np0000181120 neutron-rpc-server[109225]: DEBUG cotyledon.oslo_config_glue [-] rpc_state_report_workers = 0 {{(pid=109225) log_opt_values /opt/stack/data/venv/lib/python3.12/site-packages/oslo_config/cfg.py:3242}}
Jun 17 05:53:08.906888 np0000181120 neutron-rpc-server[109221]: DEBUG cotyledon.oslo_config_glue [-] ovn_nb_global.ignore_lsp_down = False {{(pid=109221) log_opt_values /opt/stack/data/venv/lib/python3.12/site-packages/oslo_config/cfg.py:3253}}
Jun 17 05:53:08.907017 np0000181120 neutron-rpc-server[109225]: DEBUG cotyledon.oslo_config_glue [-] rpc_workers = None {{(pid=109225) log_opt_values /opt/stack/data/venv/lib/python3.12/site-packages/oslo_config/cfg.py:3242}}
Jun 17 05:53:08.907161 np0000181120 neutron-rpc-server[109221]: DEBUG cotyledon.oslo_config_glue [-] ovn_nb_global.mac_binding_removal_limit = 0 {{(pid=109221) log_opt_values /opt/stack/data/venv/lib/python3.12/site-packages/oslo_config/cfg.py:3253}}
Jun 17 05:53:08.907290 np0000181120 neutron-rpc-server[109225]: DEBUG cotyledon.oslo_config_glue [-] send_events_interval = 2 {{(pid=109225) log_opt_values /opt/stack/data/venv/lib/python3.12/site-packages/oslo_config/cfg.py:3242}}
Jun 17 05:53:08.907417 np0000181120 neutron-rpc-server[109221]: DEBUG cotyledon.oslo_config_glue [-] ******************************************************************************** {{(pid=109221) log_opt_values /opt/stack/data/venv/lib/python3.12/site-packages/oslo_config/cfg.py:3260}}
Jun 17 05:53:08.907604 np0000181120 neutron-rpc-server[109225]: DEBUG cotyledon.oslo_config_glue [-] service_plugins = ['ovn-router'] {{(pid=109225) log_opt_values /opt/stack/data/venv/lib/python3.12/site-packages/oslo_config/cfg.py:3242}}
Jun 17 05:53:08.907604 np0000181120 neutron-rpc-server[109225]: DEBUG cotyledon.oslo_config_glue [-] setproctitle = on {{(pid=109225) log_opt_values /opt/stack/data/venv/lib/python3.12/site-packages/oslo_config/cfg.py:3242}}
Jun 17 05:53:08.907745 np0000181120 neutron-rpc-server[109221]: DEBUG cotyledon._service_worker [-] Run service ServiceWrapper(5) [109221] {{(pid=109221) wait_forever /opt/stack/data/venv/lib/python3.12/site-packages/cotyledon/_service_worker.py:218}}
Jun 17 05:53:08.907921 np0000181120 neutron-rpc-server[109225]: DEBUG cotyledon.oslo_config_glue [-] shell_completion = None {{(pid=109225) log_opt_values /opt/stack/data/venv/lib/python3.12/site-packages/oslo_config/cfg.py:3242}}
Jun 17 05:53:08.907921 np0000181120 neutron-rpc-server[109225]: DEBUG cotyledon.oslo_config_glue [-] state_path = /opt/stack/data/neutron {{(pid=109225) log_opt_values /opt/stack/data/venv/lib/python3.12/site-packages/oslo_config/cfg.py:3242}}
Jun 17 05:53:08.907921 np0000181120 neutron-rpc-server[109225]: DEBUG cotyledon.oslo_config_glue [-] syslog_log_facility = LOG_USER {{(pid=109225) log_opt_values /opt/stack/data/venv/lib/python3.12/site-packages/oslo_config/cfg.py:3242}}
Jun 17 05:53:08.907921 np0000181120 neutron-rpc-server[109225]: DEBUG cotyledon.oslo_config_glue [-] tcp_keepidle = 600 {{(pid=109225) log_opt_values /opt/stack/data/venv/lib/python3.12/site-packages/oslo_config/cfg.py:3242}}
Jun 17 05:53:08.907921 np0000181120 neutron-rpc-server[109225]: DEBUG cotyledon.oslo_config_glue [-] transport_url = **** {{(pid=109225) log_opt_values /opt/stack/data/venv/lib/python3.12/site-packages/oslo_config/cfg.py:3242}}
Jun 17 05:53:08.907921 np0000181120 neutron-rpc-server[109225]: DEBUG cotyledon.oslo_config_glue [-] use_journal = False {{(pid=109225) log_opt_values /opt/stack/data/venv/lib/python3.12/site-packages/oslo_config/cfg.py:3242}}
Jun 17 05:53:08.907921 np0000181120 neutron-rpc-server[109225]: DEBUG cotyledon.oslo_config_glue [-] use_json = False {{(pid=109225) log_opt_values /opt/stack/data/venv/lib/python3.12/site-packages/oslo_config/cfg.py:3242}}
Jun 17 05:53:08.907921 np0000181120 neutron-rpc-server[109225]: DEBUG cotyledon.oslo_config_glue [-] use_stderr = False {{(pid=109225) log_opt_values /opt/stack/data/venv/lib/python3.12/site-packages/oslo_config/cfg.py:3242}}
Jun 17 05:53:08.907921 np0000181120 neutron-rpc-server[109225]: DEBUG cotyledon.oslo_config_glue [-] use_syslog = False {{(pid=109225) log_opt_values /opt/stack/data/venv/lib/python3.12/site-packages/oslo_config/cfg.py:3242}}
Jun 17 05:53:08.908202 np0000181120 neutron-rpc-server[109225]: DEBUG cotyledon.oslo_config_glue [-] vlan_qinq = None {{(pid=109225) log_opt_values /opt/stack/data/venv/lib/python3.12/site-packages/oslo_config/cfg.py:3242}}
Jun 17 05:53:08.908202 np0000181120 neutron-rpc-server[109225]: DEBUG cotyledon.oslo_config_glue [-] vlan_transparent = None {{(pid=109225) log_opt_values /opt/stack/data/venv/lib/python3.12/site-packages/oslo_config/cfg.py:3242}}
Jun 17 05:53:08.908202 np0000181120 neutron-rpc-server[109225]: DEBUG cotyledon.oslo_config_glue [-] wsgi_default_pool_size = 100 {{(pid=109225) log_opt_values /opt/stack/data/venv/lib/python3.12/site-packages/oslo_config/cfg.py:3242}}
Jun 17 05:53:08.908341 np0000181120 neutron-rpc-server[109221]: DEBUG neutron.service [-] RpcWorker start called, description: rpc worker {{(pid=109221) wrapper /opt/stack/neutron/neutron/common/utils.py:197}}
Jun 17 05:53:08.908432 np0000181120 neutron-rpc-server[109225]: DEBUG cotyledon.oslo_config_glue [-] wsgi_keep_alive = True {{(pid=109225) log_opt_values /opt/stack/data/venv/lib/python3.12/site-packages/oslo_config/cfg.py:3242}}
Jun 17 05:53:08.908432 np0000181120 neutron-rpc-server[109225]: DEBUG cotyledon.oslo_config_glue [-] wsgi_log_format = %(client_ip)s "%(request_line)s" status: %(status_code)s len: %(body_length)s time: %(wall_seconds).7f {{(pid=109225) log_opt_values /opt/stack/data/venv/lib/python3.12/site-packages/oslo_config/cfg.py:3242}}
Jun 17 05:53:08.908432 np0000181120 neutron-rpc-server[109225]: DEBUG cotyledon.oslo_config_glue [-] wsgi_server_debug = False {{(pid=109225) log_opt_values /opt/stack/data/venv/lib/python3.12/site-packages/oslo_config/cfg.py:3242}}
Jun 17 05:53:08.908432 np0000181120 neutron-rpc-server[109225]: DEBUG cotyledon.oslo_config_glue [-] oslo_concurrency.disable_process_locking = False {{(pid=109225) log_opt_values /opt/stack/data/venv/lib/python3.12/site-packages/oslo_config/cfg.py:3253}}
Jun 17 05:53:08.908432 np0000181120 neutron-rpc-server[109225]: DEBUG cotyledon.oslo_config_glue [-] oslo_concurrency.lock_path = /opt/stack/data/neutron/lock {{(pid=109225) log_opt_values /opt/stack/data/venv/lib/python3.12/site-packages/oslo_config/cfg.py:3253}}
Jun 17 05:53:08.908610 np0000181120 neutron-rpc-server[109198]: DEBUG ovsdbapp.backend.ovs_idl [None req-26ab9b94-e56b-4d82-9077-13c2da1ed7da None None] Created schema index Chassis_Template_Var.chassis {{(pid=109198) autocreate_indices /opt/stack/data/venv/lib/python3.12/site-packages/ovsdbapp/backend/ovs_idl/__init__.py:106}}
Jun 17 05:53:08.908700 np0000181120 neutron-rpc-server[109225]: DEBUG cotyledon.oslo_config_glue [-] profiler.connection_string = messaging:// {{(pid=109225) log_opt_values /opt/stack/data/venv/lib/python3.12/site-packages/oslo_config/cfg.py:3253}}
Jun 17 05:53:08.908831 np0000181120 neutron-rpc-server[109198]: DEBUG ovsdbapp.backend.ovs_idl [None req-26ab9b94-e56b-4d82-9077-13c2da1ed7da None None] Created schema index Logical_Router_Port.name {{(pid=109198) autocreate_indices /opt/stack/data/venv/lib/python3.12/site-packages/ovsdbapp/backend/ovs_idl/__init__.py:106}}
Jun 17 05:53:08.908923 np0000181120 neutron-rpc-server[109221]: DEBUG neutron_lib.callbacks.manager [-] Publish callbacks ['neutron.plugins.ml2.drivers.ovn.mech_driver.mech_driver.OVNMechanismDriver.post_fork_initialize-16675321', 'neutron.services.pvlan.drivers.ovn.driver._initialize_pvlan_pg_drop-7705649371430', 'neutron.services.ovn_l3.plugin.OVNL3RouterPlugin._post_fork_initialize-127580'] for process (None), after_init {{(pid=109221) _notify_loop /opt/stack/data/venv/lib/python3.12/site-packages/neutron_lib/callbacks/manager.py:184}}
Jun 17 05:53:08.909062 np0000181120 neutron-rpc-server[109225]: DEBUG cotyledon.oslo_config_glue [-] profiler.enabled = False {{(pid=109225) log_opt_values /opt/stack/data/venv/lib/python3.12/site-packages/oslo_config/cfg.py:3253}}
Jun 17 05:53:08.909172 np0000181120 neutron-rpc-server[109198]: DEBUG ovsdbapp.backend.ovs_idl [None req-26ab9b94-e56b-4d82-9077-13c2da1ed7da None None] Created schema index Port_Group.name {{(pid=109198) autocreate_indices /opt/stack/data/venv/lib/python3.12/site-packages/ovsdbapp/backend/ovs_idl/__init__.py:106}}
Jun 17 05:53:08.909172 np0000181120 neutron-rpc-server[109198]: DEBUG ovsdbapp.backend.ovs_idl [None req-26ab9b94-e56b-4d82-9077-13c2da1ed7da None None] Created schema index Logical_Switch_Port.name {{(pid=109198) autocreate_indices /opt/stack/data/venv/lib/python3.12/site-packages/ovsdbapp/backend/ovs_idl/__init__.py:106}}
Jun 17 05:53:08.909340 np0000181120 neutron-rpc-server[109225]: DEBUG cotyledon.oslo_config_glue [-] profiler.es_doc_type = notification {{(pid=109225) log_opt_values /opt/stack/data/venv/lib/python3.12/site-packages/oslo_config/cfg.py:3253}}
Jun 17 05:53:08.909340 np0000181120 neutron-rpc-server[109225]: DEBUG cotyledon.oslo_config_glue [-] profiler.es_scroll_size = 10000 {{(pid=109225) log_opt_values /opt/stack/data/venv/lib/python3.12/site-packages/oslo_config/cfg.py:3253}}
Jun 17 05:53:08.909340 np0000181120 neutron-rpc-server[109225]: DEBUG cotyledon.oslo_config_glue [-] profiler.es_scroll_time = 2m {{(pid=109225) log_opt_values /opt/stack/data/venv/lib/python3.12/site-packages/oslo_config/cfg.py:3253}}
Jun 17 05:53:08.909340 np0000181120 neutron-rpc-server[109225]: DEBUG cotyledon.oslo_config_glue [-] profiler.filter_error_trace = False {{(pid=109225) log_opt_values /opt/stack/data/venv/lib/python3.12/site-packages/oslo_config/cfg.py:3253}}
Jun 17 05:53:08.909340 np0000181120 neutron-rpc-server[109225]: DEBUG cotyledon.oslo_config_glue [-] profiler.hmac_keys = **** {{(pid=109225) log_opt_values /opt/stack/data/venv/lib/python3.12/site-packages/oslo_config/cfg.py:3253}}
