Jun 18 13:47:00.532705 np0000182127 devstack@n-api.service[99892]: DEBUG nova.api.openstack.wsgi [None req-bc2062d4-196d-40b8-8661-c307719e4070 demo demo] Calling method '>' {{(pid=99892) _process_stack /opt/stack/nova/nova/api/openstack/wsgi.py:551}}
Jun 18 13:47:00.550721 np0000182127 devstack@n-api.service[99892]: INFO nova.api.openstack.requestlog [None req-bc2062d4-196d-40b8-8661-c307719e4070 demo demo] 199.204.45.246 "GET /compute/v2.1/flavors/detail?is_public=None" status: 200 len: 5262 microversion: 2.61 time: 0.020764
Jun 18 13:47:00.551124 np0000182127 devstack@n-api.service[99892]: [pid: 99892|app: 0|req: 18/72] 199.204.45.246 () {68 vars in 1424 bytes} [Thu Jun 18 13:47:00 2026] GET /compute/v2.1/flavors/detail?is_public=None => generated 5262 bytes in 21 msecs (HTTP/1.1 200) 9 headers in 360 bytes (1 switches on core 0)
Jun 18 13:47:00.692403 np0000182127 devstack@n-api.service[99894]: DEBUG nova.api.openstack.wsgi [None req-09f35f72-64d9-4ebb-8aee-c470ce41bba8 admin admin] Calling method '>' {{(pid=99894) _process_stack /opt/stack/nova/nova/api/openstack/wsgi.py:551}}
Jun 18 13:47:00.698566 np0000182127 devstack@n-api.service[99894]: INFO nova.api.openstack.requestlog [None req-09f35f72-64d9-4ebb-8aee-c470ce41bba8 admin admin] 199.204.45.246 "GET /compute/v2.1" status: 200 len: 393 microversion: 2.1 time: 0.006504
Jun 18 13:47:00.698874 np0000182127 devstack@n-api.service[99894]: [pid: 99894|app: 0|req: 18/73] 199.204.45.246 () {62 vars in 1063 bytes} [Thu Jun 18 13:47:00 2026] GET /compute/v2.1 => generated 393 bytes in 7 msecs (HTTP/1.1 200) 9 headers in 357 bytes (1 switches on core 0)
Jun 18 13:47:00.739391 np0000182127 devstack@n-api.service[99895]: DEBUG nova.api.openstack.wsgi [None req-6a9e735d-87e4-4cb1-af7c-c48047d8b67a admin admin] Calling method '>' {{(pid=99895) _process_stack /opt/stack/nova/nova/api/openstack/wsgi.py:551}}
Jun 18 13:47:00.744034 np0000182127 devstack@n-api.service[99895]: INFO nova.api.openstack.requestlog [None req-6a9e735d-87e4-4cb1-af7c-c48047d8b67a admin admin] 199.204.45.246 "GET /compute/v2.1/" status: 200 len: 393 microversion: 2.1 time: 0.005107
Jun 18 13:47:00.744332 np0000182127 devstack@n-api.service[99895]: [pid: 99895|app: 0|req: 20/74] 199.204.45.246 () {62 vars in 1066 bytes} [Thu Jun 18 13:47:00 2026] GET /compute/v2.1/ => generated 393 bytes in 6 msecs (HTTP/1.1 200) 9 headers in 357 bytes (1 switches on core 0)
Jun 18 13:47:00.782622 np0000182127 devstack@n-api.service[99893]: DEBUG nova.api.openstack.wsgi [None req-858f64ea-591a-41bc-a3ec-fc5542f87ad9 demo demo] Calling method '>' {{(pid=99893) _process_stack /opt/stack/nova/nova/api/openstack/wsgi.py:551}}
Jun 18 13:47:00.804295 np0000182127 devstack@n-api.service[99893]: INFO nova.api.openstack.requestlog [None req-858f64ea-591a-41bc-a3ec-fc5542f87ad9 demo demo] 199.204.45.246 "GET /compute/v2.1/flavors/detail?is_public=None" status: 200 len: 5262 microversion: 2.61 time: 0.024248
Jun 18 13:47:00.804642 np0000182127 devstack@n-api.service[99893]: [pid: 99893|app: 0|req: 19/75] 199.204.45.246 () {68 vars in 1424 bytes} [Thu Jun 18 13:47:00 2026] GET /compute/v2.1/flavors/detail?is_public=None => generated 5262 bytes in 25 msecs (HTTP/1.1 200) 9 headers in 360 bytes (1 switches on core 0)
Jun 18 13:47:00.853024 np0000182127 devstack@n-api.service[99892]: DEBUG nova.api.openstack.wsgi [None req-7301bd70-16ad-463b-a699-af95f15b91e0 demo demo] Calling method '>' {{(pid=99892) _process_stack /opt/stack/nova/nova/api/openstack/wsgi.py:551}}
Jun 18 13:47:00.874131 np0000182127 devstack@n-api.service[99892]: INFO nova.api.openstack.requestlog [None req-7301bd70-16ad-463b-a699-af95f15b91e0 demo demo] 199.204.45.246 "GET /compute/v2.1/flavors/detail?is_public=None" status: 200 len: 5262 microversion: 2.61 time: 0.024761
Jun 18 13:47:00.874422 np0000182127 devstack@n-api.service[99892]: [pid: 99892|app: 0|req: 19/76] 199.204.45.246 () {68 vars in 1424 bytes} [Thu Jun 18 13:47:00 2026] GET /compute/v2.1/flavors/detail?is_public=None => generated 5262 bytes in 26 msecs (HTTP/1.1 200) 9 headers in 360 bytes (1 switches on core 0)
Jun 18 13:47:04.797073 np0000182127 devstack@n-api.service[99894]: DEBUG nova.api.openstack.wsgi [None req-09f35f72-64d9-4ebb-8aee-c470ce41bba8 admin admin] Calling method '>' {{(pid=99894) _process_stack /opt/stack/nova/nova/api/openstack/wsgi.py:551}}
Jun 18 13:47:04.803859 np0000182127 devstack@n-api.service[99894]: INFO nova.api.openstack.requestlog [None req-09f35f72-64d9-4ebb-8aee-c470ce41bba8 admin admin] 199.204.45.246 "GET /compute/v2.1" status: 200 len: 393 microversion: 2.1 time: 0.007768
Jun 18 13:47:04.804307 np0000182127 devstack@n-api.service[99894]: [pid: 99894|app: 0|req: 19/77] 199.204.45.246 () {62 vars in 1074 bytes} [Thu Jun 18 13:47:04 2026] GET /compute/v2.1 => generated 393 bytes in 9 msecs (HTTP/1.1 200) 9 headers in 357 bytes (1 switches on core 0)
Jun 18 13:47:04.849296 np0000182127 devstack@n-api.service[99895]: DEBUG nova.api.openstack.wsgi [None req-6a9e735d-87e4-4cb1-af7c-c48047d8b67a admin admin] Calling method '>' {{(pid=99895) _process_stack /opt/stack/nova/nova/api/openstack/wsgi.py:551}}
Jun 18 13:47:04.853114 np0000182127 devstack@n-api.service[99895]: INFO nova.api.openstack.requestlog [None req-6a9e735d-87e4-4cb1-af7c-c48047d8b67a admin admin] 199.204.45.246 "GET /compute/v2.1/" status: 200 len: 393 microversion: 2.1 time: 0.004219
Jun 18 13:47:04.853522 np0000182127 devstack@n-api.service[99895]: [pid: 99895|app: 0|req: 21/78] 199.204.45.246 () {62 vars in 1077 bytes} [Thu Jun 18 13:47:04 2026] GET /compute/v2.1/ => generated 393 bytes in 5 msecs (HTTP/1.1 200) 9 headers in 357 bytes (1 switches on core 0)
Jun 18 13:47:04.896261 np0000182127 devstack@n-api.service[99893]: DEBUG nova.api.openstack.wsgi [None req-707d17da-4e35-4a4d-a9b6-80ee5c6aeae0 demo demo] Calling method '>' {{(pid=99893) _process_stack /opt/stack/nova/nova/api/openstack/wsgi.py:551}}
Jun 18 13:47:04.921538 np0000182127 devstack@n-api.service[99893]: INFO nova.api.openstack.requestlog [None req-707d17da-4e35-4a4d-a9b6-80ee5c6aeae0 demo demo] 199.204.45.246 "GET /compute/v2.1/os-server-groups" status: 200 len: 21 microversion: 2.64 time: 0.027951
Jun 18 13:47:04.921846 np0000182127 devstack@n-api.service[99893]: [pid: 99893|app: 0|req: 20/79] 199.204.45.246 () {68 vars in 1412 bytes} [Thu Jun 18 13:47:04 2026] GET /compute/v2.1/os-server-groups => generated 21 bytes in 29 msecs (HTTP/1.1 200) 9 headers in 358 bytes (1 switches on core 0)
Jun 18 13:47:04.965414 np0000182127 devstack@n-api.service[99892]: DEBUG nova.api.openstack.wsgi [None req-7301bd70-16ad-463b-a699-af95f15b91e0 demo demo] Calling method '>' {{(pid=99892) _process_stack /opt/stack/nova/nova/api/openstack/wsgi.py:551}}
Jun 18 13:47:04.971724 np0000182127 devstack@n-api.service[99892]: INFO nova.api.openstack.requestlog [None req-7301bd70-16ad-463b-a699-af95f15b91e0 demo demo] 199.204.45.246 "GET /compute/v2.1" status: 200 len: 393 microversion: 2.1 time: 0.006775
Jun 18 13:47:04.972013 np0000182127 devstack@n-api.service[99892]: [pid: 99892|app: 0|req: 20/80] 199.204.45.246 () {62 vars in 1074 bytes} [Thu Jun 18 13:47:04 2026] GET /compute/v2.1 => generated 393 bytes in 8 msecs (HTTP/1.1 200) 9 headers in 357 bytes (1 switches on core 0)
Jun 18 13:47:05.009431 np0000182127 devstack@n-api.service[99894]: DEBUG nova.api.openstack.wsgi [None req-09f35f72-64d9-4ebb-8aee-c470ce41bba8 admin admin] Calling method '>' {{(pid=99894) _process_stack /opt/stack/nova/nova/api/openstack/wsgi.py:551}}
Jun 18 13:47:05.013507 np0000182127 devstack@n-api.service[99894]: INFO nova.api.openstack.requestlog [None req-09f35f72-64d9-4ebb-8aee-c470ce41bba8 admin admin] 199.204.45.246 "GET /compute/v2.1/" status: 200 len: 393 microversion: 2.1 time: 0.004501
Jun 18 13:47:05.013760 np0000182127 devstack@n-api.service[99894]: [pid: 99894|app: 0|req: 20/81] 199.204.45.246 () {62 vars in 1077 bytes} [Thu Jun 18 13:47:05 2026] GET /compute/v2.1/ => generated 393 bytes in 5 msecs (HTTP/1.1 200) 9 headers in 357 bytes (1 switches on core 0)
Jun 18 13:47:05.051520 np0000182127 devstack@n-api.service[99895]: DEBUG nova.api.openstack.wsgi [None req-b2c59338-9a5a-4b85-9c80-81760769fd6e demo demo] Action: 'create', calling method: >, body: {"server_group": {"name": "kube-ezb62", "policy": "soft-anti-affinity"}} {{(pid=99895) _process_stack /opt/stack/nova/nova/api/openstack/wsgi.py:549}}
Jun 18 13:47:05.080501 np0000182127 devstack@n-api.service[99895]: DEBUG nova.quota [None req-b2c59338-9a5a-4b85-9c80-81760769fd6e demo demo] Getting quotas for project 5d009c4b1ad64492a6775855e4cf9ab2. Resources: {'server_groups'} {{(pid=99895) _get_quotas /opt/stack/nova/nova/quota.py:392}}
Jun 18 13:47:05.084852 np0000182127 devstack@n-api.service[99895]: DEBUG nova.quota [None req-b2c59338-9a5a-4b85-9c80-81760769fd6e demo demo] Getting quotas for user b240caf75063498da290c41a8bd4dd12 and project 5d009c4b1ad64492a6775855e4cf9ab2. Resources: {'server_groups'} {{(pid=99895) _get_quotas /opt/stack/nova/nova/quota.py:382}}
Jun 18 13:47:05.143134 np0000182127 devstack@n-api.service[99895]: DEBUG nova.quota [None req-b2c59338-9a5a-4b85-9c80-81760769fd6e demo demo] Getting quotas for project 5d009c4b1ad64492a6775855e4cf9ab2. Resources: {'server_groups'} {{(pid=99895) _get_quotas /opt/stack/nova/nova/quota.py:392}}
Jun 18 13:47:05.145146 np0000182127 devstack@n-api.service[99895]: DEBUG nova.quota [None req-b2c59338-9a5a-4b85-9c80-81760769fd6e demo demo] Getting quotas for user b240caf75063498da290c41a8bd4dd12 and project 5d009c4b1ad64492a6775855e4cf9ab2. Resources: {'server_groups'} {{(pid=99895) _get_quotas /opt/stack/nova/nova/quota.py:382}}
Jun 18 13:47:05.152880 np0000182127 devstack@n-api.service[99895]: INFO nova.api.openstack.requestlog [None req-b2c59338-9a5a-4b85-9c80-81760769fd6e demo demo] 199.204.45.246 "POST /compute/v2.1/os-server-groups" status: 200 len: 243 microversion: 2.64 time: 0.106456
Jun 18 13:47:05.153219 np0000182127 devstack@n-api.service[99895]: [pid: 99895|app: 0|req: 22/82] 199.204.45.246 () {72 vars in 1452 bytes} [Thu Jun 18 13:47:05 2026] POST /compute/v2.1/os-server-groups => generated 243 bytes in 107 msecs (HTTP/1.1 200) 9 headers in 359 bytes (1 switches on core 0)
Jun 18 13:47:05.202126 np0000182127 devstack@n-api.service[99893]: DEBUG nova.api.openstack.wsgi [None req-707d17da-4e35-4a4d-a9b6-80ee5c6aeae0 demo demo] Calling method '>' {{(pid=99893) _process_stack /opt/stack/nova/nova/api/openstack/wsgi.py:551}}
Jun 18 13:47:05.207213 np0000182127 devstack@n-api.service[99893]: INFO nova.api.openstack.requestlog [None req-707d17da-4e35-4a4d-a9b6-80ee5c6aeae0 demo demo] 199.204.45.246 "GET /compute/v2.1" status: 200 len: 393 microversion: 2.1 time: 0.005763
Jun 18 13:47:05.207505 np0000182127 devstack@n-api.service[99893]: [pid: 99893|app: 0|req: 21/83] 199.204.45.246 () {62 vars in 1074 bytes} [Thu Jun 18 13:47:05 2026] GET /compute/v2.1 => generated 393 bytes in 7 msecs (HTTP/1.1 200) 9 headers in 357 bytes (1 switches on core 0)
Jun 18 13:47:05.246517 np0000182127 devstack@n-api.service[99892]: DEBUG nova.api.openstack.wsgi [None req-7301bd70-16ad-463b-a699-af95f15b91e0 demo demo] Calling method '>' {{(pid=99892) _process_stack /opt/stack/nova/nova/api/openstack/wsgi.py:551}}
Jun 18 13:47:05.253197 np0000182127 devstack@n-api.service[99892]: INFO nova.api.openstack.requestlog [None req-7301bd70-16ad-463b-a699-af95f15b91e0 demo demo] 199.204.45.246 "GET /compute/v2.1/" status: 200 len: 393 microversion: 2.1 time: 0.007028
Jun 18 13:47:05.253596 np0000182127 devstack@n-api.service[99892]: [pid: 99892|app: 0|req: 21/84] 199.204.45.246 () {62 vars in 1077 bytes} [Thu Jun 18 13:47:05 2026] GET /compute/v2.1/ => generated 393 bytes in 8 msecs (HTTP/1.1 200) 9 headers in 357 bytes (1 switches on core 0)
Jun 18 13:47:05.292713 np0000182127 devstack@n-api.service[99894]: DEBUG nova.api.openstack.wsgi [None req-ee5c80cf-218a-4ee9-a2a2-5b6b018a82ba demo demo] Calling method '>' {{(pid=99894) _process_stack /opt/stack/nova/nova/api/openstack/wsgi.py:551}}
Jun 18 13:47:05.315593 np0000182127 devstack@n-api.service[99894]: INFO nova.api.openstack.requestlog [None req-ee5c80cf-218a-4ee9-a2a2-5b6b018a82ba demo demo] 199.204.45.246 "GET /compute/v2.1/os-server-groups" status: 200 len: 246 microversion: 2.64 time: 0.024960
Jun 18 13:47:05.315815 np0000182127 devstack@n-api.service[99894]: [pid: 99894|app: 0|req: 21/85] 199.204.45.246 () {68 vars in 1412 bytes} [Thu Jun 18 13:47:05 2026] GET /compute/v2.1/os-server-groups => generated 246 bytes in 26 msecs (HTTP/1.1 200) 9 headers in 359 bytes (1 switches on core 0)
Jun 18 13:47:05.352817 np0000182127 devstack@n-api.service[99895]: DEBUG nova.api.openstack.wsgi [None req-b2c59338-9a5a-4b85-9c80-81760769fd6e demo demo] Calling method '>' {{(pid=99895) _process_stack /opt/stack/nova/nova/api/openstack/wsgi.py:551}}
Jun 18 13:47:05.358400 np0000182127 devstack@n-api.service[99895]: INFO nova.api.openstack.requestlog [None req-b2c59338-9a5a-4b85-9c80-81760769fd6e demo demo] 199.204.45.246 "GET /compute/v2.1" status: 200 len: 393 microversion: 2.1 time: 0.005890
Jun 18 13:47:05.358850 np0000182127 devstack@n-api.service[99895]: [pid: 99895|app: 0|req: 23/86] 199.204.45.246 () {62 vars in 1074 bytes} [Thu Jun 18 13:47:05 2026] GET /compute/v2.1 => generated 393 bytes in 7 msecs (HTTP/1.1 200) 9 headers in 357 bytes (1 switches on core 0)
Jun 18 13:47:05.395250 np0000182127 devstack@n-api.service[99893]: DEBUG nova.api.openstack.wsgi [None req-707d17da-4e35-4a4d-a9b6-80ee5c6aeae0 demo demo] Calling method '>' {{(pid=99893) _process_stack /opt/stack/nova/nova/api/openstack/wsgi.py:551}}
Jun 18 13:47:05.402495 np0000182127 devstack@n-api.service[99893]: INFO nova.api.openstack.requestlog [None req-707d17da-4e35-4a4d-a9b6-80ee5c6aeae0 demo demo] 199.204.45.246 "GET /compute/v2.1/" status: 200 len: 393 microversion: 2.1 time: 0.007592
Jun 18 13:47:05.403357 np0000182127 devstack@n-api.service[99893]: [pid: 99893|app: 0|req: 22/87] 199.204.45.246 () {62 vars in 1077 bytes} [Thu Jun 18 13:47:05 2026] GET /compute/v2.1/ => generated 393 bytes in 9 msecs (HTTP/1.1 200) 9 headers in 357 bytes (1 switches on core 0)
Jun 18 13:47:05.447670 np0000182127 devstack@n-api.service[99892]: DEBUG nova.api.openstack.wsgi [None req-2ee8dcc4-e091-4bff-8b4f-b22d8e3189d4 demo demo] Action: 'create', calling method: >, body: {"server_group": {"name": "kube-ezb62-default-worker", "policy": "soft-anti-affinity"}} {{(pid=99892) _process_stack /opt/stack/nova/nova/api/openstack/wsgi.py:549}}
Jun 18 13:47:05.479573 np0000182127 devstack@n-api.service[99892]: DEBUG nova.quota [None req-2ee8dcc4-e091-4bff-8b4f-b22d8e3189d4 demo demo] Getting quotas for project 5d009c4b1ad64492a6775855e4cf9ab2. Resources: {'server_groups'} {{(pid=99892) _get_quotas /opt/stack/nova/nova/quota.py:392}}
Jun 18 13:47:05.485294 np0000182127 devstack@n-api.service[99892]: DEBUG nova.quota [None req-2ee8dcc4-e091-4bff-8b4f-b22d8e3189d4 demo demo] Getting quotas for user b240caf75063498da290c41a8bd4dd12 and project 5d009c4b1ad64492a6775855e4cf9ab2. Resources: {'server_groups'} {{(pid=99892) _get_quotas /opt/stack/nova/nova/quota.py:382}}
Jun 18 13:47:05.550508 np0000182127 devstack@n-api.service[99892]: DEBUG nova.quota [None req-2ee8dcc4-e091-4bff-8b4f-b22d8e3189d4 demo demo] Getting quotas for project 5d009c4b1ad64492a6775855e4cf9ab2. Resources: {'server_groups'} {{(pid=99892) _get_quotas /opt/stack/nova/nova/quota.py:392}}
Jun 18 13:47:05.552849 np0000182127 devstack@n-api.service[99892]: DEBUG nova.quota [None req-2ee8dcc4-e091-4bff-8b4f-b22d8e3189d4 demo demo] Getting quotas for user b240caf75063498da290c41a8bd4dd12 and project 5d009c4b1ad64492a6775855e4cf9ab2. Resources: {'server_groups'} {{(pid=99892) _get_quotas /opt/stack/nova/nova/quota.py:382}}
Jun 18 13:47:05.562364 np0000182127 devstack@n-api.service[99892]: INFO nova.api.openstack.requestlog [None req-2ee8dcc4-e091-4bff-8b4f-b22d8e3189d4 demo demo] 199.204.45.246 "POST /compute/v2.1/os-server-groups" status: 200 len: 258 microversion: 2.64 time: 0.118576
Jun 18 13:47:05.562758 np0000182127 devstack@n-api.service[99892]: [pid: 99892|app: 0|req: 22/88] 199.204.45.246 () {72 vars in 1452 bytes} [Thu Jun 18 13:47:05 2026] POST /compute/v2.1/os-server-groups => generated 258 bytes in 119 msecs (HTTP/1.1 200) 9 headers in 359 bytes (1 switches on core 0)
Jun 18 13:47:08.543080 np0000182127 devstack@n-api.service[99894]: DEBUG nova.api.openstack.wsgi [None req-ee5c80cf-218a-4ee9-a2a2-5b6b018a82ba demo demo] Calling method '>' {{(pid=99894) _process_stack /opt/stack/nova/nova/api/openstack/wsgi.py:551}}
Jun 18 13:47:08.548385 np0000182127 devstack@n-api.service[99894]: INFO nova.api.openstack.requestlog [None req-ee5c80cf-218a-4ee9-a2a2-5b6b018a82ba demo demo] 199.204.45.246 "GET /compute/v2.1" status: 200 len: 393 microversion: 2.1 time: 0.005875
Jun 18 13:47:08.548616 np0000182127 devstack@n-api.service[99894]: [pid: 99894|app: 0|req: 22/89] 199.204.45.246 () {62 vars in 1074 bytes} [Thu Jun 18 13:47:08 2026] GET /compute/v2.1 => generated 393 bytes in 6 msecs (HTTP/1.1 200) 9 headers in 357 bytes (1 switches on core 0)
Jun 18 13:47:08.585795 np0000182127 devstack@n-api.service[99895]: DEBUG nova.api.openstack.wsgi [None req-b2c59338-9a5a-4b85-9c80-81760769fd6e demo demo] Calling method '>' {{(pid=99895) _process_stack /opt/stack/nova/nova/api/openstack/wsgi.py:551}}
Jun 18 13:47:08.588642 np0000182127 devstack@n-api.service[99895]: INFO nova.api.openstack.requestlog [None req-b2c59338-9a5a-4b85-9c80-81760769fd6e demo demo] 199.204.45.246 "GET /compute/v2.1/" status: 200 len: 393 microversion: 2.1 time: 0.003114
Jun 18 13:47:08.588846 np0000182127 devstack@n-api.service[99895]: [pid: 99895|app: 0|req: 24/90] 199.204.45.246 () {62 vars in 1077 bytes} [Thu Jun 18 13:47:08 2026] GET /compute/v2.1/ => generated 393 bytes in 3 msecs (HTTP/1.1 200) 9 headers in 357 bytes (2 switches on core 0)
Jun 18 13:47:08.643998 np0000182127 devstack@n-api.service[99893]: DEBUG nova.api.openstack.wsgi [None req-f8122f04-ac91-4d6a-a67e-ff7eba5b1d5f demo demo] Calling method '>' {{(pid=99893) _process_stack /opt/stack/nova/nova/api/openstack/wsgi.py:551}}
Jun 18 13:47:08.664219 np0000182127 devstack@n-api.service[99893]: INFO nova.api.openstack.requestlog [None req-f8122f04-ac91-4d6a-a67e-ff7eba5b1d5f demo demo] 199.204.45.246 "GET /compute/v2.1/flavors/detail?is_public=None" status: 200 len: 5262 microversion: 2.61 time: 0.023882
Jun 18 13:47:08.664461 np0000182127 devstack@n-api.service[99893]: [pid: 99893|app: 0|req: 23/91] 199.204.45.246 () {68 vars in 1435 bytes} [Thu Jun 18 13:47:08 2026] GET /compute/v2.1/flavors/detail?is_public=None => generated 5262 bytes in 24 msecs (HTTP/1.1 200) 9 headers in 360 bytes (1 switches on core 0)
Jun 18 13:47:08.717722 np0000182127 devstack@n-api.service[99892]: DEBUG nova.api.openstack.wsgi [None req-3e820ec2-c73a-401d-bf5c-100e24ea2eb9 demo demo] Calling method '>' {{(pid=99892) _process_stack /opt/stack/nova/nova/api/openstack/wsgi.py:551}}
Jun 18 13:47:08.739743 np0000182127 devstack@n-api.service[99892]: INFO nova.api.openstack.requestlog [None req-3e820ec2-c73a-401d-bf5c-100e24ea2eb9 demo demo] 199.204.45.246 "GET /compute/v2.1/flavors/detail?is_public=None" status: 200 len: 5262 microversion: 2.61 time: 0.025469
Jun 18 13:47:08.740104 np0000182127 devstack@n-api.service[99892]: [pid: 99892|app: 0|req: 23/92] 199.204.45.246 () {68 vars in 1435 bytes} [Thu Jun 18 13:47:08 2026] GET /compute/v2.1/flavors/detail?is_public=None => generated 5262 bytes in 26 msecs (HTTP/1.1 200) 9 headers in 360 bytes (1 switches on core 0)
Jun 18 13:47:08.907998 np0000182127 devstack@n-api.service[99894]: DEBUG nova.api.openstack.wsgi [None req-ee5c80cf-218a-4ee9-a2a2-5b6b018a82ba demo demo] Calling method '>' {{(pid=99894) _process_stack /opt/stack/nova/nova/api/openstack/wsgi.py:551}}
Jun 18 13:47:08.914420 np0000182127 devstack@n-api.service[99894]: INFO nova.api.openstack.requestlog [None req-ee5c80cf-218a-4ee9-a2a2-5b6b018a82ba demo demo] 199.204.45.246 "GET /compute/v2.1" status: 200 len: 393 microversion: 2.1 time: 0.006908
Jun 18 13:47:08.914817 np0000182127 devstack@n-api.service[99894]: [pid: 99894|app: 0|req: 23/93] 199.204.45.246 () {62 vars in 1074 bytes} [Thu Jun 18 13:47:08 2026] GET /compute/v2.1 => generated 393 bytes in 8 msecs (HTTP/1.1 200) 9 headers in 357 bytes (1 switches on core 0)
Jun 18 13:47:08.952806 np0000182127 devstack@n-api.service[99895]: DEBUG nova.api.openstack.wsgi [None req-b2c59338-9a5a-4b85-9c80-81760769fd6e demo demo] Calling method '>' {{(pid=99895) _process_stack /opt/stack/nova/nova/api/openstack/wsgi.py:551}}
Jun 18 13:47:08.959502 np0000182127 devstack@n-api.service[99895]: INFO nova.api.openstack.requestlog [None req-b2c59338-9a5a-4b85-9c80-81760769fd6e demo demo] 199.204.45.246 "GET /compute/v2.1/" status: 200 len: 393 microversion: 2.1 time: 0.006855
Jun 18 13:47:08.959981 np0000182127 devstack@n-api.service[99895]: [pid: 99895|app: 0|req: 25/94] 199.204.45.246 () {62 vars in 1077 bytes} [Thu Jun 18 13:47:08 2026] GET /compute/v2.1/ => generated 393 bytes in 8 msecs (HTTP/1.1 200) 9 headers in 357 bytes (1 switches on core 0)
Jun 18 13:47:08.996909 np0000182127 devstack@n-api.service[99893]: DEBUG nova.api.openstack.wsgi [None req-5cfe6b50-aca9-4d44-9c78-ba5bc14e5482 demo demo] Calling method '>' {{(pid=99893) _process_stack /opt/stack/nova/nova/api/openstack/wsgi.py:551}}
Jun 18 13:47:09.021763 np0000182127 devstack@n-api.service[99893]: INFO nova.api.openstack.requestlog [None req-5cfe6b50-aca9-4d44-9c78-ba5bc14e5482 demo demo] 199.204.45.246 "GET /compute/v2.1/flavors/detail?is_public=None" status: 200 len: 5262 microversion: 2.61 time: 0.028184
Jun 18 13:47:09.022284 np0000182127 devstack@n-api.service[99893]: [pid: 99893|app: 0|req: 24/95] 199.204.45.246 () {68 vars in 1435 bytes} [Thu Jun 18 13:47:08 2026] GET /compute/v2.1/flavors/detail?is_public=None => generated 5262 bytes in 29 msecs (HTTP/1.1 200) 9 headers in 360 bytes (1 switches on core 0)
Jun 18 13:47:15.148463 np0000182127 devstack@n-api.service[99895]: DEBUG dbcounter [-] [99895] Writing DB stats nova_cell0:SELECT=4 {{(pid=99895) stat_writer /opt/stack/data/venv/lib/python3.12/site-packages/dbcounter.py:115}}
Jun 18 13:47:15.150615 np0000182127 devstack@n-api.service[99895]: DEBUG dbcounter [-] [99895] Writing DB stats nova_api:SELECT=14,nova_api:INSERT=2 {{(pid=99895) stat_writer /opt/stack/data/venv/lib/python3.12/site-packages/dbcounter.py:115}}
Jun 18 13:47:15.311522 np0000182127 devstack@n-api.service[99894]: DEBUG dbcounter [-] [99894] Writing DB stats nova_api:SELECT=2 {{(pid=99894) stat_writer /opt/stack/data/venv/lib/python3.12/site-packages/dbcounter.py:115}}
Jun 18 13:47:15.557170 np0000182127 devstack@n-api.service[99892]: DEBUG dbcounter [-] [99892] Writing DB stats nova_cell0:SELECT=4 {{(pid=99892) stat_writer /opt/stack/data/venv/lib/python3.12/site-packages/dbcounter.py:115}}
Jun 18 13:47:18.725234 np0000182127 devstack@n-api.service[99892]: DEBUG dbcounter [-] [99892] Writing DB stats nova_api:SELECT=19,nova_api:INSERT=2 {{(pid=99892) stat_writer /opt/stack/data/venv/lib/python3.12/site-packages/dbcounter.py:115}}
Jun 18 13:47:19.004507 np0000182127 devstack@n-api.service[99893]: DEBUG dbcounter [-] [99893] Writing DB stats nova_api:SELECT=8 {{(pid=99893) stat_writer /opt/stack/data/venv/lib/python3.12/site-packages/dbcounter.py:115}}
Jun 18 13:47:32.503755 np0000182127 devstack@n-api.service[99892]: DEBUG nova.api.openstack.wsgi [None req-3e820ec2-c73a-401d-bf5c-100e24ea2eb9 demo demo] Calling method '>' {{(pid=99892) _process_stack /opt/stack/nova/nova/api/openstack/wsgi.py:551}}
Jun 18 13:47:32.509736 np0000182127 devstack@n-api.service[99892]: INFO nova.api.openstack.requestlog [None req-3e820ec2-c73a-401d-bf5c-100e24ea2eb9 demo demo] 172.18.0.2 "GET /compute/v2.1/" status: 200 len: 393 microversion: 2.1 time: 0.006399
Jun 18 13:47:32.510049 np0000182127 devstack@n-api.service[99892]: [pid: 99892|app: 0|req: 24/96] 199.204.45.246 () {64 vars in 1272 bytes} [Thu Jun 18 13:47:32 2026] GET /compute/v2.1/ => generated 393 bytes in 7 msecs (HTTP/1.1 200) 9 headers in 357 bytes (1 switches on core 0)
Jun 18 13:47:32.521766 np0000182127 devstack@n-api.service[99894]: DEBUG nova.api.openstack.wsgi [None req-53a37f5c-3209-4f88-9547-b58308094356 demo demo] Calling method '>' {{(pid=99894) _process_stack /opt/stack/nova/nova/api/openstack/wsgi.py:551}}
Jun 18 13:47:32.524053 np0000182127 devstack@n-api.service[99894]: DEBUG oslo_concurrency.lockutils [None req-53a37f5c-3209-4f88-9547-b58308094356 demo demo] Acquiring lock "00000000-0000-0000-0000-000000000000" by "nova.context.set_target_cell..get_or_set_cached_cell_and_set_connections" {{(pid=99894) inner /opt/stack/data/venv/lib/python3.12/site-packages/oslo_concurrency/lockutils.py:511}}
Jun 18 13:47:32.524277 np0000182127 devstack@n-api.service[99894]: DEBUG oslo_concurrency.lockutils [None req-53a37f5c-3209-4f88-9547-b58308094356 demo demo] Lock "00000000-0000-0000-0000-000000000000" acquired by "nova.context.set_target_cell..get_or_set_cached_cell_and_set_connections" :: waited 0.000s {{(pid=99894) inner /opt/stack/data/venv/lib/python3.12/site-packages/oslo_concurrency/lockutils.py:524}}
Jun 18 13:47:32.524476 np0000182127 devstack@n-api.service[99894]: DEBUG oslo_concurrency.lockutils [None req-53a37f5c-3209-4f88-9547-b58308094356 demo demo] Lock "00000000-0000-0000-0000-000000000000" "released" by "nova.context.set_target_cell..get_or_set_cached_cell_and_set_connections" :: held 0.000s {{(pid=99894) inner /opt/stack/data/venv/lib/python3.12/site-packages/oslo_concurrency/lockutils.py:543}}
Jun 18 13:47:32.525788 np0000182127 devstack@n-api.service[99894]: DEBUG oslo_concurrency.lockutils [None req-53a37f5c-3209-4f88-9547-b58308094356 demo demo] Acquiring lock "925d9aa2-dde9-4d42-9e5b-d2d10180aa3e" by "nova.context.set_target_cell..get_or_set_cached_cell_and_set_connections" {{(pid=99894) inner /opt/stack/data/venv/lib/python3.12/site-packages/oslo_concurrency/lockutils.py:511}}
Jun 18 13:47:32.526006 np0000182127 devstack@n-api.service[99894]: DEBUG oslo_concurrency.lockutils [None req-53a37f5c-3209-4f88-9547-b58308094356 demo demo] Lock "925d9aa2-dde9-4d42-9e5b-d2d10180aa3e" acquired by "nova.context.set_target_cell..get_or_set_cached_cell_and_set_connections" :: waited 0.000s {{(pid=99894) inner /opt/stack/data/venv/lib/python3.12/site-packages/oslo_concurrency/lockutils.py:524}}
Jun 18 13:47:32.526176 np0000182127 devstack@n-api.service[99894]: DEBUG oslo_concurrency.lockutils [None req-53a37f5c-3209-4f88-9547-b58308094356 demo demo] Lock "925d9aa2-dde9-4d42-9e5b-d2d10180aa3e" "released" by "nova.context.set_target_cell..get_or_set_cached_cell_and_set_connections" :: held 0.000s {{(pid=99894) inner /opt/stack/data/venv/lib/python3.12/site-packages/oslo_concurrency/lockutils.py:543}}
Jun 18 13:47:32.598810 np0000182127 devstack@n-api.service[99894]: INFO nova.api.openstack.requestlog [None req-53a37f5c-3209-4f88-9547-b58308094356 demo demo] 172.18.0.2 "GET /compute/v2.1/os-availability-zone" status: 200 len: 97 microversion: 2.38 time: 0.079835
Jun 18 13:47:32.599394 np0000182127 devstack@n-api.service[99894]: [pid: 99894|app: 0|req: 24/97] 199.204.45.246 () {68 vars in 1415 bytes} [Thu Jun 18 13:47:32 2026] GET /compute/v2.1/os-availability-zone => generated 97 bytes in 81 msecs (HTTP/1.1 200) 9 headers in 358 bytes (1 switches on core 0)
Jun 18 13:47:33.569868 np0000182127 devstack@n-api.service[99895]: DEBUG nova.api.openstack.wsgi [None req-b2c59338-9a5a-4b85-9c80-81760769fd6e demo demo] Calling method '>' {{(pid=99895) _process_stack /opt/stack/nova/nova/api/openstack/wsgi.py:551}}
Jun 18 13:47:33.575420 np0000182127 devstack@n-api.service[99895]: INFO nova.api.openstack.requestlog [None req-b2c59338-9a5a-4b85-9c80-81760769fd6e demo demo] 172.18.0.2 "GET /compute/v2.1/" status: 200 len: 393 microversion: 2.1 time: 0.006133
Jun 18 13:47:33.575767 np0000182127 devstack@n-api.service[99895]: [pid: 99895|app: 0|req: 26/98] 199.204.45.246 () {64 vars in 1272 bytes} [Thu Jun 18 13:47:33 2026] GET /compute/v2.1/ => generated 393 bytes in 7 msecs (HTTP/1.1 200) 9 headers in 357 bytes (1 switches on core 0)
Jun 18 13:47:33.586877 np0000182127 devstack@n-api.service[99893]: DEBUG nova.api.openstack.wsgi [None req-759eda5a-7507-4cbf-9492-695cf70fe852 demo demo] Calling method '>' {{(pid=99893) _process_stack /opt/stack/nova/nova/api/openstack/wsgi.py:551}}
Jun 18 13:47:33.589453 np0000182127 devstack@n-api.service[99893]: DEBUG oslo_concurrency.lockutils [None req-759eda5a-7507-4cbf-9492-695cf70fe852 demo demo] Acquiring lock "00000000-0000-0000-0000-000000000000" by "nova.context.set_target_cell..get_or_set_cached_cell_and_set_connections" {{(pid=99893) inner /opt/stack/data/venv/lib/python3.12/site-packages/oslo_concurrency/lockutils.py:511}}
Jun 18 13:47:33.589879 np0000182127 devstack@n-api.service[99893]: DEBUG oslo_concurrency.lockutils [None req-759eda5a-7507-4cbf-9492-695cf70fe852 demo demo] Lock "00000000-0000-0000-0000-000000000000" acquired by "nova.context.set_target_cell..get_or_set_cached_cell_and_set_connections" :: waited 0.000s {{(pid=99893) inner /opt/stack/data/venv/lib/python3.12/site-packages/oslo_concurrency/lockutils.py:524}}
Jun 18 13:47:33.590588 np0000182127 devstack@n-api.service[99893]: DEBUG oslo_concurrency.lockutils [None req-759eda5a-7507-4cbf-9492-695cf70fe852 demo demo] Lock "00000000-0000-0000-0000-000000000000" "released" by "nova.context.set_target_cell..get_or_set_cached_cell_and_set_connections" :: held 0.000s {{(pid=99893) inner /opt/stack/data/venv/lib/python3.12/site-packages/oslo_concurrency/lockutils.py:543}}
Jun 18 13:47:33.591965 np0000182127 devstack@n-api.service[99893]: DEBUG oslo_concurrency.lockutils [None req-759eda5a-7507-4cbf-9492-695cf70fe852 demo demo] Acquiring lock "925d9aa2-dde9-4d42-9e5b-d2d10180aa3e" by "nova.context.set_target_cell..get_or_set_cached_cell_and_set_connections" {{(pid=99893) inner /opt/stack/data/venv/lib/python3.12/site-packages/oslo_concurrency/lockutils.py:511}}
Jun 18 13:47:33.591965 np0000182127 devstack@n-api.service[99893]: DEBUG oslo_concurrency.lockutils [None req-759eda5a-7507-4cbf-9492-695cf70fe852 demo demo] Lock "925d9aa2-dde9-4d42-9e5b-d2d10180aa3e" acquired by "nova.context.set_target_cell..get_or_set_cached_cell_and_set_connections" :: waited 0.000s {{(pid=99893) inner /opt/stack/data/venv/lib/python3.12/site-packages/oslo_concurrency/lockutils.py:524}}
Jun 18 13:47:33.591965 np0000182127 devstack@n-api.service[99893]: DEBUG oslo_concurrency.lockutils [None req-759eda5a-7507-4cbf-9492-695cf70fe852 demo demo] Lock "925d9aa2-dde9-4d42-9e5b-d2d10180aa3e" "released" by "nova.context.set_target_cell..get_or_set_cached_cell_and_set_connections" :: held 0.000s {{(pid=99893) inner /opt/stack/data/venv/lib/python3.12/site-packages/oslo_concurrency/lockutils.py:543}}
Jun 18 13:47:33.659042 np0000182127 devstack@n-api.service[99893]: INFO nova.api.openstack.requestlog [None req-759eda5a-7507-4cbf-9492-695cf70fe852 demo demo] 172.18.0.2 "GET /compute/v2.1/os-availability-zone" status: 200 len: 97 microversion: 2.38 time: 0.075201
Jun 18 13:47:33.659976 np0000182127 devstack@n-api.service[99893]: [pid: 99893|app: 0|req: 25/99] 199.204.45.246 () {68 vars in 1415 bytes} [Thu Jun 18 13:47:33 2026] GET /compute/v2.1/os-availability-zone => generated 97 bytes in 77 msecs (HTTP/1.1 200) 9 headers in 358 bytes (1 switches on core 0)
Jun 18 13:47:34.311362 np0000182127 devstack@n-api.service[99892]: DEBUG nova.api.openstack.wsgi [None req-3e820ec2-c73a-401d-bf5c-100e24ea2eb9 demo demo] Calling method '>' {{(pid=99892) _process_stack /opt/stack/nova/nova/api/openstack/wsgi.py:551}}
Jun 18 13:47:34.316766 np0000182127 devstack@n-api.service[99892]: INFO nova.api.openstack.requestlog [None req-3e820ec2-c73a-401d-bf5c-100e24ea2eb9 demo demo] 172.18.0.2 "GET /compute/v2.1/" status: 200 len: 393 microversion: 2.1 time: 0.005811
Jun 18 13:47:34.317087 np0000182127 devstack@n-api.service[99892]: [pid: 99892|app: 0|req: 25/100] 199.204.45.246 () {64 vars in 1272 bytes} [Thu Jun 18 13:47:34 2026] GET /compute/v2.1/ => generated 393 bytes in 7 msecs (HTTP/1.1 200) 9 headers in 357 bytes (1 switches on core 0)
Jun 18 13:47:34.327379 np0000182127 devstack@n-api.service[99894]: DEBUG nova.api.openstack.wsgi [None req-c644a321-71c3-419e-b0b9-aa0299bb9128 demo demo] Calling method '>' {{(pid=99894) _process_stack /opt/stack/nova/nova/api/openstack/wsgi.py:551}}
Jun 18 13:47:34.331912 np0000182127 devstack@n-api.service[99894]: DEBUG oslo_concurrency.lockutils [None req-c644a321-71c3-419e-b0b9-aa0299bb9128 demo demo] Acquiring lock "00000000-0000-0000-0000-000000000000" by "nova.context.set_target_cell..get_or_set_cached_cell_and_set_connections" {{(pid=99894) inner /opt/stack/data/venv/lib/python3.12/site-packages/oslo_concurrency/lockutils.py:511}}
Jun 18 13:47:34.332322 np0000182127 devstack@n-api.service[99894]: DEBUG oslo_concurrency.lockutils [None req-c644a321-71c3-419e-b0b9-aa0299bb9128 demo demo] Lock "00000000-0000-0000-0000-000000000000" acquired by "nova.context.set_target_cell..get_or_set_cached_cell_and_set_connections" :: waited 0.000s {{(pid=99894) inner /opt/stack/data/venv/lib/python3.12/site-packages/oslo_concurrency/lockutils.py:524}}
Jun 18 13:47:34.332751 np0000182127 devstack@n-api.service[99894]: DEBUG oslo_concurrency.lockutils [None req-c644a321-71c3-419e-b0b9-aa0299bb9128 demo demo] Lock "00000000-0000-0000-0000-000000000000" "released" by "nova.context.set_target_cell..get_or_set_cached_cell_and_set_connections" :: held 0.000s {{(pid=99894) inner /opt/stack/data/venv/lib/python3.12/site-packages/oslo_concurrency/lockutils.py:543}}
Jun 18 13:47:34.334462 np0000182127 devstack@n-api.service[99894]: DEBUG oslo_concurrency.lockutils [None req-c644a321-71c3-419e-b0b9-aa0299bb9128 demo demo] Acquiring lock "925d9aa2-dde9-4d42-9e5b-d2d10180aa3e" by "nova.context.set_target_cell..get_or_set_cached_cell_and_set_connections" {{(pid=99894) inner /opt/stack/data/venv/lib/python3.12/site-packages/oslo_concurrency/lockutils.py:511}}
Jun 18 13:47:34.334885 np0000182127 devstack@n-api.service[99894]: DEBUG oslo_concurrency.lockutils [None req-c644a321-71c3-419e-b0b9-aa0299bb9128 demo demo] Lock "925d9aa2-dde9-4d42-9e5b-d2d10180aa3e" acquired by "nova.context.set_target_cell..get_or_set_cached_cell_and_set_connections" :: waited 0.000s {{(pid=99894) inner /opt/stack/data/venv/lib/python3.12/site-packages/oslo_concurrency/lockutils.py:524}}
Jun 18 13:47:34.335227 np0000182127 devstack@n-api.service[99894]: DEBUG oslo_concurrency.lockutils [None req-c644a321-71c3-419e-b0b9-aa0299bb9128 demo demo] Lock "925d9aa2-dde9-4d42-9e5b-d2d10180aa3e" "released" by "nova.context.set_target_cell..get_or_set_cached_cell_and_set_connections" :: held 0.000s {{(pid=99894) inner /opt/stack/data/venv/lib/python3.12/site-packages/oslo_concurrency/lockutils.py:543}}
Jun 18 13:47:34.356519 np0000182127 devstack@n-api.service[99894]: INFO nova.api.openstack.requestlog [None req-c644a321-71c3-419e-b0b9-aa0299bb9128 demo demo] 172.18.0.2 "GET /compute/v2.1/os-availability-zone" status: 200 len: 97 microversion: 2.38 time: 0.032711
Jun 18 13:47:34.357214 np0000182127 devstack@n-api.service[99894]: [pid: 99894|app: 0|req: 25/101] 199.204.45.246 () {68 vars in 1415 bytes} [Thu Jun 18 13:47:34 2026] GET /compute/v2.1/os-availability-zone => generated 97 bytes in 34 msecs (HTTP/1.1 200) 9 headers in 358 bytes (1 switches on core 0)
Jun 18 13:47:34.990852 np0000182127 devstack@n-api.service[99895]: DEBUG nova.api.openstack.wsgi [None req-b2c59338-9a5a-4b85-9c80-81760769fd6e demo demo] Calling method '>' {{(pid=99895) _process_stack /opt/stack/nova/nova/api/openstack/wsgi.py:551}}
Jun 18 13:47:34.996722 np0000182127 devstack@n-api.service[99895]: INFO nova.api.openstack.requestlog [None req-b2c59338-9a5a-4b85-9c80-81760769fd6e demo demo] 172.18.0.2 "GET /compute/v2.1/" status: 200 len: 393 microversion: 2.1 time: 0.006376
Jun 18 13:47:34.996981 np0000182127 devstack@n-api.service[99895]: [pid: 99895|app: 0|req: 27/102] 199.204.45.246 () {64 vars in 1272 bytes} [Thu Jun 18 13:47:34 2026] GET /compute/v2.1/ => generated 393 bytes in 7 msecs (HTTP/1.1 200) 9 headers in 357 bytes (2 switches on core 0)
Jun 18 13:47:35.005241 np0000182127 devstack@n-api.service[99893]: DEBUG nova.api.openstack.wsgi [None req-c7fd1d09-63da-40fa-8129-3fd7e2b02859 demo demo] Calling method '>' {{(pid=99893) _process_stack /opt/stack/nova/nova/api/openstack/wsgi.py:551}}
Jun 18 13:47:35.006949 np0000182127 devstack@n-api.service[99893]: DEBUG oslo_concurrency.lockutils [None req-c7fd1d09-63da-40fa-8129-3fd7e2b02859 demo demo] Acquiring lock "00000000-0000-0000-0000-000000000000" by "nova.context.set_target_cell..get_or_set_cached_cell_and_set_connections" {{(pid=99893) inner /opt/stack/data/venv/lib/python3.12/site-packages/oslo_concurrency/lockutils.py:511}}
Jun 18 13:47:35.007110 np0000182127 devstack@n-api.service[99893]: DEBUG oslo_concurrency.lockutils [None req-c7fd1d09-63da-40fa-8129-3fd7e2b02859 demo demo] Lock "00000000-0000-0000-0000-000000000000" acquired by "nova.context.set_target_cell..get_or_set_cached_cell_and_set_connections" :: waited 0.000s {{(pid=99893) inner /opt/stack/data/venv/lib/python3.12/site-packages/oslo_concurrency/lockutils.py:524}}
Jun 18 13:47:35.007239 np0000182127 devstack@n-api.service[99893]: DEBUG oslo_concurrency.lockutils [None req-c7fd1d09-63da-40fa-8129-3fd7e2b02859 demo demo] Lock "00000000-0000-0000-0000-000000000000" "released" by "nova.context.set_target_cell..get_or_set_cached_cell_and_set_connections" :: held 0.000s {{(pid=99893) inner /opt/stack/data/venv/lib/python3.12/site-packages/oslo_concurrency/lockutils.py:543}}
Jun 18 13:47:35.008056 np0000182127 devstack@n-api.service[99893]: DEBUG oslo_concurrency.lockutils [None req-c7fd1d09-63da-40fa-8129-3fd7e2b02859 demo demo] Acquiring lock "925d9aa2-dde9-4d42-9e5b-d2d10180aa3e" by "nova.context.set_target_cell..get_or_set_cached_cell_and_set_connections" {{(pid=99893) inner /opt/stack/data/venv/lib/python3.12/site-packages/oslo_concurrency/lockutils.py:511}}
Jun 18 13:47:35.008214 np0000182127 devstack@n-api.service[99893]: DEBUG oslo_concurrency.lockutils [None req-c7fd1d09-63da-40fa-8129-3fd7e2b02859 demo demo] Lock "925d9aa2-dde9-4d42-9e5b-d2d10180aa3e" acquired by "nova.context.set_target_cell..get_or_set_cached_cell_and_set_connections" :: waited 0.000s {{(pid=99893) inner /opt/stack/data/venv/lib/python3.12/site-packages/oslo_concurrency/lockutils.py:524}}
Jun 18 13:47:35.008357 np0000182127 devstack@n-api.service[99893]: DEBUG oslo_concurrency.lockutils [None req-c7fd1d09-63da-40fa-8129-3fd7e2b02859 demo demo] Lock "925d9aa2-dde9-4d42-9e5b-d2d10180aa3e" "released" by "nova.context.set_target_cell..get_or_set_cached_cell_and_set_connections" :: held 0.000s {{(pid=99893) inner /opt/stack/data/venv/lib/python3.12/site-packages/oslo_concurrency/lockutils.py:543}}
Jun 18 13:47:35.029990 np0000182127 devstack@n-api.service[99893]: INFO nova.api.openstack.requestlog [None req-c7fd1d09-63da-40fa-8129-3fd7e2b02859 demo demo] 172.18.0.2 "GET /compute/v2.1/os-availability-zone" status: 200 len: 97 microversion: 2.38 time: 0.026019
Jun 18 13:47:35.030611 np0000182127 devstack@n-api.service[99893]: [pid: 99893|app: 0|req: 26/103] 199.204.45.246 () {68 vars in 1415 bytes} [Thu Jun 18 13:47:35 2026] GET /compute/v2.1/os-availability-zone => generated 97 bytes in 27 msecs (HTTP/1.1 200) 9 headers in 358 bytes (1 switches on core 0)
Jun 18 13:47:39.349404 np0000182127 devstack@n-api.service[99892]: DEBUG nova.api.openstack.wsgi [None req-3e820ec2-c73a-401d-bf5c-100e24ea2eb9 demo demo] Calling method '>' {{(pid=99892) _process_stack /opt/stack/nova/nova/api/openstack/wsgi.py:551}}
Jun 18 13:47:39.355524 np0000182127 devstack@n-api.service[99892]: INFO nova.api.openstack.requestlog [None req-3e820ec2-c73a-401d-bf5c-100e24ea2eb9 demo demo] 172.18.0.2 "GET /compute/v2.1/" status: 200 len: 393 microversion: 2.1 time: 0.006532
Jun 18 13:47:39.355926 np0000182127 devstack@n-api.service[99892]: [pid: 99892|app: 0|req: 26/104] 199.204.45.246 () {64 vars in 1272 bytes} [Thu Jun 18 13:47:39 2026] GET /compute/v2.1/ => generated 393 bytes in 7 msecs (HTTP/1.1 200) 9 headers in 357 bytes (1 switches on core 0)
Jun 18 13:47:39.366752 np0000182127 devstack@n-api.service[99894]: DEBUG nova.api.openstack.wsgi [None req-d220c991-52b7-42c2-8110-4d0b71bdee0d demo demo] Calling method '>' {{(pid=99894) _process_stack /opt/stack/nova/nova/api/openstack/wsgi.py:551}}
Jun 18 13:47:39.397610 np0000182127 devstack@n-api.service[99894]: INFO nova.api.openstack.requestlog [None req-d220c991-52b7-42c2-8110-4d0b71bdee0d demo demo] 172.18.0.2 "GET /compute/v2.1/flavors/detail" status: 200 len: 4022 microversion: 2.38 time: 0.034069
Jun 18 13:47:39.398059 np0000182127 devstack@n-api.service[99894]: [pid: 99894|app: 0|req: 26/105] 199.204.45.246 () {68 vars in 1397 bytes} [Thu Jun 18 13:47:39 2026] GET /compute/v2.1/flavors/detail => generated 4022 bytes in 35 msecs (HTTP/1.1 200) 9 headers in 360 bytes (1 switches on core 0)
Jun 18 13:47:40.160779 np0000182127 devstack@n-api.service[99895]: DEBUG nova.api.openstack.wsgi [None req-b2c59338-9a5a-4b85-9c80-81760769fd6e demo demo] Calling method '>' {{(pid=99895) _process_stack /opt/stack/nova/nova/api/openstack/wsgi.py:551}}
Jun 18 13:47:40.166445 np0000182127 devstack@n-api.service[99895]: INFO nova.api.openstack.requestlog [None req-b2c59338-9a5a-4b85-9c80-81760769fd6e demo demo] 172.18.0.2 "GET /compute/v2.1/" status: 200 len: 393 microversion: 2.1 time: 0.006124
Jun 18 13:47:40.166723 np0000182127 devstack@n-api.service[99895]: [pid: 99895|app: 0|req: 28/106] 199.204.45.246 () {64 vars in 1272 bytes} [Thu Jun 18 13:47:40 2026] GET /compute/v2.1/ => generated 393 bytes in 7 msecs (HTTP/1.1 200) 9 headers in 357 bytes (1 switches on core 0)
Jun 18 13:47:40.177465 np0000182127 devstack@n-api.service[99893]: DEBUG nova.api.openstack.wsgi [None req-4796d115-e2f0-47a8-91db-21e759e0db03 demo demo] Calling method '>' {{(pid=99893) _process_stack /opt/stack/nova/nova/api/openstack/wsgi.py:551}}
Jun 18 13:47:40.182781 np0000182127 devstack@n-api.service[99893]: DEBUG nova.policy [None req-4796d115-e2f0-47a8-91db-21e759e0db03 demo demo] Policy check for os_compute_api:servers:allow_all_filters failed with credentials {'is_admin': False, 'user_id': 'b240caf75063498da290c41a8bd4dd12', 'user_domain_id': 'default', 'system_scope': None, 'domain_id': None, 'project_id': '5d009c4b1ad64492a6775855e4cf9ab2', 'project_domain_id': 'default', 'roles': ['load-balancer_member', 'anotherrole', 'reader', 'member'], 'is_admin_project': True, 'service_user_id': None, 'service_user_domain_id': None, 'service_project_id': None, 'service_project_domain_id': None, 'service_roles': []} {{(pid=99893) authorize /opt/stack/nova/nova/policy.py:192}}
Jun 18 13:47:40.183112 np0000182127 devstack@n-api.service[99893]: DEBUG nova.compute.api [None req-4796d115-e2f0-47a8-91db-21e759e0db03 demo demo] Searching by: {'name': '^kube-ezb62-xk7vq-5l25b$', 'deleted': False, 'project_id': '5d009c4b1ad64492a6775855e4cf9ab2'} {{(pid=99893) get_all /opt/stack/nova/nova/compute/api.py:3111}}
Jun 18 13:47:40.187938 np0000182127 devstack@n-api.service[99893]: DEBUG oslo_concurrency.lockutils [None req-4796d115-e2f0-47a8-91db-21e759e0db03 demo demo] Acquiring lock "00000000-0000-0000-0000-000000000000" by "nova.context.set_target_cell..get_or_set_cached_cell_and_set_connections" {{(pid=99893) inner /opt/stack/data/venv/lib/python3.12/site-packages/oslo_concurrency/lockutils.py:511}}
Jun 18 13:47:40.188145 np0000182127 devstack@n-api.service[99893]: DEBUG oslo_concurrency.lockutils [None req-4796d115-e2f0-47a8-91db-21e759e0db03 demo demo] Lock "00000000-0000-0000-0000-000000000000" acquired by "nova.context.set_target_cell..get_or_set_cached_cell_and_set_connections" :: waited 0.000s {{(pid=99893) inner /opt/stack/data/venv/lib/python3.12/site-packages/oslo_concurrency/lockutils.py:524}}
Jun 18 13:47:40.188329 np0000182127 devstack@n-api.service[99893]: DEBUG oslo_concurrency.lockutils [None req-4796d115-e2f0-47a8-91db-21e759e0db03 demo demo] Lock "00000000-0000-0000-0000-000000000000" "released" by "nova.context.set_target_cell..get_or_set_cached_cell_and_set_connections" :: held 0.000s {{(pid=99893) inner /opt/stack/data/venv/lib/python3.12/site-packages/oslo_concurrency/lockutils.py:543}}
Jun 18 13:47:40.188683 np0000182127 devstack@n-api.service[99893]: DEBUG oslo_concurrency.lockutils [None req-4796d115-e2f0-47a8-91db-21e759e0db03 demo demo] Acquiring lock "925d9aa2-dde9-4d42-9e5b-d2d10180aa3e" by "nova.context.set_target_cell..get_or_set_cached_cell_and_set_connections" {{(pid=99893) inner /opt/stack/data/venv/lib/python3.12/site-packages/oslo_concurrency/lockutils.py:511}}
Jun 18 13:47:40.188933 np0000182127 devstack@n-api.service[99893]: DEBUG oslo_concurrency.lockutils [None req-4796d115-e2f0-47a8-91db-21e759e0db03 demo demo] Lock "925d9aa2-dde9-4d42-9e5b-d2d10180aa3e" acquired by "nova.context.set_target_cell..get_or_set_cached_cell_and_set_connections" :: waited 0.000s {{(pid=99893) inner /opt/stack/data/venv/lib/python3.12/site-packages/oslo_concurrency/lockutils.py:524}}
Jun 18 13:47:40.189248 np0000182127 devstack@n-api.service[99893]: DEBUG oslo_concurrency.lockutils [None req-4796d115-e2f0-47a8-91db-21e759e0db03 demo demo] Lock "925d9aa2-dde9-4d42-9e5b-d2d10180aa3e" "released" by "nova.context.set_target_cell..get_or_set_cached_cell_and_set_connections" :: held 0.000s {{(pid=99893) inner /opt/stack/data/venv/lib/python3.12/site-packages/oslo_concurrency/lockutils.py:543}}
Jun 18 13:47:40.260445 np0000182127 devstack@n-api.service[99893]: DEBUG oslo_concurrency.lockutils [None req-4796d115-e2f0-47a8-91db-21e759e0db03 demo demo] Acquiring lock "00000000-0000-0000-0000-000000000000" by "nova.context.set_target_cell..get_or_set_cached_cell_and_set_connections" {{(pid=99893) inner /opt/stack/data/venv/lib/python3.12/site-packages/oslo_concurrency/lockutils.py:511}}
Jun 18 13:47:40.260808 np0000182127 devstack@n-api.service[99893]: DEBUG oslo_concurrency.lockutils [None req-4796d115-e2f0-47a8-91db-21e759e0db03 demo demo] Lock "00000000-0000-0000-0000-000000000000" acquired by "nova.context.set_target_cell..get_or_set_cached_cell_and_set_connections" :: waited 0.000s {{(pid=99893) inner /opt/stack/data/venv/lib/python3.12/site-packages/oslo_concurrency/lockutils.py:524}}
Jun 18 13:47:40.261231 np0000182127 devstack@n-api.service[99893]: DEBUG oslo_concurrency.lockutils [None req-4796d115-e2f0-47a8-91db-21e759e0db03 demo demo] Lock "00000000-0000-0000-0000-000000000000" "released" by "nova.context.set_target_cell..get_or_set_cached_cell_and_set_connections" :: held 0.000s {{(pid=99893) inner /opt/stack/data/venv/lib/python3.12/site-packages/oslo_concurrency/lockutils.py:543}}
Jun 18 13:47:40.261662 np0000182127 devstack@n-api.service[99893]: DEBUG oslo_concurrency.lockutils [None req-4796d115-e2f0-47a8-91db-21e759e0db03 demo demo] Acquiring lock "925d9aa2-dde9-4d42-9e5b-d2d10180aa3e" by "nova.context.set_target_cell..get_or_set_cached_cell_and_set_connections" {{(pid=99893) inner /opt/stack/data/venv/lib/python3.12/site-packages/oslo_concurrency/lockutils.py:511}}
Jun 18 13:47:40.261978 np0000182127 devstack@n-api.service[99893]: DEBUG oslo_concurrency.lockutils [None req-4796d115-e2f0-47a8-91db-21e759e0db03 demo demo] Lock "925d9aa2-dde9-4d42-9e5b-d2d10180aa3e" acquired by "nova.context.set_target_cell..get_or_set_cached_cell_and_set_connections" :: waited 0.000s {{(pid=99893) inner /opt/stack/data/venv/lib/python3.12/site-packages/oslo_concurrency/lockutils.py:524}}
Jun 18 13:47:40.262234 np0000182127 devstack@n-api.service[99893]: DEBUG oslo_concurrency.lockutils [None req-4796d115-e2f0-47a8-91db-21e759e0db03 demo demo] Lock "925d9aa2-dde9-4d42-9e5b-d2d10180aa3e" "released" by "nova.context.set_target_cell..get_or_set_cached_cell_and_set_connections" :: held 0.000s {{(pid=99893) inner /opt/stack/data/venv/lib/python3.12/site-packages/oslo_concurrency/lockutils.py:543}}
Jun 18 13:47:40.263902 np0000182127 devstack@n-api.service[99893]: DEBUG nova.policy [None req-4796d115-e2f0-47a8-91db-21e759e0db03 demo demo] Policy check for os_compute_api:os-extended-server-attributes failed with credentials {'is_admin': False, 'user_id': 'b240caf75063498da290c41a8bd4dd12', 'user_domain_id': 'default', 'system_scope': None, 'domain_id': None, 'project_id': '5d009c4b1ad64492a6775855e4cf9ab2', 'project_domain_id': 'default', 'roles': ['load-balancer_member', 'anotherrole', 'reader', 'member'], 'is_admin_project': True, 'service_user_id': None, 'service_user_domain_id': None, 'service_project_id': None, 'service_project_domain_id': None, 'service_roles': []} {{(pid=99893) authorize /opt/stack/nova/nova/policy.py:192}}
Jun 18 13:47:40.267760 np0000182127 devstack@n-api.service[99893]: DEBUG nova.policy [None req-4796d115-e2f0-47a8-91db-21e759e0db03 demo demo] Policy check for os_compute_api:servers:show:host_status failed with credentials {'is_admin': False, 'user_id': 'b240caf75063498da290c41a8bd4dd12', 'user_domain_id': 'default', 'system_scope': None, 'domain_id': None, 'project_id': '5d009c4b1ad64492a6775855e4cf9ab2', 'project_domain_id': 'default', 'roles': ['load-balancer_member', 'anotherrole', 'reader', 'member'], 'is_admin_project': True, 'service_user_id': None, 'service_user_domain_id': None, 'service_project_id': None, 'service_project_domain_id': None, 'service_roles': []} {{(pid=99893) authorize /opt/stack/nova/nova/policy.py:192}}
