Jun 23 17:05:59.038417 np0000182578 nova-conductor[111075]: DEBUG cotyledon.oslo_config_glue [-] vnc.vencrypt_ca_certs = None {{(pid=111075) log_opt_values /opt/stack/data/venv/lib/python3.12/site-packages/oslo_config/cfg.py:3253}}
Jun 23 17:05:59.038417 np0000182578 nova-conductor[111075]: DEBUG cotyledon.oslo_config_glue [-] vnc.vencrypt_client_cert = None {{(pid=111075) log_opt_values /opt/stack/data/venv/lib/python3.12/site-packages/oslo_config/cfg.py:3253}}
Jun 23 17:05:59.038417 np0000182578 nova-conductor[111075]: DEBUG cotyledon.oslo_config_glue [-] vnc.vencrypt_client_key = None {{(pid=111075) log_opt_values /opt/stack/data/venv/lib/python3.12/site-packages/oslo_config/cfg.py:3253}}
Jun 23 17:05:59.038417 np0000182578 nova-conductor[111075]: DEBUG cotyledon.oslo_config_glue [-] workarounds.disable_compute_service_check_for_ffu = False {{(pid=111075) log_opt_values /opt/stack/data/venv/lib/python3.12/site-packages/oslo_config/cfg.py:3253}}
Jun 23 17:05:59.038417 np0000182578 nova-conductor[111075]: DEBUG cotyledon.oslo_config_glue [-] workarounds.disable_deep_image_inspection = False {{(pid=111075) log_opt_values /opt/stack/data/venv/lib/python3.12/site-packages/oslo_config/cfg.py:3253}}
Jun 23 17:05:59.038602 np0000182578 nova-conductor[111075]: DEBUG cotyledon.oslo_config_glue [-] workarounds.disable_fallback_pcpu_query = False {{(pid=111075) log_opt_values /opt/stack/data/venv/lib/python3.12/site-packages/oslo_config/cfg.py:3253}}
Jun 23 17:05:59.038602 np0000182578 nova-conductor[111075]: DEBUG cotyledon.oslo_config_glue [-] workarounds.disable_group_policy_check_upcall = False {{(pid=111075) log_opt_values /opt/stack/data/venv/lib/python3.12/site-packages/oslo_config/cfg.py:3253}}
Jun 23 17:05:59.038602 np0000182578 nova-conductor[111075]: DEBUG cotyledon.oslo_config_glue [-] workarounds.disable_libvirt_livesnapshot = False {{(pid=111075) log_opt_values /opt/stack/data/venv/lib/python3.12/site-packages/oslo_config/cfg.py:3253}}
Jun 23 17:05:59.038602 np0000182578 nova-conductor[111075]: DEBUG cotyledon.oslo_config_glue [-] workarounds.disable_rootwrap = False {{(pid=111075) log_opt_values /opt/stack/data/venv/lib/python3.12/site-packages/oslo_config/cfg.py:3253}}
Jun 23 17:05:59.038602 np0000182578 nova-conductor[111075]: DEBUG cotyledon.oslo_config_glue [-] workarounds.enable_numa_live_migration = False {{(pid=111075) log_opt_values /opt/stack/data/venv/lib/python3.12/site-packages/oslo_config/cfg.py:3253}}
Jun 23 17:05:59.038602 np0000182578 nova-conductor[111075]: DEBUG cotyledon.oslo_config_glue [-] workarounds.enable_qemu_monitor_announce_self = False {{(pid=111075) log_opt_values /opt/stack/data/venv/lib/python3.12/site-packages/oslo_config/cfg.py:3253}}
Jun 23 17:05:59.038602 np0000182578 nova-conductor[111075]: DEBUG cotyledon.oslo_config_glue [-] workarounds.ensure_libvirt_rbd_instance_dir_cleanup = False {{(pid=111075) log_opt_values /opt/stack/data/venv/lib/python3.12/site-packages/oslo_config/cfg.py:3253}}
Jun 23 17:05:59.038602 np0000182578 nova-conductor[111075]: DEBUG cotyledon.oslo_config_glue [-] workarounds.handle_virt_lifecycle_events = True {{(pid=111075) log_opt_values /opt/stack/data/venv/lib/python3.12/site-packages/oslo_config/cfg.py:3253}}
Jun 23 17:05:59.038602 np0000182578 nova-conductor[111075]: DEBUG cotyledon.oslo_config_glue [-] workarounds.libvirt_disable_apic = False {{(pid=111075) log_opt_values /opt/stack/data/venv/lib/python3.12/site-packages/oslo_config/cfg.py:3253}}
Jun 23 17:05:59.038786 np0000182578 nova-conductor[111075]: DEBUG cotyledon.oslo_config_glue [-] workarounds.never_download_image_if_on_rbd = False {{(pid=111075) log_opt_values /opt/stack/data/venv/lib/python3.12/site-packages/oslo_config/cfg.py:3253}}
Jun 23 17:05:59.038786 np0000182578 nova-conductor[111075]: DEBUG cotyledon.oslo_config_glue [-] workarounds.qemu_monitor_announce_self_count = 3 {{(pid=111075) log_opt_values /opt/stack/data/venv/lib/python3.12/site-packages/oslo_config/cfg.py:3253}}
Jun 23 17:05:59.038786 np0000182578 nova-conductor[111075]: DEBUG cotyledon.oslo_config_glue [-] workarounds.qemu_monitor_announce_self_interval = 1 {{(pid=111075) log_opt_values /opt/stack/data/venv/lib/python3.12/site-packages/oslo_config/cfg.py:3253}}
Jun 23 17:05:59.038786 np0000182578 nova-conductor[111075]: DEBUG cotyledon.oslo_config_glue [-] workarounds.reserve_disk_resource_for_image_cache = False {{(pid=111075) log_opt_values /opt/stack/data/venv/lib/python3.12/site-packages/oslo_config/cfg.py:3253}}
Jun 23 17:05:59.038786 np0000182578 nova-conductor[111075]: DEBUG cotyledon.oslo_config_glue [-] workarounds.skip_cpu_compare_at_startup = False {{(pid=111075) log_opt_values /opt/stack/data/venv/lib/python3.12/site-packages/oslo_config/cfg.py:3253}}
Jun 23 17:05:59.038786 np0000182578 nova-conductor[111075]: DEBUG cotyledon.oslo_config_glue [-] workarounds.skip_cpu_compare_on_dest = False {{(pid=111075) log_opt_values /opt/stack/data/venv/lib/python3.12/site-packages/oslo_config/cfg.py:3253}}
Jun 23 17:05:59.038786 np0000182578 nova-conductor[111075]: DEBUG cotyledon.oslo_config_glue [-] workarounds.skip_hypervisor_version_check_on_lm = False {{(pid=111075) log_opt_values /opt/stack/data/venv/lib/python3.12/site-packages/oslo_config/cfg.py:3253}}
Jun 23 17:05:59.038786 np0000182578 nova-conductor[111075]: DEBUG cotyledon.oslo_config_glue [-] workarounds.skip_reserve_in_use_ironic_nodes = False {{(pid=111075) log_opt_values /opt/stack/data/venv/lib/python3.12/site-packages/oslo_config/cfg.py:3253}}
Jun 23 17:05:59.038956 np0000182578 nova-conductor[111075]: DEBUG cotyledon.oslo_config_glue [-] workarounds.unified_limits_count_pcpu_as_vcpu = False {{(pid=111075) log_opt_values /opt/stack/data/venv/lib/python3.12/site-packages/oslo_config/cfg.py:3253}}
Jun 23 17:05:59.038956 np0000182578 nova-conductor[111075]: DEBUG cotyledon.oslo_config_glue [-] workarounds.wait_for_vif_plugged_event_during_hard_reboot = [] {{(pid=111075) log_opt_values /opt/stack/data/venv/lib/python3.12/site-packages/oslo_config/cfg.py:3253}}
Jun 23 17:05:59.038956 np0000182578 nova-conductor[111075]: DEBUG cotyledon.oslo_config_glue [-] wsgi.api_paste_config = /etc/nova/api-paste.ini {{(pid=111075) log_opt_values /opt/stack/data/venv/lib/python3.12/site-packages/oslo_config/cfg.py:3253}}
Jun 23 17:05:59.038956 np0000182578 nova-conductor[111075]: DEBUG cotyledon.oslo_config_glue [-] wsgi.secure_proxy_ssl_header = None {{(pid=111075) log_opt_values /opt/stack/data/venv/lib/python3.12/site-packages/oslo_config/cfg.py:3253}}
Jun 23 17:05:59.038956 np0000182578 nova-conductor[111075]: DEBUG cotyledon.oslo_config_glue [-] zvm.ca_file = None {{(pid=111075) log_opt_values /opt/stack/data/venv/lib/python3.12/site-packages/oslo_config/cfg.py:3253}}
Jun 23 17:05:59.038956 np0000182578 nova-conductor[111075]: DEBUG cotyledon.oslo_config_glue [-] zvm.cloud_connector_url = None {{(pid=111075) log_opt_values /opt/stack/data/venv/lib/python3.12/site-packages/oslo_config/cfg.py:3253}}
Jun 23 17:05:59.038956 np0000182578 nova-conductor[111075]: DEBUG cotyledon.oslo_config_glue [-] zvm.image_tmp_path = /opt/stack/data/nova/images {{(pid=111075) log_opt_values /opt/stack/data/venv/lib/python3.12/site-packages/oslo_config/cfg.py:3253}}
Jun 23 17:05:59.038956 np0000182578 nova-conductor[111075]: DEBUG cotyledon.oslo_config_glue [-] zvm.reachable_timeout = 300 {{(pid=111075) log_opt_values /opt/stack/data/venv/lib/python3.12/site-packages/oslo_config/cfg.py:3253}}
Jun 23 17:05:59.039129 np0000182578 nova-conductor[111064]: INFO nova.service [-] Starting conductor node (version 33.1.0)
Jun 23 17:05:59.039153 np0000182578 nova-conductor[111075]: DEBUG cotyledon.oslo_config_glue [-] oslo_versionedobjects.fatal_exception_format_errors = False {{(pid=111075) log_opt_values /opt/stack/data/venv/lib/python3.12/site-packages/oslo_config/cfg.py:3253}}
Jun 23 17:05:59.039153 np0000182578 nova-conductor[111075]: DEBUG cotyledon.oslo_config_glue [-] oslo_middleware.http_basic_auth_user_file = /etc/htpasswd {{(pid=111075) log_opt_values /opt/stack/data/venv/lib/python3.12/site-packages/oslo_config/cfg.py:3253}}
Jun 23 17:05:59.039153 np0000182578 nova-conductor[111075]: DEBUG cotyledon.oslo_config_glue [-] profiler.connection_string = messaging:// {{(pid=111075) log_opt_values /opt/stack/data/venv/lib/python3.12/site-packages/oslo_config/cfg.py:3253}}
Jun 23 17:05:59.039153 np0000182578 nova-conductor[111075]: DEBUG cotyledon.oslo_config_glue [-] profiler.enabled = False {{(pid=111075) log_opt_values /opt/stack/data/venv/lib/python3.12/site-packages/oslo_config/cfg.py:3253}}
Jun 23 17:05:59.039153 np0000182578 nova-conductor[111075]: DEBUG cotyledon.oslo_config_glue [-] profiler.es_doc_type = notification {{(pid=111075) log_opt_values /opt/stack/data/venv/lib/python3.12/site-packages/oslo_config/cfg.py:3253}}
Jun 23 17:05:59.039153 np0000182578 nova-conductor[111075]: DEBUG cotyledon.oslo_config_glue [-] profiler.es_scroll_size = 10000 {{(pid=111075) log_opt_values /opt/stack/data/venv/lib/python3.12/site-packages/oslo_config/cfg.py:3253}}
Jun 23 17:05:59.039153 np0000182578 nova-conductor[111075]: DEBUG cotyledon.oslo_config_glue [-] profiler.es_scroll_time = 2m {{(pid=111075) log_opt_values /opt/stack/data/venv/lib/python3.12/site-packages/oslo_config/cfg.py:3253}}
Jun 23 17:05:59.039153 np0000182578 nova-conductor[111075]: DEBUG cotyledon.oslo_config_glue [-] profiler.filter_error_trace = False {{(pid=111075) log_opt_values /opt/stack/data/venv/lib/python3.12/site-packages/oslo_config/cfg.py:3253}}
Jun 23 17:05:59.039153 np0000182578 nova-conductor[111075]: DEBUG cotyledon.oslo_config_glue [-] profiler.hmac_keys = **** {{(pid=111075) log_opt_values /opt/stack/data/venv/lib/python3.12/site-packages/oslo_config/cfg.py:3253}}
Jun 23 17:05:59.039357 np0000182578 nova-conductor[111075]: DEBUG cotyledon.oslo_config_glue [-] profiler.sentinel_service_name = mymaster {{(pid=111075) log_opt_values /opt/stack/data/venv/lib/python3.12/site-packages/oslo_config/cfg.py:3253}}
Jun 23 17:05:59.039357 np0000182578 nova-conductor[111075]: DEBUG cotyledon.oslo_config_glue [-] profiler.socket_timeout = 0.1 {{(pid=111075) log_opt_values /opt/stack/data/venv/lib/python3.12/site-packages/oslo_config/cfg.py:3253}}
Jun 23 17:05:59.039357 np0000182578 nova-conductor[111075]: DEBUG cotyledon.oslo_config_glue [-] profiler.trace_requests = False {{(pid=111075) log_opt_values /opt/stack/data/venv/lib/python3.12/site-packages/oslo_config/cfg.py:3253}}
Jun 23 17:05:59.039357 np0000182578 nova-conductor[111075]: DEBUG cotyledon.oslo_config_glue [-] profiler.trace_sqlalchemy = False {{(pid=111075) log_opt_values /opt/stack/data/venv/lib/python3.12/site-packages/oslo_config/cfg.py:3253}}
Jun 23 17:05:59.039357 np0000182578 nova-conductor[111075]: DEBUG cotyledon.oslo_config_glue [-] profiler_jaeger.process_tags = {} {{(pid=111075) log_opt_values /opt/stack/data/venv/lib/python3.12/site-packages/oslo_config/cfg.py:3253}}
Jun 23 17:05:59.039357 np0000182578 nova-conductor[111075]: DEBUG cotyledon.oslo_config_glue [-] profiler_jaeger.service_name_prefix = None {{(pid=111075) log_opt_values /opt/stack/data/venv/lib/python3.12/site-packages/oslo_config/cfg.py:3253}}
Jun 23 17:05:59.039357 np0000182578 nova-conductor[111075]: DEBUG cotyledon.oslo_config_glue [-] profiler_otlp.service_name_prefix = None {{(pid=111075) log_opt_values /opt/stack/data/venv/lib/python3.12/site-packages/oslo_config/cfg.py:3253}}
Jun 23 17:05:59.039357 np0000182578 nova-conductor[111075]: DEBUG cotyledon.oslo_config_glue [-] oslo_messaging_rabbit.amqp_auto_delete = False {{(pid=111075) log_opt_values /opt/stack/data/venv/lib/python3.12/site-packages/oslo_config/cfg.py:3253}}
Jun 23 17:05:59.039357 np0000182578 nova-conductor[111075]: DEBUG cotyledon.oslo_config_glue [-] oslo_messaging_rabbit.amqp_durable_queues = False {{(pid=111075) log_opt_values /opt/stack/data/venv/lib/python3.12/site-packages/oslo_config/cfg.py:3253}}
Jun 23 17:05:59.039574 np0000182578 nova-conductor[111075]: DEBUG cotyledon.oslo_config_glue [-] oslo_messaging_rabbit.conn_pool_min_size = 2 {{(pid=111075) log_opt_values /opt/stack/data/venv/lib/python3.12/site-packages/oslo_config/cfg.py:3253}}
Jun 23 17:05:59.039574 np0000182578 nova-conductor[111075]: DEBUG cotyledon.oslo_config_glue [-] oslo_messaging_rabbit.conn_pool_ttl = 1200 {{(pid=111075) log_opt_values /opt/stack/data/venv/lib/python3.12/site-packages/oslo_config/cfg.py:3253}}
Jun 23 17:05:59.039574 np0000182578 nova-conductor[111075]: DEBUG cotyledon.oslo_config_glue [-] oslo_messaging_rabbit.direct_mandatory_flag = True {{(pid=111075) log_opt_values /opt/stack/data/venv/lib/python3.12/site-packages/oslo_config/cfg.py:3253}}
Jun 23 17:05:59.039574 np0000182578 nova-conductor[111075]: DEBUG cotyledon.oslo_config_glue [-] oslo_messaging_rabbit.enable_cancel_on_failover = False {{(pid=111075) log_opt_values /opt/stack/data/venv/lib/python3.12/site-packages/oslo_config/cfg.py:3253}}
Jun 23 17:05:59.039574 np0000182578 nova-conductor[111075]: DEBUG cotyledon.oslo_config_glue [-] oslo_messaging_rabbit.heartbeat_rate = 3 {{(pid=111075) log_opt_values /opt/stack/data/venv/lib/python3.12/site-packages/oslo_config/cfg.py:3253}}
Jun 23 17:05:59.039574 np0000182578 nova-conductor[111075]: DEBUG cotyledon.oslo_config_glue [-] oslo_messaging_rabbit.heartbeat_timeout_threshold = 60 {{(pid=111075) log_opt_values /opt/stack/data/venv/lib/python3.12/site-packages/oslo_config/cfg.py:3253}}
Jun 23 17:05:59.039574 np0000182578 nova-conductor[111075]: DEBUG cotyledon.oslo_config_glue [-] oslo_messaging_rabbit.hostname = np0000182578 {{(pid=111075) log_opt_values /opt/stack/data/venv/lib/python3.12/site-packages/oslo_config/cfg.py:3253}}
Jun 23 17:05:59.039574 np0000182578 nova-conductor[111075]: DEBUG cotyledon.oslo_config_glue [-] oslo_messaging_rabbit.kombu_compression = None {{(pid=111075) log_opt_values /opt/stack/data/venv/lib/python3.12/site-packages/oslo_config/cfg.py:3253}}
Jun 23 17:05:59.039574 np0000182578 nova-conductor[111075]: DEBUG cotyledon.oslo_config_glue [-] oslo_messaging_rabbit.kombu_failover_strategy = round-robin {{(pid=111075) log_opt_values /opt/stack/data/venv/lib/python3.12/site-packages/oslo_config/cfg.py:3253}}
Jun 23 17:05:59.039787 np0000182578 nova-conductor[111075]: DEBUG cotyledon.oslo_config_glue [-] oslo_messaging_rabbit.kombu_missing_consumer_retry_timeout = 60 {{(pid=111075) log_opt_values /opt/stack/data/venv/lib/python3.12/site-packages/oslo_config/cfg.py:3253}}
Jun 23 17:05:59.039787 np0000182578 nova-conductor[111075]: DEBUG cotyledon.oslo_config_glue [-] oslo_messaging_rabbit.kombu_reconnect_delay = 1.0 {{(pid=111075) log_opt_values /opt/stack/data/venv/lib/python3.12/site-packages/oslo_config/cfg.py:3253}}
Jun 23 17:05:59.039787 np0000182578 nova-conductor[111075]: DEBUG cotyledon.oslo_config_glue [-] oslo_messaging_rabbit.kombu_reconnect_splay = 0.0 {{(pid=111075) log_opt_values /opt/stack/data/venv/lib/python3.12/site-packages/oslo_config/cfg.py:3253}}
Jun 23 17:05:59.039787 np0000182578 nova-conductor[111075]: DEBUG cotyledon.oslo_config_glue [-] oslo_messaging_rabbit.processname = nova-conductor {{(pid=111075) log_opt_values /opt/stack/data/venv/lib/python3.12/site-packages/oslo_config/cfg.py:3253}}
Jun 23 17:05:59.039787 np0000182578 nova-conductor[111075]: DEBUG cotyledon.oslo_config_glue [-] oslo_messaging_rabbit.rabbit_ha_queues = False {{(pid=111075) log_opt_values /opt/stack/data/venv/lib/python3.12/site-packages/oslo_config/cfg.py:3253}}
Jun 23 17:05:59.039787 np0000182578 nova-conductor[111075]: DEBUG cotyledon.oslo_config_glue [-] oslo_messaging_rabbit.rabbit_interval_max = 30 {{(pid=111075) log_opt_values /opt/stack/data/venv/lib/python3.12/site-packages/oslo_config/cfg.py:3253}}
Jun 23 17:05:59.039787 np0000182578 nova-conductor[111075]: DEBUG cotyledon.oslo_config_glue [-] oslo_messaging_rabbit.rabbit_login_method = AMQPLAIN {{(pid=111075) log_opt_values /opt/stack/data/venv/lib/python3.12/site-packages/oslo_config/cfg.py:3253}}
Jun 23 17:05:59.039787 np0000182578 nova-conductor[111075]: DEBUG cotyledon.oslo_config_glue [-] oslo_messaging_rabbit.rabbit_qos_prefetch_count = 0 {{(pid=111075) log_opt_values /opt/stack/data/venv/lib/python3.12/site-packages/oslo_config/cfg.py:3253}}
Jun 23 17:05:59.039984 np0000182578 nova-conductor[111075]: DEBUG cotyledon.oslo_config_glue [-] oslo_messaging_rabbit.rabbit_quorum_delivery_limit = 0 {{(pid=111075) log_opt_values /opt/stack/data/venv/lib/python3.12/site-packages/oslo_config/cfg.py:3253}}
Jun 23 17:05:59.039984 np0000182578 nova-conductor[111075]: DEBUG cotyledon.oslo_config_glue [-] oslo_messaging_rabbit.rabbit_quorum_max_memory_bytes = 0 {{(pid=111075) log_opt_values /opt/stack/data/venv/lib/python3.12/site-packages/oslo_config/cfg.py:3253}}
Jun 23 17:05:59.039984 np0000182578 nova-conductor[111075]: DEBUG cotyledon.oslo_config_glue [-] oslo_messaging_rabbit.rabbit_quorum_max_memory_length = 0 {{(pid=111075) log_opt_values /opt/stack/data/venv/lib/python3.12/site-packages/oslo_config/cfg.py:3253}}
Jun 23 17:05:59.039984 np0000182578 nova-conductor[111075]: DEBUG cotyledon.oslo_config_glue [-] oslo_messaging_rabbit.rabbit_quorum_queue = False {{(pid=111075) log_opt_values /opt/stack/data/venv/lib/python3.12/site-packages/oslo_config/cfg.py:3253}}
Jun 23 17:05:59.039984 np0000182578 nova-conductor[111075]: DEBUG cotyledon.oslo_config_glue [-] oslo_messaging_rabbit.rabbit_retry_backoff = 2 {{(pid=111075) log_opt_values /opt/stack/data/venv/lib/python3.12/site-packages/oslo_config/cfg.py:3253}}
Jun 23 17:05:59.039984 np0000182578 nova-conductor[111075]: DEBUG cotyledon.oslo_config_glue [-] oslo_messaging_rabbit.rabbit_retry_interval = 1 {{(pid=111075) log_opt_values /opt/stack/data/venv/lib/python3.12/site-packages/oslo_config/cfg.py:3253}}
Jun 23 17:05:59.039984 np0000182578 nova-conductor[111075]: DEBUG cotyledon.oslo_config_glue [-] oslo_messaging_rabbit.rabbit_stream_fanout = False {{(pid=111075) log_opt_values /opt/stack/data/venv/lib/python3.12/site-packages/oslo_config/cfg.py:3253}}
Jun 23 17:05:59.039984 np0000182578 nova-conductor[111075]: DEBUG cotyledon.oslo_config_glue [-] oslo_messaging_rabbit.rabbit_transient_queues_ttl = 1800 {{(pid=111075) log_opt_values /opt/stack/data/venv/lib/python3.12/site-packages/oslo_config/cfg.py:3253}}
Jun 23 17:05:59.040170 np0000182578 nova-conductor[111075]: DEBUG cotyledon.oslo_config_glue [-] oslo_messaging_rabbit.rabbit_transient_quorum_queue = False {{(pid=111075) log_opt_values /opt/stack/data/venv/lib/python3.12/site-packages/oslo_config/cfg.py:3253}}
Jun 23 17:05:59.040170 np0000182578 nova-conductor[111075]: DEBUG cotyledon.oslo_config_glue [-] oslo_messaging_rabbit.rpc_conn_pool_size = 30 {{(pid=111075) log_opt_values /opt/stack/data/venv/lib/python3.12/site-packages/oslo_config/cfg.py:3253}}
Jun 23 17:05:59.040170 np0000182578 nova-conductor[111075]: DEBUG cotyledon.oslo_config_glue [-] oslo_messaging_rabbit.ssl = False {{(pid=111075) log_opt_values /opt/stack/data/venv/lib/python3.12/site-packages/oslo_config/cfg.py:3253}}
Jun 23 17:05:59.040170 np0000182578 nova-conductor[111075]: DEBUG cotyledon.oslo_config_glue [-] oslo_messaging_rabbit.ssl_ca_file = {{(pid=111075) log_opt_values /opt/stack/data/venv/lib/python3.12/site-packages/oslo_config/cfg.py:3253}}
Jun 23 17:05:59.040170 np0000182578 nova-conductor[111075]: DEBUG cotyledon.oslo_config_glue [-] oslo_messaging_rabbit.ssl_cert_file = {{(pid=111075) log_opt_values /opt/stack/data/venv/lib/python3.12/site-packages/oslo_config/cfg.py:3253}}
Jun 23 17:05:59.040170 np0000182578 nova-conductor[111075]: DEBUG cotyledon.oslo_config_glue [-] oslo_messaging_rabbit.ssl_enforce_fips_mode = False {{(pid=111075) log_opt_values /opt/stack/data/venv/lib/python3.12/site-packages/oslo_config/cfg.py:3253}}
Jun 23 17:05:59.040170 np0000182578 nova-conductor[111075]: DEBUG cotyledon.oslo_config_glue [-] oslo_messaging_rabbit.ssl_enforce_hostname_verification = True {{(pid=111075) log_opt_values /opt/stack/data/venv/lib/python3.12/site-packages/oslo_config/cfg.py:3253}}
Jun 23 17:05:59.040170 np0000182578 nova-conductor[111075]: DEBUG cotyledon.oslo_config_glue [-] oslo_messaging_rabbit.ssl_key_file = {{(pid=111075) log_opt_values /opt/stack/data/venv/lib/python3.12/site-packages/oslo_config/cfg.py:3253}}
Jun 23 17:05:59.040170 np0000182578 nova-conductor[111075]: DEBUG cotyledon.oslo_config_glue [-] oslo_messaging_rabbit.ssl_version = {{(pid=111075) log_opt_values /opt/stack/data/venv/lib/python3.12/site-packages/oslo_config/cfg.py:3253}}
Jun 23 17:05:59.040371 np0000182578 nova-conductor[111075]: DEBUG cotyledon.oslo_config_glue [-] oslo_messaging_rabbit.use_queue_manager = False {{(pid=111075) log_opt_values /opt/stack/data/venv/lib/python3.12/site-packages/oslo_config/cfg.py:3253}}
Jun 23 17:05:59.040371 np0000182578 nova-conductor[111075]: DEBUG cotyledon.oslo_config_glue [-] oslo_messaging_notifications.driver = ['messagingv2'] {{(pid=111075) log_opt_values /opt/stack/data/venv/lib/python3.12/site-packages/oslo_config/cfg.py:3253}}
Jun 23 17:05:59.040371 np0000182578 nova-conductor[111075]: DEBUG cotyledon.oslo_config_glue [-] oslo_messaging_notifications.retry = -1 {{(pid=111075) log_opt_values /opt/stack/data/venv/lib/python3.12/site-packages/oslo_config/cfg.py:3253}}
Jun 23 17:05:59.040371 np0000182578 nova-conductor[111075]: DEBUG cotyledon.oslo_config_glue [-] oslo_messaging_notifications.topics = ['notifications'] {{(pid=111075) log_opt_values /opt/stack/data/venv/lib/python3.12/site-packages/oslo_config/cfg.py:3253}}
Jun 23 17:05:59.040371 np0000182578 nova-conductor[111075]: DEBUG cotyledon.oslo_config_glue [-] oslo_messaging_notifications.transport_url = **** {{(pid=111075) log_opt_values /opt/stack/data/venv/lib/python3.12/site-packages/oslo_config/cfg.py:3253}}
Jun 23 17:05:59.040371 np0000182578 nova-conductor[111075]: DEBUG cotyledon.oslo_config_glue [-] oslo_limit.auth_section = None {{(pid=111075) log_opt_values /opt/stack/data/venv/lib/python3.12/site-packages/oslo_config/cfg.py:3253}}
Jun 23 17:05:59.040371 np0000182578 nova-conductor[111075]: DEBUG cotyledon.oslo_config_glue [-] oslo_limit.auth_type = None {{(pid=111075) log_opt_values /opt/stack/data/venv/lib/python3.12/site-packages/oslo_config/cfg.py:3253}}
Jun 23 17:05:59.040371 np0000182578 nova-conductor[111075]: DEBUG cotyledon.oslo_config_glue [-] oslo_limit.cafile = None {{(pid=111075) log_opt_values /opt/stack/data/venv/lib/python3.12/site-packages/oslo_config/cfg.py:3253}}
Jun 23 17:05:59.040371 np0000182578 nova-conductor[111075]: DEBUG cotyledon.oslo_config_glue [-] oslo_limit.certfile = None {{(pid=111075) log_opt_values /opt/stack/data/venv/lib/python3.12/site-packages/oslo_config/cfg.py:3253}}
Jun 23 17:05:59.040561 np0000182578 nova-conductor[111075]: DEBUG cotyledon.oslo_config_glue [-] oslo_limit.collect_timing = False {{(pid=111075) log_opt_values /opt/stack/data/venv/lib/python3.12/site-packages/oslo_config/cfg.py:3253}}
Jun 23 17:05:59.040561 np0000182578 nova-conductor[111075]: DEBUG cotyledon.oslo_config_glue [-] oslo_limit.connect_retries = None {{(pid=111075) log_opt_values /opt/stack/data/venv/lib/python3.12/site-packages/oslo_config/cfg.py:3253}}
Jun 23 17:05:59.040561 np0000182578 nova-conductor[111075]: DEBUG cotyledon.oslo_config_glue [-] oslo_limit.connect_retry_delay = None {{(pid=111075) log_opt_values /opt/stack/data/venv/lib/python3.12/site-packages/oslo_config/cfg.py:3253}}
Jun 23 17:05:59.040561 np0000182578 nova-conductor[111075]: DEBUG cotyledon.oslo_config_glue [-] oslo_limit.endpoint_id = None {{(pid=111075) log_opt_values /opt/stack/data/venv/lib/python3.12/site-packages/oslo_config/cfg.py:3253}}
Jun 23 17:05:59.040561 np0000182578 nova-conductor[111075]: DEBUG cotyledon.oslo_config_glue [-] oslo_limit.endpoint_interface = public {{(pid=111075) log_opt_values /opt/stack/data/venv/lib/python3.12/site-packages/oslo_config/cfg.py:3253}}
Jun 23 17:05:59.040561 np0000182578 nova-conductor[111075]: DEBUG cotyledon.oslo_config_glue [-] oslo_limit.endpoint_override = None {{(pid=111075) log_opt_values /opt/stack/data/venv/lib/python3.12/site-packages/oslo_config/cfg.py:3253}}
Jun 23 17:05:59.040561 np0000182578 nova-conductor[111075]: DEBUG cotyledon.oslo_config_glue [-] oslo_limit.endpoint_region_name = None {{(pid=111075) log_opt_values /opt/stack/data/venv/lib/python3.12/site-packages/oslo_config/cfg.py:3253}}
Jun 23 17:05:59.040561 np0000182578 nova-conductor[111075]: DEBUG cotyledon.oslo_config_glue [-] oslo_limit.endpoint_service_name = None {{(pid=111075) log_opt_values /opt/stack/data/venv/lib/python3.12/site-packages/oslo_config/cfg.py:3253}}
Jun 23 17:05:59.040561 np0000182578 nova-conductor[111075]: DEBUG cotyledon.oslo_config_glue [-] oslo_limit.endpoint_service_type = None {{(pid=111075) log_opt_values /opt/stack/data/venv/lib/python3.12/site-packages/oslo_config/cfg.py:3253}}
Jun 23 17:05:59.040750 np0000182578 nova-conductor[111075]: DEBUG cotyledon.oslo_config_glue [-] oslo_limit.insecure = False {{(pid=111075) log_opt_values /opt/stack/data/venv/lib/python3.12/site-packages/oslo_config/cfg.py:3253}}
Jun 23 17:05:59.040750 np0000182578 nova-conductor[111075]: DEBUG cotyledon.oslo_config_glue [-] oslo_limit.keyfile = None {{(pid=111075) log_opt_values /opt/stack/data/venv/lib/python3.12/site-packages/oslo_config/cfg.py:3253}}
Jun 23 17:05:59.040750 np0000182578 nova-conductor[111075]: DEBUG cotyledon.oslo_config_glue [-] oslo_limit.max_version = None {{(pid=111075) log_opt_values /opt/stack/data/venv/lib/python3.12/site-packages/oslo_config/cfg.py:3253}}
Jun 23 17:05:59.040750 np0000182578 nova-conductor[111075]: DEBUG cotyledon.oslo_config_glue [-] oslo_limit.min_version = None {{(pid=111075) log_opt_values /opt/stack/data/venv/lib/python3.12/site-packages/oslo_config/cfg.py:3253}}
Jun 23 17:05:59.040750 np0000182578 nova-conductor[111075]: DEBUG cotyledon.oslo_config_glue [-] oslo_limit.region_name = None {{(pid=111075) log_opt_values /opt/stack/data/venv/lib/python3.12/site-packages/oslo_config/cfg.py:3253}}
Jun 23 17:05:59.040750 np0000182578 nova-conductor[111075]: DEBUG cotyledon.oslo_config_glue [-] oslo_limit.retriable_status_codes = None {{(pid=111075) log_opt_values /opt/stack/data/venv/lib/python3.12/site-packages/oslo_config/cfg.py:3253}}
Jun 23 17:05:59.040750 np0000182578 nova-conductor[111075]: DEBUG cotyledon.oslo_config_glue [-] oslo_limit.service_name = None {{(pid=111075) log_opt_values /opt/stack/data/venv/lib/python3.12/site-packages/oslo_config/cfg.py:3253}}
Jun 23 17:05:59.040750 np0000182578 nova-conductor[111075]: DEBUG cotyledon.oslo_config_glue [-] oslo_limit.service_type = None {{(pid=111075) log_opt_values /opt/stack/data/venv/lib/python3.12/site-packages/oslo_config/cfg.py:3253}}
Jun 23 17:05:59.040750 np0000182578 nova-conductor[111075]: DEBUG cotyledon.oslo_config_glue [-] oslo_limit.split_loggers = False {{(pid=111075) log_opt_values /opt/stack/data/venv/lib/python3.12/site-packages/oslo_config/cfg.py:3253}}
Jun 23 17:05:59.040946 np0000182578 nova-conductor[111075]: DEBUG cotyledon.oslo_config_glue [-] oslo_limit.status_code_retries = None {{(pid=111075) log_opt_values /opt/stack/data/venv/lib/python3.12/site-packages/oslo_config/cfg.py:3253}}
Jun 23 17:05:59.040946 np0000182578 nova-conductor[111075]: DEBUG cotyledon.oslo_config_glue [-] oslo_limit.status_code_retry_delay = None {{(pid=111075) log_opt_values /opt/stack/data/venv/lib/python3.12/site-packages/oslo_config/cfg.py:3253}}
Jun 23 17:05:59.040946 np0000182578 nova-conductor[111075]: DEBUG cotyledon.oslo_config_glue [-] oslo_limit.timeout = None {{(pid=111075) log_opt_values /opt/stack/data/venv/lib/python3.12/site-packages/oslo_config/cfg.py:3253}}
Jun 23 17:05:59.040946 np0000182578 nova-conductor[111075]: DEBUG cotyledon.oslo_config_glue [-] oslo_limit.valid_interfaces = None {{(pid=111075) log_opt_values /opt/stack/data/venv/lib/python3.12/site-packages/oslo_config/cfg.py:3253}}
Jun 23 17:05:59.040946 np0000182578 nova-conductor[111075]: DEBUG cotyledon.oslo_config_glue [-] oslo_limit.version = None {{(pid=111075) log_opt_values /opt/stack/data/venv/lib/python3.12/site-packages/oslo_config/cfg.py:3253}}
Jun 23 17:05:59.040946 np0000182578 nova-conductor[111075]: DEBUG cotyledon.oslo_config_glue [-] oslo_reports.file_event_handler = None {{(pid=111075) log_opt_values /opt/stack/data/venv/lib/python3.12/site-packages/oslo_config/cfg.py:3253}}
Jun 23 17:05:59.040946 np0000182578 nova-conductor[111075]: DEBUG cotyledon.oslo_config_glue [-] oslo_reports.file_event_handler_interval = 1 {{(pid=111075) log_opt_values /opt/stack/data/venv/lib/python3.12/site-packages/oslo_config/cfg.py:3253}}
Jun 23 17:05:59.040946 np0000182578 nova-conductor[111075]: DEBUG cotyledon.oslo_config_glue [-] oslo_reports.log_dir = None {{(pid=111075) log_opt_values /opt/stack/data/venv/lib/python3.12/site-packages/oslo_config/cfg.py:3253}}
Jun 23 17:05:59.040946 np0000182578 nova-conductor[111075]: DEBUG cotyledon.oslo_config_glue [-] ******************************************************************************** {{(pid=111075) log_opt_values /opt/stack/data/venv/lib/python3.12/site-packages/oslo_config/cfg.py:3260}}
Jun 23 17:05:59.041134 np0000182578 nova-conductor[111075]: DEBUG cotyledon._service_worker [-] Run service ServiceWrapper(3) [111075] {{(pid=111075) wait_forever /opt/stack/data/venv/lib/python3.12/site-packages/cotyledon/_service_worker.py:218}}
Jun 23 17:05:59.041134 np0000182578 nova-conductor[111075]: INFO nova.service [-] Starting conductor node (version 33.1.0)
Jun 23 17:05:59.041134 np0000182578 nova-conductor[111075]: INFO dbcounter [None req-07000311-1b80-47f6-9528-1f24ff302c3c None None] Registered counter for database nova_cell0
Jun 23 17:05:59.041195 np0000182578 nova-conductor[111064]: INFO dbcounter [None req-3b044d99-3337-4c34-b881-867d1473a3f0 None None] Registered counter for database nova_cell0
Jun 23 17:05:59.050518 np0000182578 nova-conductor[111044]: DEBUG oslo_db.sqlalchemy.engines [None req-22451676-fdcf-4534-b8cb-a10c37b970ff None None] MySQL server mode set to STRICT_TRANS_TABLES,STRICT_ALL_TABLES,NO_ZERO_IN_DATE,NO_ZERO_DATE,ERROR_FOR_DIVISION_BY_ZERO,TRADITIONAL,NO_ENGINE_SUBSTITUTION {{(pid=111044) _check_effective_sql_mode /opt/stack/data/venv/lib/python3.12/site-packages/oslo_db/sqlalchemy/engines.py:325}}
Jun 23 17:05:59.058632 np0000182578 nova-conductor[111056]: DEBUG oslo_db.sqlalchemy.engines [None req-68fb38cd-972a-4ea1-ab08-b1a0520d523c None None] MySQL server mode set to STRICT_TRANS_TABLES,STRICT_ALL_TABLES,NO_ZERO_IN_DATE,NO_ZERO_DATE,ERROR_FOR_DIVISION_BY_ZERO,TRADITIONAL,NO_ENGINE_SUBSTITUTION {{(pid=111056) _check_effective_sql_mode /opt/stack/data/venv/lib/python3.12/site-packages/oslo_db/sqlalchemy/engines.py:325}}
Jun 23 17:05:59.068966 np0000182578 nova-conductor[111044]: DEBUG dbcounter [-] [111044] Writer thread running {{(pid=111044) stat_writer /opt/stack/data/venv/lib/python3.12/site-packages/dbcounter.py:102}}
Jun 23 17:05:59.072645 np0000182578 nova-conductor[111056]: DEBUG dbcounter [-] [111056] Writer thread running {{(pid=111056) stat_writer /opt/stack/data/venv/lib/python3.12/site-packages/dbcounter.py:102}}
Jun 23 17:05:59.080657 np0000182578 nova-conductor[111075]: DEBUG oslo_db.sqlalchemy.engines [None req-07000311-1b80-47f6-9528-1f24ff302c3c None None] MySQL server mode set to STRICT_TRANS_TABLES,STRICT_ALL_TABLES,NO_ZERO_IN_DATE,NO_ZERO_DATE,ERROR_FOR_DIVISION_BY_ZERO,TRADITIONAL,NO_ENGINE_SUBSTITUTION {{(pid=111075) _check_effective_sql_mode /opt/stack/data/venv/lib/python3.12/site-packages/oslo_db/sqlalchemy/engines.py:325}}
Jun 23 17:05:59.090139 np0000182578 nova-conductor[111075]: DEBUG dbcounter [-] [111075] Writer thread running {{(pid=111075) stat_writer /opt/stack/data/venv/lib/python3.12/site-packages/dbcounter.py:102}}
Jun 23 17:05:59.096996 np0000182578 nova-conductor[111044]: DEBUG nova.service [None req-22451676-fdcf-4534-b8cb-a10c37b970ff None None] Creating RPC server for service: nova-conductor on topic: conductor {{(pid=111044) start /opt/stack/nova/nova/service.py:196}}
Jun 23 17:05:59.101265 np0000182578 nova-conductor[111056]: DEBUG nova.service [None req-68fb38cd-972a-4ea1-ab08-b1a0520d523c None None] Creating RPC server for service: nova-conductor on topic: conductor {{(pid=111056) start /opt/stack/nova/nova/service.py:196}}
Jun 23 17:05:59.105759 np0000182578 nova-conductor[111064]: DEBUG oslo_db.sqlalchemy.engines [None req-3b044d99-3337-4c34-b881-867d1473a3f0 None None] MySQL server mode set to STRICT_TRANS_TABLES,STRICT_ALL_TABLES,NO_ZERO_IN_DATE,NO_ZERO_DATE,ERROR_FOR_DIVISION_BY_ZERO,TRADITIONAL,NO_ENGINE_SUBSTITUTION {{(pid=111064) _check_effective_sql_mode /opt/stack/data/venv/lib/python3.12/site-packages/oslo_db/sqlalchemy/engines.py:325}}
Jun 23 17:05:59.110861 np0000182578 nova-conductor[111075]: DEBUG nova.service [None req-07000311-1b80-47f6-9528-1f24ff302c3c None None] Creating RPC server for service: nova-conductor on topic: conductor {{(pid=111075) start /opt/stack/nova/nova/service.py:196}}
Jun 23 17:05:59.120326 np0000182578 nova-conductor[111044]: DEBUG nova.service [None req-22451676-fdcf-4534-b8cb-a10c37b970ff None None] Join ServiceGroup membership for this service conductor {{(pid=111044) start /opt/stack/nova/nova/service.py:222}}
Jun 23 17:05:59.120995 np0000182578 nova-conductor[111044]: DEBUG nova.servicegroup.drivers.db [None req-22451676-fdcf-4534-b8cb-a10c37b970ff None None] DB_Driver: join new ServiceGroup member np0000182578 to the conductor group, service = {{(pid=111044) join /opt/stack/nova/nova/servicegroup/drivers/db.py:44}}
Jun 23 17:05:59.121048 np0000182578 nova-conductor[111064]: DEBUG dbcounter [-] [111064] Writer thread running {{(pid=111064) stat_writer /opt/stack/data/venv/lib/python3.12/site-packages/dbcounter.py:102}}
Jun 23 17:05:59.124312 np0000182578 nova-conductor[111064]: DEBUG nova.service [None req-3b044d99-3337-4c34-b881-867d1473a3f0 None None] Creating RPC server for service: nova-conductor on topic: conductor {{(pid=111064) start /opt/stack/nova/nova/service.py:196}}
Jun 23 17:05:59.124629 np0000182578 nova-conductor[111056]: DEBUG nova.service [None req-68fb38cd-972a-4ea1-ab08-b1a0520d523c None None] Join ServiceGroup membership for this service conductor {{(pid=111056) start /opt/stack/nova/nova/service.py:222}}
Jun 23 17:05:59.124887 np0000182578 nova-conductor[111056]: DEBUG nova.servicegroup.drivers.db [None req-68fb38cd-972a-4ea1-ab08-b1a0520d523c None None] DB_Driver: join new ServiceGroup member np0000182578 to the conductor group, service = {{(pid=111056) join /opt/stack/nova/nova/servicegroup/drivers/db.py:44}}
Jun 23 17:05:59.129726 np0000182578 nova-conductor[111075]: DEBUG nova.service [None req-07000311-1b80-47f6-9528-1f24ff302c3c None None] Join ServiceGroup membership for this service conductor {{(pid=111075) start /opt/stack/nova/nova/service.py:222}}
Jun 23 17:05:59.130052 np0000182578 nova-conductor[111075]: DEBUG nova.servicegroup.drivers.db [None req-07000311-1b80-47f6-9528-1f24ff302c3c None None] DB_Driver: join new ServiceGroup member np0000182578 to the conductor group, service = {{(pid=111075) join /opt/stack/nova/nova/servicegroup/drivers/db.py:44}}
Jun 23 17:05:59.138874 np0000182578 nova-conductor[111064]: DEBUG nova.service [None req-3b044d99-3337-4c34-b881-867d1473a3f0 None None] Join ServiceGroup membership for this service conductor {{(pid=111064) start /opt/stack/nova/nova/service.py:222}}
Jun 23 17:05:59.139094 np0000182578 nova-conductor[111064]: DEBUG nova.servicegroup.drivers.db [None req-3b044d99-3337-4c34-b881-867d1473a3f0 None None] DB_Driver: join new ServiceGroup member np0000182578 to the conductor group, service = {{(pid=111064) join /opt/stack/nova/nova/servicegroup/drivers/db.py:44}}
Jun 23 17:06:03.141617 np0000182578 nova-conductor[111064]: DEBUG oslo.service.backend._threading.loopingcall [None req-78f812d0-f873-427b-b88f-368fec62e3ca None None] Dynamic interval looping call 'nova.service.Service.periodic_tasks' sleeping for 60.00 seconds {{(pid=111064) _run_loop /opt/stack/data/venv/lib/python3.12/site-packages/oslo_service/backend/_threading/loopingcall.py:125}}
Jun 23 17:06:04.144828 np0000182578 nova-conductor[111044]: DEBUG oslo.service.backend._threading.loopingcall [-] Fixed interval looping call 'nova.servicegroup.drivers.db.DbDriver._report_state' sleeping for 119.98 seconds {{(pid=111044) _run_loop /opt/stack/data/venv/lib/python3.12/site-packages/oslo_service/backend/_threading/loopingcall.py:125}}
Jun 23 17:06:04.146140 np0000182578 nova-conductor[111056]: DEBUG oslo.service.backend._threading.loopingcall [-] Fixed interval looping call 'nova.servicegroup.drivers.db.DbDriver._report_state' sleeping for 119.98 seconds {{(pid=111056) _run_loop /opt/stack/data/venv/lib/python3.12/site-packages/oslo_service/backend/_threading/loopingcall.py:125}}
Jun 23 17:06:04.147794 np0000182578 nova-conductor[111075]: DEBUG oslo.service.backend._threading.loopingcall [-] Fixed interval looping call 'nova.servicegroup.drivers.db.DbDriver._report_state' sleeping for 119.99 seconds {{(pid=111075) _run_loop /opt/stack/data/venv/lib/python3.12/site-packages/oslo_service/backend/_threading/loopingcall.py:125}}
Jun 23 17:06:04.163638 np0000182578 nova-conductor[111064]: DEBUG oslo.service.backend._threading.loopingcall [-] Fixed interval looping call 'nova.servicegroup.drivers.db.DbDriver._report_state' sleeping for 119.98 seconds {{(pid=111064) _run_loop /opt/stack/data/venv/lib/python3.12/site-packages/oslo_service/backend/_threading/loopingcall.py:125}}
Jun 23 17:06:07.612400 np0000182578 nova-conductor[110234]: DEBUG dbcounter [-] [110234] Writing DB stats nova_api:SELECT=1 {{(pid=110234) stat_writer /opt/stack/data/venv/lib/python3.12/site-packages/dbcounter.py:115}}
Jun 23 17:06:07.761673 np0000182578 nova-conductor[110234]: DEBUG dbcounter [-] [110234] Writing DB stats nova_cell1:SELECT=1 {{(pid=110234) stat_writer /opt/stack/data/venv/lib/python3.12/site-packages/dbcounter.py:115}}
Jun 23 17:06:07.767715 np0000182578 nova-conductor[110234]: DEBUG dbcounter [-] [110234] Writing DB stats nova_cell0:SELECT=1 {{(pid=110234) stat_writer /opt/stack/data/venv/lib/python3.12/site-packages/dbcounter.py:115}}
Jun 23 17:06:14.140396 np0000182578 nova-conductor[111044]: DEBUG dbcounter [-] [111044] Writing DB stats nova_cell0:SELECT=4,nova_cell0:INSERT=1,nova_cell0:UPDATE=1 {{(pid=111044) stat_writer /opt/stack/data/venv/lib/python3.12/site-packages/dbcounter.py:115}}
Jun 23 17:06:14.141497 np0000182578 nova-conductor[111056]: DEBUG dbcounter [-] [111056] Writing DB stats nova_cell0:SELECT=5,nova_cell0:INSERT=1,nova_cell0:UPDATE=1 {{(pid=111056) stat_writer /opt/stack/data/venv/lib/python3.12/site-packages/dbcounter.py:115}}
Jun 23 17:06:14.146606 np0000182578 nova-conductor[111075]: DEBUG dbcounter [-] [111075] Writing DB stats nova_cell0:SELECT=4,nova_cell0:INSERT=1,nova_cell0:UPDATE=1 {{(pid=111075) stat_writer /opt/stack/data/venv/lib/python3.12/site-packages/dbcounter.py:115}}
Jun 23 17:06:14.159564 np0000182578 nova-conductor[111064]: DEBUG dbcounter [-] [111064] Writing DB stats nova_cell0:SELECT=3 {{(pid=111064) stat_writer /opt/stack/data/venv/lib/python3.12/site-packages/dbcounter.py:115}}
Jun 23 17:06:23.123351 np0000182578 nova-conductor[111044]: DEBUG oslo.service.backend._threading.loopingcall [None req-9f0142e5-affd-4949-9df6-f9606e267e3c None None] Dynamic interval looping call 'nova.service.Service.periodic_tasks' sleeping for 60.00 seconds {{(pid=111044) _run_loop /opt/stack/data/venv/lib/python3.12/site-packages/oslo_service/backend/_threading/loopingcall.py:125}}
Jun 23 17:06:26.134613 np0000182578 nova-conductor[111075]: DEBUG oslo.service.backend._threading.loopingcall [None req-93c280ca-3a5a-4567-9b2e-ad83bd8c1558 None None] Dynamic interval looping call 'nova.service.Service.periodic_tasks' sleeping for 60.00 seconds {{(pid=111075) _run_loop /opt/stack/data/venv/lib/python3.12/site-packages/oslo_service/backend/_threading/loopingcall.py:125}}
Jun 23 17:06:39.128474 np0000182578 nova-conductor[111056]: DEBUG oslo.service.backend._threading.loopingcall [None req-833fc4a0-946c-4713-9e74-33a00b6ed1ef None None] Dynamic interval looping call 'nova.service.Service.periodic_tasks' sleeping for 60.00 seconds {{(pid=111056) _run_loop /opt/stack/data/venv/lib/python3.12/site-packages/oslo_service/backend/_threading/loopingcall.py:125}}
Jun 23 17:07:03.142209 np0000182578 nova-conductor[111064]: DEBUG oslo.service.backend._threading.loopingcall [None req-78f812d0-f873-427b-b88f-368fec62e3ca None None] Dynamic interval looping call 'nova.service.Service.periodic_tasks' sleeping for 60.00 seconds {{(pid=111064) _run_loop /opt/stack/data/venv/lib/python3.12/site-packages/oslo_service/backend/_threading/loopingcall.py:125}}
Jun 23 17:07:23.124386 np0000182578 nova-conductor[111044]: DEBUG oslo.service.backend._threading.loopingcall [None req-9f0142e5-affd-4949-9df6-f9606e267e3c None None] Dynamic interval looping call 'nova.service.Service.periodic_tasks' sleeping for 60.00 seconds {{(pid=111044) _run_loop /opt/stack/data/venv/lib/python3.12/site-packages/oslo_service/backend/_threading/loopingcall.py:125}}
Jun 23 17:07:26.136135 np0000182578 nova-conductor[111075]: DEBUG oslo.service.backend._threading.loopingcall [None req-93c280ca-3a5a-4567-9b2e-ad83bd8c1558 None None] Dynamic interval looping call 'nova.service.Service.periodic_tasks' sleeping for 60.00 seconds {{(pid=111075) _run_loop /opt/stack/data/venv/lib/python3.12/site-packages/oslo_service/backend/_threading/loopingcall.py:125}}
Jun 23 17:07:39.129242 np0000182578 nova-conductor[111056]: DEBUG oslo.service.backend._threading.loopingcall [None req-833fc4a0-946c-4713-9e74-33a00b6ed1ef None None] Dynamic interval looping call 'nova.service.Service.periodic_tasks' sleeping for 60.00 seconds {{(pid=111056) _run_loop /opt/stack/data/venv/lib/python3.12/site-packages/oslo_service/backend/_threading/loopingcall.py:125}}
Jun 23 17:08:03.143526 np0000182578 nova-conductor[111064]: DEBUG oslo.service.backend._threading.loopingcall [None req-78f812d0-f873-427b-b88f-368fec62e3ca None None] Dynamic interval looping call 'nova.service.Service.periodic_tasks' sleeping for 60.00 seconds {{(pid=111064) _run_loop /opt/stack/data/venv/lib/python3.12/site-packages/oslo_service/backend/_threading/loopingcall.py:125}}
Jun 23 17:08:04.136050 np0000182578 nova-conductor[111044]: DEBUG oslo.service.backend._threading.loopingcall [-] Fixed interval looping call 'nova.servicegroup.drivers.db.DbDriver._report_state' sleeping for 119.99 seconds {{(pid=111044) _run_loop /opt/stack/data/venv/lib/python3.12/site-packages/oslo_service/backend/_threading/loopingcall.py:125}}
Jun 23 17:08:04.136593 np0000182578 nova-conductor[111056]: DEBUG oslo.service.backend._threading.loopingcall [-] Fixed interval looping call 'nova.servicegroup.drivers.db.DbDriver._report_state' sleeping for 119.99 seconds {{(pid=111056) _run_loop /opt/stack/data/venv/lib/python3.12/site-packages/oslo_service/backend/_threading/loopingcall.py:125}}
Jun 23 17:08:04.142752 np0000182578 nova-conductor[111075]: DEBUG oslo.service.backend._threading.loopingcall [-] Fixed interval looping call 'nova.servicegroup.drivers.db.DbDriver._report_state' sleeping for 120.00 seconds {{(pid=111075) _run_loop /opt/stack/data/venv/lib/python3.12/site-packages/oslo_service/backend/_threading/loopingcall.py:125}}
Jun 23 17:08:04.149518 np0000182578 nova-conductor[111064]: DEBUG oslo.service.backend._threading.loopingcall [-] Fixed interval looping call 'nova.servicegroup.drivers.db.DbDriver._report_state' sleeping for 119.99 seconds {{(pid=111064) _run_loop /opt/stack/data/venv/lib/python3.12/site-packages/oslo_service/backend/_threading/loopingcall.py:125}}
Jun 23 17:08:14.131406 np0000182578 nova-conductor[111044]: DEBUG dbcounter [-] [111044] Writing DB stats nova_cell0:SELECT=1,nova_cell0:UPDATE=1 {{(pid=111044) stat_writer /opt/stack/data/venv/lib/python3.12/site-packages/dbcounter.py:115}}
Jun 23 17:08:14.132044 np0000182578 nova-conductor[111056]: DEBUG dbcounter [-] [111056] Writing DB stats nova_cell0:SELECT=1,nova_cell0:UPDATE=1 {{(pid=111056) stat_writer /opt/stack/data/venv/lib/python3.12/site-packages/dbcounter.py:115}}
Jun 23 17:08:14.140526 np0000182578 nova-conductor[111075]: DEBUG dbcounter [-] [111075] Writing DB stats nova_cell0:SELECT=1 {{(pid=111075) stat_writer /opt/stack/data/venv/lib/python3.12/site-packages/dbcounter.py:115}}
Jun 23 17:08:14.146791 np0000182578 nova-conductor[111064]: DEBUG dbcounter [-] [111064] Writing DB stats nova_cell0:SELECT=1 {{(pid=111064) stat_writer /opt/stack/data/venv/lib/python3.12/site-packages/dbcounter.py:115}}
Jun 23 17:08:23.125140 np0000182578 nova-conductor[111044]: DEBUG oslo.service.backend._threading.loopingcall [None req-9f0142e5-affd-4949-9df6-f9606e267e3c None None] Dynamic interval looping call 'nova.service.Service.periodic_tasks' sleeping for 60.00 seconds {{(pid=111044) _run_loop /opt/stack/data/venv/lib/python3.12/site-packages/oslo_service/backend/_threading/loopingcall.py:125}}
Jun 23 17:08:26.136968 np0000182578 nova-conductor[111075]: DEBUG oslo.service.backend._threading.loopingcall [None req-93c280ca-3a5a-4567-9b2e-ad83bd8c1558 None None] Dynamic interval looping call 'nova.service.Service.periodic_tasks' sleeping for 60.00 seconds {{(pid=111075) _run_loop /opt/stack/data/venv/lib/python3.12/site-packages/oslo_service/backend/_threading/loopingcall.py:125}}
Jun 23 17:08:39.129952 np0000182578 nova-conductor[111056]: DEBUG oslo.service.backend._threading.loopingcall [None req-833fc4a0-946c-4713-9e74-33a00b6ed1ef None None] Dynamic interval looping call 'nova.service.Service.periodic_tasks' sleeping for 60.00 seconds {{(pid=111056) _run_loop /opt/stack/data/venv/lib/python3.12/site-packages/oslo_service/backend/_threading/loopingcall.py:125}}
Jun 23 17:09:03.144351 np0000182578 nova-conductor[111064]: DEBUG oslo.service.backend._threading.loopingcall [None req-78f812d0-f873-427b-b88f-368fec62e3ca None None] Dynamic interval looping call 'nova.service.Service.periodic_tasks' sleeping for 60.00 seconds {{(pid=111064) _run_loop /opt/stack/data/venv/lib/python3.12/site-packages/oslo_service/backend/_threading/loopingcall.py:125}}
Jun 23 17:09:23.126065 np0000182578 nova-conductor[111044]: DEBUG oslo.service.backend._threading.loopingcall [None req-9f0142e5-affd-4949-9df6-f9606e267e3c None None] Dynamic interval looping call 'nova.service.Service.periodic_tasks' sleeping for 60.00 seconds {{(pid=111044) _run_loop /opt/stack/data/venv/lib/python3.12/site-packages/oslo_service/backend/_threading/loopingcall.py:125}}
Jun 23 17:09:26.137492 np0000182578 nova-conductor[111075]: DEBUG oslo.service.backend._threading.loopingcall [None req-93c280ca-3a5a-4567-9b2e-ad83bd8c1558 None None] Dynamic interval looping call 'nova.service.Service.periodic_tasks' sleeping for 60.00 seconds {{(pid=111075) _run_loop /opt/stack/data/venv/lib/python3.12/site-packages/oslo_service/backend/_threading/loopingcall.py:125}}
Jun 23 17:09:39.130729 np0000182578 nova-conductor[111056]: DEBUG oslo.service.backend._threading.loopingcall [None req-833fc4a0-946c-4713-9e74-33a00b6ed1ef None None] Dynamic interval looping call 'nova.service.Service.periodic_tasks' sleeping for 60.00 seconds {{(pid=111056) _run_loop /opt/stack/data/venv/lib/python3.12/site-packages/oslo_service/backend/_threading/loopingcall.py:125}}
Jun 23 17:09:48.886073 np0000182578 nova-conductor[111044]: INFO nova.utils [None req-a6e99db8-8fdd-4d76-aea6-46073cac7303 demo demo] The cell worker thread pool ForkProcess-1.cell_worker is initialized
Jun 23 17:09:48.886787 np0000182578 nova-conductor[111044]: DEBUG oslo_concurrency.lockutils [None req-a6e99db8-8fdd-4d76-aea6-46073cac7303 demo demo] Acquiring lock "e5c656ea-a285-4e2f-94b1-e141edfb45f0" by "nova.context.set_target_cell..get_or_set_cached_cell_and_set_connections" {{(pid=111044) inner /opt/stack/data/venv/lib/python3.12/site-packages/oslo_concurrency/lockutils.py:511}}
Jun 23 17:09:48.887083 np0000182578 nova-conductor[111044]: DEBUG oslo_concurrency.lockutils [None req-a6e99db8-8fdd-4d76-aea6-46073cac7303 demo demo] Lock "e5c656ea-a285-4e2f-94b1-e141edfb45f0" acquired by "nova.context.set_target_cell..get_or_set_cached_cell_and_set_connections" :: waited 0.000s {{(pid=111044) inner /opt/stack/data/venv/lib/python3.12/site-packages/oslo_concurrency/lockutils.py:524}}
Jun 23 17:09:48.889214 np0000182578 nova-conductor[111044]: DEBUG oslo_concurrency.lockutils [None req-a6e99db8-8fdd-4d76-aea6-46073cac7303 demo demo] Lock "e5c656ea-a285-4e2f-94b1-e141edfb45f0" "released" by "nova.context.set_target_cell..get_or_set_cached_cell_and_set_connections" :: held 0.002s {{(pid=111044) inner /opt/stack/data/venv/lib/python3.12/site-packages/oslo_concurrency/lockutils.py:543}}
Jun 23 17:09:48.893944 np0000182578 nova-conductor[111044]: INFO dbcounter [None req-a6e99db8-8fdd-4d76-aea6-46073cac7303 demo demo] Registered counter for database nova_cell1
Jun 23 17:09:48.939997 np0000182578 nova-conductor[111044]: DEBUG oslo_db.sqlalchemy.engines [None req-a6e99db8-8fdd-4d76-aea6-46073cac7303 demo demo] MySQL server mode set to STRICT_TRANS_TABLES,STRICT_ALL_TABLES,NO_ZERO_IN_DATE,NO_ZERO_DATE,ERROR_FOR_DIVISION_BY_ZERO,TRADITIONAL,NO_ENGINE_SUBSTITUTION {{(pid=111044) _check_effective_sql_mode /opt/stack/data/venv/lib/python3.12/site-packages/oslo_db/sqlalchemy/engines.py:325}}
Jun 23 17:09:48.946855 np0000182578 nova-conductor[111044]: DEBUG oslo_db.sqlalchemy.engines [None req-a6e99db8-8fdd-4d76-aea6-46073cac7303 demo demo] Parent process 110234 forked (111044) with an open database connection, which is being discarded and recreated. {{(pid=111044) checkout /opt/stack/data/venv/lib/python3.12/site-packages/oslo_db/sqlalchemy/engines.py:402}}
