Jun 29 06:02:05.137499 np0000183450 devstack@neutron-api.service[103306]: DEBUG neutron.plugins.ml2.drivers.ovn.mech_driver.ovsdb.ovsdb_monitor [None req-2d207aa8-85e8-45f6-80c8-87b05163bb95 None None] ChassisAgentWriteEvent : Matched Chassis_Private, create, None None {{(pid=103306) matches /opt/stack/neutron/neutron/plugins/ml2/drivers/ovn/mech_driver/ovsdb/ovsdb_monitor.py:64}}
Jun 29 06:02:05.137707 np0000183450 devstack@neutron-api.service[103306]: DEBUG neutron.plugins.ml2.drivers.ovn.mech_driver.ovsdb.ovsdb_monitor [None req-2d207aa8-85e8-45f6-80c8-87b05163bb95 None None] ChassisOVNAgentWriteEvent : Matched Chassis_Private, create, None None {{(pid=103306) matches /opt/stack/neutron/neutron/plugins/ml2/drivers/ovn/mech_driver/ovsdb/ovsdb_monitor.py:64}}
Jun 29 06:02:05.138187 np0000183450 devstack@neutron-api.service[103306]: DEBUG neutron.plugins.ml2.drivers.ovn.mech_driver.ovsdb.ovsdb_monitor [None req-2d207aa8-85e8-45f6-80c8-87b05163bb95 None None] Hash Ring: Node c70a35f89a825e24a5483bebe125ced3 (host: np0000183450) handling event "create" for row d9473aad-acd2-4ef6-a523-e19d4c5eef41 (table: Encap) {{(pid=103306) notify /opt/stack/neutron/neutron/plugins/ml2/drivers/ovn/mech_driver/ovsdb/ovsdb_monitor.py:1015}}
Jun 29 06:02:05.140191 np0000183450 devstack@neutron-api.service[103306]: INFO neutron.plugins.ml2.drivers.ovn.mech_driver.mech_driver [None req-2d207aa8-85e8-45f6-80c8-87b05163bb95 None None] WorkerService process has finished the post initialization
Jun 29 06:02:05.140584 np0000183450 devstack@neutron-api.service[103306]: DEBUG oslo_concurrency.processutils [None req-2d207aa8-85e8-45f6-80c8-87b05163bb95 None None] Running cmd (subprocess): ovsdb-client transact ssl:199.204.45.240:6641 --timeout 180 -p /opt/stack/data/CA/int-ca/private/devstack-cert.key -c /opt/stack/data/CA/int-ca/devstack-cert.crt -C /opt/stack/data/CA/int-ca/ca-chain.pem ["OVN_Northbound", {"op": "wait", "timeout": 0, "table": "Port_Group", "where": [["name", "==", "pvlan_pg_drop"]], "until": "==", "rows": []}, {"op": "insert", "table": "ACL", "row": {"action": "drop", "direction": "to-lport", "match": "outport == @pvlan_pg_drop && ip", "priority": 1010}, "uuid-name": "pvlandroptoport"}, {"op": "insert", "table": "ACL", "row": {"action": "drop", "direction": "from-lport", "match": "inport == @pvlan_pg_drop && ip", "priority": 1010}, "uuid-name": "pvlandropfromport"}, {"op": "insert", "table": "Port_Group", "row": {"name": "pvlan_pg_drop", "acls": ["set", [["named-uuid", "pvlandroptoport"], ["named-uuid", "pvlandropfromport"]]]}}] {{(pid=103306) execute /opt/stack/data/venv/lib/python3.12/site-packages/oslo_concurrency/processutils.py:440}}
Jun 29 06:02:05.141186 np0000183450 devstack@neutron-api.service[103308]: DEBUG neutron.common.ovn.hash_ring_manager [None req-045f3d6b-0919-47f5-90bf-23c008aceca5 None None] Hash Ring loaded. 4 active nodes. 0 offline nodes {{(pid=103308) _load_hash_ring /opt/stack/neutron/neutron/common/ovn/hash_ring_manager.py:110}}
Jun 29 06:02:05.141456 np0000183450 devstack@neutron-api.service[103308]: DEBUG neutron.plugins.ml2.drivers.ovn.mech_driver.ovsdb.ovsdb_monitor [None req-045f3d6b-0919-47f5-90bf-23c008aceca5 None None] ChassisOVNAgentWriteEvent : Matched Chassis_Private, create, None None {{(pid=103308) matches /opt/stack/neutron/neutron/plugins/ml2/drivers/ovn/mech_driver/ovsdb/ovsdb_monitor.py:64}}
Jun 29 06:02:05.141612 np0000183450 devstack@neutron-api.service[103308]: DEBUG neutron.plugins.ml2.drivers.ovn.mech_driver.ovsdb.ovsdb_monitor [None req-045f3d6b-0919-47f5-90bf-23c008aceca5 None None] ChassisAgentWriteEvent : Matched Chassis_Private, create, None None {{(pid=103308) matches /opt/stack/neutron/neutron/plugins/ml2/drivers/ovn/mech_driver/ovsdb/ovsdb_monitor.py:64}}
Jun 29 06:02:05.144357 np0000183450 devstack@neutron-api.service[103308]: INFO neutron.plugins.ml2.drivers.ovn.mech_driver.mech_driver [None req-045f3d6b-0919-47f5-90bf-23c008aceca5 None None] WorkerService process has finished the post initialization
Jun 29 06:02:05.144770 np0000183450 devstack@neutron-api.service[103308]: DEBUG oslo_concurrency.processutils [None req-045f3d6b-0919-47f5-90bf-23c008aceca5 None None] Running cmd (subprocess): ovsdb-client transact ssl:199.204.45.240:6641 --timeout 180 -p /opt/stack/data/CA/int-ca/private/devstack-cert.key -c /opt/stack/data/CA/int-ca/devstack-cert.crt -C /opt/stack/data/CA/int-ca/ca-chain.pem ["OVN_Northbound", {"op": "wait", "timeout": 0, "table": "Port_Group", "where": [["name", "==", "pvlan_pg_drop"]], "until": "==", "rows": []}, {"op": "insert", "table": "ACL", "row": {"action": "drop", "direction": "to-lport", "match": "outport == @pvlan_pg_drop && ip", "priority": 1010}, "uuid-name": "pvlandroptoport"}, {"op": "insert", "table": "ACL", "row": {"action": "drop", "direction": "from-lport", "match": "inport == @pvlan_pg_drop && ip", "priority": 1010}, "uuid-name": "pvlandropfromport"}, {"op": "insert", "table": "Port_Group", "row": {"name": "pvlan_pg_drop", "acls": ["set", [["named-uuid", "pvlandroptoport"], ["named-uuid", "pvlandropfromport"]]]}}] {{(pid=103308) execute /opt/stack/data/venv/lib/python3.12/site-packages/oslo_concurrency/processutils.py:440}}
Jun 29 06:02:05.181127 np0000183450 devstack@neutron-api.service[103308]: DEBUG oslo_concurrency.processutils [None req-045f3d6b-0919-47f5-90bf-23c008aceca5 None None] CMD "ovsdb-client transact ssl:199.204.45.240:6641 --timeout 180 -p /opt/stack/data/CA/int-ca/private/devstack-cert.key -c /opt/stack/data/CA/int-ca/devstack-cert.crt -C /opt/stack/data/CA/int-ca/ca-chain.pem ["OVN_Northbound", {"op": "wait", "timeout": 0, "table": "Port_Group", "where": [["name", "==", "pvlan_pg_drop"]], "until": "==", "rows": []}, {"op": "insert", "table": "ACL", "row": {"action": "drop", "direction": "to-lport", "match": "outport == @pvlan_pg_drop && ip", "priority": 1010}, "uuid-name": "pvlandroptoport"}, {"op": "insert", "table": "ACL", "row": {"action": "drop", "direction": "from-lport", "match": "inport == @pvlan_pg_drop && ip", "priority": 1010}, "uuid-name": "pvlandropfromport"}, {"op": "insert", "table": "Port_Group", "row": {"name": "pvlan_pg_drop", "acls": ["set", [["named-uuid", "pvlandroptoport"], ["named-uuid", "pvlandropfromport"]]]}}]" returned: 0 in 0.036s {{(pid=103308) execute /opt/stack/data/venv/lib/python3.12/site-packages/oslo_concurrency/processutils.py:468}}
Jun 29 06:02:05.182537 np0000183450 devstack@neutron-api.service[103306]: DEBUG oslo_concurrency.processutils [None req-2d207aa8-85e8-45f6-80c8-87b05163bb95 None None] CMD "ovsdb-client transact ssl:199.204.45.240:6641 --timeout 180 -p /opt/stack/data/CA/int-ca/private/devstack-cert.key -c /opt/stack/data/CA/int-ca/devstack-cert.crt -C /opt/stack/data/CA/int-ca/ca-chain.pem ["OVN_Northbound", {"op": "wait", "timeout": 0, "table": "Port_Group", "where": [["name", "==", "pvlan_pg_drop"]], "until": "==", "rows": []}, {"op": "insert", "table": "ACL", "row": {"action": "drop", "direction": "to-lport", "match": "outport == @pvlan_pg_drop && ip", "priority": 1010}, "uuid-name": "pvlandroptoport"}, {"op": "insert", "table": "ACL", "row": {"action": "drop", "direction": "from-lport", "match": "inport == @pvlan_pg_drop && ip", "priority": 1010}, "uuid-name": "pvlandropfromport"}, {"op": "insert", "table": "Port_Group", "row": {"name": "pvlan_pg_drop", "acls": ["set", [["named-uuid", "pvlandroptoport"], ["named-uuid", "pvlandropfromport"]]]}}]" returned: 0 in 0.041s {{(pid=103306) execute /opt/stack/data/venv/lib/python3.12/site-packages/oslo_concurrency/processutils.py:468}}
Jun 29 06:02:05.184545 np0000183450 devstack@neutron-api.service[103308]: WSGI app 0 (mountpoint='') ready in 8 seconds on interpreter 0x772560ca3668 pid: 103308 (default app)
Jun 29 06:02:05.186444 np0000183450 devstack@neutron-api.service[103306]: WSGI app 0 (mountpoint='') ready in 8 seconds on interpreter 0x772560ca3668 pid: 103306 (default app)
Jun 29 06:02:06.576289 np0000183450 devstack@neutron-api.service[103306]: DEBUG neutron.plugins.ml2.drivers.ovn.mech_driver.ovsdb.ovsdb_monitor [-] Hash Ring: Node c70a35f89a825e24a5483bebe125ced3 (host: np0000183450) handling event "update" for row e5de9dac-c791-48b0-8a6c-5939db093b92 (table: Connection) {{(pid=103306) notify /opt/stack/neutron/neutron/plugins/ml2/drivers/ovn/mech_driver/ovsdb/ovsdb_monitor.py:1015}}
Jun 29 06:02:06.577795 np0000183450 devstack@neutron-api.service[103309]: DEBUG neutron.common.ovn.hash_ring_manager [-] Allow caching, nodes 4>=4 {{(pid=103309) _wait_startup_before_caching /opt/stack/neutron/neutron/common/ovn/hash_ring_manager.py:71}}
Jun 29 06:02:06.578357 np0000183450 devstack@neutron-api.service[103309]: DEBUG neutron.plugins.ml2.drivers.ovn.mech_driver.ovsdb.ovsdb_monitor [-] Hash Ring: Node e3a0f2ed131b508a98766df9be42b29d (host: np0000183450) handling event "update" for row e5de9dac-c791-48b0-8a6c-5939db093b92 (table: Connection) {{(pid=103309) notify /opt/stack/neutron/neutron/plugins/ml2/drivers/ovn/mech_driver/ovsdb/ovsdb_monitor.py:1015}}
Jun 29 06:02:06.579088 np0000183450 devstack@neutron-api.service[103307]: DEBUG neutron.common.ovn.hash_ring_manager [-] Allow caching, nodes 4>=4 {{(pid=103307) _wait_startup_before_caching /opt/stack/neutron/neutron/common/ovn/hash_ring_manager.py:71}}
Jun 29 06:02:06.579088 np0000183450 devstack@neutron-api.service[103307]: DEBUG neutron.plugins.ml2.drivers.ovn.mech_driver.ovsdb.ovsdb_monitor [-] Hash Ring: Node f37f65a20c9058ecaa3597f6cd4e2e88 (host: np0000183450) handling event "update" for row e5de9dac-c791-48b0-8a6c-5939db093b92 (table: Connection) {{(pid=103307) notify /opt/stack/neutron/neutron/plugins/ml2/drivers/ovn/mech_driver/ovsdb/ovsdb_monitor.py:1015}}
Jun 29 06:02:09.070829 np0000183450 devstack@neutron-api.service[103309]: DEBUG neutron.plugins.ml2.drivers.ovn.mech_driver.ovsdb.ovsdb_monitor [-] Hash Ring: Node e3a0f2ed131b508a98766df9be42b29d (host: np0000183450) handling event "update" for row e5de9dac-c791-48b0-8a6c-5939db093b92 (table: Connection) {{(pid=103309) notify /opt/stack/neutron/neutron/plugins/ml2/drivers/ovn/mech_driver/ovsdb/ovsdb_monitor.py:1015}}
Jun 29 06:02:09.074226 np0000183450 devstack@neutron-api.service[103307]: DEBUG neutron.plugins.ml2.drivers.ovn.mech_driver.ovsdb.ovsdb_monitor [-] Hash Ring: Node f37f65a20c9058ecaa3597f6cd4e2e88 (host: np0000183450) handling event "update" for row e5de9dac-c791-48b0-8a6c-5939db093b92 (table: Connection) {{(pid=103307) notify /opt/stack/neutron/neutron/plugins/ml2/drivers/ovn/mech_driver/ovsdb/ovsdb_monitor.py:1015}}
Jun 29 06:02:09.075170 np0000183450 devstack@neutron-api.service[103306]: DEBUG neutron.plugins.ml2.drivers.ovn.mech_driver.ovsdb.ovsdb_monitor [-] Hash Ring: Node c70a35f89a825e24a5483bebe125ced3 (host: np0000183450) handling event "update" for row e5de9dac-c791-48b0-8a6c-5939db093b92 (table: Connection) {{(pid=103306) notify /opt/stack/neutron/neutron/plugins/ml2/drivers/ovn/mech_driver/ovsdb/ovsdb_monitor.py:1015}}
Jun 29 06:02:10.955903 np0000183450 devstack@neutron-api.service[103309]: DEBUG neutron.api.wsgi [None req-284880be-bb38-4e30-95fc-e8041e7893a0 admin admin] Missing Content-Type {{(pid=103309) get_content_type /opt/stack/neutron/neutron/api/wsgi.py:80}}
Jun 29 06:02:10.956522 np0000183450 devstack@neutron-api.service[103309]: DEBUG neutron.api.wsgi [None req-284880be-bb38-4e30-95fc-e8041e7893a0 admin admin] https://199.204.45.240/networking/v2.0/extensions returned with HTTP 200 {{(pid=103309) __call__ /opt/stack/neutron/neutron/api/wsgi.py:540}}
Jun 29 06:02:10.956680 np0000183450 devstack@neutron-api.service[103309]: [pid: 103309|app: 0|req: 2/2] 199.204.45.240 () {64 vars in 1323 bytes} [Mon Jun 29 06:02:10 2026] GET /networking/v2.0/extensions => generated 16171 bytes in 469 msecs (HTTP/1.1 200) 4 headers in 159 bytes (1 switches on core 0)
Jun 29 06:02:11.384233 np0000183450 devstack@neutron-api.service[103307]: DEBUG neutron.api.v2.base [None req-c4f79f3f-b4b7-4984-ab49-f569c3274795 admin admin] Request body: {'subnetpool': {'name': 'shared-default-subnetpool-v4', 'default_prefixlen': 26, 'is_default': True, 'shared': True, 'prefixes': ['10.1.0.0/20']}} {{(pid=103307) prepare_request_body /opt/stack/neutron/neutron/api/v2/base.py:727}}
Jun 29 06:02:11.598830 np0000183450 devstack@neutron-api.service[103307]: DEBUG neutron.policy [None req-c4f79f3f-b4b7-4984-ab49-f569c3274795 admin admin] Loaded default policies from ['neutron'] under neutron.policies entry points {{(pid=103307) register_rules /opt/stack/neutron/neutron/policy.py:65}}
Jun 29 06:02:11.759626 np0000183450 devstack@neutron-api.service[103307]: DEBUG neutron_lib.callbacks.manager [None req-c4f79f3f-b4b7-4984-ab49-f569c3274795 admin admin] Publish callbacks ['neutron.objects.securitygroup.RbacNeutronDbObjectMixin.validate_rbac_policy_change-2867099886192', 'neutron.objects.address_group.RbacNeutronDbObjectMixin.validate_rbac_policy_change-2867099974318', 'neutron.objects.network.RbacNeutronDbObjectMixin.validate_rbac_policy_change-2867099988378', 'neutron.objects.qos.policy.RbacNeutronDbObjectMixin.validate_rbac_policy_change-2867099976833', 'neutron.objects.subnetpool.RbacNeutronDbObjectMixin.validate_rbac_policy_change-2867099931493', 'neutron.objects.address_scope.RbacNeutronDbObjectMixin.validate_rbac_policy_change-2867099977014', 'neutron.plugins.ml2.plugin.External_net_db_mixin._process_ext_policy_create-3205725', 'neutron.plugins.ml2.plugin.NeutronDbPluginV2.validate_network_rbac_policy_change-3215279'] for rbac-policy (None), before_create {{(pid=103307) _notify_loop /opt/stack/data/venv/lib/python3.12/site-packages/neutron_lib/callbacks/manager.py:184}}
Jun 29 06:02:11.811614 np0000183450 devstack@neutron-api.service[103307]: DEBUG neutron_lib.callbacks.manager [None req-c4f79f3f-b4b7-4984-ab49-f569c3274795 admin admin] Publish callbacks [] for subnetpool (None), before_response {{(pid=103307) _notify_loop /opt/stack/data/venv/lib/python3.12/site-packages/neutron_lib/callbacks/manager.py:184}}
Jun 29 06:02:11.812630 np0000183450 devstack@neutron-api.service[103307]: [pid: 103307|app: 0|req: 1/3] 199.204.45.240 () {68 vars in 1367 bytes} [Mon Jun 29 06:02:11 2026] POST /networking/v2.0/subnetpools => generated 533 bytes in 562 msecs (HTTP/1.1 201) 4 headers in 162 bytes (1 switches on core 0)
Jun 29 06:02:12.168759 np0000183450 devstack@neutron-api.service[103308]: DEBUG neutron.api.v2.base [None req-9eb35bc7-f710-414c-99f8-aab613af9e32 admin admin] Request body: {'subnetpool': {'name': 'shared-default-subnetpool-v6', 'default_prefixlen': 64, 'is_default': True, 'shared': True, 'prefixes': ['fdbe:2190:3348::/56']}} {{(pid=103308) prepare_request_body /opt/stack/neutron/neutron/api/v2/base.py:727}}
Jun 29 06:02:12.364681 np0000183450 devstack@neutron-api.service[103308]: DEBUG neutron.policy [None req-9eb35bc7-f710-414c-99f8-aab613af9e32 admin admin] Loaded default policies from ['neutron'] under neutron.policies entry points {{(pid=103308) register_rules /opt/stack/neutron/neutron/policy.py:65}}
Jun 29 06:02:12.523883 np0000183450 devstack@neutron-api.service[103308]: DEBUG neutron_lib.callbacks.manager [None req-9eb35bc7-f710-414c-99f8-aab613af9e32 admin admin] Publish callbacks ['neutron.objects.securitygroup.RbacNeutronDbObjectMixin.validate_rbac_policy_change-2867100285448', 'neutron.objects.address_group.RbacNeutronDbObjectMixin.validate_rbac_policy_change-2867100262732', 'neutron.objects.network.RbacNeutronDbObjectMixin.validate_rbac_policy_change-2867099864603', 'neutron.objects.qos.policy.RbacNeutronDbObjectMixin.validate_rbac_policy_change-2867099915740', 'neutron.objects.subnetpool.RbacNeutronDbObjectMixin.validate_rbac_policy_change-2867099906385', 'neutron.objects.address_scope.RbacNeutronDbObjectMixin.validate_rbac_policy_change-2867099916141', 'neutron.plugins.ml2.plugin.External_net_db_mixin._process_ext_policy_create-3234768', 'neutron.plugins.ml2.plugin.NeutronDbPluginV2.validate_network_rbac_policy_change-3227580'] for rbac-policy (None), before_create {{(pid=103308) _notify_loop /opt/stack/data/venv/lib/python3.12/site-packages/neutron_lib/callbacks/manager.py:184}}
Jun 29 06:02:12.569127 np0000183450 devstack@neutron-api.service[103308]: DEBUG neutron_lib.callbacks.manager [None req-9eb35bc7-f710-414c-99f8-aab613af9e32 admin admin] Publish callbacks [] for subnetpool (None), before_response {{(pid=103308) _notify_loop /opt/stack/data/venv/lib/python3.12/site-packages/neutron_lib/callbacks/manager.py:184}}
Jun 29 06:02:12.569628 np0000183450 devstack@neutron-api.service[103308]: [pid: 103308|app: 0|req: 1/4] 199.204.45.240 () {68 vars in 1367 bytes} [Mon Jun 29 06:02:12 2026] POST /networking/v2.0/subnetpools => generated 543 bytes in 531 msecs (HTTP/1.1 201) 4 headers in 162 bytes (1 switches on core 0)
Jun 29 06:02:13.001956 np0000183450 devstack@neutron-api.service[103306]: DEBUG neutron.api.v2.base [None req-ce21f404-4a6b-4346-bbe3-feaa8863deb1 admin admin] Request body: {'network': {'name': 'private', 'admin_state_up': True}} {{(pid=103306) prepare_request_body /opt/stack/neutron/neutron/api/v2/base.py:727}}
Jun 29 06:02:13.038233 np0000183450 devstack@neutron-api.service[103306]: DEBUG neutron.pecan_wsgi.hooks.quota_enforcement [None req-ce21f404-4a6b-4346-bbe3-feaa8863deb1 admin admin] Made reservation on behalf of a4ea4eb1cdd846d789fec6ad9df14cbe for: {'network': 1} {{(pid=103306) before /opt/stack/neutron/neutron/pecan_wsgi/hooks/quota_enforcement.py:66}}
Jun 29 06:02:13.215729 np0000183450 devstack@neutron-api.service[103306]: DEBUG neutron.policy [None req-ce21f404-4a6b-4346-bbe3-feaa8863deb1 admin admin] Loaded default policies from ['neutron'] under neutron.policies entry points {{(pid=103306) register_rules /opt/stack/neutron/neutron/policy.py:65}}
Jun 29 06:02:13.322652 np0000183450 devstack@neutron-api.service[103306]: DEBUG neutron_lib.callbacks.manager [None req-ce21f404-4a6b-4346-bbe3-feaa8863deb1 admin admin] Publish callbacks ['neutron.plugins.ml2.plugin.SecurityGroupDbMixin._ensure_default_security_group_handler-3222327'] for network (None), before_create {{(pid=103306) _notify_loop /opt/stack/data/venv/lib/python3.12/site-packages/neutron_lib/callbacks/manager.py:184}}
Jun 29 06:02:13.343139 np0000183450 devstack@neutron-api.service[103306]: DEBUG neutron_lib.callbacks.manager [None req-ce21f404-4a6b-4346-bbe3-feaa8863deb1 admin admin] Publish callbacks [] for security_group (None), before_create {{(pid=103306) _notify_loop /opt/stack/data/venv/lib/python3.12/site-packages/neutron_lib/callbacks/manager.py:184}}
Jun 29 06:02:13.448222 np0000183450 devstack@neutron-api.service[103306]: DEBUG neutron_lib.callbacks.manager [None req-ce21f404-4a6b-4346-bbe3-feaa8863deb1 admin admin] Publish callbacks ['neutron.plugins.ml2.drivers.ovn.mech_driver.mech_driver.OVNMechanismDriver._create_security_group_precommit-338142'] for security_group (e7531d42-314a-49ac-bcba-f96849566d22), precommit_create {{(pid=103306) _notify_loop /opt/stack/data/venv/lib/python3.12/site-packages/neutron_lib/callbacks/manager.py:184}}
Jun 29 06:02:13.448634 np0000183450 devstack@neutron-api.service[103306]: DEBUG neutron.db.ovn_revision_numbers_db [None req-ce21f404-4a6b-4346-bbe3-feaa8863deb1 admin admin] create_initial_revision uuid=e7531d42-314a-49ac-bcba-f96849566d22, type=security_groups, rev=-1 {{(pid=103306) create_initial_revision /opt/stack/neutron/neutron/db/ovn_revision_numbers_db.py:98}}
Jun 29 06:02:13.451990 np0000183450 devstack@neutron-api.service[103306]: DEBUG neutron.db.ovn_revision_numbers_db [None req-ce21f404-4a6b-4346-bbe3-feaa8863deb1 admin admin] create_initial_revision uuid=0a7756c4-5f8e-4fa3-b691-ffd9ad9fd173, type=security_group_rules, rev=-1 {{(pid=103306) create_initial_revision /opt/stack/neutron/neutron/db/ovn_revision_numbers_db.py:98}}
Jun 29 06:02:13.453456 np0000183450 devstack@neutron-api.service[103306]: DEBUG neutron.db.ovn_revision_numbers_db [None req-ce21f404-4a6b-4346-bbe3-feaa8863deb1 admin admin] create_initial_revision uuid=1dee3f1a-0b17-4fd6-bd48-7c4752887a0a, type=security_group_rules, rev=-1 {{(pid=103306) create_initial_revision /opt/stack/neutron/neutron/db/ovn_revision_numbers_db.py:98}}
Jun 29 06:02:13.455010 np0000183450 devstack@neutron-api.service[103306]: DEBUG neutron.db.ovn_revision_numbers_db [None req-ce21f404-4a6b-4346-bbe3-feaa8863deb1 admin admin] create_initial_revision uuid=bd187af5-eeb4-4a11-8ee1-3b21b93c7f1a, type=security_group_rules, rev=-1 {{(pid=103306) create_initial_revision /opt/stack/neutron/neutron/db/ovn_revision_numbers_db.py:98}}
Jun 29 06:02:13.456587 np0000183450 devstack@neutron-api.service[103306]: DEBUG neutron.db.ovn_revision_numbers_db [None req-ce21f404-4a6b-4346-bbe3-feaa8863deb1 admin admin] create_initial_revision uuid=bfe15846-ea7c-4aae-86d7-82537857b9bb, type=security_group_rules, rev=-1 {{(pid=103306) create_initial_revision /opt/stack/neutron/neutron/db/ovn_revision_numbers_db.py:98}}
Jun 29 06:02:13.464206 np0000183450 devstack@neutron-api.service[103306]: DEBUG neutron_lib.callbacks.manager [None req-ce21f404-4a6b-4346-bbe3-feaa8863deb1 admin admin] Publish callbacks ['neutron.plugins.ml2.drivers.ovn.mech_driver.mech_driver.OVNMechanismDriver._create_security_group-338152', 'neutron.plugins.ml2.ovo_rpc._ObjectChangeHandler.handle_event-1206759'] for security_group (e7531d42-314a-49ac-bcba-f96849566d22), after_create {{(pid=103306) _notify_loop /opt/stack/data/venv/lib/python3.12/site-packages/neutron_lib/callbacks/manager.py:184}}
Jun 29 06:02:13.464599 np0000183450 devstack@neutron-api.service[103306]: INFO neutron.plugins.ml2.drivers.ovn.mech_driver.ovsdb.extensions.qos [None req-ce21f404-4a6b-4346-bbe3-feaa8863deb1 admin admin] Starting OVNClientQosExtension
Jun 29 06:02:13.464916 np0000183450 devstack@neutron-api.service[103306]: INFO neutron.plugins.ml2.drivers.ovn.mech_driver.ovsdb.extensions.placement [None req-ce21f404-4a6b-4346-bbe3-feaa8863deb1 admin admin] Starting OVNClientPlacementExtension
Jun 29 06:02:13.466599 np0000183450 devstack@neutron-api.service[103306]: DEBUG ovsdbapp.backend.ovs_idl.transaction [-] Running txn n=1 command(idx=0): PgAddCommand(_result=None, name=pg_e7531d42_314a_49ac_bcba_f96849566d22, may_exist=False, columns={'acls': [], 'external_ids': {'neutron:security_group_id': 'e7531d42-314a-49ac-bcba-f96849566d22'}}) {{(pid=103306) do_commit /opt/stack/data/venv/lib/python3.12/site-packages/ovsdbapp/backend/ovs_idl/transaction.py:89}}
Jun 29 06:02:13.468822 np0000183450 devstack@neutron-api.service[103306]: DEBUG ovsdbapp.backend.ovs_idl.transaction [-] Running txn n=1 command(idx=1): PgAclAddCommand(_result=None, entity=pg_e7531d42_314a_49ac_bcba_f96849566d22, direction=to-lport, priority=1002, match=outport == @pg_e7531d42_314a_49ac_bcba_f96849566d22 && ip6 && ip6.src == $pg_e7531d42_314a_49ac_bcba_f96849566d22_ip6, action=allow-related, log=False, may_exist=True, severity=[], name=[], meter=[], external_ids={'neutron:security_group_rule_id': '0a7756c4-5f8e-4fa3-b691-ffd9ad9fd173'}) {{(pid=103306) do_commit /opt/stack/data/venv/lib/python3.12/site-packages/ovsdbapp/backend/ovs_idl/transaction.py:89}}
Jun 29 06:02:13.469470 np0000183450 devstack@neutron-api.service[103306]: DEBUG ovsdbapp.backend.ovs_idl.transaction [-] Running txn n=1 command(idx=2): PgAclAddCommand(_result=None, entity=pg_e7531d42_314a_49ac_bcba_f96849566d22, direction=to-lport, priority=1002, match=outport == @pg_e7531d42_314a_49ac_bcba_f96849566d22 && ip4 && ip4.src == $pg_e7531d42_314a_49ac_bcba_f96849566d22_ip4, action=allow-related, log=False, may_exist=True, severity=[], name=[], meter=[], external_ids={'neutron:security_group_rule_id': '1dee3f1a-0b17-4fd6-bd48-7c4752887a0a'}) {{(pid=103306) do_commit /opt/stack/data/venv/lib/python3.12/site-packages/ovsdbapp/backend/ovs_idl/transaction.py:89}}
Jun 29 06:02:13.470018 np0000183450 devstack@neutron-api.service[103306]: DEBUG ovsdbapp.backend.ovs_idl.transaction [-] Running txn n=1 command(idx=3): PgAclAddCommand(_result=None, entity=pg_e7531d42_314a_49ac_bcba_f96849566d22, direction=from-lport, priority=1002, match=inport == @pg_e7531d42_314a_49ac_bcba_f96849566d22 && ip4, action=allow-related, log=False, may_exist=True, severity=[], name=[], meter=[], external_ids={'neutron:security_group_rule_id': 'bd187af5-eeb4-4a11-8ee1-3b21b93c7f1a'}) {{(pid=103306) do_commit /opt/stack/data/venv/lib/python3.12/site-packages/ovsdbapp/backend/ovs_idl/transaction.py:89}}
Jun 29 06:02:13.470473 np0000183450 devstack@neutron-api.service[103306]: DEBUG ovsdbapp.backend.ovs_idl.transaction [-] Running txn n=1 command(idx=4): PgAclAddCommand(_result=None, entity=pg_e7531d42_314a_49ac_bcba_f96849566d22, direction=from-lport, priority=1002, match=inport == @pg_e7531d42_314a_49ac_bcba_f96849566d22 && ip6, action=allow-related, log=False, may_exist=True, severity=[], name=[], meter=[], external_ids={'neutron:security_group_rule_id': 'bfe15846-ea7c-4aae-86d7-82537857b9bb'}) {{(pid=103306) do_commit /opt/stack/data/venv/lib/python3.12/site-packages/ovsdbapp/backend/ovs_idl/transaction.py:89}}
Jun 29 06:02:13.479036 np0000183450 devstack@neutron-api.service[103306]: DEBUG neutron.plugins.ml2.drivers.ovn.mech_driver.ovsdb.ovsdb_monitor [-] Hash Ring: Node c70a35f89a825e24a5483bebe125ced3 (host: np0000183450) handling event "create" for row bde71079-4d2f-4862-ae11-38d24c8bc7f6 (table: ACL) {{(pid=103306) notify /opt/stack/neutron/neutron/plugins/ml2/drivers/ovn/mech_driver/ovsdb/ovsdb_monitor.py:1015}}
Jun 29 06:02:13.480136 np0000183450 devstack@neutron-api.service[103308]: DEBUG neutron.plugins.ml2.drivers.ovn.mech_driver.ovsdb.ovsdb_monitor [-] Hash Ring: Node 7b9524a4053b5167b07f42db1b54e19b (host: np0000183450) handling event "create" for row 7d3d56f8-7fb8-4801-b0a8-314d8dbe1ae0 (table: ACL) {{(pid=103308) notify /opt/stack/neutron/neutron/plugins/ml2/drivers/ovn/mech_driver/ovsdb/ovsdb_monitor.py:1015}}
Jun 29 06:02:13.483564 np0000183450 devstack@neutron-api.service[103309]: DEBUG neutron.plugins.ml2.drivers.ovn.mech_driver.ovsdb.ovsdb_monitor [-] Hash Ring: Node e3a0f2ed131b508a98766df9be42b29d (host: np0000183450) handling event "create" for row 7d3d56f8-7fb8-4801-b0a8-314d8dbe1ae0 (table: ACL) {{(pid=103309) notify /opt/stack/neutron/neutron/plugins/ml2/drivers/ovn/mech_driver/ovsdb/ovsdb_monitor.py:1015}}
Jun 29 06:02:13.483564 np0000183450 devstack@neutron-api.service[103309]: DEBUG neutron.plugins.ml2.drivers.ovn.mech_driver.ovsdb.ovsdb_monitor [-] Hash Ring: Node e3a0f2ed131b508a98766df9be42b29d (host: np0000183450) handling event "create" for row bde71079-4d2f-4862-ae11-38d24c8bc7f6 (table: ACL) {{(pid=103309) notify /opt/stack/neutron/neutron/plugins/ml2/drivers/ovn/mech_driver/ovsdb/ovsdb_monitor.py:1015}}
Jun 29 06:02:13.488205 np0000183450 devstack@neutron-api.service[103309]: DEBUG neutron.plugins.ml2.drivers.ovn.mech_driver.ovsdb.ovsdb_monitor [-] Hash Ring: Node e3a0f2ed131b508a98766df9be42b29d (host: np0000183450) handling event "create" for row deaaa73d-5ab6-4656-94b3-880adeee4128 (table: ACL) {{(pid=103309) notify /opt/stack/neutron/neutron/plugins/ml2/drivers/ovn/mech_driver/ovsdb/ovsdb_monitor.py:1015}}
Jun 29 06:02:13.488205 np0000183450 devstack@neutron-api.service[103309]: DEBUG neutron.plugins.ml2.drivers.ovn.mech_driver.ovsdb.ovsdb_monitor [-] Hash Ring: Node e3a0f2ed131b508a98766df9be42b29d (host: np0000183450) handling event "create" for row e2fa519e-699f-49aa-84f3-1415bd534d74 (table: ACL) {{(pid=103309) notify /opt/stack/neutron/neutron/plugins/ml2/drivers/ovn/mech_driver/ovsdb/ovsdb_monitor.py:1015}}
Jun 29 06:02:13.488205 np0000183450 devstack@neutron-api.service[103309]: DEBUG neutron.plugins.ml2.drivers.ovn.mech_driver.ovsdb.ovsdb_monitor [-] Hash Ring: Node e3a0f2ed131b508a98766df9be42b29d (host: np0000183450) handling event "create" for row bf990ff6-7841-4db9-af68-d579452591d6 (table: Port_Group) {{(pid=103309) notify /opt/stack/neutron/neutron/plugins/ml2/drivers/ovn/mech_driver/ovsdb/ovsdb_monitor.py:1015}}
Jun 29 06:02:13.488707 np0000183450 devstack@neutron-api.service[103307]: DEBUG neutron.plugins.ml2.drivers.ovn.mech_driver.ovsdb.ovsdb_monitor [-] Hash Ring: Node f37f65a20c9058ecaa3597f6cd4e2e88 (host: np0000183450) handling event "create" for row bde71079-4d2f-4862-ae11-38d24c8bc7f6 (table: ACL) {{(pid=103307) notify /opt/stack/neutron/neutron/plugins/ml2/drivers/ovn/mech_driver/ovsdb/ovsdb_monitor.py:1015}}
Jun 29 06:02:13.503437 np0000183450 devstack@neutron-api.service[103306]: INFO neutron.db.ovn_revision_numbers_db [None req-ce21f404-4a6b-4346-bbe3-feaa8863deb1 admin admin] Successfully bumped revision number for resource e7531d42-314a-49ac-bcba-f96849566d22 (type: security_groups) to 1
Jun 29 06:02:13.519656 np0000183450 devstack@neutron-api.service[103306]: INFO neutron.db.ovn_revision_numbers_db [None req-ce21f404-4a6b-4346-bbe3-feaa8863deb1 admin admin] Successfully bumped revision number for resource 0a7756c4-5f8e-4fa3-b691-ffd9ad9fd173 (type: security_group_rules) to 0
Jun 29 06:02:13.531890 np0000183450 devstack@neutron-api.service[103306]: INFO neutron.db.ovn_revision_numbers_db [None req-ce21f404-4a6b-4346-bbe3-feaa8863deb1 admin admin] Successfully bumped revision number for resource 1dee3f1a-0b17-4fd6-bd48-7c4752887a0a (type: security_group_rules) to 0
Jun 29 06:02:13.542975 np0000183450 devstack@neutron-api.service[103306]: INFO neutron.db.ovn_revision_numbers_db [None req-ce21f404-4a6b-4346-bbe3-feaa8863deb1 admin admin] Successfully bumped revision number for resource bd187af5-eeb4-4a11-8ee1-3b21b93c7f1a (type: security_group_rules) to 0
Jun 29 06:02:13.556907 np0000183450 devstack@neutron-api.service[103306]: INFO neutron.db.ovn_revision_numbers_db [None req-ce21f404-4a6b-4346-bbe3-feaa8863deb1 admin admin] Successfully bumped revision number for resource bfe15846-ea7c-4aae-86d7-82537857b9bb (type: security_group_rules) to 0
Jun 29 06:02:13.585637 np0000183450 devstack@neutron-api.service[103306]: DEBUG neutron.api.rpc.handlers.resources_rpc [None req-ce21f404-4a6b-4346-bbe3-feaa8863deb1 admin admin] Pushing event updated for resources: {'SecurityGroup': ['ID=e7531d42-314a-49ac-bcba-f96849566d22,revision_number=1']} {{(pid=103306) push /opt/stack/neutron/neutron/api/rpc/handlers/resources_rpc.py:237}}
Jun 29 06:02:13.594074 np0000183450 devstack@neutron-api.service[103306]: DEBUG ovsdbapp.backend.ovs_idl.transaction [-] Running txn n=1 command(idx=0): CheckLivenessCommand(_result=None) {{(pid=103306) do_commit /opt/stack/data/venv/lib/python3.12/site-packages/ovsdbapp/backend/ovs_idl/transaction.py:89}}
Jun 29 06:02:13.643284 np0000183450 devstack@neutron-api.service[103309]: DEBUG neutron.plugins.ml2.drivers.ovn.mech_driver.ovsdb.ovsdb_monitor [-] Hash Ring: Node e3a0f2ed131b508a98766df9be42b29d (host: np0000183450) handling event "update" for row 66245288-1e25-4919-af07-b37dc82c2c64 (table: NB_Global) {{(pid=103309) notify /opt/stack/neutron/neutron/plugins/ml2/drivers/ovn/mech_driver/ovsdb/ovsdb_monitor.py:1015}}
Jun 29 06:02:13.646079 np0000183450 devstack@neutron-api.service[103307]: DEBUG neutron.plugins.ml2.drivers.ovn.mech_driver.ovsdb.ovsdb_monitor [-] Hash Ring: Node f37f65a20c9058ecaa3597f6cd4e2e88 (host: np0000183450) handling event "update" for row 66245288-1e25-4919-af07-b37dc82c2c64 (table: NB_Global) {{(pid=103307) notify /opt/stack/neutron/neutron/plugins/ml2/drivers/ovn/mech_driver/ovsdb/ovsdb_monitor.py:1015}}
Jun 29 06:02:13.647299 np0000183450 devstack@neutron-api.service[103309]: DEBUG neutron.plugins.ml2.drivers.ovn.mech_driver.ovsdb.ovsdb_monitor [-] Hash Ring: Node e3a0f2ed131b508a98766df9be42b29d (host: np0000183450) handling event "update" for row 66245288-1e25-4919-af07-b37dc82c2c64 (table: NB_Global) {{(pid=103309) notify /opt/stack/neutron/neutron/plugins/ml2/drivers/ovn/mech_driver/ovsdb/ovsdb_monitor.py:1015}}
Jun 29 06:02:13.647299 np0000183450 devstack@neutron-api.service[103309]: DEBUG neutron.plugins.ml2.drivers.ovn.mech_driver.ovsdb.ovsdb_monitor [-] ChassisAgentWriteEvent : Matched Chassis_Private, update, None None {{(pid=103309) matches /opt/stack/neutron/neutron/plugins/ml2/drivers/ovn/mech_driver/ovsdb/ovsdb_monitor.py:64}}
Jun 29 06:02:13.648300 np0000183450 devstack@neutron-api.service[103308]: DEBUG neutron.plugins.ml2.drivers.ovn.mech_driver.ovsdb.ovsdb_monitor [-] ChassisAgentWriteEvent : Matched Chassis_Private, update, None None {{(pid=103308) matches /opt/stack/neutron/neutron/plugins/ml2/drivers/ovn/mech_driver/ovsdb/ovsdb_monitor.py:64}}
Jun 29 06:02:13.652666 np0000183450 devstack@neutron-api.service[103306]: DEBUG neutron.api.rpc.callbacks.version_manager [None req-ce21f404-4a6b-4346-bbe3-feaa8863deb1 admin admin] Tracked resource versions report:
Jun 29 06:02:13.652666 np0000183450 devstack@neutron-api.service[103306]: pushed versions:
Jun 29 06:02:13.652666 np0000183450 devstack@neutron-api.service[103306]: { 'AddressGroup': {'1.2'},
Jun 29 06:02:13.652666 np0000183450 devstack@neutron-api.service[103306]: 'Agent': {'1.1'},
Jun 29 06:02:13.652666 np0000183450 devstack@neutron-api.service[103306]: 'ConntrackHelper': {'1.0'},
Jun 29 06:02:13.652666 np0000183450 devstack@neutron-api.service[103306]: 'LocalIPAssociation': {'1.0'},
Jun 29 06:02:13.652666 np0000183450 devstack@neutron-api.service[103306]: 'Log': {'1.0'},
Jun 29 06:02:13.652666 np0000183450 devstack@neutron-api.service[103306]: 'NDPProxy': {'1.0'},
Jun 29 06:02:13.652666 np0000183450 devstack@neutron-api.service[103306]: 'Network': {'1.3'},
Jun 29 06:02:13.652666 np0000183450 devstack@neutron-api.service[103306]: 'Port': {'1.11'},
Jun 29 06:02:13.652666 np0000183450 devstack@neutron-api.service[103306]: 'PortForwarding': {'1.3'},
Jun 29 06:02:13.652666 np0000183450 devstack@neutron-api.service[103306]: 'QosPolicy': {'1.10'},
Jun 29 06:02:13.652666 np0000183450 devstack@neutron-api.service[103306]: 'SecurityGroup': {'1.6'},
Jun 29 06:02:13.652666 np0000183450 devstack@neutron-api.service[103306]: 'SecurityGroupRule': {'1.3'},
Jun 29 06:02:13.652666 np0000183450 devstack@neutron-api.service[103306]: 'SubPort': {'1.0'},
Jun 29 06:02:13.652666 np0000183450 devstack@neutron-api.service[103306]: 'Subnet': {'1.2'},
Jun 29 06:02:13.652666 np0000183450 devstack@neutron-api.service[103306]: 'Trunk': {'1.1'}}
Jun 29 06:02:13.652666 np0000183450 devstack@neutron-api.service[103306]: consumer versions:
Jun 29 06:02:13.652666 np0000183450 devstack@neutron-api.service[103306]: {}
Jun 29 06:02:13.652666 np0000183450 devstack@neutron-api.service[103306]: {{(pid=103306) report /opt/stack/neutron/neutron/api/rpc/callbacks/version_manager.py:183}}
Jun 29 06:02:13.653574 np0000183450 devstack@neutron-api.service[103307]: DEBUG neutron.plugins.ml2.drivers.ovn.mech_driver.ovsdb.ovsdb_monitor [-] ChassisAgentWriteEvent : Matched Chassis_Private, update, None None {{(pid=103307) matches /opt/stack/neutron/neutron/plugins/ml2/drivers/ovn/mech_driver/ovsdb/ovsdb_monitor.py:64}}
Jun 29 06:02:13.653682 np0000183450 devstack@neutron-api.service[103309]: DEBUG neutron.plugins.ml2.drivers.ovn.mech_driver.ovsdb.ovsdb_monitor [-] Hash Ring: Node e3a0f2ed131b508a98766df9be42b29d (host: np0000183450) handling event "update" for row 66245288-1e25-4919-af07-b37dc82c2c64 (table: NB_Global) {{(pid=103309) notify /opt/stack/neutron/neutron/plugins/ml2/drivers/ovn/mech_driver/ovsdb/ovsdb_monitor.py:1015}}
Jun 29 06:02:13.653777 np0000183450 devstack@neutron-api.service[103307]: DEBUG neutron.plugins.ml2.drivers.ovn.mech_driver.ovsdb.ovsdb_monitor [-] Hash Ring: Node f37f65a20c9058ecaa3597f6cd4e2e88 (host: np0000183450) handling event "update" for row ebd2a7eb-f1b0-41aa-bdb4-356aaaad1648 (table: Chassis_Private) {{(pid=103307) notify /opt/stack/neutron/neutron/plugins/ml2/drivers/ovn/mech_driver/ovsdb/ovsdb_monitor.py:1015}}
Jun 29 06:02:13.653878 np0000183450 devstack@neutron-api.service[103309]: DEBUG neutron.plugins.ml2.drivers.ovn.mech_driver.ovsdb.ovsdb_monitor [-] Hash Ring: Node e3a0f2ed131b508a98766df9be42b29d (host: np0000183450) handling event "update" for row 66245288-1e25-4919-af07-b37dc82c2c64 (table: NB_Global) {{(pid=103309) notify /opt/stack/neutron/neutron/plugins/ml2/drivers/ovn/mech_driver/ovsdb/ovsdb_monitor.py:1015}}
Jun 29 06:02:13.654229 np0000183450 devstack@neutron-api.service[103307]: DEBUG neutron.plugins.ml2.drivers.ovn.mech_driver.ovsdb.ovsdb_monitor [-] Hash Ring: Node f37f65a20c9058ecaa3597f6cd4e2e88 (host: np0000183450) handling event "update" for row 66245288-1e25-4919-af07-b37dc82c2c64 (table: NB_Global) {{(pid=103307) notify /opt/stack/neutron/neutron/plugins/ml2/drivers/ovn/mech_driver/ovsdb/ovsdb_monitor.py:1015}}
Jun 29 06:02:13.654229 np0000183450 devstack@neutron-api.service[103307]: DEBUG neutron.plugins.ml2.drivers.ovn.mech_driver.ovsdb.ovsdb_monitor [-] Hash Ring: Node f37f65a20c9058ecaa3597f6cd4e2e88 (host: np0000183450) handling event "update" for row 66245288-1e25-4919-af07-b37dc82c2c64 (table: NB_Global) {{(pid=103307) notify /opt/stack/neutron/neutron/plugins/ml2/drivers/ovn/mech_driver/ovsdb/ovsdb_monitor.py:1015}}
Jun 29 06:02:13.654596 np0000183450 devstack@neutron-api.service[103309]: DEBUG neutron.common.ovn.hash_ring_manager [-] Allow caching, nodes 4>=4 {{(pid=103309) _wait_startup_before_caching /opt/stack/neutron/neutron/common/ovn/hash_ring_manager.py:71}}
Jun 29 06:02:13.654596 np0000183450 devstack@neutron-api.service[103309]: DEBUG neutron.plugins.ml2.drivers.ovn.mech_driver.ovsdb.ovsdb_monitor [-] Hash Ring: Node e3a0f2ed131b508a98766df9be42b29d (host: np0000183450) handling event "update" for row ebd2a7eb-f1b0-41aa-bdb4-356aaaad1648 (table: Chassis_Private) {{(pid=103309) notify /opt/stack/neutron/neutron/plugins/ml2/drivers/ovn/mech_driver/ovsdb/ovsdb_monitor.py:1015}}
Jun 29 06:02:13.656193 np0000183450 devstack@neutron-api.service[103306]: DEBUG neutron.plugins.ml2.drivers.ovn.mech_driver.ovsdb.ovsdb_monitor [-] ChassisAgentWriteEvent : Matched Chassis_Private, update, None None {{(pid=103306) matches /opt/stack/neutron/neutron/plugins/ml2/drivers/ovn/mech_driver/ovsdb/ovsdb_monitor.py:64}}
Jun 29 06:02:13.656294 np0000183450 devstack@neutron-api.service[103307]: DEBUG neutron.plugins.ml2.drivers.ovn.mech_driver.ovsdb.ovsdb_monitor [-] Hash Ring: Node f37f65a20c9058ecaa3597f6cd4e2e88 (host: np0000183450) handling event "update" for row 66245288-1e25-4919-af07-b37dc82c2c64 (table: NB_Global) {{(pid=103307) notify /opt/stack/neutron/neutron/plugins/ml2/drivers/ovn/mech_driver/ovsdb/ovsdb_monitor.py:1015}}
Jun 29 06:02:13.657606 np0000183450 devstack@neutron-api.service[103309]: DEBUG neutron.plugins.ml2.drivers.ovn.mech_driver.ovsdb.ovsdb_monitor [-] ChassisOVNAgentWriteEvent : Matched Chassis_Private, update, None None {{(pid=103309) matches /opt/stack/neutron/neutron/plugins/ml2/drivers/ovn/mech_driver/ovsdb/ovsdb_monitor.py:64}}
Jun 29 06:02:13.657966 np0000183450 devstack@neutron-api.service[103309]: DEBUG neutron.plugins.ml2.drivers.ovn.mech_driver.ovsdb.ovsdb_monitor [-] Hash Ring: Node e3a0f2ed131b508a98766df9be42b29d (host: np0000183450) handling event "update" for row ebd2a7eb-f1b0-41aa-bdb4-356aaaad1648 (table: Chassis_Private) {{(pid=103309) notify /opt/stack/neutron/neutron/plugins/ml2/drivers/ovn/mech_driver/ovsdb/ovsdb_monitor.py:1015}}
Jun 29 06:02:13.659091 np0000183450 devstack@neutron-api.service[103308]: DEBUG neutron.plugins.ml2.drivers.ovn.mech_driver.ovsdb.ovsdb_monitor [-] ChassisOVNAgentWriteEvent : Matched Chassis_Private, update, None None {{(pid=103308) matches /opt/stack/neutron/neutron/plugins/ml2/drivers/ovn/mech_driver/ovsdb/ovsdb_monitor.py:64}}
Jun 29 06:02:13.661719 np0000183450 devstack@neutron-api.service[103307]: DEBUG neutron.plugins.ml2.drivers.ovn.mech_driver.ovsdb.ovsdb_monitor [-] ChassisOVNAgentWriteEvent : Matched Chassis_Private, update, None None {{(pid=103307) matches /opt/stack/neutron/neutron/plugins/ml2/drivers/ovn/mech_driver/ovsdb/ovsdb_monitor.py:64}}
Jun 29 06:02:13.661719 np0000183450 devstack@neutron-api.service[103307]: DEBUG neutron.plugins.ml2.drivers.ovn.mech_driver.ovsdb.ovsdb_monitor [-] Hash Ring: Node f37f65a20c9058ecaa3597f6cd4e2e88 (host: np0000183450) handling event "update" for row ebd2a7eb-f1b0-41aa-bdb4-356aaaad1648 (table: Chassis_Private) {{(pid=103307) notify /opt/stack/neutron/neutron/plugins/ml2/drivers/ovn/mech_driver/ovsdb/ovsdb_monitor.py:1015}}
Jun 29 06:02:13.662473 np0000183450 devstack@neutron-api.service[103306]: DEBUG neutron.plugins.ml2.drivers.ovn.mech_driver.ovsdb.ovsdb_monitor [-] ChassisOVNAgentWriteEvent : Matched Chassis_Private, update, None None {{(pid=103306) matches /opt/stack/neutron/neutron/plugins/ml2/drivers/ovn/mech_driver/ovsdb/ovsdb_monitor.py:64}}
Jun 29 06:02:13.718465 np0000183450 devstack@neutron-api.service[103306]: DEBUG neutron.plugins.ml2.drivers.helpers [None req-ce21f404-4a6b-4346-bbe3-feaa8863deb1 admin admin] geneve segment allocate from pool success with {'geneve_vni': 13972} {{(pid=103306) allocate_partially_specified_segment /opt/stack/neutron/neutron/plugins/ml2/drivers/helpers.py:142}}
Jun 29 06:02:13.730124 np0000183450 devstack@neutron-api.service[103306]: DEBUG neutron_lib.callbacks.manager [None req-ce21f404-4a6b-4346-bbe3-feaa8863deb1 admin admin] Publish callbacks ['neutron.services.segments.db._add_segment_host_mapping_for_segment-8187644135174', 'neutron.plugins.ml2.plugin.Ml2Plugin._handle_segment_change-3508967'] for segment (59850608-8dd7-4d15-be8c-8ed7652e21fd), precommit_create {{(pid=103306) _notify_loop /opt/stack/data/venv/lib/python3.12/site-packages/neutron_lib/callbacks/manager.py:184}}
Jun 29 06:02:13.730238 np0000183450 devstack@neutron-api.service[103306]: INFO neutron.db.segments_db [None req-ce21f404-4a6b-4346-bbe3-feaa8863deb1 admin admin] Added segment 59850608-8dd7-4d15-be8c-8ed7652e21fd of type geneve for network 2907b01d-e10d-49e0-b90e-d03a10070dd5
Jun 29 06:02:13.780937 np0000183450 devstack@neutron-api.service[103306]: DEBUG neutron_lib.callbacks.manager [None req-ce21f404-4a6b-4346-bbe3-feaa8863deb1 admin admin] Publish callbacks ['neutron.services.auto_allocate.db._ensure_external_network_default_value_callback-8187642937888'] for network (2907b01d-e10d-49e0-b90e-d03a10070dd5), precommit_create {{(pid=103306) _notify_loop /opt/stack/data/venv/lib/python3.12/site-packages/neutron_lib/callbacks/manager.py:184}}
Jun 29 06:02:13.798449 np0000183450 devstack@neutron-api.service[103306]: DEBUG neutron.plugins.ml2.drivers.ovn.mech_driver.mech_driver [None req-ce21f404-4a6b-4346-bbe3-feaa8863deb1 admin admin] Validating network segment with type geneve, segmentation ID 13972, physical network None {{(pid=103306) _validate_network_segments /opt/stack/neutron/neutron/plugins/ml2/drivers/ovn/mech_driver/mech_driver.py:646}}
Jun 29 06:02:13.798592 np0000183450 devstack@neutron-api.service[103306]: DEBUG neutron.db.ovn_revision_numbers_db [None req-ce21f404-4a6b-4346-bbe3-feaa8863deb1 admin admin] create_initial_revision uuid=2907b01d-e10d-49e0-b90e-d03a10070dd5, type=networks, rev=-1 {{(pid=103306) create_initial_revision /opt/stack/neutron/neutron/db/ovn_revision_numbers_db.py:98}}
Jun 29 06:02:13.819353 np0000183450 devstack@neutron-api.service[103306]: DEBUG neutron_lib.callbacks.manager [None req-ce21f404-4a6b-4346-bbe3-feaa8863deb1 admin admin] Publish callbacks ['neutron.plugins.ml2.ovo_rpc._ObjectChangeHandler.handle_event-1206771'] for network (2907b01d-e10d-49e0-b90e-d03a10070dd5), after_create {{(pid=103306) _notify_loop /opt/stack/data/venv/lib/python3.12/site-packages/neutron_lib/callbacks/manager.py:184}}
Jun 29 06:02:13.871344 np0000183450 devstack@neutron-api.service[103306]: DEBUG neutron.api.rpc.handlers.resources_rpc [None req-ce21f404-4a6b-4346-bbe3-feaa8863deb1 admin admin] Pushing event updated for resources: {'Network': ['ID=2907b01d-e10d-49e0-b90e-d03a10070dd5,revision_number=1']} {{(pid=103306) push /opt/stack/neutron/neutron/api/rpc/handlers/resources_rpc.py:237}}
Jun 29 06:02:13.878666 np0000183450 devstack@neutron-api.service[103306]: DEBUG ovsdbapp.backend.ovs_idl.transaction [-] Running txn n=1 command(idx=0): AddNetworkCommand(_result=None, network_uuid=2907b01d-e10d-49e0-b90e-d03a10070dd5, may_exist=True, columns={'external_ids': {'neutron:network_name': 'private', 'neutron:mtu': '1372', 'neutron:revision_number': '1', 'neutron:availability_zone_hints': '', 'neutron:provnet-network-type': 'geneve'}, 'other_config': {'mcast_snoop': 'false', 'mcast_flood_unregistered': 'false', 'vlan-passthru': 'false'}}) {{(pid=103306) do_commit /opt/stack/data/venv/lib/python3.12/site-packages/ovsdbapp/backend/ovs_idl/transaction.py:89}}
Jun 29 06:02:13.879410 np0000183450 devstack@neutron-api.service[103306]: DEBUG neutron.common.ovn.utils [-] OVS persist_uuid supported=True {{(pid=103306) ovs_persist_uuid_supported /opt/stack/neutron/neutron/common/ovn/utils.py:1544}}
Jun 29 06:02:13.882899 np0000183450 devstack@neutron-api.service[103308]: DEBUG neutron.plugins.ml2.drivers.ovn.mech_driver.ovsdb.ovsdb_monitor [-] Hash Ring: Node 7b9524a4053b5167b07f42db1b54e19b (host: np0000183450) handling event "create" for row 2907b01d-e10d-49e0-b90e-d03a10070dd5 (table: Logical_Switch) {{(pid=103308) notify /opt/stack/neutron/neutron/plugins/ml2/drivers/ovn/mech_driver/ovsdb/ovsdb_monitor.py:1015}}
Jun 29 06:02:13.883364 np0000183450 devstack@neutron-api.service[103309]: DEBUG neutron.plugins.ml2.drivers.ovn.mech_driver.ovsdb.ovsdb_monitor [-] Hash Ring: Node e3a0f2ed131b508a98766df9be42b29d (host: np0000183450) handling event "create" for row 2907b01d-e10d-49e0-b90e-d03a10070dd5 (table: Logical_Switch) {{(pid=103309) notify /opt/stack/neutron/neutron/plugins/ml2/drivers/ovn/mech_driver/ovsdb/ovsdb_monitor.py:1015}}
Jun 29 06:02:13.891185 np0000183450 devstack@neutron-api.service[103309]: DEBUG neutron.plugins.ml2.drivers.ovn.mech_driver.ovsdb.ovsdb_monitor [-] Hash Ring: Node e3a0f2ed131b508a98766df9be42b29d (host: np0000183450) handling event "create" for row e9baf4cd-035b-4b91-906f-ceac38a5ea04 (table: Datapath_Binding) {{(pid=103309) notify /opt/stack/neutron/neutron/plugins/ml2/drivers/ovn/mech_driver/ovsdb/ovsdb_monitor.py:1015}}
Jun 29 06:02:13.921043 np0000183450 devstack@neutron-api.service[103306]: INFO neutron.db.ovn_revision_numbers_db [None req-ce21f404-4a6b-4346-bbe3-feaa8863deb1 admin admin] Successfully bumped revision number for resource 2907b01d-e10d-49e0-b90e-d03a10070dd5 (type: networks) to 1
Jun 29 06:02:13.992215 np0000183450 devstack@neutron-api.service[103306]: DEBUG neutron_lib.callbacks.manager [None req-ce21f404-4a6b-4346-bbe3-feaa8863deb1 admin admin] Publish callbacks ['neutron.plugins.ml2.plugin.SecurityGroupDbMixin._ensure_default_security_group_handler-3222327'] for port (None), before_create {{(pid=103306) _notify_loop /opt/stack/data/venv/lib/python3.12/site-packages/neutron_lib/callbacks/manager.py:184}}
Jun 29 06:02:14.275794 np0000183450 devstack@neutron-api.service[103306]: DEBUG neutron_lib.callbacks.manager [None req-ce21f404-4a6b-4346-bbe3-feaa8863deb1 admin admin] Publish callbacks ['neutron.plugins.ml2.drivers.ovn.mech_driver.mech_driver.OVNMechanismDriver._validate_allowed_address_pairs-338774'] for allowed_address_pair (3328b2be-41cb-4d79-bbb8-4eca1d89e262), before_create {{(pid=103306) _notify_loop /opt/stack/data/venv/lib/python3.12/site-packages/neutron_lib/callbacks/manager.py:184}}
Jun 29 06:02:14.276704 np0000183450 devstack@neutron-api.service[103306]: DEBUG neutron_lib.callbacks.manager [None req-ce21f404-4a6b-4346-bbe3-feaa8863deb1 admin admin] Publish callbacks [] for port (3328b2be-41cb-4d79-bbb8-4eca1d89e262), precommit_create {{(pid=103306) _notify_loop /opt/stack/data/venv/lib/python3.12/site-packages/neutron_lib/callbacks/manager.py:184}}
Jun 29 06:02:14.276704 np0000183450 devstack@neutron-api.service[103306]: DEBUG neutron.plugins.ml2.drivers.ovn.mech_driver.mech_driver [None req-ce21f404-4a6b-4346-bbe3-feaa8863deb1 admin admin] No provisioning block for port 3328b2be-41cb-4d79-bbb8-4eca1d89e262 since it does not have a host {{(pid=103306) _is_port_provisioning_required /opt/stack/neutron/neutron/plugins/ml2/drivers/ovn/mech_driver/mech_driver.py:899}}
Jun 29 06:02:14.276704 np0000183450 devstack@neutron-api.service[103306]: DEBUG neutron.db.ovn_revision_numbers_db [None req-ce21f404-4a6b-4346-bbe3-feaa8863deb1 admin admin] create_initial_revision uuid=3328b2be-41cb-4d79-bbb8-4eca1d89e262, type=ports, rev=-1 {{(pid=103306) create_initial_revision /opt/stack/neutron/neutron/db/ovn_revision_numbers_db.py:98}}
Jun 29 06:02:14.342074 np0000183450 devstack@neutron-api.service[103306]: DEBUG neutron_lib.callbacks.manager [None req-ce21f404-4a6b-4346-bbe3-feaa8863deb1 admin admin] Publish callbacks ['neutron.plugins.ml2.ovo_rpc._ObjectChangeHandler.handle_event-1206774'] for port (3328b2be-41cb-4d79-bbb8-4eca1d89e262), after_create {{(pid=103306) _notify_loop /opt/stack/data/venv/lib/python3.12/site-packages/neutron_lib/callbacks/manager.py:184}}
Jun 29 06:02:14.404353 np0000183450 devstack@neutron-api.service[103306]: DEBUG neutron.api.rpc.handlers.resources_rpc [None req-ce21f404-4a6b-4346-bbe3-feaa8863deb1 admin admin] Pushing event updated for resources: {'Port': ['ID=3328b2be-41cb-4d79-bbb8-4eca1d89e262,revision_number=1']} {{(pid=103306) push /opt/stack/neutron/neutron/api/rpc/handlers/resources_rpc.py:237}}
Jun 29 06:02:14.447272 np0000183450 devstack@neutron-api.service[103306]: DEBUG neutron.plugins.ml2.drivers.ovn.mech_driver.ovsdb.commands [None req-ce21f404-4a6b-4346-bbe3-feaa8863deb1 admin admin] Converting tag [] to a tag_request {{(pid=103306) _tag_column_to_tag_request /opt/stack/neutron/neutron/plugins/ml2/drivers/ovn/mech_driver/ovsdb/commands.py:205}}
