2026-04-10 15:02:43.288 7 INFO placement.requestlog [req-0c2503e8-2cca-4fe3-8995-bd57032902f6 req-3768c32f-a69f-44c0-bf2f-ec2d91a90ad5 1eeb6a86be4b4aa7ba3249e731e62c3d a776d20284c64aff9ed08d1326d110cc - - a72e8f6bda1a45148bc0c7161d785101 a72e8f6bda1a45148bc0c7161d785101] 10.0.0.83 "PUT /allocations/3cc07241-09b5-49c8-bcc7-ae99e6cfe422" status: 204 len: 0 microversion: 1.36 [pid: 7|app: 0|req: 421/843] 10.0.0.83 () {38 vars in 912 bytes} [Fri Apr 10 15:02:43 2026] PUT /allocations/3cc07241-09b5-49c8-bcc7-ae99e6cfe422 => generated 0 bytes in 59 msecs (HTTP/1.1 204) 5 headers in 199 bytes (1 switches on core 0)
2026-04-10 15:02:43.576 8 INFO placement.requestlog [req-0c2503e8-2cca-4fe3-8995-bd57032902f6 req-c7c576a0-28f8-48b9-9da9-e62e63ce38d6 1eeb6a86be4b4aa7ba3249e731e62c3d a776d20284c64aff9ed08d1326d110cc - - a72e8f6bda1a45148bc0c7161d785101 a72e8f6bda1a45148bc0c7161d785101] 199.204.45.132 "GET /allocations/3cc07241-09b5-49c8-bcc7-ae99e6cfe422" status: 200 len: 257 microversion: 1.28 [pid: 8|app: 0|req: 423/844] 199.204.45.132 () {34 vars in 862 bytes} [Fri Apr 10 15:02:43 2026] GET /allocations/3cc07241-09b5-49c8-bcc7-ae99e6cfe422 => generated 257 bytes in 18 msecs (HTTP/1.1 200) 8 headers in 296 bytes (1 switches on core 0)
2026-04-10 15:02:43.710 7 INFO placement.requestlog [req-0c2503e8-2cca-4fe3-8995-bd57032902f6 req-161e5a27-28f2-4a17-8d9d-70d4d1eb5d83 1eeb6a86be4b4aa7ba3249e731e62c3d a776d20284c64aff9ed08d1326d110cc - - a72e8f6bda1a45148bc0c7161d785101 a72e8f6bda1a45148bc0c7161d785101] 199.204.45.132 "GET /resource_providers/96d72be4-5e8c-4bfe-bf13-18aab96ae947/allocations" status: 200 len: 152 microversion: 1.0 [pid: 7|app: 0|req: 422/845] 199.204.45.132 () {32 vars in 856 bytes} [Fri Apr 10 15:02:43 2026] GET /resource_providers/96d72be4-5e8c-4bfe-bf13-18aab96ae947/allocations => generated 152 bytes in 19 msecs (HTTP/1.1 200) 6 headers in 224 bytes (1 switches on core 0)
2026-04-10 15:02:43.736 8 INFO placement.requestlog [req-0c2503e8-2cca-4fe3-8995-bd57032902f6 req-bbb175e1-6962-4590-bfb6-d45ba2848e27 1eeb6a86be4b4aa7ba3249e731e62c3d a776d20284c64aff9ed08d1326d110cc - - a72e8f6bda1a45148bc0c7161d785101 a72e8f6bda1a45148bc0c7161d785101] 199.204.45.132 "GET /allocations/3cc07241-09b5-49c8-bcc7-ae99e6cfe422" status: 200 len: 257 microversion: 1.28 [pid: 8|app: 0|req: 424/846] 199.204.45.132 () {34 vars in 862 bytes} [Fri Apr 10 15:02:43 2026] GET /allocations/3cc07241-09b5-49c8-bcc7-ae99e6cfe422 => generated 257 bytes in 17 msecs (HTTP/1.1 200) 8 headers in 296 bytes (1 switches on core 0)
2026-04-10 15:02:46.186 7 INFO placement.requestlog [req-44061c32-5400-43a6-b16f-050a76344e0c req-40964715-1c19-4107-b272-c658282cd0aa 1eeb6a86be4b4aa7ba3249e731e62c3d a776d20284c64aff9ed08d1326d110cc - - a72e8f6bda1a45148bc0c7161d785101 a72e8f6bda1a45148bc0c7161d785101] 10.0.0.83 "GET /allocation_candidates?limit=1000&resources=DISK_GB%3A1%2CMEMORY_MB%3A512%2CVCPU%3A1&root_required=%21COMPUTE_STATUS_DISABLED" status: 200 len: 2149 microversion: 1.36 [pid: 7|app: 0|req: 423/847] 10.0.0.83 () {34 vars in 1010 bytes} [Fri Apr 10 15:02:46 2026] GET /allocation_candidates?limit=1000&resources=DISK_GB%3A1%2CMEMORY_MB%3A512%2CVCPU%3A1&root_required=%21COMPUTE_STATUS_DISABLED => generated 2149 bytes in 63 msecs (HTTP/1.1 200) 8 headers in 297 bytes (1 switches on core 0)
2026-04-10 15:02:46.213 8 INFO placement.requestlog [req-44061c32-5400-43a6-b16f-050a76344e0c req-5a3f10bd-f127-45de-a620-41b67e995426 1eeb6a86be4b4aa7ba3249e731e62c3d a776d20284c64aff9ed08d1326d110cc - - a72e8f6bda1a45148bc0c7161d785101 a72e8f6bda1a45148bc0c7161d785101] 10.0.0.83 "GET /allocations/e6ece0b7-c7e3-401d-9862-d8032dbb5e73" status: 200 len: 19 microversion: 1.28 [pid: 8|app: 0|req: 425/848] 10.0.0.83 () {34 vars in 859 bytes} [Fri Apr 10 15:02:46 2026] GET /allocations/e6ece0b7-c7e3-401d-9862-d8032dbb5e73 => generated 19 bytes in 10 msecs (HTTP/1.1 200) 8 headers in 295 bytes (1 switches on core 0)
2026-04-10 15:02:46.328 7 INFO placement.requestlog [req-44061c32-5400-43a6-b16f-050a76344e0c req-fdd30f22-dddd-4b4b-86f4-38b46204cd8e 1eeb6a86be4b4aa7ba3249e731e62c3d a776d20284c64aff9ed08d1326d110cc - - a72e8f6bda1a45148bc0c7161d785101 a72e8f6bda1a45148bc0c7161d785101] 10.0.0.83 "PUT /allocations/e6ece0b7-c7e3-401d-9862-d8032dbb5e73" status: 204 len: 0 microversion: 1.36 [pid: 7|app: 0|req: 424/849] 10.0.0.83 () {38 vars in 912 bytes} [Fri Apr 10 15:02:46 2026] PUT /allocations/e6ece0b7-c7e3-401d-9862-d8032dbb5e73 => generated 0 bytes in 107 msecs (HTTP/1.1 204) 5 headers in 199 bytes (1 switches on core 0)
2026-04-10 15:02:46.608 8 INFO placement.requestlog [req-44061c32-5400-43a6-b16f-050a76344e0c req-d4626cf9-b5b3-429a-abfc-bb3ead0d8d55 1eeb6a86be4b4aa7ba3249e731e62c3d a776d20284c64aff9ed08d1326d110cc - - a72e8f6bda1a45148bc0c7161d785101 a72e8f6bda1a45148bc0c7161d785101] 199.204.45.132 "GET /allocations/e6ece0b7-c7e3-401d-9862-d8032dbb5e73" status: 200 len: 258 microversion: 1.28 [pid: 8|app: 0|req: 426/850] 199.204.45.132 () {34 vars in 862 bytes} [Fri Apr 10 15:02:46 2026] GET /allocations/e6ece0b7-c7e3-401d-9862-d8032dbb5e73 => generated 258 bytes in 15 msecs (HTTP/1.1 200) 8 headers in 296 bytes (1 switches on core 0)
2026-04-10 15:02:46.749 7 INFO placement.requestlog [req-44061c32-5400-43a6-b16f-050a76344e0c req-0a4e00bc-53e8-4d81-a6f3-c8fed29a8210 1eeb6a86be4b4aa7ba3249e731e62c3d a776d20284c64aff9ed08d1326d110cc - - a72e8f6bda1a45148bc0c7161d785101 a72e8f6bda1a45148bc0c7161d785101] 199.204.45.132 "GET /resource_providers/96d72be4-5e8c-4bfe-bf13-18aab96ae947/allocations" status: 200 len: 253 microversion: 1.0 [pid: 7|app: 0|req: 425/851] 199.204.45.132 () {32 vars in 856 bytes} [Fri Apr 10 15:02:46 2026] GET /resource_providers/96d72be4-5e8c-4bfe-bf13-18aab96ae947/allocations => generated 253 bytes in 19 msecs (HTTP/1.1 200) 6 headers in 224 bytes (1 switches on core 0)
2026-04-10 15:02:46.775 8 INFO placement.requestlog [req-44061c32-5400-43a6-b16f-050a76344e0c req-4314cc91-5c02-442f-b8d1-b717315d131d 1eeb6a86be4b4aa7ba3249e731e62c3d a776d20284c64aff9ed08d1326d110cc - - a72e8f6bda1a45148bc0c7161d785101 a72e8f6bda1a45148bc0c7161d785101] 199.204.45.132 "GET /allocations/3cc07241-09b5-49c8-bcc7-ae99e6cfe422" status: 200 len: 258 microversion: 1.28 [pid: 8|app: 0|req: 427/852] 199.204.45.132 () {34 vars in 862 bytes} [Fri Apr 10 15:02:46 2026] GET /allocations/3cc07241-09b5-49c8-bcc7-ae99e6cfe422 => generated 258 bytes in 18 msecs (HTTP/1.1 200) 8 headers in 296 bytes (1 switches on core 0)
2026-04-10 15:02:46.812 7 INFO placement.requestlog [req-44061c32-5400-43a6-b16f-050a76344e0c req-3fb1fb22-21f1-4ef8-86ac-6f9782f946a5 1eeb6a86be4b4aa7ba3249e731e62c3d a776d20284c64aff9ed08d1326d110cc - - a72e8f6bda1a45148bc0c7161d785101 a72e8f6bda1a45148bc0c7161d785101] 199.204.45.132 "GET /allocations/e6ece0b7-c7e3-401d-9862-d8032dbb5e73" status: 200 len: 258 microversion: 1.28 [pid: 7|app: 0|req: 426/853] 199.204.45.132 () {34 vars in 862 bytes} [Fri Apr 10 15:02:46 2026] GET /allocations/e6ece0b7-c7e3-401d-9862-d8032dbb5e73 => generated 258 bytes in 29 msecs (HTTP/1.1 200) 8 headers in 296 bytes (1 switches on core 0)
2026-04-10 15:02:52.159 7 INFO placement.requestlog [None req-7d946862-d1fc-4e72-ab39-db940ead3480 - - - - - -] 10.0.0.106 "GET /" status: 200 len: 136 microversion: 1.0
2026-04-10 15:02:52.159 8 INFO placement.requestlog [None req-099cd3e0-91cd-4391-9f91-6ef064ed48ff - - - - - -] 10.0.0.106 "GET /" status: 200 len: 136 microversion: 1.0
2026-04-10 15:02:55.293 8 INFO placement.requestlog [req-f29f1328-d323-479d-ab7f-c8164c3d9114 req-e4f9a6b7-8c87-4f9b-939e-04200fddeb65 1eeb6a86be4b4aa7ba3249e731e62c3d a776d20284c64aff9ed08d1326d110cc - - a72e8f6bda1a45148bc0c7161d785101 a72e8f6bda1a45148bc0c7161d785101] 199.204.45.132 "GET /resource_providers/96d72be4-5e8c-4bfe-bf13-18aab96ae947/allocations" status: 200 len: 253 microversion: 1.0 [pid: 8|app: 0|req: 429/856] 199.204.45.132 () {32 vars in 856 bytes} [Fri Apr 10 15:02:55 2026] GET /resource_providers/96d72be4-5e8c-4bfe-bf13-18aab96ae947/allocations => generated 253 bytes in 22 msecs (HTTP/1.1 200) 6 headers in 224 bytes (1 switches on core 0)
2026-04-10 15:02:55.318 7 INFO placement.requestlog [req-f29f1328-d323-479d-ab7f-c8164c3d9114 req-cbc4f10d-1b26-4ac2-89c6-757daa438db1 1eeb6a86be4b4aa7ba3249e731e62c3d a776d20284c64aff9ed08d1326d110cc - - a72e8f6bda1a45148bc0c7161d785101 a72e8f6bda1a45148bc0c7161d785101] 199.204.45.132 "GET /allocations/3cc07241-09b5-49c8-bcc7-ae99e6cfe422" status: 200 len: 258 microversion: 1.28 [pid: 7|app: 0|req: 428/857] 199.204.45.132 () {34 vars in 862 bytes} [Fri Apr 10 15:02:55 2026] GET /allocations/3cc07241-09b5-49c8-bcc7-ae99e6cfe422 => generated 258 bytes in 16 msecs (HTTP/1.1 200) 8 headers in 296 bytes (1 switches on core 0)
2026-04-10 15:02:55.344 8 INFO placement.requestlog [req-f29f1328-d323-479d-ab7f-c8164c3d9114 req-069e01d1-e431-4873-80be-e0b42628766d 1eeb6a86be4b4aa7ba3249e731e62c3d a776d20284c64aff9ed08d1326d110cc - - a72e8f6bda1a45148bc0c7161d785101 a72e8f6bda1a45148bc0c7161d785101] 199.204.45.132 "GET /allocations/e6ece0b7-c7e3-401d-9862-d8032dbb5e73" status: 200 len: 258 microversion: 1.28 [pid: 8|app: 0|req: 430/858] 199.204.45.132 () {34 vars in 862 bytes} [Fri Apr 10 15:02:55 2026] GET /allocations/e6ece0b7-c7e3-401d-9862-d8032dbb5e73 => generated 258 bytes in 19 msecs (HTTP/1.1 200) 8 headers in 296 bytes (1 switches on core 0)
2026-04-10 15:02:55.393 7 INFO placement.requestlog [req-f29f1328-d323-479d-ab7f-c8164c3d9114 req-a1d7115f-4b8d-4b05-af10-d47c3ae546b1 1eeb6a86be4b4aa7ba3249e731e62c3d a776d20284c64aff9ed08d1326d110cc - - a72e8f6bda1a45148bc0c7161d785101 a72e8f6bda1a45148bc0c7161d785101] 199.204.45.132 "DELETE /allocations/3cc07241-09b5-49c8-bcc7-ae99e6cfe422" status: 204 len: 0 microversion: 1.0 [pid: 7|app: 0|req: 429/859] 199.204.45.132 () {34 vars in 840 bytes} [Fri Apr 10 15:02:55 2026] DELETE /allocations/3cc07241-09b5-49c8-bcc7-ae99e6cfe422 => generated 0 bytes in 21 msecs (HTTP/1.1 204) 5 headers in 198 bytes (1 switches on core 0)
2026-04-10 15:02:59.755 7 INFO placement.requestlog [None req-4dba6110-ef6d-4094-92d9-b5fac8327860 5f5eaa5b8b5b47518a420b0611bcc752 a776d20284c64aff9ed08d1326d110cc - - a72e8f6bda1a45148bc0c7161d785101 a72e8f6bda1a45148bc0c7161d785101] 10.0.0.177 "GET /resource_providers/a2757bb4-a639-4c0b-b35d-893944245bbb/aggregates" status: 404 len: 235 microversion: 1.1 [pid: 7|app: 0|req: 430/860] 10.0.0.177 () {32 vars in 824 bytes} [Fri Apr 10 15:02:59 2026] GET /resource_providers/a2757bb4-a639-4c0b-b35d-893944245bbb/aggregates => generated 235 bytes in 10 msecs (HTTP/1.1 404) 5 headers in 202 bytes (1 switches on core 0)
2026-04-10 15:02:59.757 8 INFO placement.requestlog [None req-0d688993-0f4b-48c2-a567-98715aa5241f 5f5eaa5b8b5b47518a420b0611bcc752 a776d20284c64aff9ed08d1326d110cc - - a72e8f6bda1a45148bc0c7161d785101 a72e8f6bda1a45148bc0c7161d785101] 10.0.0.177 "GET /resource_providers/a2757bb4-a639-4c0b-b35d-893944245bbb/aggregates" status: 404 len: 235 microversion: 1.1 [pid: 8|app: 0|req: 431/861] 10.0.0.177 () {32 vars in 824 bytes} [Fri Apr 10 15:02:59 2026] GET /resource_providers/a2757bb4-a639-4c0b-b35d-893944245bbb/aggregates => generated 235 bytes in 12 msecs (HTTP/1.1 404) 5 headers in 202 bytes (1 switches on core 0)
2026-04-10 15:02:59.776 7 INFO placement.requestlog [None req-0b137b63-d734-4dd5-9c7a-3728b7ed0fdb 5f5eaa5b8b5b47518a420b0611bcc752 a776d20284c64aff9ed08d1326d110cc - - a72e8f6bda1a45148bc0c7161d785101 a72e8f6bda1a45148bc0c7161d785101] 10.0.0.177 "DELETE /resource_providers/a2757bb4-a639-4c0b-b35d-893944245bbb" status: 404 len: 246 microversion: 1.1 [pid: 7|app: 0|req: 431/862] 10.0.0.177 () {34 vars in 824 bytes} [Fri Apr 10 15:02:59 2026] DELETE /resource_providers/a2757bb4-a639-4c0b-b35d-893944245bbb => generated 246 bytes in 9 msecs (HTTP/1.1 404) 6 headers in 231 bytes (1 switches on core 0)
2026-04-10 15:02:59.780 8 INFO placement.requestlog [None req-b4d5bea2-86ac-4ef0-9d51-17b521bc97da 5f5eaa5b8b5b47518a420b0611bcc752 a776d20284c64aff9ed08d1326d110cc - - a72e8f6bda1a45148bc0c7161d785101 a72e8f6bda1a45148bc0c7161d785101] 10.0.0.177 "DELETE /resource_providers/a2757bb4-a639-4c0b-b35d-893944245bbb" status: 404 len: 246 microversion: 1.1 [pid: 8|app: 0|req: 432/863] 10.0.0.177 () {34 vars in 824 bytes} [Fri Apr 10 15:02:59 2026] DELETE /resource_providers/a2757bb4-a639-4c0b-b35d-893944245bbb => generated 246 bytes in 11 msecs (HTTP/1.1 404) 6 headers in 231 bytes (1 switches on core 0)
2026-04-10 15:03:02.159 7 INFO placement.requestlog [None req-35d070c8-db12-4b95-8712-5d727b8a877e - - - - - -] 10.0.0.106 "GET /" status: 200 len: 136 microversion: 1.0
2026-04-10 15:03:02.159 8 INFO placement.requestlog [None req-1bd1b3ec-905f-4ea1-afba-5393a58f74d9 - - - - - -] 10.0.0.106 "GET /" status: 200 len: 136 microversion: 1.0
2026-04-10 15:03:08.538 8 INFO placement.requestlog [req-49d80602-04ee-472a-a1dd-0111768332b7 req-264d89a1-82c8-4609-a4b5-bc43c17939a8 1eeb6a86be4b4aa7ba3249e731e62c3d a776d20284c64aff9ed08d1326d110cc - - a72e8f6bda1a45148bc0c7161d785101 a72e8f6bda1a45148bc0c7161d785101] 10.0.0.83 "GET /allocation_candidates?limit=1000&resources=DISK_GB%3A1%2CMEMORY_MB%3A512%2CVCPU%3A1&root_required=%21COMPUTE_STATUS_DISABLED" status: 200 len: 2149 microversion: 1.36 [pid: 8|app: 0|req: 434/866] 10.0.0.83 () {34 vars in 1010 bytes} [Fri Apr 10 15:03:08 2026] GET /allocation_candidates?limit=1000&resources=DISK_GB%3A1%2CMEMORY_MB%3A512%2CVCPU%3A1&root_required=%21COMPUTE_STATUS_DISABLED => generated 2149 bytes in 57 msecs (HTTP/1.1 200) 8 headers in 297 bytes (1 switches on core 0)
2026-04-10 15:03:08.575 7 INFO placement.requestlog [req-49d80602-04ee-472a-a1dd-0111768332b7 req-9c272812-ebf5-4c72-88ef-54cad1efe7dd 1eeb6a86be4b4aa7ba3249e731e62c3d a776d20284c64aff9ed08d1326d110cc - - a72e8f6bda1a45148bc0c7161d785101 a72e8f6bda1a45148bc0c7161d785101] 10.0.0.83 "GET /allocations/8f5f1560-4611-43bc-aecc-403283d40bad" status: 200 len: 19 microversion: 1.28 [pid: 7|app: 0|req: 433/867] 10.0.0.83 () {34 vars in 859 bytes} [Fri Apr 10 15:03:08 2026] GET /allocations/8f5f1560-4611-43bc-aecc-403283d40bad => generated 19 bytes in 14 msecs (HTTP/1.1 200) 8 headers in 295 bytes (1 switches on core 0)
2026-04-10 15:03:08.663 8 INFO placement.requestlog [req-49d80602-04ee-472a-a1dd-0111768332b7 req-4080b40a-fcbe-4c51-af95-4d9e980cf8bf 1eeb6a86be4b4aa7ba3249e731e62c3d a776d20284c64aff9ed08d1326d110cc - - a72e8f6bda1a45148bc0c7161d785101 a72e8f6bda1a45148bc0c7161d785101] 10.0.0.83 "PUT /allocations/8f5f1560-4611-43bc-aecc-403283d40bad" status: 204 len: 0 microversion: 1.36 [pid: 8|app: 0|req: 435/868] 10.0.0.83 () {38 vars in 912 bytes} [Fri Apr 10 15:03:08 2026] PUT /allocations/8f5f1560-4611-43bc-aecc-403283d40bad => generated 0 bytes in 77 msecs (HTTP/1.1 204) 5 headers in 199 bytes (1 switches on core 0)
2026-04-10 15:03:08.948 7 INFO placement.requestlog [req-49d80602-04ee-472a-a1dd-0111768332b7 req-b41e4c4d-02ca-4b66-aeae-36fc62ab5a18 1eeb6a86be4b4aa7ba3249e731e62c3d a776d20284c64aff9ed08d1326d110cc - - a72e8f6bda1a45148bc0c7161d785101 a72e8f6bda1a45148bc0c7161d785101] 199.204.45.132 "GET /allocations/8f5f1560-4611-43bc-aecc-403283d40bad" status: 200 len: 258 microversion: 1.28 [pid: 7|app: 0|req: 434/869] 199.204.45.132 () {34 vars in 862 bytes} [Fri Apr 10 15:03:08 2026] GET /allocations/8f5f1560-4611-43bc-aecc-403283d40bad => generated 258 bytes in 15 msecs (HTTP/1.1 200) 8 headers in 296 bytes (1 switches on core 0)
2026-04-10 15:03:09.086 8 INFO placement.requestlog [req-49d80602-04ee-472a-a1dd-0111768332b7 req-f0bcdd77-b964-4888-b5df-e917e139a144 1eeb6a86be4b4aa7ba3249e731e62c3d a776d20284c64aff9ed08d1326d110cc - - a72e8f6bda1a45148bc0c7161d785101 a72e8f6bda1a45148bc0c7161d785101] 199.204.45.132 "GET /resource_providers/96d72be4-5e8c-4bfe-bf13-18aab96ae947/allocations" status: 200 len: 253 microversion: 1.0 [pid: 8|app: 0|req: 436/870] 199.204.45.132 () {32 vars in 856 bytes} [Fri Apr 10 15:03:09 2026] GET /resource_providers/96d72be4-5e8c-4bfe-bf13-18aab96ae947/allocations => generated 253 bytes in 23 msecs (HTTP/1.1 200) 6 headers in 224 bytes (1 switches on core 0)
2026-04-10 15:03:09.126 7 INFO placement.requestlog [req-49d80602-04ee-472a-a1dd-0111768332b7 req-2fdec8c8-86ce-47e1-bc9b-c9035f2463fe 1eeb6a86be4b4aa7ba3249e731e62c3d a776d20284c64aff9ed08d1326d110cc - - a72e8f6bda1a45148bc0c7161d785101 a72e8f6bda1a45148bc0c7161d785101] 199.204.45.132 "GET /allocations/e6ece0b7-c7e3-401d-9862-d8032dbb5e73" status: 200 len: 258 microversion: 1.28 [pid: 7|app: 0|req: 435/871] 199.204.45.132 () {34 vars in 862 bytes} [Fri Apr 10 15:03:09 2026] GET /allocations/e6ece0b7-c7e3-401d-9862-d8032dbb5e73 => generated 258 bytes in 27 msecs (HTTP/1.1 200) 8 headers in 296 bytes (1 switches on core 0)
2026-04-10 15:03:09.162 8 INFO placement.requestlog [req-49d80602-04ee-472a-a1dd-0111768332b7 req-323c981f-d38f-49c9-8740-597905d60071 1eeb6a86be4b4aa7ba3249e731e62c3d a776d20284c64aff9ed08d1326d110cc - - a72e8f6bda1a45148bc0c7161d785101 a72e8f6bda1a45148bc0c7161d785101] 199.204.45.132 "GET /allocations/8f5f1560-4611-43bc-aecc-403283d40bad" status: 200 len: 258 microversion: 1.28 [pid: 8|app: 0|req: 437/872] 199.204.45.132 () {34 vars in 862 bytes} [Fri Apr 10 15:03:09 2026] GET /allocations/8f5f1560-4611-43bc-aecc-403283d40bad => generated 258 bytes in 14 msecs (HTTP/1.1 200) 8 headers in 296 bytes (1 switches on core 0)
2026-04-10 15:03:12.159 7 INFO placement.requestlog [None req-2943409d-96f4-47ac-888c-844a166ffb7a - - - - - -] 10.0.0.106 "GET /" status: 200 len: 136 microversion: 1.0
2026-04-10 15:03:12.159 8 INFO placement.requestlog [None req-c950aa50-1e9e-4414-bc51-c17dd24f2a6d - - - - - -] 10.0.0.106 "GET /" status: 200 len: 136 microversion: 1.0
2026-04-10 15:03:13.524 7 INFO placement.requestlog [req-b88998ac-7981-435f-9f33-8764c7368cfd req-17e1da92-257c-4cf6-80b6-2157b697e8ca 1eeb6a86be4b4aa7ba3249e731e62c3d a776d20284c64aff9ed08d1326d110cc - - a72e8f6bda1a45148bc0c7161d785101 a72e8f6bda1a45148bc0c7161d785101] 10.0.0.83 "GET /allocation_candidates?limit=1000&resources=DISK_GB%3A1%2CMEMORY_MB%3A512%2CVCPU%3A1&root_required=%21COMPUTE_STATUS_DISABLED" status: 200 len: 2150 microversion: 1.36 [pid: 7|app: 0|req: 437/875] 10.0.0.83 () {34 vars in 1010 bytes} [Fri Apr 10 15:03:13 2026] GET /allocation_candidates?limit=1000&resources=DISK_GB%3A1%2CMEMORY_MB%3A512%2CVCPU%3A1&root_required=%21COMPUTE_STATUS_DISABLED => generated 2150 bytes in 47 msecs (HTTP/1.1 200) 8 headers in 297 bytes (1 switches on core 0)
2026-04-10 15:03:13.561 8 INFO placement.requestlog [req-b88998ac-7981-435f-9f33-8764c7368cfd req-6d200f2c-fc43-4ec9-9af4-ef883f07f86a 1eeb6a86be4b4aa7ba3249e731e62c3d a776d20284c64aff9ed08d1326d110cc - - a72e8f6bda1a45148bc0c7161d785101 a72e8f6bda1a45148bc0c7161d785101] 10.0.0.83 "GET /allocations/9f789a6c-d1e8-44f9-b2bb-07cfa94bc59d" status: 200 len: 19 microversion: 1.28 [pid: 8|app: 0|req: 439/876] 10.0.0.83 () {34 vars in 859 bytes} [Fri Apr 10 15:03:13 2026] GET /allocations/9f789a6c-d1e8-44f9-b2bb-07cfa94bc59d => generated 19 bytes in 13 msecs (HTTP/1.1 200) 8 headers in 295 bytes (1 switches on core 0)
2026-04-10 15:03:13.632 7 INFO placement.requestlog [req-b88998ac-7981-435f-9f33-8764c7368cfd req-15da6eb3-9de3-4463-b5b1-ec2ed08f6ef9 1eeb6a86be4b4aa7ba3249e731e62c3d a776d20284c64aff9ed08d1326d110cc - - a72e8f6bda1a45148bc0c7161d785101 a72e8f6bda1a45148bc0c7161d785101] 10.0.0.83 "PUT /allocations/9f789a6c-d1e8-44f9-b2bb-07cfa94bc59d" status: 204 len: 0 microversion: 1.36 [pid: 7|app: 0|req: 438/877] 10.0.0.83 () {38 vars in 912 bytes} [Fri Apr 10 15:03:13 2026] PUT /allocations/9f789a6c-d1e8-44f9-b2bb-07cfa94bc59d => generated 0 bytes in 61 msecs (HTTP/1.1 204) 5 headers in 199 bytes (1 switches on core 0)
2026-04-10 15:03:13.906 8 INFO placement.requestlog [req-b88998ac-7981-435f-9f33-8764c7368cfd req-a49dc270-c5a3-4075-abac-5e3f92f953fc 1eeb6a86be4b4aa7ba3249e731e62c3d a776d20284c64aff9ed08d1326d110cc - - a72e8f6bda1a45148bc0c7161d785101 a72e8f6bda1a45148bc0c7161d785101] 199.204.45.132 "GET /allocations/9f789a6c-d1e8-44f9-b2bb-07cfa94bc59d" status: 200 len: 258 microversion: 1.28 [pid: 8|app: 0|req: 440/878] 199.204.45.132 () {34 vars in 862 bytes} [Fri Apr 10 15:03:13 2026] GET /allocations/9f789a6c-d1e8-44f9-b2bb-07cfa94bc59d => generated 258 bytes in 17 msecs (HTTP/1.1 200) 8 headers in 296 bytes (1 switches on core 0)
2026-04-10 15:03:14.039 7 INFO placement.requestlog [req-b88998ac-7981-435f-9f33-8764c7368cfd req-cf0f5de2-fabd-47b6-826e-c4a4cdab20e8 1eeb6a86be4b4aa7ba3249e731e62c3d a776d20284c64aff9ed08d1326d110cc - - a72e8f6bda1a45148bc0c7161d785101 a72e8f6bda1a45148bc0c7161d785101] 199.204.45.132 "GET /resource_providers/96d72be4-5e8c-4bfe-bf13-18aab96ae947/allocations" status: 200 len: 353 microversion: 1.0 [pid: 7|app: 0|req: 439/879] 199.204.45.132 () {32 vars in 856 bytes} [Fri Apr 10 15:03:14 2026] GET /resource_providers/96d72be4-5e8c-4bfe-bf13-18aab96ae947/allocations => generated 353 bytes in 22 msecs (HTTP/1.1 200) 6 headers in 224 bytes (1 switches on core 0)
2026-04-10 15:03:14.062 8 INFO placement.requestlog [req-b88998ac-7981-435f-9f33-8764c7368cfd req-89e89193-5f04-43c8-844a-500ea1308fd0 1eeb6a86be4b4aa7ba3249e731e62c3d a776d20284c64aff9ed08d1326d110cc - - a72e8f6bda1a45148bc0c7161d785101 a72e8f6bda1a45148bc0c7161d785101] 199.204.45.132 "GET /allocations/e6ece0b7-c7e3-401d-9862-d8032dbb5e73" status: 200 len: 258 microversion: 1.28 [pid: 8|app: 0|req: 441/880] 199.204.45.132 () {34 vars in 862 bytes} [Fri Apr 10 15:03:14 2026] GET /allocations/e6ece0b7-c7e3-401d-9862-d8032dbb5e73 => generated 258 bytes in 15 msecs (HTTP/1.1 200) 8 headers in 296 bytes (1 switches on core 0)
2026-04-10 15:03:14.087 7 INFO placement.requestlog [req-b88998ac-7981-435f-9f33-8764c7368cfd req-39bb5a00-ef5a-4e30-b6fa-515f12228db0 1eeb6a86be4b4aa7ba3249e731e62c3d a776d20284c64aff9ed08d1326d110cc - - a72e8f6bda1a45148bc0c7161d785101 a72e8f6bda1a45148bc0c7161d785101] 199.204.45.132 "GET /allocations/9f789a6c-d1e8-44f9-b2bb-07cfa94bc59d" status: 200 len: 258 microversion: 1.28 [pid: 7|app: 0|req: 440/881] 199.204.45.132 () {34 vars in 862 bytes} [Fri Apr 10 15:03:14 2026] GET /allocations/9f789a6c-d1e8-44f9-b2bb-07cfa94bc59d => generated 258 bytes in 16 msecs (HTTP/1.1 200) 8 headers in 296 bytes (1 switches on core 0)
2026-04-10 15:03:14.108 8 INFO placement.requestlog [req-b88998ac-7981-435f-9f33-8764c7368cfd req-d94f3732-060d-4ec3-9b7b-28d1bc722a6b 1eeb6a86be4b4aa7ba3249e731e62c3d a776d20284c64aff9ed08d1326d110cc - - a72e8f6bda1a45148bc0c7161d785101 a72e8f6bda1a45148bc0c7161d785101] 199.204.45.132 "GET /allocations/8f5f1560-4611-43bc-aecc-403283d40bad" status: 200 len: 258 microversion: 1.28 [pid: 8|app: 0|req: 442/882] 199.204.45.132 () {34 vars in 862 bytes} [Fri Apr 10 15:03:14 2026] GET /allocations/8f5f1560-4611-43bc-aecc-403283d40bad => generated 258 bytes in 13 msecs (HTTP/1.1 200) 8 headers in 296 bytes (1 switches on core 0)
2026-04-10 15:03:15.243 7 INFO placement.requestlog [None req-b29614ed-f461-4039-8929-c6e005b5d35e 5f5eaa5b8b5b47518a420b0611bcc752 a776d20284c64aff9ed08d1326d110cc - - a72e8f6bda1a45148bc0c7161d785101 a72e8f6bda1a45148bc0c7161d785101] 10.0.0.177 "GET /resource_providers/bac57e87-2826-4807-99dd-f6d55c350307/aggregates" status: 404 len: 235 microversion: 1.1 [pid: 7|app: 0|req: 441/883] 10.0.0.177 () {32 vars in 824 bytes} [Fri Apr 10 15:03:15 2026] GET /resource_providers/bac57e87-2826-4807-99dd-f6d55c350307/aggregates => generated 235 bytes in 13 msecs (HTTP/1.1 404) 5 headers in 202 bytes (1 switches on core 0)
2026-04-10 15:03:15.250 8 INFO placement.requestlog [None req-3bbeaba5-b096-4d14-98c4-9c853bab354c 5f5eaa5b8b5b47518a420b0611bcc752 a776d20284c64aff9ed08d1326d110cc - - a72e8f6bda1a45148bc0c7161d785101 a72e8f6bda1a45148bc0c7161d785101] 10.0.0.177 "GET /resource_providers/bac57e87-2826-4807-99dd-f6d55c350307/aggregates" status: 404 len: 235 microversion: 1.1 [pid: 8|app: 0|req: 443/884] 10.0.0.177 () {32 vars in 824 bytes} [Fri Apr 10 15:03:15 2026] GET /resource_providers/bac57e87-2826-4807-99dd-f6d55c350307/aggregates => generated 235 bytes in 15 msecs (HTTP/1.1 404) 5 headers in 202 bytes (1 switches on core 0)
2026-04-10 15:03:15.258 7 INFO placement.requestlog [None req-cacbba8e-5689-4af7-9359-770e6f15e193 5f5eaa5b8b5b47518a420b0611bcc752 a776d20284c64aff9ed08d1326d110cc - - a72e8f6bda1a45148bc0c7161d785101 a72e8f6bda1a45148bc0c7161d785101] 10.0.0.177 "DELETE /resource_providers/bac57e87-2826-4807-99dd-f6d55c350307" status: 404 len: 246 microversion: 1.1 [pid: 7|app: 0|req: 442/885] 10.0.0.177 () {34 vars in 824 bytes} [Fri Apr 10 15:03:15 2026] DELETE /resource_providers/bac57e87-2826-4807-99dd-f6d55c350307 => generated 246 bytes in 7 msecs (HTTP/1.1 404) 6 headers in 231 bytes (1 switches on core 0)
2026-04-10 15:03:15.284 8 INFO placement.requestlog [None req-53e3d947-3d58-4c82-a135-6904518ed10e 5f5eaa5b8b5b47518a420b0611bcc752 a776d20284c64aff9ed08d1326d110cc - - a72e8f6bda1a45148bc0c7161d785101 a72e8f6bda1a45148bc0c7161d785101] 10.0.0.177 "DELETE /resource_providers/bac57e87-2826-4807-99dd-f6d55c350307" status: 404 len: 246 microversion: 1.1 [pid: 8|app: 0|req: 444/886] 10.0.0.177 () {34 vars in 824 bytes} [Fri Apr 10 15:03:15 2026] DELETE /resource_providers/bac57e87-2826-4807-99dd-f6d55c350307 => generated 246 bytes in 12 msecs (HTTP/1.1 404) 6 headers in 231 bytes (1 switches on core 0)
2026-04-10 15:03:17.656 7 INFO placement.requestlog [None req-5873798c-c7a0-4900-ae8e-8f8931b30359 5f5eaa5b8b5b47518a420b0611bcc752 a776d20284c64aff9ed08d1326d110cc - - a72e8f6bda1a45148bc0c7161d785101 a72e8f6bda1a45148bc0c7161d785101] 10.0.0.177 "GET /resource_providers/5b170807-7f58-4ced-a045-aef7a8db0747/aggregates" status: 404 len: 235 microversion: 1.1 [pid: 7|app: 0|req: 443/887] 10.0.0.177 () {32 vars in 824 bytes} [Fri Apr 10 15:03:17 2026] GET /resource_providers/5b170807-7f58-4ced-a045-aef7a8db0747/aggregates => generated 235 bytes in 13 msecs (HTTP/1.1 404) 5 headers in 202 bytes (1 switches on core 0)
2026-04-10 15:03:17.662 8 INFO placement.requestlog [None req-359cbc0a-d2b8-449f-ad7e-44e90a0c5618 5f5eaa5b8b5b47518a420b0611bcc752 a776d20284c64aff9ed08d1326d110cc - - a72e8f6bda1a45148bc0c7161d785101 a72e8f6bda1a45148bc0c7161d785101] 10.0.0.177 "GET /resource_providers/5b170807-7f58-4ced-a045-aef7a8db0747/aggregates" status: 404 len: 235 microversion: 1.1 [pid: 8|app: 0|req: 445/888] 10.0.0.177 () {32 vars in 824 bytes} [Fri Apr 10 15:03:17 2026] GET /resource_providers/5b170807-7f58-4ced-a045-aef7a8db0747/aggregates => generated 235 bytes in 17 msecs (HTTP/1.1 404) 5 headers in 202 bytes (1 switches on core 0)
2026-04-10 15:03:17.686 7 INFO placement.requestlog [None req-bd799856-a00c-4d80-b78c-a2d061a8f773 5f5eaa5b8b5b47518a420b0611bcc752 a776d20284c64aff9ed08d1326d110cc - - a72e8f6bda1a45148bc0c7161d785101 a72e8f6bda1a45148bc0c7161d785101] 10.0.0.177 "DELETE /resource_providers/5b170807-7f58-4ced-a045-aef7a8db0747" status: 404 len: 246 microversion: 1.1 [pid: 7|app: 0|req: 444/889] 10.0.0.177 () {34 vars in 824 bytes} [Fri Apr 10 15:03:17 2026] DELETE /resource_providers/5b170807-7f58-4ced-a045-aef7a8db0747 => generated 246 bytes in 12 msecs (HTTP/1.1 404) 6 headers in 231 bytes (1 switches on core 0)
2026-04-10 15:03:17.687 8 INFO placement.requestlog [None req-13ce86d9-a04f-4a71-9283-6faf34f2ed77 5f5eaa5b8b5b47518a420b0611bcc752 a776d20284c64aff9ed08d1326d110cc - - a72e8f6bda1a45148bc0c7161d785101 a72e8f6bda1a45148bc0c7161d785101] 10.0.0.177 "DELETE /resource_providers/5b170807-7f58-4ced-a045-aef7a8db0747" status: 404 len: 246 microversion: 1.1 [pid: 8|app: 0|req: 446/890] 10.0.0.177 () {34 vars in 824 bytes} [Fri Apr 10 15:03:17 2026] DELETE /resource_providers/5b170807-7f58-4ced-a045-aef7a8db0747 => generated 246 bytes in 12 msecs (HTTP/1.1 404) 6 headers in 231 bytes (1 switches on core 0)
2026-04-10 15:03:20.833 7 INFO placement.requestlog [None req-49b9ddd9-98bf-476a-a92f-db128327198b 5f5eaa5b8b5b47518a420b0611bcc752 a776d20284c64aff9ed08d1326d110cc - - a72e8f6bda1a45148bc0c7161d785101 a72e8f6bda1a45148bc0c7161d785101] 10.0.0.177 "GET /resource_providers/3d9fd7d6-f4b6-4206-9bfa-61380a4ad519/aggregates" status: 404 len: 235 microversion: 1.1 [pid: 7|app: 0|req: 445/891] 10.0.0.177 () {32 vars in 824 bytes} [Fri Apr 10 15:03:20 2026] GET /resource_providers/3d9fd7d6-f4b6-4206-9bfa-61380a4ad519/aggregates => generated 235 bytes in 12 msecs (HTTP/1.1 404) 5 headers in 202 bytes (1 switches on core 0)
2026-04-10 15:03:20.839 8 INFO placement.requestlog [None req-9ddb42a9-ed3c-45d2-b0e6-d95ae45b4f38 5f5eaa5b8b5b47518a420b0611bcc752 a776d20284c64aff9ed08d1326d110cc - - a72e8f6bda1a45148bc0c7161d785101 a72e8f6bda1a45148bc0c7161d785101] 10.0.0.177 "GET /resource_providers/3d9fd7d6-f4b6-4206-9bfa-61380a4ad519/aggregates" status: 404 len: 235 microversion: 1.1 [pid: 8|app: 0|req: 447/892] 10.0.0.177 () {32 vars in 824 bytes} [Fri Apr 10 15:03:20 2026] GET /resource_providers/3d9fd7d6-f4b6-4206-9bfa-61380a4ad519/aggregates => generated 235 bytes in 18 msecs (HTTP/1.1 404) 5 headers in 202 bytes (1 switches on core 0)
2026-04-10 15:03:20.871 7 INFO placement.requestlog [None req-16f3cb78-377e-41cb-992f-fa472fc89cbe 5f5eaa5b8b5b47518a420b0611bcc752 a776d20284c64aff9ed08d1326d110cc - - a72e8f6bda1a45148bc0c7161d785101 a72e8f6bda1a45148bc0c7161d785101] 10.0.0.177 "DELETE /resource_providers/3d9fd7d6-f4b6-4206-9bfa-61380a4ad519" status: 404 len: 246 microversion: 1.1 [pid: 7|app: 0|req: 446/893] 10.0.0.177 () {34 vars in 824 bytes} [Fri Apr 10 15:03:20 2026] DELETE /resource_providers/3d9fd7d6-f4b6-4206-9bfa-61380a4ad519 => generated 246 bytes in 13 msecs (HTTP/1.1 404) 6 headers in 231 bytes (1 switches on core 0)
2026-04-10 15:03:20.893 8 INFO placement.requestlog [None req-201d4f73-07d8-4913-afd0-acf98e4a785b 5f5eaa5b8b5b47518a420b0611bcc752 a776d20284c64aff9ed08d1326d110cc - - a72e8f6bda1a45148bc0c7161d785101 a72e8f6bda1a45148bc0c7161d785101] 10.0.0.177 "DELETE /resource_providers/3d9fd7d6-f4b6-4206-9bfa-61380a4ad519" status: 404 len: 246 microversion: 1.1 [pid: 8|app: 0|req: 448/894] 10.0.0.177 () {34 vars in 824 bytes} [Fri Apr 10 15:03:20 2026] DELETE /resource_providers/3d9fd7d6-f4b6-4206-9bfa-61380a4ad519 => generated 246 bytes in 35 msecs (HTTP/1.1 404) 6 headers in 231 bytes (1 switches on core 0)
2026-04-10 15:03:22.159 8 INFO placement.requestlog [None req-5be7e2d6-0d93-4a8e-9069-d5a0677fa646 - - - - - -] 10.0.0.106 "GET /" status: 200 len: 136 microversion: 1.0
2026-04-10 15:03:22.159 7 INFO placement.requestlog [None req-4fd7a4df-778e-4fb3-84dc-e41417d5c453 - - - - - -] 10.0.0.106 "GET /" status: 200 len: 136 microversion: 1.0
2026-04-10 15:03:31.921 7 INFO placement.requestlog [None req-0dfef2c3-0e78-479a-b69b-10aa115490f5 5f5eaa5b8b5b47518a420b0611bcc752 a776d20284c64aff9ed08d1326d110cc - - a72e8f6bda1a45148bc0c7161d785101 a72e8f6bda1a45148bc0c7161d785101] 10.0.0.177 "GET /resource_providers/2546d089-99fa-4db2-87eb-6c477e6c5ad3/aggregates" status: 404 len: 235 microversion: 1.1 [pid: 7|app: 0|req: 448/897] 10.0.0.177 () {32 vars in 824 bytes} [Fri Apr 10 15:03:31 2026] GET /resource_providers/2546d089-99fa-4db2-87eb-6c477e6c5ad3/aggregates => generated 235 bytes in 11 msecs (HTTP/1.1 404) 5 headers in 202 bytes (1 switches on core 0)
2026-04-10 15:03:31.923 8 INFO placement.requestlog [None req-f0984bcc-841b-4453-b351-5a31a30e7d8c 5f5eaa5b8b5b47518a420b0611bcc752 a776d20284c64aff9ed08d1326d110cc - - a72e8f6bda1a45148bc0c7161d785101 a72e8f6bda1a45148bc0c7161d785101] 10.0.0.177 "GET /resource_providers/2546d089-99fa-4db2-87eb-6c477e6c5ad3/aggregates" status: 404 len: 235 microversion: 1.1 [pid: 8|app: 0|req: 450/898] 10.0.0.177 () {32 vars in 824 bytes} [Fri Apr 10 15:03:31 2026] GET /resource_providers/2546d089-99fa-4db2-87eb-6c477e6c5ad3/aggregates => generated 235 bytes in 13 msecs (HTTP/1.1 404) 5 headers in 202 bytes (1 switches on core 0)
2026-04-10 15:03:31.940 7 INFO placement.requestlog [None req-778c5c0f-69be-4f10-8026-fa72d82f9471 5f5eaa5b8b5b47518a420b0611bcc752 a776d20284c64aff9ed08d1326d110cc - - a72e8f6bda1a45148bc0c7161d785101 a72e8f6bda1a45148bc0c7161d785101] 10.0.0.177 "DELETE /resource_providers/2546d089-99fa-4db2-87eb-6c477e6c5ad3" status: 404 len: 246 microversion: 1.1 [pid: 7|app: 0|req: 449/899] 10.0.0.177 () {34 vars in 824 bytes} [Fri Apr 10 15:03:31 2026] DELETE /resource_providers/2546d089-99fa-4db2-87eb-6c477e6c5ad3 => generated 246 bytes in 14 msecs (HTTP/1.1 404) 6 headers in 231 bytes (1 switches on core 0)
2026-04-10 15:03:31.946 8 INFO placement.requestlog [None req-83a7e290-75b7-428c-b693-fc4a3cbe768a 5f5eaa5b8b5b47518a420b0611bcc752 a776d20284c64aff9ed08d1326d110cc - - a72e8f6bda1a45148bc0c7161d785101 a72e8f6bda1a45148bc0c7161d785101] 10.0.0.177 "DELETE /resource_providers/2546d089-99fa-4db2-87eb-6c477e6c5ad3" status: 404 len: 246 microversion: 1.1 [pid: 8|app: 0|req: 451/900] 10.0.0.177 () {34 vars in 824 bytes} [Fri Apr 10 15:03:31 2026] DELETE /resource_providers/2546d089-99fa-4db2-87eb-6c477e6c5ad3 => generated 246 bytes in 13 msecs (HTTP/1.1 404) 6 headers in 231 bytes (1 switches on core 0)
2026-04-10 15:03:32.159 7 INFO placement.requestlog [None req-3944c1ce-71d8-4372-b7b5-8c03cfbfaa0a - - - - - -] 10.0.0.106 "GET /" status: 200 len: 136 microversion: 1.0
2026-04-10 15:03:32.160 8 INFO placement.requestlog [None req-d4a70b37-e260-43db-9a6d-b2c903c031ca - - - - - -] 10.0.0.106 "GET /" status: 200 len: 136 microversion: 1.0
2026-04-10 15:03:33.162 7 INFO placement.requestlog [None req-56450c60-83fc-493b-b70b-d19b0a43ffff 5f5eaa5b8b5b47518a420b0611bcc752 a776d20284c64aff9ed08d1326d110cc - - a72e8f6bda1a45148bc0c7161d785101 a72e8f6bda1a45148bc0c7161d785101] 10.0.0.177 "GET /resource_providers/3b35111b-7e70-41ad-89eb-1e30cc78e013/aggregates" status: 404 len: 235 microversion: 1.1 [pid: 7|app: 0|req: 451/903] 10.0.0.177 () {32 vars in 824 bytes} [Fri Apr 10 15:03:33 2026] GET /resource_providers/3b35111b-7e70-41ad-89eb-1e30cc78e013/aggregates => generated 235 bytes in 10 msecs (HTTP/1.1 404) 5 headers in 202 bytes (1 switches on core 0)
2026-04-10 15:03:33.170 8 INFO placement.requestlog [None req-6be0f1da-7c12-4c48-bc7e-9323a26ee6a2 5f5eaa5b8b5b47518a420b0611bcc752 a776d20284c64aff9ed08d1326d110cc - - a72e8f6bda1a45148bc0c7161d785101 a72e8f6bda1a45148bc0c7161d785101] 10.0.0.177 "GET /resource_providers/3b35111b-7e70-41ad-89eb-1e30cc78e013/aggregates" status: 404 len: 235 microversion: 1.1 [pid: 8|app: 0|req: 453/904] 10.0.0.177 () {32 vars in 824 bytes} [Fri Apr 10 15:03:33 2026] GET /resource_providers/3b35111b-7e70-41ad-89eb-1e30cc78e013/aggregates => generated 235 bytes in 13 msecs (HTTP/1.1 404) 5 headers in 202 bytes (1 switches on core 0)
2026-04-10 15:03:33.195 8 INFO placement.requestlog [None req-78482de1-3552-4fef-9fb7-50ceb39c5b5b 5f5eaa5b8b5b47518a420b0611bcc752 a776d20284c64aff9ed08d1326d110cc - - a72e8f6bda1a45148bc0c7161d785101 a72e8f6bda1a45148bc0c7161d785101] 10.0.0.177 "DELETE /resource_providers/3b35111b-7e70-41ad-89eb-1e30cc78e013" status: 404 len: 246 microversion: 1.1 [pid: 8|app: 0|req: 454/905] 10.0.0.177 () {34 vars in 824 bytes} [Fri Apr 10 15:03:33 2026] DELETE /resource_providers/3b35111b-7e70-41ad-89eb-1e30cc78e013 => generated 246 bytes in 15 msecs (HTTP/1.1 404) 6 headers in 231 bytes (1 switches on core 0)
2026-04-10 15:03:33.197 7 INFO placement.requestlog [None req-a8de695a-db95-47ec-a2dc-1a8f46cdb984 5f5eaa5b8b5b47518a420b0611bcc752 a776d20284c64aff9ed08d1326d110cc - - a72e8f6bda1a45148bc0c7161d785101 a72e8f6bda1a45148bc0c7161d785101] 10.0.0.177 "DELETE /resource_providers/3b35111b-7e70-41ad-89eb-1e30cc78e013" status: 404 len: 246 microversion: 1.1 [pid: 7|app: 0|req: 452/906] 10.0.0.177 () {34 vars in 824 bytes} [Fri Apr 10 15:03:33 2026] DELETE /resource_providers/3b35111b-7e70-41ad-89eb-1e30cc78e013 => generated 246 bytes in 18 msecs (HTTP/1.1 404) 6 headers in 231 bytes (1 switches on core 0)
2026-04-10 15:03:33.967 7 INFO placement.requestlog [None req-d88e0b2b-78fc-4307-a666-0ed736bc4bec 5f5eaa5b8b5b47518a420b0611bcc752 a776d20284c64aff9ed08d1326d110cc - - a72e8f6bda1a45148bc0c7161d785101 a72e8f6bda1a45148bc0c7161d785101] 10.0.0.177 "GET /resource_providers/324b7681-f598-4380-8c53-1f7b50c8f5af/aggregates" status: 404 len: 235 microversion: 1.1 [pid: 7|app: 0|req: 453/907] 10.0.0.177 () {32 vars in 824 bytes} [Fri Apr 10 15:03:33 2026] GET /resource_providers/324b7681-f598-4380-8c53-1f7b50c8f5af/aggregates => generated 235 bytes in 11 msecs (HTTP/1.1 404) 5 headers in 202 bytes (1 switches on core 0)
2026-04-10 15:03:33.972 8 INFO placement.requestlog [None req-152ae29a-e168-4408-8086-669ff96a6b2a 5f5eaa5b8b5b47518a420b0611bcc752 a776d20284c64aff9ed08d1326d110cc - - a72e8f6bda1a45148bc0c7161d785101 a72e8f6bda1a45148bc0c7161d785101] 10.0.0.177 "GET /resource_providers/324b7681-f598-4380-8c53-1f7b50c8f5af/aggregates" status: 404 len: 235 microversion: 1.1 [pid: 8|app: 0|req: 455/908] 10.0.0.177 () {32 vars in 824 bytes} [Fri Apr 10 15:03:33 2026] GET /resource_providers/324b7681-f598-4380-8c53-1f7b50c8f5af/aggregates => generated 235 bytes in 16 msecs (HTTP/1.1 404) 5 headers in 202 bytes (1 switches on core 0)
2026-04-10 15:03:33.985 7 INFO placement.requestlog [None req-050ce859-6a87-4f47-94fd-0035597cd11d 5f5eaa5b8b5b47518a420b0611bcc752 a776d20284c64aff9ed08d1326d110cc - - a72e8f6bda1a45148bc0c7161d785101 a72e8f6bda1a45148bc0c7161d785101] 10.0.0.177 "DELETE /resource_providers/324b7681-f598-4380-8c53-1f7b50c8f5af" status: 404 len: 246 microversion: 1.1 [pid: 7|app: 0|req: 454/909] 10.0.0.177 () {34 vars in 824 bytes} [Fri Apr 10 15:03:33 2026] DELETE /resource_providers/324b7681-f598-4380-8c53-1f7b50c8f5af => generated 246 bytes in 9 msecs (HTTP/1.1 404) 6 headers in 231 bytes (1 switches on core 0)
2026-04-10 15:03:34.006 8 INFO placement.requestlog [None req-aef1df2b-cc7a-4837-9b2e-0ac9c1daf88f 5f5eaa5b8b5b47518a420b0611bcc752 a776d20284c64aff9ed08d1326d110cc - - a72e8f6bda1a45148bc0c7161d785101 a72e8f6bda1a45148bc0c7161d785101] 10.0.0.177 "DELETE /resource_providers/324b7681-f598-4380-8c53-1f7b50c8f5af" status: 404 len: 246 microversion: 1.1 [pid: 8|app: 0|req: 456/910] 10.0.0.177 () {34 vars in 824 bytes} [Fri Apr 10 15:03:33 2026] DELETE /resource_providers/324b7681-f598-4380-8c53-1f7b50c8f5af => generated 246 bytes in 9 msecs (HTTP/1.1 404) 6 headers in 231 bytes (1 switches on core 0)
2026-04-10 15:03:34.425 7 INFO placement.requestlog [req-adc0a5cd-afa6-4e6a-ab58-6ade13eead92 req-1bf2e632-b7e6-486e-99e4-59c40a42aa54 1eeb6a86be4b4aa7ba3249e731e62c3d a776d20284c64aff9ed08d1326d110cc - - a72e8f6bda1a45148bc0c7161d785101 a72e8f6bda1a45148bc0c7161d785101] 199.204.45.132 "GET /resource_providers/96d72be4-5e8c-4bfe-bf13-18aab96ae947/allocations" status: 200 len: 353 microversion: 1.0 [pid: 7|app: 0|req: 455/911] 199.204.45.132 () {32 vars in 856 bytes} [Fri Apr 10 15:03:34 2026] GET /resource_providers/96d72be4-5e8c-4bfe-bf13-18aab96ae947/allocations => generated 353 bytes in 25 msecs (HTTP/1.1 200) 6 headers in 224 bytes (1 switches on core 0)
2026-04-10 15:03:34.450 8 INFO placement.requestlog [req-adc0a5cd-afa6-4e6a-ab58-6ade13eead92 req-0dcf9f31-62a7-4d1d-82e3-33c1141491d9 1eeb6a86be4b4aa7ba3249e731e62c3d a776d20284c64aff9ed08d1326d110cc - - a72e8f6bda1a45148bc0c7161d785101 a72e8f6bda1a45148bc0c7161d785101] 199.204.45.132 "GET /allocations/e6ece0b7-c7e3-401d-9862-d8032dbb5e73" status: 200 len: 258 microversion: 1.28 [pid: 8|app: 0|req: 457/912] 199.204.45.132 () {34 vars in 862 bytes} [Fri Apr 10 15:03:34 2026] GET /allocations/e6ece0b7-c7e3-401d-9862-d8032dbb5e73 => generated 258 bytes in 16 msecs (HTTP/1.1 200) 8 headers in 296 bytes (1 switches on core 0)
2026-04-10 15:03:34.473 7 INFO placement.requestlog [req-adc0a5cd-afa6-4e6a-ab58-6ade13eead92 req-da45e37c-bffd-4b3a-9634-11a93a735e4a 1eeb6a86be4b4aa7ba3249e731e62c3d a776d20284c64aff9ed08d1326d110cc - - a72e8f6bda1a45148bc0c7161d785101 a72e8f6bda1a45148bc0c7161d785101] 199.204.45.132 "GET /allocations/9f789a6c-d1e8-44f9-b2bb-07cfa94bc59d" status: 200 len: 258 microversion: 1.28 [pid: 7|app: 0|req: 456/913] 199.204.45.132 () {34 vars in 862 bytes} [Fri Apr 10 15:03:34 2026] GET /allocations/9f789a6c-d1e8-44f9-b2bb-07cfa94bc59d => generated 258 bytes in 15 msecs (HTTP/1.1 200) 8 headers in 296 bytes (1 switches on core 0)
2026-04-10 15:03:34.496 8 INFO placement.requestlog [req-adc0a5cd-afa6-4e6a-ab58-6ade13eead92 req-9b95cb9c-c746-4ee6-8f77-b7102016dd70 1eeb6a86be4b4aa7ba3249e731e62c3d a776d20284c64aff9ed08d1326d110cc - - a72e8f6bda1a45148bc0c7161d785101 a72e8f6bda1a45148bc0c7161d785101] 199.204.45.132 "GET /allocations/8f5f1560-4611-43bc-aecc-403283d40bad" status: 200 len: 258 microversion: 1.28 [pid: 8|app: 0|req: 458/914] 199.204.45.132 () {34 vars in 862 bytes} [Fri Apr 10 15:03:34 2026] GET /allocations/8f5f1560-4611-43bc-aecc-403283d40bad => generated 258 bytes in 13 msecs (HTTP/1.1 200) 8 headers in 296 bytes (1 switches on core 0)
2026-04-10 15:03:34.550 7 INFO placement.requestlog [req-adc0a5cd-afa6-4e6a-ab58-6ade13eead92 req-3c9c96c9-4016-4d5a-9348-48ae837141ad 1eeb6a86be4b4aa7ba3249e731e62c3d a776d20284c64aff9ed08d1326d110cc - - a72e8f6bda1a45148bc0c7161d785101 a72e8f6bda1a45148bc0c7161d785101] 199.204.45.132 "DELETE /allocations/8f5f1560-4611-43bc-aecc-403283d40bad" status: 204 len: 0 microversion: 1.0 [pid: 7|app: 0|req: 457/915] 199.204.45.132 () {34 vars in 840 bytes} [Fri Apr 10 15:03:34 2026] DELETE /allocations/8f5f1560-4611-43bc-aecc-403283d40bad => generated 0 bytes in 26 msecs (HTTP/1.1 204) 5 headers in 198 bytes (1 switches on core 0)
2026-04-10 15:03:34.752 8 INFO placement.requestlog [req-cb3d1bda-6271-453f-9b52-fc1aed033140 req-5fee5571-a60a-4443-a3ee-a4d8441e1833 1eeb6a86be4b4aa7ba3249e731e62c3d a776d20284c64aff9ed08d1326d110cc - - a72e8f6bda1a45148bc0c7161d785101 a72e8f6bda1a45148bc0c7161d785101] 199.204.45.132 "GET /resource_providers/96d72be4-5e8c-4bfe-bf13-18aab96ae947/allocations" status: 200 len: 253 microversion: 1.0 [pid: 8|app: 0|req: 459/916] 199.204.45.132 () {32 vars in 856 bytes} [Fri Apr 10 15:03:34 2026] GET /resource_providers/96d72be4-5e8c-4bfe-bf13-18aab96ae947/allocations => generated 253 bytes in 19 msecs (HTTP/1.1 200) 6 headers in 224 bytes (1 switches on core 0)
2026-04-10 15:03:34.775 7 INFO placement.requestlog [req-cb3d1bda-6271-453f-9b52-fc1aed033140 req-681d3bd8-0230-4b62-9df1-b0711c01168f 1eeb6a86be4b4aa7ba3249e731e62c3d a776d20284c64aff9ed08d1326d110cc - - a72e8f6bda1a45148bc0c7161d785101 a72e8f6bda1a45148bc0c7161d785101] 199.204.45.132 "GET /allocations/e6ece0b7-c7e3-401d-9862-d8032dbb5e73" status: 200 len: 258 microversion: 1.28 [pid: 7|app: 0|req: 458/917] 199.204.45.132 () {34 vars in 862 bytes} [Fri Apr 10 15:03:34 2026] GET /allocations/e6ece0b7-c7e3-401d-9862-d8032dbb5e73 => generated 258 bytes in 15 msecs (HTTP/1.1 200) 8 headers in 296 bytes (1 switches on core 0)
2026-04-10 15:03:34.796 8 INFO placement.requestlog [req-cb3d1bda-6271-453f-9b52-fc1aed033140 req-d40ea6e9-42b0-4e7a-a059-3e9849519cd2 1eeb6a86be4b4aa7ba3249e731e62c3d a776d20284c64aff9ed08d1326d110cc - - a72e8f6bda1a45148bc0c7161d785101 a72e8f6bda1a45148bc0c7161d785101] 199.204.45.132 "GET /allocations/9f789a6c-d1e8-44f9-b2bb-07cfa94bc59d" status: 200 len: 258 microversion: 1.28 [pid: 8|app: 0|req: 460/918] 199.204.45.132 () {34 vars in 862 bytes} [Fri Apr 10 15:03:34 2026] GET /allocations/9f789a6c-d1e8-44f9-b2bb-07cfa94bc59d => generated 258 bytes in 12 msecs (HTTP/1.1 200) 8 headers in 296 bytes (1 switches on core 0)
2026-04-10 15:03:34.845 7 INFO placement.requestlog [req-cb3d1bda-6271-453f-9b52-fc1aed033140 req-6bd3f704-f543-42d7-8e02-89c5231a8ad5 1eeb6a86be4b4aa7ba3249e731e62c3d a776d20284c64aff9ed08d1326d110cc - - a72e8f6bda1a45148bc0c7161d785101 a72e8f6bda1a45148bc0c7161d785101] 199.204.45.132 "DELETE /allocations/9f789a6c-d1e8-44f9-b2bb-07cfa94bc59d" status: 204 len: 0 microversion: 1.0 [pid: 7|app: 0|req: 459/919] 199.204.45.132 () {34 vars in 840 bytes} [Fri Apr 10 15:03:34 2026] DELETE /allocations/9f789a6c-d1e8-44f9-b2bb-07cfa94bc59d => generated 0 bytes in 26 msecs (HTTP/1.1 204) 5 headers in 198 bytes (1 switches on core 0)
2026-04-10 15:03:35.215 8 INFO placement.requestlog [None req-833d1613-2172-4033-94db-097219d350c2 5f5eaa5b8b5b47518a420b0611bcc752 a776d20284c64aff9ed08d1326d110cc - - a72e8f6bda1a45148bc0c7161d785101 a72e8f6bda1a45148bc0c7161d785101] 10.0.0.177 "GET /resource_providers/03fe4127-d466-4ffe-b7bb-826b7690f54e/aggregates" status: 404 len: 235 microversion: 1.1 [pid: 8|app: 0|req: 461/920] 10.0.0.177 () {32 vars in 824 bytes} [Fri Apr 10 15:03:35 2026] GET /resource_providers/03fe4127-d466-4ffe-b7bb-826b7690f54e/aggregates => generated 235 bytes in 12 msecs (HTTP/1.1 404) 5 headers in 202 bytes (1 switches on core 0)
2026-04-10 15:03:35.222 7 INFO placement.requestlog [None req-dcd2c5ad-22e4-4c31-8a91-743fea9a34cb 5f5eaa5b8b5b47518a420b0611bcc752 a776d20284c64aff9ed08d1326d110cc - - a72e8f6bda1a45148bc0c7161d785101 a72e8f6bda1a45148bc0c7161d785101] 10.0.0.177 "GET /resource_providers/03fe4127-d466-4ffe-b7bb-826b7690f54e/aggregates" status: 404 len: 235 microversion: 1.1 [pid: 7|app: 0|req: 460/921] 10.0.0.177 () {32 vars in 824 bytes} [Fri Apr 10 15:03:35 2026] GET /resource_providers/03fe4127-d466-4ffe-b7bb-826b7690f54e/aggregates => generated 235 bytes in 14 msecs (HTTP/1.1 404) 5 headers in 202 bytes (1 switches on core 0)
2026-04-10 15:03:35.229 8 INFO placement.requestlog [None req-5cbefafa-c7ef-4063-a0bb-a0f6330c00fb 5f5eaa5b8b5b47518a420b0611bcc752 a776d20284c64aff9ed08d1326d110cc - - a72e8f6bda1a45148bc0c7161d785101 a72e8f6bda1a45148bc0c7161d785101] 10.0.0.177 "DELETE /resource_providers/03fe4127-d466-4ffe-b7bb-826b7690f54e" status: 404 len: 246 microversion: 1.1 [pid: 8|app: 0|req: 462/922] 10.0.0.177 () {34 vars in 824 bytes} [Fri Apr 10 15:03:35 2026] DELETE /resource_providers/03fe4127-d466-4ffe-b7bb-826b7690f54e => generated 246 bytes in 8 msecs (HTTP/1.1 404) 6 headers in 231 bytes (1 switches on core 0)
2026-04-10 15:03:35.239 7 INFO placement.requestlog [None req-21252929-3929-45dd-8d75-b3bb7de2d6f4 5f5eaa5b8b5b47518a420b0611bcc752 a776d20284c64aff9ed08d1326d110cc - - a72e8f6bda1a45148bc0c7161d785101 a72e8f6bda1a45148bc0c7161d785101] 10.0.0.177 "DELETE /resource_providers/03fe4127-d466-4ffe-b7bb-826b7690f54e" status: 404 len: 246 microversion: 1.1 [pid: 7|app: 0|req: 461/923] 10.0.0.177 () {34 vars in 824 bytes} [Fri Apr 10 15:03:35 2026] DELETE /resource_providers/03fe4127-d466-4ffe-b7bb-826b7690f54e => generated 246 bytes in 11 msecs (HTTP/1.1 404) 6 headers in 231 bytes (1 switches on core 0)
2026-04-10 15:03:35.242 8 INFO placement.requestlog [None req-4ea99941-672d-458a-af43-82dbaccfbda4 5f5eaa5b8b5b47518a420b0611bcc752 a776d20284c64aff9ed08d1326d110cc - - a72e8f6bda1a45148bc0c7161d785101 a72e8f6bda1a45148bc0c7161d785101] 10.0.0.177 "GET /resource_providers/b2451ba7-5698-4eb2-a529-4ca1212f82f7/aggregates" status: 404 len: 235 microversion: 1.1 [pid: 8|app: 0|req: 463/924] 10.0.0.177 () {32 vars in 824 bytes} [Fri Apr 10 15:03:35 2026] GET /resource_providers/b2451ba7-5698-4eb2-a529-4ca1212f82f7/aggregates => generated 235 bytes in 8 msecs (HTTP/1.1 404) 5 headers in 202 bytes (1 switches on core 0)
2026-04-10 15:03:35.257 7 INFO placement.requestlog [None req-b0bd27b6-bb76-4503-9b6d-8adacbe8d8fc 5f5eaa5b8b5b47518a420b0611bcc752 a776d20284c64aff9ed08d1326d110cc - - a72e8f6bda1a45148bc0c7161d785101 a72e8f6bda1a45148bc0c7161d785101] 10.0.0.177 "GET /resource_providers/b2451ba7-5698-4eb2-a529-4ca1212f82f7/aggregates" status: 404 len: 235 microversion: 1.1 [pid: 7|app: 0|req: 462/925] 10.0.0.177 () {32 vars in 824 bytes} [Fri Apr 10 15:03:35 2026] GET /resource_providers/b2451ba7-5698-4eb2-a529-4ca1212f82f7/aggregates => generated 235 bytes in 10 msecs (HTTP/1.1 404) 5 headers in 202 bytes (1 switches on core 0)
2026-04-10 15:03:35.267 8 INFO placement.requestlog [None req-e0f64cce-f101-411c-8043-64ab7cde986a 5f5eaa5b8b5b47518a420b0611bcc752 a776d20284c64aff9ed08d1326d110cc - - a72e8f6bda1a45148bc0c7161d785101 a72e8f6bda1a45148bc0c7161d785101] 10.0.0.177 "DELETE /resource_providers/b2451ba7-5698-4eb2-a529-4ca1212f82f7" status: 404 len: 246 microversion: 1.1 [pid: 8|app: 0|req: 464/926] 10.0.0.177 () {34 vars in 824 bytes} [Fri Apr 10 15:03:35 2026] DELETE /resource_providers/b2451ba7-5698-4eb2-a529-4ca1212f82f7 => generated 246 bytes in 12 msecs (HTTP/1.1 404) 6 headers in 231 bytes (1 switches on core 0)
2026-04-10 15:03:35.274 7 INFO placement.requestlog [None req-d40e2d45-db8e-49c2-bfda-f206015525cf 5f5eaa5b8b5b47518a420b0611bcc752 a776d20284c64aff9ed08d1326d110cc - - a72e8f6bda1a45148bc0c7161d785101 a72e8f6bda1a45148bc0c7161d785101] 10.0.0.177 "DELETE /resource_providers/b2451ba7-5698-4eb2-a529-4ca1212f82f7" status: 404 len: 246 microversion: 1.1 [pid: 7|app: 0|req: 463/927] 10.0.0.177 () {34 vars in 824 bytes} [Fri Apr 10 15:03:35 2026] DELETE /resource_providers/b2451ba7-5698-4eb2-a529-4ca1212f82f7 => generated 246 bytes in 10 msecs (HTTP/1.1 404) 6 headers in 231 bytes (1 switches on core 0)
2026-04-10 15:03:37.850 8 INFO placement.requestlog [req-736e5aed-647c-4098-aede-543c8a3dc114 req-54b9ecef-c869-4739-886c-6cbd9c80a544 1eeb6a86be4b4aa7ba3249e731e62c3d a776d20284c64aff9ed08d1326d110cc - - a72e8f6bda1a45148bc0c7161d785101 a72e8f6bda1a45148bc0c7161d785101] 199.204.45.132 "GET /resource_providers/96d72be4-5e8c-4bfe-bf13-18aab96ae947/allocations" status: 200 len: 153 microversion: 1.0 [pid: 8|app: 0|req: 465/928] 199.204.45.132 () {32 vars in 856 bytes} [Fri Apr 10 15:03:37 2026] GET /resource_providers/96d72be4-5e8c-4bfe-bf13-18aab96ae947/allocations => generated 153 bytes in 22 msecs (HTTP/1.1 200) 6 headers in 224 bytes (1 switches on core 0)
