2026-04-10 14:59:40.023 7 INFO placement.requestlog [req-f308ea69-6d7c-4331-b016-71fa9e90bd61 req-54b7fc22-48de-4af6-83b9-9e66afb551b4 1eeb6a86be4b4aa7ba3249e731e62c3d a776d20284c64aff9ed08d1326d110cc - - a72e8f6bda1a45148bc0c7161d785101 a72e8f6bda1a45148bc0c7161d785101] 199.204.45.132 "GET /resource_providers/96d72be4-5e8c-4bfe-bf13-18aab96ae947/allocations" status: 200 len: 54 microversion: 1.0 [pid: 7|app: 0|req: 289/577] 199.204.45.132 () {32 vars in 856 bytes} [Fri Apr 10 14:59:40 2026] GET /resource_providers/96d72be4-5e8c-4bfe-bf13-18aab96ae947/allocations => generated 54 bytes in 18 msecs (HTTP/1.1 200) 6 headers in 223 bytes (1 switches on core 0)
2026-04-10 14:59:42.159 8 INFO placement.requestlog [None req-28cc2594-cb93-4486-95bc-7f58c9a1a120 - - - - - -] 10.0.0.106 "GET /" status: 200 len: 136 microversion: 1.0
2026-04-10 14:59:42.160 7 INFO placement.requestlog [None req-5bfc6d7a-91a3-4764-b9f8-2f7dbbb24768 - - - - - -] 10.0.0.106 "GET /" status: 200 len: 136 microversion: 1.0
2026-04-10 14:59:52.159 8 INFO placement.requestlog [None req-3f1cd0c4-f19e-4c41-948d-7afaaac71c2b - - - - - -] 10.0.0.106 "GET /" status: 200 len: 136 microversion: 1.0
2026-04-10 14:59:52.159 7 INFO placement.requestlog [None req-64a49929-08cc-4622-bf8b-cf37ad3f7d84 - - - - - -] 10.0.0.106 "GET /" status: 200 len: 136 microversion: 1.0
2026-04-10 15:00:02.159 8 INFO placement.requestlog [None req-df5b516b-412c-44eb-9166-8d27815dafcf - - - - - -] 10.0.0.106 "GET /" status: 200 len: 136 microversion: 1.0
2026-04-10 15:00:02.159 7 INFO placement.requestlog [None req-16c59f88-ddf3-44dc-92f3-49772fa1f634 - - - - - -] 10.0.0.106 "GET /" status: 200 len: 136 microversion: 1.0
2026-04-10 15:00:12.158 8 INFO placement.requestlog [None req-7adb513b-1e03-40e5-aa20-d139649e6081 - - - - - -] 10.0.0.106 "GET /" status: 200 len: 136 microversion: 1.0
2026-04-10 15:00:12.158 7 INFO placement.requestlog [None req-359d9e2f-5e46-42d6-9411-cf86ec3d2a8d - - - - - -] 10.0.0.106 "GET /" status: 200 len: 136 microversion: 1.0
2026-04-10 15:00:22.158 8 INFO placement.requestlog [None req-d23f9614-5f09-4e2a-bdb4-4733391a585e - - - - - -] 10.0.0.106 "GET /" status: 200 len: 136 microversion: 1.0
2026-04-10 15:00:22.159 7 INFO placement.requestlog [None req-b3c1eac5-8f02-409f-85fb-9ef4a7647f12 - - - - - -] 10.0.0.106 "GET /" status: 200 len: 136 microversion: 1.0
2026-04-10 15:00:23.328 8 INFO placement.requestlog [req-c8068080-80bc-4d97-ac2b-cf7f418e1de8 req-c78a1d79-5409-4c6c-a3e8-3d48a1b4d78a 1eeb6a86be4b4aa7ba3249e731e62c3d a776d20284c64aff9ed08d1326d110cc - - a72e8f6bda1a45148bc0c7161d785101 a72e8f6bda1a45148bc0c7161d785101] 10.0.0.83 "GET /allocation_candidates?limit=1000&resources=DISK_GB%3A1%2CMEMORY_MB%3A512%2CVCPU%3A1&root_required=%21COMPUTE_STATUS_DISABLED" status: 200 len: 2147 microversion: 1.36 [pid: 8|app: 0|req: 294/588] 10.0.0.83 () {34 vars in 1010 bytes} [Fri Apr 10 15:00:23 2026] GET /allocation_candidates?limit=1000&resources=DISK_GB%3A1%2CMEMORY_MB%3A512%2CVCPU%3A1&root_required=%21COMPUTE_STATUS_DISABLED => generated 2147 bytes in 213 msecs (HTTP/1.1 200) 8 headers in 297 bytes (1 switches on core 0)
2026-04-10 15:00:23.372 7 INFO placement.requestlog [req-c8068080-80bc-4d97-ac2b-cf7f418e1de8 req-7edd068e-1b16-4c50-8479-1cd4fde2c907 1eeb6a86be4b4aa7ba3249e731e62c3d a776d20284c64aff9ed08d1326d110cc - - a72e8f6bda1a45148bc0c7161d785101 a72e8f6bda1a45148bc0c7161d785101] 10.0.0.83 "GET /allocations/7c29e2be-f1e7-49ce-858f-f1887ffd69f8" status: 200 len: 19 microversion: 1.28 [pid: 7|app: 0|req: 295/589] 10.0.0.83 () {34 vars in 859 bytes} [Fri Apr 10 15:00:23 2026] GET /allocations/7c29e2be-f1e7-49ce-858f-f1887ffd69f8 => generated 19 bytes in 15 msecs (HTTP/1.1 200) 8 headers in 295 bytes (1 switches on core 0)
2026-04-10 15:00:23.437 8 INFO placement.requestlog [req-c8068080-80bc-4d97-ac2b-cf7f418e1de8 req-28a06d4d-6e7c-4509-93a5-5d3dd1a0fcf2 1eeb6a86be4b4aa7ba3249e731e62c3d a776d20284c64aff9ed08d1326d110cc - - a72e8f6bda1a45148bc0c7161d785101 a72e8f6bda1a45148bc0c7161d785101] 10.0.0.83 "PUT /allocations/7c29e2be-f1e7-49ce-858f-f1887ffd69f8" status: 204 len: 0 microversion: 1.36 [pid: 8|app: 0|req: 295/590] 10.0.0.83 () {38 vars in 912 bytes} [Fri Apr 10 15:00:23 2026] PUT /allocations/7c29e2be-f1e7-49ce-858f-f1887ffd69f8 => generated 0 bytes in 57 msecs (HTTP/1.1 204) 5 headers in 199 bytes (1 switches on core 0)
2026-04-10 15:00:23.919 7 INFO placement.requestlog [req-c8068080-80bc-4d97-ac2b-cf7f418e1de8 req-7401c6df-785f-489b-9cae-bce1f0998ab8 1eeb6a86be4b4aa7ba3249e731e62c3d a776d20284c64aff9ed08d1326d110cc - - a72e8f6bda1a45148bc0c7161d785101 a72e8f6bda1a45148bc0c7161d785101] 199.204.45.132 "GET /allocations/7c29e2be-f1e7-49ce-858f-f1887ffd69f8" status: 200 len: 257 microversion: 1.28 [pid: 7|app: 0|req: 296/591] 199.204.45.132 () {34 vars in 862 bytes} [Fri Apr 10 15:00:23 2026] GET /allocations/7c29e2be-f1e7-49ce-858f-f1887ffd69f8 => generated 257 bytes in 14 msecs (HTTP/1.1 200) 8 headers in 296 bytes (1 switches on core 0)
2026-04-10 15:00:24.125 8 INFO placement.requestlog [req-c8068080-80bc-4d97-ac2b-cf7f418e1de8 req-46ad8231-dfda-4e7c-8dda-f5958f17136b 1eeb6a86be4b4aa7ba3249e731e62c3d a776d20284c64aff9ed08d1326d110cc - - a72e8f6bda1a45148bc0c7161d785101 a72e8f6bda1a45148bc0c7161d785101] 199.204.45.132 "GET /resource_providers/96d72be4-5e8c-4bfe-bf13-18aab96ae947/allocations" status: 200 len: 152 microversion: 1.0 [pid: 8|app: 0|req: 296/592] 199.204.45.132 () {32 vars in 856 bytes} [Fri Apr 10 15:00:24 2026] GET /resource_providers/96d72be4-5e8c-4bfe-bf13-18aab96ae947/allocations => generated 152 bytes in 35 msecs (HTTP/1.1 200) 6 headers in 224 bytes (1 switches on core 0)
2026-04-10 15:00:24.155 7 INFO placement.requestlog [req-c8068080-80bc-4d97-ac2b-cf7f418e1de8 req-87de13aa-7b5c-429c-b0d9-c10c7a13c7af 1eeb6a86be4b4aa7ba3249e731e62c3d a776d20284c64aff9ed08d1326d110cc - - a72e8f6bda1a45148bc0c7161d785101 a72e8f6bda1a45148bc0c7161d785101] 199.204.45.132 "GET /allocations/7c29e2be-f1e7-49ce-858f-f1887ffd69f8" status: 200 len: 257 microversion: 1.28 [pid: 7|app: 0|req: 297/593] 199.204.45.132 () {34 vars in 862 bytes} [Fri Apr 10 15:00:24 2026] GET /allocations/7c29e2be-f1e7-49ce-858f-f1887ffd69f8 => generated 257 bytes in 20 msecs (HTTP/1.1 200) 8 headers in 296 bytes (1 switches on core 0)
2026-04-10 15:00:26.675 8 INFO placement.requestlog [None req-dabf403b-20ec-49e5-b9a1-65e3b2ad2ca4 5f5eaa5b8b5b47518a420b0611bcc752 a776d20284c64aff9ed08d1326d110cc - - a72e8f6bda1a45148bc0c7161d785101 a72e8f6bda1a45148bc0c7161d785101] 10.0.0.177 "GET /resource_providers/9d27a7c5-3b1b-4fbe-b446-824f3975d601/aggregates" status: 404 len: 235 microversion: 1.1 [pid: 8|app: 0|req: 297/594] 10.0.0.177 () {32 vars in 824 bytes} [Fri Apr 10 15:00:26 2026] GET /resource_providers/9d27a7c5-3b1b-4fbe-b446-824f3975d601/aggregates => generated 235 bytes in 51 msecs (HTTP/1.1 404) 5 headers in 202 bytes (1 switches on core 0)
2026-04-10 15:00:26.694 8 INFO placement.requestlog [None req-d04e9fbf-fa41-4e7a-8e7d-6263d9d67f6a 5f5eaa5b8b5b47518a420b0611bcc752 a776d20284c64aff9ed08d1326d110cc - - a72e8f6bda1a45148bc0c7161d785101 a72e8f6bda1a45148bc0c7161d785101] 10.0.0.177 "DELETE /resource_providers/9d27a7c5-3b1b-4fbe-b446-824f3975d601" status: 404 len: 246 microversion: 1.1 [pid: 8|app: 0|req: 298/595] 10.0.0.177 () {34 vars in 824 bytes} [Fri Apr 10 15:00:26 2026] DELETE /resource_providers/9d27a7c5-3b1b-4fbe-b446-824f3975d601 => generated 246 bytes in 10 msecs (HTTP/1.1 404) 6 headers in 231 bytes (1 switches on core 0)
2026-04-10 15:00:26.718 7 INFO placement.requestlog [None req-dcf2fb03-474e-4d26-80bf-885a55cd765a 5f5eaa5b8b5b47518a420b0611bcc752 a776d20284c64aff9ed08d1326d110cc - - a72e8f6bda1a45148bc0c7161d785101 a72e8f6bda1a45148bc0c7161d785101] 10.0.0.177 "GET /resource_providers/9d27a7c5-3b1b-4fbe-b446-824f3975d601/aggregates" status: 404 len: 235 microversion: 1.1 [pid: 7|app: 0|req: 298/596] 10.0.0.177 () {32 vars in 824 bytes} [Fri Apr 10 15:00:26 2026] GET /resource_providers/9d27a7c5-3b1b-4fbe-b446-824f3975d601/aggregates => generated 235 bytes in 83 msecs (HTTP/1.1 404) 5 headers in 202 bytes (1 switches on core 0)
2026-04-10 15:00:26.746 8 INFO placement.requestlog [None req-9d57fb6d-5a38-4cfe-bec6-53e35beec5c5 5f5eaa5b8b5b47518a420b0611bcc752 a776d20284c64aff9ed08d1326d110cc - - a72e8f6bda1a45148bc0c7161d785101 a72e8f6bda1a45148bc0c7161d785101] 10.0.0.177 "DELETE /resource_providers/9d27a7c5-3b1b-4fbe-b446-824f3975d601" status: 404 len: 246 microversion: 1.1 [pid: 8|app: 0|req: 299/597] 10.0.0.177 () {34 vars in 824 bytes} [Fri Apr 10 15:00:26 2026] DELETE /resource_providers/9d27a7c5-3b1b-4fbe-b446-824f3975d601 => generated 246 bytes in 14 msecs (HTTP/1.1 404) 6 headers in 231 bytes (1 switches on core 0)
2026-04-10 15:00:27.207 8 INFO placement.requestlog [None req-93884676-1f23-4265-a7ee-3b4d5749f5a1 5f5eaa5b8b5b47518a420b0611bcc752 a776d20284c64aff9ed08d1326d110cc - - a72e8f6bda1a45148bc0c7161d785101 a72e8f6bda1a45148bc0c7161d785101] 10.0.0.177 "GET /resource_providers/e546049e-a7c9-43f5-bd78-b43eb62abb2c/aggregates" status: 404 len: 235 microversion: 1.1 [pid: 8|app: 0|req: 300/598] 10.0.0.177 () {32 vars in 824 bytes} [Fri Apr 10 15:00:27 2026] GET /resource_providers/e546049e-a7c9-43f5-bd78-b43eb62abb2c/aggregates => generated 235 bytes in 98 msecs (HTTP/1.1 404) 5 headers in 202 bytes (1 switches on core 0)
2026-04-10 15:00:27.222 8 INFO placement.requestlog [None req-c0e0061d-7597-4c23-bc83-e97a5a7895ea 5f5eaa5b8b5b47518a420b0611bcc752 a776d20284c64aff9ed08d1326d110cc - - a72e8f6bda1a45148bc0c7161d785101 a72e8f6bda1a45148bc0c7161d785101] 10.0.0.177 "DELETE /resource_providers/e546049e-a7c9-43f5-bd78-b43eb62abb2c" status: 404 len: 246 microversion: 1.1 [pid: 8|app: 0|req: 301/599] 10.0.0.177 () {34 vars in 824 bytes} [Fri Apr 10 15:00:27 2026] DELETE /resource_providers/e546049e-a7c9-43f5-bd78-b43eb62abb2c => generated 246 bytes in 9 msecs (HTTP/1.1 404) 6 headers in 231 bytes (1 switches on core 0)
2026-04-10 15:00:27.268 7 INFO placement.requestlog [None req-cad9a999-3a0f-41c1-8810-f9b99afad531 5f5eaa5b8b5b47518a420b0611bcc752 a776d20284c64aff9ed08d1326d110cc - - a72e8f6bda1a45148bc0c7161d785101 a72e8f6bda1a45148bc0c7161d785101] 10.0.0.177 "GET /resource_providers/e546049e-a7c9-43f5-bd78-b43eb62abb2c/aggregates" status: 404 len: 235 microversion: 1.1 [pid: 7|app: 0|req: 299/600] 10.0.0.177 () {32 vars in 824 bytes} [Fri Apr 10 15:00:27 2026] GET /resource_providers/e546049e-a7c9-43f5-bd78-b43eb62abb2c/aggregates => generated 235 bytes in 164 msecs (HTTP/1.1 404) 5 headers in 202 bytes (1 switches on core 0)
2026-04-10 15:00:27.293 8 INFO placement.requestlog [None req-a2fad30e-0607-42ae-a2fc-e4ca815e9b6b 5f5eaa5b8b5b47518a420b0611bcc752 a776d20284c64aff9ed08d1326d110cc - - a72e8f6bda1a45148bc0c7161d785101 a72e8f6bda1a45148bc0c7161d785101] 10.0.0.177 "DELETE /resource_providers/e546049e-a7c9-43f5-bd78-b43eb62abb2c" status: 404 len: 246 microversion: 1.1 [pid: 8|app: 0|req: 302/601] 10.0.0.177 () {34 vars in 824 bytes} [Fri Apr 10 15:00:27 2026] DELETE /resource_providers/e546049e-a7c9-43f5-bd78-b43eb62abb2c => generated 246 bytes in 13 msecs (HTTP/1.1 404) 6 headers in 231 bytes (1 switches on core 0)
2026-04-10 15:00:27.636 7 INFO placement.requestlog [req-610e33ed-1eb2-4535-b840-c8eb90164074 req-470534ab-4348-4750-9c5e-e007b16df906 1eeb6a86be4b4aa7ba3249e731e62c3d a776d20284c64aff9ed08d1326d110cc - - a72e8f6bda1a45148bc0c7161d785101 a72e8f6bda1a45148bc0c7161d785101] 10.0.0.83 "GET /allocation_candidates?limit=1000&resources=DISK_GB%3A1%2CMEMORY_MB%3A512%2CVCPU%3A1&root_required=%21COMPUTE_STATUS_DISABLED" status: 200 len: 2149 microversion: 1.36 [pid: 7|app: 0|req: 300/602] 10.0.0.83 () {34 vars in 1010 bytes} [Fri Apr 10 15:00:27 2026] GET /allocation_candidates?limit=1000&resources=DISK_GB%3A1%2CMEMORY_MB%3A512%2CVCPU%3A1&root_required=%21COMPUTE_STATUS_DISABLED => generated 2149 bytes in 75 msecs (HTTP/1.1 200) 8 headers in 297 bytes (1 switches on core 0)
2026-04-10 15:00:27.682 8 INFO placement.requestlog [req-610e33ed-1eb2-4535-b840-c8eb90164074 req-b5283a54-a15f-4e57-9dea-0a447c9c4429 1eeb6a86be4b4aa7ba3249e731e62c3d a776d20284c64aff9ed08d1326d110cc - - a72e8f6bda1a45148bc0c7161d785101 a72e8f6bda1a45148bc0c7161d785101] 10.0.0.83 "GET /allocations/8b783dee-c5c0-4ac4-ba56-354510df1cdf" status: 200 len: 19 microversion: 1.28 [pid: 8|app: 0|req: 303/603] 10.0.0.83 () {34 vars in 859 bytes} [Fri Apr 10 15:00:27 2026] GET /allocations/8b783dee-c5c0-4ac4-ba56-354510df1cdf => generated 19 bytes in 19 msecs (HTTP/1.1 200) 8 headers in 295 bytes (1 switches on core 0)
2026-04-10 15:00:27.784 7 INFO placement.requestlog [req-610e33ed-1eb2-4535-b840-c8eb90164074 req-8ab6ccf5-6c28-4281-8c7b-683f21f7efd1 1eeb6a86be4b4aa7ba3249e731e62c3d a776d20284c64aff9ed08d1326d110cc - - a72e8f6bda1a45148bc0c7161d785101 a72e8f6bda1a45148bc0c7161d785101] 10.0.0.83 "PUT /allocations/8b783dee-c5c0-4ac4-ba56-354510df1cdf" status: 204 len: 0 microversion: 1.36 [pid: 7|app: 0|req: 301/604] 10.0.0.83 () {38 vars in 912 bytes} [Fri Apr 10 15:00:27 2026] PUT /allocations/8b783dee-c5c0-4ac4-ba56-354510df1cdf => generated 0 bytes in 94 msecs (HTTP/1.1 204) 5 headers in 199 bytes (1 switches on core 0)
2026-04-10 15:00:28.250 8 INFO placement.requestlog [req-610e33ed-1eb2-4535-b840-c8eb90164074 req-85fbd6ae-7295-423c-be11-57014f5014bb 1eeb6a86be4b4aa7ba3249e731e62c3d a776d20284c64aff9ed08d1326d110cc - - a72e8f6bda1a45148bc0c7161d785101 a72e8f6bda1a45148bc0c7161d785101] 199.204.45.132 "GET /allocations/8b783dee-c5c0-4ac4-ba56-354510df1cdf" status: 200 len: 257 microversion: 1.28 [pid: 8|app: 0|req: 304/605] 199.204.45.132 () {34 vars in 862 bytes} [Fri Apr 10 15:00:28 2026] GET /allocations/8b783dee-c5c0-4ac4-ba56-354510df1cdf => generated 257 bytes in 35 msecs (HTTP/1.1 200) 8 headers in 296 bytes (1 switches on core 0)
2026-04-10 15:00:28.532 7 INFO placement.requestlog [req-610e33ed-1eb2-4535-b840-c8eb90164074 req-f326b165-2cd0-481a-b5c6-f85e23c1af22 1eeb6a86be4b4aa7ba3249e731e62c3d a776d20284c64aff9ed08d1326d110cc - - a72e8f6bda1a45148bc0c7161d785101 a72e8f6bda1a45148bc0c7161d785101] 199.204.45.132 "GET /resource_providers/96d72be4-5e8c-4bfe-bf13-18aab96ae947/allocations" status: 200 len: 252 microversion: 1.0 [pid: 7|app: 0|req: 302/606] 199.204.45.132 () {32 vars in 856 bytes} [Fri Apr 10 15:00:28 2026] GET /resource_providers/96d72be4-5e8c-4bfe-bf13-18aab96ae947/allocations => generated 252 bytes in 20 msecs (HTTP/1.1 200) 6 headers in 224 bytes (1 switches on core 0)
2026-04-10 15:00:28.556 8 INFO placement.requestlog [req-610e33ed-1eb2-4535-b840-c8eb90164074 req-8bacc35e-1e0a-46f8-a118-ac46f7de2c6b 1eeb6a86be4b4aa7ba3249e731e62c3d a776d20284c64aff9ed08d1326d110cc - - a72e8f6bda1a45148bc0c7161d785101 a72e8f6bda1a45148bc0c7161d785101] 199.204.45.132 "GET /allocations/7c29e2be-f1e7-49ce-858f-f1887ffd69f8" status: 200 len: 257 microversion: 1.28 [pid: 8|app: 0|req: 305/607] 199.204.45.132 () {34 vars in 862 bytes} [Fri Apr 10 15:00:28 2026] GET /allocations/7c29e2be-f1e7-49ce-858f-f1887ffd69f8 => generated 257 bytes in 15 msecs (HTTP/1.1 200) 8 headers in 296 bytes (1 switches on core 0)
2026-04-10 15:00:28.579 7 INFO placement.requestlog [req-610e33ed-1eb2-4535-b840-c8eb90164074 req-7da14713-7132-48b8-a8fc-4287a3111694 1eeb6a86be4b4aa7ba3249e731e62c3d a776d20284c64aff9ed08d1326d110cc - - a72e8f6bda1a45148bc0c7161d785101 a72e8f6bda1a45148bc0c7161d785101] 199.204.45.132 "GET /allocations/8b783dee-c5c0-4ac4-ba56-354510df1cdf" status: 200 len: 257 microversion: 1.28 [pid: 7|app: 0|req: 303/608] 199.204.45.132 () {34 vars in 862 bytes} [Fri Apr 10 15:00:28 2026] GET /allocations/8b783dee-c5c0-4ac4-ba56-354510df1cdf => generated 257 bytes in 15 msecs (HTTP/1.1 200) 8 headers in 296 bytes (1 switches on core 0)
2026-04-10 15:00:28.746 8 INFO placement.requestlog [None req-b83277b4-e3ef-4a78-8d56-7bf4d94440bb 5f5eaa5b8b5b47518a420b0611bcc752 a776d20284c64aff9ed08d1326d110cc - - a72e8f6bda1a45148bc0c7161d785101 a72e8f6bda1a45148bc0c7161d785101] 10.0.0.177 "GET /resource_providers/6d2cdedc-3851-422c-906e-faf256ede8ec/aggregates" status: 404 len: 235 microversion: 1.1 [pid: 8|app: 0|req: 306/609] 10.0.0.177 () {32 vars in 824 bytes} [Fri Apr 10 15:00:28 2026] GET /resource_providers/6d2cdedc-3851-422c-906e-faf256ede8ec/aggregates => generated 235 bytes in 25 msecs (HTTP/1.1 404) 5 headers in 202 bytes (1 switches on core 0)
2026-04-10 15:00:28.785 7 INFO placement.requestlog [None req-2b8d6b7b-d233-4f90-b4e9-12597c1718c0 5f5eaa5b8b5b47518a420b0611bcc752 a776d20284c64aff9ed08d1326d110cc - - a72e8f6bda1a45148bc0c7161d785101 a72e8f6bda1a45148bc0c7161d785101] 10.0.0.177 "DELETE /resource_providers/6d2cdedc-3851-422c-906e-faf256ede8ec" status: 404 len: 246 microversion: 1.1 [pid: 7|app: 0|req: 304/610] 10.0.0.177 () {34 vars in 824 bytes} [Fri Apr 10 15:00:28 2026] DELETE /resource_providers/6d2cdedc-3851-422c-906e-faf256ede8ec => generated 246 bytes in 18 msecs (HTTP/1.1 404) 6 headers in 231 bytes (1 switches on core 0)
2026-04-10 15:00:28.806 8 INFO placement.requestlog [None req-3d1e7cf2-e230-4a3a-8ff7-9784d2bacbc5 5f5eaa5b8b5b47518a420b0611bcc752 a776d20284c64aff9ed08d1326d110cc - - a72e8f6bda1a45148bc0c7161d785101 a72e8f6bda1a45148bc0c7161d785101] 10.0.0.177 "GET /resource_providers/6d2cdedc-3851-422c-906e-faf256ede8ec/aggregates" status: 404 len: 235 microversion: 1.1 [pid: 8|app: 0|req: 307/611] 10.0.0.177 () {32 vars in 824 bytes} [Fri Apr 10 15:00:28 2026] GET /resource_providers/6d2cdedc-3851-422c-906e-faf256ede8ec/aggregates => generated 235 bytes in 39 msecs (HTTP/1.1 404) 5 headers in 202 bytes (1 switches on core 0)
2026-04-10 15:00:28.831 7 INFO placement.requestlog [None req-f94adeef-af20-48d6-8b18-5a787a52c9a0 5f5eaa5b8b5b47518a420b0611bcc752 a776d20284c64aff9ed08d1326d110cc - - a72e8f6bda1a45148bc0c7161d785101 a72e8f6bda1a45148bc0c7161d785101] 10.0.0.177 "DELETE /resource_providers/6d2cdedc-3851-422c-906e-faf256ede8ec" status: 404 len: 246 microversion: 1.1 [pid: 7|app: 0|req: 305/612] 10.0.0.177 () {34 vars in 824 bytes} [Fri Apr 10 15:00:28 2026] DELETE /resource_providers/6d2cdedc-3851-422c-906e-faf256ede8ec => generated 246 bytes in 16 msecs (HTTP/1.1 404) 6 headers in 231 bytes (1 switches on core 0)
2026-04-10 15:00:32.159 8 INFO placement.requestlog [None req-3263897b-0a98-402c-8edf-0f8dea97f594 - - - - - -] 10.0.0.106 "GET /" status: 200 len: 136 microversion: 1.0
2026-04-10 15:00:32.161 7 INFO placement.requestlog [None req-2566c246-98fb-4a4f-a27b-e21164685db5 - - - - - -] 10.0.0.106 "GET /" status: 200 len: 136 microversion: 1.0
2026-04-10 15:00:35.312 7 INFO placement.requestlog [None req-2c3a7137-6b7e-4003-a9c1-2d868cd8a960 5f5eaa5b8b5b47518a420b0611bcc752 a776d20284c64aff9ed08d1326d110cc - - a72e8f6bda1a45148bc0c7161d785101 a72e8f6bda1a45148bc0c7161d785101] 10.0.0.177 "GET /resource_providers/98edaefb-e972-4d6a-8278-7aa7fe814d57/aggregates" status: 404 len: 235 microversion: 1.1 [pid: 7|app: 0|req: 307/615] 10.0.0.177 () {32 vars in 824 bytes} [Fri Apr 10 15:00:35 2026] GET /resource_providers/98edaefb-e972-4d6a-8278-7aa7fe814d57/aggregates => generated 235 bytes in 12 msecs (HTTP/1.1 404) 5 headers in 202 bytes (1 switches on core 0)
2026-04-10 15:00:35.314 8 INFO placement.requestlog [None req-bef483bc-f36a-4461-830d-0ab2f14a8a17 5f5eaa5b8b5b47518a420b0611bcc752 a776d20284c64aff9ed08d1326d110cc - - a72e8f6bda1a45148bc0c7161d785101 a72e8f6bda1a45148bc0c7161d785101] 10.0.0.177 "GET /resource_providers/98edaefb-e972-4d6a-8278-7aa7fe814d57/aggregates" status: 404 len: 235 microversion: 1.1 [pid: 8|app: 0|req: 309/616] 10.0.0.177 () {32 vars in 824 bytes} [Fri Apr 10 15:00:35 2026] GET /resource_providers/98edaefb-e972-4d6a-8278-7aa7fe814d57/aggregates => generated 235 bytes in 14 msecs (HTTP/1.1 404) 5 headers in 202 bytes (1 switches on core 0)
2026-04-10 15:00:35.346 7 INFO placement.requestlog [None req-15924cf4-95b1-4d59-be60-f87a9a0c86ff 5f5eaa5b8b5b47518a420b0611bcc752 a776d20284c64aff9ed08d1326d110cc - - a72e8f6bda1a45148bc0c7161d785101 a72e8f6bda1a45148bc0c7161d785101] 10.0.0.177 "DELETE /resource_providers/98edaefb-e972-4d6a-8278-7aa7fe814d57" status: 404 len: 246 microversion: 1.1 [pid: 7|app: 0|req: 308/617] 10.0.0.177 () {34 vars in 824 bytes} [Fri Apr 10 15:00:35 2026] DELETE /resource_providers/98edaefb-e972-4d6a-8278-7aa7fe814d57 => generated 246 bytes in 14 msecs (HTTP/1.1 404) 6 headers in 231 bytes (1 switches on core 0)
2026-04-10 15:00:35.354 8 INFO placement.requestlog [None req-0f36d8e5-45ca-476f-a45d-0d8ca7eea660 5f5eaa5b8b5b47518a420b0611bcc752 a776d20284c64aff9ed08d1326d110cc - - a72e8f6bda1a45148bc0c7161d785101 a72e8f6bda1a45148bc0c7161d785101] 10.0.0.177 "DELETE /resource_providers/98edaefb-e972-4d6a-8278-7aa7fe814d57" status: 404 len: 246 microversion: 1.1 [pid: 8|app: 0|req: 310/618] 10.0.0.177 () {34 vars in 824 bytes} [Fri Apr 10 15:00:35 2026] DELETE /resource_providers/98edaefb-e972-4d6a-8278-7aa7fe814d57 => generated 246 bytes in 21 msecs (HTTP/1.1 404) 6 headers in 231 bytes (1 switches on core 0)
2026-04-10 15:00:37.158 7 INFO placement.requestlog [None req-1d2e6d5f-e8fb-45ae-a1b8-80dc64547672 5f5eaa5b8b5b47518a420b0611bcc752 a776d20284c64aff9ed08d1326d110cc - - a72e8f6bda1a45148bc0c7161d785101 a72e8f6bda1a45148bc0c7161d785101] 10.0.0.177 "GET /resource_providers/ed4272b6-b981-4e61-9835-be3735d726b9/aggregates" status: 404 len: 235 microversion: 1.1 [pid: 7|app: 0|req: 309/619] 10.0.0.177 () {32 vars in 824 bytes} [Fri Apr 10 15:00:37 2026] GET /resource_providers/ed4272b6-b981-4e61-9835-be3735d726b9/aggregates => generated 235 bytes in 15 msecs (HTTP/1.1 404) 5 headers in 202 bytes (1 switches on core 0)
2026-04-10 15:00:37.163 8 INFO placement.requestlog [None req-b866467c-da0a-4912-aae0-f0328228b953 5f5eaa5b8b5b47518a420b0611bcc752 a776d20284c64aff9ed08d1326d110cc - - a72e8f6bda1a45148bc0c7161d785101 a72e8f6bda1a45148bc0c7161d785101] 10.0.0.177 "GET /resource_providers/ed4272b6-b981-4e61-9835-be3735d726b9/aggregates" status: 404 len: 235 microversion: 1.1 [pid: 8|app: 0|req: 311/620] 10.0.0.177 () {32 vars in 824 bytes} [Fri Apr 10 15:00:37 2026] GET /resource_providers/ed4272b6-b981-4e61-9835-be3735d726b9/aggregates => generated 235 bytes in 12 msecs (HTTP/1.1 404) 5 headers in 202 bytes (1 switches on core 0)
2026-04-10 15:00:37.193 7 INFO placement.requestlog [None req-c0b56f94-adea-490e-9ec4-64c08f2e9a3a 5f5eaa5b8b5b47518a420b0611bcc752 a776d20284c64aff9ed08d1326d110cc - - a72e8f6bda1a45148bc0c7161d785101 a72e8f6bda1a45148bc0c7161d785101] 10.0.0.177 "DELETE /resource_providers/ed4272b6-b981-4e61-9835-be3735d726b9" status: 404 len: 246 microversion: 1.1 [pid: 7|app: 0|req: 310/621] 10.0.0.177 () {34 vars in 824 bytes} [Fri Apr 10 15:00:37 2026] DELETE /resource_providers/ed4272b6-b981-4e61-9835-be3735d726b9 => generated 246 bytes in 14 msecs (HTTP/1.1 404) 6 headers in 231 bytes (1 switches on core 0)
2026-04-10 15:00:37.197 8 INFO placement.requestlog [None req-9280ce18-08cb-481f-9f60-70908349da73 5f5eaa5b8b5b47518a420b0611bcc752 a776d20284c64aff9ed08d1326d110cc - - a72e8f6bda1a45148bc0c7161d785101 a72e8f6bda1a45148bc0c7161d785101] 10.0.0.177 "DELETE /resource_providers/ed4272b6-b981-4e61-9835-be3735d726b9" status: 404 len: 246 microversion: 1.1 [pid: 8|app: 0|req: 312/622] 10.0.0.177 () {34 vars in 824 bytes} [Fri Apr 10 15:00:37 2026] DELETE /resource_providers/ed4272b6-b981-4e61-9835-be3735d726b9 => generated 246 bytes in 11 msecs (HTTP/1.1 404) 6 headers in 231 bytes (1 switches on core 0)
2026-04-10 15:00:37.370 7 INFO placement.requestlog [None req-616163e8-1e74-4d21-a5c9-de375ef30991 5f5eaa5b8b5b47518a420b0611bcc752 a776d20284c64aff9ed08d1326d110cc - - a72e8f6bda1a45148bc0c7161d785101 a72e8f6bda1a45148bc0c7161d785101] 10.0.0.177 "GET /resource_providers/b7329730-5b82-4fbe-8265-d1d47955a981/aggregates" status: 404 len: 235 microversion: 1.1 [pid: 7|app: 0|req: 311/623] 10.0.0.177 () {32 vars in 824 bytes} [Fri Apr 10 15:00:37 2026] GET /resource_providers/b7329730-5b82-4fbe-8265-d1d47955a981/aggregates => generated 235 bytes in 12 msecs (HTTP/1.1 404) 5 headers in 202 bytes (1 switches on core 0)
2026-04-10 15:00:37.379 8 INFO placement.requestlog [None req-b93e980c-bc75-446c-9eca-eaf45862c360 5f5eaa5b8b5b47518a420b0611bcc752 a776d20284c64aff9ed08d1326d110cc - - a72e8f6bda1a45148bc0c7161d785101 a72e8f6bda1a45148bc0c7161d785101] 10.0.0.177 "GET /resource_providers/b7329730-5b82-4fbe-8265-d1d47955a981/aggregates" status: 404 len: 235 microversion: 1.1 [pid: 8|app: 0|req: 313/624] 10.0.0.177 () {32 vars in 824 bytes} [Fri Apr 10 15:00:37 2026] GET /resource_providers/b7329730-5b82-4fbe-8265-d1d47955a981/aggregates => generated 235 bytes in 12 msecs (HTTP/1.1 404) 5 headers in 202 bytes (1 switches on core 0)
2026-04-10 15:00:37.390 7 INFO placement.requestlog [None req-f57bed66-cf38-4023-b7dc-742d60db507e 5f5eaa5b8b5b47518a420b0611bcc752 a776d20284c64aff9ed08d1326d110cc - - a72e8f6bda1a45148bc0c7161d785101 a72e8f6bda1a45148bc0c7161d785101] 10.0.0.177 "DELETE /resource_providers/b7329730-5b82-4fbe-8265-d1d47955a981" status: 404 len: 246 microversion: 1.1 [pid: 7|app: 0|req: 312/625] 10.0.0.177 () {34 vars in 824 bytes} [Fri Apr 10 15:00:37 2026] DELETE /resource_providers/b7329730-5b82-4fbe-8265-d1d47955a981 => generated 246 bytes in 10 msecs (HTTP/1.1 404) 6 headers in 231 bytes (1 switches on core 0)
2026-04-10 15:00:37.398 8 INFO placement.requestlog [None req-13f3552f-31f1-4379-96a7-9c8dc6874602 5f5eaa5b8b5b47518a420b0611bcc752 a776d20284c64aff9ed08d1326d110cc - - a72e8f6bda1a45148bc0c7161d785101 a72e8f6bda1a45148bc0c7161d785101] 10.0.0.177 "DELETE /resource_providers/b7329730-5b82-4fbe-8265-d1d47955a981" status: 404 len: 246 microversion: 1.1 [pid: 8|app: 0|req: 314/626] 10.0.0.177 () {34 vars in 824 bytes} [Fri Apr 10 15:00:37 2026] DELETE /resource_providers/b7329730-5b82-4fbe-8265-d1d47955a981 => generated 246 bytes in 13 msecs (HTTP/1.1 404) 6 headers in 231 bytes (1 switches on core 0)
2026-04-10 15:00:37.414 7 INFO placement.requestlog [None req-cf6e7831-cec4-4ff4-b9bf-55c98c322de3 5f5eaa5b8b5b47518a420b0611bcc752 a776d20284c64aff9ed08d1326d110cc - - a72e8f6bda1a45148bc0c7161d785101 a72e8f6bda1a45148bc0c7161d785101] 10.0.0.177 "GET /resource_providers/9317e4d8-d2ec-4aae-bc33-887aba97f0ee/aggregates" status: 404 len: 235 microversion: 1.1 [pid: 7|app: 0|req: 313/627] 10.0.0.177 () {32 vars in 824 bytes} [Fri Apr 10 15:00:37 2026] GET /resource_providers/9317e4d8-d2ec-4aae-bc33-887aba97f0ee/aggregates => generated 235 bytes in 12 msecs (HTTP/1.1 404) 5 headers in 202 bytes (1 switches on core 0)
2026-04-10 15:00:37.425 8 INFO placement.requestlog [None req-8b7cc28f-b580-4e41-a3d8-c1b645c3b66a 5f5eaa5b8b5b47518a420b0611bcc752 a776d20284c64aff9ed08d1326d110cc - - a72e8f6bda1a45148bc0c7161d785101 a72e8f6bda1a45148bc0c7161d785101] 10.0.0.177 "GET /resource_providers/9317e4d8-d2ec-4aae-bc33-887aba97f0ee/aggregates" status: 404 len: 235 microversion: 1.1 [pid: 8|app: 0|req: 315/628] 10.0.0.177 () {32 vars in 824 bytes} [Fri Apr 10 15:00:37 2026] GET /resource_providers/9317e4d8-d2ec-4aae-bc33-887aba97f0ee/aggregates => generated 235 bytes in 15 msecs (HTTP/1.1 404) 5 headers in 202 bytes (1 switches on core 0)
2026-04-10 15:00:37.439 7 INFO placement.requestlog [None req-cad82b23-a424-4a1c-a3b0-260403d331cf 5f5eaa5b8b5b47518a420b0611bcc752 a776d20284c64aff9ed08d1326d110cc - - a72e8f6bda1a45148bc0c7161d785101 a72e8f6bda1a45148bc0c7161d785101] 10.0.0.177 "DELETE /resource_providers/9317e4d8-d2ec-4aae-bc33-887aba97f0ee" status: 404 len: 246 microversion: 1.1 [pid: 7|app: 0|req: 314/629] 10.0.0.177 () {34 vars in 824 bytes} [Fri Apr 10 15:00:37 2026] DELETE /resource_providers/9317e4d8-d2ec-4aae-bc33-887aba97f0ee => generated 246 bytes in 16 msecs (HTTP/1.1 404) 6 headers in 231 bytes (1 switches on core 0)
2026-04-10 15:00:37.444 8 INFO placement.requestlog [None req-899fd269-e0c4-4ecb-a28a-8fc84e78b71c 5f5eaa5b8b5b47518a420b0611bcc752 a776d20284c64aff9ed08d1326d110cc - - a72e8f6bda1a45148bc0c7161d785101 a72e8f6bda1a45148bc0c7161d785101] 10.0.0.177 "DELETE /resource_providers/9317e4d8-d2ec-4aae-bc33-887aba97f0ee" status: 404 len: 246 microversion: 1.1 [pid: 8|app: 0|req: 316/630] 10.0.0.177 () {34 vars in 824 bytes} [Fri Apr 10 15:00:37 2026] DELETE /resource_providers/9317e4d8-d2ec-4aae-bc33-887aba97f0ee => generated 246 bytes in 12 msecs (HTTP/1.1 404) 6 headers in 231 bytes (1 switches on core 0)
2026-04-10 15:00:40.079 7 INFO placement.requestlog [req-d8924460-b28f-44f9-aa24-8b845897a71a req-3f9051ef-0f2d-4c2b-a1cf-209f0d0fdbe4 1eeb6a86be4b4aa7ba3249e731e62c3d a776d20284c64aff9ed08d1326d110cc - - a72e8f6bda1a45148bc0c7161d785101 a72e8f6bda1a45148bc0c7161d785101] 199.204.45.132 "GET /resource_providers/96d72be4-5e8c-4bfe-bf13-18aab96ae947/allocations" status: 200 len: 252 microversion: 1.0 [pid: 7|app: 0|req: 315/631] 199.204.45.132 () {32 vars in 856 bytes} [Fri Apr 10 15:00:40 2026] GET /resource_providers/96d72be4-5e8c-4bfe-bf13-18aab96ae947/allocations => generated 252 bytes in 18 msecs (HTTP/1.1 200) 6 headers in 224 bytes (1 switches on core 0)
2026-04-10 15:00:40.130 8 INFO placement.requestlog [req-d8924460-b28f-44f9-aa24-8b845897a71a req-e0133aca-20a4-4708-baf2-c7473fe0d424 1eeb6a86be4b4aa7ba3249e731e62c3d a776d20284c64aff9ed08d1326d110cc - - a72e8f6bda1a45148bc0c7161d785101 a72e8f6bda1a45148bc0c7161d785101] 199.204.45.132 "GET /resource_providers/96d72be4-5e8c-4bfe-bf13-18aab96ae947/allocations" status: 200 len: 252 microversion: 1.0 [pid: 8|app: 0|req: 317/632] 199.204.45.132 () {32 vars in 856 bytes} [Fri Apr 10 15:00:40 2026] GET /resource_providers/96d72be4-5e8c-4bfe-bf13-18aab96ae947/allocations => generated 252 bytes in 18 msecs (HTTP/1.1 200) 6 headers in 224 bytes (1 switches on core 0)
2026-04-10 15:00:40.157 7 INFO placement.requestlog [req-d8924460-b28f-44f9-aa24-8b845897a71a req-a2811eec-ef7b-4414-8398-86ab51270b85 1eeb6a86be4b4aa7ba3249e731e62c3d a776d20284c64aff9ed08d1326d110cc - - a72e8f6bda1a45148bc0c7161d785101 a72e8f6bda1a45148bc0c7161d785101] 199.204.45.132 "GET /allocations/7c29e2be-f1e7-49ce-858f-f1887ffd69f8" status: 200 len: 257 microversion: 1.28 [pid: 7|app: 0|req: 316/633] 199.204.45.132 () {34 vars in 862 bytes} [Fri Apr 10 15:00:40 2026] GET /allocations/7c29e2be-f1e7-49ce-858f-f1887ffd69f8 => generated 257 bytes in 16 msecs (HTTP/1.1 200) 8 headers in 296 bytes (1 switches on core 0)
2026-04-10 15:00:40.185 8 INFO placement.requestlog [req-d8924460-b28f-44f9-aa24-8b845897a71a req-02f49dce-0a52-4111-bb17-2b49ca74fb7e 1eeb6a86be4b4aa7ba3249e731e62c3d a776d20284c64aff9ed08d1326d110cc - - a72e8f6bda1a45148bc0c7161d785101 a72e8f6bda1a45148bc0c7161d785101] 199.204.45.132 "GET /allocations/8b783dee-c5c0-4ac4-ba56-354510df1cdf" status: 200 len: 257 microversion: 1.28 [pid: 8|app: 0|req: 318/634] 199.204.45.132 () {34 vars in 862 bytes} [Fri Apr 10 15:00:40 2026] GET /allocations/8b783dee-c5c0-4ac4-ba56-354510df1cdf => generated 257 bytes in 16 msecs (HTTP/1.1 200) 8 headers in 296 bytes (1 switches on core 0)
2026-04-10 15:00:41.042 8 INFO placement.requestlog [None req-b7c76339-6360-42b4-a4fb-99a7ebf59661 5f5eaa5b8b5b47518a420b0611bcc752 a776d20284c64aff9ed08d1326d110cc - - a72e8f6bda1a45148bc0c7161d785101 a72e8f6bda1a45148bc0c7161d785101] 10.0.0.177 "GET /resource_providers/9e55b840-f13e-4ae7-b606-cf2d6e422fc2/aggregates" status: 404 len: 235 microversion: 1.1 [pid: 8|app: 0|req: 319/635] 10.0.0.177 () {32 vars in 824 bytes} [Fri Apr 10 15:00:41 2026] GET /resource_providers/9e55b840-f13e-4ae7-b606-cf2d6e422fc2/aggregates => generated 235 bytes in 11 msecs (HTTP/1.1 404) 5 headers in 202 bytes (1 switches on core 0)
2026-04-10 15:00:41.048 7 INFO placement.requestlog [None req-7972af13-28e6-4802-afe8-d86842f0e717 5f5eaa5b8b5b47518a420b0611bcc752 a776d20284c64aff9ed08d1326d110cc - - a72e8f6bda1a45148bc0c7161d785101 a72e8f6bda1a45148bc0c7161d785101] 10.0.0.177 "GET /resource_providers/9e55b840-f13e-4ae7-b606-cf2d6e422fc2/aggregates" status: 404 len: 235 microversion: 1.1 [pid: 7|app: 0|req: 317/636] 10.0.0.177 () {32 vars in 824 bytes} [Fri Apr 10 15:00:41 2026] GET /resource_providers/9e55b840-f13e-4ae7-b606-cf2d6e422fc2/aggregates => generated 235 bytes in 21 msecs (HTTP/1.1 404) 5 headers in 202 bytes (1 switches on core 0)
2026-04-10 15:00:41.059 8 INFO placement.requestlog [None req-7e914d4c-41bb-4062-a25c-30e5c9b807a4 5f5eaa5b8b5b47518a420b0611bcc752 a776d20284c64aff9ed08d1326d110cc - - a72e8f6bda1a45148bc0c7161d785101 a72e8f6bda1a45148bc0c7161d785101] 10.0.0.177 "DELETE /resource_providers/9e55b840-f13e-4ae7-b606-cf2d6e422fc2" status: 404 len: 246 microversion: 1.1 [pid: 8|app: 0|req: 320/637] 10.0.0.177 () {34 vars in 824 bytes} [Fri Apr 10 15:00:41 2026] DELETE /resource_providers/9e55b840-f13e-4ae7-b606-cf2d6e422fc2 => generated 246 bytes in 8 msecs (HTTP/1.1 404) 6 headers in 231 bytes (1 switches on core 0)
2026-04-10 15:00:41.067 7 INFO placement.requestlog [None req-3a739d9c-9739-40ba-ad0d-fb9669cf9d82 5f5eaa5b8b5b47518a420b0611bcc752 a776d20284c64aff9ed08d1326d110cc - - a72e8f6bda1a45148bc0c7161d785101 a72e8f6bda1a45148bc0c7161d785101] 10.0.0.177 "DELETE /resource_providers/9e55b840-f13e-4ae7-b606-cf2d6e422fc2" status: 404 len: 246 microversion: 1.1 [pid: 7|app: 0|req: 318/638] 10.0.0.177 () {34 vars in 824 bytes} [Fri Apr 10 15:00:41 2026] DELETE /resource_providers/9e55b840-f13e-4ae7-b606-cf2d6e422fc2 => generated 246 bytes in 13 msecs (HTTP/1.1 404) 6 headers in 231 bytes (1 switches on core 0)
2026-04-10 15:00:41.804 8 INFO placement.requestlog [req-1b87b929-d403-4449-879f-c773cebb402d req-561972d5-fcd6-4c46-82a5-edc91d92ee40 1eeb6a86be4b4aa7ba3249e731e62c3d a776d20284c64aff9ed08d1326d110cc - - a72e8f6bda1a45148bc0c7161d785101 a72e8f6bda1a45148bc0c7161d785101] 199.204.45.132 "GET /resource_providers/96d72be4-5e8c-4bfe-bf13-18aab96ae947/allocations" status: 200 len: 252 microversion: 1.0 [pid: 8|app: 0|req: 321/639] 199.204.45.132 () {32 vars in 856 bytes} [Fri Apr 10 15:00:41 2026] GET /resource_providers/96d72be4-5e8c-4bfe-bf13-18aab96ae947/allocations => generated 252 bytes in 22 msecs (HTTP/1.1 200) 6 headers in 224 bytes (1 switches on core 0)
2026-04-10 15:00:41.846 7 INFO placement.requestlog [req-1b87b929-d403-4449-879f-c773cebb402d req-00a352aa-2667-4563-98d2-0fcf1e689024 1eeb6a86be4b4aa7ba3249e731e62c3d a776d20284c64aff9ed08d1326d110cc - - a72e8f6bda1a45148bc0c7161d785101 a72e8f6bda1a45148bc0c7161d785101] 199.204.45.132 "GET /allocations/7c29e2be-f1e7-49ce-858f-f1887ffd69f8" status: 200 len: 257 microversion: 1.28 [pid: 7|app: 0|req: 319/640] 199.204.45.132 () {34 vars in 862 bytes} [Fri Apr 10 15:00:41 2026] GET /allocations/7c29e2be-f1e7-49ce-858f-f1887ffd69f8 => generated 257 bytes in 35 msecs (HTTP/1.1 200) 8 headers in 296 bytes (1 switches on core 0)
2026-04-10 15:00:41.870 8 INFO placement.requestlog [req-1b87b929-d403-4449-879f-c773cebb402d req-52be5b49-ba79-4627-a60d-5691e98cb5ff 1eeb6a86be4b4aa7ba3249e731e62c3d a776d20284c64aff9ed08d1326d110cc - - a72e8f6bda1a45148bc0c7161d785101 a72e8f6bda1a45148bc0c7161d785101] 199.204.45.132 "GET /allocations/8b783dee-c5c0-4ac4-ba56-354510df1cdf" status: 200 len: 257 microversion: 1.28 [pid: 8|app: 0|req: 322/641] 199.204.45.132 () {34 vars in 862 bytes} [Fri Apr 10 15:00:41 2026] GET /allocations/8b783dee-c5c0-4ac4-ba56-354510df1cdf => generated 257 bytes in 16 msecs (HTTP/1.1 200) 8 headers in 296 bytes (1 switches on core 0)
2026-04-10 15:00:41.921 7 INFO placement.requestlog [req-1b87b929-d403-4449-879f-c773cebb402d req-38cb0c8b-f68d-452c-9c2f-e61b26dc2d8b 1eeb6a86be4b4aa7ba3249e731e62c3d a776d20284c64aff9ed08d1326d110cc - - a72e8f6bda1a45148bc0c7161d785101 a72e8f6bda1a45148bc0c7161d785101] 199.204.45.132 "DELETE /allocations/7c29e2be-f1e7-49ce-858f-f1887ffd69f8" status: 204 len: 0 microversion: 1.0 [pid: 7|app: 0|req: 320/642] 199.204.45.132 () {34 vars in 840 bytes} [Fri Apr 10 15:00:41 2026] DELETE /allocations/7c29e2be-f1e7-49ce-858f-f1887ffd69f8 => generated 0 bytes in 27 msecs (HTTP/1.1 204) 5 headers in 198 bytes (1 switches on core 0)
2026-04-10 15:00:42.159 7 INFO placement.requestlog [None req-9bbe379b-3308-4fa8-bbbf-434dc86d3fa7 - - - - - -] 10.0.0.106 "GET /" status: 200 len: 136 microversion: 1.0
2026-04-10 15:00:42.159 8 INFO placement.requestlog [None req-fb9385bd-1ee7-4681-a45e-cbeafeb4eda7 - - - - - -] 10.0.0.106 "GET /" status: 200 len: 136 microversion: 1.0
2026-04-10 15:00:42.696 7 INFO placement.requestlog [None req-35047a04-a766-47ed-87b9-2d9bc207acb1 5f5eaa5b8b5b47518a420b0611bcc752 a776d20284c64aff9ed08d1326d110cc - - a72e8f6bda1a45148bc0c7161d785101 a72e8f6bda1a45148bc0c7161d785101] 10.0.0.177 "GET /resource_providers/43861763-8f55-457f-ac04-d2b99a639745/aggregates" status: 404 len: 235 microversion: 1.1 [pid: 7|app: 0|req: 322/645] 10.0.0.177 () {32 vars in 824 bytes} [Fri Apr 10 15:00:42 2026] GET /resource_providers/43861763-8f55-457f-ac04-d2b99a639745/aggregates => generated 235 bytes in 12 msecs (HTTP/1.1 404) 5 headers in 202 bytes (1 switches on core 0)
2026-04-10 15:00:42.700 8 INFO placement.requestlog [None req-3d8d04b4-0799-4460-becb-609a48132d2d 5f5eaa5b8b5b47518a420b0611bcc752 a776d20284c64aff9ed08d1326d110cc - - a72e8f6bda1a45148bc0c7161d785101 a72e8f6bda1a45148bc0c7161d785101] 10.0.0.177 "GET /resource_providers/43861763-8f55-457f-ac04-d2b99a639745/aggregates" status: 404 len: 235 microversion: 1.1 [pid: 8|app: 0|req: 324/646] 10.0.0.177 () {32 vars in 824 bytes} [Fri Apr 10 15:00:42 2026] GET /resource_providers/43861763-8f55-457f-ac04-d2b99a639745/aggregates => generated 235 bytes in 11 msecs (HTTP/1.1 404) 5 headers in 202 bytes (1 switches on core 0)
2026-04-10 15:00:42.736 7 INFO placement.requestlog [None req-2c9087e5-afc0-47b6-86ad-38d153560709 5f5eaa5b8b5b47518a420b0611bcc752 a776d20284c64aff9ed08d1326d110cc - - a72e8f6bda1a45148bc0c7161d785101 a72e8f6bda1a45148bc0c7161d785101] 10.0.0.177 "DELETE /resource_providers/43861763-8f55-457f-ac04-d2b99a639745" status: 404 len: 246 microversion: 1.1 [pid: 7|app: 0|req: 323/647] 10.0.0.177 () {34 vars in 824 bytes} [Fri Apr 10 15:00:42 2026] DELETE /resource_providers/43861763-8f55-457f-ac04-d2b99a639745 => generated 246 bytes in 15 msecs (HTTP/1.1 404) 6 headers in 231 bytes (1 switches on core 0)
2026-04-10 15:00:42.748 8 INFO placement.requestlog [None req-560c03a6-cb97-4ee3-877f-b319dd3bc88d 5f5eaa5b8b5b47518a420b0611bcc752 a776d20284c64aff9ed08d1326d110cc - - a72e8f6bda1a45148bc0c7161d785101 a72e8f6bda1a45148bc0c7161d785101] 10.0.0.177 "DELETE /resource_providers/43861763-8f55-457f-ac04-d2b99a639745" status: 404 len: 246 microversion: 1.1 [pid: 8|app: 0|req: 325/648] 10.0.0.177 () {34 vars in 824 bytes} [Fri Apr 10 15:00:42 2026] DELETE /resource_providers/43861763-8f55-457f-ac04-d2b99a639745 => generated 246 bytes in 10 msecs (HTTP/1.1 404) 6 headers in 231 bytes (1 switches on core 0)
2026-04-10 15:00:43.088 7 INFO placement.requestlog [None req-7e6fa912-b5e0-4248-981e-e304227b35b6 5f5eaa5b8b5b47518a420b0611bcc752 a776d20284c64aff9ed08d1326d110cc - - a72e8f6bda1a45148bc0c7161d785101 a72e8f6bda1a45148bc0c7161d785101] 10.0.0.177 "GET /resource_providers/05746773-dd84-47e9-80a6-0b6eda11cd11/aggregates" status: 404 len: 235 microversion: 1.1 [pid: 7|app: 0|req: 324/649] 10.0.0.177 () {32 vars in 824 bytes} [Fri Apr 10 15:00:43 2026] GET /resource_providers/05746773-dd84-47e9-80a6-0b6eda11cd11/aggregates => generated 235 bytes in 22 msecs (HTTP/1.1 404) 5 headers in 202 bytes (1 switches on core 0)
2026-04-10 15:00:43.092 8 INFO placement.requestlog [None req-4e5b3d6f-f2a6-474c-8981-e4432c4a6563 5f5eaa5b8b5b47518a420b0611bcc752 a776d20284c64aff9ed08d1326d110cc - - a72e8f6bda1a45148bc0c7161d785101 a72e8f6bda1a45148bc0c7161d785101] 10.0.0.177 "GET /resource_providers/05746773-dd84-47e9-80a6-0b6eda11cd11/aggregates" status: 404 len: 235 microversion: 1.1 [pid: 8|app: 0|req: 326/650] 10.0.0.177 () {32 vars in 824 bytes} [Fri Apr 10 15:00:43 2026] GET /resource_providers/05746773-dd84-47e9-80a6-0b6eda11cd11/aggregates => generated 235 bytes in 10 msecs (HTTP/1.1 404) 5 headers in 202 bytes (1 switches on core 0)
2026-04-10 15:00:43.103 7 INFO placement.requestlog [None req-487832b1-0649-4dd1-bbb0-8186ff64ba8f 5f5eaa5b8b5b47518a420b0611bcc752 a776d20284c64aff9ed08d1326d110cc - - a72e8f6bda1a45148bc0c7161d785101 a72e8f6bda1a45148bc0c7161d785101] 10.0.0.177 "DELETE /resource_providers/05746773-dd84-47e9-80a6-0b6eda11cd11" status: 404 len: 246 microversion: 1.1 [pid: 7|app: 0|req: 325/651] 10.0.0.177 () {34 vars in 824 bytes} [Fri Apr 10 15:00:43 2026] DELETE /resource_providers/05746773-dd84-47e9-80a6-0b6eda11cd11 => generated 246 bytes in 9 msecs (HTTP/1.1 404) 6 headers in 231 bytes (1 switches on core 0)
2026-04-10 15:00:43.111 8 INFO placement.requestlog [None req-6845133f-c7bb-40d1-9173-0697225be644 5f5eaa5b8b5b47518a420b0611bcc752 a776d20284c64aff9ed08d1326d110cc - - a72e8f6bda1a45148bc0c7161d785101 a72e8f6bda1a45148bc0c7161d785101] 10.0.0.177 "DELETE /resource_providers/05746773-dd84-47e9-80a6-0b6eda11cd11" status: 404 len: 246 microversion: 1.1 [pid: 8|app: 0|req: 327/652] 10.0.0.177 () {34 vars in 824 bytes} [Fri Apr 10 15:00:43 2026] DELETE /resource_providers/05746773-dd84-47e9-80a6-0b6eda11cd11 => generated 246 bytes in 11 msecs (HTTP/1.1 404) 6 headers in 231 bytes (1 switches on core 0)
2026-04-10 15:00:46.030 8 INFO placement.requestlog [None req-eb4ec0a1-d105-4175-aaca-176027ca435c 5f5eaa5b8b5b47518a420b0611bcc752 a776d20284c64aff9ed08d1326d110cc - - a72e8f6bda1a45148bc0c7161d785101 a72e8f6bda1a45148bc0c7161d785101] 10.0.0.177 "GET /resource_providers/5bb06674-9a1c-42c1-83b9-e0e68ed1b13f/aggregates" status: 404 len: 235 microversion: 1.1
2026-04-10 15:00:46.030 7 INFO placement.requestlog [None req-4f0b4cb4-63a0-42a0-aebd-763ba2a86044 5f5eaa5b8b5b47518a420b0611bcc752 a776d20284c64aff9ed08d1326d110cc - - a72e8f6bda1a45148bc0c7161d785101 a72e8f6bda1a45148bc0c7161d785101] 10.0.0.177 "GET /resource_providers/5bb06674-9a1c-42c1-83b9-e0e68ed1b13f/aggregates" status: 404 len: 235 microversion: 1.1 [pid: 8|app: 0|req: 328/653] 10.0.0.177 () {32 vars in 824 bytes} [Fri Apr 10 15:00:46 2026] GET /resource_providers/5bb06674-9a1c-42c1-83b9-e0e68ed1b13f/aggregates => generated 235 bytes in 13 msecs (HTTP/1.1 404) 5 headers in 202 bytes (1 switches on core 0) [pid: 7|app: 0|req: 326/654] 10.0.0.177 () {32 vars in 824 bytes} [Fri Apr 10 15:00:46 2026] GET /resource_providers/5bb06674-9a1c-42c1-83b9-e0e68ed1b13f/aggregates => generated 235 bytes in 13 msecs (HTTP/1.1 404) 5 headers in 202 bytes (1 switches on core 0)
2026-04-10 15:00:46.069 7 INFO placement.requestlog [None req-6d98794d-7b5a-4905-83ed-e30ed3e3bc65 5f5eaa5b8b5b47518a420b0611bcc752 a776d20284c64aff9ed08d1326d110cc - - a72e8f6bda1a45148bc0c7161d785101 a72e8f6bda1a45148bc0c7161d785101] 10.0.0.177 "DELETE /resource_providers/5bb06674-9a1c-42c1-83b9-e0e68ed1b13f" status: 404 len: 246 microversion: 1.1
2026-04-10 15:00:46.070 8 INFO placement.requestlog [None req-8358b016-bdb0-492c-b6fc-e0796f0ee65c 5f5eaa5b8b5b47518a420b0611bcc752 a776d20284c64aff9ed08d1326d110cc - - a72e8f6bda1a45148bc0c7161d785101 a72e8f6bda1a45148bc0c7161d785101] 10.0.0.177 "DELETE /resource_providers/5bb06674-9a1c-42c1-83b9-e0e68ed1b13f" status: 404 len: 246 microversion: 1.1 [pid: 7|app: 0|req: 327/655] 10.0.0.177 () {34 vars in 824 bytes} [Fri Apr 10 15:00:46 2026] DELETE /resource_providers/5bb06674-9a1c-42c1-83b9-e0e68ed1b13f => generated 246 bytes in 11 msecs (HTTP/1.1 404) 6 headers in 231 bytes (1 switches on core 0) [pid: 8|app: 0|req: 329/656] 10.0.0.177 () {34 vars in 824 bytes} [Fri Apr 10 15:00:46 2026] DELETE /resource_providers/5bb06674-9a1c-42c1-83b9-e0e68ed1b13f => generated 246 bytes in 13 msecs (HTTP/1.1 404) 6 headers in 231 bytes (1 switches on core 0)
2026-04-10 15:00:51.427 8 INFO placement.requestlog [None req-c328d86c-811f-4aa4-a9b8-a8a2f53ba021 5f5eaa5b8b5b47518a420b0611bcc752 a776d20284c64aff9ed08d1326d110cc - - a72e8f6bda1a45148bc0c7161d785101 a72e8f6bda1a45148bc0c7161d785101] 10.0.0.177 "GET /resource_providers/9a023301-288f-4532-85b5-e3fc04b227e1/aggregates" status: 404 len: 235 microversion: 1.1 [pid: 8|app: 0|req: 330/657] 10.0.0.177 () {32 vars in 824 bytes} [Fri Apr 10 15:00:51 2026] GET /resource_providers/9a023301-288f-4532-85b5-e3fc04b227e1/aggregates => generated 235 bytes in 11 msecs (HTTP/1.1 404) 5 headers in 202 bytes (1 switches on core 0)
2026-04-10 15:00:51.431 7 INFO placement.requestlog [None req-3c1ddb1f-6e6f-4f20-920c-6f9f7cefd56c 5f5eaa5b8b5b47518a420b0611bcc752 a776d20284c64aff9ed08d1326d110cc - - a72e8f6bda1a45148bc0c7161d785101 a72e8f6bda1a45148bc0c7161d785101] 10.0.0.177 "GET /resource_providers/9a023301-288f-4532-85b5-e3fc04b227e1/aggregates" status: 404 len: 235 microversion: 1.1 [pid: 7|app: 0|req: 328/658] 10.0.0.177 () {32 vars in 824 bytes} [Fri Apr 10 15:00:51 2026] GET /resource_providers/9a023301-288f-4532-85b5-e3fc04b227e1/aggregates => generated 235 bytes in 15 msecs (HTTP/1.1 404) 5 headers in 202 bytes (1 switches on core 0)
2026-04-10 15:00:51.451 8 INFO placement.requestlog [None req-51b3e60a-bd1e-4188-863d-5a22f426976d 5f5eaa5b8b5b47518a420b0611bcc752 a776d20284c64aff9ed08d1326d110cc - - a72e8f6bda1a45148bc0c7161d785101 a72e8f6bda1a45148bc0c7161d785101] 10.0.0.177 "DELETE /resource_providers/9a023301-288f-4532-85b5-e3fc04b227e1" status: 404 len: 246 microversion: 1.1 [pid: 8|app: 0|req: 331/659] 10.0.0.177 () {34 vars in 824 bytes} [Fri Apr 10 15:00:51 2026] DELETE /resource_providers/9a023301-288f-4532-85b5-e3fc04b227e1 => generated 246 bytes in 10 msecs (HTTP/1.1 404) 6 headers in 231 bytes (1 switches on core 0)
2026-04-10 15:00:51.465 7 INFO placement.requestlog [None req-5469b5ee-d81c-4cb2-a37d-4c112d65a7c5 5f5eaa5b8b5b47518a420b0611bcc752 a776d20284c64aff9ed08d1326d110cc - - a72e8f6bda1a45148bc0c7161d785101 a72e8f6bda1a45148bc0c7161d785101] 10.0.0.177 "DELETE /resource_providers/9a023301-288f-4532-85b5-e3fc04b227e1" status: 404 len: 246 microversion: 1.1 [pid: 7|app: 0|req: 329/660] 10.0.0.177 () {34 vars in 824 bytes} [Fri Apr 10 15:00:51 2026] DELETE /resource_providers/9a023301-288f-4532-85b5-e3fc04b227e1 => generated 246 bytes in 14 msecs (HTTP/1.1 404) 6 headers in 231 bytes (1 switches on core 0)
2026-04-10 15:00:52.159 7 INFO placement.requestlog [None req-26b14182-3ca2-449d-866c-fbfea866176e - - - - - -] 10.0.0.106 "GET /" status: 200 len: 136 microversion: 1.0
2026-04-10 15:00:52.159 8 INFO placement.requestlog [None req-52a45a4a-fde8-4cd3-81e6-b5f8c5bb6e46 - - - - - -] 10.0.0.106 "GET /" status: 200 len: 136 microversion: 1.0
2026-04-10 15:00:53.475 7 INFO placement.requestlog [None req-25562aa5-aad5-485d-ab2a-9b68ed14e6b5 5f5eaa5b8b5b47518a420b0611bcc752 a776d20284c64aff9ed08d1326d110cc - - a72e8f6bda1a45148bc0c7161d785101 a72e8f6bda1a45148bc0c7161d785101] 10.0.0.177 "GET /resource_providers/5fad462d-cb73-41f6-a2da-2942a72cd026/aggregates" status: 404 len: 235 microversion: 1.1 [pid: 7|app: 0|req: 331/663] 10.0.0.177 () {32 vars in 824 bytes} [Fri Apr 10 15:00:53 2026] GET /resource_providers/5fad462d-cb73-41f6-a2da-2942a72cd026/aggregates => generated 235 bytes in 11 msecs (HTTP/1.1 404) 5 headers in 202 bytes (1 switches on core 0)
2026-04-10 15:00:53.490 7 INFO placement.requestlog [None req-ef364412-eb1f-40bb-986d-af52cf77512f 5f5eaa5b8b5b47518a420b0611bcc752 a776d20284c64aff9ed08d1326d110cc - - a72e8f6bda1a45148bc0c7161d785101 a72e8f6bda1a45148bc0c7161d785101] 10.0.0.177 "DELETE /resource_providers/5fad462d-cb73-41f6-a2da-2942a72cd026" status: 404 len: 246 microversion: 1.1 [pid: 7|app: 0|req: 332/664] 10.0.0.177 () {34 vars in 824 bytes} [Fri Apr 10 15:00:53 2026] DELETE /resource_providers/5fad462d-cb73-41f6-a2da-2942a72cd026 => generated 246 bytes in 7 msecs (HTTP/1.1 404) 6 headers in 231 bytes (1 switches on core 0)
2026-04-10 15:00:53.493 8 INFO placement.requestlog [None req-392d4dc3-74f3-4d75-b260-357f9e1a8736 5f5eaa5b8b5b47518a420b0611bcc752 a776d20284c64aff9ed08d1326d110cc - - a72e8f6bda1a45148bc0c7161d785101 a72e8f6bda1a45148bc0c7161d785101] 10.0.0.177 "GET /resource_providers/5fad462d-cb73-41f6-a2da-2942a72cd026/aggregates" status: 404 len: 235 microversion: 1.1 [pid: 8|app: 0|req: 333/665] 10.0.0.177 () {32 vars in 824 bytes} [Fri Apr 10 15:00:53 2026] GET /resource_providers/5fad462d-cb73-41f6-a2da-2942a72cd026/aggregates => generated 235 bytes in 12 msecs (HTTP/1.1 404) 5 headers in 202 bytes (1 switches on core 0)
2026-04-10 15:00:53.527 8 INFO placement.requestlog [None req-e9dfa7dd-7f88-4974-87e4-ec6082567128 5f5eaa5b8b5b47518a420b0611bcc752 a776d20284c64aff9ed08d1326d110cc - - a72e8f6bda1a45148bc0c7161d785101 a72e8f6bda1a45148bc0c7161d785101] 10.0.0.177 "GET /resource_providers/eaa97347-0027-423a-be54-29556cff399f/aggregates" status: 404 len: 235 microversion: 1.1 [pid: 8|app: 0|req: 334/666] 10.0.0.177 () {32 vars in 824 bytes} [Fri Apr 10 15:00:53 2026] GET /resource_providers/eaa97347-0027-423a-be54-29556cff399f/aggregates => generated 235 bytes in 10 msecs (HTTP/1.1 404) 5 headers in 202 bytes (1 switches on core 0)
2026-04-10 15:00:53.529 7 INFO placement.requestlog [None req-9bdf6ab3-7f2e-42d2-badd-b8d4830afc6f 5f5eaa5b8b5b47518a420b0611bcc752 a776d20284c64aff9ed08d1326d110cc - - a72e8f6bda1a45148bc0c7161d785101 a72e8f6bda1a45148bc0c7161d785101] 10.0.0.177 "DELETE /resource_providers/5fad462d-cb73-41f6-a2da-2942a72cd026" status: 404 len: 246 microversion: 1.1 [pid: 7|app: 0|req: 333/667] 10.0.0.177 () {34 vars in 824 bytes} [Fri Apr 10 15:00:53 2026] DELETE /resource_providers/5fad462d-cb73-41f6-a2da-2942a72cd026 => generated 246 bytes in 12 msecs (HTTP/1.1 404) 6 headers in 231 bytes (1 switches on core 0)
