2026-04-10 14:57:31.979 9 INFO neutron.wsgi [-] 10.0.0.106 "GET / HTTP/1.1" status: 200 len: 247 time: 0.0027125
2026-04-10 14:57:46.979 9 INFO neutron.wsgi [-] 10.0.0.106 "GET / HTTP/1.1" status: 200 len: 247 time: 0.0025628
2026-04-10 14:57:46.979 10 INFO neutron.wsgi [-] 10.0.0.106 "GET / HTTP/1.1" status: 200 len: 247 time: 0.0031383
2026-04-10 14:58:01.979 10 INFO neutron.wsgi [-] 10.0.0.106 "GET / HTTP/1.1" status: 200 len: 247 time: 0.0026565
2026-04-10 14:58:01.982 10 INFO neutron.wsgi [-] 10.0.0.106 "GET / HTTP/1.1" status: 200 len: 247 time: 0.0023282
2026-04-10 14:58:16.429 10 INFO neutron.wsgi [None req-d57435ae-63e8-4e77-ac19-83773c7a375e e382d57a1dc8476e98df76a84f9e55ef 2cba3e0f0e5b4099934ec10d61cd2668 - - default default] 10.0.0.12 "GET /v2.0/subnets HTTP/1.1" status: 200 len: 1437 time: 0.0852470
2026-04-10 14:58:16.550 10 INFO neutron.wsgi [None req-f9f67033-5bf3-48c4-8d9c-6ebd45d14ece e382d57a1dc8476e98df76a84f9e55ef 2cba3e0f0e5b4099934ec10d61cd2668 - - default default] 10.0.0.12 "GET /v2.0/ports HTTP/1.1" status: 200 len: 5251 time: 0.1191750
2026-04-10 14:58:16.591 10 INFO neutron.wsgi [None req-184d7fc6-51f3-4c40-bce2-29b5f2e55688 e382d57a1dc8476e98df76a84f9e55ef 2cba3e0f0e5b4099934ec10d61cd2668 - - default default] 10.0.0.12 "GET /v2.0/agents HTTP/1.1" status: 200 len: 997 time: 0.0376756
2026-04-10 14:58:16.622 10 INFO neutron.wsgi [None req-455a2934-db6a-4a09-ab6b-024d22821e94 e382d57a1dc8476e98df76a84f9e55ef 2cba3e0f0e5b4099934ec10d61cd2668 - - default default] 10.0.0.12 "GET /v2.0/subnets HTTP/1.1" status: 200 len: 1437 time: 0.0300264
2026-04-10 14:58:16.636 10 INFO neutron.wsgi [None req-50ade6e4-e77e-4d81-90a6-8806a88b7c42 e382d57a1dc8476e98df76a84f9e55ef 2cba3e0f0e5b4099934ec10d61cd2668 - - default default] 10.0.0.12 "GET /v2.0/subnetpools HTTP/1.1" status: 200 len: 193 time: 0.0128164
2026-04-10 14:58:16.706 10 INFO neutron.wsgi [None req-56d0ddd7-fb98-45c3-ace4-b9907f36bf80 e382d57a1dc8476e98df76a84f9e55ef 2cba3e0f0e5b4099934ec10d61cd2668 - - default default] 10.0.0.12 "GET /v2.0/networks HTTP/1.1" status: 200 len: 2350 time: 0.0694184
2026-04-10 14:58:16.767 10 INFO neutron.wsgi [None req-62414f66-cbcf-4979-8f21-fec81569da6a e382d57a1dc8476e98df76a84f9e55ef 2cba3e0f0e5b4099934ec10d61cd2668 - - default default] 10.0.0.12 "GET /v2.0/security-groups HTTP/1.1" status: 200 len: 16799 time: 0.0588870
2026-04-10 14:58:16.803 10 INFO neutron.wsgi [None req-f75cc94f-da54-438c-b367-e278c5f93453 e382d57a1dc8476e98df76a84f9e55ef 2cba3e0f0e5b4099934ec10d61cd2668 - - default default] 10.0.0.12 "GET /v2.0/routers HTTP/1.1" status: 200 len: 189 time: 0.0300624
2026-04-10 14:58:16.811 10 INFO neutron.wsgi [None req-1a7c98ae-8627-43ff-9f50-80e2620bed4f e382d57a1dc8476e98df76a84f9e55ef 2cba3e0f0e5b4099934ec10d61cd2668 - - default default] 10.0.0.12 "GET /v2.0/agents?binary=ovn-controller HTTP/1.1" status: 200 len: 591 time: 0.0080323
2026-04-10 14:58:16.829 10 INFO neutron.wsgi [None req-7b5b6797-2e9a-4846-9237-c39c10f972fa e382d57a1dc8476e98df76a84f9e55ef 2cba3e0f0e5b4099934ec10d61cd2668 - - default default] 10.0.0.12 "GET /v2.0/floatingips HTTP/1.1" status: 200 len: 193 time: 0.0165067
2026-04-10 14:58:16.838 10 INFO neutron.wsgi [None req-e7839f4d-cc59-4ff5-994c-32d925cbc718 e382d57a1dc8476e98df76a84f9e55ef 2cba3e0f0e5b4099934ec10d61cd2668 - - default default] 10.0.0.12 "GET /v2.0/network-ip-availabilities HTTP/1.1" status: 200 len: 1280 time: 0.0086510
2026-04-10 14:58:16.978 9 INFO neutron.wsgi [-] 10.0.0.106 "GET / HTTP/1.1" status: 200 len: 247 time: 0.0020952
2026-04-10 14:58:16.978 10 INFO neutron.wsgi [-] 10.0.0.106 "GET / HTTP/1.1" status: 200 len: 247 time: 0.0025139
2026-04-10 14:58:20.401 10 INFO neutron.wsgi [None req-15e0aadb-98f9-450b-919d-518e1693ad6d e382d57a1dc8476e98df76a84f9e55ef 2cba3e0f0e5b4099934ec10d61cd2668 - - default default] 199.204.45.132,10.0.0.106 "GET /v2.0/security-groups?tenant_id=a776d20284c64aff9ed08d1326d110cc HTTP/1.1" status: 200 len: 6838 time: 0.0988867
2026-04-10 14:58:21.314 10 INFO neutron.wsgi [None req-9692c727-dc98-4a68-a6af-491e5fd7191e e382d57a1dc8476e98df76a84f9e55ef 2cba3e0f0e5b4099934ec10d61cd2668 - - default default] 199.204.45.132,10.0.0.106 "GET /v2.0/security-groups?tenant_id=a776d20284c64aff9ed08d1326d110cc HTTP/1.1" status: 200 len: 6838 time: 0.0695620
2026-04-10 14:58:22.173 10 INFO neutron.wsgi [None req-cc58eccb-e18c-44ab-88b8-38ea74a597e9 e382d57a1dc8476e98df76a84f9e55ef 2cba3e0f0e5b4099934ec10d61cd2668 - - default default] 199.204.45.132,10.0.0.106 "GET /v2.0/security-groups?tenant_id=a776d20284c64aff9ed08d1326d110cc HTTP/1.1" status: 200 len: 6838 time: 0.0769835
2026-04-10 14:58:23.003 9 INFO neutron.wsgi [None req-d7a52805-f702-47c1-bdca-d6f3936e73b3 e382d57a1dc8476e98df76a84f9e55ef 2cba3e0f0e5b4099934ec10d61cd2668 - - default default] 199.204.45.132,10.0.0.106 "GET /v2.0/security-groups?tenant_id=a776d20284c64aff9ed08d1326d110cc HTTP/1.1" status: 200 len: 6838 time: 0.0745349
2026-04-10 14:58:23.939 9 INFO neutron.wsgi [None req-819d3c21-86df-44cc-b3c8-212b89ef5ed9 e382d57a1dc8476e98df76a84f9e55ef 2cba3e0f0e5b4099934ec10d61cd2668 - - default default] 199.204.45.132,10.0.0.106 "GET /v2.0/security-groups?tenant_id=a776d20284c64aff9ed08d1326d110cc HTTP/1.1" status: 200 len: 6838 time: 0.0720913
2026-04-10 14:58:30.752 9 INFO neutron.wsgi [None req-7dbe737d-f8a6-4ce0-90fd-031c55426baf e382d57a1dc8476e98df76a84f9e55ef 2cba3e0f0e5b4099934ec10d61cd2668 - - default default] 199.204.45.132,10.0.0.106 "GET /v2.0/quotas/a776d20284c64aff9ed08d1326d110cc HTTP/1.1" status: 200 len: 361 time: 0.0133240
2026-04-10 14:58:31.978 9 INFO neutron.wsgi [-] 10.0.0.106 "GET / HTTP/1.1" status: 200 len: 247 time: 0.0026393
2026-04-10 14:58:31.978 10 INFO neutron.wsgi [-] 10.0.0.106 "GET / HTTP/1.1" status: 200 len: 247 time: 0.0026093
2026-04-10 14:58:46.978 9 INFO neutron.wsgi [-] 10.0.0.106 "GET / HTTP/1.1" status: 200 len: 247 time: 0.0028639
2026-04-10 14:58:46.979 10 INFO neutron.wsgi [-] 10.0.0.106 "GET / HTTP/1.1" status: 200 len: 247 time: 0.0034592
2026-04-10 14:59:01.978 9 INFO neutron.wsgi [-] 10.0.0.106 "GET / HTTP/1.1" status: 200 len: 247 time: 0.0024302
2026-04-10 14:59:01.982 10 INFO neutron.wsgi [-] 10.0.0.106 "GET / HTTP/1.1" status: 200 len: 247 time: 0.0060651
2026-04-10 14:59:16.445 10 INFO neutron.wsgi [None req-5f7e61a4-bcc9-4883-ad87-5f59d64a9751 e382d57a1dc8476e98df76a84f9e55ef 2cba3e0f0e5b4099934ec10d61cd2668 - - default default] 10.0.0.12 "GET /v2.0/subnets HTTP/1.1" status: 200 len: 1437 time: 0.0864367
2026-04-10 14:59:16.461 10 INFO neutron.wsgi [None req-cd07e1ff-d62e-48a8-a723-891f958dfca5 e382d57a1dc8476e98df76a84f9e55ef 2cba3e0f0e5b4099934ec10d61cd2668 - - default default] 10.0.0.12 "GET /v2.0/subnetpools HTTP/1.1" status: 200 len: 193 time: 0.0145829
2026-04-10 14:59:16.492 10 INFO neutron.wsgi [None req-44e3cf6d-789d-40b4-ac80-44abc06b6488 e382d57a1dc8476e98df76a84f9e55ef 2cba3e0f0e5b4099934ec10d61cd2668 - - default default] 10.0.0.12 "GET /v2.0/subnets HTTP/1.1" status: 200 len: 1437 time: 0.0304954
2026-04-10 14:59:16.529 10 INFO neutron.wsgi [None req-e76723c7-e3e4-4d48-9f8a-51ea69d81a33 e382d57a1dc8476e98df76a84f9e55ef 2cba3e0f0e5b4099934ec10d61cd2668 - - default default] 10.0.0.12 "GET /v2.0/ports HTTP/1.1" status: 200 len: 5251 time: 0.0353467
2026-04-10 14:59:16.620 10 INFO neutron.wsgi [None req-3a20c2ce-9ea9-4e47-8dba-e1c0568f4e6c e382d57a1dc8476e98df76a84f9e55ef 2cba3e0f0e5b4099934ec10d61cd2668 - - default default] 10.0.0.12 "GET /v2.0/networks HTTP/1.1" status: 200 len: 2350 time: 0.0874629
2026-04-10 14:59:16.657 10 INFO neutron.wsgi [None req-1bb1482a-e9cb-4991-b9ef-62531a9a62e9 e382d57a1dc8476e98df76a84f9e55ef 2cba3e0f0e5b4099934ec10d61cd2668 - - default default] 10.0.0.12 "GET /v2.0/agents HTTP/1.1" status: 200 len: 997 time: 0.0343566
2026-04-10 14:59:16.682 10 INFO neutron.wsgi [None req-18428198-8552-49ea-9b22-d25e1bb849a5 e382d57a1dc8476e98df76a84f9e55ef 2cba3e0f0e5b4099934ec10d61cd2668 - - default default] 10.0.0.12 "GET /v2.0/floatingips HTTP/1.1" status: 200 len: 193 time: 0.0240757
2026-04-10 14:59:16.711 10 INFO neutron.wsgi [None req-b8266ad0-ef2f-4ad2-9033-9cfc70bd367e e382d57a1dc8476e98df76a84f9e55ef 2cba3e0f0e5b4099934ec10d61cd2668 - - default default] 10.0.0.12 "GET /v2.0/routers HTTP/1.1" status: 200 len: 189 time: 0.0281084
2026-04-10 14:59:16.722 10 INFO neutron.wsgi [None req-e76228a4-c06b-49d8-888a-04cf7b8f2d45 e382d57a1dc8476e98df76a84f9e55ef 2cba3e0f0e5b4099934ec10d61cd2668 - - default default] 10.0.0.12 "GET /v2.0/agents?binary=ovn-controller HTTP/1.1" status: 200 len: 591 time: 0.0104268
2026-04-10 14:59:16.737 10 INFO neutron.wsgi [None req-e8aa380f-3bf6-4ae9-8b62-c44ad2f09a95 e382d57a1dc8476e98df76a84f9e55ef 2cba3e0f0e5b4099934ec10d61cd2668 - - default default] 10.0.0.12 "GET /v2.0/network-ip-availabilities HTTP/1.1" status: 200 len: 1280 time: 0.0132396
2026-04-10 14:59:16.805 10 INFO neutron.wsgi [None req-53573809-dbf2-4cf7-8cce-4efb950f7fec e382d57a1dc8476e98df76a84f9e55ef 2cba3e0f0e5b4099934ec10d61cd2668 - - default default] 10.0.0.12 "GET /v2.0/security-groups HTTP/1.1" status: 200 len: 16799 time: 0.0676723
2026-04-10 14:59:16.979 10 INFO neutron.wsgi [-] 10.0.0.106 "GET / HTTP/1.1" status: 200 len: 247 time: 0.0028436
2026-04-10 14:59:16.979 9 INFO neutron.wsgi [-] 10.0.0.106 "GET / HTTP/1.1" status: 200 len: 247 time: 0.0028379
2026-04-10 14:59:20.622 9 INFO neutron.wsgi [None req-402deb4c-cc64-4a79-bc18-f8e75449a482 e382d57a1dc8476e98df76a84f9e55ef 2cba3e0f0e5b4099934ec10d61cd2668 - - default default] 199.204.45.132,10.0.0.106 "GET /v2.0/networks HTTP/1.1" status: 200 len: 2350 time: 0.0919440
2026-04-10 14:59:31.977 10 INFO neutron.wsgi [-] 10.0.0.106 "GET / HTTP/1.1" status: 200 len: 247 time: 0.0016685
2026-04-10 14:59:31.979 9 INFO neutron.wsgi [-] 10.0.0.106 "GET / HTTP/1.1" status: 200 len: 247 time: 0.0029416
2026-04-10 14:59:46.978 9 INFO neutron.wsgi [-] 10.0.0.106 "GET / HTTP/1.1" status: 200 len: 247 time: 0.0022807
2026-04-10 14:59:46.981 9 INFO neutron.wsgi [-] 10.0.0.106 "GET / HTTP/1.1" status: 200 len: 247 time: 0.0023952 /var/lib/openstack/lib/python3.10/site-packages/pycadf/identifier.py:71: UserWarning: Invalid uuid: neutron. To ensure interoperability, identifiers should be a valid uuid. warnings.warn(('Invalid uuid: %s. To ensure interoperability, '
2026-04-10 14:59:59.381 9 INFO neutron.wsgi [None req-03a48f2a-2baa-4efb-9869-c491ef183250 e382d57a1dc8476e98df76a84f9e55ef 2cba3e0f0e5b4099934ec10d61cd2668 - - default default] 10.0.0.208 "GET /v2.0/networks HTTP/1.1" status: 200 len: 2369 time: 0.1691537
2026-04-10 15:00:00.524 10 INFO neutron.wsgi [None req-b6a97723-c4be-48e8-b71d-21ebdcd59a52 e382d57a1dc8476e98df76a84f9e55ef 2cba3e0f0e5b4099934ec10d61cd2668 - - default default] 10.0.0.208 "GET /v2.0/floatingips HTTP/1.1" status: 200 len: 212 time: 0.0288889
2026-04-10 15:00:00.553 10 INFO neutron.wsgi [None req-4d9dd65f-ce9e-4e73-8441-5a956963fafe e382d57a1dc8476e98df76a84f9e55ef 2cba3e0f0e5b4099934ec10d61cd2668 - - default default] 10.0.0.208 "GET /v2.0/routers HTTP/1.1" status: 200 len: 208 time: 0.0255532
2026-04-10 15:00:00.592 10 INFO neutron.wsgi [None req-d7a81aee-c1d7-4102-9bd9-b966a903df02 e382d57a1dc8476e98df76a84f9e55ef 2cba3e0f0e5b4099934ec10d61cd2668 - - default default] 10.0.0.208 "GET /v2.0/ports HTTP/1.1" status: 200 len: 5270 time: 0.0348692
2026-04-10 15:00:00.631 10 INFO neutron.wsgi [None req-2142ebee-5649-4e17-858d-0956ae19c7a4 e382d57a1dc8476e98df76a84f9e55ef 2cba3e0f0e5b4099934ec10d61cd2668 - - default default] 10.0.0.208 "GET /v2.0/subnets HTTP/1.1" status: 200 len: 1456 time: 0.0351477
2026-04-10 15:00:00.715 10 INFO neutron.wsgi [None req-ccdaf7b3-0c4a-4a54-8a18-f028109f245c e382d57a1dc8476e98df76a84f9e55ef 2cba3e0f0e5b4099934ec10d61cd2668 - - default default] 10.0.0.208 "GET /v2.0/networks HTTP/1.1" status: 200 len: 2369 time: 0.0794113
2026-04-10 15:00:00.772 10 INFO neutron.wsgi [None req-5675c8dc-c031-4845-830f-8e275888cdd5 e382d57a1dc8476e98df76a84f9e55ef 2cba3e0f0e5b4099934ec10d61cd2668 - - default default] 10.0.0.208 "GET /v2.0/security-groups HTTP/1.1" status: 200 len: 16818 time: 0.0528915
2026-04-10 15:00:00.792 10 INFO neutron.wsgi [None req-be9db66e-bc70-4299-820c-858ef0ded403 e382d57a1dc8476e98df76a84f9e55ef 2cba3e0f0e5b4099934ec10d61cd2668 - - default default] 10.0.0.208 "GET /v2.0/subnetpools HTTP/1.1" status: 200 len: 212 time: 0.0144670
2026-04-10 15:00:01.976 9 INFO neutron.wsgi [-] 10.0.0.106 "GET / HTTP/1.1" status: 200 len: 247 time: 0.0015094
2026-04-10 15:00:01.977 10 INFO neutron.wsgi [-] 10.0.0.106 "GET / HTTP/1.1" status: 200 len: 247 time: 0.0017395
2026-04-10 15:00:12.092 10 INFO neutron.db.ovn_revision_numbers_db [None req-23d7ce75-b89f-4d3a-b6f4-0215ec2db932 e382d57a1dc8476e98df76a84f9e55ef 2cba3e0f0e5b4099934ec10d61cd2668 - - - -] Successfully bumped revision number for resource 2b753f04-0d4f-471a-86e8-3b5e107bf99b (type: security_groups) to 1
2026-04-10 15:00:12.155 10 INFO neutron.db.segments_db [None req-23d7ce75-b89f-4d3a-b6f4-0215ec2db932 e382d57a1dc8476e98df76a84f9e55ef 2cba3e0f0e5b4099934ec10d61cd2668 - - - -] Added segment e546049e-a7c9-43f5-bd78-b43eb62abb2c of type geneve for network 412adba5-3377-4655-bf29-58c3bc8d5209
2026-04-10 15:00:12.294 10 INFO neutron.db.ovn_revision_numbers_db [None req-23d7ce75-b89f-4d3a-b6f4-0215ec2db932 e382d57a1dc8476e98df76a84f9e55ef 2cba3e0f0e5b4099934ec10d61cd2668 - - - -] Successfully bumped revision number for resource 412adba5-3377-4655-bf29-58c3bc8d5209 (type: networks) to 1
2026-04-10 15:00:12.299 9 INFO neutron.db.ovn_revision_numbers_db [None req-6ef19daa-62ab-4334-b5d5-87b30c32ddcb e382d57a1dc8476e98df76a84f9e55ef 2cba3e0f0e5b4099934ec10d61cd2668 - - - -] Successfully bumped revision number for resource a928cb95-9b4b-4c88-b6b9-a69b473386ca (type: security_groups) to 1
2026-04-10 15:00:12.362 9 INFO neutron.db.segments_db [None req-6ef19daa-62ab-4334-b5d5-87b30c32ddcb e382d57a1dc8476e98df76a84f9e55ef 2cba3e0f0e5b4099934ec10d61cd2668 - - - -] Added segment 5bb06674-9a1c-42c1-83b9-e0e68ed1b13f of type geneve for network 039c3a75-0697-4fae-915a-e710f0386f39
2026-04-10 15:00:12.469 10 WARNING neutron.scheduler.dhcp_agent_scheduler [None req-23d7ce75-b89f-4d3a-b6f4-0215ec2db932 e382d57a1dc8476e98df76a84f9e55ef 2cba3e0f0e5b4099934ec10d61cd2668 - - - -] No more DHCP agents
2026-04-10 15:00:12.470 10 WARNING neutron.api.rpc.agentnotifiers.dhcp_rpc_agent_api [None req-23d7ce75-b89f-4d3a-b6f4-0215ec2db932 e382d57a1dc8476e98df76a84f9e55ef 2cba3e0f0e5b4099934ec10d61cd2668 - - - -] Unable to schedule network 412adba5-3377-4655-bf29-58c3bc8d5209: no agents available; will retry on subsequent port and subnet creation events.
2026-04-10 15:00:12.515 9 INFO neutron.db.ovn_revision_numbers_db [None req-6ef19daa-62ab-4334-b5d5-87b30c32ddcb e382d57a1dc8476e98df76a84f9e55ef 2cba3e0f0e5b4099934ec10d61cd2668 - - - -] Successfully bumped revision number for resource 039c3a75-0697-4fae-915a-e710f0386f39 (type: networks) to 1
2026-04-10 15:00:12.541 10 INFO neutron.db.ovn_revision_numbers_db [None req-23d7ce75-b89f-4d3a-b6f4-0215ec2db932 e382d57a1dc8476e98df76a84f9e55ef 2cba3e0f0e5b4099934ec10d61cd2668 - - - -] Successfully bumped revision number for resource 178b7cde-29ed-4fa9-8c53-5d405ab657c4 (type: ports) to 1
2026-04-10 15:00:12.569 10 INFO neutron.wsgi [None req-23d7ce75-b89f-4d3a-b6f4-0215ec2db932 e382d57a1dc8476e98df76a84f9e55ef 2cba3e0f0e5b4099934ec10d61cd2668 - - - -] 10.0.0.208 "POST /v2.0/networks HTTP/1.1" status: 201 len: 951 time: 0.8198471
2026-04-10 15:00:12.843 10 WARNING neutron.scheduler.dhcp_agent_scheduler [None req-c40791d2-f8d0-43a1-9cb0-5ef9b87fcd89 e382d57a1dc8476e98df76a84f9e55ef 2cba3e0f0e5b4099934ec10d61cd2668 - - - -] No more DHCP agents
2026-04-10 15:00:12.846 10 WARNING neutron.api.rpc.agentnotifiers.dhcp_rpc_agent_api [None req-c40791d2-f8d0-43a1-9cb0-5ef9b87fcd89 e382d57a1dc8476e98df76a84f9e55ef 2cba3e0f0e5b4099934ec10d61cd2668 - - - -] Unable to schedule network 412adba5-3377-4655-bf29-58c3bc8d5209: no agents available; will retry on subsequent port and subnet creation events.
2026-04-10 15:00:12.883 9 WARNING neutron.scheduler.dhcp_agent_scheduler [None req-6ef19daa-62ab-4334-b5d5-87b30c32ddcb e382d57a1dc8476e98df76a84f9e55ef 2cba3e0f0e5b4099934ec10d61cd2668 - - - -] No more DHCP agents
2026-04-10 15:00:12.885 9 WARNING neutron.api.rpc.agentnotifiers.dhcp_rpc_agent_api [None req-6ef19daa-62ab-4334-b5d5-87b30c32ddcb e382d57a1dc8476e98df76a84f9e55ef 2cba3e0f0e5b4099934ec10d61cd2668 - - - -] Unable to schedule network 039c3a75-0697-4fae-915a-e710f0386f39: no agents available; will retry on subsequent port and subnet creation events.
2026-04-10 15:00:12.963 9 INFO neutron.db.ovn_revision_numbers_db [None req-6ef19daa-62ab-4334-b5d5-87b30c32ddcb e382d57a1dc8476e98df76a84f9e55ef 2cba3e0f0e5b4099934ec10d61cd2668 - - - -] Successfully bumped revision number for resource bb1e6c20-e214-4cc3-a542-51f48e36ccbb (type: ports) to 1
2026-04-10 15:00:12.989 9 INFO neutron.wsgi [None req-6ef19daa-62ab-4334-b5d5-87b30c32ddcb e382d57a1dc8476e98df76a84f9e55ef 2cba3e0f0e5b4099934ec10d61cd2668 - - - -] 10.0.0.208 "POST /v2.0/networks HTTP/1.1" status: 201 len: 945 time: 0.9033847
2026-04-10 15:00:13.188 10 INFO neutron.db.ovn_revision_numbers_db [None req-f0ddae76-c8f5-4505-8f0d-3a32a076263e e382d57a1dc8476e98df76a84f9e55ef 2cba3e0f0e5b4099934ec10d61cd2668 - - default default] Successfully bumped revision number for resource 43ccd16d-ad49-471c-8afb-80e2ef29ce81 (type: security_groups) to 1
2026-04-10 15:00:13.203 9 INFO neutron.db.ovn_revision_numbers_db [None req-da6c942e-351a-4638-bfe9-38e0cc5ab8cc e382d57a1dc8476e98df76a84f9e55ef 2cba3e0f0e5b4099934ec10d61cd2668 - - default default] Successfully bumped revision number for resource 2fc7c8f5-46e3-4a65-9940-4244a90be52b (type: security_groups) to 1
2026-04-10 15:00:13.211 9 WARNING neutron.scheduler.dhcp_agent_scheduler [None req-bb0a01b1-067d-47c5-8c19-9ff42d6ef1ee e382d57a1dc8476e98df76a84f9e55ef 2cba3e0f0e5b4099934ec10d61cd2668 - - - -] No more DHCP agents
2026-04-10 15:00:13.219 10 INFO neutron.wsgi [None req-f0ddae76-c8f5-4505-8f0d-3a32a076263e e382d57a1dc8476e98df76a84f9e55ef 2cba3e0f0e5b4099934ec10d61cd2668 - - default default] 10.0.0.208 "GET /v2.0/security-groups?tenant_id=ecb1743ba3a3459f8971dfbd44ddbeee&name=default HTTP/1.1" status: 200 len: 2992 time: 0.3216989
2026-04-10 15:00:13.222 9 WARNING neutron.api.rpc.agentnotifiers.dhcp_rpc_agent_api [None req-bb0a01b1-067d-47c5-8c19-9ff42d6ef1ee e382d57a1dc8476e98df76a84f9e55ef 2cba3e0f0e5b4099934ec10d61cd2668 - - - -] Unable to schedule network 039c3a75-0697-4fae-915a-e710f0386f39: no agents available; will retry on subsequent port and subnet creation events.
2026-04-10 15:00:13.249 9 INFO neutron.wsgi [None req-da6c942e-351a-4638-bfe9-38e0cc5ab8cc e382d57a1dc8476e98df76a84f9e55ef 2cba3e0f0e5b4099934ec10d61cd2668 - - default default] 10.0.0.208 "GET /v2.0/security-groups?tenant_id=c3f1ec47fde542cb8f6946a1561d966d&name=default HTTP/1.1" status: 200 len: 2992 time: 0.3182318
2026-04-10 15:00:13.446 10 INFO neutron.db.ovn_revision_numbers_db [None req-c40791d2-f8d0-43a1-9cb0-5ef9b87fcd89 e382d57a1dc8476e98df76a84f9e55ef 2cba3e0f0e5b4099934ec10d61cd2668 - - - -] Successfully bumped revision number for resource 178b7cde-29ed-4fa9-8c53-5d405ab657c4 (type: ports) to 2
2026-04-10 15:00:13.481 10 INFO neutron.db.ovn_revision_numbers_db [None req-c40791d2-f8d0-43a1-9cb0-5ef9b87fcd89 e382d57a1dc8476e98df76a84f9e55ef 2cba3e0f0e5b4099934ec10d61cd2668 - - - -] Successfully bumped revision number for resource 514e6bf2-4663-4946-bfca-802c66509981 (type: subnets) to 0
2026-04-10 15:00:13.503 10 INFO neutron.wsgi [None req-c40791d2-f8d0-43a1-9cb0-5ef9b87fcd89 e382d57a1dc8476e98df76a84f9e55ef 2cba3e0f0e5b4099934ec10d61cd2668 - - - -] 10.0.0.208 "POST /v2.0/subnets HTTP/1.1" status: 201 len: 871 time: 0.9286599
2026-04-10 15:00:13.528 10 INFO neutron.wsgi [None req-262c063f-0713-4b84-99b5-5a19650b8bc9 e382d57a1dc8476e98df76a84f9e55ef 2cba3e0f0e5b4099934ec10d61cd2668 - - - -] 10.0.0.208 "DELETE /v2.0/security-groups/2fc7c8f5-46e3-4a65-9940-4244a90be52b HTTP/1.1" status: 204 len: 168 time: 0.2695363
2026-04-10 15:00:13.544 9 INFO neutron.wsgi [None req-882b1768-26e5-4749-baa4-308cd26eb22d e382d57a1dc8476e98df76a84f9e55ef 2cba3e0f0e5b4099934ec10d61cd2668 - - - -] 10.0.0.208 "DELETE /v2.0/security-groups/43ccd16d-ad49-471c-8afb-80e2ef29ce81 HTTP/1.1" status: 204 len: 168 time: 0.3159976
2026-04-10 15:00:13.967 9 INFO neutron.db.ovn_revision_numbers_db [None req-bb0a01b1-067d-47c5-8c19-9ff42d6ef1ee e382d57a1dc8476e98df76a84f9e55ef 2cba3e0f0e5b4099934ec10d61cd2668 - - - -] Successfully bumped revision number for resource bb1e6c20-e214-4cc3-a542-51f48e36ccbb (type: ports) to 2
2026-04-10 15:00:13.998 9 INFO neutron.db.ovn_revision_numbers_db [None req-bb0a01b1-067d-47c5-8c19-9ff42d6ef1ee e382d57a1dc8476e98df76a84f9e55ef 2cba3e0f0e5b4099934ec10d61cd2668 - - - -] Successfully bumped revision number for resource 47a76b94-59dc-4070-a061-908671b84381 (type: subnets) to 0
2026-04-10 15:00:14.022 9 INFO neutron.wsgi [None req-bb0a01b1-067d-47c5-8c19-9ff42d6ef1ee e382d57a1dc8476e98df76a84f9e55ef 2cba3e0f0e5b4099934ec10d61cd2668 - - - -] 10.0.0.208 "POST /v2.0/subnets HTTP/1.1" status: 201 len: 865 time: 1.0269079
2026-04-10 15:00:14.274 9 WARNING neutron.scheduler.dhcp_agent_scheduler [None req-81871a05-f1c5-4c04-bc5b-8e1c3d87bafe e382d57a1dc8476e98df76a84f9e55ef 2cba3e0f0e5b4099934ec10d61cd2668 - - - -] No more DHCP agents
2026-04-10 15:00:14.277 9 WARNING neutron.api.rpc.agentnotifiers.dhcp_rpc_agent_api [None req-81871a05-f1c5-4c04-bc5b-8e1c3d87bafe e382d57a1dc8476e98df76a84f9e55ef 2cba3e0f0e5b4099934ec10d61cd2668 - - - -] Unable to schedule network 890fb310-6b42-4a79-a46a-55281d1e97d5: no agents available; will retry on subsequent port and subnet creation events.
2026-04-10 15:00:14.434 9 INFO neutron.db.ovn_revision_numbers_db [None req-81871a05-f1c5-4c04-bc5b-8e1c3d87bafe e382d57a1dc8476e98df76a84f9e55ef 2cba3e0f0e5b4099934ec10d61cd2668 - - - -] Successfully bumped revision number for resource 781ce124-725f-447f-9699-905806d16ac5 (type: ports) to 1
2026-04-10 15:00:14.747 9 WARNING neutron.scheduler.dhcp_agent_scheduler [None req-2a238473-0d8e-4ec0-b853-c85fb777b0fa e382d57a1dc8476e98df76a84f9e55ef 2cba3e0f0e5b4099934ec10d61cd2668 - - - -] No more DHCP agents
2026-04-10 15:00:14.751 9 WARNING neutron.api.rpc.agentnotifiers.dhcp_rpc_agent_api [None req-2a238473-0d8e-4ec0-b853-c85fb777b0fa e382d57a1dc8476e98df76a84f9e55ef 2cba3e0f0e5b4099934ec10d61cd2668 - - - -] Unable to schedule network 890fb310-6b42-4a79-a46a-55281d1e97d5: no agents available; will retry on subsequent port and subnet creation events.
2026-04-10 15:00:14.860 9 INFO neutron.plugins.ml2.drivers.ovn.mech_driver.ovsdb.extensions.qos [None req-81871a05-f1c5-4c04-bc5b-8e1c3d87bafe e382d57a1dc8476e98df76a84f9e55ef 2cba3e0f0e5b4099934ec10d61cd2668 - - - -] Starting OVNClientQosExtension
2026-04-10 15:00:14.905 9 INFO neutron.db.ovn_revision_numbers_db [None req-2a238473-0d8e-4ec0-b853-c85fb777b0fa e382d57a1dc8476e98df76a84f9e55ef 2cba3e0f0e5b4099934ec10d61cd2668 - - - -] Successfully bumped revision number for resource dda42e7b-42da-40c5-b201-24bcfbaf600c (type: ports) to 1
2026-04-10 15:00:15.380 10 INFO neutron.plugins.ml2.drivers.ovn.mech_driver.mech_driver [None req-7db40a3b-b51b-47c6-86fc-78675a44e990 - - - - - -] OVN reports status up for port: 781ce124-725f-447f-9699-905806d16ac5
2026-04-10 15:00:15.389 9 INFO neutron.plugins.ml2.drivers.ovn.mech_driver.ovsdb.ovsdb_monitor [-] Router 540f541d-5e1a-4898-a73e-497b396fe08a is bound to host instance
2026-04-10 15:00:15.418 10 INFO neutron.plugins.ml2.plugin [None req-7db40a3b-b51b-47c6-86fc-78675a44e990 - - - - - -] Attempt 1 to provision port 781ce124-725f-447f-9699-905806d16ac5
2026-04-10 15:00:15.433 9 INFO neutron.db.ovn_revision_numbers_db [None req-81871a05-f1c5-4c04-bc5b-8e1c3d87bafe e382d57a1dc8476e98df76a84f9e55ef 2cba3e0f0e5b4099934ec10d61cd2668 - - - -] Successfully bumped revision number for resource 781ce124-725f-447f-9699-905806d16ac5 (type: router_ports) to 1
2026-04-10 15:00:15.559 9 INFO neutron.db.ovn_revision_numbers_db [None req-81871a05-f1c5-4c04-bc5b-8e1c3d87bafe e382d57a1dc8476e98df76a84f9e55ef 2cba3e0f0e5b4099934ec10d61cd2668 - - - -] Successfully bumped revision number for resource 540f541d-5e1a-4898-a73e-497b396fe08a (type: routers) to 3
2026-04-10 15:00:15.594 9 INFO neutron.wsgi [None req-81871a05-f1c5-4c04-bc5b-8e1c3d87bafe e382d57a1dc8476e98df76a84f9e55ef 2cba3e0f0e5b4099934ec10d61cd2668 - - - -] 10.0.0.208 "POST /v2.0/routers HTTP/1.1" status: 201 len: 882 time: 2.0778279
2026-04-10 15:00:15.897 9 INFO neutron.plugins.ml2.drivers.ovn.mech_driver.mech_driver [None req-cea678a5-dc94-4109-a3f7-c8ed0fe94008 - - - - - -] OVN reports status up for port: dda42e7b-42da-40c5-b201-24bcfbaf600c
2026-04-10 15:00:15.924 9 INFO neutron.db.ovn_revision_numbers_db [None req-2a238473-0d8e-4ec0-b853-c85fb777b0fa e382d57a1dc8476e98df76a84f9e55ef 2cba3e0f0e5b4099934ec10d61cd2668 - - - -] Successfully bumped revision number for resource dda42e7b-42da-40c5-b201-24bcfbaf600c (type: router_ports) to 1
2026-04-10 15:00:15.926 9 INFO neutron.plugins.ml2.plugin [None req-cea678a5-dc94-4109-a3f7-c8ed0fe94008 - - - - - -] Attempt 1 to provision port dda42e7b-42da-40c5-b201-24bcfbaf600c
2026-04-10 15:00:15.939 10 INFO neutron.db.ovn_revision_numbers_db [None req-d6e6a95e-b76e-4db4-af1e-b6d4704db3cd e382d57a1dc8476e98df76a84f9e55ef 2cba3e0f0e5b4099934ec10d61cd2668 - - - -] Successfully bumped revision number for resource de45a78a-0f11-4a20-9e51-10b2c14ad2bc (type: security_groups) to 1
2026-04-10 15:00:16.001 10 INFO neutron.db.segments_db [None req-d6e6a95e-b76e-4db4-af1e-b6d4704db3cd e382d57a1dc8476e98df76a84f9e55ef 2cba3e0f0e5b4099934ec10d61cd2668 - - - -] Added segment 1be97e2a-198a-4a2b-8e5e-07df2ea7aea9 of type geneve for network 98661b37-9e06-4080-a52c-712830e9da8d
2026-04-10 15:00:16.150 9 INFO neutron.db.ovn_revision_numbers_db [None req-2a238473-0d8e-4ec0-b853-c85fb777b0fa e382d57a1dc8476e98df76a84f9e55ef 2cba3e0f0e5b4099934ec10d61cd2668 - - - -] Successfully bumped revision number for resource 502b88eb-4ce6-412d-9500-06796849f7b2 (type: routers) to 3
2026-04-10 15:00:16.172 10 INFO neutron.db.ovn_revision_numbers_db [None req-d6e6a95e-b76e-4db4-af1e-b6d4704db3cd e382d57a1dc8476e98df76a84f9e55ef 2cba3e0f0e5b4099934ec10d61cd2668 - - - -] Successfully bumped revision number for resource 98661b37-9e06-4080-a52c-712830e9da8d (type: networks) to 1
2026-04-10 15:00:16.177 9 INFO neutron.wsgi [None req-2a238473-0d8e-4ec0-b853-c85fb777b0fa e382d57a1dc8476e98df76a84f9e55ef 2cba3e0f0e5b4099934ec10d61cd2668 - - - -] 10.0.0.208 "POST /v2.0/routers HTTP/1.1" status: 201 len: 876 time: 2.1488295
2026-04-10 15:00:16.236 9 INFO neutron.db.ovn_revision_numbers_db [None req-b1e4ae3f-5f16-406d-bfa6-f85cf68c4d2f - - - - - -] Successfully bumped revision number for resource 781ce124-725f-447f-9699-905806d16ac5 (type: ports) to 1
2026-04-10 15:00:16.426 10 WARNING neutron.scheduler.dhcp_agent_scheduler [None req-5e498d69-2810-4c39-8d96-7235812043bb e382d57a1dc8476e98df76a84f9e55ef 2cba3e0f0e5b4099934ec10d61cd2668 - - default default] No more DHCP agents
2026-04-10 15:00:16.437 10 WARNING neutron.api.rpc.agentnotifiers.dhcp_rpc_agent_api [None req-5e498d69-2810-4c39-8d96-7235812043bb e382d57a1dc8476e98df76a84f9e55ef 2cba3e0f0e5b4099934ec10d61cd2668 - - default default] Unable to schedule network 412adba5-3377-4655-bf29-58c3bc8d5209: no agents available; will retry on subsequent port and subnet creation events.
2026-04-10 15:00:16.480 10 WARNING neutron.scheduler.dhcp_agent_scheduler [None req-d6e6a95e-b76e-4db4-af1e-b6d4704db3cd e382d57a1dc8476e98df76a84f9e55ef 2cba3e0f0e5b4099934ec10d61cd2668 - - - -] No more DHCP agents
2026-04-10 15:00:16.483 10 WARNING neutron.api.rpc.agentnotifiers.dhcp_rpc_agent_api [None req-d6e6a95e-b76e-4db4-af1e-b6d4704db3cd e382d57a1dc8476e98df76a84f9e55ef 2cba3e0f0e5b4099934ec10d61cd2668 - - - -] Unable to schedule network 98661b37-9e06-4080-a52c-712830e9da8d: no agents available; will retry on subsequent port and subnet creation events.
2026-04-10 15:00:16.490 9 INFO neutron.db.ovn_revision_numbers_db [None req-b1e4ae3f-5f16-406d-bfa6-f85cf68c4d2f - - - - - -] Successfully bumped revision number for resource 781ce124-725f-447f-9699-905806d16ac5 (type: router_ports) to 3
2026-04-10 15:00:16.623 9 INFO neutron.db.ovn_revision_numbers_db [None req-b1e4ae3f-5f16-406d-bfa6-f85cf68c4d2f - - - - - -] Successfully bumped revision number for resource 781ce124-725f-447f-9699-905806d16ac5 (type: ports) to 2
2026-04-10 15:00:16.774 10 INFO neutron.db.ovn_revision_numbers_db [None req-d6e6a95e-b76e-4db4-af1e-b6d4704db3cd e382d57a1dc8476e98df76a84f9e55ef 2cba3e0f0e5b4099934ec10d61cd2668 - - - -] Successfully bumped revision number for resource ce02f2cb-e01b-4aa2-871e-322dcccd5673 (type: ports) to 1
2026-04-10 15:00:16.800 10 INFO neutron.wsgi [None req-77d2f36a-1c65-4563-ab77-f9f3105fd12e e382d57a1dc8476e98df76a84f9e55ef 2cba3e0f0e5b4099934ec10d61cd2668 - - default default] 10.0.0.12 "GET /v2.0/security-groups HTTP/1.1" status: 200 len: 25127 time: 0.4074090
2026-04-10 15:00:16.822 10 INFO neutron.db.ovn_revision_numbers_db [None req-5e498d69-2810-4c39-8d96-7235812043bb e382d57a1dc8476e98df76a84f9e55ef 2cba3e0f0e5b4099934ec10d61cd2668 - - default default] Successfully bumped revision number for resource caa5aeff-97a8-4241-a820-1536e2e10e60 (type: ports) to 1
2026-04-10 15:00:16.866 9 INFO neutron.db.ovn_revision_numbers_db [None req-b1e4ae3f-5f16-406d-bfa6-f85cf68c4d2f - - - - - -] Successfully bumped revision number for resource 781ce124-725f-447f-9699-905806d16ac5 (type: ports) to 4
2026-04-10 15:00:16.877 10 INFO neutron.wsgi [None req-d6e6a95e-b76e-4db4-af1e-b6d4704db3cd e382d57a1dc8476e98df76a84f9e55ef 2cba3e0f0e5b4099934ec10d61cd2668 - - - -] 10.0.0.208 "POST /v2.0/networks HTTP/1.1" status: 201 len: 952 time: 1.3645620
2026-04-10 15:00:16.931 10 INFO neutron.wsgi [None req-f12d9c3d-3f6e-4c6d-901d-84dfabcc31b8 e382d57a1dc8476e98df76a84f9e55ef 2cba3e0f0e5b4099934ec10d61cd2668 - - default default] 10.0.0.12 "GET /v2.0/subnets HTTP/1.1" status: 200 len: 2755 time: 0.1238234
2026-04-10 15:00:16.979 9 INFO neutron.wsgi [-] 10.0.0.106 "GET / HTTP/1.1" status: 200 len: 247 time: 0.0013237
2026-04-10 15:00:16.980 9 INFO neutron.wsgi [-] 10.0.0.106 "GET / HTTP/1.1" status: 200 len: 247 time: 0.0013413
2026-04-10 15:00:17.030 10 INFO neutron.wsgi [None req-773b6297-a99e-4459-9b06-168781205b56 e382d57a1dc8476e98df76a84f9e55ef 2cba3e0f0e5b4099934ec10d61cd2668 - - default default] 10.0.0.12 "GET /v2.0/ports HTTP/1.1" status: 200 len: 11353 time: 0.0910802
2026-04-10 15:00:17.052 10 INFO neutron.wsgi [None req-4fc6d66a-ac9a-4e91-8fee-e001baf37ce0 e382d57a1dc8476e98df76a84f9e55ef 2cba3e0f0e5b4099934ec10d61cd2668 - - default default] 10.0.0.12 "GET /v2.0/agents HTTP/1.1" status: 200 len: 997 time: 0.0175576
2026-04-10 15:00:17.117 10 INFO neutron.wsgi [None req-1d8b418a-4fac-4623-a3d2-3c828bd64a34 e382d57a1dc8476e98df76a84f9e55ef 2cba3e0f0e5b4099934ec10d61cd2668 - - default default] 10.0.0.12 "GET /v2.0/floatingips HTTP/1.1" status: 200 len: 193 time: 0.0560205
2026-04-10 15:00:17.155 9 INFO neutron.db.ovn_revision_numbers_db [None req-b1e4ae3f-5f16-406d-bfa6-f85cf68c4d2f - - - - - -] Successfully bumped revision number for resource 781ce124-725f-447f-9699-905806d16ac5 (type: router_ports) to 4
2026-04-10 15:00:17.156 9 WARNING neutron.scheduler.dhcp_agent_scheduler [None req-753c36bc-534c-4bc1-bba3-a26a5abcb12b e382d57a1dc8476e98df76a84f9e55ef 2cba3e0f0e5b4099934ec10d61cd2668 - - - -] No more DHCP agents
2026-04-10 15:00:17.158 9 WARNING neutron.api.rpc.agentnotifiers.dhcp_rpc_agent_api [None req-753c36bc-534c-4bc1-bba3-a26a5abcb12b e382d57a1dc8476e98df76a84f9e55ef 2cba3e0f0e5b4099934ec10d61cd2668 - - - -] Unable to schedule network 98661b37-9e06-4080-a52c-712830e9da8d: no agents available; will retry on subsequent port and subnet creation events.
2026-04-10 15:00:17.184 9 INFO neutron.plugins.ml2.drivers.ovn.mech_driver.ovsdb.ovsdb_monitor [None req-b1e4ae3f-5f16-406d-bfa6-f85cf68c4d2f - - - - - -] Router 502b88eb-4ce6-412d-9500-06796849f7b2 is bound to host instance
2026-04-10 15:00:17.270 10 INFO neutron.wsgi [None req-80527273-81bf-45dc-89fd-f11598dc2f61 e382d57a1dc8476e98df76a84f9e55ef 2cba3e0f0e5b4099934ec10d61cd2668 - - default default] 10.0.0.12 "GET /v2.0/routers HTTP/1.1" status: 200 len: 1541 time: 0.1490173
2026-04-10 15:00:17.298 10 INFO neutron.wsgi [None req-9ba0a4b0-2d1b-4858-ae66-337847cd26ed e382d57a1dc8476e98df76a84f9e55ef 2cba3e0f0e5b4099934ec10d61cd2668 - - default default] 10.0.0.12 "GET /v2.0/agents?binary=ovn-controller HTTP/1.1" status: 200 len: 591 time: 0.0175924
2026-04-10 15:00:17.310 10 WARNING neutron.scheduler.dhcp_agent_scheduler [None req-1f91cc6e-bd79-455c-9eac-abc0fb853e30 e382d57a1dc8476e98df76a84f9e55ef 2cba3e0f0e5b4099934ec10d61cd2668 - - default default] No more DHCP agents
2026-04-10 15:00:17.323 10 WARNING neutron.api.rpc.agentnotifiers.dhcp_rpc_agent_api [None req-1f91cc6e-bd79-455c-9eac-abc0fb853e30 e382d57a1dc8476e98df76a84f9e55ef 2cba3e0f0e5b4099934ec10d61cd2668 - - default default] Unable to schedule network 039c3a75-0697-4fae-915a-e710f0386f39: no agents available; will retry on subsequent port and subnet creation events.
2026-04-10 15:00:17.363 10 INFO neutron.wsgi [None req-c90658d5-25e7-4a23-8eee-6c59160f6efb e382d57a1dc8476e98df76a84f9e55ef 2cba3e0f0e5b4099934ec10d61cd2668 - - default default] 10.0.0.12 "GET /v2.0/subnets HTTP/1.1" status: 200 len: 3418 time: 0.0563123
2026-04-10 15:00:17.384 10 INFO neutron.wsgi [None req-97d3711a-0ebf-47d5-b828-f8c075114d63 e382d57a1dc8476e98df76a84f9e55ef 2cba3e0f0e5b4099934ec10d61cd2668 - - default default] 10.0.0.12 "GET /v2.0/subnetpools HTTP/1.1" status: 200 len: 193 time: 0.0137451
2026-04-10 15:00:17.474 10 INFO neutron.wsgi [None req-ec695fa4-23e3-4a87-9422-8b6fc721b882 e382d57a1dc8476e98df76a84f9e55ef 2cba3e0f0e5b4099934ec10d61cd2668 - - default default] 10.0.0.12 "GET /v2.0/networks HTTP/1.1" status: 200 len: 4643 time: 0.0881383
2026-04-10 15:00:17.583 9 INFO neutron.db.ovn_revision_numbers_db [None req-23b52a95-d554-4539-928f-ee6ad5aaec53 e382d57a1dc8476e98df76a84f9e55ef 2cba3e0f0e5b4099934ec10d61cd2668 - - default default] Successfully bumped revision number for resource 0dc22744-9752-41fa-b4f8-eda96ab1ee3e (type: security_groups) to 1
2026-04-10 15:00:17.622 10 INFO neutron.wsgi [None req-749b72cf-4872-4540-8489-9436669e5957 e382d57a1dc8476e98df76a84f9e55ef 2cba3e0f0e5b4099934ec10d61cd2668 - - default default] 10.0.0.12 "GET /v2.0/network-ip-availabilities HTTP/1.1" status: 200 len: 2734 time: 0.1443946
2026-04-10 15:00:17.639 9 INFO neutron.wsgi [None req-23b52a95-d554-4539-928f-ee6ad5aaec53 e382d57a1dc8476e98df76a84f9e55ef 2cba3e0f0e5b4099934ec10d61cd2668 - - default default] 10.0.0.208 "GET /v2.0/security-groups?tenant_id=fabd09c4c70242be854ec53c555fb1ae&name=default HTTP/1.1" status: 200 len: 2992 time: 0.4251914
2026-04-10 15:00:17.641 10 INFO neutron.db.ovn_revision_numbers_db [None req-1f91cc6e-bd79-455c-9eac-abc0fb853e30 e382d57a1dc8476e98df76a84f9e55ef 2cba3e0f0e5b4099934ec10d61cd2668 - - default default] Successfully bumped revision number for resource 71f6e5e9-b5c8-4f4f-82c4-2cc281a0e31a (type: ports) to 1
2026-04-10 15:00:17.678 10 INFO neutron.plugins.ml2.drivers.ovn.mech_driver.ovsdb.extensions.qos [None req-5e498d69-2810-4c39-8d96-7235812043bb e382d57a1dc8476e98df76a84f9e55ef 2cba3e0f0e5b4099934ec10d61cd2668 - - default default] Starting OVNClientQosExtension
2026-04-10 15:00:17.867 10 INFO neutron.db.ovn_revision_numbers_db [None req-5e498d69-2810-4c39-8d96-7235812043bb e382d57a1dc8476e98df76a84f9e55ef 2cba3e0f0e5b4099934ec10d61cd2668 - - default default] Successfully bumped revision number for resource caa5aeff-97a8-4241-a820-1536e2e10e60 (type: router_ports) to 2
2026-04-10 15:00:17.954 9 INFO neutron.db.ovn_revision_numbers_db [None req-753c36bc-534c-4bc1-bba3-a26a5abcb12b e382d57a1dc8476e98df76a84f9e55ef 2cba3e0f0e5b4099934ec10d61cd2668 - - - -] Successfully bumped revision number for resource ce02f2cb-e01b-4aa2-871e-322dcccd5673 (type: ports) to 2
2026-04-10 15:00:17.968 9 INFO neutron.db.ovn_revision_numbers_db [None req-b1e4ae3f-5f16-406d-bfa6-f85cf68c4d2f - - - - - -] Successfully bumped revision number for resource dda42e7b-42da-40c5-b201-24bcfbaf600c (type: ports) to 1
2026-04-10 15:00:17.974 9 INFO neutron.db.ovn_revision_numbers_db [None req-753c36bc-534c-4bc1-bba3-a26a5abcb12b e382d57a1dc8476e98df76a84f9e55ef 2cba3e0f0e5b4099934ec10d61cd2668 - - - -] Successfully bumped revision number for resource e45d222f-eeb3-4a54-9461-23e8a831ab97 (type: subnets) to 0
2026-04-10 15:00:17.989 9 INFO neutron.wsgi [None req-753c36bc-534c-4bc1-bba3-a26a5abcb12b e382d57a1dc8476e98df76a84f9e55ef 2cba3e0f0e5b4099934ec10d61cd2668 - - - -] 10.0.0.208 "POST /v2.0/subnets HTTP/1.1" status: 201 len: 872 time: 1.1057999
2026-04-10 15:00:18.084 10 INFO neutron.db.ovn_revision_numbers_db [None req-5e498d69-2810-4c39-8d96-7235812043bb e382d57a1dc8476e98df76a84f9e55ef 2cba3e0f0e5b4099934ec10d61cd2668 - - default default] Successfully bumped revision number for resource caa5aeff-97a8-4241-a820-1536e2e10e60 (type: ports) to 2
2026-04-10 15:00:18.091 10 INFO neutron.wsgi [None req-f746ad17-b56d-4a29-ac5e-21e80a5bcb6d e382d57a1dc8476e98df76a84f9e55ef 2cba3e0f0e5b4099934ec10d61cd2668 - - - -] 10.0.0.208 "DELETE /v2.0/security-groups/0dc22744-9752-41fa-b4f8-eda96ab1ee3e HTTP/1.1" status: 204 len: 168 time: 0.4473805
2026-04-10 15:00:18.186 10 WARNING neutron.scheduler.dhcp_agent_scheduler [None req-5e498d69-2810-4c39-8d96-7235812043bb e382d57a1dc8476e98df76a84f9e55ef 2cba3e0f0e5b4099934ec10d61cd2668 - - default default] No more DHCP agents
2026-04-10 15:00:18.189 10 WARNING neutron.api.rpc.agentnotifiers.dhcp_rpc_agent_api [None req-5e498d69-2810-4c39-8d96-7235812043bb e382d57a1dc8476e98df76a84f9e55ef 2cba3e0f0e5b4099934ec10d61cd2668 - - default default] Unable to schedule network 412adba5-3377-4655-bf29-58c3bc8d5209: no agents available; will retry on subsequent port and subnet creation events.
2026-04-10 15:00:18.271 10 INFO neutron.db.ovn_revision_numbers_db [None req-1f91cc6e-bd79-455c-9eac-abc0fb853e30 e382d57a1dc8476e98df76a84f9e55ef 2cba3e0f0e5b4099934ec10d61cd2668 - - default default] Successfully bumped revision number for resource 71f6e5e9-b5c8-4f4f-82c4-2cc281a0e31a (type: router_ports) to 2
2026-04-10 15:00:18.536 9 INFO neutron.db.ovn_revision_numbers_db [None req-b1e4ae3f-5f16-406d-bfa6-f85cf68c4d2f - - - - - -] Successfully bumped revision number for resource dda42e7b-42da-40c5-b201-24bcfbaf600c (type: router_ports) to 3
2026-04-10 15:00:18.549 10 INFO neutron.db.ovn_revision_numbers_db [None req-98132b12-41dd-48b0-9a07-3b3645d0cab7 e382d57a1dc8476e98df76a84f9e55ef 2cba3e0f0e5b4099934ec10d61cd2668 - - default default] Successfully bumped revision number for resource 45e26a86-83b3-42bc-b0ca-4e75ebe449c2 (type: security_groups) to 1
2026-04-10 15:00:18.580 10 INFO neutron.wsgi [None req-98132b12-41dd-48b0-9a07-3b3645d0cab7 e382d57a1dc8476e98df76a84f9e55ef 2cba3e0f0e5b4099934ec10d61cd2668 - - default default] 10.0.0.208 "GET /v2.0/security-groups?tenant_id=c71fdc0c43fd4d2ab4c519e226a07b70&name=default HTTP/1.1" status: 200 len: 2992 time: 0.3652456
2026-04-10 15:00:18.608 10 INFO neutron.db.ovn_revision_numbers_db [None req-1f91cc6e-bd79-455c-9eac-abc0fb853e30 e382d57a1dc8476e98df76a84f9e55ef 2cba3e0f0e5b4099934ec10d61cd2668 - - default default] Successfully bumped revision number for resource 71f6e5e9-b5c8-4f4f-82c4-2cc281a0e31a (type: ports) to 2
2026-04-10 15:00:18.732 9 INFO neutron.db.ovn_revision_numbers_db [None req-b1e4ae3f-5f16-406d-bfa6-f85cf68c4d2f - - - - - -] Successfully bumped revision number for resource dda42e7b-42da-40c5-b201-24bcfbaf600c (type: ports) to 2
2026-04-10 15:00:18.748 9 WARNING neutron.scheduler.dhcp_agent_scheduler [None req-80e9cf70-857b-4fb0-a0b8-8056ef3d0d68 e382d57a1dc8476e98df76a84f9e55ef 2cba3e0f0e5b4099934ec10d61cd2668 - - - -] No more DHCP agents
2026-04-10 15:00:18.751 9 WARNING neutron.api.rpc.agentnotifiers.dhcp_rpc_agent_api [None req-80e9cf70-857b-4fb0-a0b8-8056ef3d0d68 e382d57a1dc8476e98df76a84f9e55ef 2cba3e0f0e5b4099934ec10d61cd2668 - - - -] Unable to schedule network 890fb310-6b42-4a79-a46a-55281d1e97d5: no agents available; will retry on subsequent port and subnet creation events.
2026-04-10 15:00:18.758 10 WARNING neutron.scheduler.dhcp_agent_scheduler [None req-1f91cc6e-bd79-455c-9eac-abc0fb853e30 e382d57a1dc8476e98df76a84f9e55ef 2cba3e0f0e5b4099934ec10d61cd2668 - - default default] No more DHCP agents
2026-04-10 15:00:18.760 10 WARNING neutron.api.rpc.agentnotifiers.dhcp_rpc_agent_api [None req-1f91cc6e-bd79-455c-9eac-abc0fb853e30 e382d57a1dc8476e98df76a84f9e55ef 2cba3e0f0e5b4099934ec10d61cd2668 - - default default] Unable to schedule network 039c3a75-0697-4fae-915a-e710f0386f39: no agents available; will retry on subsequent port and subnet creation events.
2026-04-10 15:00:18.916 9 INFO neutron.db.ovn_revision_numbers_db [None req-80e9cf70-857b-4fb0-a0b8-8056ef3d0d68 e382d57a1dc8476e98df76a84f9e55ef 2cba3e0f0e5b4099934ec10d61cd2668 - - - -] Successfully bumped revision number for resource 6f801764-b4ee-4408-a7c6-4fb6763f23e2 (type: ports) to 1
2026-04-10 15:00:18.962 9 INFO neutron.wsgi [None req-e2dfd82d-ab2f-47af-ab56-feaa6f08ba5f e382d57a1dc8476e98df76a84f9e55ef 2cba3e0f0e5b4099934ec10d61cd2668 - - - -] 10.0.0.208 "DELETE /v2.0/security-groups/45e26a86-83b3-42bc-b0ca-4e75ebe449c2 HTTP/1.1" status: 204 len: 168 time: 0.3703115
2026-04-10 15:00:19.130 10 INFO neutron.db.ovn_revision_numbers_db [None req-5e498d69-2810-4c39-8d96-7235812043bb e382d57a1dc8476e98df76a84f9e55ef 2cba3e0f0e5b4099934ec10d61cd2668 - - - -] Successfully bumped revision number for resource caa5aeff-97a8-4241-a820-1536e2e10e60 (type: router_ports) to 2
2026-04-10 15:00:19.133 10 INFO neutron.wsgi [None req-5e498d69-2810-4c39-8d96-7235812043bb e382d57a1dc8476e98df76a84f9e55ef 2cba3e0f0e5b4099934ec10d61cd2668 - - - -] 10.0.0.208 "PUT /v2.0/routers/540f541d-5e1a-4898-a73e-497b396fe08a/add_router_interface HTTP/1.1" status: 200 len: 503 time: 3.5325782
2026-04-10 15:00:19.185 9 INFO neutron.plugins.ml2.drivers.ovn.mech_driver.mech_driver [None req-cea678a5-dc94-4109-a3f7-c8ed0fe94008 - - - - - -] OVN reports status up for port: caa5aeff-97a8-4241-a820-1536e2e10e60
2026-04-10 15:00:19.188 9 INFO neutron.db.ovn_revision_numbers_db [None req-b1e4ae3f-5f16-406d-bfa6-f85cf68c4d2f - - - - - -] Successfully bumped revision number for resource dda42e7b-42da-40c5-b201-24bcfbaf600c (type: ports) to 4
2026-04-10 15:00:19.212 9 INFO neutron.plugins.ml2.plugin [None req-cea678a5-dc94-4109-a3f7-c8ed0fe94008 - - - - - -] Attempt 1 to provision port caa5aeff-97a8-4241-a820-1536e2e10e60
2026-04-10 15:00:19.593 10 INFO neutron.db.ovn_revision_numbers_db [None req-1f91cc6e-bd79-455c-9eac-abc0fb853e30 e382d57a1dc8476e98df76a84f9e55ef 2cba3e0f0e5b4099934ec10d61cd2668 - - - -] Successfully bumped revision number for resource 71f6e5e9-b5c8-4f4f-82c4-2cc281a0e31a (type: router_ports) to 2
2026-04-10 15:00:19.596 10 INFO neutron.wsgi [None req-1f91cc6e-bd79-455c-9eac-abc0fb853e30 e382d57a1dc8476e98df76a84f9e55ef 2cba3e0f0e5b4099934ec10d61cd2668 - - - -] 10.0.0.208 "PUT /v2.0/routers/502b88eb-4ce6-412d-9500-06796849f7b2/add_router_interface HTTP/1.1" status: 200 len: 503 time: 3.4061327
2026-04-10 15:00:19.623 9 INFO neutron.db.ovn_revision_numbers_db [None req-b1e4ae3f-5f16-406d-bfa6-f85cf68c4d2f - - - - - -] Successfully bumped revision number for resource dda42e7b-42da-40c5-b201-24bcfbaf600c (type: router_ports) to 4
2026-04-10 15:00:19.660 9 INFO neutron.db.ovn_revision_numbers_db [None req-cea678a5-dc94-4109-a3f7-c8ed0fe94008 - - - - - -] Successfully bumped revision number for resource caa5aeff-97a8-4241-a820-1536e2e10e60 (type: ports) to 3
2026-04-10 15:00:19.904 9 INFO neutron.db.ovn_revision_numbers_db [None req-cea678a5-dc94-4109-a3f7-c8ed0fe94008 - - - - - -] Successfully bumped revision number for resource caa5aeff-97a8-4241-a820-1536e2e10e60 (type: router_ports) to 3
2026-04-10 15:00:19.959 9 INFO neutron.plugins.ml2.drivers.ovn.mech_driver.ovsdb.ovsdb_monitor [None req-b1e4ae3f-5f16-406d-bfa6-f85cf68c4d2f - - - - - -] Router 3e509fb0-094d-41ec-a89d-dc63985354e3 is bound to host instance
2026-04-10 15:00:19.962 9 INFO neutron.db.ovn_revision_numbers_db [None req-80e9cf70-857b-4fb0-a0b8-8056ef3d0d68 e382d57a1dc8476e98df76a84f9e55ef 2cba3e0f0e5b4099934ec10d61cd2668 - - - -] Successfully bumped revision number for resource 6f801764-b4ee-4408-a7c6-4fb6763f23e2 (type: router_ports) to 1
2026-04-10 15:00:20.047 9 INFO neutron.db.ovn_revision_numbers_db [None req-80e9cf70-857b-4fb0-a0b8-8056ef3d0d68 e382d57a1dc8476e98df76a84f9e55ef 2cba3e0f0e5b4099934ec10d61cd2668 - - - -] Successfully bumped revision number for resource 3e509fb0-094d-41ec-a89d-dc63985354e3 (type: routers) to 3
2026-04-10 15:00:20.076 9 INFO neutron.wsgi [None req-80e9cf70-857b-4fb0-a0b8-8056ef3d0d68 e382d57a1dc8476e98df76a84f9e55ef 2cba3e0f0e5b4099934ec10d61cd2668 - - - -] 10.0.0.208 "POST /v2.0/routers HTTP/1.1" status: 201 len: 883 time: 2.0803177
2026-04-10 15:00:20.231 10 INFO neutron.db.ovn_revision_numbers_db [None req-b8793f33-c44c-427b-a4c4-de25a8d69c3d e094895e20d74e2dbc25333662cfeb4d 4b8c372101f24c088ba588bec024b737 - - - -] Successfully bumped revision number for resource c3e5d087-40a7-439f-bc94-7e69730dcbef (type: security_groups) to 1
2026-04-10 15:00:20.260 10 INFO neutron.wsgi [None req-b8793f33-c44c-427b-a4c4-de25a8d69c3d e094895e20d74e2dbc25333662cfeb4d 4b8c372101f24c088ba588bec024b737 - - - -] 10.0.0.190 "POST /v2.0/security-groups HTTP/1.1" status: 201 len: 1824 time: 0.2584877
2026-04-10 15:00:20.277 10 INFO neutron.db.ovn_revision_numbers_db [None req-76592a53-a44b-4782-8c86-4d6efc5fd700 3f40f973128e4065aa00df093340081c af31275850e04310a38f6ec1ab75bc10 - - - -] Successfully bumped revision number for resource f07712ba-9617-427a-bc95-53f91b6012f8 (type: security_groups) to 1
2026-04-10 15:00:20.298 10 INFO neutron.wsgi [None req-76592a53-a44b-4782-8c86-4d6efc5fd700 3f40f973128e4065aa00df093340081c af31275850e04310a38f6ec1ab75bc10 - - - -] 10.0.0.208 "POST /v2.0/security-groups HTTP/1.1" status: 201 len: 1797 time: 0.1517441
2026-04-10 15:00:20.416 10 INFO neutron.db.ovn_revision_numbers_db [None req-1b5c8b6b-4c81-476b-9d69-5761f2f7a1b2 3f40f973128e4065aa00df093340081c af31275850e04310a38f6ec1ab75bc10 - - - -] Successfully bumped revision number for resource 7cc7e0b6-d167-4790-99f8-26a1c5ddebf9 (type: security_group_rules) to 0
2026-04-10 15:00:20.444 10 INFO neutron.wsgi [None req-1b5c8b6b-4c81-476b-9d69-5761f2f7a1b2 3f40f973128e4065aa00df093340081c af31275850e04310a38f6ec1ab75bc10 - - - -] 10.0.0.208 "POST /v2.0/security-group-rules HTTP/1.1" status: 201 len: 764 time: 0.1382170
2026-04-10 15:00:20.604 10 INFO neutron.db.ovn_revision_numbers_db [None req-a05571a3-c286-4b61-8d02-c215ca331b12 3f40f973128e4065aa00df093340081c af31275850e04310a38f6ec1ab75bc10 - - - -] Successfully bumped revision number for resource 621f14f7-2409-47cb-8dc8-3c5925d64210 (type: security_group_rules) to 0
2026-04-10 15:00:20.634 10 INFO neutron.wsgi [None req-a05571a3-c286-4b61-8d02-c215ca331b12 3f40f973128e4065aa00df093340081c af31275850e04310a38f6ec1ab75bc10 - - - -] 10.0.0.208 "POST /v2.0/security-group-rules HTTP/1.1" status: 201 len: 769 time: 0.1860595
2026-04-10 15:00:20.667 9 INFO neutron.db.ovn_revision_numbers_db [None req-b1e4ae3f-5f16-406d-bfa6-f85cf68c4d2f - - - - - -] Successfully bumped revision number for resource 6f801764-b4ee-4408-a7c6-4fb6763f23e2 (type: ports) to 1
2026-04-10 15:00:20.890 9 WARNING neutron.scheduler.dhcp_agent_scheduler [None req-f5e89c65-0833-4953-91d3-a77ac285a3cd e382d57a1dc8476e98df76a84f9e55ef 2cba3e0f0e5b4099934ec10d61cd2668 - - default default] No more DHCP agents
2026-04-10 15:00:20.897 9 WARNING neutron.api.rpc.agentnotifiers.dhcp_rpc_agent_api [None req-f5e89c65-0833-4953-91d3-a77ac285a3cd e382d57a1dc8476e98df76a84f9e55ef 2cba3e0f0e5b4099934ec10d61cd2668 - - default default] Unable to schedule network 98661b37-9e06-4080-a52c-712830e9da8d: no agents available; will retry on subsequent port and subnet creation events.
2026-04-10 15:00:20.948 9 INFO neutron.wsgi [req-db20389c-f813-4d94-a41a-7c4af9bb4e1b req-eb49239a-6a5f-4e2c-967a-1c139e7950fb e094895e20d74e2dbc25333662cfeb4d 4b8c372101f24c088ba588bec024b737 - - default default] 10.0.0.190 "GET /v2.0/security-groups/c3e5d087-40a7-439f-bc94-7e69730dcbef HTTP/1.1" status: 200 len: 1819 time: 0.2894311
2026-04-10 15:00:21.008 10 WARNING neutron.scheduler.dhcp_agent_scheduler [None req-7d56e61e-7bd9-4eb3-bc92-d60108a454fc 3f40f973128e4065aa00df093340081c af31275850e04310a38f6ec1ab75bc10 - - - -] No more DHCP agents
2026-04-10 15:00:21.010 10 WARNING neutron.api.rpc.agentnotifiers.dhcp_rpc_agent_api [None req-7d56e61e-7bd9-4eb3-bc92-d60108a454fc 3f40f973128e4065aa00df093340081c af31275850e04310a38f6ec1ab75bc10 - - - -] Unable to schedule network 890fb310-6b42-4a79-a46a-55281d1e97d5: no agents available; will retry on subsequent port and subnet creation events.
2026-04-10 15:00:21.123 9 INFO neutron.db.ovn_revision_numbers_db [None req-f5e89c65-0833-4953-91d3-a77ac285a3cd e382d57a1dc8476e98df76a84f9e55ef 2cba3e0f0e5b4099934ec10d61cd2668 - - default default] Successfully bumped revision number for resource f2ee307f-db5c-4c51-8692-00d846153cff (type: ports) to 1
2026-04-10 15:00:21.194 9 INFO neutron.db.ovn_revision_numbers_db [None req-b1e4ae3f-5f16-406d-bfa6-f85cf68c4d2f - - - - - -] Successfully bumped revision number for resource 6f801764-b4ee-4408-a7c6-4fb6763f23e2 (type: router_ports) to 3
