2026-04-10 15:04:36.111 9 INFO neutron.plugins.ml2.drivers.ovn.mech_driver.mech_driver [None req-cea678a5-dc94-4109-a3f7-c8ed0fe94008 - - - - - -] OVN reports status up for port: 4848cb9d-9bd9-4f24-aae6-819c262f6f21
2026-04-10 15:04:36.121 9 INFO neutron.plugins.ml2.plugin [None req-cea678a5-dc94-4109-a3f7-c8ed0fe94008 - - - - - -] Attempt 1 to provision port 4848cb9d-9bd9-4f24-aae6-819c262f6f21
2026-04-10 15:04:36.128 10 INFO neutron.db.ovn_revision_numbers_db [None req-39188d7d-bccd-4919-a010-adc373138966 aa5d62c061394ed69dab502290bbdc55 1453c87af1854ff2bf19cdfd42145745 - - - -] Successfully bumped revision number for resource 4848cb9d-9bd9-4f24-aae6-819c262f6f21 (type: router_ports) to 1
2026-04-10 15:04:36.140 9 INFO neutron.plugins.ml2.drivers.ovn.mech_driver.ovsdb.ovsdb_monitor [None req-b1e4ae3f-5f16-406d-bfa6-f85cf68c4d2f - - - - - -] Router dc451894-5d9f-4b0b-9cd7-e8ec14b7b4d3 is bound to host instance
2026-04-10 15:04:36.197 10 INFO neutron.db.ovn_revision_numbers_db [None req-39188d7d-bccd-4919-a010-adc373138966 aa5d62c061394ed69dab502290bbdc55 1453c87af1854ff2bf19cdfd42145745 - - - -] Successfully bumped revision number for resource dc451894-5d9f-4b0b-9cd7-e8ec14b7b4d3 (type: routers) to 3
2026-04-10 15:04:36.215 10 INFO neutron.wsgi [None req-39188d7d-bccd-4919-a010-adc373138966 aa5d62c061394ed69dab502290bbdc55 1453c87af1854ff2bf19cdfd42145745 - - - -] 10.0.0.208 "POST /v2.0/routers HTTP/1.1" status: 201 len: 865 time: 1.6113043
2026-04-10 15:04:36.548 10 INFO neutron.db.ovn_revision_numbers_db [None req-c1177e8e-10de-4827-873c-39c4adb3e055 e382d57a1dc8476e98df76a84f9e55ef 2cba3e0f0e5b4099934ec10d61cd2668 - - default default] Successfully bumped revision number for resource fb99d691-16a6-4ef4-95f3-2f4affde08f4 (type: security_groups) to 1
2026-04-10 15:04:36.600 10 INFO neutron.wsgi [None req-c1177e8e-10de-4827-873c-39c4adb3e055 e382d57a1dc8476e98df76a84f9e55ef 2cba3e0f0e5b4099934ec10d61cd2668 - - default default] 10.0.0.208 "GET /v2.0/security-groups?tenant_id=ffb5fa924d3d40f5a574e07f7e5f3212&name=default HTTP/1.1" status: 200 len: 3000 time: 0.3297367
2026-04-10 15:04:36.769 10 WARNING neutron.scheduler.dhcp_agent_scheduler [None req-89d7c831-f69a-430c-9fbe-fc71e62aba8b aa5d62c061394ed69dab502290bbdc55 1453c87af1854ff2bf19cdfd42145745 - - default default] No more DHCP agents
2026-04-10 15:04:36.771 10 WARNING neutron.api.rpc.agentnotifiers.dhcp_rpc_agent_api [None req-89d7c831-f69a-430c-9fbe-fc71e62aba8b aa5d62c061394ed69dab502290bbdc55 1453c87af1854ff2bf19cdfd42145745 - - default default] Unable to schedule network 2249a769-66bd-4c62-80de-1f985ec64204: no agents available; will retry on subsequent port and subnet creation events.
2026-04-10 15:04:36.872 9 INFO neutron.wsgi [None req-5f1875bf-c914-417f-b6c4-6dc647377cb4 e382d57a1dc8476e98df76a84f9e55ef 2cba3e0f0e5b4099934ec10d61cd2668 - - - -] 10.0.0.208 "DELETE /v2.0/security-groups/fb99d691-16a6-4ef4-95f3-2f4affde08f4 HTTP/1.1" status: 204 len: 168 time: 0.2662148
2026-04-10 15:04:36.914 10 INFO neutron.db.ovn_revision_numbers_db [None req-89d7c831-f69a-430c-9fbe-fc71e62aba8b aa5d62c061394ed69dab502290bbdc55 1453c87af1854ff2bf19cdfd42145745 - - default default] Successfully bumped revision number for resource 9c21b260-184e-4b7e-9ca0-4cebf4d3edb6 (type: ports) to 1
2026-04-10 15:04:36.963 9 INFO neutron.db.ovn_revision_numbers_db [None req-b1e4ae3f-5f16-406d-bfa6-f85cf68c4d2f - - - - - -] Successfully bumped revision number for resource 4848cb9d-9bd9-4f24-aae6-819c262f6f21 (type: ports) to 1
2026-04-10 15:04:37.131 9 INFO neutron.db.ovn_revision_numbers_db [None req-5454fee1-40aa-48cb-8ec8-0f8c199ea71b e382d57a1dc8476e98df76a84f9e55ef 2cba3e0f0e5b4099934ec10d61cd2668 - - default default] Successfully bumped revision number for resource d95ad203-9a29-4404-9169-06a6b2bfc839 (type: security_groups) to 1
2026-04-10 15:04:37.156 9 INFO neutron.wsgi [None req-5454fee1-40aa-48cb-8ec8-0f8c199ea71b e382d57a1dc8476e98df76a84f9e55ef 2cba3e0f0e5b4099934ec10d61cd2668 - - default default] 10.0.0.208 "GET /v2.0/security-groups?tenant_id=7a91ed9d560e4a72bacb4116c6737b54&name=default HTTP/1.1" status: 200 len: 3000 time: 0.1757541
2026-04-10 15:04:37.319 9 INFO neutron.db.ovn_revision_numbers_db [None req-b1e4ae3f-5f16-406d-bfa6-f85cf68c4d2f - - - - - -] Successfully bumped revision number for resource 4848cb9d-9bd9-4f24-aae6-819c262f6f21 (type: router_ports) to 3
2026-04-10 15:04:37.474 9 INFO neutron.db.ovn_revision_numbers_db [None req-b1e4ae3f-5f16-406d-bfa6-f85cf68c4d2f - - - - - -] Successfully bumped revision number for resource 4848cb9d-9bd9-4f24-aae6-819c262f6f21 (type: ports) to 2
2026-04-10 15:04:37.696 10 INFO neutron.plugins.ml2.drivers.ovn.mech_driver.mech_driver [None req-7db40a3b-b51b-47c6-86fc-78675a44e990 - - - - - -] OVN reports status up for port: 9c21b260-184e-4b7e-9ca0-4cebf4d3edb6
2026-04-10 15:04:37.696 9 INFO neutron.db.ovn_revision_numbers_db [None req-b1e4ae3f-5f16-406d-bfa6-f85cf68c4d2f - - - - - -] Successfully bumped revision number for resource 4848cb9d-9bd9-4f24-aae6-819c262f6f21 (type: ports) to 4
2026-04-10 15:04:37.704 10 INFO neutron.db.ovn_revision_numbers_db [None req-89d7c831-f69a-430c-9fbe-fc71e62aba8b aa5d62c061394ed69dab502290bbdc55 1453c87af1854ff2bf19cdfd42145745 - - default default] Successfully bumped revision number for resource 9c21b260-184e-4b7e-9ca0-4cebf4d3edb6 (type: router_ports) to 2
2026-04-10 15:04:37.708 10 INFO neutron.plugins.ml2.plugin [None req-7db40a3b-b51b-47c6-86fc-78675a44e990 - - - - - -] Attempt 1 to provision port 9c21b260-184e-4b7e-9ca0-4cebf4d3edb6
2026-04-10 15:04:37.726 10 INFO neutron.wsgi [None req-095e0052-4daf-4627-9afa-97b63243169d e382d57a1dc8476e98df76a84f9e55ef 2cba3e0f0e5b4099934ec10d61cd2668 - - - -] 10.0.0.208 "DELETE /v2.0/security-groups/d95ad203-9a29-4404-9169-06a6b2bfc839 HTTP/1.1" status: 204 len: 168 time: 0.5636735
2026-04-10 15:04:37.922 10 INFO neutron.db.ovn_revision_numbers_db [None req-89d7c831-f69a-430c-9fbe-fc71e62aba8b aa5d62c061394ed69dab502290bbdc55 1453c87af1854ff2bf19cdfd42145745 - - default default] Successfully bumped revision number for resource 9c21b260-184e-4b7e-9ca0-4cebf4d3edb6 (type: ports) to 2
2026-04-10 15:04:37.936 9 INFO neutron.db.ovn_revision_numbers_db [None req-b1e4ae3f-5f16-406d-bfa6-f85cf68c4d2f - - - - - -] Successfully bumped revision number for resource 4848cb9d-9bd9-4f24-aae6-819c262f6f21 (type: router_ports) to 4
2026-04-10 15:04:38.012 10 WARNING neutron.scheduler.dhcp_agent_scheduler [None req-89d7c831-f69a-430c-9fbe-fc71e62aba8b aa5d62c061394ed69dab502290bbdc55 1453c87af1854ff2bf19cdfd42145745 - - default default] No more DHCP agents
2026-04-10 15:04:38.014 10 WARNING neutron.api.rpc.agentnotifiers.dhcp_rpc_agent_api [None req-89d7c831-f69a-430c-9fbe-fc71e62aba8b aa5d62c061394ed69dab502290bbdc55 1453c87af1854ff2bf19cdfd42145745 - - default default] Unable to schedule network 2249a769-66bd-4c62-80de-1f985ec64204: no agents available; will retry on subsequent port and subnet creation events.
2026-04-10 15:04:38.062 10 INFO neutron.db.ovn_revision_numbers_db [None req-7db40a3b-b51b-47c6-86fc-78675a44e990 - - - - - -] Successfully bumped revision number for resource 9c21b260-184e-4b7e-9ca0-4cebf4d3edb6 (type: ports) to 3
2026-04-10 15:04:38.203 10 INFO neutron.db.ovn_revision_numbers_db [None req-7db40a3b-b51b-47c6-86fc-78675a44e990 - - - - - -] Successfully bumped revision number for resource 9c21b260-184e-4b7e-9ca0-4cebf4d3edb6 (type: router_ports) to 3
2026-04-10 15:04:38.396 10 INFO neutron.db.ovn_revision_numbers_db [None req-89d7c831-f69a-430c-9fbe-fc71e62aba8b aa5d62c061394ed69dab502290bbdc55 1453c87af1854ff2bf19cdfd42145745 - - - -] Successfully bumped revision number for resource 9c21b260-184e-4b7e-9ca0-4cebf4d3edb6 (type: router_ports) to 3
2026-04-10 15:04:38.399 10 INFO neutron.wsgi [None req-89d7c831-f69a-430c-9fbe-fc71e62aba8b aa5d62c061394ed69dab502290bbdc55 1453c87af1854ff2bf19cdfd42145745 - - - -] 10.0.0.208 "PUT /v2.0/routers/dc451894-5d9f-4b0b-9cd7-e8ec14b7b4d3/add_router_interface HTTP/1.1" status: 200 len: 503 time: 2.1762488
2026-04-10 15:04:39.230 9 WARNING neutron.scheduler.dhcp_agent_scheduler [None req-bed398a9-433c-43dc-ac0a-5bcda52d175e aa5d62c061394ed69dab502290bbdc55 1453c87af1854ff2bf19cdfd42145745 - - default default] No more DHCP agents
2026-04-10 15:04:39.233 9 WARNING neutron.api.rpc.agentnotifiers.dhcp_rpc_agent_api [None req-bed398a9-433c-43dc-ac0a-5bcda52d175e aa5d62c061394ed69dab502290bbdc55 1453c87af1854ff2bf19cdfd42145745 - - default default] Unable to schedule network b1279347-e0e1-4906-b81d-77cf3d6d2ff0: no agents available; will retry on subsequent port and subnet creation events.
2026-04-10 15:04:39.385 9 INFO neutron.db.ovn_revision_numbers_db [None req-bed398a9-433c-43dc-ac0a-5bcda52d175e aa5d62c061394ed69dab502290bbdc55 1453c87af1854ff2bf19cdfd42145745 - - default default] Successfully bumped revision number for resource e3c8f399-3ebb-43dd-8964-957e651446c5 (type: ports) to 1
2026-04-10 15:04:39.984 9 INFO neutron.db.ovn_revision_numbers_db [None req-bed398a9-433c-43dc-ac0a-5bcda52d175e aa5d62c061394ed69dab502290bbdc55 1453c87af1854ff2bf19cdfd42145745 - - default default] Successfully bumped revision number for resource e3c8f399-3ebb-43dd-8964-957e651446c5 (type: router_ports) to 2
2026-04-10 15:04:40.132 9 INFO neutron.db.ovn_revision_numbers_db [None req-bed398a9-433c-43dc-ac0a-5bcda52d175e aa5d62c061394ed69dab502290bbdc55 1453c87af1854ff2bf19cdfd42145745 - - default default] Successfully bumped revision number for resource e3c8f399-3ebb-43dd-8964-957e651446c5 (type: ports) to 2
2026-04-10 15:04:40.201 9 WARNING neutron.scheduler.dhcp_agent_scheduler [None req-bed398a9-433c-43dc-ac0a-5bcda52d175e aa5d62c061394ed69dab502290bbdc55 1453c87af1854ff2bf19cdfd42145745 - - default default] No more DHCP agents
2026-04-10 15:04:40.203 9 WARNING neutron.api.rpc.agentnotifiers.dhcp_rpc_agent_api [None req-bed398a9-433c-43dc-ac0a-5bcda52d175e aa5d62c061394ed69dab502290bbdc55 1453c87af1854ff2bf19cdfd42145745 - - default default] Unable to schedule network b1279347-e0e1-4906-b81d-77cf3d6d2ff0: no agents available; will retry on subsequent port and subnet creation events.
2026-04-10 15:04:40.499 9 INFO neutron.db.ovn_revision_numbers_db [None req-bed398a9-433c-43dc-ac0a-5bcda52d175e aa5d62c061394ed69dab502290bbdc55 1453c87af1854ff2bf19cdfd42145745 - - - -] Successfully bumped revision number for resource e3c8f399-3ebb-43dd-8964-957e651446c5 (type: router_ports) to 2
2026-04-10 15:04:40.502 9 INFO neutron.wsgi [None req-bed398a9-433c-43dc-ac0a-5bcda52d175e aa5d62c061394ed69dab502290bbdc55 1453c87af1854ff2bf19cdfd42145745 - - - -] 10.0.0.208 "PUT /v2.0/routers/dc451894-5d9f-4b0b-9cd7-e8ec14b7b4d3/add_router_interface HTTP/1.1" status: 200 len: 503 time: 2.0988019
2026-04-10 15:04:41.027 10 WARNING neutron.scheduler.dhcp_agent_scheduler [None req-ca03c684-0a30-4860-804e-6ed8f9c5ca7e aa5d62c061394ed69dab502290bbdc55 1453c87af1854ff2bf19cdfd42145745 - - default default] No more DHCP agents
2026-04-10 15:04:41.031 10 WARNING neutron.api.rpc.agentnotifiers.dhcp_rpc_agent_api [None req-ca03c684-0a30-4860-804e-6ed8f9c5ca7e aa5d62c061394ed69dab502290bbdc55 1453c87af1854ff2bf19cdfd42145745 - - default default] Unable to schedule network c4000211-d446-457e-94b1-030b7aeef528: no agents available; will retry on subsequent port and subnet creation events.
2026-04-10 15:04:41.095 10 INFO neutron.db.ovn_revision_numbers_db [None req-e15d0afb-622d-437f-a03f-d393bb1b3984 0bf89c13f0904a19a1787bff1759dd1a 8ba6076412ac4726b1a5f186c5fec893 - - - -] Successfully bumped revision number for resource 4c7e6f38-3e01-415e-bfbc-7f074e3325b0 (type: security_groups) to 1
2026-04-10 15:04:41.163 10 INFO neutron.db.segments_db [None req-e15d0afb-622d-437f-a03f-d393bb1b3984 0bf89c13f0904a19a1787bff1759dd1a 8ba6076412ac4726b1a5f186c5fec893 - - - -] Added segment bfc0017a-e2c6-42b0-a9de-91b35911d8e4 of type geneve for network 1cec4403-d1c0-4622-b3f8-58cfe2b1fbbb
2026-04-10 15:04:41.207 10 INFO neutron.db.ovn_revision_numbers_db [None req-ca03c684-0a30-4860-804e-6ed8f9c5ca7e aa5d62c061394ed69dab502290bbdc55 1453c87af1854ff2bf19cdfd42145745 - - default default] Successfully bumped revision number for resource ff80c326-8809-4ea0-bca9-687b7d74d4f3 (type: ports) to 1
2026-04-10 15:04:41.331 10 INFO neutron.db.ovn_revision_numbers_db [None req-e15d0afb-622d-437f-a03f-d393bb1b3984 0bf89c13f0904a19a1787bff1759dd1a 8ba6076412ac4726b1a5f186c5fec893 - - - -] Successfully bumped revision number for resource 1cec4403-d1c0-4622-b3f8-58cfe2b1fbbb (type: networks) to 1
2026-04-10 15:04:41.823 10 WARNING neutron.scheduler.dhcp_agent_scheduler [None req-e15d0afb-622d-437f-a03f-d393bb1b3984 0bf89c13f0904a19a1787bff1759dd1a 8ba6076412ac4726b1a5f186c5fec893 - - - -] No more DHCP agents
2026-04-10 15:04:41.825 10 WARNING neutron.api.rpc.agentnotifiers.dhcp_rpc_agent_api [None req-e15d0afb-622d-437f-a03f-d393bb1b3984 0bf89c13f0904a19a1787bff1759dd1a 8ba6076412ac4726b1a5f186c5fec893 - - - -] Unable to schedule network 1cec4403-d1c0-4622-b3f8-58cfe2b1fbbb: no agents available; will retry on subsequent port and subnet creation events.
2026-04-10 15:04:41.939 10 INFO neutron.db.ovn_revision_numbers_db [None req-e15d0afb-622d-437f-a03f-d393bb1b3984 0bf89c13f0904a19a1787bff1759dd1a 8ba6076412ac4726b1a5f186c5fec893 - - - -] Successfully bumped revision number for resource 99ae24ab-bb12-4f43-8fa7-cd53e13af707 (type: ports) to 1
2026-04-10 15:04:41.967 10 INFO neutron.wsgi [None req-e15d0afb-622d-437f-a03f-d393bb1b3984 0bf89c13f0904a19a1787bff1759dd1a 8ba6076412ac4726b1a5f186c5fec893 - - - -] 10.0.0.208 "POST /v2.0/networks HTTP/1.1" status: 201 len: 830 time: 1.1971731
2026-04-10 15:04:42.215 10 INFO neutron.db.ovn_revision_numbers_db [None req-ca03c684-0a30-4860-804e-6ed8f9c5ca7e aa5d62c061394ed69dab502290bbdc55 1453c87af1854ff2bf19cdfd42145745 - - default default] Successfully bumped revision number for resource ff80c326-8809-4ea0-bca9-687b7d74d4f3 (type: router_ports) to 2
2026-04-10 15:04:42.284 10 WARNING neutron.scheduler.dhcp_agent_scheduler [None req-f85d47fc-b51a-47f7-aee5-ae0b00a2a76b 0bf89c13f0904a19a1787bff1759dd1a 8ba6076412ac4726b1a5f186c5fec893 - - - -] No more DHCP agents
2026-04-10 15:04:42.287 10 WARNING neutron.api.rpc.agentnotifiers.dhcp_rpc_agent_api [None req-f85d47fc-b51a-47f7-aee5-ae0b00a2a76b 0bf89c13f0904a19a1787bff1759dd1a 8ba6076412ac4726b1a5f186c5fec893 - - - -] Unable to schedule network 1cec4403-d1c0-4622-b3f8-58cfe2b1fbbb: no agents available; will retry on subsequent port and subnet creation events.
2026-04-10 15:04:42.410 10 INFO neutron.db.ovn_revision_numbers_db [None req-ca03c684-0a30-4860-804e-6ed8f9c5ca7e aa5d62c061394ed69dab502290bbdc55 1453c87af1854ff2bf19cdfd42145745 - - default default] Successfully bumped revision number for resource ff80c326-8809-4ea0-bca9-687b7d74d4f3 (type: ports) to 2
2026-04-10 15:04:42.496 10 WARNING neutron.scheduler.dhcp_agent_scheduler [None req-ca03c684-0a30-4860-804e-6ed8f9c5ca7e aa5d62c061394ed69dab502290bbdc55 1453c87af1854ff2bf19cdfd42145745 - - default default] No more DHCP agents
2026-04-10 15:04:42.498 10 WARNING neutron.api.rpc.agentnotifiers.dhcp_rpc_agent_api [None req-ca03c684-0a30-4860-804e-6ed8f9c5ca7e aa5d62c061394ed69dab502290bbdc55 1453c87af1854ff2bf19cdfd42145745 - - default default] Unable to schedule network c4000211-d446-457e-94b1-030b7aeef528: no agents available; will retry on subsequent port and subnet creation events.
2026-04-10 15:04:42.867 10 INFO neutron.db.ovn_revision_numbers_db [None req-f85d47fc-b51a-47f7-aee5-ae0b00a2a76b 0bf89c13f0904a19a1787bff1759dd1a 8ba6076412ac4726b1a5f186c5fec893 - - - -] Successfully bumped revision number for resource 99ae24ab-bb12-4f43-8fa7-cd53e13af707 (type: ports) to 2
2026-04-10 15:04:42.883 10 INFO neutron.db.ovn_revision_numbers_db [None req-ca03c684-0a30-4860-804e-6ed8f9c5ca7e aa5d62c061394ed69dab502290bbdc55 1453c87af1854ff2bf19cdfd42145745 - - - -] Successfully bumped revision number for resource ff80c326-8809-4ea0-bca9-687b7d74d4f3 (type: router_ports) to 2
2026-04-10 15:04:42.886 10 INFO neutron.wsgi [None req-ca03c684-0a30-4860-804e-6ed8f9c5ca7e aa5d62c061394ed69dab502290bbdc55 1453c87af1854ff2bf19cdfd42145745 - - - -] 10.0.0.208 "PUT /v2.0/routers/dc451894-5d9f-4b0b-9cd7-e8ec14b7b4d3/add_router_interface HTTP/1.1" status: 200 len: 503 time: 2.3758919
2026-04-10 15:04:42.886 10 INFO neutron.db.ovn_revision_numbers_db [None req-f85d47fc-b51a-47f7-aee5-ae0b00a2a76b 0bf89c13f0904a19a1787bff1759dd1a 8ba6076412ac4726b1a5f186c5fec893 - - - -] Successfully bumped revision number for resource 5643a77a-ba5e-400e-abd4-3657ec0a59f0 (type: subnets) to 0
2026-04-10 15:04:42.905 10 INFO neutron.wsgi [None req-f85d47fc-b51a-47f7-aee5-ae0b00a2a76b 0bf89c13f0904a19a1787bff1759dd1a 8ba6076412ac4726b1a5f186c5fec893 - - - -] 10.0.0.208 "POST /v2.0/subnets HTTP/1.1" status: 201 len: 801 time: 0.9312775
2026-04-10 15:04:42.958 9 INFO neutron.wsgi [None req-038c9d59-12c4-42c6-b649-3a6872c2e580 0bf89c13f0904a19a1787bff1759dd1a 8ba6076412ac4726b1a5f186c5fec893 - - - -] 10.0.0.208 "PUT /v2.0/subnets/5643a77a-ba5e-400e-abd4-3657ec0a59f0/tags HTTP/1.1" status: 200 len: 218 time: 0.0482142
2026-04-10 15:04:42.997 10 INFO neutron.wsgi [None req-1a0f6355-a93e-4647-895c-749240c26b8e 0bf89c13f0904a19a1787bff1759dd1a 8ba6076412ac4726b1a5f186c5fec893 - - default default] 10.0.0.208 "GET /v2.0/subnets/5643a77a-ba5e-400e-abd4-3657ec0a59f0/tags HTTP/1.1" status: 200 len: 218 time: 0.0338347
2026-04-10 15:04:43.046 9 INFO neutron.db.ovn_revision_numbers_db [None req-bee9b9dc-6d90-4c2a-b481-22d6531bee0b aa5d62c061394ed69dab502290bbdc55 1453c87af1854ff2bf19cdfd42145745 - - - -] Successfully bumped revision number for resource 13759629-393a-4a6d-932d-c4d283dd4bd3 (type: security_groups) to 1
2026-04-10 15:04:43.046 10 INFO neutron.wsgi [None req-3bdf90bf-2d1b-4145-bbbf-1eced50bfd26 0bf89c13f0904a19a1787bff1759dd1a 8ba6076412ac4726b1a5f186c5fec893 - - - -] 10.0.0.208 "PUT /v2.0/subnets/5643a77a-ba5e-400e-abd4-3657ec0a59f0/tags/green HTTP/1.1" status: 201 len: 201 time: 0.0445764
2026-04-10 15:04:43.066 9 INFO neutron.wsgi [None req-bee9b9dc-6d90-4c2a-b481-22d6531bee0b aa5d62c061394ed69dab502290bbdc55 1453c87af1854ff2bf19cdfd42145745 - - - -] 10.0.0.208 "POST /v2.0/security-groups HTTP/1.1" status: 201 len: 1766 time: 0.1189864
2026-04-10 15:04:43.088 10 INFO neutron.wsgi [None req-949aeb5a-3a39-4df7-9d63-327f9b65bfac 0bf89c13f0904a19a1787bff1759dd1a 8ba6076412ac4726b1a5f186c5fec893 - - default default] 10.0.0.208 "GET /v2.0/subnets/5643a77a-ba5e-400e-abd4-3657ec0a59f0/tags HTTP/1.1" status: 200 len: 227 time: 0.0370185
2026-04-10 15:04:43.128 10 INFO neutron.wsgi [None req-38f4d1b9-1d2b-426c-b636-6fea31ef5758 0bf89c13f0904a19a1787bff1759dd1a 8ba6076412ac4726b1a5f186c5fec893 - - - -] 10.0.0.208 "PUT /v2.0/subnets/5643a77a-ba5e-400e-abd4-3657ec0a59f0/tags/red HTTP/1.1" status: 201 len: 201 time: 0.0351679
2026-04-10 15:04:43.167 10 INFO neutron.wsgi [None req-67bb45fb-f434-40f8-b3f1-2eca2f564803 0bf89c13f0904a19a1787bff1759dd1a 8ba6076412ac4726b1a5f186c5fec893 - - default default] 10.0.0.208 "GET /v2.0/subnets/5643a77a-ba5e-400e-abd4-3657ec0a59f0/tags HTTP/1.1" status: 200 len: 227 time: 0.0319002
2026-04-10 15:04:43.175 9 INFO neutron.db.ovn_revision_numbers_db [None req-e2049b97-6f09-4ac3-8499-5312f3f14435 aa5d62c061394ed69dab502290bbdc55 1453c87af1854ff2bf19cdfd42145745 - - - -] Successfully bumped revision number for resource 3ad5e759-28d0-46a9-80b8-8836ea8791c5 (type: security_group_rules) to 0
2026-04-10 15:04:43.204 9 INFO neutron.wsgi [None req-e2049b97-6f09-4ac3-8499-5312f3f14435 aa5d62c061394ed69dab502290bbdc55 1453c87af1854ff2bf19cdfd42145745 - - - -] 10.0.0.208 "POST /v2.0/security-group-rules HTTP/1.1" status: 201 len: 764 time: 0.1322541
2026-04-10 15:04:43.209 10 INFO neutron.wsgi [None req-ca89de84-f7c5-465d-bc10-72ccfb30989d 0bf89c13f0904a19a1787bff1759dd1a 8ba6076412ac4726b1a5f186c5fec893 - - - -] 10.0.0.208 "PUT /v2.0/subnets/5643a77a-ba5e-400e-abd4-3657ec0a59f0/tags/black.or.white HTTP/1.1" status: 201 len: 201 time: 0.0364528
2026-04-10 15:04:43.245 10 INFO neutron.wsgi [None req-6f711636-c0ef-44bd-a5ab-f9cc9226333e 0bf89c13f0904a19a1787bff1759dd1a 8ba6076412ac4726b1a5f186c5fec893 - - default default] 10.0.0.208 "GET /v2.0/subnets/5643a77a-ba5e-400e-abd4-3657ec0a59f0/tags HTTP/1.1" status: 200 len: 245 time: 0.0304284
2026-04-10 15:04:43.293 10 INFO neutron.wsgi [None req-ffcb98c1-a90f-49ea-949a-f3f15010c10d 0bf89c13f0904a19a1787bff1759dd1a 8ba6076412ac4726b1a5f186c5fec893 - - - -] 10.0.0.208 "PUT /v2.0/subnets/5643a77a-ba5e-400e-abd4-3657ec0a59f0/tags HTTP/1.1" status: 200 len: 230 time: 0.0421112
2026-04-10 15:04:43.324 9 INFO neutron.db.ovn_revision_numbers_db [None req-578b34a3-ac8e-49ad-a901-67a205539754 aa5d62c061394ed69dab502290bbdc55 1453c87af1854ff2bf19cdfd42145745 - - - -] Successfully bumped revision number for resource 60383924-f7b9-460f-9ad5-71245968df66 (type: security_group_rules) to 0
2026-04-10 15:04:43.337 10 INFO neutron.wsgi [None req-f82971bc-ff13-443b-b501-a9bfcffe459b 0bf89c13f0904a19a1787bff1759dd1a 8ba6076412ac4726b1a5f186c5fec893 - - default default] 10.0.0.208 "GET /v2.0/subnets/5643a77a-ba5e-400e-abd4-3657ec0a59f0/tags HTTP/1.1" status: 200 len: 230 time: 0.0383873
2026-04-10 15:04:43.359 9 INFO neutron.wsgi [None req-578b34a3-ac8e-49ad-a901-67a205539754 aa5d62c061394ed69dab502290bbdc55 1453c87af1854ff2bf19cdfd42145745 - - - -] 10.0.0.208 "POST /v2.0/security-group-rules HTTP/1.1" status: 201 len: 764 time: 0.1500034
2026-04-10 15:04:43.374 9 INFO neutron.wsgi [None req-a7f3490f-0ec9-41da-bf64-538ad5ea5448 0bf89c13f0904a19a1787bff1759dd1a 8ba6076412ac4726b1a5f186c5fec893 - - default default] 10.0.0.208 "GET /v2.0/subnets/5643a77a-ba5e-400e-abd4-3657ec0a59f0/tags/red HTTP/1.1" status: 204 len: 168 time: 0.0318420
2026-04-10 15:04:43.417 10 INFO neutron.api.v2.resource [None req-00e89c33-b89f-4a65-b6f4-f7aa7ff5f7b4 0bf89c13f0904a19a1787bff1759dd1a 8ba6076412ac4726b1a5f186c5fec893 - - default default] show failed (client error): The resource could not be found.
2026-04-10 15:04:43.418 10 INFO neutron.wsgi [None req-00e89c33-b89f-4a65-b6f4-f7aa7ff5f7b4 0bf89c13f0904a19a1787bff1759dd1a 8ba6076412ac4726b1a5f186c5fec893 - - default default] 10.0.0.208 "GET /v2.0/subnets/5643a77a-ba5e-400e-abd4-3657ec0a59f0/tags/green HTTP/1.1" status: 404 len: 299 time: 0.0391989
2026-04-10 15:04:43.494 10 WARNING neutron.plugins.ml2.drivers.ovn.mech_driver.ovsdb.ovn_client [None req-7db40a3b-b51b-47c6-86fc-78675a44e990 - - - - - -] No hosting information found for port 9c21b260-184e-4b7e-9ca0-4cebf4d3edb6: RuntimeError: No hosting information found for port 9c21b260-184e-4b7e-9ca0-4cebf4d3edb6
2026-04-10 15:04:43.494 10 INFO neutron.plugins.ml2.drivers.ovn.mech_driver.mech_driver [None req-7db40a3b-b51b-47c6-86fc-78675a44e990 - - - - - -] OVN reports status up for port: e3c8f399-3ebb-43dd-8964-957e651446c5
2026-04-10 15:04:43.502 10 INFO neutron.wsgi [None req-13fe2bad-2f13-47ca-9152-8fa4ea65cf99 0bf89c13f0904a19a1787bff1759dd1a 8ba6076412ac4726b1a5f186c5fec893 - - - -] 10.0.0.208 "DELETE /v2.0/subnets/5643a77a-ba5e-400e-abd4-3657ec0a59f0/tags/red HTTP/1.1" status: 204 len: 168 time: 0.0786150
2026-04-10 15:04:43.511 10 INFO neutron.plugins.ml2.plugin [None req-7db40a3b-b51b-47c6-86fc-78675a44e990 - - - - - -] Attempt 1 to provision port e3c8f399-3ebb-43dd-8964-957e651446c5
2026-04-10 15:04:43.554 10 INFO neutron.wsgi [None req-ee2ddda6-db23-4c82-b5df-6ee223cc2180 0bf89c13f0904a19a1787bff1759dd1a 8ba6076412ac4726b1a5f186c5fec893 - - default default] 10.0.0.208 "GET /v2.0/subnets/5643a77a-ba5e-400e-abd4-3657ec0a59f0/tags HTTP/1.1" status: 200 len: 223 time: 0.0475304
2026-04-10 15:04:43.596 10 INFO neutron.db.ovn_revision_numbers_db [None req-f766107d-6dd4-4f4e-84fe-966bae4b6d10 aa5d62c061394ed69dab502290bbdc55 1453c87af1854ff2bf19cdfd42145745 - - - -] Successfully bumped revision number for resource 832a63e0-e94e-4d6e-b34c-be584ebad8ab (type: security_group_rules) to 0
2026-04-10 15:04:43.597 9 INFO neutron.api.v2.resource [None req-be9f47d5-8b66-4e81-9683-8ae512830ec2 0bf89c13f0904a19a1787bff1759dd1a 8ba6076412ac4726b1a5f186c5fec893 - - - -] delete failed (client error): The resource could not be found.
2026-04-10 15:04:43.599 9 INFO neutron.wsgi [None req-be9f47d5-8b66-4e81-9683-8ae512830ec2 0bf89c13f0904a19a1787bff1759dd1a 8ba6076412ac4726b1a5f186c5fec893 - - - -] 10.0.0.208 "DELETE /v2.0/subnets/5643a77a-ba5e-400e-abd4-3657ec0a59f0/tags/green HTTP/1.1" status: 404 len: 299 time: 0.0369589
2026-04-10 15:04:43.628 10 INFO neutron.wsgi [None req-f766107d-6dd4-4f4e-84fe-966bae4b6d10 aa5d62c061394ed69dab502290bbdc55 1453c87af1854ff2bf19cdfd42145745 - - - -] 10.0.0.208 "POST /v2.0/security-group-rules HTTP/1.1" status: 201 len: 766 time: 0.2627978
2026-04-10 15:04:43.647 9 INFO neutron.wsgi [None req-9fb6d81d-4a1b-4842-a8f1-73cdc3709e05 0bf89c13f0904a19a1787bff1759dd1a 8ba6076412ac4726b1a5f186c5fec893 - - - -] 10.0.0.208 "DELETE /v2.0/subnets/5643a77a-ba5e-400e-abd4-3657ec0a59f0/tags HTTP/1.1" status: 204 len: 168 time: 0.0439866
2026-04-10 15:04:43.686 9 INFO neutron.wsgi [None req-909789fe-2810-4ff9-8379-a2fb37be6b00 0bf89c13f0904a19a1787bff1759dd1a 8ba6076412ac4726b1a5f186c5fec893 - - default default] 10.0.0.208 "GET /v2.0/subnets/5643a77a-ba5e-400e-abd4-3657ec0a59f0/tags HTTP/1.1" status: 200 len: 205 time: 0.0338511
2026-04-10 15:04:43.790 10 INFO neutron.db.ovn_revision_numbers_db [None req-0363f06f-d621-4b15-8e4e-284e8537d92b aa5d62c061394ed69dab502290bbdc55 1453c87af1854ff2bf19cdfd42145745 - - - -] Successfully bumped revision number for resource 1dc13c7e-0d97-4498-bcd1-0f1fbabd834d (type: security_group_rules) to 0
2026-04-10 15:04:43.812 10 INFO neutron.db.ovn_revision_numbers_db [None req-7db40a3b-b51b-47c6-86fc-78675a44e990 - - - - - -] Successfully bumped revision number for resource e3c8f399-3ebb-43dd-8964-957e651446c5 (type: ports) to 3
2026-04-10 15:04:43.823 10 INFO neutron.wsgi [None req-0363f06f-d621-4b15-8e4e-284e8537d92b aa5d62c061394ed69dab502290bbdc55 1453c87af1854ff2bf19cdfd42145745 - - - -] 10.0.0.208 "POST /v2.0/security-group-rules HTTP/1.1" status: 201 len: 768 time: 0.1907637
2026-04-10 15:04:43.934 9 INFO neutron.wsgi [None req-4597e07d-7387-4b35-9673-8dc12b0792e8 0bf89c13f0904a19a1787bff1759dd1a 8ba6076412ac4726b1a5f186c5fec893 - - - -] 10.0.0.208 "DELETE /v2.0/subnets/5643a77a-ba5e-400e-abd4-3657ec0a59f0 HTTP/1.1" status: 204 len: 168 time: 0.2238786
2026-04-10 15:04:43.994 9 INFO neutron.db.ovn_revision_numbers_db [None req-6a8a3b55-27b7-4e61-be88-5ec146c79e42 aa5d62c061394ed69dab502290bbdc55 1453c87af1854ff2bf19cdfd42145745 - - - -] Successfully bumped revision number for resource 2ee61e5e-d77a-4860-822b-837c156f5fb0 (type: security_group_rules) to 0
2026-04-10 15:04:44.039 9 INFO neutron.wsgi [None req-6a8a3b55-27b7-4e61-be88-5ec146c79e42 aa5d62c061394ed69dab502290bbdc55 1453c87af1854ff2bf19cdfd42145745 - - - -] 10.0.0.208 "POST /v2.0/security-group-rules HTTP/1.1" status: 201 len: 768 time: 0.2099864
2026-04-10 15:04:44.186 10 INFO neutron.db.ovn_revision_numbers_db [None req-7db40a3b-b51b-47c6-86fc-78675a44e990 - - - - - -] Successfully bumped revision number for resource e3c8f399-3ebb-43dd-8964-957e651446c5 (type: router_ports) to 3
2026-04-10 15:04:44.197 9 INFO neutron.db.ovn_revision_numbers_db [None req-09330c70-1fbc-487f-a0e2-c230c13836c7 aa5d62c061394ed69dab502290bbdc55 1453c87af1854ff2bf19cdfd42145745 - - - -] Successfully bumped revision number for resource 74e3c991-c41e-47a7-872c-dc0049701593 (type: security_group_rules) to 0
2026-04-10 15:04:44.239 9 INFO neutron.wsgi [None req-09330c70-1fbc-487f-a0e2-c230c13836c7 aa5d62c061394ed69dab502290bbdc55 1453c87af1854ff2bf19cdfd42145745 - - - -] 10.0.0.208 "POST /v2.0/security-group-rules HTTP/1.1" status: 201 len: 764 time: 0.1897745
2026-04-10 15:04:44.371 9 INFO neutron.services.segments.plugin [-] Segment bfc0017a-e2c6-42b0-a9de-91b35911d8e4 resource provider aggregate not found
2026-04-10 15:04:44.379 9 INFO neutron.services.segments.plugin [-] Segment bfc0017a-e2c6-42b0-a9de-91b35911d8e4 resource provider aggregate not found
2026-04-10 15:04:44.398 9 INFO neutron.services.segments.plugin [-] Segment bfc0017a-e2c6-42b0-a9de-91b35911d8e4 resource provider not found; error: Placement Client Error (4xx): {"errors": [{"status": 404, "title": "Not Found", "detail": "The resource could not be found.\n\n No resource provider with uuid bfc0017a-e2c6-42b0-a9de-91b35911d8e4 found for delete ", "request_id": "req-a1fba1a7-7985-47b2-875b-9f42a59ece07"}]}
2026-04-10 15:04:44.412 9 INFO neutron.services.segments.plugin [-] Segment bfc0017a-e2c6-42b0-a9de-91b35911d8e4 resource provider not found; error: Placement Client Error (4xx): {"errors": [{"status": 404, "title": "Not Found", "detail": "The resource could not be found.\n\n No resource provider with uuid bfc0017a-e2c6-42b0-a9de-91b35911d8e4 found for delete ", "request_id": "req-d8a153db-1fc7-4284-9114-f074fc8b22f7"}]}
2026-04-10 15:04:44.430 9 INFO neutron.wsgi [None req-e6c26602-62f1-4fc2-ac40-0fe32b4a06c8 0bf89c13f0904a19a1787bff1759dd1a 8ba6076412ac4726b1a5f186c5fec893 - - - -] 10.0.0.208 "DELETE /v2.0/networks/1cec4403-d1c0-4622-b3f8-58cfe2b1fbbb HTTP/1.1" status: 204 len: 168 time: 0.4768548
2026-04-10 15:04:44.440 9 INFO neutron.db.ovn_revision_numbers_db [None req-bd3254db-6266-412b-963d-fea00a86a0c6 aa5d62c061394ed69dab502290bbdc55 1453c87af1854ff2bf19cdfd42145745 - - - -] Successfully bumped revision number for resource 093449a9-cadc-4f0c-ab3d-210f459dcaee (type: security_group_rules) to 0
2026-04-10 15:04:44.467 9 INFO neutron.wsgi [None req-bd3254db-6266-412b-963d-fea00a86a0c6 aa5d62c061394ed69dab502290bbdc55 1453c87af1854ff2bf19cdfd42145745 - - - -] 10.0.0.208 "POST /v2.0/security-group-rules HTTP/1.1" status: 201 len: 764 time: 0.2215176
2026-04-10 15:04:44.612 9 INFO neutron.db.ovn_revision_numbers_db [None req-316f7ef0-3b41-45a6-baa5-1466955c2084 aa5d62c061394ed69dab502290bbdc55 1453c87af1854ff2bf19cdfd42145745 - - - -] Successfully bumped revision number for resource d01fcf6f-c39b-4fab-9f2f-ffcc5a949f2a (type: security_group_rules) to 0
2026-04-10 15:04:44.639 9 INFO neutron.wsgi [None req-316f7ef0-3b41-45a6-baa5-1466955c2084 aa5d62c061394ed69dab502290bbdc55 1453c87af1854ff2bf19cdfd42145745 - - - -] 10.0.0.208 "POST /v2.0/security-group-rules HTTP/1.1" status: 201 len: 764 time: 0.1648092
2026-04-10 15:04:44.791 9 INFO neutron.db.ovn_revision_numbers_db [None req-c6bb32fb-834d-4ec4-9bc3-515ae1efebba aa5d62c061394ed69dab502290bbdc55 1453c87af1854ff2bf19cdfd42145745 - - - -] Successfully bumped revision number for resource 87b34ee1-a5d4-4104-abe3-f336c7e2d926 (type: security_group_rules) to 0
2026-04-10 15:04:44.820 9 INFO neutron.wsgi [None req-c6bb32fb-834d-4ec4-9bc3-515ae1efebba aa5d62c061394ed69dab502290bbdc55 1453c87af1854ff2bf19cdfd42145745 - - - -] 10.0.0.208 "POST /v2.0/security-group-rules HTTP/1.1" status: 201 len: 766 time: 0.1745501
2026-04-10 15:04:44.972 9 INFO neutron.db.ovn_revision_numbers_db [None req-f22fb7a6-15d2-48c7-ae46-b606e4bd4a1e aa5d62c061394ed69dab502290bbdc55 1453c87af1854ff2bf19cdfd42145745 - - - -] Successfully bumped revision number for resource e4d5b122-0d9a-46be-8691-780bccb11159 (type: security_group_rules) to 0
2026-04-10 15:04:44.997 9 INFO neutron.wsgi [None req-f22fb7a6-15d2-48c7-ae46-b606e4bd4a1e aa5d62c061394ed69dab502290bbdc55 1453c87af1854ff2bf19cdfd42145745 - - - -] 10.0.0.208 "POST /v2.0/security-group-rules HTTP/1.1" status: 201 len: 768 time: 0.1718488
2026-04-10 15:04:45.148 9 INFO neutron.db.ovn_revision_numbers_db [None req-d16e13f8-b7c3-4d12-87ed-84209e82e769 aa5d62c061394ed69dab502290bbdc55 1453c87af1854ff2bf19cdfd42145745 - - - -] Successfully bumped revision number for resource 1f8e20dc-d79d-499a-ab8d-62f132a95ef0 (type: security_group_rules) to 0
2026-04-10 15:04:45.172 9 INFO neutron.wsgi [None req-d16e13f8-b7c3-4d12-87ed-84209e82e769 aa5d62c061394ed69dab502290bbdc55 1453c87af1854ff2bf19cdfd42145745 - - - -] 10.0.0.208 "POST /v2.0/security-group-rules HTTP/1.1" status: 201 len: 764 time: 0.1662946
2026-04-10 15:04:45.247 9 INFO neutron.wsgi [None req-ba60ba44-40e1-481c-af60-35b37523be0d e382d57a1dc8476e98df76a84f9e55ef 2cba3e0f0e5b4099934ec10d61cd2668 - - default default] 10.0.0.208 "GET /v2.0/security-groups?tenant_id=8ba6076412ac4726b1a5f186c5fec893&name=default HTTP/1.1" status: 200 len: 3000 time: 0.1473601
2026-04-10 15:04:45.459 9 INFO neutron.wsgi [None req-ea8bd5ec-2b14-4ade-b170-a054548f6dfc e382d57a1dc8476e98df76a84f9e55ef 2cba3e0f0e5b4099934ec10d61cd2668 - - - -] 10.0.0.208 "DELETE /v2.0/security-groups/4c7e6f38-3e01-415e-bfbc-7f074e3325b0 HTTP/1.1" status: 204 len: 168 time: 0.2063477
2026-04-10 15:04:45.481 10 INFO neutron.wsgi [req-5864143f-6a51-4d66-9633-74b096b5c121 req-fc296bac-0313-455a-a476-e180ddbc5790 aa5d62c061394ed69dab502290bbdc55 1453c87af1854ff2bf19cdfd42145745 - - default default] 10.0.0.190 "GET /v2.0/security-groups?name=tempest-lb_member_SG-1871801111&fields=id&tenant_id=1453c87af1854ff2bf19cdfd42145745 HTTP/1.1" status: 200 len: 267 time: 0.0481904
2026-04-10 15:04:45.593 10 INFO neutron.wsgi [req-5864143f-6a51-4d66-9633-74b096b5c121 req-f6791b08-b6f9-4dee-a12a-b6c5eb36d51d aa5d62c061394ed69dab502290bbdc55 1453c87af1854ff2bf19cdfd42145745 - - default default] 10.0.0.190 "GET /v2.0/networks?id=b1279347-e0e1-4906-b81d-77cf3d6d2ff0 HTTP/1.1" status: 200 len: 904 time: 0.1041687
2026-04-10 15:04:45.609 10 INFO neutron.wsgi [req-5864143f-6a51-4d66-9633-74b096b5c121 req-ff0465dd-fee6-45ec-86a2-f3abcd122be8 aa5d62c061394ed69dab502290bbdc55 1453c87af1854ff2bf19cdfd42145745 - - default default] 10.0.0.190 "GET /v2.0/quotas/1453c87af1854ff2bf19cdfd42145745 HTTP/1.1" status: 200 len: 386 time: 0.0113297
2026-04-10 15:04:45.679 9 INFO neutron.db.ovn_revision_numbers_db [None req-1a38d517-80d5-470f-bce5-21fbeb88f576 e382d57a1dc8476e98df76a84f9e55ef 2cba3e0f0e5b4099934ec10d61cd2668 - - default default] Successfully bumped revision number for resource a0c2b578-8027-43b4-b196-5fc41c399216 (type: security_groups) to 1
2026-04-10 15:04:45.699 9 INFO neutron.wsgi [None req-1a38d517-80d5-470f-bce5-21fbeb88f576 e382d57a1dc8476e98df76a84f9e55ef 2cba3e0f0e5b4099934ec10d61cd2668 - - default default] 10.0.0.208 "GET /v2.0/security-groups?tenant_id=b2d2f931d4324cbabe94797aa5800db7&name=default HTTP/1.1" status: 200 len: 3000 time: 0.1444933
2026-04-10 15:04:45.858 10 INFO neutron.wsgi [req-5864143f-6a51-4d66-9633-74b096b5c121 req-153d19bd-3c52-4a89-8e7e-1f9ebe10782e aa5d62c061394ed69dab502290bbdc55 1453c87af1854ff2bf19cdfd42145745 - - default default] 10.0.0.190 "GET /v2.0/ports?tenant_id=1453c87af1854ff2bf19cdfd42145745&fields=id HTTP/1.1" status: 200 len: 486 time: 0.2446709
2026-04-10 15:04:45.930 10 INFO neutron.wsgi [req-5864143f-6a51-4d66-9633-74b096b5c121 req-77abb2a9-4b63-4cc5-a836-b37638630934 5f5eaa5b8b5b47518a420b0611bcc752 a776d20284c64aff9ed08d1326d110cc - - a72e8f6bda1a45148bc0c7161d785101 a72e8f6bda1a45148bc0c7161d785101] 10.0.0.190 "GET /v2.0/networks/b1279347-e0e1-4906-b81d-77cf3d6d2ff0?fields=segments HTTP/1.1" status: 200 len: 212 time: 0.0591574
2026-04-10 15:04:45.964 10 INFO neutron.wsgi [None req-f120ecf2-d174-4856-b011-016af2df5a71 e382d57a1dc8476e98df76a84f9e55ef 2cba3e0f0e5b4099934ec10d61cd2668 - - - -] 10.0.0.208 "DELETE /v2.0/security-groups/a0c2b578-8027-43b4-b196-5fc41c399216 HTTP/1.1" status: 204 len: 168 time: 0.2590406
2026-04-10 15:04:45.998 10 INFO neutron.wsgi [req-5864143f-6a51-4d66-9633-74b096b5c121 req-eba5b92d-bc63-4ab8-932f-6419e54376e5 5f5eaa5b8b5b47518a420b0611bcc752 a776d20284c64aff9ed08d1326d110cc - - a72e8f6bda1a45148bc0c7161d785101 a72e8f6bda1a45148bc0c7161d785101] 10.0.0.190 "GET /v2.0/networks/b1279347-e0e1-4906-b81d-77cf3d6d2ff0?fields=provider%3Aphysical_network&fields=provider%3Anetwork_type HTTP/1.1" status: 200 len: 277 time: 0.0613976
2026-04-10 15:04:46.156 9 INFO neutron.wsgi [req-8155d5e3-db3c-4082-a8e1-db0630265a10 req-3368f0bb-0e94-4470-b5cf-4933d8c03f8c aa5d62c061394ed69dab502290bbdc55 1453c87af1854ff2bf19cdfd42145745 - - default default] 10.0.0.190 "GET /v2.0/ports?device_id=1d088c9e-c02b-486e-9515-f674a5be04a1 HTTP/1.1" status: 200 len: 210 time: 0.0353105
2026-04-10 15:04:46.853 10 INFO neutron.wsgi [req-5864143f-6a51-4d66-9633-74b096b5c121 req-76d161b0-aa90-4d39-9a2b-0cd47c52d6e1 aa5d62c061394ed69dab502290bbdc55 1453c87af1854ff2bf19cdfd42145745 - - default default] 199.204.45.132 "GET /v2.0/networks?id=b1279347-e0e1-4906-b81d-77cf3d6d2ff0 HTTP/1.1" status: 200 len: 904 time: 0.0597899
2026-04-10 15:04:46.899 10 INFO neutron.wsgi [req-5864143f-6a51-4d66-9633-74b096b5c121 req-44c75bd0-4992-4eb1-93db-b67a6248c39d aa5d62c061394ed69dab502290bbdc55 1453c87af1854ff2bf19cdfd42145745 - - default default] 199.204.45.132 "GET /v2.0/security-groups?fields=id&fields=name&tenant_id=1453c87af1854ff2bf19cdfd42145745 HTTP/1.1" status: 200 len: 378 time: 0.0407166
2026-04-10 15:04:46.978 9 INFO neutron.wsgi [-] 10.0.0.106 "GET / HTTP/1.1" status: 200 len: 247 time: 0.0027020
2026-04-10 15:04:46.981 9 INFO neutron.wsgi [-] 10.0.0.106 "GET / HTTP/1.1" status: 200 len: 247 time: 0.0022402
2026-04-10 15:04:47.297 10 WARNING neutron.scheduler.dhcp_agent_scheduler [None req-22cfeeb3-295a-4e2d-9b83-af37a586e8e3 aa5d62c061394ed69dab502290bbdc55 1453c87af1854ff2bf19cdfd42145745 - - - -] No more DHCP agents
2026-04-10 15:04:47.299 10 WARNING neutron.api.rpc.agentnotifiers.dhcp_rpc_agent_api [None req-22cfeeb3-295a-4e2d-9b83-af37a586e8e3 aa5d62c061394ed69dab502290bbdc55 1453c87af1854ff2bf19cdfd42145745 - - - -] Unable to schedule network b1279347-e0e1-4906-b81d-77cf3d6d2ff0: no agents available; will retry on subsequent port and subnet creation events.
2026-04-10 15:04:47.474 10 INFO neutron.db.ovn_revision_numbers_db [None req-22cfeeb3-295a-4e2d-9b83-af37a586e8e3 aa5d62c061394ed69dab502290bbdc55 1453c87af1854ff2bf19cdfd42145745 - - - -] Successfully bumped revision number for resource 3b2ad280-7e1f-4340-bd12-06d044ee0819 (type: ports) to 1
2026-04-10 15:04:47.500 10 INFO neutron.wsgi [None req-22cfeeb3-295a-4e2d-9b83-af37a586e8e3 aa5d62c061394ed69dab502290bbdc55 1453c87af1854ff2bf19cdfd42145745 - - - -] 199.204.45.132 "POST /v2.0/ports HTTP/1.1" status: 201 len: 1384 time: 0.5935941 /var/lib/openstack/lib/python3.10/site-packages/pycadf/identifier.py:71: UserWarning: Invalid uuid: neutron. To ensure interoperability, identifiers should be a valid uuid. warnings.warn(('Invalid uuid: %s. To ensure interoperability, '
2026-04-10 15:04:47.948 10 INFO neutron.db.ovn_revision_numbers_db [None req-6963477a-aa07-45d8-9222-d2596310a0a7 5f5eaa5b8b5b47518a420b0611bcc752 a776d20284c64aff9ed08d1326d110cc - - - -] Successfully bumped revision number for resource 3b2ad280-7e1f-4340-bd12-06d044ee0819 (type: ports) to 2
2026-04-10 15:04:48.127 10 INFO neutron.db.ovn_revision_numbers_db [None req-6963477a-aa07-45d8-9222-d2596310a0a7 5f5eaa5b8b5b47518a420b0611bcc752 a776d20284c64aff9ed08d1326d110cc - - - -] Successfully bumped revision number for resource 3b2ad280-7e1f-4340-bd12-06d044ee0819 (type: ports) to 2
2026-04-10 15:04:48.142 10 INFO neutron.wsgi [None req-6963477a-aa07-45d8-9222-d2596310a0a7 5f5eaa5b8b5b47518a420b0611bcc752 a776d20284c64aff9ed08d1326d110cc - - - -] 199.204.45.132 "PUT /v2.0/ports/3b2ad280-7e1f-4340-bd12-06d044ee0819 HTTP/1.1" status: 200 len: 1553 time: 0.6344602
2026-04-10 15:04:48.173 10 INFO neutron.notifiers.nova [-] Nova event matching ['req-6842791d-0537-4ba8-b606-b55245c40666'] response: {'name': 'network-changed', 'server_uuid': '1d088c9e-c02b-486e-9515-f674a5be04a1', 'tag': '3b2ad280-7e1f-4340-bd12-06d044ee0819', 'status': 'completed', 'code': 200} /var/lib/openstack/lib/python3.10/site-packages/pycadf/identifier.py:71: UserWarning: Invalid uuid: neutron. To ensure interoperability, identifiers should be a valid uuid. warnings.warn(('Invalid uuid: %s. To ensure interoperability, '
2026-04-10 15:04:48.210 10 INFO neutron.wsgi [req-5864143f-6a51-4d66-9633-74b096b5c121 req-77b7018b-a141-4986-84e7-0efcfc494050 5f5eaa5b8b5b47518a420b0611bcc752 a776d20284c64aff9ed08d1326d110cc - - a72e8f6bda1a45148bc0c7161d785101 a72e8f6bda1a45148bc0c7161d785101] 199.204.45.132 "GET /v2.0/ports?tenant_id=1453c87af1854ff2bf19cdfd42145745&device_id=1d088c9e-c02b-486e-9515-f674a5be04a1 HTTP/1.1" status: 200 len: 1584 time: 0.0303059
2026-04-10 15:04:48.245 10 INFO neutron.wsgi [req-5864143f-6a51-4d66-9633-74b096b5c121 req-152b5908-69b9-4d91-b6c3-8e9fa215942c 5f5eaa5b8b5b47518a420b0611bcc752 a776d20284c64aff9ed08d1326d110cc - - a72e8f6bda1a45148bc0c7161d785101 a72e8f6bda1a45148bc0c7161d785101] 199.204.45.132 "GET /v2.0/floatingips?fixed_ip_address=10.2.1.97&port_id=3b2ad280-7e1f-4340-bd12-06d044ee0819 HTTP/1.1" status: 200 len: 217 time: 0.0263546
2026-04-10 15:04:48.293 10 INFO neutron.wsgi [req-5864143f-6a51-4d66-9633-74b096b5c121 req-161b4427-2212-4b2a-8cc8-79a6850c2faf 5f5eaa5b8b5b47518a420b0611bcc752 a776d20284c64aff9ed08d1326d110cc - - a72e8f6bda1a45148bc0c7161d785101 a72e8f6bda1a45148bc0c7161d785101] 199.204.45.132 "GET /v2.0/floatingips?fixed_ip_address=fd7b%3Af9f7%3Afff%3A4eca%3A%3A22b&port_id=3b2ad280-7e1f-4340-bd12-06d044ee0819 HTTP/1.1" status: 200 len: 217 time: 0.0402474
2026-04-10 15:04:48.337 10 INFO neutron.wsgi [req-5864143f-6a51-4d66-9633-74b096b5c121 req-86a3f444-df51-42aa-aac2-965b80af0ccb 5f5eaa5b8b5b47518a420b0611bcc752 a776d20284c64aff9ed08d1326d110cc - - a72e8f6bda1a45148bc0c7161d785101 a72e8f6bda1a45148bc0c7161d785101] 199.204.45.132 "GET /v2.0/subnets?id=e51dcfae-4ee8-4df0-adc6-908eef817a17&id=7439cac4-87f6-4eb5-96bf-f5d00d6d7c4e HTTP/1.1" status: 200 len: 1562 time: 0.0350659
2026-04-10 15:04:48.370 10 INFO neutron.wsgi [req-5864143f-6a51-4d66-9633-74b096b5c121 req-e7619c1e-6cce-4796-be33-d9639478b46b 5f5eaa5b8b5b47518a420b0611bcc752 a776d20284c64aff9ed08d1326d110cc - - a72e8f6bda1a45148bc0c7161d785101 a72e8f6bda1a45148bc0c7161d785101] 199.204.45.132 "GET /v2.0/ports?network_id=b1279347-e0e1-4906-b81d-77cf3d6d2ff0&device_owner=network%3Adhcp HTTP/1.1" status: 200 len: 210 time: 0.0244462
2026-04-10 15:04:48.404 10 INFO neutron.wsgi [req-5864143f-6a51-4d66-9633-74b096b5c121 req-4db6f472-9e03-4945-820d-1868e211dd7c 5f5eaa5b8b5b47518a420b0611bcc752 a776d20284c64aff9ed08d1326d110cc - - a72e8f6bda1a45148bc0c7161d785101 a72e8f6bda1a45148bc0c7161d785101] 199.204.45.132 "GET /v2.0/ports?network_id=b1279347-e0e1-4906-b81d-77cf3d6d2ff0&device_owner=network%3Adhcp HTTP/1.1" status: 200 len: 210 time: 0.0287154
2026-04-10 15:04:48.478 10 INFO neutron.wsgi [req-5864143f-6a51-4d66-9633-74b096b5c121 req-8f77b5b7-2485-4f13-9312-819a576e6d8c 5f5eaa5b8b5b47518a420b0611bcc752 a776d20284c64aff9ed08d1326d110cc - - a72e8f6bda1a45148bc0c7161d785101 a72e8f6bda1a45148bc0c7161d785101] 199.204.45.132 "GET /v2.0/networks/b1279347-e0e1-4906-b81d-77cf3d6d2ff0?fields=segments HTTP/1.1" status: 200 len: 212 time: 0.0670569
2026-04-10 15:04:48.545 10 WARNING neutron.plugins.ml2.drivers.ovn.mech_driver.ovsdb.ovn_client [None req-7db40a3b-b51b-47c6-86fc-78675a44e990 - - - - - -] No hosting information found for port e3c8f399-3ebb-43dd-8964-957e651446c5: RuntimeError: No hosting information found for port e3c8f399-3ebb-43dd-8964-957e651446c5
2026-04-10 15:04:48.545 10 INFO neutron.plugins.ml2.drivers.ovn.mech_driver.mech_driver [None req-7db40a3b-b51b-47c6-86fc-78675a44e990 - - - - - -] OVN reports status up for port: ff80c326-8809-4ea0-bca9-687b7d74d4f3
2026-04-10 15:04:48.560 10 INFO neutron.plugins.ml2.plugin [None req-7db40a3b-b51b-47c6-86fc-78675a44e990 - - - - - -] Attempt 1 to provision port ff80c326-8809-4ea0-bca9-687b7d74d4f3
2026-04-10 15:04:48.574 10 INFO neutron.wsgi [req-5864143f-6a51-4d66-9633-74b096b5c121 req-d9d7bc2a-3265-4978-a22c-e2eb82abf04c 5f5eaa5b8b5b47518a420b0611bcc752 a776d20284c64aff9ed08d1326d110cc - - a72e8f6bda1a45148bc0c7161d785101 a72e8f6bda1a45148bc0c7161d785101] 199.204.45.132 "GET /v2.0/networks/b1279347-e0e1-4906-b81d-77cf3d6d2ff0?fields=provider%3Aphysical_network&fields=provider%3Anetwork_type HTTP/1.1" status: 200 len: 277 time: 0.0885015
2026-04-10 15:04:48.649 10 INFO neutron.wsgi [req-491e1a4a-dc3d-4046-9d08-ceb9e1f4235d req-581c2dd3-c9d9-40a6-9d62-a9af2151fce9 5f5eaa5b8b5b47518a420b0611bcc752 a776d20284c64aff9ed08d1326d110cc - - a72e8f6bda1a45148bc0c7161d785101 a72e8f6bda1a45148bc0c7161d785101] 199.204.45.132 "GET /v2.0/ports?tenant_id=1453c87af1854ff2bf19cdfd42145745&device_id=1d088c9e-c02b-486e-9515-f674a5be04a1 HTTP/1.1" status: 200 len: 1584 time: 0.0377486
2026-04-10 15:04:48.743 10 INFO neutron.wsgi [req-491e1a4a-dc3d-4046-9d08-ceb9e1f4235d req-bdd086d4-fd1a-4991-b42c-f2cfccf45469 5f5eaa5b8b5b47518a420b0611bcc752 a776d20284c64aff9ed08d1326d110cc - - a72e8f6bda1a45148bc0c7161d785101 a72e8f6bda1a45148bc0c7161d785101] 199.204.45.132 "GET /v2.0/networks?id=b1279347-e0e1-4906-b81d-77cf3d6d2ff0 HTTP/1.1" status: 200 len: 1003 time: 0.0878756
2026-04-10 15:04:48.788 10 INFO neutron.wsgi [req-491e1a4a-dc3d-4046-9d08-ceb9e1f4235d req-006e97ee-c1c6-46ed-8730-a4f8f6144a10 5f5eaa5b8b5b47518a420b0611bcc752 a776d20284c64aff9ed08d1326d110cc - - a72e8f6bda1a45148bc0c7161d785101 a72e8f6bda1a45148bc0c7161d785101] 199.204.45.132 "GET /v2.0/floatingips?fixed_ip_address=10.2.1.97&port_id=3b2ad280-7e1f-4340-bd12-06d044ee0819 HTTP/1.1" status: 200 len: 217 time: 0.0354767
2026-04-10 15:04:48.811 9 INFO neutron.plugins.ml2.drivers.ovn.mech_driver.mech_driver [None req-cea678a5-dc94-4109-a3f7-c8ed0fe94008 - - - - - -] OVN reports status up for port: 3b2ad280-7e1f-4340-bd12-06d044ee0819
2026-04-10 15:04:48.824 9 INFO neutron.plugins.ml2.plugin [None req-cea678a5-dc94-4109-a3f7-c8ed0fe94008 - - - - - -] Attempt 1 to provision port 3b2ad280-7e1f-4340-bd12-06d044ee0819
2026-04-10 15:04:48.840 10 INFO neutron.wsgi [req-491e1a4a-dc3d-4046-9d08-ceb9e1f4235d req-b61866a4-e171-4ebc-b259-0a621cc5ea89 5f5eaa5b8b5b47518a420b0611bcc752 a776d20284c64aff9ed08d1326d110cc - - a72e8f6bda1a45148bc0c7161d785101 a72e8f6bda1a45148bc0c7161d785101] 199.204.45.132 "GET /v2.0/floatingips?fixed_ip_address=fd7b%3Af9f7%3Afff%3A4eca%3A%3A22b&port_id=3b2ad280-7e1f-4340-bd12-06d044ee0819 HTTP/1.1" status: 200 len: 217 time: 0.0389843
2026-04-10 15:04:48.905 10 INFO neutron.wsgi [req-491e1a4a-dc3d-4046-9d08-ceb9e1f4235d req-cb5c7a61-d9e1-426f-9f88-fc958dbca6f2 5f5eaa5b8b5b47518a420b0611bcc752 a776d20284c64aff9ed08d1326d110cc - - a72e8f6bda1a45148bc0c7161d785101 a72e8f6bda1a45148bc0c7161d785101] 199.204.45.132 "GET /v2.0/subnets?id=e51dcfae-4ee8-4df0-adc6-908eef817a17&id=7439cac4-87f6-4eb5-96bf-f5d00d6d7c4e HTTP/1.1" status: 200 len: 1562 time: 0.0598161
2026-04-10 15:04:48.954 10 INFO neutron.wsgi [req-491e1a4a-dc3d-4046-9d08-ceb9e1f4235d req-a0530119-ea83-4ad6-b18c-5a3cbdb4c077 5f5eaa5b8b5b47518a420b0611bcc752 a776d20284c64aff9ed08d1326d110cc - - a72e8f6bda1a45148bc0c7161d785101 a72e8f6bda1a45148bc0c7161d785101] 199.204.45.132 "GET /v2.0/ports?network_id=b1279347-e0e1-4906-b81d-77cf3d6d2ff0&device_owner=network%3Adhcp HTTP/1.1" status: 200 len: 210 time: 0.0403028
2026-04-10 15:04:48.969 9 INFO neutron.notifiers.nova [-] Nova event matching ['req-d54a116e-c78d-4430-8869-aed6978a3364'] response: {'server_uuid': '1d088c9e-c02b-486e-9515-f674a5be04a1', 'name': 'network-vif-plugged', 'status': 'completed', 'tag': '3b2ad280-7e1f-4340-bd12-06d044ee0819', 'code': 200}
2026-04-10 15:04:48.988 10 INFO neutron.wsgi [req-491e1a4a-dc3d-4046-9d08-ceb9e1f4235d req-fd9381ae-c0d9-4a57-bf40-6bec01bdb4d7 5f5eaa5b8b5b47518a420b0611bcc752 a776d20284c64aff9ed08d1326d110cc - - a72e8f6bda1a45148bc0c7161d785101 a72e8f6bda1a45148bc0c7161d785101] 199.204.45.132 "GET /v2.0/ports?network_id=b1279347-e0e1-4906-b81d-77cf3d6d2ff0&device_owner=network%3Adhcp HTTP/1.1" status: 200 len: 210 time: 0.0258701
2026-04-10 15:04:49.009 10 INFO neutron.db.ovn_revision_numbers_db [None req-7db40a3b-b51b-47c6-86fc-78675a44e990 - - - - - -] Successfully bumped revision number for resource ff80c326-8809-4ea0-bca9-687b7d74d4f3 (type: ports) to 3
2026-04-10 15:04:49.100 10 INFO neutron.wsgi [req-491e1a4a-dc3d-4046-9d08-ceb9e1f4235d req-dd30b0df-aba1-42a0-a6f6-b609d62962a2 5f5eaa5b8b5b47518a420b0611bcc752 a776d20284c64aff9ed08d1326d110cc - - a72e8f6bda1a45148bc0c7161d785101 a72e8f6bda1a45148bc0c7161d785101] 199.204.45.132 "GET /v2.0/networks/b1279347-e0e1-4906-b81d-77cf3d6d2ff0?fields=segments HTTP/1.1" status: 200 len: 212 time: 0.1012480
2026-04-10 15:04:49.200 10 INFO neutron.wsgi [req-491e1a4a-dc3d-4046-9d08-ceb9e1f4235d req-d23c7a87-bd8f-4b8d-a9fd-6a42e68dd3b7 5f5eaa5b8b5b47518a420b0611bcc752 a776d20284c64aff9ed08d1326d110cc - - a72e8f6bda1a45148bc0c7161d785101 a72e8f6bda1a45148bc0c7161d785101] 199.204.45.132 "GET /v2.0/networks/b1279347-e0e1-4906-b81d-77cf3d6d2ff0?fields=provider%3Aphysical_network&fields=provider%3Anetwork_type HTTP/1.1" status: 200 len: 277 time: 0.0826845
2026-04-10 15:04:49.208 10 INFO neutron.db.ovn_revision_numbers_db [None req-7db40a3b-b51b-47c6-86fc-78675a44e990 - - - - - -] Successfully bumped revision number for resource ff80c326-8809-4ea0-bca9-687b7d74d4f3 (type: router_ports) to 3
2026-04-10 15:04:49.364 9 INFO neutron.db.ovn_revision_numbers_db [None req-cea678a5-dc94-4109-a3f7-c8ed0fe94008 - - - - - -] Successfully bumped revision number for resource 3b2ad280-7e1f-4340-bd12-06d044ee0819 (type: ports) to 4
2026-04-10 15:04:51.006 9 INFO neutron.notifiers.nova [-] Nova event matching ['req-ca323d45-530c-47ca-b9a3-75316b256a59'] response: {'server_uuid': '1d088c9e-c02b-486e-9515-f674a5be04a1', 'name': 'network-vif-plugged', 'status': 'completed', 'tag': '3b2ad280-7e1f-4340-bd12-06d044ee0819', 'code': 200} /var/lib/openstack/lib/python3.10/site-packages/pycadf/identifier.py:71: UserWarning: Invalid uuid: neutron. To ensure interoperability, identifiers should be a valid uuid. warnings.warn(('Invalid uuid: %s. To ensure interoperability, '
