2026-04-10 15:01:31.436 10 INFO neutron.db.ovn_revision_numbers_db [None req-a4376b1b-bb2a-40ec-8732-c6f989a0d45d e382d57a1dc8476e98df76a84f9e55ef 2cba3e0f0e5b4099934ec10d61cd2668 - - default default] Successfully bumped revision number for resource 6e6cc774-0530-4e78-bd5b-c2e0b6b242b1 (type: security_groups) to 1
2026-04-10 15:01:31.465 10 INFO neutron.wsgi [None req-a4376b1b-bb2a-40ec-8732-c6f989a0d45d e382d57a1dc8476e98df76a84f9e55ef 2cba3e0f0e5b4099934ec10d61cd2668 - - default default] 10.0.0.208 "GET /v2.0/security-groups?tenant_id=82ee9a2134a24555bfc5e4cc18b57c9d&name=default HTTP/1.1" status: 200 len: 2996 time: 0.3942051
2026-04-10 15:01:31.656 10 INFO neutron.wsgi [None req-aa26c729-c9b7-4f88-be01-5bb5306c3e7c e382d57a1dc8476e98df76a84f9e55ef 2cba3e0f0e5b4099934ec10d61cd2668 - - - -] 10.0.0.208 "DELETE /v2.0/security-groups/11704a61-cd6c-472a-bd03-b4d60a2fbdf9 HTTP/1.1" status: 204 len: 168 time: 0.2236178
2026-04-10 15:01:31.676 10 INFO neutron.wsgi [None req-507a1a75-9241-49ff-8327-3a5ad52fd970 e382d57a1dc8476e98df76a84f9e55ef 2cba3e0f0e5b4099934ec10d61cd2668 - - - -] 10.0.0.208 "DELETE /v2.0/security-groups/6e6cc774-0530-4e78-bd5b-c2e0b6b242b1 HTTP/1.1" status: 204 len: 168 time: 0.2054765
2026-04-10 15:01:31.941 9 INFO neutron.plugins.ml2.drivers.ovn.mech_driver.mech_driver [None req-cea678a5-dc94-4109-a3f7-c8ed0fe94008 - - - - - -] OVN reports status up for port: c40a8818-b115-4d67-96b7-c92670fa5e56
2026-04-10 15:01:31.959 9 INFO neutron.plugins.ml2.plugin [None req-cea678a5-dc94-4109-a3f7-c8ed0fe94008 - - - - - -] Attempt 1 to provision port c40a8818-b115-4d67-96b7-c92670fa5e56
2026-04-10 15:01:31.961 9 INFO neutron.db.ovn_revision_numbers_db [None req-e2f913d5-39e7-4b54-9a69-ee00ccc2be5e 0745dded355f447ea91ab3499e1ea199 5e388effa13d426aba2392582fbd9865 - - default default] Successfully bumped revision number for resource c40a8818-b115-4d67-96b7-c92670fa5e56 (type: router_ports) to 2
2026-04-10 15:01:31.978 10 INFO neutron.wsgi [-] 10.0.0.106 "GET / HTTP/1.1" status: 200 len: 247 time: 0.0026340
2026-04-10 15:01:31.982 10 INFO neutron.wsgi [-] 10.0.0.106 "GET / HTTP/1.1" status: 200 len: 247 time: 0.0023458
2026-04-10 15:01:32.319 9 INFO neutron.db.ovn_revision_numbers_db [None req-a33d29ab-f75c-4426-9f97-6b359038b0d3 e382d57a1dc8476e98df76a84f9e55ef 2cba3e0f0e5b4099934ec10d61cd2668 - - - -] Successfully bumped revision number for resource 7f022cfb-a1bf-44a8-b061-414bbcd480f7 (type: ports) to 2
2026-04-10 15:01:32.350 9 INFO neutron.db.ovn_revision_numbers_db [None req-a33d29ab-f75c-4426-9f97-6b359038b0d3 e382d57a1dc8476e98df76a84f9e55ef 2cba3e0f0e5b4099934ec10d61cd2668 - - - -] Successfully bumped revision number for resource 5ead6f1f-7d0e-40aa-bf2d-a57597a6df84 (type: subnets) to 0
2026-04-10 15:01:32.382 9 INFO neutron.wsgi [None req-a33d29ab-f75c-4426-9f97-6b359038b0d3 e382d57a1dc8476e98df76a84f9e55ef 2cba3e0f0e5b4099934ec10d61cd2668 - - - -] 10.0.0.208 "POST /v2.0/subnets HTTP/1.1" status: 201 len: 866 time: 1.3043344
2026-04-10 15:01:32.419 9 INFO neutron.db.ovn_revision_numbers_db [None req-e2f913d5-39e7-4b54-9a69-ee00ccc2be5e 0745dded355f447ea91ab3499e1ea199 5e388effa13d426aba2392582fbd9865 - - default default] Successfully bumped revision number for resource c40a8818-b115-4d67-96b7-c92670fa5e56 (type: ports) to 2
2026-04-10 15:01:32.510 9 WARNING neutron.scheduler.dhcp_agent_scheduler [None req-e2f913d5-39e7-4b54-9a69-ee00ccc2be5e 0745dded355f447ea91ab3499e1ea199 5e388effa13d426aba2392582fbd9865 - - default default] No more DHCP agents
2026-04-10 15:01:32.513 9 WARNING neutron.api.rpc.agentnotifiers.dhcp_rpc_agent_api [None req-e2f913d5-39e7-4b54-9a69-ee00ccc2be5e 0745dded355f447ea91ab3499e1ea199 5e388effa13d426aba2392582fbd9865 - - default default] Unable to schedule network ddd60dbb-6ec1-4049-9c09-643efd354d49: no agents available; will retry on subsequent port and subnet creation events.
2026-04-10 15:01:32.559 9 INFO neutron.db.ovn_revision_numbers_db [None req-cea678a5-dc94-4109-a3f7-c8ed0fe94008 - - - - - -] Successfully bumped revision number for resource c40a8818-b115-4d67-96b7-c92670fa5e56 (type: ports) to 3
2026-04-10 15:01:32.707 9 INFO neutron.db.ovn_revision_numbers_db [None req-cea678a5-dc94-4109-a3f7-c8ed0fe94008 - - - - - -] Successfully bumped revision number for resource c40a8818-b115-4d67-96b7-c92670fa5e56 (type: router_ports) to 3
2026-04-10 15:01:32.732 9 INFO neutron.db.ovn_revision_numbers_db [None req-e2f913d5-39e7-4b54-9a69-ee00ccc2be5e 0745dded355f447ea91ab3499e1ea199 5e388effa13d426aba2392582fbd9865 - - - -] Successfully bumped revision number for resource c40a8818-b115-4d67-96b7-c92670fa5e56 (type: router_ports) to 3
2026-04-10 15:01:32.734 9 INFO neutron.wsgi [None req-e2f913d5-39e7-4b54-9a69-ee00ccc2be5e 0745dded355f447ea91ab3499e1ea199 5e388effa13d426aba2392582fbd9865 - - - -] 10.0.0.208 "PUT /v2.0/routers/31ce68fa-a0b8-40f4-9d49-c02a36fc62dc/add_router_interface HTTP/1.1" status: 200 len: 503 time: 2.5932224
2026-04-10 15:01:32.871 10 INFO neutron.wsgi [None req-7b1ce491-390e-4a7f-9172-2bcf1b09ea39 0745dded355f447ea91ab3499e1ea199 5e388effa13d426aba2392582fbd9865 - - default default] 10.0.0.208 "GET /v2.0/ports/c40a8818-b115-4d67-96b7-c92670fa5e56 HTTP/1.1" status: 200 len: 1137 time: 0.1306665
2026-04-10 15:01:32.909 10 INFO neutron.wsgi [None req-86bd1d44-f62c-4b57-84ba-79529b2f2e13 0745dded355f447ea91ab3499e1ea199 5e388effa13d426aba2392582fbd9865 - - default default] 10.0.0.208 "GET /v2.0/ports/c40a8818-b115-4d67-96b7-c92670fa5e56 HTTP/1.1" status: 200 len: 1137 time: 0.0338216
2026-04-10 15:01:32.935 10 WARNING neutron.scheduler.dhcp_agent_scheduler [None req-fece34e8-f532-4d35-b13d-645625aa61e5 e382d57a1dc8476e98df76a84f9e55ef 2cba3e0f0e5b4099934ec10d61cd2668 - - - -] No more DHCP agents
2026-04-10 15:01:32.937 10 WARNING neutron.api.rpc.agentnotifiers.dhcp_rpc_agent_api [None req-fece34e8-f532-4d35-b13d-645625aa61e5 e382d57a1dc8476e98df76a84f9e55ef 2cba3e0f0e5b4099934ec10d61cd2668 - - - -] Unable to schedule network 890fb310-6b42-4a79-a46a-55281d1e97d5: no agents available; will retry on subsequent port and subnet creation events.
2026-04-10 15:01:33.086 10 INFO neutron.db.ovn_revision_numbers_db [None req-fece34e8-f532-4d35-b13d-645625aa61e5 e382d57a1dc8476e98df76a84f9e55ef 2cba3e0f0e5b4099934ec10d61cd2668 - - - -] Successfully bumped revision number for resource 2e8632e4-f570-41ce-9db1-bf893c791c24 (type: ports) to 1
2026-04-10 15:01:33.693 9 INFO neutron.wsgi [None req-56ae8856-d6de-4a3c-a88c-ac33465b7f6e 0745dded355f447ea91ab3499e1ea199 5e388effa13d426aba2392582fbd9865 - - - -] 10.0.0.208 "PUT /v2.0/routers/31ce68fa-a0b8-40f4-9d49-c02a36fc62dc/remove_router_interface HTTP/1.1" status: 200 len: 503 time: 0.7766676
2026-04-10 15:01:33.736 10 INFO neutron.wsgi [None req-b1acb21a-f411-41be-b281-ba849e43fb82 0745dded355f447ea91ab3499e1ea199 5e388effa13d426aba2392582fbd9865 - - default default] 10.0.0.208 "GET /v2.0/ports/6c00a561-47a4-45f3-a64a-146ef2f80a1b HTTP/1.1" status: 200 len: 1137 time: 0.0373292 /var/lib/openstack/lib/python3.10/site-packages/pycadf/identifier.py:71: UserWarning: Invalid uuid: neutron. To ensure interoperability, identifiers should be a valid uuid. warnings.warn(('Invalid uuid: %s. To ensure interoperability, '
2026-04-10 15:01:33.821 9 INFO neutron.db.ovn_revision_numbers_db [None req-f2866120-7d64-4cd9-9174-676c50aa5751 4c354798a7364ca1b42be859fdd8166e f39e29d9aeef46dbbc5764648f807024 - - - -] Successfully bumped revision number for resource b3de4249-b197-4894-afdc-a90f503b59cd (type: security_groups) to 1
2026-04-10 15:01:33.895 9 INFO neutron.db.segments_db [None req-f2866120-7d64-4cd9-9174-676c50aa5751 4c354798a7364ca1b42be859fdd8166e f39e29d9aeef46dbbc5764648f807024 - - - -] Added segment 9a35f4f5-c3d0-4f27-abbd-95b5cfd90b0b of type geneve for network ec322cc0-5689-40b5-aef5-51008e8e4420
2026-04-10 15:01:33.966 10 INFO neutron.db.ovn_revision_numbers_db [None req-fece34e8-f532-4d35-b13d-645625aa61e5 e382d57a1dc8476e98df76a84f9e55ef 2cba3e0f0e5b4099934ec10d61cd2668 - - - -] Successfully bumped revision number for resource 2e8632e4-f570-41ce-9db1-bf893c791c24 (type: router_ports) to 1
2026-04-10 15:01:33.971 9 INFO neutron.plugins.ml2.drivers.ovn.mech_driver.ovsdb.ovsdb_monitor [None req-b1e4ae3f-5f16-406d-bfa6-f85cf68c4d2f - - - - - -] Router f71e7df4-1779-42c8-96a5-74c6705fd970 is bound to host instance
2026-04-10 15:01:34.044 10 INFO neutron.db.ovn_revision_numbers_db [None req-fece34e8-f532-4d35-b13d-645625aa61e5 e382d57a1dc8476e98df76a84f9e55ef 2cba3e0f0e5b4099934ec10d61cd2668 - - - -] Successfully bumped revision number for resource f71e7df4-1779-42c8-96a5-74c6705fd970 (type: routers) to 3
2026-04-10 15:01:34.060 10 INFO neutron.wsgi [None req-fece34e8-f532-4d35-b13d-645625aa61e5 e382d57a1dc8476e98df76a84f9e55ef 2cba3e0f0e5b4099934ec10d61cd2668 - - - -] 10.0.0.208 "POST /v2.0/routers HTTP/1.1" status: 201 len: 877 time: 1.6697245
2026-04-10 15:01:34.134 9 INFO neutron.db.ovn_revision_numbers_db [None req-f2866120-7d64-4cd9-9174-676c50aa5751 4c354798a7364ca1b42be859fdd8166e f39e29d9aeef46dbbc5764648f807024 - - - -] Successfully bumped revision number for resource ec322cc0-5689-40b5-aef5-51008e8e4420 (type: networks) to 1
2026-04-10 15:01:34.485 9 WARNING neutron.scheduler.dhcp_agent_scheduler [None req-f2866120-7d64-4cd9-9174-676c50aa5751 4c354798a7364ca1b42be859fdd8166e f39e29d9aeef46dbbc5764648f807024 - - - -] No more DHCP agents
2026-04-10 15:01:34.498 9 WARNING neutron.api.rpc.agentnotifiers.dhcp_rpc_agent_api [None req-f2866120-7d64-4cd9-9174-676c50aa5751 4c354798a7364ca1b42be859fdd8166e f39e29d9aeef46dbbc5764648f807024 - - - -] Unable to schedule network ec322cc0-5689-40b5-aef5-51008e8e4420: no agents available; will retry on subsequent port and subnet creation events.
2026-04-10 15:01:34.509 10 WARNING neutron.scheduler.dhcp_agent_scheduler [None req-1c98d6a6-9e33-4aaa-b608-36827dc70229 e382d57a1dc8476e98df76a84f9e55ef 2cba3e0f0e5b4099934ec10d61cd2668 - - default default] No more DHCP agents
2026-04-10 15:01:34.511 10 WARNING neutron.api.rpc.agentnotifiers.dhcp_rpc_agent_api [None req-1c98d6a6-9e33-4aaa-b608-36827dc70229 e382d57a1dc8476e98df76a84f9e55ef 2cba3e0f0e5b4099934ec10d61cd2668 - - default default] Unable to schedule network 9b6015f6-63ee-43a3-bc72-d18c4f9d91f0: no agents available; will retry on subsequent port and subnet creation events.
2026-04-10 15:01:34.649 10 INFO neutron.db.ovn_revision_numbers_db [None req-1c98d6a6-9e33-4aaa-b608-36827dc70229 e382d57a1dc8476e98df76a84f9e55ef 2cba3e0f0e5b4099934ec10d61cd2668 - - default default] Successfully bumped revision number for resource 44e3fcdf-ed4d-43b8-9d48-28c38de4e534 (type: ports) to 1
2026-04-10 15:01:34.927 9 INFO neutron.db.ovn_revision_numbers_db [None req-f2866120-7d64-4cd9-9174-676c50aa5751 4c354798a7364ca1b42be859fdd8166e f39e29d9aeef46dbbc5764648f807024 - - - -] Successfully bumped revision number for resource 642b619e-8a80-4bee-a42b-c8c898c335e6 (type: ports) to 1
2026-04-10 15:01:34.970 9 INFO neutron.wsgi [None req-f2866120-7d64-4cd9-9174-676c50aa5751 4c354798a7364ca1b42be859fdd8166e f39e29d9aeef46dbbc5764648f807024 - - - -] 10.0.0.208 "POST /v2.0/networks HTTP/1.1" status: 201 len: 849 time: 1.5286977
2026-04-10 15:01:35.151 10 WARNING neutron.plugins.ml2.drivers.ovn.mech_driver.ovsdb.ovn_client [None req-7db40a3b-b51b-47c6-86fc-78675a44e990 - - - - - -] No port found with ID 6c00a561-47a4-45f3-a64a-146ef2f80a1b: RuntimeError: No port found with ID 6c00a561-47a4-45f3-a64a-146ef2f80a1b
2026-04-10 15:01:35.151 10 INFO neutron.plugins.ml2.drivers.ovn.mech_driver.mech_driver [None req-7db40a3b-b51b-47c6-86fc-78675a44e990 - - - - - -] OVN reports status up for port: 44e3fcdf-ed4d-43b8-9d48-28c38de4e534
2026-04-10 15:01:35.158 10 INFO neutron.db.ovn_revision_numbers_db [None req-1c98d6a6-9e33-4aaa-b608-36827dc70229 e382d57a1dc8476e98df76a84f9e55ef 2cba3e0f0e5b4099934ec10d61cd2668 - - default default] Successfully bumped revision number for resource 44e3fcdf-ed4d-43b8-9d48-28c38de4e534 (type: router_ports) to 2
2026-04-10 15:01:35.159 10 INFO neutron.plugins.ml2.plugin [None req-7db40a3b-b51b-47c6-86fc-78675a44e990 - - - - - -] Attempt 1 to provision port 44e3fcdf-ed4d-43b8-9d48-28c38de4e534
2026-04-10 15:01:35.235 9 INFO neutron.wsgi [None req-3101943f-290d-490c-bc7d-0815901a923f 0745dded355f447ea91ab3499e1ea199 5e388effa13d426aba2392582fbd9865 - - - -] 10.0.0.208 "PUT /v2.0/routers/31ce68fa-a0b8-40f4-9d49-c02a36fc62dc/remove_router_interface HTTP/1.1" status: 200 len: 503 time: 1.4902899 /var/lib/openstack/lib/python3.10/site-packages/pycadf/identifier.py:71: UserWarning: Invalid uuid: neutron. To ensure interoperability, identifiers should be a valid uuid. warnings.warn(('Invalid uuid: %s. To ensure interoperability, '
2026-04-10 15:01:35.273 9 INFO neutron.wsgi [None req-4a5b298f-d020-4a6a-94c1-8b9a427c1785 0745dded355f447ea91ab3499e1ea199 5e388effa13d426aba2392582fbd9865 - - default default] 10.0.0.208 "GET /v2.0/ports?device_id=31ce68fa-a0b8-40f4-9d49-c02a36fc62dc HTTP/1.1" status: 200 len: 205 time: 0.0332634
2026-04-10 15:01:35.295 9 INFO neutron.db.ovn_revision_numbers_db [None req-b1e4ae3f-5f16-406d-bfa6-f85cf68c4d2f - - - - - -] Successfully bumped revision number for resource 2e8632e4-f570-41ce-9db1-bf893c791c24 (type: ports) to 1
2026-04-10 15:01:35.386 10 INFO neutron.db.ovn_revision_numbers_db [None req-1c98d6a6-9e33-4aaa-b608-36827dc70229 e382d57a1dc8476e98df76a84f9e55ef 2cba3e0f0e5b4099934ec10d61cd2668 - - default default] Successfully bumped revision number for resource 44e3fcdf-ed4d-43b8-9d48-28c38de4e534 (type: ports) to 2
2026-04-10 15:01:35.465 9 WARNING neutron.scheduler.dhcp_agent_scheduler [None req-67790459-11de-4e69-83aa-7420ce0a944e 4c354798a7364ca1b42be859fdd8166e f39e29d9aeef46dbbc5764648f807024 - - - -] No more DHCP agents
2026-04-10 15:01:35.472 9 WARNING neutron.api.rpc.agentnotifiers.dhcp_rpc_agent_api [None req-67790459-11de-4e69-83aa-7420ce0a944e 4c354798a7364ca1b42be859fdd8166e f39e29d9aeef46dbbc5764648f807024 - - - -] Unable to schedule network ec322cc0-5689-40b5-aef5-51008e8e4420: no agents available; will retry on subsequent port and subnet creation events.
2026-04-10 15:01:35.485 9 INFO neutron.db.ovn_revision_numbers_db [None req-67790459-11de-4e69-83aa-7420ce0a944e 4c354798a7364ca1b42be859fdd8166e f39e29d9aeef46dbbc5764648f807024 - - - -] Successfully bumped revision number for resource a02c1325-7b1a-4395-b0b6-8713f75117a2 (type: subnets) to 0
2026-04-10 15:01:35.518 9 INFO neutron.wsgi [None req-67790459-11de-4e69-83aa-7420ce0a944e 4c354798a7364ca1b42be859fdd8166e f39e29d9aeef46dbbc5764648f807024 - - - -] 10.0.0.208 "POST /v2.0/subnets HTTP/1.1" status: 201 len: 802 time: 0.5439084
2026-04-10 15:01:35.585 10 WARNING neutron.scheduler.dhcp_agent_scheduler [None req-1c98d6a6-9e33-4aaa-b608-36827dc70229 e382d57a1dc8476e98df76a84f9e55ef 2cba3e0f0e5b4099934ec10d61cd2668 - - default default] No more DHCP agents
2026-04-10 15:01:35.588 10 WARNING neutron.api.rpc.agentnotifiers.dhcp_rpc_agent_api [None req-1c98d6a6-9e33-4aaa-b608-36827dc70229 e382d57a1dc8476e98df76a84f9e55ef 2cba3e0f0e5b4099934ec10d61cd2668 - - default default] Unable to schedule network 9b6015f6-63ee-43a3-bc72-d18c4f9d91f0: no agents available; will retry on subsequent port and subnet creation events.
2026-04-10 15:01:35.615 10 INFO neutron.wsgi [None req-04f2231e-65be-42d7-8f4f-77f960557476 0745dded355f447ea91ab3499e1ea199 5e388effa13d426aba2392582fbd9865 - - - -] 10.0.0.208 "DELETE /v2.0/routers/31ce68fa-a0b8-40f4-9d49-c02a36fc62dc HTTP/1.1" status: 204 len: 168 time: 0.3323567
2026-04-10 15:01:35.632 10 INFO neutron.db.ovn_revision_numbers_db [None req-7db40a3b-b51b-47c6-86fc-78675a44e990 - - - - - -] Successfully bumped revision number for resource 44e3fcdf-ed4d-43b8-9d48-28c38de4e534 (type: ports) to 3
2026-04-10 15:01:35.773 10 INFO neutron.db.ovn_revision_numbers_db [None req-7db40a3b-b51b-47c6-86fc-78675a44e990 - - - - - -] Successfully bumped revision number for resource 44e3fcdf-ed4d-43b8-9d48-28c38de4e534 (type: router_ports) to 3
2026-04-10 15:01:35.863 9 INFO neutron.db.ovn_revision_numbers_db [None req-b1e4ae3f-5f16-406d-bfa6-f85cf68c4d2f - - - - - -] Successfully bumped revision number for resource 2e8632e4-f570-41ce-9db1-bf893c791c24 (type: router_ports) to 3
2026-04-10 15:01:36.057 10 INFO neutron.db.ovn_revision_numbers_db [None req-1c98d6a6-9e33-4aaa-b608-36827dc70229 e382d57a1dc8476e98df76a84f9e55ef 2cba3e0f0e5b4099934ec10d61cd2668 - - - -] Successfully bumped revision number for resource 44e3fcdf-ed4d-43b8-9d48-28c38de4e534 (type: router_ports) to 3
2026-04-10 15:01:36.061 10 INFO neutron.wsgi [None req-1c98d6a6-9e33-4aaa-b608-36827dc70229 e382d57a1dc8476e98df76a84f9e55ef 2cba3e0f0e5b4099934ec10d61cd2668 - - - -] 10.0.0.208 "PUT /v2.0/routers/f71e7df4-1779-42c8-96a5-74c6705fd970/add_router_interface HTTP/1.1" status: 200 len: 503 time: 1.9955504
2026-04-10 15:01:36.075 9 INFO neutron.wsgi [None req-583d15db-01fd-45a6-bc62-dc45367d3ac0 0745dded355f447ea91ab3499e1ea199 5e388effa13d426aba2392582fbd9865 - - - -] 10.0.0.208 "DELETE /v2.0/subnets/c26fd9f4-86d8-4503-8c93-f9d92e55e4f8 HTTP/1.1" status: 204 len: 168 time: 0.4528811
2026-04-10 15:01:36.105 9 INFO neutron.db.ovn_revision_numbers_db [None req-b1e4ae3f-5f16-406d-bfa6-f85cf68c4d2f - - - - - -] Successfully bumped revision number for resource 2e8632e4-f570-41ce-9db1-bf893c791c24 (type: ports) to 2
2026-04-10 15:01:36.485 9 WARNING neutron.scheduler.dhcp_agent_scheduler [None req-4df4fb09-05d4-47a3-897a-95f2726209e4 4c354798a7364ca1b42be859fdd8166e f39e29d9aeef46dbbc5764648f807024 - - - -] No more DHCP agents
2026-04-10 15:01:36.492 9 WARNING neutron.api.rpc.agentnotifiers.dhcp_rpc_agent_api [None req-4df4fb09-05d4-47a3-897a-95f2726209e4 4c354798a7364ca1b42be859fdd8166e f39e29d9aeef46dbbc5764648f807024 - - - -] Unable to schedule network 890fb310-6b42-4a79-a46a-55281d1e97d5: no agents available; will retry on subsequent port and subnet creation events.
2026-04-10 15:01:36.564 10 INFO neutron.wsgi [None req-ab581f91-ae45-43de-bd43-ef96d497b0cc 0745dded355f447ea91ab3499e1ea199 5e388effa13d426aba2392582fbd9865 - - - -] 10.0.0.208 "DELETE /v2.0/subnets/c24f80ec-273d-4dee-a18f-967ffd320c4c HTTP/1.1" status: 204 len: 168 time: 0.4812994
2026-04-10 15:01:36.639 9 INFO neutron.db.ovn_revision_numbers_db [None req-b1e4ae3f-5f16-406d-bfa6-f85cf68c4d2f - - - - - -] Successfully bumped revision number for resource 2e8632e4-f570-41ce-9db1-bf893c791c24 (type: ports) to 4
2026-04-10 15:01:36.663 9 INFO neutron.db.ovn_revision_numbers_db [None req-4df4fb09-05d4-47a3-897a-95f2726209e4 4c354798a7364ca1b42be859fdd8166e f39e29d9aeef46dbbc5764648f807024 - - - -] Successfully bumped revision number for resource 932bf9bd-8b63-4f5d-8ab6-1ae1b4f9498b (type: ports) to 1
2026-04-10 15:01:36.954 10 INFO neutron.services.segments.plugin [-] Segment e71be28b-f1de-4605-8d86-105056e1ab88 resource provider aggregate not found
2026-04-10 15:01:36.959 10 INFO neutron.services.segments.plugin [-] Segment e71be28b-f1de-4605-8d86-105056e1ab88 resource provider aggregate not found
2026-04-10 15:01:36.976 10 INFO neutron.services.segments.plugin [-] Segment e71be28b-f1de-4605-8d86-105056e1ab88 resource provider not found; error: Placement Client Error (4xx): {"errors": [{"status": 404, "title": "Not Found", "detail": "The resource could not be found.\n\n No resource provider with uuid e71be28b-f1de-4605-8d86-105056e1ab88 found for delete ", "request_id": "req-391d8758-5402-40f6-a5dc-02c0fda8bb04"}]}
2026-04-10 15:01:36.979 10 INFO neutron.services.segments.plugin [-] Segment e71be28b-f1de-4605-8d86-105056e1ab88 resource provider not found; error: Placement Client Error (4xx): {"errors": [{"status": 404, "title": "Not Found", "detail": "The resource could not be found.\n\n No resource provider with uuid e71be28b-f1de-4605-8d86-105056e1ab88 found for delete ", "request_id": "req-8132f256-974c-4ce9-aacf-c5585505c70f"}]}
2026-04-10 15:01:36.992 10 INFO neutron.wsgi [None req-b820541b-5b91-4b31-ab49-9405b8c53fd6 0745dded355f447ea91ab3499e1ea199 5e388effa13d426aba2392582fbd9865 - - - -] 10.0.0.208 "DELETE /v2.0/networks/ddd60dbb-6ec1-4049-9c09-643efd354d49 HTTP/1.1" status: 204 len: 168 time: 0.4219949
2026-04-10 15:01:37.014 9 INFO neutron.db.ovn_revision_numbers_db [None req-b1e4ae3f-5f16-406d-bfa6-f85cf68c4d2f - - - - - -] Successfully bumped revision number for resource 2e8632e4-f570-41ce-9db1-bf893c791c24 (type: router_ports) to 4
2026-04-10 15:01:37.028 9 INFO neutron.db.ovn_revision_numbers_db [None req-317eca67-8055-487c-a395-0da903dc0941 7c0f3167286246bc993dbcf493207b84 f91464c4500748e89ae786ad335092d0 - - - -] Successfully bumped revision number for resource 4789a51b-f0e5-40ff-a87c-7c47c2825834 (type: security_groups) to 1
2026-04-10 15:01:37.056 9 INFO neutron.wsgi [None req-317eca67-8055-487c-a395-0da903dc0941 7c0f3167286246bc993dbcf493207b84 f91464c4500748e89ae786ad335092d0 - - - -] 10.0.0.208 "POST /v2.0/security-groups HTTP/1.1" status: 201 len: 1797 time: 0.2473991
2026-04-10 15:01:37.239 10 INFO neutron.db.ovn_revision_numbers_db [None req-661b8e5a-fb65-4eca-b979-cbb952f9e27e 7c0f3167286246bc993dbcf493207b84 f91464c4500748e89ae786ad335092d0 - - - -] Successfully bumped revision number for resource 4f7bb760-6aed-48e2-83fd-c9b62df1b1c3 (type: security_group_rules) to 0
2026-04-10 15:01:37.267 10 INFO neutron.wsgi [None req-661b8e5a-fb65-4eca-b979-cbb952f9e27e 7c0f3167286246bc993dbcf493207b84 f91464c4500748e89ae786ad335092d0 - - - -] 10.0.0.208 "POST /v2.0/security-group-rules HTTP/1.1" status: 201 len: 764 time: 0.2063696
2026-04-10 15:01:37.409 9 INFO neutron.db.ovn_revision_numbers_db [None req-4df4fb09-05d4-47a3-897a-95f2726209e4 4c354798a7364ca1b42be859fdd8166e f39e29d9aeef46dbbc5764648f807024 - - - -] Successfully bumped revision number for resource 932bf9bd-8b63-4f5d-8ab6-1ae1b4f9498b (type: router_ports) to 1
2026-04-10 15:01:37.447 9 INFO neutron.db.ovn_revision_numbers_db [None req-7880fc40-abfc-4844-bc00-7b218aa191a6 7c0f3167286246bc993dbcf493207b84 f91464c4500748e89ae786ad335092d0 - - - -] Successfully bumped revision number for resource e2a68eae-9172-45c7-a2a2-365b565b96e7 (type: security_group_rules) to 0
2026-04-10 15:01:37.455 10 INFO neutron.wsgi [None req-209600f9-3ab2-4507-88a7-50294443bde0 0745dded355f447ea91ab3499e1ea199 5e388effa13d426aba2392582fbd9865 - - - -] 10.0.0.208 "DELETE /v2.0/networks/bade717c-fdf3-45d5-ba10-e9a2c966969a HTTP/1.1" status: 204 len: 168 time: 0.4515684
2026-04-10 15:01:37.476 9 INFO neutron.wsgi [None req-7880fc40-abfc-4844-bc00-7b218aa191a6 7c0f3167286246bc993dbcf493207b84 f91464c4500748e89ae786ad335092d0 - - - -] 10.0.0.208 "POST /v2.0/security-group-rules HTTP/1.1" status: 201 len: 769 time: 0.1976805
2026-04-10 15:01:37.479 9 INFO neutron.db.ovn_revision_numbers_db [None req-4df4fb09-05d4-47a3-897a-95f2726209e4 4c354798a7364ca1b42be859fdd8166e f39e29d9aeef46dbbc5764648f807024 - - - -] Successfully bumped revision number for resource be03277d-ac6f-4b9c-b231-8a9ef8273997 (type: routers) to 3
2026-04-10 15:01:37.493 9 INFO neutron.wsgi [None req-4df4fb09-05d4-47a3-897a-95f2726209e4 4c354798a7364ca1b42be859fdd8166e f39e29d9aeef46dbbc5764648f807024 - - - -] 10.0.0.208 "POST /v2.0/routers HTTP/1.1" status: 201 len: 874 time: 1.9670918
2026-04-10 15:01:37.553 9 WARNING neutron.plugins.ml2.drivers.ovn.mech_driver.ovsdb.ovn_client [None req-cea678a5-dc94-4109-a3f7-c8ed0fe94008 - - - - - -] No port found with ID c40a8818-b115-4d67-96b7-c92670fa5e56: RuntimeError: No port found with ID c40a8818-b115-4d67-96b7-c92670fa5e56
2026-04-10 15:01:37.553 9 INFO neutron.plugins.ml2.drivers.ovn.mech_driver.mech_driver [None req-cea678a5-dc94-4109-a3f7-c8ed0fe94008 - - - - - -] OVN reports status up for port: 2e8632e4-f570-41ce-9db1-bf893c791c24
2026-04-10 15:01:37.557 10 INFO neutron.db.segments_db [None req-168614d2-3686-475f-9538-8f47ed79bd54 0745dded355f447ea91ab3499e1ea199 5e388effa13d426aba2392582fbd9865 - - - -] Added segment 8c5e28ed-5f2e-468e-b87f-24b4a08cee12 of type geneve for network a4cefc92-267d-4666-ada6-9d4cc0b01146
2026-04-10 15:01:37.567 9 INFO neutron.plugins.ml2.plugin [None req-cea678a5-dc94-4109-a3f7-c8ed0fe94008 - - - - - -] Attempt 1 to provision port 2e8632e4-f570-41ce-9db1-bf893c791c24
2026-04-10 15:01:37.675 9 INFO neutron.plugins.ml2.drivers.ovn.mech_driver.mech_driver [None req-cea678a5-dc94-4109-a3f7-c8ed0fe94008 - - - - - -] OVN reports status up for port: 932bf9bd-8b63-4f5d-8ab6-1ae1b4f9498b
2026-04-10 15:01:37.707 9 INFO neutron.plugins.ml2.plugin [None req-cea678a5-dc94-4109-a3f7-c8ed0fe94008 - - - - - -] Attempt 1 to provision port 932bf9bd-8b63-4f5d-8ab6-1ae1b4f9498b
2026-04-10 15:01:37.736 10 INFO neutron.db.ovn_revision_numbers_db [None req-168614d2-3686-475f-9538-8f47ed79bd54 0745dded355f447ea91ab3499e1ea199 5e388effa13d426aba2392582fbd9865 - - - -] Successfully bumped revision number for resource a4cefc92-267d-4666-ada6-9d4cc0b01146 (type: networks) to 1
2026-04-10 15:01:37.927 10 WARNING neutron.scheduler.dhcp_agent_scheduler [None req-54a9c20d-7e42-4798-87b3-d7524d917de0 7c0f3167286246bc993dbcf493207b84 f91464c4500748e89ae786ad335092d0 - - - -] No more DHCP agents
2026-04-10 15:01:37.928 10 WARNING neutron.api.rpc.agentnotifiers.dhcp_rpc_agent_api [None req-54a9c20d-7e42-4798-87b3-d7524d917de0 7c0f3167286246bc993dbcf493207b84 f91464c4500748e89ae786ad335092d0 - - - -] Unable to schedule network 890fb310-6b42-4a79-a46a-55281d1e97d5: no agents available; will retry on subsequent port and subnet creation events.
2026-04-10 15:01:37.996 10 WARNING neutron.scheduler.dhcp_agent_scheduler [None req-168614d2-3686-475f-9538-8f47ed79bd54 0745dded355f447ea91ab3499e1ea199 5e388effa13d426aba2392582fbd9865 - - - -] No more DHCP agents
2026-04-10 15:01:37.997 10 WARNING neutron.api.rpc.agentnotifiers.dhcp_rpc_agent_api [None req-168614d2-3686-475f-9538-8f47ed79bd54 0745dded355f447ea91ab3499e1ea199 5e388effa13d426aba2392582fbd9865 - - - -] Unable to schedule network a4cefc92-267d-4666-ada6-9d4cc0b01146: no agents available; will retry on subsequent port and subnet creation events.
2026-04-10 15:01:38.073 10 INFO neutron.db.ovn_revision_numbers_db [None req-168614d2-3686-475f-9538-8f47ed79bd54 0745dded355f447ea91ab3499e1ea199 5e388effa13d426aba2392582fbd9865 - - - -] Successfully bumped revision number for resource cf7f7595-7613-4884-841e-3954d1c59115 (type: ports) to 1
2026-04-10 15:01:38.091 9 WARNING neutron.scheduler.dhcp_agent_scheduler [None req-019ca074-b475-4e9a-9d92-985cdc6eed2a 4c354798a7364ca1b42be859fdd8166e f39e29d9aeef46dbbc5764648f807024 - - default default] No more DHCP agents
2026-04-10 15:01:38.093 9 WARNING neutron.api.rpc.agentnotifiers.dhcp_rpc_agent_api [None req-019ca074-b475-4e9a-9d92-985cdc6eed2a 4c354798a7364ca1b42be859fdd8166e f39e29d9aeef46dbbc5764648f807024 - - default default] Unable to schedule network ec322cc0-5689-40b5-aef5-51008e8e4420: no agents available; will retry on subsequent port and subnet creation events.
2026-04-10 15:01:38.106 10 INFO neutron.wsgi [None req-168614d2-3686-475f-9538-8f47ed79bd54 0745dded355f447ea91ab3499e1ea199 5e388effa13d426aba2392582fbd9865 - - - -] 10.0.0.208 "POST /v2.0/networks HTTP/1.1" status: 201 len: 828 time: 0.6447399
2026-04-10 15:01:38.249 9 INFO neutron.db.ovn_revision_numbers_db [None req-019ca074-b475-4e9a-9d92-985cdc6eed2a 4c354798a7364ca1b42be859fdd8166e f39e29d9aeef46dbbc5764648f807024 - - default default] Successfully bumped revision number for resource d420431c-59f9-4053-8a62-434675a15a3c (type: ports) to 1
2026-04-10 15:01:38.378 9 INFO neutron.db.ovn_revision_numbers_db [None req-fd1f202e-16e8-461c-8d7b-72faf9e79433 e382d57a1dc8476e98df76a84f9e55ef 2cba3e0f0e5b4099934ec10d61cd2668 - - default default] Successfully bumped revision number for resource 80240c1b-4ebf-4f4a-b93e-14789b37202e (type: security_groups) to 1
2026-04-10 15:01:38.412 9 INFO neutron.wsgi [None req-fd1f202e-16e8-461c-8d7b-72faf9e79433 e382d57a1dc8476e98df76a84f9e55ef 2cba3e0f0e5b4099934ec10d61cd2668 - - default default] 10.0.0.208 "GET /v2.0/security-groups?tenant_id=59ab311d60544a8185b3b6212e9bcbfe&name=default HTTP/1.1" status: 200 len: 2996 time: 0.3665965
2026-04-10 15:01:38.433 10 INFO neutron.db.ovn_revision_numbers_db [None req-54a9c20d-7e42-4798-87b3-d7524d917de0 7c0f3167286246bc993dbcf493207b84 f91464c4500748e89ae786ad335092d0 - - - -] Successfully bumped revision number for resource a63c8c53-28a9-4d62-b2bb-2907ee027ca3 (type: floatingips) to 0
2026-04-10 15:01:38.465 10 INFO neutron.wsgi [None req-54a9c20d-7e42-4798-87b3-d7524d917de0 7c0f3167286246bc993dbcf493207b84 f91464c4500748e89ae786ad335092d0 - - - -] 10.0.0.208 "POST /v2.0/floatingips HTTP/1.1" status: 201 len: 751 time: 0.9838567
2026-04-10 15:01:38.473 10 WARNING neutron.scheduler.dhcp_agent_scheduler [None req-c29afa40-e632-4632-a6f3-2023d957ed91 0745dded355f447ea91ab3499e1ea199 5e388effa13d426aba2392582fbd9865 - - - -] No more DHCP agents
2026-04-10 15:01:38.476 10 WARNING neutron.api.rpc.agentnotifiers.dhcp_rpc_agent_api [None req-c29afa40-e632-4632-a6f3-2023d957ed91 0745dded355f447ea91ab3499e1ea199 5e388effa13d426aba2392582fbd9865 - - - -] Unable to schedule network a4cefc92-267d-4666-ada6-9d4cc0b01146: no agents available; will retry on subsequent port and subnet creation events.
2026-04-10 15:01:38.720 10 INFO neutron.wsgi [None req-b9e675cc-7105-4f1f-aa1d-8895b09a07fd e382d57a1dc8476e98df76a84f9e55ef 2cba3e0f0e5b4099934ec10d61cd2668 - - - -] 10.0.0.208 "DELETE /v2.0/security-groups/80240c1b-4ebf-4f4a-b93e-14789b37202e HTTP/1.1" status: 204 len: 168 time: 0.3005459
2026-04-10 15:01:38.969 9 INFO neutron.db.ovn_revision_numbers_db [None req-acdf5085-2813-4cf0-9287-67836b62b657 e382d57a1dc8476e98df76a84f9e55ef 2cba3e0f0e5b4099934ec10d61cd2668 - - default default] Successfully bumped revision number for resource 5c15b7dd-0199-4f79-bb0c-383edd57a39d (type: security_groups) to 1
2026-04-10 15:01:38.974 10 INFO neutron.wsgi [req-cd86349d-d929-4e6b-a119-7abf51c7be8f req-709b5247-3e52-4454-adcb-4aaa6e16d5cb 7c0f3167286246bc993dbcf493207b84 f91464c4500748e89ae786ad335092d0 - - default default] 10.0.0.190 "GET /v2.0/security-groups?name=tempest-securitygroup--1189510970&fields=id&tenant_id=f91464c4500748e89ae786ad335092d0 HTTP/1.1" status: 200 len: 267 time: 0.0563617
2026-04-10 15:01:38.995 10 INFO neutron.services.segments.plugin [-] Segment d274b4ac-b071-4ff6-a623-ae8342c5f385 resource provider aggregate not found
2026-04-10 15:01:39.000 9 INFO neutron.wsgi [None req-acdf5085-2813-4cf0-9287-67836b62b657 e382d57a1dc8476e98df76a84f9e55ef 2cba3e0f0e5b4099934ec10d61cd2668 - - default default] 10.0.0.208 "GET /v2.0/security-groups?tenant_id=731b7decb39347aa8eff02e9a88d280a&name=default HTTP/1.1" status: 200 len: 2996 time: 0.1645958
2026-04-10 15:01:39.009 9 INFO neutron.db.ovn_revision_numbers_db [None req-019ca074-b475-4e9a-9d92-985cdc6eed2a 4c354798a7364ca1b42be859fdd8166e f39e29d9aeef46dbbc5764648f807024 - - default default] Successfully bumped revision number for resource d420431c-59f9-4053-8a62-434675a15a3c (type: router_ports) to 2
2026-04-10 15:01:39.014 10 INFO neutron.db.ovn_revision_numbers_db [None req-c29afa40-e632-4632-a6f3-2023d957ed91 0745dded355f447ea91ab3499e1ea199 5e388effa13d426aba2392582fbd9865 - - - -] Successfully bumped revision number for resource cf7f7595-7613-4884-841e-3954d1c59115 (type: ports) to 2
2026-04-10 15:01:39.020 10 INFO neutron.services.segments.plugin [-] Segment d274b4ac-b071-4ff6-a623-ae8342c5f385 resource provider not found; error: Placement Client Error (4xx): {"errors": [{"status": 404, "title": "Not Found", "detail": "The resource could not be found.\n\n No resource provider with uuid d274b4ac-b071-4ff6-a623-ae8342c5f385 found for delete ", "request_id": "req-81a96255-f788-41a5-826c-56e71d0e82ea"}]}
2026-04-10 15:01:39.045 10 INFO neutron.db.ovn_revision_numbers_db [None req-c29afa40-e632-4632-a6f3-2023d957ed91 0745dded355f447ea91ab3499e1ea199 5e388effa13d426aba2392582fbd9865 - - - -] Successfully bumped revision number for resource d8b57244-ff51-457a-becf-c10b92ed7617 (type: subnets) to 0
2026-04-10 15:01:39.066 10 INFO neutron.wsgi [req-cd86349d-d929-4e6b-a119-7abf51c7be8f req-8393dc9f-88c5-49e1-a602-94413bf2a6f2 7c0f3167286246bc993dbcf493207b84 f91464c4500748e89ae786ad335092d0 - - default default] 10.0.0.190 "GET /v2.0/networks?id=9b6015f6-63ee-43a3-bc72-d18c4f9d91f0 HTTP/1.1" status: 200 len: 875 time: 0.0858111
2026-04-10 15:01:39.069 10 INFO neutron.wsgi [None req-c29afa40-e632-4632-a6f3-2023d957ed91 0745dded355f447ea91ab3499e1ea199 5e388effa13d426aba2392582fbd9865 - - - -] 10.0.0.208 "POST /v2.0/subnets HTTP/1.1" status: 201 len: 801 time: 0.9589064
2026-04-10 15:01:39.071 10 INFO neutron.services.segments.plugin [-] Segment d274b4ac-b071-4ff6-a623-ae8342c5f385 resource provider aggregate not found
2026-04-10 15:01:39.094 10 INFO neutron.services.segments.plugin [-] Segment d274b4ac-b071-4ff6-a623-ae8342c5f385 resource provider not found; error: Placement Client Error (4xx): {"errors": [{"status": 404, "title": "Not Found", "detail": "The resource could not be found.\n\n No resource provider with uuid d274b4ac-b071-4ff6-a623-ae8342c5f385 found for delete ", "request_id": "req-da813990-fe95-4b8d-a4b2-9d27cd353630"}]}
2026-04-10 15:01:39.100 10 INFO neutron.wsgi [req-cd86349d-d929-4e6b-a119-7abf51c7be8f req-e31c8d66-ef12-4b30-8d2d-20e54cc89d53 7c0f3167286246bc993dbcf493207b84 f91464c4500748e89ae786ad335092d0 - - default default] 10.0.0.190 "GET /v2.0/quotas/f91464c4500748e89ae786ad335092d0 HTTP/1.1" status: 200 len: 386 time: 0.0220339
2026-04-10 15:01:39.163 9 INFO neutron.db.ovn_revision_numbers_db [None req-019ca074-b475-4e9a-9d92-985cdc6eed2a 4c354798a7364ca1b42be859fdd8166e f39e29d9aeef46dbbc5764648f807024 - - default default] Successfully bumped revision number for resource d420431c-59f9-4053-8a62-434675a15a3c (type: ports) to 2
2026-04-10 15:01:39.236 9 WARNING neutron.scheduler.dhcp_agent_scheduler [None req-019ca074-b475-4e9a-9d92-985cdc6eed2a 4c354798a7364ca1b42be859fdd8166e f39e29d9aeef46dbbc5764648f807024 - - default default] No more DHCP agents
2026-04-10 15:01:39.239 9 WARNING neutron.api.rpc.agentnotifiers.dhcp_rpc_agent_api [None req-019ca074-b475-4e9a-9d92-985cdc6eed2a 4c354798a7364ca1b42be859fdd8166e f39e29d9aeef46dbbc5764648f807024 - - default default] Unable to schedule network ec322cc0-5689-40b5-aef5-51008e8e4420: no agents available; will retry on subsequent port and subnet creation events.
2026-04-10 15:01:39.250 9 INFO neutron.wsgi [None req-523638dd-9e78-4405-8a07-f0dc6939480e e382d57a1dc8476e98df76a84f9e55ef 2cba3e0f0e5b4099934ec10d61cd2668 - - - -] 10.0.0.208 "DELETE /v2.0/security-groups/5c15b7dd-0199-4f79-bb0c-383edd57a39d HTTP/1.1" status: 204 len: 168 time: 0.2446649
2026-04-10 15:01:39.259 10 INFO neutron.wsgi [req-cd86349d-d929-4e6b-a119-7abf51c7be8f req-e463e6db-7087-4fa2-a3b0-d1085fbb08ee 7c0f3167286246bc993dbcf493207b84 f91464c4500748e89ae786ad335092d0 - - default default] 10.0.0.190 "GET /v2.0/ports?tenant_id=f91464c4500748e89ae786ad335092d0&fields=id HTTP/1.1" status: 200 len: 302 time: 0.1497669
2026-04-10 15:01:39.296 10 INFO neutron.db.ovn_revision_numbers_db [None req-75d59161-d3ba-4128-ba11-bc24f5e54592 0745dded355f447ea91ab3499e1ea199 5e388effa13d426aba2392582fbd9865 - - - -] Successfully bumped revision number for resource d25e285c-28ce-48a4-a49b-b662a6bffc76 (type: routers) to 1
2026-04-10 15:01:39.318 10 INFO neutron.wsgi [None req-75d59161-d3ba-4128-ba11-bc24f5e54592 0745dded355f447ea91ab3499e1ea199 5e388effa13d426aba2392582fbd9865 - - - -] 10.0.0.208 "POST /v2.0/routers HTTP/1.1" status: 201 len: 687 time: 0.2391801
2026-04-10 15:01:39.347 10 INFO neutron.wsgi [req-cd86349d-d929-4e6b-a119-7abf51c7be8f req-239b9db5-2639-419a-bdbc-11feeaaf6325 5f5eaa5b8b5b47518a420b0611bcc752 a776d20284c64aff9ed08d1326d110cc - - a72e8f6bda1a45148bc0c7161d785101 a72e8f6bda1a45148bc0c7161d785101] 10.0.0.190 "GET /v2.0/networks/9b6015f6-63ee-43a3-bc72-d18c4f9d91f0?fields=segments HTTP/1.1" status: 200 len: 212 time: 0.0662799
2026-04-10 15:01:39.421 10 INFO neutron.wsgi [req-cd86349d-d929-4e6b-a119-7abf51c7be8f req-846ea3f0-0e4b-45cc-a28f-f991f2b8724d 5f5eaa5b8b5b47518a420b0611bcc752 a776d20284c64aff9ed08d1326d110cc - - a72e8f6bda1a45148bc0c7161d785101 a72e8f6bda1a45148bc0c7161d785101] 10.0.0.190 "GET /v2.0/networks/9b6015f6-63ee-43a3-bc72-d18c4f9d91f0?fields=provider%3Aphysical_network&fields=provider%3Anetwork_type HTTP/1.1" status: 200 len: 277 time: 0.0581989
2026-04-10 15:01:39.575 9 INFO neutron.db.ovn_revision_numbers_db [None req-019ca074-b475-4e9a-9d92-985cdc6eed2a 4c354798a7364ca1b42be859fdd8166e f39e29d9aeef46dbbc5764648f807024 - - - -] Successfully bumped revision number for resource d420431c-59f9-4053-8a62-434675a15a3c (type: router_ports) to 2
2026-04-10 15:01:39.579 9 INFO neutron.wsgi [None req-019ca074-b475-4e9a-9d92-985cdc6eed2a 4c354798a7364ca1b42be859fdd8166e f39e29d9aeef46dbbc5764648f807024 - - - -] 10.0.0.208 "PUT /v2.0/routers/be03277d-ac6f-4b9c-b231-8a9ef8273997/add_router_interface HTTP/1.1" status: 200 len: 503 time: 2.0802879
2026-04-10 15:01:39.615 9 INFO neutron.wsgi [req-411f21fc-e05c-4cf2-9e90-0593dc8d3694 req-640a69fd-1307-43ab-9ec4-7e119554fa8d 7c0f3167286246bc993dbcf493207b84 f91464c4500748e89ae786ad335092d0 - - default default] 10.0.0.190 "GET /v2.0/ports?device_id=e11a8f9a-23f4-413b-b6a6-b9e773c586f7 HTTP/1.1" status: 200 len: 210 time: 0.0248082
2026-04-10 15:01:39.888 10 WARNING neutron.scheduler.dhcp_agent_scheduler [None req-134e1b61-c6e6-4be5-a78f-d07b4ee62d87 0745dded355f447ea91ab3499e1ea199 5e388effa13d426aba2392582fbd9865 - - - -] No more DHCP agents
2026-04-10 15:01:39.889 10 WARNING neutron.api.rpc.agentnotifiers.dhcp_rpc_agent_api [None req-134e1b61-c6e6-4be5-a78f-d07b4ee62d87 0745dded355f447ea91ab3499e1ea199 5e388effa13d426aba2392582fbd9865 - - - -] Unable to schedule network a4cefc92-267d-4666-ada6-9d4cc0b01146: no agents available; will retry on subsequent port and subnet creation events.
2026-04-10 15:01:39.905 9 WARNING neutron.scheduler.dhcp_agent_scheduler [None req-a7774d32-9883-41f2-8f6d-572ab7ac80e3 4c354798a7364ca1b42be859fdd8166e f39e29d9aeef46dbbc5764648f807024 - - - -] No more DHCP agents
2026-04-10 15:01:39.908 9 WARNING neutron.api.rpc.agentnotifiers.dhcp_rpc_agent_api [None req-a7774d32-9883-41f2-8f6d-572ab7ac80e3 4c354798a7364ca1b42be859fdd8166e f39e29d9aeef46dbbc5764648f807024 - - - -] Unable to schedule network ec322cc0-5689-40b5-aef5-51008e8e4420: no agents available; will retry on subsequent port and subnet creation events.
2026-04-10 15:01:40.033 10 INFO neutron.db.ovn_revision_numbers_db [None req-134e1b61-c6e6-4be5-a78f-d07b4ee62d87 0745dded355f447ea91ab3499e1ea199 5e388effa13d426aba2392582fbd9865 - - - -] Successfully bumped revision number for resource 96be9a0d-78c4-45a5-9422-def4c1f133da (type: ports) to 1
2026-04-10 15:01:40.058 10 INFO neutron.wsgi [None req-134e1b61-c6e6-4be5-a78f-d07b4ee62d87 0745dded355f447ea91ab3499e1ea199 5e388effa13d426aba2392582fbd9865 - - - -] 10.0.0.208 "POST /v2.0/ports HTTP/1.1" status: 201 len: 1146 time: 0.7364347
2026-04-10 15:01:40.061 9 INFO neutron.db.ovn_revision_numbers_db [None req-a7774d32-9883-41f2-8f6d-572ab7ac80e3 4c354798a7364ca1b42be859fdd8166e f39e29d9aeef46dbbc5764648f807024 - - - -] Successfully bumped revision number for resource f6a3bacd-204b-43a3-9b05-14bccd4c2013 (type: ports) to 1 /var/lib/openstack/lib/python3.10/site-packages/pycadf/identifier.py:71: UserWarning: Invalid uuid: neutron. To ensure interoperability, identifiers should be a valid uuid. warnings.warn(('Invalid uuid: %s. To ensure interoperability, '
2026-04-10 15:01:40.085 9 INFO neutron.wsgi [None req-a7774d32-9883-41f2-8f6d-572ab7ac80e3 4c354798a7364ca1b42be859fdd8166e f39e29d9aeef46dbbc5764648f807024 - - - -] 10.0.0.208 "POST /v2.0/ports HTTP/1.1" status: 201 len: 1154 time: 0.5025170 /var/lib/openstack/lib/python3.10/site-packages/pycadf/identifier.py:71: UserWarning: Invalid uuid: neutron. To ensure interoperability, identifiers should be a valid uuid. warnings.warn(('Invalid uuid: %s. To ensure interoperability, '
2026-04-10 15:01:40.336 9 INFO neutron.wsgi [req-cd86349d-d929-4e6b-a119-7abf51c7be8f req-7f31b43a-2a23-4d4d-a0d2-8305b01c9092 7c0f3167286246bc993dbcf493207b84 f91464c4500748e89ae786ad335092d0 - - default default] 199.204.45.132 "GET /v2.0/networks?id=9b6015f6-63ee-43a3-bc72-d18c4f9d91f0 HTTP/1.1" status: 200 len: 875 time: 0.0959861
2026-04-10 15:01:40.393 9 INFO neutron.wsgi [req-cd86349d-d929-4e6b-a119-7abf51c7be8f req-90792e94-f361-4cfe-8f00-df28e61f54c4 7c0f3167286246bc993dbcf493207b84 f91464c4500748e89ae786ad335092d0 - - default default] 199.204.45.132 "GET /v2.0/security-groups?fields=id&fields=name&tenant_id=f91464c4500748e89ae786ad335092d0 HTTP/1.1" status: 200 len: 380 time: 0.0526245
2026-04-10 15:01:40.549 9 WARNING neutron.scheduler.dhcp_agent_scheduler [None req-24e225a3-acf3-4811-b65b-411814a52875 4c354798a7364ca1b42be859fdd8166e f39e29d9aeef46dbbc5764648f807024 - - - -] No more DHCP agents
2026-04-10 15:01:40.551 10 INFO neutron.db.ovn_revision_numbers_db [None req-c390be0d-408f-48f6-8e89-9322be065e51 0745dded355f447ea91ab3499e1ea199 5e388effa13d426aba2392582fbd9865 - - default default] Successfully bumped revision number for resource 96be9a0d-78c4-45a5-9422-def4c1f133da (type: router_ports) to 2
2026-04-10 15:01:40.554 9 WARNING neutron.api.rpc.agentnotifiers.dhcp_rpc_agent_api [None req-24e225a3-acf3-4811-b65b-411814a52875 4c354798a7364ca1b42be859fdd8166e f39e29d9aeef46dbbc5764648f807024 - - - -] Unable to schedule network ec322cc0-5689-40b5-aef5-51008e8e4420: no agents available; will retry on subsequent port and subnet creation events. /var/lib/openstack/lib/python3.10/site-packages/pycadf/identifier.py:71: UserWarning: Invalid uuid: neutron. To ensure interoperability, identifiers should be a valid uuid. warnings.warn(('Invalid uuid: %s. To ensure interoperability, '
2026-04-10 15:01:40.711 10 INFO neutron.wsgi [req-9755977a-0f38-40bd-be8d-b06f689ce949 req-e8932d94-581b-4acc-b55f-61598d0b6e8d 7c0f3167286246bc993dbcf493207b84 f91464c4500748e89ae786ad335092d0 - - default default] 10.0.0.190 "GET /v2.0/ports?device_id=e11a8f9a-23f4-413b-b6a6-b9e773c586f7 HTTP/1.1" status: 200 len: 210 time: 0.0278177
2026-04-10 15:01:40.784 9 INFO neutron.db.ovn_revision_numbers_db [None req-24e225a3-acf3-4811-b65b-411814a52875 4c354798a7364ca1b42be859fdd8166e f39e29d9aeef46dbbc5764648f807024 - - - -] Successfully bumped revision number for resource e167d609-4ee5-4b25-a121-fe04bd3e8419 (type: ports) to 1
2026-04-10 15:01:40.784 10 INFO neutron.db.ovn_revision_numbers_db [None req-c390be0d-408f-48f6-8e89-9322be065e51 0745dded355f447ea91ab3499e1ea199 5e388effa13d426aba2392582fbd9865 - - default default] Successfully bumped revision number for resource 96be9a0d-78c4-45a5-9422-def4c1f133da (type: ports) to 2
2026-04-10 15:01:40.827 9 INFO neutron.wsgi [None req-24e225a3-acf3-4811-b65b-411814a52875 4c354798a7364ca1b42be859fdd8166e f39e29d9aeef46dbbc5764648f807024 - - - -] 10.0.0.208 "POST /v2.0/ports HTTP/1.1" status: 201 len: 1153 time: 0.7363937 /var/lib/openstack/lib/python3.10/site-packages/pycadf/identifier.py:71: UserWarning: Invalid uuid: neutron. To ensure interoperability, identifiers should be a valid uuid. warnings.warn(('Invalid uuid: %s. To ensure interoperability, '
2026-04-10 15:01:40.882 9 WARNING neutron.scheduler.dhcp_agent_scheduler [None req-55bcdbf2-cba0-4a52-b230-506251692764 7c0f3167286246bc993dbcf493207b84 f91464c4500748e89ae786ad335092d0 - - - -] No more DHCP agents
2026-04-10 15:01:40.884 9 WARNING neutron.api.rpc.agentnotifiers.dhcp_rpc_agent_api [None req-55bcdbf2-cba0-4a52-b230-506251692764 7c0f3167286246bc993dbcf493207b84 f91464c4500748e89ae786ad335092d0 - - - -] Unable to schedule network 9b6015f6-63ee-43a3-bc72-d18c4f9d91f0: no agents available; will retry on subsequent port and subnet creation events.
2026-04-10 15:01:41.083 9 INFO neutron.db.ovn_revision_numbers_db [None req-55bcdbf2-cba0-4a52-b230-506251692764 7c0f3167286246bc993dbcf493207b84 f91464c4500748e89ae786ad335092d0 - - - -] Successfully bumped revision number for resource 394264a0-6808-4e28-bc07-45e3dd86be83 (type: ports) to 1
2026-04-10 15:01:41.125 9 INFO neutron.wsgi [None req-55bcdbf2-cba0-4a52-b230-506251692764 7c0f3167286246bc993dbcf493207b84 f91464c4500748e89ae786ad335092d0 - - - -] 199.204.45.132 "POST /v2.0/ports HTTP/1.1" status: 201 len: 1158 time: 0.7167623 /var/lib/openstack/lib/python3.10/site-packages/pycadf/identifier.py:71: UserWarning: Invalid uuid: neutron. To ensure interoperability, identifiers should be a valid uuid. warnings.warn(('Invalid uuid: %s. To ensure interoperability, '
2026-04-10 15:01:41.239 9 WARNING neutron.scheduler.dhcp_agent_scheduler [None req-5b58419a-c14d-41ba-b76f-f27fcdc84461 4c354798a7364ca1b42be859fdd8166e f39e29d9aeef46dbbc5764648f807024 - - - -] No more DHCP agents
2026-04-10 15:01:41.245 9 WARNING neutron.api.rpc.agentnotifiers.dhcp_rpc_agent_api [None req-5b58419a-c14d-41ba-b76f-f27fcdc84461 4c354798a7364ca1b42be859fdd8166e f39e29d9aeef46dbbc5764648f807024 - - - -] Unable to schedule network 890fb310-6b42-4a79-a46a-55281d1e97d5: no agents available; will retry on subsequent port and subnet creation events.
2026-04-10 15:01:41.260 10 INFO neutron.db.ovn_revision_numbers_db [None req-c390be0d-408f-48f6-8e89-9322be065e51 0745dded355f447ea91ab3499e1ea199 5e388effa13d426aba2392582fbd9865 - - default default] Successfully bumped revision number for resource 96be9a0d-78c4-45a5-9422-def4c1f133da (type: router_ports) to 3
2026-04-10 15:01:41.309 10 WARNING neutron.plugins.ml2.drivers.ovn.mech_driver.ovsdb.ovn_client [None req-7db40a3b-b51b-47c6-86fc-78675a44e990 - - - - - -] No hosting information found for port 44e3fcdf-ed4d-43b8-9d48-28c38de4e534: RuntimeError: No hosting information found for port 44e3fcdf-ed4d-43b8-9d48-28c38de4e534
2026-04-10 15:01:41.310 10 INFO neutron.plugins.ml2.drivers.ovn.mech_driver.mech_driver [None req-7db40a3b-b51b-47c6-86fc-78675a44e990 - - - - - -] OVN reports status up for port: d420431c-59f9-4053-8a62-434675a15a3c
2026-04-10 15:01:41.320 10 INFO neutron.plugins.ml2.plugin [None req-7db40a3b-b51b-47c6-86fc-78675a44e990 - - - - - -] Attempt 1 to provision port d420431c-59f9-4053-8a62-434675a15a3c
2026-04-10 15:01:41.437 10 INFO neutron.db.ovn_revision_numbers_db [None req-c390be0d-408f-48f6-8e89-9322be065e51 0745dded355f447ea91ab3499e1ea199 5e388effa13d426aba2392582fbd9865 - - default default] Successfully bumped revision number for resource 96be9a0d-78c4-45a5-9422-def4c1f133da (type: ports) to 3
2026-04-10 15:01:41.528 10 WARNING neutron.scheduler.dhcp_agent_scheduler [None req-c390be0d-408f-48f6-8e89-9322be065e51 0745dded355f447ea91ab3499e1ea199 5e388effa13d426aba2392582fbd9865 - - default default] No more DHCP agents
2026-04-10 15:01:41.529 10 WARNING neutron.api.rpc.agentnotifiers.dhcp_rpc_agent_api [None req-c390be0d-408f-48f6-8e89-9322be065e51 0745dded355f447ea91ab3499e1ea199 5e388effa13d426aba2392582fbd9865 - - default default] Unable to schedule network a4cefc92-267d-4666-ada6-9d4cc0b01146: no agents available; will retry on subsequent port and subnet creation events.
2026-04-10 15:01:41.623 10 INFO neutron.db.ovn_revision_numbers_db [None req-7db40a3b-b51b-47c6-86fc-78675a44e990 - - - - - -] Successfully bumped revision number for resource d420431c-59f9-4053-8a62-434675a15a3c (type: ports) to 3
2026-04-10 15:01:41.747 10 INFO neutron.db.ovn_revision_numbers_db [None req-c390be0d-408f-48f6-8e89-9322be065e51 0745dded355f447ea91ab3499e1ea199 5e388effa13d426aba2392582fbd9865 - - - -] Successfully bumped revision number for resource 96be9a0d-78c4-45a5-9422-def4c1f133da (type: router_ports) to 3
2026-04-10 15:01:41.750 10 INFO neutron.wsgi [None req-c390be0d-408f-48f6-8e89-9322be065e51 0745dded355f447ea91ab3499e1ea199 5e388effa13d426aba2392582fbd9865 - - - -] 10.0.0.208 "PUT /v2.0/routers/d25e285c-28ce-48a4-a49b-b662a6bffc76/add_router_interface HTTP/1.1" status: 200 len: 503 time: 1.6871009 /var/lib/openstack/lib/python3.10/site-packages/pycadf/identifier.py:71: UserWarning: Invalid uuid: neutron. To ensure interoperability, identifiers should be a valid uuid. warnings.warn(('Invalid uuid: %s. To ensure interoperability, '
2026-04-10 15:01:41.774 10 INFO neutron.db.ovn_revision_numbers_db [None req-7db40a3b-b51b-47c6-86fc-78675a44e990 - - - - - -] Successfully bumped revision number for resource d420431c-59f9-4053-8a62-434675a15a3c (type: router_ports) to 3
2026-04-10 15:01:41.793 10 INFO neutron.wsgi [None req-34233454-1128-4938-aa1f-b2d3405e770c 0745dded355f447ea91ab3499e1ea199 5e388effa13d426aba2392582fbd9865 - - default default] 10.0.0.208 "GET /v2.0/ports/96be9a0d-78c4-45a5-9422-def4c1f133da HTTP/1.1" status: 200 len: 1202 time: 0.0380163 /var/lib/openstack/lib/python3.10/site-packages/pycadf/identifier.py:71: UserWarning: Invalid uuid: neutron. To ensure interoperability, identifiers should be a valid uuid. warnings.warn(('Invalid uuid: %s. To ensure interoperability, '
2026-04-10 15:01:41.927 9 INFO neutron.db.ovn_revision_numbers_db [None req-c08a2005-6aef-42a4-937e-7cd552886080 5f5eaa5b8b5b47518a420b0611bcc752 a776d20284c64aff9ed08d1326d110cc - - - -] Successfully bumped revision number for resource 394264a0-6808-4e28-bc07-45e3dd86be83 (type: ports) to 2
2026-04-10 15:01:41.974 9 INFO neutron.wsgi [req-d4ba32e7-5750-4305-844d-c65bf95d6c7c req-230d2ae0-144c-4c8c-b573-f5648474106d 7c0f3167286246bc993dbcf493207b84 f91464c4500748e89ae786ad335092d0 - - default default] 10.0.0.190 "GET /v2.0/ports?device_id=e11a8f9a-23f4-413b-b6a6-b9e773c586f7 HTTP/1.1" status: 200 len: 1168 time: 0.1276762
2026-04-10 15:01:42.061 9 INFO neutron.wsgi [req-d4ba32e7-5750-4305-844d-c65bf95d6c7c req-705356bc-9b60-49f3-9902-4e530e986310 7c0f3167286246bc993dbcf493207b84 f91464c4500748e89ae786ad335092d0 - - default default] 10.0.0.190 "GET /v2.0/security-groups?id=4789a51b-f0e5-40ff-a87c-7c47c2825834&fields=id&fields=name HTTP/1.1" status: 200 len: 313 time: 0.0763154
