2026-04-10 15:02:32.889 9 INFO neutron.wsgi [None req-b8309164-db15-4dbf-b76b-b962d9e66b93 e382d57a1dc8476e98df76a84f9e55ef 2cba3e0f0e5b4099934ec10d61cd2668 - - default default] 10.0.0.208 "GET /v2.0/security-groups?tenant_id=75fb13915d304c4d905d7eeca688e6f0&name=default HTTP/1.1" status: 200 len: 2996 time: 0.3013613
2026-04-10 15:02:33.073 10 INFO neutron.wsgi [None req-977ef600-1e86-4822-a345-3956b609ed73 e382d57a1dc8476e98df76a84f9e55ef 2cba3e0f0e5b4099934ec10d61cd2668 - - - -] 10.0.0.208 "DELETE /v2.0/security-groups/64e88c3f-849c-4c28-8302-b3c73099dc1d HTTP/1.1" status: 204 len: 168 time: 0.1779766
2026-04-10 15:02:33.292 10 INFO neutron.db.ovn_revision_numbers_db [None req-5f1b155a-3b5f-4c1c-a8f0-47f882650f22 e382d57a1dc8476e98df76a84f9e55ef 2cba3e0f0e5b4099934ec10d61cd2668 - - default default] Successfully bumped revision number for resource eb21f7e9-239a-4d88-9803-f9d079e95a44 (type: security_groups) to 1
2026-04-10 15:02:33.319 10 INFO neutron.wsgi [None req-5f1b155a-3b5f-4c1c-a8f0-47f882650f22 e382d57a1dc8476e98df76a84f9e55ef 2cba3e0f0e5b4099934ec10d61cd2668 - - default default] 10.0.0.208 "GET /v2.0/security-groups?tenant_id=7b2a77fa8bf3439d9dc10ea445254d12&name=default HTTP/1.1" status: 200 len: 2996 time: 0.1310241
2026-04-10 15:02:33.492 10 INFO neutron.wsgi [None req-d7470b39-6004-4493-9680-9d50265c2957 e382d57a1dc8476e98df76a84f9e55ef 2cba3e0f0e5b4099934ec10d61cd2668 - - - -] 10.0.0.208 "DELETE /v2.0/security-groups/eb21f7e9-239a-4d88-9803-f9d079e95a44 HTTP/1.1" status: 204 len: 168 time: 0.1688955
2026-04-10 15:02:33.932 10 INFO neutron.db.ovn_revision_numbers_db [None req-5b1c816d-3fff-468b-a59e-f4323ad4558f e382d57a1dc8476e98df76a84f9e55ef 2cba3e0f0e5b4099934ec10d61cd2668 - - - -] Successfully bumped revision number for resource 966ea6fb-dc7e-4ce8-9dfe-ee4d9f5c07ca (type: security_groups) to 1
2026-04-10 15:02:33.987 10 INFO neutron.db.segments_db [None req-5b1c816d-3fff-468b-a59e-f4323ad4558f e382d57a1dc8476e98df76a84f9e55ef 2cba3e0f0e5b4099934ec10d61cd2668 - - - -] Added segment a2757bb4-a639-4c0b-b35d-893944245bbb of type geneve for network b79255e3-87eb-44e7-8247-a69afdf50510
2026-04-10 15:02:34.113 10 INFO neutron.db.ovn_revision_numbers_db [None req-5b1c816d-3fff-468b-a59e-f4323ad4558f e382d57a1dc8476e98df76a84f9e55ef 2cba3e0f0e5b4099934ec10d61cd2668 - - - -] Successfully bumped revision number for resource b79255e3-87eb-44e7-8247-a69afdf50510 (type: networks) to 1
2026-04-10 15:02:34.310 10 WARNING neutron.scheduler.dhcp_agent_scheduler [None req-5b1c816d-3fff-468b-a59e-f4323ad4558f e382d57a1dc8476e98df76a84f9e55ef 2cba3e0f0e5b4099934ec10d61cd2668 - - - -] No more DHCP agents
2026-04-10 15:02:34.314 10 WARNING neutron.api.rpc.agentnotifiers.dhcp_rpc_agent_api [None req-5b1c816d-3fff-468b-a59e-f4323ad4558f e382d57a1dc8476e98df76a84f9e55ef 2cba3e0f0e5b4099934ec10d61cd2668 - - - -] Unable to schedule network b79255e3-87eb-44e7-8247-a69afdf50510: no agents available; will retry on subsequent port and subnet creation events.
2026-04-10 15:02:34.382 10 INFO neutron.db.ovn_revision_numbers_db [None req-5b1c816d-3fff-468b-a59e-f4323ad4558f e382d57a1dc8476e98df76a84f9e55ef 2cba3e0f0e5b4099934ec10d61cd2668 - - - -] Successfully bumped revision number for resource 5295f758-7942-4de9-8e00-a84458b31f1e (type: ports) to 1
2026-04-10 15:02:34.406 10 INFO neutron.wsgi [None req-5b1c816d-3fff-468b-a59e-f4323ad4558f e382d57a1dc8476e98df76a84f9e55ef 2cba3e0f0e5b4099934ec10d61cd2668 - - - -] 10.0.0.208 "POST /v2.0/networks HTTP/1.1" status: 201 len: 941 time: 0.8266110
2026-04-10 15:02:34.440 9 INFO neutron.db.ovn_revision_numbers_db [None req-7fa4597b-1d4f-4f04-9a9e-385b6b380d1d 3d65b9e368244267a9a88dafe89bf9cc d40d8614db904da7a8113c4009740f24 - - - -] Successfully bumped revision number for resource a9793bd3-390e-4c85-8472-1efa77599087 (type: security_groups) to 1
2026-04-10 15:02:34.446 10 INFO neutron.db.ovn_revision_numbers_db [None req-fb8bb0f1-9e0a-4ea4-8e50-78895fef741f 22fc2414e018491195bfc805c7f04604 4aa1899ab5c141e7819c56b8c71122e3 - - - -] Successfully bumped revision number for resource 9682b14d-e0cd-446a-91a1-f88e924b3230 (type: security_groups) to 1
2026-04-10 15:02:34.486 9 INFO neutron.db.segments_db [None req-7fa4597b-1d4f-4f04-9a9e-385b6b380d1d 3d65b9e368244267a9a88dafe89bf9cc d40d8614db904da7a8113c4009740f24 - - - -] Added segment bbabdf52-169e-45d3-88e9-c5c5810780b4 of type geneve for network 40908fee-ce4e-4607-857f-ef277455f4d9
2026-04-10 15:02:34.542 10 INFO neutron.db.ovn_revision_numbers_db [None req-fb8bb0f1-9e0a-4ea4-8e50-78895fef741f 22fc2414e018491195bfc805c7f04604 4aa1899ab5c141e7819c56b8c71122e3 - - - -] Successfully bumped revision number for resource 32c063b3-ade2-4948-a7b2-c6d69d1da841 (type: security_groups) to 1
2026-04-10 15:02:34.564 10 INFO neutron.wsgi [None req-fb8bb0f1-9e0a-4ea4-8e50-78895fef741f 22fc2414e018491195bfc805c7f04604 4aa1899ab5c141e7819c56b8c71122e3 - - - -] 10.0.0.208 "POST /v2.0/security-groups HTTP/1.1" status: 201 len: 1737 time: 0.3238318
2026-04-10 15:02:34.597 9 INFO neutron.db.ovn_revision_numbers_db [None req-7fa4597b-1d4f-4f04-9a9e-385b6b380d1d 3d65b9e368244267a9a88dafe89bf9cc d40d8614db904da7a8113c4009740f24 - - - -] Successfully bumped revision number for resource 40908fee-ce4e-4607-857f-ef277455f4d9 (type: networks) to 1
2026-04-10 15:02:34.605 10 WARNING neutron.scheduler.dhcp_agent_scheduler [None req-f766349c-c914-456a-88c4-3a52e16772ef e382d57a1dc8476e98df76a84f9e55ef 2cba3e0f0e5b4099934ec10d61cd2668 - - - -] No more DHCP agents
2026-04-10 15:02:34.607 10 WARNING neutron.api.rpc.agentnotifiers.dhcp_rpc_agent_api [None req-f766349c-c914-456a-88c4-3a52e16772ef e382d57a1dc8476e98df76a84f9e55ef 2cba3e0f0e5b4099934ec10d61cd2668 - - - -] Unable to schedule network b79255e3-87eb-44e7-8247-a69afdf50510: no agents available; will retry on subsequent port and subnet creation events.
2026-04-10 15:02:34.708 10 INFO neutron.db.ovn_revision_numbers_db [None req-1637e7c2-667b-40a0-8bfc-4f8bba46797b 22fc2414e018491195bfc805c7f04604 4aa1899ab5c141e7819c56b8c71122e3 - - - -] Successfully bumped revision number for resource eb16c8e3-9af4-4bdd-a177-2e70acaa05ec (type: security_groups) to 1
2026-04-10 15:02:34.737 10 INFO neutron.wsgi [None req-1637e7c2-667b-40a0-8bfc-4f8bba46797b 22fc2414e018491195bfc805c7f04604 4aa1899ab5c141e7819c56b8c71122e3 - - - -] 10.0.0.208 "POST /v2.0/security-groups HTTP/1.1" status: 201 len: 1737 time: 0.1683214
2026-04-10 15:02:34.813 9 WARNING neutron.scheduler.dhcp_agent_scheduler [None req-7fa4597b-1d4f-4f04-9a9e-385b6b380d1d 3d65b9e368244267a9a88dafe89bf9cc d40d8614db904da7a8113c4009740f24 - - - -] No more DHCP agents
2026-04-10 15:02:34.819 9 WARNING neutron.api.rpc.agentnotifiers.dhcp_rpc_agent_api [None req-7fa4597b-1d4f-4f04-9a9e-385b6b380d1d 3d65b9e368244267a9a88dafe89bf9cc d40d8614db904da7a8113c4009740f24 - - - -] Unable to schedule network 40908fee-ce4e-4607-857f-ef277455f4d9: no agents available; will retry on subsequent port and subnet creation events.
2026-04-10 15:02:34.898 9 INFO neutron.db.ovn_revision_numbers_db [None req-7fa4597b-1d4f-4f04-9a9e-385b6b380d1d 3d65b9e368244267a9a88dafe89bf9cc d40d8614db904da7a8113c4009740f24 - - - -] Successfully bumped revision number for resource 87182dbb-7c34-4bed-822e-a67ce93a2925 (type: ports) to 1
2026-04-10 15:02:34.901 9 INFO neutron.db.ovn_revision_numbers_db [None req-504ec3d5-1bd1-4439-97e8-28de0a9fb142 22fc2414e018491195bfc805c7f04604 4aa1899ab5c141e7819c56b8c71122e3 - - - -] Successfully bumped revision number for resource c995be47-6dee-4647-97ab-90840511f023 (type: security_groups) to 1
2026-04-10 15:02:34.924 9 INFO neutron.wsgi [None req-504ec3d5-1bd1-4439-97e8-28de0a9fb142 22fc2414e018491195bfc805c7f04604 4aa1899ab5c141e7819c56b8c71122e3 - - - -] 10.0.0.208 "POST /v2.0/security-groups HTTP/1.1" status: 201 len: 1737 time: 0.1758425
2026-04-10 15:02:34.926 9 INFO neutron.wsgi [None req-7fa4597b-1d4f-4f04-9a9e-385b6b380d1d 3d65b9e368244267a9a88dafe89bf9cc d40d8614db904da7a8113c4009740f24 - - - -] 10.0.0.208 "POST /v2.0/networks HTTP/1.1" status: 201 len: 832 time: 0.7692442
2026-04-10 15:02:35.064 10 INFO neutron.db.ovn_revision_numbers_db [None req-110bacfe-931a-4d32-aa93-09e0cd558087 22fc2414e018491195bfc805c7f04604 4aa1899ab5c141e7819c56b8c71122e3 - - - -] Successfully bumped revision number for resource d3c77297-931d-4bbc-9614-a3e17811de04 (type: security_groups) to 1
2026-04-10 15:02:35.078 10 INFO neutron.db.ovn_revision_numbers_db [None req-f766349c-c914-456a-88c4-3a52e16772ef e382d57a1dc8476e98df76a84f9e55ef 2cba3e0f0e5b4099934ec10d61cd2668 - - - -] Successfully bumped revision number for resource 5295f758-7942-4de9-8e00-a84458b31f1e (type: ports) to 2
2026-04-10 15:02:35.083 10 INFO neutron.wsgi [None req-110bacfe-931a-4d32-aa93-09e0cd558087 22fc2414e018491195bfc805c7f04604 4aa1899ab5c141e7819c56b8c71122e3 - - - -] 10.0.0.208 "POST /v2.0/security-groups HTTP/1.1" status: 201 len: 1737 time: 0.1546011
2026-04-10 15:02:35.098 10 INFO neutron.db.ovn_revision_numbers_db [None req-f766349c-c914-456a-88c4-3a52e16772ef e382d57a1dc8476e98df76a84f9e55ef 2cba3e0f0e5b4099934ec10d61cd2668 - - - -] Successfully bumped revision number for resource d47e4d9c-6a20-4463-9846-85570e573d9b (type: subnets) to 0
2026-04-10 15:02:35.117 10 INFO neutron.wsgi [None req-f766349c-c914-456a-88c4-3a52e16772ef e382d57a1dc8476e98df76a84f9e55ef 2cba3e0f0e5b4099934ec10d61cd2668 - - - -] 10.0.0.208 "POST /v2.0/subnets HTTP/1.1" status: 201 len: 862 time: 0.7049189
2026-04-10 15:02:35.198 10 INFO neutron.db.ovn_revision_numbers_db [None req-1ae7b7a8-ffad-4880-aea3-0e7d4b22a236 22fc2414e018491195bfc805c7f04604 4aa1899ab5c141e7819c56b8c71122e3 - - - -] Successfully bumped revision number for resource ed02f496-41e7-4631-8297-3e8e3327af11 (type: security_groups) to 1
2026-04-10 15:02:35.214 10 INFO neutron.wsgi [None req-1ae7b7a8-ffad-4880-aea3-0e7d4b22a236 22fc2414e018491195bfc805c7f04604 4aa1899ab5c141e7819c56b8c71122e3 - - - -] 10.0.0.208 "POST /v2.0/security-groups HTTP/1.1" status: 201 len: 1737 time: 0.1254580
2026-04-10 15:02:35.248 10 INFO neutron.wsgi [None req-0314cabc-f3eb-4e92-9cea-a4dcc8017fcc 22fc2414e018491195bfc805c7f04604 4aa1899ab5c141e7819c56b8c71122e3 - - - -] 10.0.0.208 "PUT /v2.0/security-groups/32c063b3-ade2-4948-a7b2-c6d69d1da841/tags HTTP/1.1" status: 200 len: 210 time: 0.0276155
2026-04-10 15:02:35.281 10 INFO neutron.wsgi [None req-00364a2d-bf0e-4281-a8e5-8f4464109d5a 22fc2414e018491195bfc805c7f04604 4aa1899ab5c141e7819c56b8c71122e3 - - - -] 10.0.0.208 "PUT /v2.0/security-groups/eb16c8e3-9af4-4bdd-a177-2e70acaa05ec/tags HTTP/1.1" status: 200 len: 218 time: 0.0248320
2026-04-10 15:02:35.309 10 INFO neutron.wsgi [None req-915b1ce3-d7fa-4d00-893b-a9a6d88f9185 22fc2414e018491195bfc805c7f04604 4aa1899ab5c141e7819c56b8c71122e3 - - - -] 10.0.0.208 "PUT /v2.0/security-groups/c995be47-6dee-4647-97ab-90840511f023/tags HTTP/1.1" status: 200 len: 227 time: 0.0239885
2026-04-10 15:02:35.336 10 INFO neutron.wsgi [None req-28aa4bdd-0ddb-4919-9a78-8228da5ec778 22fc2414e018491195bfc805c7f04604 4aa1899ab5c141e7819c56b8c71122e3 - - - -] 10.0.0.208 "PUT /v2.0/security-groups/d3c77297-931d-4bbc-9614-a3e17811de04/tags HTTP/1.1" status: 200 len: 212 time: 0.0207355
2026-04-10 15:02:35.390 10 INFO neutron.wsgi [None req-ee814b8f-4db6-4bf9-8b0a-5b8c73dd8d3a 22fc2414e018491195bfc805c7f04604 4aa1899ab5c141e7819c56b8c71122e3 - - default default] 10.0.0.208 "GET /v2.0/security-groups?tags=red HTTP/1.1" status: 200 len: 4813 time: 0.0466588
2026-04-10 15:02:35.437 10 INFO neutron.wsgi [None req-5a11e59d-3d73-474b-986b-b31d70b6a010 22fc2414e018491195bfc805c7f04604 4aa1899ab5c141e7819c56b8c71122e3 - - default default] 10.0.0.208 "GET /v2.0/security-groups?tags=red%2Cblue HTTP/1.1" status: 200 len: 3289 time: 0.0426688
2026-04-10 15:02:35.494 10 INFO neutron.wsgi [None req-c6143e23-9bde-46b3-a32a-6495f9ab5173 22fc2414e018491195bfc805c7f04604 4aa1899ab5c141e7819c56b8c71122e3 - - default default] 10.0.0.208 "GET /v2.0/security-groups?tags-any=blue HTTP/1.1" status: 200 len: 3289 time: 0.0472965
2026-04-10 15:02:35.549 10 INFO neutron.wsgi [None req-b996f5dc-39ff-41b5-b2c5-0f62f6bd02cf 22fc2414e018491195bfc805c7f04604 4aa1899ab5c141e7819c56b8c71122e3 - - default default] 10.0.0.208 "GET /v2.0/security-groups?tags-any=red%2Cblue HTTP/1.1" status: 200 len: 4813 time: 0.0482547
2026-04-10 15:02:35.606 10 INFO neutron.wsgi [None req-1d125fcc-9fd1-493c-bb6f-1763ca39375c 22fc2414e018491195bfc805c7f04604 4aa1899ab5c141e7819c56b8c71122e3 - - default default] 10.0.0.208 "GET /v2.0/security-groups?not-tags=red HTTP/1.1" status: 200 len: 6041 time: 0.0519223
2026-04-10 15:02:35.675 10 INFO neutron.wsgi [None req-5ed0cf9c-97d0-4a3e-8382-e14f02e1819c 22fc2414e018491195bfc805c7f04604 4aa1899ab5c141e7819c56b8c71122e3 - - default default] 10.0.0.208 "GET /v2.0/security-groups?not-tags=red%2Cblue HTTP/1.1" status: 200 len: 7565 time: 0.0661914
2026-04-10 15:02:35.738 10 INFO neutron.wsgi [None req-a562817c-ecc7-46a4-b298-ef4947d5f744 22fc2414e018491195bfc805c7f04604 4aa1899ab5c141e7819c56b8c71122e3 - - default default] 10.0.0.208 "GET /v2.0/security-groups?not-tags-any=blue HTTP/1.1" status: 200 len: 7565 time: 0.0572085
2026-04-10 15:02:35.805 10 INFO neutron.wsgi [None req-d95e6195-d1f4-475c-9846-def4d086552e 22fc2414e018491195bfc805c7f04604 4aa1899ab5c141e7819c56b8c71122e3 - - default default] 10.0.0.208 "GET /v2.0/security-groups?not-tags-any=red%2Cblue HTTP/1.1" status: 200 len: 6041 time: 0.0612738
2026-04-10 15:02:35.814 9 WARNING neutron.scheduler.dhcp_agent_scheduler [None req-c1ab3d65-920f-4ac6-a762-c672cd699939 3d65b9e368244267a9a88dafe89bf9cc d40d8614db904da7a8113c4009740f24 - - - -] No more DHCP agents
2026-04-10 15:02:35.818 9 WARNING neutron.api.rpc.agentnotifiers.dhcp_rpc_agent_api [None req-c1ab3d65-920f-4ac6-a762-c672cd699939 3d65b9e368244267a9a88dafe89bf9cc d40d8614db904da7a8113c4009740f24 - - - -] Unable to schedule network 890fb310-6b42-4a79-a46a-55281d1e97d5: no agents available; will retry on subsequent port and subnet creation events.
2026-04-10 15:02:35.957 10 INFO neutron.wsgi [None req-90489b74-04e0-4949-a7b7-dfe6d975203d 22fc2414e018491195bfc805c7f04604 4aa1899ab5c141e7819c56b8c71122e3 - - - -] 10.0.0.208 "DELETE /v2.0/security-groups/32c063b3-ade2-4948-a7b2-c6d69d1da841 HTTP/1.1" status: 204 len: 168 time: 0.1458087
2026-04-10 15:02:36.010 10 INFO neutron.db.ovn_revision_numbers_db [None req-e3d8cd41-b6b0-4f8e-a5d6-42cee3d6cbf9 e382d57a1dc8476e98df76a84f9e55ef 2cba3e0f0e5b4099934ec10d61cd2668 - - default default] Successfully bumped revision number for resource 0a377dd6-6d54-400b-bc63-8d7f33a91a8e (type: security_groups) to 1
2026-04-10 15:02:36.013 9 WARNING neutron.scheduler.dhcp_agent_scheduler [None req-d49bcefc-0f26-4bfa-b404-b547c18c962c e382d57a1dc8476e98df76a84f9e55ef 2cba3e0f0e5b4099934ec10d61cd2668 - - - -] No more DHCP agents
2026-04-10 15:02:36.014 9 WARNING neutron.api.rpc.agentnotifiers.dhcp_rpc_agent_api [None req-d49bcefc-0f26-4bfa-b404-b547c18c962c e382d57a1dc8476e98df76a84f9e55ef 2cba3e0f0e5b4099934ec10d61cd2668 - - - -] Unable to schedule network 890fb310-6b42-4a79-a46a-55281d1e97d5: no agents available; will retry on subsequent port and subnet creation events.
2026-04-10 15:02:36.033 10 INFO neutron.wsgi [None req-e3d8cd41-b6b0-4f8e-a5d6-42cee3d6cbf9 e382d57a1dc8476e98df76a84f9e55ef 2cba3e0f0e5b4099934ec10d61cd2668 - - default default] 10.0.0.208 "GET /v2.0/security-groups?tenant_id=4ce9f263b6e0493e988791d327fe825c&name=default HTTP/1.1" status: 200 len: 2996 time: 0.3144362
2026-04-10 15:02:36.059 9 INFO neutron.db.ovn_revision_numbers_db [None req-c1ab3d65-920f-4ac6-a762-c672cd699939 3d65b9e368244267a9a88dafe89bf9cc d40d8614db904da7a8113c4009740f24 - - - -] Successfully bumped revision number for resource 5dfff40c-db8c-477f-8771-b148a83f64dc (type: ports) to 1
2026-04-10 15:02:36.263 9 INFO neutron.wsgi [None req-ff6b75aa-ae5a-4e66-8a90-10873f598118 22fc2414e018491195bfc805c7f04604 4aa1899ab5c141e7819c56b8c71122e3 - - - -] 10.0.0.208 "DELETE /v2.0/security-groups/eb16c8e3-9af4-4bdd-a177-2e70acaa05ec HTTP/1.1" status: 204 len: 168 time: 0.2926111
2026-04-10 15:02:36.272 10 INFO neutron.wsgi [None req-cff336b6-75d1-4e27-8620-53065c9f7f8e e382d57a1dc8476e98df76a84f9e55ef 2cba3e0f0e5b4099934ec10d61cd2668 - - - -] 10.0.0.208 "DELETE /v2.0/security-groups/0a377dd6-6d54-400b-bc63-8d7f33a91a8e HTTP/1.1" status: 204 len: 168 time: 0.2292261
2026-04-10 15:02:36.300 9 INFO neutron.db.ovn_revision_numbers_db [None req-d49bcefc-0f26-4bfa-b404-b547c18c962c e382d57a1dc8476e98df76a84f9e55ef 2cba3e0f0e5b4099934ec10d61cd2668 - - - -] Successfully bumped revision number for resource 2213488e-c5d7-43ab-b901-d2aacae0c259 (type: ports) to 1
2026-04-10 15:02:36.811 9 INFO neutron.wsgi [None req-5b3cf20f-b854-4ccc-8aa0-b31c6e97b659 22fc2414e018491195bfc805c7f04604 4aa1899ab5c141e7819c56b8c71122e3 - - - -] 10.0.0.208 "DELETE /v2.0/security-groups/c995be47-6dee-4647-97ab-90840511f023 HTTP/1.1" status: 204 len: 168 time: 0.5414085
2026-04-10 15:02:37.070 9 INFO neutron.wsgi [None req-f9b33f3f-f3e6-42ed-85c4-3a34344847ad 22fc2414e018491195bfc805c7f04604 4aa1899ab5c141e7819c56b8c71122e3 - - - -] 10.0.0.208 "DELETE /v2.0/security-groups/d3c77297-931d-4bbc-9614-a3e17811de04 HTTP/1.1" status: 204 len: 168 time: 0.2517354
2026-04-10 15:02:37.217 9 INFO neutron.plugins.ml2.drivers.ovn.mech_driver.mech_driver [None req-cea678a5-dc94-4109-a3f7-c8ed0fe94008 - - - - - -] OVN reports status up for port: 5dfff40c-db8c-477f-8771-b148a83f64dc
2026-04-10 15:02:37.220 10 INFO neutron.wsgi [None req-8d7be300-9038-400a-af1e-4cab0f539321 22fc2414e018491195bfc805c7f04604 4aa1899ab5c141e7819c56b8c71122e3 - - - -] 10.0.0.208 "DELETE /v2.0/security-groups/ed02f496-41e7-4631-8297-3e8e3327af11 HTTP/1.1" status: 204 len: 168 time: 0.1444991
2026-04-10 15:02:37.224 9 INFO neutron.plugins.ml2.plugin [None req-cea678a5-dc94-4109-a3f7-c8ed0fe94008 - - - - - -] Attempt 1 to provision port 5dfff40c-db8c-477f-8771-b148a83f64dc
2026-04-10 15:02:37.241 10 INFO neutron.plugins.ml2.drivers.ovn.mech_driver.ovsdb.ovsdb_monitor [None req-91f0300c-064b-4f28-a4c6-d9fa777a19cf - - - - - -] Router 90f6fd56-6fc5-401c-b868-beaadbb437b0 is bound to host instance
2026-04-10 15:02:37.257 9 INFO neutron.db.ovn_revision_numbers_db [None req-c1ab3d65-920f-4ac6-a762-c672cd699939 3d65b9e368244267a9a88dafe89bf9cc d40d8614db904da7a8113c4009740f24 - - - -] Successfully bumped revision number for resource 5dfff40c-db8c-477f-8771-b148a83f64dc (type: router_ports) to 1
2026-04-10 15:02:37.363 9 INFO neutron.db.ovn_revision_numbers_db [None req-c1ab3d65-920f-4ac6-a762-c672cd699939 3d65b9e368244267a9a88dafe89bf9cc d40d8614db904da7a8113c4009740f24 - - - -] Successfully bumped revision number for resource 90f6fd56-6fc5-401c-b868-beaadbb437b0 (type: routers) to 3
2026-04-10 15:02:37.388 9 INFO neutron.wsgi [None req-c1ab3d65-920f-4ac6-a762-c672cd699939 3d65b9e368244267a9a88dafe89bf9cc d40d8614db904da7a8113c4009740f24 - - - -] 10.0.0.208 "POST /v2.0/routers HTTP/1.1" status: 201 len: 874 time: 2.4570618
2026-04-10 15:02:37.434 9 INFO neutron.db.ovn_revision_numbers_db [None req-d49bcefc-0f26-4bfa-b404-b547c18c962c e382d57a1dc8476e98df76a84f9e55ef 2cba3e0f0e5b4099934ec10d61cd2668 - - - -] Successfully bumped revision number for resource 2213488e-c5d7-43ab-b901-d2aacae0c259 (type: router_ports) to 1
2026-04-10 15:02:37.522 9 INFO neutron.db.ovn_revision_numbers_db [None req-d49bcefc-0f26-4bfa-b404-b547c18c962c e382d57a1dc8476e98df76a84f9e55ef 2cba3e0f0e5b4099934ec10d61cd2668 - - - -] Successfully bumped revision number for resource 283d799a-55a3-4d49-8a32-a8fd72095981 (type: routers) to 3
2026-04-10 15:02:37.539 9 INFO neutron.wsgi [None req-d49bcefc-0f26-4bfa-b404-b547c18c962c e382d57a1dc8476e98df76a84f9e55ef 2cba3e0f0e5b4099934ec10d61cd2668 - - - -] 10.0.0.208 "POST /v2.0/routers HTTP/1.1" status: 201 len: 873 time: 2.4153008
2026-04-10 15:02:37.705 10 INFO neutron.wsgi [None req-ecc7d9bb-5855-4733-9975-c1ff49189e29 c87685d33f4e4379ace8082aa014df1c 7050aec859604c5ab5c7abb9eed0c991 - - default default] 10.0.0.208 "GET /v2.0/subnets?project_id=d40d8614db904da7a8113c4009740f24&cidr=10.100.0.0%2F28 HTTP/1.1" status: 200 len: 207 time: 0.3077695
2026-04-10 15:02:37.900 10 INFO neutron.db.ovn_revision_numbers_db [None req-91f0300c-064b-4f28-a4c6-d9fa777a19cf - - - - - -] Successfully bumped revision number for resource 5dfff40c-db8c-477f-8771-b148a83f64dc (type: ports) to 1
2026-04-10 15:02:38.056 9 INFO neutron.wsgi [None req-2650778a-da60-4fcb-a55f-74a3e8123cc8 c87685d33f4e4379ace8082aa014df1c 7050aec859604c5ab5c7abb9eed0c991 - - default default] 10.0.0.208 "GET /v2.0/networks?router%3Aexternal=True HTTP/1.1" status: 200 len: 947 time: 0.3455043
2026-04-10 15:02:38.093 10 INFO neutron.wsgi [None req-7c36accf-11b9-4bda-a168-761891d0a0c3 c87685d33f4e4379ace8082aa014df1c 7050aec859604c5ab5c7abb9eed0c991 - - default default] 10.0.0.208 "GET /v2.0/subnets?network_id=890fb310-6b42-4a79-a46a-55281d1e97d5&cidr=10.100.0.0%2F28 HTTP/1.1" status: 200 len: 207 time: 0.0310931
2026-04-10 15:02:38.261 10 INFO neutron.db.ovn_revision_numbers_db [None req-91f0300c-064b-4f28-a4c6-d9fa777a19cf - - - - - -] Successfully bumped revision number for resource 5dfff40c-db8c-477f-8771-b148a83f64dc (type: router_ports) to 3
2026-04-10 15:02:38.303 9 WARNING neutron.scheduler.dhcp_agent_scheduler [None req-949f7447-d2d1-4e04-a684-7f18db9ec54d e382d57a1dc8476e98df76a84f9e55ef 2cba3e0f0e5b4099934ec10d61cd2668 - - default default] No more DHCP agents
2026-04-10 15:02:38.306 9 WARNING neutron.api.rpc.agentnotifiers.dhcp_rpc_agent_api [None req-949f7447-d2d1-4e04-a684-7f18db9ec54d e382d57a1dc8476e98df76a84f9e55ef 2cba3e0f0e5b4099934ec10d61cd2668 - - default default] Unable to schedule network b79255e3-87eb-44e7-8247-a69afdf50510: no agents available; will retry on subsequent port and subnet creation events.
2026-04-10 15:02:38.389 9 INFO neutron.db.ovn_revision_numbers_db [None req-31dde660-b42b-4482-b402-40182ccd8f49 4fd202b7a147489f87538bfdf7738106 f7fb0fe440d34673a15fd4952c5bc2a7 - - - -] Successfully bumped revision number for resource f018f1b0-d8d7-43f6-83de-1b9ab7a115ce (type: security_groups) to 1
2026-04-10 15:02:38.475 9 INFO neutron.db.ovn_revision_numbers_db [None req-949f7447-d2d1-4e04-a684-7f18db9ec54d e382d57a1dc8476e98df76a84f9e55ef 2cba3e0f0e5b4099934ec10d61cd2668 - - default default] Successfully bumped revision number for resource 243345ee-47fe-4ab6-a261-530293580c27 (type: ports) to 1
2026-04-10 15:02:38.480 9 INFO neutron.db.ovn_revision_numbers_db [None req-31dde660-b42b-4482-b402-40182ccd8f49 4fd202b7a147489f87538bfdf7738106 f7fb0fe440d34673a15fd4952c5bc2a7 - - - -] Successfully bumped revision number for resource 8aac23e1-17a6-489f-9e12-04ba2c696fd9 (type: security_groups) to 1
2026-04-10 15:02:38.520 9 INFO neutron.wsgi [None req-31dde660-b42b-4482-b402-40182ccd8f49 4fd202b7a147489f87538bfdf7738106 f7fb0fe440d34673a15fd4952c5bc2a7 - - - -] 10.0.0.208 "POST /v2.0/security-groups HTTP/1.1" status: 201 len: 1760 time: 0.4301338
2026-04-10 15:02:38.588 9 INFO neutron.wsgi [None req-06cc38e1-1cbe-441a-950a-d3b96356fa9c 4fd202b7a147489f87538bfdf7738106 f7fb0fe440d34673a15fd4952c5bc2a7 - - default default] 10.0.0.208 "GET /v2.0/security-groups HTTP/1.1" status: 200 len: 4538 time: 0.0586023
2026-04-10 15:02:38.684 9 INFO neutron.db.ovn_revision_numbers_db [None req-438c7897-3a89-44c1-8eb8-9c4a9de37a59 4fd202b7a147489f87538bfdf7738106 f7fb0fe440d34673a15fd4952c5bc2a7 - - - -] Successfully bumped revision number for resource 8aac23e1-17a6-489f-9e12-04ba2c696fd9 (type: security_groups) to 2
2026-04-10 15:02:38.687 9 INFO neutron.wsgi [None req-438c7897-3a89-44c1-8eb8-9c4a9de37a59 4fd202b7a147489f87538bfdf7738106 f7fb0fe440d34673a15fd4952c5bc2a7 - - - -] 10.0.0.208 "PUT /v2.0/security-groups/8aac23e1-17a6-489f-9e12-04ba2c696fd9 HTTP/1.1" status: 200 len: 1794 time: 0.0929012
2026-04-10 15:02:38.743 9 INFO neutron.wsgi [None req-6ca4b33d-e805-49ef-8f3e-42ce45ebdca3 4fd202b7a147489f87538bfdf7738106 f7fb0fe440d34673a15fd4952c5bc2a7 - - default default] 10.0.0.208 "GET /v2.0/security-groups/8aac23e1-17a6-489f-9e12-04ba2c696fd9 HTTP/1.1" status: 200 len: 1794 time: 0.0523021
2026-04-10 15:02:38.946 9 INFO neutron.wsgi [None req-f4f66faa-5822-4309-879d-bcbb0bf8deb2 4fd202b7a147489f87538bfdf7738106 f7fb0fe440d34673a15fd4952c5bc2a7 - - - -] 10.0.0.208 "DELETE /v2.0/security-groups/8aac23e1-17a6-489f-9e12-04ba2c696fd9 HTTP/1.1" status: 204 len: 168 time: 0.1820872
2026-04-10 15:02:38.990 10 INFO neutron.db.ovn_revision_numbers_db [None req-3031b29b-dbee-4e88-bb35-e18a9112ef2f e382d57a1dc8476e98df76a84f9e55ef 2cba3e0f0e5b4099934ec10d61cd2668 - - default default] Successfully bumped revision number for resource 6ac8bb92-65b2-456c-994f-bb6792d231e6 (type: security_groups) to 1
2026-04-10 15:02:38.993 9 INFO neutron.wsgi [None req-5f547317-2c5e-467c-9ea4-58b2b612630b 4fd202b7a147489f87538bfdf7738106 f7fb0fe440d34673a15fd4952c5bc2a7 - - default default] 10.0.0.208 "GET /v2.0/security-groups HTTP/1.1" status: 200 len: 2996 time: 0.0413930
2026-04-10 15:02:39.017 9 INFO neutron.api.v2.resource [None req-bdb0d9bf-f294-43fb-84a1-c56c2feb8c35 4fd202b7a147489f87538bfdf7738106 f7fb0fe440d34673a15fd4952c5bc2a7 - - - -] delete failed (client error): The resource could not be found.
2026-04-10 15:02:39.018 9 INFO neutron.wsgi [None req-bdb0d9bf-f294-43fb-84a1-c56c2feb8c35 4fd202b7a147489f87538bfdf7738106 f7fb0fe440d34673a15fd4952c5bc2a7 - - - -] 10.0.0.208 "DELETE /v2.0/security-groups/8aac23e1-17a6-489f-9e12-04ba2c696fd9 HTTP/1.1" status: 404 len: 347 time: 0.0189419
2026-04-10 15:02:39.019 9 INFO neutron.db.ovn_revision_numbers_db [None req-949f7447-d2d1-4e04-a684-7f18db9ec54d e382d57a1dc8476e98df76a84f9e55ef 2cba3e0f0e5b4099934ec10d61cd2668 - - default default] Successfully bumped revision number for resource 243345ee-47fe-4ab6-a261-530293580c27 (type: router_ports) to 2
2026-04-10 15:02:39.046 10 INFO neutron.wsgi [None req-3031b29b-dbee-4e88-bb35-e18a9112ef2f e382d57a1dc8476e98df76a84f9e55ef 2cba3e0f0e5b4099934ec10d61cd2668 - - default default] 10.0.0.208 "GET /v2.0/security-groups?tenant_id=c83da8c96ffc402db3b12bb95a7d791d&name=default HTTP/1.1" status: 200 len: 2996 time: 0.9496655
2026-04-10 15:02:39.065 10 WARNING neutron.scheduler.dhcp_agent_scheduler [None req-bdc3f78f-6bdd-4a8b-91ce-560879c6b873 3d65b9e368244267a9a88dafe89bf9cc d40d8614db904da7a8113c4009740f24 - - - -] No more DHCP agents
2026-04-10 15:02:39.074 10 WARNING neutron.api.rpc.agentnotifiers.dhcp_rpc_agent_api [None req-bdc3f78f-6bdd-4a8b-91ce-560879c6b873 3d65b9e368244267a9a88dafe89bf9cc d40d8614db904da7a8113c4009740f24 - - - -] Unable to schedule network 40908fee-ce4e-4607-857f-ef277455f4d9: no agents available; will retry on subsequent port and subnet creation events.
2026-04-10 15:02:39.078 10 INFO neutron.db.ovn_revision_numbers_db [None req-91f0300c-064b-4f28-a4c6-d9fa777a19cf - - - - - -] Successfully bumped revision number for resource 5dfff40c-db8c-477f-8771-b148a83f64dc (type: ports) to 2
2026-04-10 15:02:39.204 9 INFO neutron.db.ovn_revision_numbers_db [None req-dcb50874-893e-4285-9080-76d92c02677e 4fd202b7a147489f87538bfdf7738106 f7fb0fe440d34673a15fd4952c5bc2a7 - - - -] Successfully bumped revision number for resource 1a027241-6ba2-4cdf-b555-f03257e682b9 (type: security_groups) to 1
2026-04-10 15:02:39.239 9 INFO neutron.wsgi [None req-dcb50874-893e-4285-9080-76d92c02677e 4fd202b7a147489f87538bfdf7738106 f7fb0fe440d34673a15fd4952c5bc2a7 - - - -] 10.0.0.208 "POST /v2.0/security-groups HTTP/1.1" status: 201 len: 1761 time: 0.2100241
2026-04-10 15:02:39.256 9 INFO neutron.db.ovn_revision_numbers_db [None req-949f7447-d2d1-4e04-a684-7f18db9ec54d e382d57a1dc8476e98df76a84f9e55ef 2cba3e0f0e5b4099934ec10d61cd2668 - - default default] Successfully bumped revision number for resource 243345ee-47fe-4ab6-a261-530293580c27 (type: ports) to 2
2026-04-10 15:02:39.350 9 WARNING neutron.scheduler.dhcp_agent_scheduler [None req-949f7447-d2d1-4e04-a684-7f18db9ec54d e382d57a1dc8476e98df76a84f9e55ef 2cba3e0f0e5b4099934ec10d61cd2668 - - default default] No more DHCP agents
2026-04-10 15:02:39.352 9 WARNING neutron.api.rpc.agentnotifiers.dhcp_rpc_agent_api [None req-949f7447-d2d1-4e04-a684-7f18db9ec54d e382d57a1dc8476e98df76a84f9e55ef 2cba3e0f0e5b4099934ec10d61cd2668 - - default default] Unable to schedule network b79255e3-87eb-44e7-8247-a69afdf50510: no agents available; will retry on subsequent port and subnet creation events.
2026-04-10 15:02:39.429 9 INFO neutron.wsgi [None req-34051b1b-d1cd-4855-976c-f8f6bcc67e2e e382d57a1dc8476e98df76a84f9e55ef 2cba3e0f0e5b4099934ec10d61cd2668 - - - -] 10.0.0.208 "DELETE /v2.0/security-groups/6ac8bb92-65b2-456c-994f-bb6792d231e6 HTTP/1.1" status: 204 len: 168 time: 0.3770089
2026-04-10 15:02:39.440 10 INFO neutron.db.ovn_revision_numbers_db [None req-91f0300c-064b-4f28-a4c6-d9fa777a19cf - - - - - -] Successfully bumped revision number for resource 5dfff40c-db8c-477f-8771-b148a83f64dc (type: ports) to 4
2026-04-10 15:02:39.456 9 INFO neutron.db.ovn_revision_numbers_db [None req-49d0c3d0-e1f5-4a6f-b6de-365396f97309 4fd202b7a147489f87538bfdf7738106 f7fb0fe440d34673a15fd4952c5bc2a7 - - - -] Successfully bumped revision number for resource 99b3e21a-28ea-476e-b765-c46505e17aff (type: security_group_rules) to 0
2026-04-10 15:02:39.502 9 INFO neutron.wsgi [None req-49d0c3d0-e1f5-4a6f-b6de-365396f97309 4fd202b7a147489f87538bfdf7738106 f7fb0fe440d34673a15fd4952c5bc2a7 - - - -] 10.0.0.208 "POST /v2.0/security-group-rules HTTP/1.1" status: 201 len: 768 time: 0.2559249
2026-04-10 15:02:39.533 9 INFO neutron.plugins.ml2.drivers.ovn.mech_driver.mech_driver [None req-cea678a5-dc94-4109-a3f7-c8ed0fe94008 - - - - - -] OVN reports status up for port: 2213488e-c5d7-43ab-b901-d2aacae0c259
2026-04-10 15:02:39.538 9 INFO neutron.wsgi [None req-86e86bb4-a725-4a50-94bd-c8ef572e87ab 4fd202b7a147489f87538bfdf7738106 f7fb0fe440d34673a15fd4952c5bc2a7 - - default default] 10.0.0.208 "GET /v2.0/security-group-rules/99b3e21a-28ea-476e-b765-c46505e17aff HTTP/1.1" status: 200 len: 763 time: 0.0271628
2026-04-10 15:02:39.555 9 INFO neutron.plugins.ml2.plugin [None req-cea678a5-dc94-4109-a3f7-c8ed0fe94008 - - - - - -] Attempt 1 to provision port 2213488e-c5d7-43ab-b901-d2aacae0c259
2026-04-10 15:02:39.627 10 INFO neutron.wsgi [None req-42bfb252-0836-486f-b502-db3ab77bf19c 4fd202b7a147489f87538bfdf7738106 f7fb0fe440d34673a15fd4952c5bc2a7 - - default default] 10.0.0.208 "GET /v2.0/security-group-rules HTTP/1.1" status: 200 len: 4113 time: 0.0803041
2026-04-10 15:02:39.652 9 INFO neutron.wsgi [None req-5e4eb27e-6d84-4de9-93e9-7e63ebdadb35 e382d57a1dc8476e98df76a84f9e55ef 2cba3e0f0e5b4099934ec10d61cd2668 - - default default] 10.0.0.208 "GET /v2.0/security-groups?tenant_id=4aa1899ab5c141e7819c56b8c71122e3&name=default HTTP/1.1" status: 200 len: 2996 time: 0.0743954
2026-04-10 15:02:39.754 10 INFO neutron.db.ovn_revision_numbers_db [None req-bdc3f78f-6bdd-4a8b-91ce-560879c6b873 3d65b9e368244267a9a88dafe89bf9cc d40d8614db904da7a8113c4009740f24 - - - -] Successfully bumped revision number for resource 87182dbb-7c34-4bed-822e-a67ce93a2925 (type: ports) to 2
2026-04-10 15:02:39.756 10 INFO neutron.db.ovn_revision_numbers_db [None req-91f0300c-064b-4f28-a4c6-d9fa777a19cf - - - - - -] Successfully bumped revision number for resource 5dfff40c-db8c-477f-8771-b148a83f64dc (type: router_ports) to 4
2026-04-10 15:02:39.778 10 INFO neutron.db.ovn_revision_numbers_db [None req-bdc3f78f-6bdd-4a8b-91ce-560879c6b873 3d65b9e368244267a9a88dafe89bf9cc d40d8614db904da7a8113c4009740f24 - - - -] Successfully bumped revision number for resource 80e1cf14-2323-4b1c-a4b4-e01b223c105d (type: subnets) to 0
2026-04-10 15:02:39.800 10 INFO neutron.wsgi [None req-bdc3f78f-6bdd-4a8b-91ce-560879c6b873 3d65b9e368244267a9a88dafe89bf9cc d40d8614db904da7a8113c4009740f24 - - - -] 10.0.0.208 "POST /v2.0/subnets HTTP/1.1" status: 201 len: 832 time: 1.7022414
2026-04-10 15:02:39.810 10 INFO neutron.plugins.ml2.drivers.ovn.mech_driver.ovsdb.ovsdb_monitor [None req-91f0300c-064b-4f28-a4c6-d9fa777a19cf - - - - - -] Router 283d799a-55a3-4d49-8a32-a8fd72095981 is bound to host instance
2026-04-10 15:02:39.883 9 INFO neutron.wsgi [None req-9ea98c57-d265-4f16-80ca-67585784f729 4fd202b7a147489f87538bfdf7738106 f7fb0fe440d34673a15fd4952c5bc2a7 - - - -] 10.0.0.208 "DELETE /v2.0/security-group-rules/99b3e21a-28ea-476e-b765-c46505e17aff HTTP/1.1" status: 204 len: 168 time: 0.2388787
2026-04-10 15:02:39.960 9 INFO neutron.wsgi [None req-48b28dc4-be10-4532-a05b-faa88f650743 4fd202b7a147489f87538bfdf7738106 f7fb0fe440d34673a15fd4952c5bc2a7 - - default default] 10.0.0.208 "GET /v2.0/security-group-rules HTTP/1.1" status: 200 len: 3567 time: 0.0705829
2026-04-10 15:02:40.038 9 INFO neutron.wsgi [None req-ae873a27-c1ba-46ff-bd64-a6362e86ad94 e382d57a1dc8476e98df76a84f9e55ef 2cba3e0f0e5b4099934ec10d61cd2668 - - - -] 10.0.0.208 "DELETE /v2.0/security-groups/9682b14d-e0cd-446a-91a1-f88e924b3230 HTTP/1.1" status: 204 len: 168 time: 0.3787377
2026-04-10 15:02:40.048 9 INFO neutron.db.ovn_revision_numbers_db [None req-949f7447-d2d1-4e04-a684-7f18db9ec54d e382d57a1dc8476e98df76a84f9e55ef 2cba3e0f0e5b4099934ec10d61cd2668 - - - -] Successfully bumped revision number for resource 243345ee-47fe-4ab6-a261-530293580c27 (type: router_ports) to 2
2026-04-10 15:02:40.050 9 INFO neutron.wsgi [None req-949f7447-d2d1-4e04-a684-7f18db9ec54d e382d57a1dc8476e98df76a84f9e55ef 2cba3e0f0e5b4099934ec10d61cd2668 - - - -] 10.0.0.208 "PUT /v2.0/routers/283d799a-55a3-4d49-8a32-a8fd72095981/add_router_interface HTTP/1.1" status: 200 len: 503 time: 2.5068426
2026-04-10 15:02:40.232 10 INFO neutron.db.ovn_revision_numbers_db [None req-6a89fd6f-0023-4c0a-b2eb-670683b16d59 4fd202b7a147489f87538bfdf7738106 f7fb0fe440d34673a15fd4952c5bc2a7 - - - -] Successfully bumped revision number for resource 4c329ec8-7157-4e52-b838-473115147416 (type: security_group_rules) to 0
2026-04-10 15:02:40.252 9 INFO neutron.db.ovn_revision_numbers_db [None req-23b58243-7aa6-4b5f-b298-ed70f58b5b51 e382d57a1dc8476e98df76a84f9e55ef 2cba3e0f0e5b4099934ec10d61cd2668 - - default default] Successfully bumped revision number for resource 17fc1f8e-8c89-4055-92e0-77cd4a6f6de5 (type: security_groups) to 1
2026-04-10 15:02:40.274 9 INFO neutron.wsgi [None req-23b58243-7aa6-4b5f-b298-ed70f58b5b51 e382d57a1dc8476e98df76a84f9e55ef 2cba3e0f0e5b4099934ec10d61cd2668 - - default default] 10.0.0.208 "GET /v2.0/security-groups?tenant_id=f85ae4af318b4dfda413a8d1b63c4ef8&name=default HTTP/1.1" status: 200 len: 2996 time: 0.1185741
2026-04-10 15:02:40.327 10 INFO neutron.wsgi [None req-6a89fd6f-0023-4c0a-b2eb-670683b16d59 4fd202b7a147489f87538bfdf7738106 f7fb0fe440d34673a15fd4952c5bc2a7 - - - -] 10.0.0.208 "POST /v2.0/security-group-rules HTTP/1.1" status: 201 len: 768 time: 0.3500559
2026-04-10 15:02:40.351 9 INFO neutron.wsgi [None req-c2ed027c-4984-4281-80fa-f8a1dfb6b7de 4fd202b7a147489f87538bfdf7738106 f7fb0fe440d34673a15fd4952c5bc2a7 - - default default] 10.0.0.208 "GET /v2.0/security-group-rules/4c329ec8-7157-4e52-b838-473115147416 HTTP/1.1" status: 200 len: 763 time: 0.0141578
2026-04-10 15:02:40.394 9 INFO neutron.wsgi [None req-06747d2a-7890-40ae-9eea-60fe00828986 4fd202b7a147489f87538bfdf7738106 f7fb0fe440d34673a15fd4952c5bc2a7 - - default default] 10.0.0.208 "GET /v2.0/security-group-rules HTTP/1.1" status: 200 len: 4113 time: 0.0361457
2026-04-10 15:02:40.505 9 INFO neutron.wsgi [None req-d22ada4c-0f9d-4ff3-9431-1744d46d428a e382d57a1dc8476e98df76a84f9e55ef 2cba3e0f0e5b4099934ec10d61cd2668 - - - -] 10.0.0.208 "DELETE /v2.0/security-groups/17fc1f8e-8c89-4055-92e0-77cd4a6f6de5 HTTP/1.1" status: 204 len: 168 time: 0.2261927
2026-04-10 15:02:40.513 9 INFO neutron.wsgi [None req-caf8c997-ceee-47e7-a571-98935972c678 4fd202b7a147489f87538bfdf7738106 f7fb0fe440d34673a15fd4952c5bc2a7 - - - -] 10.0.0.208 "DELETE /v2.0/security-group-rules/4c329ec8-7157-4e52-b838-473115147416 HTTP/1.1" status: 204 len: 168 time: 0.1073329
2026-04-10 15:02:40.553 9 INFO neutron.wsgi [None req-c76b6909-c4de-4af7-90dc-c6c42a396f60 4fd202b7a147489f87538bfdf7738106 f7fb0fe440d34673a15fd4952c5bc2a7 - - default default] 10.0.0.208 "GET /v2.0/security-group-rules HTTP/1.1" status: 200 len: 3567 time: 0.0362864
2026-04-10 15:02:40.581 9 INFO neutron.db.securitygroups_db [None req-369894ad-bca9-47df-9f32-b3a29e008bf4 4fd202b7a147489f87538bfdf7738106 f7fb0fe440d34673a15fd4952c5bc2a7 - - - -] Project f7fb0fe440d34673a15fd4952c5bc2a7 added a security group rule with legacy IPv6 ICMP protocol name icmp, ipv6-icmp should be used instead. It was automatically converted.
2026-04-10 15:02:40.670 9 INFO neutron.db.ovn_revision_numbers_db [None req-369894ad-bca9-47df-9f32-b3a29e008bf4 4fd202b7a147489f87538bfdf7738106 f7fb0fe440d34673a15fd4952c5bc2a7 - - - -] Successfully bumped revision number for resource 69f4a9a9-e4f0-4d93-9f96-519c6da9aa2c (type: security_group_rules) to 0
2026-04-10 15:02:40.672 10 WARNING neutron.scheduler.dhcp_agent_scheduler [None req-de9d5360-584b-44c0-8679-82892a49304d 3d65b9e368244267a9a88dafe89bf9cc d40d8614db904da7a8113c4009740f24 - - default default] No more DHCP agents
2026-04-10 15:02:40.674 10 WARNING neutron.api.rpc.agentnotifiers.dhcp_rpc_agent_api [None req-de9d5360-584b-44c0-8679-82892a49304d 3d65b9e368244267a9a88dafe89bf9cc d40d8614db904da7a8113c4009740f24 - - default default] Unable to schedule network 40908fee-ce4e-4607-857f-ef277455f4d9: no agents available; will retry on subsequent port and subnet creation events.
2026-04-10 15:02:40.702 9 INFO neutron.wsgi [None req-369894ad-bca9-47df-9f32-b3a29e008bf4 4fd202b7a147489f87538bfdf7738106 f7fb0fe440d34673a15fd4952c5bc2a7 - - - -] 10.0.0.208 "POST /v2.0/security-group-rules HTTP/1.1" status: 201 len: 774 time: 0.1450064
2026-04-10 15:02:40.723 9 INFO neutron.wsgi [None req-4445abc6-1a29-4d90-a13e-a114dc598d6e 4fd202b7a147489f87538bfdf7738106 f7fb0fe440d34673a15fd4952c5bc2a7 - - default default] 10.0.0.208 "GET /v2.0/security-group-rules/69f4a9a9-e4f0-4d93-9f96-519c6da9aa2c HTTP/1.1" status: 200 len: 769 time: 0.0162966
2026-04-10 15:02:40.759 10 INFO neutron.db.ovn_revision_numbers_db [None req-91f0300c-064b-4f28-a4c6-d9fa777a19cf - - - - - -] Successfully bumped revision number for resource 2213488e-c5d7-43ab-b901-d2aacae0c259 (type: ports) to 1
2026-04-10 15:02:40.777 9 INFO neutron.wsgi [None req-34bb1225-7905-466a-866f-e9ec161749b4 4fd202b7a147489f87538bfdf7738106 f7fb0fe440d34673a15fd4952c5bc2a7 - - default default] 10.0.0.208 "GET /v2.0/security-group-rules HTTP/1.1" status: 200 len: 4119 time: 0.0455863
2026-04-10 15:02:40.892 9 INFO neutron.wsgi [None req-7abd87c4-114f-4b31-99d0-886a13501315 4fd202b7a147489f87538bfdf7738106 f7fb0fe440d34673a15fd4952c5bc2a7 - - - -] 10.0.0.208 "DELETE /v2.0/security-group-rules/69f4a9a9-e4f0-4d93-9f96-519c6da9aa2c HTTP/1.1" status: 204 len: 168 time: 0.1104038
2026-04-10 15:02:40.926 9 INFO neutron.wsgi [None req-641f2e62-5dbb-4ab1-a180-9038dff3d518 4fd202b7a147489f87538bfdf7738106 f7fb0fe440d34673a15fd4952c5bc2a7 - - default default] 10.0.0.208 "GET /v2.0/security-group-rules HTTP/1.1" status: 200 len: 3567 time: 0.0302660
2026-04-10 15:02:41.048 9 INFO neutron.wsgi [None req-fe27936b-eb39-4687-b659-4f6bf334a195 4fd202b7a147489f87538bfdf7738106 f7fb0fe440d34673a15fd4952c5bc2a7 - - - -] 10.0.0.208 "DELETE /v2.0/security-groups/1a027241-6ba2-4cdf-b555-f03257e682b9 HTTP/1.1" status: 204 len: 168 time: 0.1157484
2026-04-10 15:02:41.085 9 INFO neutron.wsgi [None req-cb9caefd-7b89-4e46-8905-01d93d1764c5 4fd202b7a147489f87538bfdf7738106 f7fb0fe440d34673a15fd4952c5bc2a7 - - default default] 10.0.0.208 "GET /v2.0/security-groups HTTP/1.1" status: 200 len: 2996 time: 0.0311360
2026-04-10 15:02:41.142 9 INFO neutron.wsgi [None req-9c39b976-210e-4f5b-a913-039b84f07ae4 4fd202b7a147489f87538bfdf7738106 f7fb0fe440d34673a15fd4952c5bc2a7 - - default default] 10.0.0.208 "GET /v2.0/security-groups HTTP/1.1" status: 200 len: 2996 time: 0.0506024
2026-04-10 15:02:41.494 10 INFO neutron.db.ovn_revision_numbers_db [None req-de9d5360-584b-44c0-8679-82892a49304d 3d65b9e368244267a9a88dafe89bf9cc d40d8614db904da7a8113c4009740f24 - - default default] Successfully bumped revision number for resource 84659e93-f1f1-4a27-93f2-ab1db6d70feb (type: ports) to 1
2026-04-10 15:02:41.774 10 INFO neutron.db.ovn_revision_numbers_db [None req-91f0300c-064b-4f28-a4c6-d9fa777a19cf - - - - - -] Successfully bumped revision number for resource 2213488e-c5d7-43ab-b901-d2aacae0c259 (type: router_ports) to 3
2026-04-10 15:02:41.787 9 INFO neutron.plugins.ml2.drivers.ovn.mech_driver.mech_driver [None req-cea678a5-dc94-4109-a3f7-c8ed0fe94008 - - - - - -] OVN reports status up for port: 243345ee-47fe-4ab6-a261-530293580c27
2026-04-10 15:02:41.794 9 INFO neutron.plugins.ml2.plugin [None req-cea678a5-dc94-4109-a3f7-c8ed0fe94008 - - - - - -] Attempt 1 to provision port 243345ee-47fe-4ab6-a261-530293580c27
2026-04-10 15:02:41.848 9 INFO neutron.wsgi [None req-435e3280-2962-468e-bd7e-3dbef580cfb0 e382d57a1dc8476e98df76a84f9e55ef 2cba3e0f0e5b4099934ec10d61cd2668 - - default default] 10.0.0.208 "GET /v2.0/security-groups?tenant_id=f7fb0fe440d34673a15fd4952c5bc2a7&name=default HTTP/1.1" status: 200 len: 2996 time: 0.1976101
2026-04-10 15:02:41.973 10 INFO neutron.db.ovn_revision_numbers_db [None req-91f0300c-064b-4f28-a4c6-d9fa777a19cf - - - - - -] Successfully bumped revision number for resource 2213488e-c5d7-43ab-b901-d2aacae0c259 (type: ports) to 2
2026-04-10 15:02:42.090 9 INFO neutron.db.ovn_revision_numbers_db [None req-cea678a5-dc94-4109-a3f7-c8ed0fe94008 - - - - - -] Successfully bumped revision number for resource 243345ee-47fe-4ab6-a261-530293580c27 (type: ports) to 3
2026-04-10 15:02:42.119 10 INFO neutron.db.ovn_revision_numbers_db [None req-de9d5360-584b-44c0-8679-82892a49304d 3d65b9e368244267a9a88dafe89bf9cc d40d8614db904da7a8113c4009740f24 - - default default] Successfully bumped revision number for resource 84659e93-f1f1-4a27-93f2-ab1db6d70feb (type: router_ports) to 2
2026-04-10 15:02:42.137 9 INFO neutron.wsgi [None req-8f590796-1975-48e0-84ab-d78f3389442d e382d57a1dc8476e98df76a84f9e55ef 2cba3e0f0e5b4099934ec10d61cd2668 - - - -] 10.0.0.208 "DELETE /v2.0/security-groups/f018f1b0-d8d7-43f6-83de-1b9ab7a115ce HTTP/1.1" status: 204 len: 168 time: 0.2841120
2026-04-10 15:02:42.210 9 INFO neutron.db.ovn_revision_numbers_db [None req-cea678a5-dc94-4109-a3f7-c8ed0fe94008 - - - - - -] Successfully bumped revision number for resource 243345ee-47fe-4ab6-a261-530293580c27 (type: router_ports) to 3
2026-04-10 15:02:42.247 10 INFO neutron.db.ovn_revision_numbers_db [None req-91f0300c-064b-4f28-a4c6-d9fa777a19cf - - - - - -] Successfully bumped revision number for resource 2213488e-c5d7-43ab-b901-d2aacae0c259 (type: ports) to 4
2026-04-10 15:02:42.286 10 INFO neutron.db.ovn_revision_numbers_db [None req-de9d5360-584b-44c0-8679-82892a49304d 3d65b9e368244267a9a88dafe89bf9cc d40d8614db904da7a8113c4009740f24 - - default default] Successfully bumped revision number for resource 84659e93-f1f1-4a27-93f2-ab1db6d70feb (type: ports) to 2
2026-04-10 15:02:42.444 10 WARNING neutron.scheduler.dhcp_agent_scheduler [None req-de9d5360-584b-44c0-8679-82892a49304d 3d65b9e368244267a9a88dafe89bf9cc d40d8614db904da7a8113c4009740f24 - - default default] No more DHCP agents
2026-04-10 15:02:42.446 10 WARNING neutron.api.rpc.agentnotifiers.dhcp_rpc_agent_api [None req-de9d5360-584b-44c0-8679-82892a49304d 3d65b9e368244267a9a88dafe89bf9cc d40d8614db904da7a8113c4009740f24 - - default default] Unable to schedule network 40908fee-ce4e-4607-857f-ef277455f4d9: no agents available; will retry on subsequent port and subnet creation events.
2026-04-10 15:02:42.586 10 INFO neutron.db.ovn_revision_numbers_db [None req-91f0300c-064b-4f28-a4c6-d9fa777a19cf - - - - - -] Successfully bumped revision number for resource 2213488e-c5d7-43ab-b901-d2aacae0c259 (type: router_ports) to 4
2026-04-10 15:02:42.636 9 INFO neutron.wsgi [req-0c2503e8-2cca-4fe3-8995-bd57032902f6 req-36e5fc3e-60bc-431d-ad8e-1fafedc35a36 586dacd7caf0432aa2d6e35a9c280984 5404c8f073b44114a73915fdbdef627e - - default default] 10.0.0.190 "GET /v2.0/networks?id=b79255e3-87eb-44e7-8247-a69afdf50510 HTTP/1.1" status: 200 len: 871 time: 0.3332067
2026-04-10 15:02:42.656 9 INFO neutron.wsgi [req-0c2503e8-2cca-4fe3-8995-bd57032902f6 req-f3ba452f-ea6a-42a8-b469-2431cc6f19dc 586dacd7caf0432aa2d6e35a9c280984 5404c8f073b44114a73915fdbdef627e - - default default] 10.0.0.190 "GET /v2.0/quotas/5404c8f073b44114a73915fdbdef627e HTTP/1.1" status: 200 len: 386 time: 0.0114264
2026-04-10 15:02:42.780 9 INFO neutron.wsgi [req-0c2503e8-2cca-4fe3-8995-bd57032902f6 req-2fa05721-fb3a-4621-842c-7e3ab77bc3df 586dacd7caf0432aa2d6e35a9c280984 5404c8f073b44114a73915fdbdef627e - - default default] 10.0.0.190 "GET /v2.0/ports?tenant_id=5404c8f073b44114a73915fdbdef627e&fields=id HTTP/1.1" status: 200 len: 302 time: 0.1175034
2026-04-10 15:02:42.840 10 INFO neutron.db.ovn_revision_numbers_db [None req-de9d5360-584b-44c0-8679-82892a49304d 3d65b9e368244267a9a88dafe89bf9cc d40d8614db904da7a8113c4009740f24 - - - -] Successfully bumped revision number for resource 84659e93-f1f1-4a27-93f2-ab1db6d70feb (type: router_ports) to 2
2026-04-10 15:02:42.843 10 INFO neutron.wsgi [None req-de9d5360-584b-44c0-8679-82892a49304d 3d65b9e368244267a9a88dafe89bf9cc d40d8614db904da7a8113c4009740f24 - - - -] 10.0.0.208 "PUT /v2.0/routers/90f6fd56-6fc5-401c-b868-beaadbb437b0/add_router_interface HTTP/1.1" status: 200 len: 503 time: 3.0378120
2026-04-10 15:02:42.918 9 INFO neutron.wsgi [req-0c2503e8-2cca-4fe3-8995-bd57032902f6 req-e1881117-ae02-4c8f-9cd0-0a95a6117399 5f5eaa5b8b5b47518a420b0611bcc752 a776d20284c64aff9ed08d1326d110cc - - a72e8f6bda1a45148bc0c7161d785101 a72e8f6bda1a45148bc0c7161d785101] 10.0.0.190 "GET /v2.0/networks/b79255e3-87eb-44e7-8247-a69afdf50510?fields=segments HTTP/1.1" status: 200 len: 212 time: 0.1292379
2026-04-10 15:02:42.951 9 INFO neutron.wsgi [None req-d520bd10-0f21-445b-8508-d3bec68bc73a c87685d33f4e4379ace8082aa014df1c 7050aec859604c5ab5c7abb9eed0c991 - - default default] 10.0.0.208 "GET /v2.0/networks HTTP/1.1" status: 200 len: 3871 time: 0.1032197
2026-04-10 15:02:43.027 9 INFO neutron.wsgi [None req-bc8f777d-6060-4dae-bd42-465e84dfdb00 c87685d33f4e4379ace8082aa014df1c 7050aec859604c5ab5c7abb9eed0c991 - - default default] 10.0.0.208 "GET /v2.0/subnets HTTP/1.1" status: 200 len: 2750 time: 0.0709147
2026-04-10 15:02:43.030 9 INFO neutron.wsgi [req-0c2503e8-2cca-4fe3-8995-bd57032902f6 req-4994abea-6f2f-4d15-ae2e-6d1b036da39a 5f5eaa5b8b5b47518a420b0611bcc752 a776d20284c64aff9ed08d1326d110cc - - a72e8f6bda1a45148bc0c7161d785101 a72e8f6bda1a45148bc0c7161d785101] 10.0.0.190 "GET /v2.0/networks/b79255e3-87eb-44e7-8247-a69afdf50510?fields=provider%3Aphysical_network&fields=provider%3Anetwork_type HTTP/1.1" status: 200 len: 277 time: 0.1029756
2026-04-10 15:02:43.102 10 INFO neutron.wsgi [None req-0008f8eb-91aa-4192-add7-83fb8ca676f4 c87685d33f4e4379ace8082aa014df1c 7050aec859604c5ab5c7abb9eed0c991 - - default default] 10.0.0.208 "GET /v2.0/routers HTTP/1.1" status: 200 len: 1549 time: 0.0692344
2026-04-10 15:02:43.193 9 INFO neutron.wsgi [req-9039049e-c592-4401-a8b9-623940e39465 req-56afb4ca-0ee8-4bc4-b456-6ad44bc8e3e9 586dacd7caf0432aa2d6e35a9c280984 5404c8f073b44114a73915fdbdef627e - - default default] 10.0.0.190 "GET /v2.0/ports?device_id=3cc07241-09b5-49c8-bcc7-ae99e6cfe422 HTTP/1.1" status: 200 len: 210 time: 0.0389733
2026-04-10 15:02:43.285 10 INFO neutron.db.ovn_revision_numbers_db [None req-257a07a1-0e01-4f45-8521-f1db6f3ac67c 3d65b9e368244267a9a88dafe89bf9cc d40d8614db904da7a8113c4009740f24 - - - -] Successfully bumped revision number for resource 48b962fb-08cd-4191-945f-b97145e5b1b8 (type: security_groups) to 1
2026-04-10 15:02:43.315 10 INFO neutron.wsgi [None req-257a07a1-0e01-4f45-8521-f1db6f3ac67c 3d65b9e368244267a9a88dafe89bf9cc d40d8614db904da7a8113c4009740f24 - - - -] 10.0.0.208 "POST /v2.0/security-groups HTTP/1.1" status: 201 len: 1809 time: 0.1364756
2026-04-10 15:02:43.446 10 INFO neutron.db.ovn_revision_numbers_db [None req-6620a983-f9dc-4e2d-83ff-d7170b8549b9 3d65b9e368244267a9a88dafe89bf9cc d40d8614db904da7a8113c4009740f24 - - - -] Successfully bumped revision number for resource 5dabe9cb-2ab6-4146-917d-b5b92df347a1 (type: security_group_rules) to 0
2026-04-10 15:02:43.475 10 INFO neutron.wsgi [None req-6620a983-f9dc-4e2d-83ff-d7170b8549b9 3d65b9e368244267a9a88dafe89bf9cc d40d8614db904da7a8113c4009740f24 - - - -] 10.0.0.208 "POST /v2.0/security-group-rules HTTP/1.1" status: 201 len: 764 time: 0.1546898
2026-04-10 15:02:43.624 10 INFO neutron.db.ovn_revision_numbers_db [None req-07094012-3ddd-41af-b892-76932724356a 3d65b9e368244267a9a88dafe89bf9cc d40d8614db904da7a8113c4009740f24 - - - -] Successfully bumped revision number for resource 7f5dd907-0405-4896-a19c-92049b20bde3 (type: security_group_rules) to 0
2026-04-10 15:02:43.656 10 INFO neutron.wsgi [None req-07094012-3ddd-41af-b892-76932724356a 3d65b9e368244267a9a88dafe89bf9cc d40d8614db904da7a8113c4009740f24 - - - -] 10.0.0.208 "POST /v2.0/security-group-rules HTTP/1.1" status: 201 len: 763 time: 0.1754260
2026-04-10 15:02:43.835 10 INFO neutron.db.ovn_revision_numbers_db [None req-87786ff7-02d3-478e-a1df-c71fdf8d8e07 3d65b9e368244267a9a88dafe89bf9cc d40d8614db904da7a8113c4009740f24 - - - -] Successfully bumped revision number for resource dd3e9f28-eedb-412b-bd40-5cb2ec054060 (type: security_group_rules) to 0
2026-04-10 15:02:43.863 10 INFO neutron.wsgi [None req-87786ff7-02d3-478e-a1df-c71fdf8d8e07 3d65b9e368244267a9a88dafe89bf9cc d40d8614db904da7a8113c4009740f24 - - - -] 10.0.0.208 "POST /v2.0/security-group-rules HTTP/1.1" status: 201 len: 769 time: 0.2007978
