2026-04-10 15:00:47.272 9 INFO neutron.plugins.ml2.plugin [None req-cea678a5-dc94-4109-a3f7-c8ed0fe94008 - - - - - -] Attempt 1 to provision port fc276451-d6d0-40ba-987f-38e650c204e8
2026-04-10 15:00:47.278 9 INFO neutron.plugins.ml2.drivers.ovn.mech_driver.ovsdb.ovsdb_monitor [None req-b1e4ae3f-5f16-406d-bfa6-f85cf68c4d2f - - - - - -] Router 5e22040a-f17f-4557-81a2-d1c69a2cce0e is bound to host instance
2026-04-10 15:00:47.286 10 INFO neutron.db.ovn_revision_numbers_db [None req-20dc9746-a346-4365-ac0b-b7650b79d5fd e382d57a1dc8476e98df76a84f9e55ef 2cba3e0f0e5b4099934ec10d61cd2668 - - - -] Successfully bumped revision number for resource fc276451-d6d0-40ba-987f-38e650c204e8 (type: router_ports) to 1
2026-04-10 15:00:47.602 10 INFO neutron.db.ovn_revision_numbers_db [None req-d815049a-2146-475f-95ea-00b33d57a0ae 431e542edf7d444090867201383fcde1 4c7a4ddeab9a4ded89613f62e27cba24 - - - -] Successfully bumped revision number for resource 13200973-646d-457e-835c-ceb8044cb292 (type: networks) to 1
2026-04-10 15:00:47.605 10 INFO neutron.db.ovn_revision_numbers_db [None req-20dc9746-a346-4365-ac0b-b7650b79d5fd e382d57a1dc8476e98df76a84f9e55ef 2cba3e0f0e5b4099934ec10d61cd2668 - - - -] Successfully bumped revision number for resource 5e22040a-f17f-4557-81a2-d1c69a2cce0e (type: routers) to 3
2026-04-10 15:00:47.631 10 INFO neutron.wsgi [None req-20dc9746-a346-4365-ac0b-b7650b79d5fd e382d57a1dc8476e98df76a84f9e55ef 2cba3e0f0e5b4099934ec10d61cd2668 - - - -] 10.0.0.208 "POST /v2.0/routers HTTP/1.1" status: 201 len: 881 time: 2.2121718
2026-04-10 15:00:47.783 9 INFO neutron.db.ovn_revision_numbers_db [None req-b1e4ae3f-5f16-406d-bfa6-f85cf68c4d2f - - - - - -] Successfully bumped revision number for resource fc276451-d6d0-40ba-987f-38e650c204e8 (type: ports) to 1
2026-04-10 15:00:47.850 10 WARNING neutron.scheduler.dhcp_agent_scheduler [None req-d815049a-2146-475f-95ea-00b33d57a0ae 431e542edf7d444090867201383fcde1 4c7a4ddeab9a4ded89613f62e27cba24 - - - -] No more DHCP agents
2026-04-10 15:00:47.852 10 WARNING neutron.api.rpc.agentnotifiers.dhcp_rpc_agent_api [None req-d815049a-2146-475f-95ea-00b33d57a0ae 431e542edf7d444090867201383fcde1 4c7a4ddeab9a4ded89613f62e27cba24 - - - -] Unable to schedule network 13200973-646d-457e-835c-ceb8044cb292: no agents available; will retry on subsequent port and subnet creation events.
2026-04-10 15:00:47.933 10 INFO neutron.db.ovn_revision_numbers_db [None req-d815049a-2146-475f-95ea-00b33d57a0ae 431e542edf7d444090867201383fcde1 4c7a4ddeab9a4ded89613f62e27cba24 - - - -] Successfully bumped revision number for resource 9feb2c24-c684-4f43-9405-67e893ec0bbc (type: ports) to 1
2026-04-10 15:00:47.988 10 INFO neutron.wsgi [None req-d815049a-2146-475f-95ea-00b33d57a0ae 431e542edf7d444090867201383fcde1 4c7a4ddeab9a4ded89613f62e27cba24 - - - -] 10.0.0.208 "POST /v2.0/networks HTTP/1.1" status: 201 len: 849 time: 0.8627851
2026-04-10 15:00:48.044 9 INFO neutron.db.ovn_revision_numbers_db [None req-b1e4ae3f-5f16-406d-bfa6-f85cf68c4d2f - - - - - -] Successfully bumped revision number for resource fc276451-d6d0-40ba-987f-38e650c204e8 (type: router_ports) to 3
2026-04-10 15:00:48.201 9 INFO neutron.db.ovn_revision_numbers_db [None req-b1e4ae3f-5f16-406d-bfa6-f85cf68c4d2f - - - - - -] Successfully bumped revision number for resource fc276451-d6d0-40ba-987f-38e650c204e8 (type: ports) to 2
2026-04-10 15:00:48.233 10 WARNING neutron.scheduler.dhcp_agent_scheduler [None req-a46cb618-e877-4852-a8d4-09f4819c9a7b e382d57a1dc8476e98df76a84f9e55ef 2cba3e0f0e5b4099934ec10d61cd2668 - - default default] No more DHCP agents
2026-04-10 15:00:48.239 10 WARNING neutron.api.rpc.agentnotifiers.dhcp_rpc_agent_api [None req-a46cb618-e877-4852-a8d4-09f4819c9a7b e382d57a1dc8476e98df76a84f9e55ef 2cba3e0f0e5b4099934ec10d61cd2668 - - default default] Unable to schedule network d6468b5c-bf67-412a-8cd6-974201494a48: no agents available; will retry on subsequent port and subnet creation events.
2026-04-10 15:00:48.424 10 INFO neutron.db.ovn_revision_numbers_db [None req-a46cb618-e877-4852-a8d4-09f4819c9a7b e382d57a1dc8476e98df76a84f9e55ef 2cba3e0f0e5b4099934ec10d61cd2668 - - default default] Successfully bumped revision number for resource 955058b4-f37b-4762-9653-c33d1f2c65f5 (type: ports) to 1
2026-04-10 15:00:48.425 9 INFO neutron.db.ovn_revision_numbers_db [None req-b1e4ae3f-5f16-406d-bfa6-f85cf68c4d2f - - - - - -] Successfully bumped revision number for resource fc276451-d6d0-40ba-987f-38e650c204e8 (type: ports) to 4
2026-04-10 15:00:48.501 9 INFO neutron.db.ovn_revision_numbers_db [None req-f5011c0d-45f2-414d-988b-f5f95992d6c9 e382d57a1dc8476e98df76a84f9e55ef 2cba3e0f0e5b4099934ec10d61cd2668 - - - -] Successfully bumped revision number for resource 9bb8e6d8-6b1d-43c7-ab14-edbbb38cad64 (type: security_groups) to 1
2026-04-10 15:00:48.579 9 INFO neutron.db.segments_db [None req-f5011c0d-45f2-414d-988b-f5f95992d6c9 e382d57a1dc8476e98df76a84f9e55ef 2cba3e0f0e5b4099934ec10d61cd2668 - - - -] Added segment d108b7b5-b9cf-4c86-bd73-5efbe332a1f4 of type geneve for network 9a4dd97f-4ed1-4795-b0c7-148835760ddf
2026-04-10 15:00:48.642 10 WARNING neutron.scheduler.dhcp_agent_scheduler [None req-b09e666a-6357-4842-a3fa-4102294f9c33 431e542edf7d444090867201383fcde1 4c7a4ddeab9a4ded89613f62e27cba24 - - - -] No more DHCP agents
2026-04-10 15:00:48.645 10 WARNING neutron.api.rpc.agentnotifiers.dhcp_rpc_agent_api [None req-b09e666a-6357-4842-a3fa-4102294f9c33 431e542edf7d444090867201383fcde1 4c7a4ddeab9a4ded89613f62e27cba24 - - - -] Unable to schedule network 53f1c4f3-85ff-427b-af2e-86b613c8e49a: no agents available; will retry on subsequent port and subnet creation events.
2026-04-10 15:00:48.726 9 INFO neutron.db.ovn_revision_numbers_db [None req-f5011c0d-45f2-414d-988b-f5f95992d6c9 e382d57a1dc8476e98df76a84f9e55ef 2cba3e0f0e5b4099934ec10d61cd2668 - - - -] Successfully bumped revision number for resource 9a4dd97f-4ed1-4795-b0c7-148835760ddf (type: networks) to 1
2026-04-10 15:00:48.760 9 INFO neutron.db.ovn_revision_numbers_db [None req-b1e4ae3f-5f16-406d-bfa6-f85cf68c4d2f - - - - - -] Successfully bumped revision number for resource fc276451-d6d0-40ba-987f-38e650c204e8 (type: router_ports) to 4
2026-04-10 15:00:48.931 9 WARNING neutron.scheduler.dhcp_agent_scheduler [None req-f5011c0d-45f2-414d-988b-f5f95992d6c9 e382d57a1dc8476e98df76a84f9e55ef 2cba3e0f0e5b4099934ec10d61cd2668 - - - -] No more DHCP agents
2026-04-10 15:00:48.932 9 WARNING neutron.api.rpc.agentnotifiers.dhcp_rpc_agent_api [None req-f5011c0d-45f2-414d-988b-f5f95992d6c9 e382d57a1dc8476e98df76a84f9e55ef 2cba3e0f0e5b4099934ec10d61cd2668 - - - -] Unable to schedule network 9a4dd97f-4ed1-4795-b0c7-148835760ddf: no agents available; will retry on subsequent port and subnet creation events.
2026-04-10 15:00:48.999 9 INFO neutron.db.ovn_revision_numbers_db [None req-f5011c0d-45f2-414d-988b-f5f95992d6c9 e382d57a1dc8476e98df76a84f9e55ef 2cba3e0f0e5b4099934ec10d61cd2668 - - - -] Successfully bumped revision number for resource 89d98523-77fc-4ca2-8558-1da369b19715 (type: ports) to 1
2026-04-10 15:00:49.018 9 INFO neutron.wsgi [None req-f5011c0d-45f2-414d-988b-f5f95992d6c9 e382d57a1dc8476e98df76a84f9e55ef 2cba3e0f0e5b4099934ec10d61cd2668 - - - -] 10.0.0.208 "POST /v2.0/networks HTTP/1.1" status: 201 len: 948 time: 0.8804028
2026-04-10 15:00:49.042 10 INFO neutron.db.ovn_revision_numbers_db [None req-a46cb618-e877-4852-a8d4-09f4819c9a7b e382d57a1dc8476e98df76a84f9e55ef 2cba3e0f0e5b4099934ec10d61cd2668 - - default default] Successfully bumped revision number for resource 955058b4-f37b-4762-9653-c33d1f2c65f5 (type: router_ports) to 2
2026-04-10 15:00:49.184 9 WARNING neutron.scheduler.dhcp_agent_scheduler [None req-79ab5730-0556-4c37-a399-9c1d6811378f e382d57a1dc8476e98df76a84f9e55ef 2cba3e0f0e5b4099934ec10d61cd2668 - - - -] No more DHCP agents
2026-04-10 15:00:49.186 9 WARNING neutron.api.rpc.agentnotifiers.dhcp_rpc_agent_api [None req-79ab5730-0556-4c37-a399-9c1d6811378f e382d57a1dc8476e98df76a84f9e55ef 2cba3e0f0e5b4099934ec10d61cd2668 - - - -] Unable to schedule network 9a4dd97f-4ed1-4795-b0c7-148835760ddf: no agents available; will retry on subsequent port and subnet creation events.
2026-04-10 15:00:49.230 10 INFO neutron.db.ovn_revision_numbers_db [None req-a46cb618-e877-4852-a8d4-09f4819c9a7b e382d57a1dc8476e98df76a84f9e55ef 2cba3e0f0e5b4099934ec10d61cd2668 - - default default] Successfully bumped revision number for resource 955058b4-f37b-4762-9653-c33d1f2c65f5 (type: ports) to 2
2026-04-10 15:00:49.307 10 INFO neutron.db.ovn_revision_numbers_db [None req-b09e666a-6357-4842-a3fa-4102294f9c33 431e542edf7d444090867201383fcde1 4c7a4ddeab9a4ded89613f62e27cba24 - - - -] Successfully bumped revision number for resource 1c221729-0910-42b9-8346-b2fdb100f55a (type: ports) to 2
2026-04-10 15:00:49.318 10 WARNING neutron.scheduler.dhcp_agent_scheduler [None req-a46cb618-e877-4852-a8d4-09f4819c9a7b e382d57a1dc8476e98df76a84f9e55ef 2cba3e0f0e5b4099934ec10d61cd2668 - - default default] No more DHCP agents
2026-04-10 15:00:49.320 10 WARNING neutron.api.rpc.agentnotifiers.dhcp_rpc_agent_api [None req-a46cb618-e877-4852-a8d4-09f4819c9a7b e382d57a1dc8476e98df76a84f9e55ef 2cba3e0f0e5b4099934ec10d61cd2668 - - default default] Unable to schedule network d6468b5c-bf67-412a-8cd6-974201494a48: no agents available; will retry on subsequent port and subnet creation events.
2026-04-10 15:00:49.335 10 INFO neutron.db.ovn_revision_numbers_db [None req-b09e666a-6357-4842-a3fa-4102294f9c33 431e542edf7d444090867201383fcde1 4c7a4ddeab9a4ded89613f62e27cba24 - - - -] Successfully bumped revision number for resource e8bf6590-6b75-4ddd-a991-c14288c21c9d (type: subnets) to 0
2026-04-10 15:00:49.370 10 WARNING neutron.scheduler.dhcp_agent_scheduler [None req-b09e666a-6357-4842-a3fa-4102294f9c33 431e542edf7d444090867201383fcde1 4c7a4ddeab9a4ded89613f62e27cba24 - - - -] No more DHCP agents
2026-04-10 15:00:49.372 10 WARNING neutron.api.rpc.agentnotifiers.dhcp_rpc_agent_api [None req-b09e666a-6357-4842-a3fa-4102294f9c33 431e542edf7d444090867201383fcde1 4c7a4ddeab9a4ded89613f62e27cba24 - - - -] Unable to schedule network 13200973-646d-457e-835c-ceb8044cb292: no agents available; will retry on subsequent port and subnet creation events.
2026-04-10 15:00:49.609 9 INFO neutron.db.ovn_revision_numbers_db [None req-79ab5730-0556-4c37-a399-9c1d6811378f e382d57a1dc8476e98df76a84f9e55ef 2cba3e0f0e5b4099934ec10d61cd2668 - - - -] Successfully bumped revision number for resource 89d98523-77fc-4ca2-8558-1da369b19715 (type: ports) to 2
2026-04-10 15:00:49.626 9 INFO neutron.db.ovn_revision_numbers_db [None req-79ab5730-0556-4c37-a399-9c1d6811378f e382d57a1dc8476e98df76a84f9e55ef 2cba3e0f0e5b4099934ec10d61cd2668 - - - -] Successfully bumped revision number for resource 1112b266-f88d-4411-b846-e2e60c761e31 (type: subnets) to 0
2026-04-10 15:00:49.654 9 INFO neutron.wsgi [None req-79ab5730-0556-4c37-a399-9c1d6811378f e382d57a1dc8476e98df76a84f9e55ef 2cba3e0f0e5b4099934ec10d61cd2668 - - - -] 10.0.0.208 "POST /v2.0/subnets HTTP/1.1" status: 201 len: 868 time: 0.6288662
2026-04-10 15:00:49.932 9 INFO neutron.plugins.ml2.drivers.ovn.mech_driver.mech_driver [None req-cea678a5-dc94-4109-a3f7-c8ed0fe94008 - - - - - -] OVN reports status up for port: 955058b4-f37b-4762-9653-c33d1f2c65f5
2026-04-10 15:00:49.950 9 INFO neutron.plugins.ml2.plugin [None req-cea678a5-dc94-4109-a3f7-c8ed0fe94008 - - - - - -] Attempt 1 to provision port 955058b4-f37b-4762-9653-c33d1f2c65f5
2026-04-10 15:00:50.160 10 INFO neutron.db.ovn_revision_numbers_db [None req-b09e666a-6357-4842-a3fa-4102294f9c33 431e542edf7d444090867201383fcde1 4c7a4ddeab9a4ded89613f62e27cba24 - - - -] Successfully bumped revision number for resource 9feb2c24-c684-4f43-9405-67e893ec0bbc (type: ports) to 2
2026-04-10 15:00:50.176 10 INFO neutron.db.ovn_revision_numbers_db [None req-b09e666a-6357-4842-a3fa-4102294f9c33 431e542edf7d444090867201383fcde1 4c7a4ddeab9a4ded89613f62e27cba24 - - - -] Successfully bumped revision number for resource 116b76fb-2f04-4a67-8d8b-4e31db641c4c (type: subnets) to 0
2026-04-10 15:00:50.187 10 INFO neutron.db.ovn_revision_numbers_db [None req-a46cb618-e877-4852-a8d4-09f4819c9a7b e382d57a1dc8476e98df76a84f9e55ef 2cba3e0f0e5b4099934ec10d61cd2668 - - - -] Successfully bumped revision number for resource 955058b4-f37b-4762-9653-c33d1f2c65f5 (type: router_ports) to 2
2026-04-10 15:00:50.189 10 INFO neutron.wsgi [None req-a46cb618-e877-4852-a8d4-09f4819c9a7b e382d57a1dc8476e98df76a84f9e55ef 2cba3e0f0e5b4099934ec10d61cd2668 - - - -] 10.0.0.208 "PUT /v2.0/routers/5e22040a-f17f-4557-81a2-d1c69a2cce0e/add_router_interface HTTP/1.1" status: 200 len: 503 time: 2.5534353
2026-04-10 15:00:50.198 10 INFO neutron.wsgi [None req-b09e666a-6357-4842-a3fa-4102294f9c33 431e542edf7d444090867201383fcde1 4c7a4ddeab9a4ded89613f62e27cba24 - - - -] 10.0.0.208 "POST /v2.0/subnets HTTP/1.1" status: 201 len: 1425 time: 2.1768045
2026-04-10 15:00:50.240 10 INFO neutron.wsgi [None req-9a02e6ba-f826-47c1-a067-a1353a75ca53 431e542edf7d444090867201383fcde1 4c7a4ddeab9a4ded89613f62e27cba24 - - default default] 10.0.0.208 "GET /v2.0/subnets HTTP/1.1" status: 200 len: 2033 time: 0.0377777
2026-04-10 15:00:50.305 9 INFO neutron.db.ovn_revision_numbers_db [None req-cea678a5-dc94-4109-a3f7-c8ed0fe94008 - - - - - -] Successfully bumped revision number for resource 955058b4-f37b-4762-9653-c33d1f2c65f5 (type: ports) to 3
2026-04-10 15:00:50.400 9 WARNING neutron.scheduler.dhcp_agent_scheduler [None req-d59e8ec3-928f-47d8-a19d-12d3dd5310d7 e382d57a1dc8476e98df76a84f9e55ef 2cba3e0f0e5b4099934ec10d61cd2668 - - - -] No more DHCP agents
2026-04-10 15:00:50.402 9 WARNING neutron.api.rpc.agentnotifiers.dhcp_rpc_agent_api [None req-d59e8ec3-928f-47d8-a19d-12d3dd5310d7 e382d57a1dc8476e98df76a84f9e55ef 2cba3e0f0e5b4099934ec10d61cd2668 - - - -] Unable to schedule network 890fb310-6b42-4a79-a46a-55281d1e97d5: no agents available; will retry on subsequent port and subnet creation events.
2026-04-10 15:00:50.446 9 INFO neutron.db.ovn_revision_numbers_db [None req-cea678a5-dc94-4109-a3f7-c8ed0fe94008 - - - - - -] Successfully bumped revision number for resource 955058b4-f37b-4762-9653-c33d1f2c65f5 (type: router_ports) to 3
2026-04-10 15:00:50.456 10 INFO neutron.wsgi [None req-e5819f43-f45a-4e73-aef8-45aaa4060906 431e542edf7d444090867201383fcde1 4c7a4ddeab9a4ded89613f62e27cba24 - - - -] 10.0.0.208 "DELETE /v2.0/subnets/e8bf6590-6b75-4ddd-a991-c14288c21c9d HTTP/1.1" status: 204 len: 168 time: 0.2062917
2026-04-10 15:00:50.573 9 INFO neutron.db.ovn_revision_numbers_db [None req-d59e8ec3-928f-47d8-a19d-12d3dd5310d7 e382d57a1dc8476e98df76a84f9e55ef 2cba3e0f0e5b4099934ec10d61cd2668 - - - -] Successfully bumped revision number for resource e315da2b-c250-498c-ad39-5e7f85765011 (type: ports) to 1
2026-04-10 15:00:50.679 10 INFO neutron.wsgi [None req-f6d71f1d-38a0-466f-a263-b3c6b941b29f 431e542edf7d444090867201383fcde1 4c7a4ddeab9a4ded89613f62e27cba24 - - - -] 10.0.0.208 "DELETE /v2.0/subnets/116b76fb-2f04-4a67-8d8b-4e31db641c4c HTTP/1.1" status: 204 len: 168 time: 0.2172024
2026-04-10 15:00:50.728 10 INFO neutron.wsgi [None req-0f48269d-7a55-49dd-bec4-91f397f0fe18 431e542edf7d444090867201383fcde1 4c7a4ddeab9a4ded89613f62e27cba24 - - default default] 10.0.0.208 "GET /v2.0/subnets HTTP/1.1" status: 200 len: 820 time: 0.0445738
2026-04-10 15:00:50.779 10 INFO neutron.wsgi [req-d01f8efb-f889-4811-8e36-abd59cd265a1 req-8df23c9e-36d7-41fe-8d96-2a071a925f1b 4793c5cce5b54c708cf0f52adcb30021 f39d6b033b8b41198edba77c5aa96124 - - default default] 10.0.0.190 "GET /v2.0/ports?device_id=8b783dee-c5c0-4ac4-ba56-354510df1cdf HTTP/1.1" status: 200 len: 1170 time: 0.0886371
2026-04-10 15:00:50.841 10 INFO neutron.db.ovn_revision_numbers_db [None req-faa26799-e774-41d8-b66e-fd89623442af df59e04f96ed49f281f48dca6f3e603f 63a0ac3b9bfa46d9af43d9dfc0a57f83 - - - -] Successfully bumped revision number for resource ca796d2e-9811-4113-9961-bbb3f705ad04 (type: security_groups) to 1
2026-04-10 15:00:50.858 10 INFO neutron.wsgi [None req-faa26799-e774-41d8-b66e-fd89623442af df59e04f96ed49f281f48dca6f3e603f 63a0ac3b9bfa46d9af43d9dfc0a57f83 - - - -] 10.0.0.208 "POST /v2.0/security-groups HTTP/1.1" status: 201 len: 1796 time: 0.1147435
2026-04-10 15:00:50.960 10 INFO neutron.db.ovn_revision_numbers_db [None req-e65df80b-472f-4b89-a8de-e057dcff95a9 df59e04f96ed49f281f48dca6f3e603f 63a0ac3b9bfa46d9af43d9dfc0a57f83 - - - -] Successfully bumped revision number for resource d01f160f-d625-477a-b044-8649f31046ad (type: security_group_rules) to 0
2026-04-10 15:00:50.982 10 INFO neutron.wsgi [None req-e65df80b-472f-4b89-a8de-e057dcff95a9 df59e04f96ed49f281f48dca6f3e603f 63a0ac3b9bfa46d9af43d9dfc0a57f83 - - - -] 10.0.0.208 "POST /v2.0/security-group-rules HTTP/1.1" status: 201 len: 764 time: 0.1190193
2026-04-10 15:00:51.104 10 INFO neutron.db.ovn_revision_numbers_db [None req-756c35af-6dfe-4406-a6f5-9c2e062c0aee df59e04f96ed49f281f48dca6f3e603f 63a0ac3b9bfa46d9af43d9dfc0a57f83 - - - -] Successfully bumped revision number for resource 9a3792e0-bead-434d-8bdd-7d2f99c936b2 (type: security_group_rules) to 0
2026-04-10 15:00:51.131 10 INFO neutron.wsgi [None req-756c35af-6dfe-4406-a6f5-9c2e062c0aee df59e04f96ed49f281f48dca6f3e603f 63a0ac3b9bfa46d9af43d9dfc0a57f83 - - - -] 10.0.0.208 "POST /v2.0/security-group-rules HTTP/1.1" status: 201 len: 769 time: 0.1440339
2026-04-10 15:00:51.150 9 INFO neutron.wsgi [req-2e12cffc-deb8-4eff-80b9-ec01b869d3cf req-2e4df04f-85da-40be-95a9-4cadb7ef2bc4 4793c5cce5b54c708cf0f52adcb30021 f39d6b033b8b41198edba77c5aa96124 - - default default] 10.0.0.190 "GET /v2.0/ports/2f08eb85-9296-4bff-ac39-8424c2553214 HTTP/1.1" status: 200 len: 1167 time: 0.3171525
2026-04-10 15:00:51.335 10 INFO neutron.wsgi [req-cabc4b14-429f-46fb-a8bc-83961f70a974 req-420b7f51-bda6-43e1-ad9d-368681353277 4793c5cce5b54c708cf0f52adcb30021 f39d6b033b8b41198edba77c5aa96124 - - default default] 199.204.45.132 "GET /v2.0/subnets?network_id=98661b37-9e06-4080-a52c-712830e9da8d HTTP/1.1" status: 200 len: 857 time: 0.0587423
2026-04-10 15:00:51.400 10 INFO neutron.wsgi [req-cabc4b14-429f-46fb-a8bc-83961f70a974 req-c72801e6-d67e-47d6-afb2-0a793f51e49f 4793c5cce5b54c708cf0f52adcb30021 f39d6b033b8b41198edba77c5aa96124 - - default default] 199.204.45.132 "GET /v2.0/ports?device_id=8b783dee-c5c0-4ac4-ba56-354510df1cdf&device_owner=compute%3Anova&network_id=98661b37-9e06-4080-a52c-712830e9da8d HTTP/1.1" status: 200 len: 1170 time: 0.0621531
2026-04-10 15:00:51.430 9 INFO neutron.services.segments.plugin [-] Segment 9a023301-288f-4532-85b5-e3fc04b227e1 resource provider aggregate not found
2026-04-10 15:00:51.437 9 INFO neutron.services.segments.plugin [-] Segment 9a023301-288f-4532-85b5-e3fc04b227e1 resource provider aggregate not found
2026-04-10 15:00:51.452 9 INFO neutron.services.segments.plugin [-] Segment 9a023301-288f-4532-85b5-e3fc04b227e1 resource provider not found; error: Placement Client Error (4xx): {"errors": [{"status": 404, "title": "Not Found", "detail": "The resource could not be found.\n\n No resource provider with uuid 9a023301-288f-4532-85b5-e3fc04b227e1 found for delete ", "request_id": "req-51b3e60a-bd1e-4188-863d-5a22f426976d"}]}
2026-04-10 15:00:51.466 9 INFO neutron.services.segments.plugin [-] Segment 9a023301-288f-4532-85b5-e3fc04b227e1 resource provider not found; error: Placement Client Error (4xx): {"errors": [{"status": 404, "title": "Not Found", "detail": "The resource could not be found.\n\n No resource provider with uuid 9a023301-288f-4532-85b5-e3fc04b227e1 found for delete ", "request_id": "req-5469b5ee-d81c-4cb2-a37d-4c112d65a7c5"}]}
2026-04-10 15:00:51.494 9 INFO neutron.wsgi [None req-97913291-43db-4851-9dfc-50620c988c03 431e542edf7d444090867201383fcde1 4c7a4ddeab9a4ded89613f62e27cba24 - - - -] 10.0.0.208 "DELETE /v2.0/networks/13200973-646d-457e-835c-ceb8044cb292 HTTP/1.1" status: 204 len: 168 time: 0.7578866
2026-04-10 15:00:51.503 10 WARNING neutron.scheduler.dhcp_agent_scheduler [None req-be416b04-0391-4f2d-a45d-a4cc41edb230 df59e04f96ed49f281f48dca6f3e603f 63a0ac3b9bfa46d9af43d9dfc0a57f83 - - - -] No more DHCP agents
2026-04-10 15:00:51.513 10 WARNING neutron.api.rpc.agentnotifiers.dhcp_rpc_agent_api [None req-be416b04-0391-4f2d-a45d-a4cc41edb230 df59e04f96ed49f281f48dca6f3e603f 63a0ac3b9bfa46d9af43d9dfc0a57f83 - - - -] Unable to schedule network 890fb310-6b42-4a79-a46a-55281d1e97d5: no agents available; will retry on subsequent port and subnet creation events.
2026-04-10 15:00:51.514 9 INFO neutron.plugins.ml2.drivers.ovn.mech_driver.ovsdb.ovsdb_monitor [None req-b1e4ae3f-5f16-406d-bfa6-f85cf68c4d2f - - - - - -] Router b6066b1d-ab6d-462a-a0d6-3e402f57e11e is bound to host instance
2026-04-10 15:00:51.517 9 INFO neutron.db.ovn_revision_numbers_db [None req-d59e8ec3-928f-47d8-a19d-12d3dd5310d7 e382d57a1dc8476e98df76a84f9e55ef 2cba3e0f0e5b4099934ec10d61cd2668 - - - -] Successfully bumped revision number for resource e315da2b-c250-498c-ad39-5e7f85765011 (type: router_ports) to 1
2026-04-10 15:00:51.649 9 INFO neutron.db.ovn_revision_numbers_db [None req-d59e8ec3-928f-47d8-a19d-12d3dd5310d7 e382d57a1dc8476e98df76a84f9e55ef 2cba3e0f0e5b4099934ec10d61cd2668 - - - -] Successfully bumped revision number for resource b6066b1d-ab6d-462a-a0d6-3e402f57e11e (type: routers) to 3
2026-04-10 15:00:51.671 9 INFO neutron.wsgi [None req-d59e8ec3-928f-47d8-a19d-12d3dd5310d7 e382d57a1dc8476e98df76a84f9e55ef 2cba3e0f0e5b4099934ec10d61cd2668 - - - -] 10.0.0.208 "POST /v2.0/routers HTTP/1.1" status: 201 len: 879 time: 2.0136003
2026-04-10 15:00:51.912 10 INFO neutron.db.ovn_revision_numbers_db [None req-be416b04-0391-4f2d-a45d-a4cc41edb230 df59e04f96ed49f281f48dca6f3e603f 63a0ac3b9bfa46d9af43d9dfc0a57f83 - - - -] Successfully bumped revision number for resource 27572da6-4497-4f6b-8eee-d868186a0f77 (type: floatingips) to 0
2026-04-10 15:00:51.934 10 INFO neutron.wsgi [None req-be416b04-0391-4f2d-a45d-a4cc41edb230 df59e04f96ed49f281f48dca6f3e603f 63a0ac3b9bfa46d9af43d9dfc0a57f83 - - - -] 10.0.0.208 "POST /v2.0/floatingips HTTP/1.1" status: 201 len: 751 time: 0.7980206
2026-04-10 15:00:51.940 10 INFO neutron.db.ovn_revision_numbers_db [None req-96719177-74bd-400c-af00-260d3ffe6101 4793c5cce5b54c708cf0f52adcb30021 f39d6b033b8b41198edba77c5aa96124 - - - -] Successfully bumped revision number for resource 2f08eb85-9296-4bff-ac39-8424c2553214 (type: ports) to 5
2026-04-10 15:00:51.955 10 INFO neutron.wsgi [None req-96719177-74bd-400c-af00-260d3ffe6101 4793c5cce5b54c708cf0f52adcb30021 f39d6b033b8b41198edba77c5aa96124 - - - -] 199.204.45.132 "PUT /v2.0/ports/2f08eb85-9296-4bff-ac39-8424c2553214 HTTP/1.1" status: 200 len: 1349 time: 0.5506930 /var/lib/openstack/lib/python3.10/site-packages/pycadf/identifier.py:71: UserWarning: Invalid uuid: neutron. To ensure interoperability, identifiers should be a valid uuid. warnings.warn(('Invalid uuid: %s. To ensure interoperability, '
2026-04-10 15:00:51.998 10 INFO neutron.notifiers.nova [-] Nova event matching ['req-d7c6de7d-b34d-4066-81a0-5a2772192c7c'] response: {'name': 'network-changed', 'server_uuid': '8b783dee-c5c0-4ac4-ba56-354510df1cdf', 'tag': '2f08eb85-9296-4bff-ac39-8424c2553214', 'status': 'completed', 'code': 200}
2026-04-10 15:00:52.019 10 INFO neutron.wsgi [req-cabc4b14-429f-46fb-a8bc-83961f70a974 req-79325a74-3f0c-4ebd-9342-d2614b8ede83 5f5eaa5b8b5b47518a420b0611bcc752 a776d20284c64aff9ed08d1326d110cc - - a72e8f6bda1a45148bc0c7161d785101 a72e8f6bda1a45148bc0c7161d785101] 199.204.45.132 "GET /v2.0/ports?tenant_id=f39d6b033b8b41198edba77c5aa96124&device_id=8b783dee-c5c0-4ac4-ba56-354510df1cdf HTTP/1.1" status: 200 len: 1542 time: 0.0359056
2026-04-10 15:00:52.081 10 INFO neutron.wsgi [req-cabc4b14-429f-46fb-a8bc-83961f70a974 req-93e3f09a-9bce-484f-8cd4-4c2b0250c349 5f5eaa5b8b5b47518a420b0611bcc752 a776d20284c64aff9ed08d1326d110cc - - a72e8f6bda1a45148bc0c7161d785101 a72e8f6bda1a45148bc0c7161d785101] 199.204.45.132 "GET /v2.0/networks?id=98661b37-9e06-4080-a52c-712830e9da8d HTTP/1.1" status: 200 len: 980 time: 0.0564282
2026-04-10 15:00:52.115 10 INFO neutron.wsgi [req-cabc4b14-429f-46fb-a8bc-83961f70a974 req-78329308-20f3-489a-acde-eb9a9af63a27 5f5eaa5b8b5b47518a420b0611bcc752 a776d20284c64aff9ed08d1326d110cc - - a72e8f6bda1a45148bc0c7161d785101 a72e8f6bda1a45148bc0c7161d785101] 199.204.45.132 "GET /v2.0/floatingips?fixed_ip_address=10.100.0.14&port_id=2f08eb85-9296-4bff-ac39-8424c2553214 HTTP/1.1" status: 200 len: 217 time: 0.0253229
2026-04-10 15:00:52.166 10 INFO neutron.wsgi [req-cabc4b14-429f-46fb-a8bc-83961f70a974 req-2433dba3-3d9f-49be-82d4-badae085fe0d 5f5eaa5b8b5b47518a420b0611bcc752 a776d20284c64aff9ed08d1326d110cc - - a72e8f6bda1a45148bc0c7161d785101 a72e8f6bda1a45148bc0c7161d785101] 199.204.45.132 "GET /v2.0/floatingips?fixed_ip_address=10.100.0.6&port_id=2f08eb85-9296-4bff-ac39-8424c2553214 HTTP/1.1" status: 200 len: 1059 time: 0.0406988
2026-04-10 15:00:52.200 10 INFO neutron.wsgi [req-cabc4b14-429f-46fb-a8bc-83961f70a974 req-0c3354bd-67dd-43b6-82d2-761d7b133d80 5f5eaa5b8b5b47518a420b0611bcc752 a776d20284c64aff9ed08d1326d110cc - - a72e8f6bda1a45148bc0c7161d785101 a72e8f6bda1a45148bc0c7161d785101] 199.204.45.132 "GET /v2.0/subnets?id=e45d222f-eeb3-4a54-9461-23e8a831ab97 HTTP/1.1" status: 200 len: 875 time: 0.0291765
2026-04-10 15:00:52.236 10 INFO neutron.wsgi [req-cabc4b14-429f-46fb-a8bc-83961f70a974 req-2fc0ccab-e86c-42ff-b0cc-51c65c516549 5f5eaa5b8b5b47518a420b0611bcc752 a776d20284c64aff9ed08d1326d110cc - - a72e8f6bda1a45148bc0c7161d785101 a72e8f6bda1a45148bc0c7161d785101] 199.204.45.132 "GET /v2.0/ports?network_id=98661b37-9e06-4080-a52c-712830e9da8d&device_owner=network%3Adhcp HTTP/1.1" status: 200 len: 210 time: 0.0286736
2026-04-10 15:00:52.445 9 INFO neutron.wsgi [None req-dd90d0de-7f69-465c-9cb0-b36455d0269b 431e542edf7d444090867201383fcde1 4c7a4ddeab9a4ded89613f62e27cba24 - - - -] 10.0.0.208 "DELETE /v2.0/networks/53f1c4f3-85ff-427b-af2e-86b613c8e49a HTTP/1.1" status: 204 len: 168 time: 0.9371779
2026-04-10 15:00:52.530 10 INFO neutron.wsgi [req-cabc4b14-429f-46fb-a8bc-83961f70a974 req-f80e033a-14e4-4206-8d23-cf687d9bd932 5f5eaa5b8b5b47518a420b0611bcc752 a776d20284c64aff9ed08d1326d110cc - - a72e8f6bda1a45148bc0c7161d785101 a72e8f6bda1a45148bc0c7161d785101] 199.204.45.132 "GET /v2.0/networks/98661b37-9e06-4080-a52c-712830e9da8d?fields=segments HTTP/1.1" status: 200 len: 212 time: 0.2845533
2026-04-10 15:00:52.593 10 INFO neutron.wsgi [req-cabc4b14-429f-46fb-a8bc-83961f70a974 req-948a672b-9de7-4b64-943c-d2063485fd7b 5f5eaa5b8b5b47518a420b0611bcc752 a776d20284c64aff9ed08d1326d110cc - - a72e8f6bda1a45148bc0c7161d785101 a72e8f6bda1a45148bc0c7161d785101] 199.204.45.132 "GET /v2.0/networks/98661b37-9e06-4080-a52c-712830e9da8d?fields=provider%3Aphysical_network&fields=provider%3Anetwork_type HTTP/1.1" status: 200 len: 277 time: 0.0570276
2026-04-10 15:00:52.606 9 INFO neutron.db.ovn_revision_numbers_db [None req-b1e4ae3f-5f16-406d-bfa6-f85cf68c4d2f - - - - - -] Successfully bumped revision number for resource e315da2b-c250-498c-ad39-5e7f85765011 (type: ports) to 1
2026-04-10 15:00:52.664 9 WARNING neutron.scheduler.dhcp_agent_scheduler [None req-94434b16-8353-4784-9f46-9a74572b451d e382d57a1dc8476e98df76a84f9e55ef 2cba3e0f0e5b4099934ec10d61cd2668 - - default default] No more DHCP agents
2026-04-10 15:00:52.674 9 WARNING neutron.api.rpc.agentnotifiers.dhcp_rpc_agent_api [None req-94434b16-8353-4784-9f46-9a74572b451d e382d57a1dc8476e98df76a84f9e55ef 2cba3e0f0e5b4099934ec10d61cd2668 - - default default] Unable to schedule network 9a4dd97f-4ed1-4795-b0c7-148835760ddf: no agents available; will retry on subsequent port and subnet creation events.
2026-04-10 15:00:52.687 10 INFO neutron.wsgi [req-2cedbe5b-d8e0-4a14-accb-4dcd848cd1e8 req-81b56e0c-4e51-4b98-9a24-5e135e1f50b0 5f5eaa5b8b5b47518a420b0611bcc752 a776d20284c64aff9ed08d1326d110cc - - a72e8f6bda1a45148bc0c7161d785101 a72e8f6bda1a45148bc0c7161d785101] 199.204.45.132 "GET /v2.0/ports?tenant_id=f39d6b033b8b41198edba77c5aa96124&device_id=8b783dee-c5c0-4ac4-ba56-354510df1cdf HTTP/1.1" status: 200 len: 1542 time: 0.0431881
2026-04-10 15:00:52.748 10 INFO neutron.wsgi [req-2cedbe5b-d8e0-4a14-accb-4dcd848cd1e8 req-b13d425e-cc7d-4d0a-947f-57cd33414328 5f5eaa5b8b5b47518a420b0611bcc752 a776d20284c64aff9ed08d1326d110cc - - a72e8f6bda1a45148bc0c7161d785101 a72e8f6bda1a45148bc0c7161d785101] 199.204.45.132 "GET /v2.0/networks?id=98661b37-9e06-4080-a52c-712830e9da8d HTTP/1.1" status: 200 len: 980 time: 0.0555065
2026-04-10 15:00:52.790 10 INFO neutron.wsgi [req-2cedbe5b-d8e0-4a14-accb-4dcd848cd1e8 req-464b1d92-9f73-42c9-9641-eac44b9c2458 5f5eaa5b8b5b47518a420b0611bcc752 a776d20284c64aff9ed08d1326d110cc - - a72e8f6bda1a45148bc0c7161d785101 a72e8f6bda1a45148bc0c7161d785101] 199.204.45.132 "GET /v2.0/floatingips?fixed_ip_address=10.100.0.14&port_id=2f08eb85-9296-4bff-ac39-8424c2553214 HTTP/1.1" status: 200 len: 217 time: 0.0366192
2026-04-10 15:00:52.827 10 INFO neutron.wsgi [req-2cedbe5b-d8e0-4a14-accb-4dcd848cd1e8 req-19e10eb9-6913-46a5-9d0b-4730718104e4 5f5eaa5b8b5b47518a420b0611bcc752 a776d20284c64aff9ed08d1326d110cc - - a72e8f6bda1a45148bc0c7161d785101 a72e8f6bda1a45148bc0c7161d785101] 199.204.45.132 "GET /v2.0/floatingips?fixed_ip_address=10.100.0.6&port_id=2f08eb85-9296-4bff-ac39-8424c2553214 HTTP/1.1" status: 200 len: 1059 time: 0.0330334
2026-04-10 15:00:52.866 10 INFO neutron.wsgi [req-2cedbe5b-d8e0-4a14-accb-4dcd848cd1e8 req-fdb703ab-ccd7-43f5-92fe-3f897342b17a 5f5eaa5b8b5b47518a420b0611bcc752 a776d20284c64aff9ed08d1326d110cc - - a72e8f6bda1a45148bc0c7161d785101 a72e8f6bda1a45148bc0c7161d785101] 199.204.45.132 "GET /v2.0/subnets?id=e45d222f-eeb3-4a54-9461-23e8a831ab97 HTTP/1.1" status: 200 len: 875 time: 0.0347304
2026-04-10 15:00:52.903 10 INFO neutron.wsgi [req-2cedbe5b-d8e0-4a14-accb-4dcd848cd1e8 req-7b6981f6-aa00-4831-a344-41a2df939820 5f5eaa5b8b5b47518a420b0611bcc752 a776d20284c64aff9ed08d1326d110cc - - a72e8f6bda1a45148bc0c7161d785101 a72e8f6bda1a45148bc0c7161d785101] 199.204.45.132 "GET /v2.0/ports?network_id=98661b37-9e06-4080-a52c-712830e9da8d&device_owner=network%3Adhcp HTTP/1.1" status: 200 len: 210 time: 0.0266478
2026-04-10 15:00:52.963 9 INFO neutron.db.ovn_revision_numbers_db [None req-94434b16-8353-4784-9f46-9a74572b451d e382d57a1dc8476e98df76a84f9e55ef 2cba3e0f0e5b4099934ec10d61cd2668 - - default default] Successfully bumped revision number for resource e14d35f7-0e4f-4d59-9c18-5631154749fc (type: ports) to 1
2026-04-10 15:00:52.992 10 INFO neutron.wsgi [req-2cedbe5b-d8e0-4a14-accb-4dcd848cd1e8 req-feed106d-36fa-4561-8da3-7e0fe25c28e7 5f5eaa5b8b5b47518a420b0611bcc752 a776d20284c64aff9ed08d1326d110cc - - a72e8f6bda1a45148bc0c7161d785101 a72e8f6bda1a45148bc0c7161d785101] 199.204.45.132 "GET /v2.0/networks/98661b37-9e06-4080-a52c-712830e9da8d?fields=segments HTTP/1.1" status: 200 len: 212 time: 0.0825553
2026-04-10 15:00:53.084 10 INFO neutron.wsgi [req-2cedbe5b-d8e0-4a14-accb-4dcd848cd1e8 req-4f4e774e-4603-4658-9b96-7568a871e6c2 5f5eaa5b8b5b47518a420b0611bcc752 a776d20284c64aff9ed08d1326d110cc - - a72e8f6bda1a45148bc0c7161d785101 a72e8f6bda1a45148bc0c7161d785101] 199.204.45.132 "GET /v2.0/networks/98661b37-9e06-4080-a52c-712830e9da8d?fields=provider%3Aphysical_network&fields=provider%3Anetwork_type HTTP/1.1" status: 200 len: 277 time: 0.0878966
2026-04-10 15:00:53.161 9 INFO neutron.db.ovn_revision_numbers_db [None req-b1e4ae3f-5f16-406d-bfa6-f85cf68c4d2f - - - - - -] Successfully bumped revision number for resource e315da2b-c250-498c-ad39-5e7f85765011 (type: router_ports) to 3
2026-04-10 15:00:53.232 9 INFO neutron.wsgi [None req-76a737d0-bf0f-4d72-a7d3-c093bd83531f 431e542edf7d444090867201383fcde1 4c7a4ddeab9a4ded89613f62e27cba24 - - - -] 10.0.0.208 "DELETE /v2.0/networks/cd32b40c-dd40-41d8-b808-21014041fe53 HTTP/1.1" status: 204 len: 168 time: 0.7725453
2026-04-10 15:00:53.347 9 INFO neutron.db.ovn_revision_numbers_db [None req-b1e4ae3f-5f16-406d-bfa6-f85cf68c4d2f - - - - - -] Successfully bumped revision number for resource e315da2b-c250-498c-ad39-5e7f85765011 (type: ports) to 2
2026-04-10 15:00:53.476 9 INFO neutron.services.segments.plugin [-] Segment 5fad462d-cb73-41f6-a2da-2942a72cd026 resource provider aggregate not found
2026-04-10 15:00:53.492 10 INFO neutron.wsgi [req-807f8ef0-744d-4969-a2f0-f1c7192fc49e req-18f723a0-32f9-43ff-8190-ac2ec09b57e6 4793c5cce5b54c708cf0f52adcb30021 f39d6b033b8b41198edba77c5aa96124 - - default default] 10.0.0.190 "GET /v2.0/ports?device_id=8b783dee-c5c0-4ac4-ba56-354510df1cdf HTTP/1.1" status: 200 len: 1352 time: 0.0564559
2026-04-10 15:00:53.502 9 INFO neutron.services.segments.plugin [-] Segment 5fad462d-cb73-41f6-a2da-2942a72cd026 resource provider aggregate not found
2026-04-10 15:00:53.508 9 INFO neutron.services.segments.plugin [-] Segment 5fad462d-cb73-41f6-a2da-2942a72cd026 resource provider not found; error: Placement Client Error (4xx): {"errors": [{"status": 404, "title": "Not Found", "detail": "The resource could not be found.\n\n No resource provider with uuid 5fad462d-cb73-41f6-a2da-2942a72cd026 found for delete ", "request_id": "req-ef364412-eb1f-40bb-986d-af52cf77512f"}]}
2026-04-10 15:00:53.532 9 INFO neutron.services.segments.plugin [-] Segment 5fad462d-cb73-41f6-a2da-2942a72cd026 resource provider not found; error: Placement Client Error (4xx): {"errors": [{"status": 404, "title": "Not Found", "detail": "The resource could not be found.\n\n No resource provider with uuid 5fad462d-cb73-41f6-a2da-2942a72cd026 found for delete ", "request_id": "req-9bdf6ab3-7f2e-42d2-badd-b8d4830afc6f"}]}
2026-04-10 15:00:53.536 9 INFO neutron.services.segments.plugin [-] Segment eaa97347-0027-423a-be54-29556cff399f resource provider aggregate not found
2026-04-10 15:00:53.540 10 INFO neutron.wsgi [req-807f8ef0-744d-4969-a2f0-f1c7192fc49e req-8d1d2414-4f8d-4487-a3e8-7fd7640d1c5d 4793c5cce5b54c708cf0f52adcb30021 f39d6b033b8b41198edba77c5aa96124 - - default default] 10.0.0.190 "GET /v2.0/security-groups?id=a8a47f5e-1084-43d7-83fc-812ce6ac7526&fields=id&fields=name HTTP/1.1" status: 200 len: 312 time: 0.0361636
2026-04-10 15:00:53.552 9 INFO neutron.services.segments.plugin [-] Segment eaa97347-0027-423a-be54-29556cff399f resource provider not found; error: Placement Client Error (4xx): {"errors": [{"status": 404, "title": "Not Found", "detail": "The resource could not be found.\n\n No resource provider with uuid eaa97347-0027-423a-be54-29556cff399f found for delete ", "request_id": "req-a05da48b-030e-4b90-baf8-08e898f66f16"}]}
2026-04-10 15:00:53.561 9 INFO neutron.services.segments.plugin [-] Segment eaa97347-0027-423a-be54-29556cff399f resource provider aggregate not found
2026-04-10 15:00:53.582 9 INFO neutron.services.segments.plugin [-] Segment eaa97347-0027-423a-be54-29556cff399f resource provider not found; error: Placement Client Error (4xx): {"errors": [{"status": 404, "title": "Not Found", "detail": "The resource could not be found.\n\n No resource provider with uuid eaa97347-0027-423a-be54-29556cff399f found for delete ", "request_id": "req-2ee07753-0ed5-4f45-948b-187d6881df88"}]}
2026-04-10 15:00:53.639 10 INFO neutron.plugins.ml2.drivers.ovn.mech_driver.mech_driver [None req-7db40a3b-b51b-47c6-86fc-78675a44e990 - - - - - -] OVN reports status up for port: e14d35f7-0e4f-4d59-9c18-5631154749fc
2026-04-10 15:00:53.642 9 INFO neutron.db.ovn_revision_numbers_db [None req-94434b16-8353-4784-9f46-9a74572b451d e382d57a1dc8476e98df76a84f9e55ef 2cba3e0f0e5b4099934ec10d61cd2668 - - default default] Successfully bumped revision number for resource e14d35f7-0e4f-4d59-9c18-5631154749fc (type: router_ports) to 2
2026-04-10 15:00:53.691 10 INFO neutron.plugins.ml2.plugin [None req-7db40a3b-b51b-47c6-86fc-78675a44e990 - - - - - -] Attempt 1 to provision port e14d35f7-0e4f-4d59-9c18-5631154749fc
2026-04-10 15:00:53.733 10 INFO neutron.wsgi [req-bbe31bae-eeec-48ea-a22d-704d55ed0b80 req-c69b6a93-9f1c-4d85-a304-fb4c4a81ef2f 4793c5cce5b54c708cf0f52adcb30021 f39d6b033b8b41198edba77c5aa96124 - - default default] 199.204.45.132 "GET /v2.0/ports?device_id=8b783dee-c5c0-4ac4-ba56-354510df1cdf&device_owner=compute%3Anova&fixed_ips=ip_address%3D10.100.0.14 HTTP/1.1" status: 200 len: 1352 time: 0.0900757
2026-04-10 15:00:53.741 9 INFO neutron.db.ovn_revision_numbers_db [None req-b1e4ae3f-5f16-406d-bfa6-f85cf68c4d2f - - - - - -] Successfully bumped revision number for resource e315da2b-c250-498c-ad39-5e7f85765011 (type: ports) to 4
2026-04-10 15:00:53.787 10 INFO neutron.services.segments.plugin [-] Segment 0809e218-02c2-4dce-bec8-c9747dcbfdea resource provider aggregate not found
2026-04-10 15:00:53.800 10 INFO neutron.services.segments.plugin [-] Segment 0809e218-02c2-4dce-bec8-c9747dcbfdea resource provider aggregate not found
2026-04-10 15:00:53.810 10 INFO neutron.services.segments.plugin [-] Segment 0809e218-02c2-4dce-bec8-c9747dcbfdea resource provider not found; error: Placement Client Error (4xx): {"errors": [{"status": 404, "title": "Not Found", "detail": "The resource could not be found.\n\n No resource provider with uuid 0809e218-02c2-4dce-bec8-c9747dcbfdea found for delete ", "request_id": "req-0925b81c-ca40-4084-a635-c7e4ba8a5064"}]}
2026-04-10 15:00:53.830 10 INFO neutron.services.segments.plugin [-] Segment 0809e218-02c2-4dce-bec8-c9747dcbfdea resource provider not found; error: Placement Client Error (4xx): {"errors": [{"status": 404, "title": "Not Found", "detail": "The resource could not be found.\n\n No resource provider with uuid 0809e218-02c2-4dce-bec8-c9747dcbfdea found for delete ", "request_id": "req-3692c59a-aa9f-42a2-b603-df3ef69f8a6c"}]}
2026-04-10 15:00:53.878 10 INFO neutron.wsgi [None req-d276cdf4-e5f7-4a89-a8b9-14a0c4796599 431e542edf7d444090867201383fcde1 4c7a4ddeab9a4ded89613f62e27cba24 - - - -] 10.0.0.208 "DELETE /v2.0/networks/0c5458be-3e50-4a73-b798-30e05b04e6e1 HTTP/1.1" status: 204 len: 168 time: 0.6355510
2026-04-10 15:00:54.042 9 INFO neutron.db.ovn_revision_numbers_db [None req-94434b16-8353-4784-9f46-9a74572b451d e382d57a1dc8476e98df76a84f9e55ef 2cba3e0f0e5b4099934ec10d61cd2668 - - default default] Successfully bumped revision number for resource e14d35f7-0e4f-4d59-9c18-5631154749fc (type: ports) to 2
2026-04-10 15:00:54.141 10 INFO neutron.db.ovn_revision_numbers_db [None req-7db40a3b-b51b-47c6-86fc-78675a44e990 - - - - - -] Successfully bumped revision number for resource e14d35f7-0e4f-4d59-9c18-5631154749fc (type: ports) to 3
2026-04-10 15:00:54.144 9 WARNING neutron.scheduler.dhcp_agent_scheduler [None req-94434b16-8353-4784-9f46-9a74572b451d e382d57a1dc8476e98df76a84f9e55ef 2cba3e0f0e5b4099934ec10d61cd2668 - - default default] No more DHCP agents
2026-04-10 15:00:54.148 9 WARNING neutron.api.rpc.agentnotifiers.dhcp_rpc_agent_api [None req-94434b16-8353-4784-9f46-9a74572b451d e382d57a1dc8476e98df76a84f9e55ef 2cba3e0f0e5b4099934ec10d61cd2668 - - default default] Unable to schedule network 9a4dd97f-4ed1-4795-b0c7-148835760ddf: no agents available; will retry on subsequent port and subnet creation events.
2026-04-10 15:00:54.230 9 INFO neutron.db.ovn_revision_numbers_db [None req-b1e4ae3f-5f16-406d-bfa6-f85cf68c4d2f - - - - - -] Successfully bumped revision number for resource e315da2b-c250-498c-ad39-5e7f85765011 (type: router_ports) to 4
2026-04-10 15:00:54.289 10 INFO neutron.db.ovn_revision_numbers_db [None req-7db40a3b-b51b-47c6-86fc-78675a44e990 - - - - - -] Successfully bumped revision number for resource e14d35f7-0e4f-4d59-9c18-5631154749fc (type: router_ports) to 3
2026-04-10 15:00:54.366 10 INFO neutron.db.ovn_revision_numbers_db [None req-6976cf47-f03d-42c0-9815-eb8fa69fb9b2 4793c5cce5b54c708cf0f52adcb30021 f39d6b033b8b41198edba77c5aa96124 - - - -] Successfully bumped revision number for resource 2f08eb85-9296-4bff-ac39-8424c2553214 (type: ports) to 6
2026-04-10 15:00:54.382 10 INFO neutron.wsgi [None req-6976cf47-f03d-42c0-9815-eb8fa69fb9b2 4793c5cce5b54c708cf0f52adcb30021 f39d6b033b8b41198edba77c5aa96124 - - - -] 199.204.45.132 "PUT /v2.0/ports/2f08eb85-9296-4bff-ac39-8424c2553214 HTTP/1.1" status: 200 len: 1167 time: 0.6441653 /var/lib/openstack/lib/python3.10/site-packages/pycadf/identifier.py:71: UserWarning: Invalid uuid: neutron. To ensure interoperability, identifiers should be a valid uuid. warnings.warn(('Invalid uuid: %s. To ensure interoperability, '
2026-04-10 15:00:54.440 10 INFO neutron.notifiers.nova [-] Nova event matching ['req-ff416e49-4753-40d8-9655-2568784e35d4'] response: {'name': 'network-changed', 'server_uuid': '8b783dee-c5c0-4ac4-ba56-354510df1cdf', 'tag': '2f08eb85-9296-4bff-ac39-8424c2553214', 'status': 'completed', 'code': 200}
2026-04-10 15:00:54.450 10 INFO neutron.wsgi [req-bbe31bae-eeec-48ea-a22d-704d55ed0b80 req-71afa570-ad51-4afe-a26d-b57d6cd930cb 5f5eaa5b8b5b47518a420b0611bcc752 a776d20284c64aff9ed08d1326d110cc - - a72e8f6bda1a45148bc0c7161d785101 a72e8f6bda1a45148bc0c7161d785101] 199.204.45.132 "GET /v2.0/ports?tenant_id=f39d6b033b8b41198edba77c5aa96124&device_id=8b783dee-c5c0-4ac4-ba56-354510df1cdf HTTP/1.1" status: 200 len: 1361 time: 0.0447118
2026-04-10 15:00:54.531 10 INFO neutron.wsgi [req-bbe31bae-eeec-48ea-a22d-704d55ed0b80 req-2344dbb2-9a2a-48c4-977d-738bdfe3b203 5f5eaa5b8b5b47518a420b0611bcc752 a776d20284c64aff9ed08d1326d110cc - - a72e8f6bda1a45148bc0c7161d785101 a72e8f6bda1a45148bc0c7161d785101] 199.204.45.132 "GET /v2.0/networks?id=98661b37-9e06-4080-a52c-712830e9da8d HTTP/1.1" status: 200 len: 980 time: 0.0742679
2026-04-10 15:00:54.586 10 INFO neutron.wsgi [req-bbe31bae-eeec-48ea-a22d-704d55ed0b80 req-77dd1110-6140-40d8-b0bd-62740698598c 5f5eaa5b8b5b47518a420b0611bcc752 a776d20284c64aff9ed08d1326d110cc - - a72e8f6bda1a45148bc0c7161d785101 a72e8f6bda1a45148bc0c7161d785101] 199.204.45.132 "GET /v2.0/floatingips?fixed_ip_address=10.100.0.6&port_id=2f08eb85-9296-4bff-ac39-8424c2553214 HTTP/1.1" status: 200 len: 1059 time: 0.0479612
2026-04-10 15:00:54.587 10 INFO neutron.wsgi [None req-ce6c5e3e-909d-48da-a18a-bad46fe5eeff e382d57a1dc8476e98df76a84f9e55ef 2cba3e0f0e5b4099934ec10d61cd2668 - - default default] 10.0.0.208 "GET /v2.0/security-groups?tenant_id=4c7a4ddeab9a4ded89613f62e27cba24&name=default HTTP/1.1" status: 200 len: 2996 time: 0.1986268
2026-04-10 15:00:54.638 10 INFO neutron.wsgi [req-bbe31bae-eeec-48ea-a22d-704d55ed0b80 req-932c1862-9f7e-47cd-890f-0931363c2c4b 5f5eaa5b8b5b47518a420b0611bcc752 a776d20284c64aff9ed08d1326d110cc - - a72e8f6bda1a45148bc0c7161d785101 a72e8f6bda1a45148bc0c7161d785101] 199.204.45.132 "GET /v2.0/subnets?id=e45d222f-eeb3-4a54-9461-23e8a831ab97 HTTP/1.1" status: 200 len: 875 time: 0.0483317
2026-04-10 15:00:54.668 10 INFO neutron.wsgi [req-bbe31bae-eeec-48ea-a22d-704d55ed0b80 req-6a426028-39eb-4314-bc63-04f8cfc578c0 5f5eaa5b8b5b47518a420b0611bcc752 a776d20284c64aff9ed08d1326d110cc - - a72e8f6bda1a45148bc0c7161d785101 a72e8f6bda1a45148bc0c7161d785101] 199.204.45.132 "GET /v2.0/ports?network_id=98661b37-9e06-4080-a52c-712830e9da8d&device_owner=network%3Adhcp HTTP/1.1" status: 200 len: 210 time: 0.0230410
2026-04-10 15:00:54.737 10 INFO neutron.wsgi [req-bbe31bae-eeec-48ea-a22d-704d55ed0b80 req-64b297e0-bbae-43f5-8676-5962e0ac45cd 5f5eaa5b8b5b47518a420b0611bcc752 a776d20284c64aff9ed08d1326d110cc - - a72e8f6bda1a45148bc0c7161d785101 a72e8f6bda1a45148bc0c7161d785101] 199.204.45.132 "GET /v2.0/networks/98661b37-9e06-4080-a52c-712830e9da8d?fields=segments HTTP/1.1" status: 200 len: 212 time: 0.0606999
2026-04-10 15:00:54.817 9 INFO neutron.db.ovn_revision_numbers_db [None req-94434b16-8353-4784-9f46-9a74572b451d e382d57a1dc8476e98df76a84f9e55ef 2cba3e0f0e5b4099934ec10d61cd2668 - - - -] Successfully bumped revision number for resource e14d35f7-0e4f-4d59-9c18-5631154749fc (type: router_ports) to 3
2026-04-10 15:00:54.817 10 INFO neutron.wsgi [req-bbe31bae-eeec-48ea-a22d-704d55ed0b80 req-78fd70a0-ff12-4566-ae12-a31ad79249b3 5f5eaa5b8b5b47518a420b0611bcc752 a776d20284c64aff9ed08d1326d110cc - - a72e8f6bda1a45148bc0c7161d785101 a72e8f6bda1a45148bc0c7161d785101] 199.204.45.132 "GET /v2.0/networks/98661b37-9e06-4080-a52c-712830e9da8d?fields=provider%3Aphysical_network&fields=provider%3Anetwork_type HTTP/1.1" status: 200 len: 277 time: 0.0732501
2026-04-10 15:00:54.820 9 INFO neutron.wsgi [None req-94434b16-8353-4784-9f46-9a74572b451d e382d57a1dc8476e98df76a84f9e55ef 2cba3e0f0e5b4099934ec10d61cd2668 - - - -] 10.0.0.208 "PUT /v2.0/routers/b6066b1d-ab6d-462a-a0d6-3e402f57e11e/add_router_interface HTTP/1.1" status: 200 len: 503 time: 3.1306934
2026-04-10 15:00:54.881 10 INFO neutron.wsgi [None req-b085d17b-06fb-4e59-9cb4-621ef408b69f e382d57a1dc8476e98df76a84f9e55ef 2cba3e0f0e5b4099934ec10d61cd2668 - - - -] 10.0.0.208 "DELETE /v2.0/security-groups/70203a21-82aa-4725-a440-a03d2db5adfb HTTP/1.1" status: 204 len: 168 time: 0.2831309
2026-04-10 15:00:54.896 10 INFO neutron.wsgi [req-fb6c550c-8b1f-42bb-96a7-1342ce249709 req-27fb0b8d-17b2-4f43-a993-6b2109bbc515 5f5eaa5b8b5b47518a420b0611bcc752 a776d20284c64aff9ed08d1326d110cc - - a72e8f6bda1a45148bc0c7161d785101 a72e8f6bda1a45148bc0c7161d785101] 199.204.45.132 "GET /v2.0/ports?tenant_id=f39d6b033b8b41198edba77c5aa96124&device_id=8b783dee-c5c0-4ac4-ba56-354510df1cdf HTTP/1.1" status: 200 len: 1361 time: 0.0394099
2026-04-10 15:00:54.968 10 INFO neutron.wsgi [req-fb6c550c-8b1f-42bb-96a7-1342ce249709 req-917c21eb-828f-4a3c-91b6-8568415357a9 5f5eaa5b8b5b47518a420b0611bcc752 a776d20284c64aff9ed08d1326d110cc - - a72e8f6bda1a45148bc0c7161d785101 a72e8f6bda1a45148bc0c7161d785101] 199.204.45.132 "GET /v2.0/networks?id=98661b37-9e06-4080-a52c-712830e9da8d HTTP/1.1" status: 200 len: 980 time: 0.0656056
2026-04-10 15:00:55.040 10 INFO neutron.wsgi [req-fb6c550c-8b1f-42bb-96a7-1342ce249709 req-e58c5914-9917-421b-b5c2-bee28974b4e7 5f5eaa5b8b5b47518a420b0611bcc752 a776d20284c64aff9ed08d1326d110cc - - a72e8f6bda1a45148bc0c7161d785101 a72e8f6bda1a45148bc0c7161d785101] 199.204.45.132 "GET /v2.0/floatingips?fixed_ip_address=10.100.0.6&port_id=2f08eb85-9296-4bff-ac39-8424c2553214 HTTP/1.1" status: 200 len: 1059 time: 0.0650396
2026-04-10 15:00:55.076 10 INFO neutron.wsgi [req-fb6c550c-8b1f-42bb-96a7-1342ce249709 req-0de4cd78-ca51-4873-9a5c-eb8aff7fc364 5f5eaa5b8b5b47518a420b0611bcc752 a776d20284c64aff9ed08d1326d110cc - - a72e8f6bda1a45148bc0c7161d785101 a72e8f6bda1a45148bc0c7161d785101] 199.204.45.132 "GET /v2.0/subnets?id=e45d222f-eeb3-4a54-9461-23e8a831ab97 HTTP/1.1" status: 200 len: 875 time: 0.0285959
2026-04-10 15:00:55.109 10 INFO neutron.wsgi [req-fb6c550c-8b1f-42bb-96a7-1342ce249709 req-9f440b51-b331-4199-9111-5f809eb6da8c 5f5eaa5b8b5b47518a420b0611bcc752 a776d20284c64aff9ed08d1326d110cc - - a72e8f6bda1a45148bc0c7161d785101 a72e8f6bda1a45148bc0c7161d785101] 199.204.45.132 "GET /v2.0/ports?network_id=98661b37-9e06-4080-a52c-712830e9da8d&device_owner=network%3Adhcp HTTP/1.1" status: 200 len: 210 time: 0.0265410
2026-04-10 15:00:55.173 10 INFO neutron.wsgi [req-fb6c550c-8b1f-42bb-96a7-1342ce249709 req-b031e82e-a884-41d2-9685-2cf4d76e1395 5f5eaa5b8b5b47518a420b0611bcc752 a776d20284c64aff9ed08d1326d110cc - - a72e8f6bda1a45148bc0c7161d785101 a72e8f6bda1a45148bc0c7161d785101] 199.204.45.132 "GET /v2.0/networks/98661b37-9e06-4080-a52c-712830e9da8d?fields=segments HTTP/1.1" status: 200 len: 212 time: 0.0567575
2026-04-10 15:00:55.244 10 INFO neutron.wsgi [req-fb6c550c-8b1f-42bb-96a7-1342ce249709 req-bb5620a9-aff9-4ef9-bbeb-20e97b1c5a0c 5f5eaa5b8b5b47518a420b0611bcc752 a776d20284c64aff9ed08d1326d110cc - - a72e8f6bda1a45148bc0c7161d785101 a72e8f6bda1a45148bc0c7161d785101] 199.204.45.132 "GET /v2.0/networks/98661b37-9e06-4080-a52c-712830e9da8d?fields=provider%3Aphysical_network&fields=provider%3Anetwork_type HTTP/1.1" status: 200 len: 277 time: 0.0654569
2026-04-10 15:00:55.581 9 WARNING neutron.plugins.ml2.drivers.ovn.mech_driver.ovsdb.ovn_client [None req-cea678a5-dc94-4109-a3f7-c8ed0fe94008 - - - - - -] No hosting information found for port 955058b4-f37b-4762-9653-c33d1f2c65f5: RuntimeError: No hosting information found for port 955058b4-f37b-4762-9653-c33d1f2c65f5
2026-04-10 15:00:55.582 9 INFO neutron.plugins.ml2.drivers.ovn.mech_driver.mech_driver [None req-cea678a5-dc94-4109-a3f7-c8ed0fe94008 - - - - - -] OVN reports status up for port: e315da2b-c250-498c-ad39-5e7f85765011
2026-04-10 15:00:55.592 9 INFO neutron.plugins.ml2.plugin [None req-cea678a5-dc94-4109-a3f7-c8ed0fe94008 - - - - - -] Attempt 1 to provision port e315da2b-c250-498c-ad39-5e7f85765011
2026-04-10 15:00:55.794 10 INFO neutron.wsgi [req-c49f9d73-1356-48fb-b82b-9d160aff6fe0 req-656795f7-3ccb-4f6b-90e4-c3ead21d9c48 34e5a9a704e240d5b12bc3942485a1cc 237dc5c8e26148119d7f6fc851ff55a1 - - default default] 10.0.0.190 "GET /v2.0/networks?id=9a4dd97f-4ed1-4795-b0c7-148835760ddf HTTP/1.1" status: 200 len: 877 time: 0.0955644
2026-04-10 15:00:55.824 10 INFO neutron.wsgi [req-c49f9d73-1356-48fb-b82b-9d160aff6fe0 req-3605cea2-e784-4db7-9b6e-8a4422c491d3 34e5a9a704e240d5b12bc3942485a1cc 237dc5c8e26148119d7f6fc851ff55a1 - - default default] 10.0.0.190 "GET /v2.0/quotas/237dc5c8e26148119d7f6fc851ff55a1 HTTP/1.1" status: 200 len: 386 time: 0.0126834
2026-04-10 15:00:55.916 10 INFO neutron.wsgi [req-c49f9d73-1356-48fb-b82b-9d160aff6fe0 req-ebdba5e7-e45e-42e0-b048-f86ddd0c7e2d 34e5a9a704e240d5b12bc3942485a1cc 237dc5c8e26148119d7f6fc851ff55a1 - - default default] 10.0.0.190 "GET /v2.0/ports?tenant_id=237dc5c8e26148119d7f6fc851ff55a1&fields=id HTTP/1.1" status: 200 len: 302 time: 0.0854695
2026-04-10 15:00:55.986 9 INFO neutron.wsgi [req-259a54eb-ba7c-4d31-8f81-9dd633124a6c req-1e93f9f3-bbb0-4cbb-b084-5693a24cc0ee 4793c5cce5b54c708cf0f52adcb30021 f39d6b033b8b41198edba77c5aa96124 - - default default] 10.0.0.190 "GET /v2.0/ports?device_id=8b783dee-c5c0-4ac4-ba56-354510df1cdf HTTP/1.1" status: 200 len: 1170 time: 0.0710225
2026-04-10 15:00:56.026 9 INFO neutron.wsgi [req-259a54eb-ba7c-4d31-8f81-9dd633124a6c req-883c0d48-2cfb-477d-9541-95781724461a 4793c5cce5b54c708cf0f52adcb30021 f39d6b033b8b41198edba77c5aa96124 - - default default] 10.0.0.190 "GET /v2.0/security-groups?id=a8a47f5e-1084-43d7-83fc-812ce6ac7526&fields=id&fields=name HTTP/1.1" status: 200 len: 312 time: 0.0340462
