2026-04-10 15:06:44.546 10 INFO neutron.wsgi [req-ff531c4a-1bbf-466a-9c4c-351c096b78b0 req-8de05259-5677-46fe-a8e2-aff832c6e94f 5f5eaa5b8b5b47518a420b0611bcc752 a776d20284c64aff9ed08d1326d110cc - - a72e8f6bda1a45148bc0c7161d785101 a72e8f6bda1a45148bc0c7161d785101] 199.204.45.132 "GET /v2.0/networks/27ac7115-49dd-49b9-ba33-253663bc47b8?fields=provider%3Aphysical_network&fields=provider%3Anetwork_type HTTP/1.1" status: 200 len: 277 time: 0.0672836
2026-04-10 15:06:44.580 10 INFO neutron.wsgi [req-ff531c4a-1bbf-466a-9c4c-351c096b78b0 req-bb745b93-31ed-4959-8f60-68d462c5386f 5f5eaa5b8b5b47518a420b0611bcc752 a776d20284c64aff9ed08d1326d110cc - - a72e8f6bda1a45148bc0c7161d785101 a72e8f6bda1a45148bc0c7161d785101] 199.204.45.132 "GET /v2.0/floatingips?fixed_ip_address=10.1.1.148&port_id=a6f7a038-005a-409a-95e8-667090f9954a HTTP/1.1" status: 200 len: 217 time: 0.0264182
2026-04-10 15:06:44.622 10 INFO neutron.wsgi [req-ff531c4a-1bbf-466a-9c4c-351c096b78b0 req-9b37774b-9d7a-4397-ae59-2511328de596 5f5eaa5b8b5b47518a420b0611bcc752 a776d20284c64aff9ed08d1326d110cc - - a72e8f6bda1a45148bc0c7161d785101 a72e8f6bda1a45148bc0c7161d785101] 199.204.45.132 "GET /v2.0/subnets?id=1019e215-5f80-4ab5-aa40-c6897d7bbed0 HTTP/1.1" status: 200 len: 854 time: 0.0347674
2026-04-10 15:06:44.671 10 INFO neutron.wsgi [req-ff531c4a-1bbf-466a-9c4c-351c096b78b0 req-03ab84f3-b921-4cef-a18f-c7d60e12a36b 5f5eaa5b8b5b47518a420b0611bcc752 a776d20284c64aff9ed08d1326d110cc - - a72e8f6bda1a45148bc0c7161d785101 a72e8f6bda1a45148bc0c7161d785101] 199.204.45.132 "GET /v2.0/ports?network_id=2249a769-66bd-4c62-80de-1f985ec64204&device_owner=network%3Adhcp HTTP/1.1" status: 200 len: 210 time: 0.0399675
2026-04-10 15:06:44.737 10 INFO neutron.wsgi [req-ff531c4a-1bbf-466a-9c4c-351c096b78b0 req-728500c1-21c0-4bd3-854f-ef83c00c7083 5f5eaa5b8b5b47518a420b0611bcc752 a776d20284c64aff9ed08d1326d110cc - - a72e8f6bda1a45148bc0c7161d785101 a72e8f6bda1a45148bc0c7161d785101] 199.204.45.132 "GET /v2.0/networks/2249a769-66bd-4c62-80de-1f985ec64204?fields=segments HTTP/1.1" status: 200 len: 212 time: 0.0574327
2026-04-10 15:06:44.798 10 INFO neutron.wsgi [req-ff531c4a-1bbf-466a-9c4c-351c096b78b0 req-2596136e-c48f-4b06-9173-5da217803036 5f5eaa5b8b5b47518a420b0611bcc752 a776d20284c64aff9ed08d1326d110cc - - a72e8f6bda1a45148bc0c7161d785101 a72e8f6bda1a45148bc0c7161d785101] 199.204.45.132 "GET /v2.0/networks/2249a769-66bd-4c62-80de-1f985ec64204?fields=provider%3Aphysical_network&fields=provider%3Anetwork_type HTTP/1.1" status: 200 len: 277 time: 0.0551178
2026-04-10 15:06:44.830 10 INFO neutron.wsgi [req-ff531c4a-1bbf-466a-9c4c-351c096b78b0 req-5997f715-956c-4194-a989-573f575f3857 5f5eaa5b8b5b47518a420b0611bcc752 a776d20284c64aff9ed08d1326d110cc - - a72e8f6bda1a45148bc0c7161d785101 a72e8f6bda1a45148bc0c7161d785101] 199.204.45.132 "GET /v2.0/floatingips?fixed_ip_address=10.2.1.82&port_id=4996a97b-4955-4de2-8a8c-988343f0ce48 HTTP/1.1" status: 200 len: 217 time: 0.0261695
2026-04-10 15:06:44.871 10 INFO neutron.wsgi [req-ff531c4a-1bbf-466a-9c4c-351c096b78b0 req-50cc2f19-5563-4c42-8cf3-537ef6c76fbf 5f5eaa5b8b5b47518a420b0611bcc752 a776d20284c64aff9ed08d1326d110cc - - a72e8f6bda1a45148bc0c7161d785101 a72e8f6bda1a45148bc0c7161d785101] 199.204.45.132 "GET /v2.0/subnets?id=e51dcfae-4ee8-4df0-adc6-908eef817a17 HTTP/1.1" status: 200 len: 851 time: 0.0350909
2026-04-10 15:06:44.899 10 INFO neutron.wsgi [req-ff531c4a-1bbf-466a-9c4c-351c096b78b0 req-356d268d-00a6-43f8-b262-bafc22f2d1ec 5f5eaa5b8b5b47518a420b0611bcc752 a776d20284c64aff9ed08d1326d110cc - - a72e8f6bda1a45148bc0c7161d785101 a72e8f6bda1a45148bc0c7161d785101] 199.204.45.132 "GET /v2.0/ports?network_id=b1279347-e0e1-4906-b81d-77cf3d6d2ff0&device_owner=network%3Adhcp HTTP/1.1" status: 200 len: 210 time: 0.0224357
2026-04-10 15:06:44.967 10 INFO neutron.wsgi [req-ff531c4a-1bbf-466a-9c4c-351c096b78b0 req-d889a676-c50d-4aee-bf69-a2db19f6c478 5f5eaa5b8b5b47518a420b0611bcc752 a776d20284c64aff9ed08d1326d110cc - - a72e8f6bda1a45148bc0c7161d785101 a72e8f6bda1a45148bc0c7161d785101] 199.204.45.132 "GET /v2.0/networks/b1279347-e0e1-4906-b81d-77cf3d6d2ff0?fields=segments HTTP/1.1" status: 200 len: 212 time: 0.0615242
2026-04-10 15:06:45.039 10 INFO neutron.wsgi [req-ff531c4a-1bbf-466a-9c4c-351c096b78b0 req-4c78de80-b57b-4cfb-a4e4-e37ac10a52c4 5f5eaa5b8b5b47518a420b0611bcc752 a776d20284c64aff9ed08d1326d110cc - - a72e8f6bda1a45148bc0c7161d785101 a72e8f6bda1a45148bc0c7161d785101] 199.204.45.132 "GET /v2.0/networks/b1279347-e0e1-4906-b81d-77cf3d6d2ff0?fields=provider%3Aphysical_network&fields=provider%3Anetwork_type HTTP/1.1" status: 200 len: 277 time: 0.0648801
2026-04-10 15:06:45.064 10 INFO neutron.wsgi [req-ff531c4a-1bbf-466a-9c4c-351c096b78b0 req-f2f3852f-aa31-4956-a078-6dd5997fad94 5f5eaa5b8b5b47518a420b0611bcc752 a776d20284c64aff9ed08d1326d110cc - - a72e8f6bda1a45148bc0c7161d785101 a72e8f6bda1a45148bc0c7161d785101] 199.204.45.132 "GET /v2.0/floatingips?fixed_ip_address=10.2.2.101&port_id=2eedb0c2-5e03-4e5d-9c5b-cccb2ca2ece4 HTTP/1.1" status: 200 len: 217 time: 0.0187793
2026-04-10 15:06:45.090 10 INFO neutron.wsgi [req-ff531c4a-1bbf-466a-9c4c-351c096b78b0 req-c38427de-38fe-4f72-80d9-4cf8143b04eb 5f5eaa5b8b5b47518a420b0611bcc752 a776d20284c64aff9ed08d1326d110cc - - a72e8f6bda1a45148bc0c7161d785101 a72e8f6bda1a45148bc0c7161d785101] 199.204.45.132 "GET /v2.0/floatingips?fixed_ip_address=fd77%3A1457%3A4cf0%3A26a8%3A%3A11c&port_id=2eedb0c2-5e03-4e5d-9c5b-cccb2ca2ece4 HTTP/1.1" status: 200 len: 217 time: 0.0201416
2026-04-10 15:06:45.124 10 INFO neutron.wsgi [req-ff531c4a-1bbf-466a-9c4c-351c096b78b0 req-d8030677-9961-4efd-917c-3971e4a492ed 5f5eaa5b8b5b47518a420b0611bcc752 a776d20284c64aff9ed08d1326d110cc - - a72e8f6bda1a45148bc0c7161d785101 a72e8f6bda1a45148bc0c7161d785101] 199.204.45.132 "GET /v2.0/subnets?id=d0f8f176-62f9-4212-b2f4-af2744074d87&id=03c201d7-f2e8-4d58-bdc7-1458675ccdee HTTP/1.1" status: 200 len: 1566 time: 0.0255759
2026-04-10 15:06:45.147 10 INFO neutron.wsgi [req-ff531c4a-1bbf-466a-9c4c-351c096b78b0 req-0ebc8f22-ac30-4479-a008-51b7024aa513 5f5eaa5b8b5b47518a420b0611bcc752 a776d20284c64aff9ed08d1326d110cc - - a72e8f6bda1a45148bc0c7161d785101 a72e8f6bda1a45148bc0c7161d785101] 199.204.45.132 "GET /v2.0/ports?network_id=c4000211-d446-457e-94b1-030b7aeef528&device_owner=network%3Adhcp HTTP/1.1" status: 200 len: 210 time: 0.0162055
2026-04-10 15:06:45.177 10 INFO neutron.wsgi [req-ff531c4a-1bbf-466a-9c4c-351c096b78b0 req-657f2b85-10d4-4c8d-92f3-3a541fe66c66 5f5eaa5b8b5b47518a420b0611bcc752 a776d20284c64aff9ed08d1326d110cc - - a72e8f6bda1a45148bc0c7161d785101 a72e8f6bda1a45148bc0c7161d785101] 199.204.45.132 "GET /v2.0/ports?network_id=c4000211-d446-457e-94b1-030b7aeef528&device_owner=network%3Adhcp HTTP/1.1" status: 200 len: 210 time: 0.0227978
2026-04-10 15:06:45.243 10 INFO neutron.wsgi [req-ff531c4a-1bbf-466a-9c4c-351c096b78b0 req-e2acfc1c-94e0-435e-a957-22116228d793 5f5eaa5b8b5b47518a420b0611bcc752 a776d20284c64aff9ed08d1326d110cc - - a72e8f6bda1a45148bc0c7161d785101 a72e8f6bda1a45148bc0c7161d785101] 199.204.45.132 "GET /v2.0/networks/c4000211-d446-457e-94b1-030b7aeef528?fields=segments HTTP/1.1" status: 200 len: 212 time: 0.0581956
2026-04-10 15:06:45.301 10 INFO neutron.wsgi [req-ff531c4a-1bbf-466a-9c4c-351c096b78b0 req-e88e07d5-2cd1-498c-a3bf-3a37c55a9df6 5f5eaa5b8b5b47518a420b0611bcc752 a776d20284c64aff9ed08d1326d110cc - - a72e8f6bda1a45148bc0c7161d785101 a72e8f6bda1a45148bc0c7161d785101] 199.204.45.132 "GET /v2.0/networks/c4000211-d446-457e-94b1-030b7aeef528?fields=provider%3Aphysical_network&fields=provider%3Anetwork_type HTTP/1.1" status: 200 len: 277 time: 0.0512078
2026-04-10 15:06:45.387 10 INFO neutron.wsgi [req-91cae25b-bf17-4ed2-b722-a6ebd397f97d req-0a1fb5e2-b0d3-4790-9e36-8c752aa910ed 5f5eaa5b8b5b47518a420b0611bcc752 a776d20284c64aff9ed08d1326d110cc - - a72e8f6bda1a45148bc0c7161d785101 a72e8f6bda1a45148bc0c7161d785101] 199.204.45.132 "GET /v2.0/ports?tenant_id=2cba3e0f0e5b4099934ec10d61cd2668&device_id=4df45dd0-4b13-4127-8b76-2d258f87dbd6 HTTP/1.1" status: 200 len: 5159 time: 0.0424650
2026-04-10 15:06:45.403 10 INFO neutron.plugins.ml2.drivers.ovn.mech_driver.mech_driver [None req-7db40a3b-b51b-47c6-86fc-78675a44e990 - - - - - -] OVN reports status up for port: 2eedb0c2-5e03-4e5d-9c5b-cccb2ca2ece4
2026-04-10 15:06:45.422 10 INFO neutron.plugins.ml2.plugin [None req-7db40a3b-b51b-47c6-86fc-78675a44e990 - - - - - -] Attempt 1 to provision port 2eedb0c2-5e03-4e5d-9c5b-cccb2ca2ece4
2026-04-10 15:06:45.463 10 INFO neutron.wsgi [req-91cae25b-bf17-4ed2-b722-a6ebd397f97d req-99a0d641-5832-4cfe-900a-2d766738a737 5f5eaa5b8b5b47518a420b0611bcc752 a776d20284c64aff9ed08d1326d110cc - - a72e8f6bda1a45148bc0c7161d785101 a72e8f6bda1a45148bc0c7161d785101] 199.204.45.132 "GET /v2.0/networks?id=c4000211-d446-457e-94b1-030b7aeef528 HTTP/1.1" status: 200 len: 1003 time: 0.0691338
2026-04-10 15:06:45.501 10 INFO neutron.wsgi [req-91cae25b-bf17-4ed2-b722-a6ebd397f97d req-d5e08d6a-19c5-402c-97bf-1f0cb300ce86 5f5eaa5b8b5b47518a420b0611bcc752 a776d20284c64aff9ed08d1326d110cc - - a72e8f6bda1a45148bc0c7161d785101 a72e8f6bda1a45148bc0c7161d785101] 199.204.45.132 "GET /v2.0/floatingips?fixed_ip_address=10.2.2.101&port_id=2eedb0c2-5e03-4e5d-9c5b-cccb2ca2ece4 HTTP/1.1" status: 200 len: 217 time: 0.0337021
2026-04-10 15:06:45.538 10 INFO neutron.wsgi [req-91cae25b-bf17-4ed2-b722-a6ebd397f97d req-c5842f54-8ed2-4aa5-8ecd-fa8f04531ca4 5f5eaa5b8b5b47518a420b0611bcc752 a776d20284c64aff9ed08d1326d110cc - - a72e8f6bda1a45148bc0c7161d785101 a72e8f6bda1a45148bc0c7161d785101] 199.204.45.132 "GET /v2.0/floatingips?fixed_ip_address=fd77%3A1457%3A4cf0%3A26a8%3A%3A11c&port_id=2eedb0c2-5e03-4e5d-9c5b-cccb2ca2ece4 HTTP/1.1" status: 200 len: 217 time: 0.0261095
2026-04-10 15:06:45.606 10 INFO neutron.wsgi [req-ff531c4a-1bbf-466a-9c4c-351c096b78b0 req-edf2545f-1841-4af0-a716-7708525191d3 e382d57a1dc8476e98df76a84f9e55ef 2cba3e0f0e5b4099934ec10d61cd2668 - - default default] 10.0.0.190 "GET /v2.0/ports/2eedb0c2-5e03-4e5d-9c5b-cccb2ca2ece4 HTTP/1.1" status: 200 len: 1589 time: 0.0596418
2026-04-10 15:06:45.608 10 INFO neutron.wsgi [req-91cae25b-bf17-4ed2-b722-a6ebd397f97d req-f548a48c-fd50-4190-b5c4-8cebcc026af9 5f5eaa5b8b5b47518a420b0611bcc752 a776d20284c64aff9ed08d1326d110cc - - a72e8f6bda1a45148bc0c7161d785101 a72e8f6bda1a45148bc0c7161d785101] 199.204.45.132 "GET /v2.0/subnets?id=d0f8f176-62f9-4212-b2f4-af2744074d87&id=03c201d7-f2e8-4d58-bdc7-1458675ccdee HTTP/1.1" status: 200 len: 1566 time: 0.0635047
2026-04-10 15:06:45.645 10 INFO neutron.wsgi [req-91cae25b-bf17-4ed2-b722-a6ebd397f97d req-64ea2341-2cfd-4fb5-b37d-f78356e6e424 5f5eaa5b8b5b47518a420b0611bcc752 a776d20284c64aff9ed08d1326d110cc - - a72e8f6bda1a45148bc0c7161d785101 a72e8f6bda1a45148bc0c7161d785101] 199.204.45.132 "GET /v2.0/ports?network_id=c4000211-d446-457e-94b1-030b7aeef528&device_owner=network%3Adhcp HTTP/1.1" status: 200 len: 210 time: 0.0226693
2026-04-10 15:06:45.648 9 INFO neutron.wsgi [None req-d6031008-247d-4f81-87ed-e5f417ef9177 e382d57a1dc8476e98df76a84f9e55ef 2cba3e0f0e5b4099934ec10d61cd2668 - - default default] 199.204.45.132 "GET /v2.0/ports/2eedb0c2-5e03-4e5d-9c5b-cccb2ca2ece4 HTTP/1.1" status: 200 len: 1591 time: 0.0311925
2026-04-10 15:06:45.677 10 INFO neutron.wsgi [req-91cae25b-bf17-4ed2-b722-a6ebd397f97d req-e09b0ff6-e1cf-48d9-8191-c571e98f8247 5f5eaa5b8b5b47518a420b0611bcc752 a776d20284c64aff9ed08d1326d110cc - - a72e8f6bda1a45148bc0c7161d785101 a72e8f6bda1a45148bc0c7161d785101] 199.204.45.132 "GET /v2.0/ports?network_id=c4000211-d446-457e-94b1-030b7aeef528&device_owner=network%3Adhcp HTTP/1.1" status: 200 len: 210 time: 0.0220938
2026-04-10 15:06:45.683 9 INFO neutron.wsgi [None req-89d40f8f-3846-44e6-9ee7-15c09eaac162 e382d57a1dc8476e98df76a84f9e55ef 2cba3e0f0e5b4099934ec10d61cd2668 - - default default] 199.204.45.132 "GET /v2.0/ports/2eedb0c2-5e03-4e5d-9c5b-cccb2ca2ece4 HTTP/1.1" status: 200 len: 1591 time: 0.0299487
2026-04-10 15:06:45.754 10 INFO neutron.wsgi [req-91cae25b-bf17-4ed2-b722-a6ebd397f97d req-42454a09-2451-4bc2-a630-960137ba519e 5f5eaa5b8b5b47518a420b0611bcc752 a776d20284c64aff9ed08d1326d110cc - - a72e8f6bda1a45148bc0c7161d785101 a72e8f6bda1a45148bc0c7161d785101] 199.204.45.132 "GET /v2.0/networks/c4000211-d446-457e-94b1-030b7aeef528?fields=segments HTTP/1.1" status: 200 len: 212 time: 0.0687218
2026-04-10 15:06:45.843 10 INFO neutron.wsgi [req-91cae25b-bf17-4ed2-b722-a6ebd397f97d req-bec7cbfc-0a6f-4ee6-b2aa-a88301381b5b 5f5eaa5b8b5b47518a420b0611bcc752 a776d20284c64aff9ed08d1326d110cc - - a72e8f6bda1a45148bc0c7161d785101 a72e8f6bda1a45148bc0c7161d785101] 199.204.45.132 "GET /v2.0/networks/c4000211-d446-457e-94b1-030b7aeef528?fields=provider%3Aphysical_network&fields=provider%3Anetwork_type HTTP/1.1" status: 200 len: 277 time: 0.0798795
2026-04-10 15:06:45.846 10 INFO neutron.db.ovn_revision_numbers_db [None req-7db40a3b-b51b-47c6-86fc-78675a44e990 - - - - - -] Successfully bumped revision number for resource 2eedb0c2-5e03-4e5d-9c5b-cccb2ca2ece4 (type: ports) to 4
2026-04-10 15:06:46.286 10 INFO neutron.notifiers.nova [-] Nova event matching ['req-b4025bb0-2235-48b4-bf9c-603c460f03c5'] response: {'server_uuid': '4df45dd0-4b13-4127-8b76-2d258f87dbd6', 'name': 'network-vif-plugged', 'status': 'completed', 'tag': '2eedb0c2-5e03-4e5d-9c5b-cccb2ca2ece4', 'code': 200}
2026-04-10 15:06:46.287 10 INFO neutron.notifiers.nova [-] Nova event matching ['req-b4025bb0-2235-48b4-bf9c-603c460f03c5'] response: {'server_uuid': '4df45dd0-4b13-4127-8b76-2d258f87dbd6', 'name': 'network-vif-plugged', 'status': 'completed', 'tag': '2eedb0c2-5e03-4e5d-9c5b-cccb2ca2ece4', 'code': 200}
2026-04-10 15:06:46.319 9 INFO neutron.db.ovn_revision_numbers_db [None req-9c2cfff1-610b-4708-8f9c-bd837653defa e382d57a1dc8476e98df76a84f9e55ef 2cba3e0f0e5b4099934ec10d61cd2668 - - - -] Successfully bumped revision number for resource 2eedb0c2-5e03-4e5d-9c5b-cccb2ca2ece4 (type: ports) to 5
2026-04-10 15:06:46.331 9 INFO neutron.wsgi [None req-9c2cfff1-610b-4708-8f9c-bd837653defa e382d57a1dc8476e98df76a84f9e55ef 2cba3e0f0e5b4099934ec10d61cd2668 - - - -] 199.204.45.132 "PUT /v2.0/ports/2eedb0c2-5e03-4e5d-9c5b-cccb2ca2ece4 HTTP/1.1" status: 200 len: 1330 time: 0.6406641 /var/lib/openstack/lib/python3.10/site-packages/pycadf/identifier.py:71: UserWarning: Invalid uuid: neutron. To ensure interoperability, identifiers should be a valid uuid. warnings.warn(('Invalid uuid: %s. To ensure interoperability, '
2026-04-10 15:06:46.379 9 INFO neutron.notifiers.nova [-] Nova event matching ['req-3d3fa6c9-ce53-4503-be29-59ae9edca2c8'] response: {'name': 'network-changed', 'server_uuid': '4df45dd0-4b13-4127-8b76-2d258f87dbd6', 'tag': '2eedb0c2-5e03-4e5d-9c5b-cccb2ca2ece4', 'status': 'completed', 'code': 200}
2026-04-10 15:06:46.399 9 INFO neutron.wsgi [None req-60e000a1-ab62-45cd-b22c-6c8190a71fe7 e382d57a1dc8476e98df76a84f9e55ef 2cba3e0f0e5b4099934ec10d61cd2668 - - default default] 199.204.45.132 "GET /v2.0/networks/c4000211-d446-457e-94b1-030b7aeef528 HTTP/1.1" status: 200 len: 1000 time: 0.0610564 /var/lib/openstack/lib/python3.10/site-packages/pycadf/identifier.py:71: UserWarning: Invalid uuid: neutron. To ensure interoperability, identifiers should be a valid uuid. warnings.warn(('Invalid uuid: %s. To ensure interoperability, '
2026-04-10 15:06:46.440 10 INFO neutron.wsgi [req-e7607624-6605-4991-b7c5-78ca326136e4 req-3fb0031b-97a5-4f9f-abb5-1312311f9e22 5f5eaa5b8b5b47518a420b0611bcc752 a776d20284c64aff9ed08d1326d110cc - - a72e8f6bda1a45148bc0c7161d785101 a72e8f6bda1a45148bc0c7161d785101] 199.204.45.132 "GET /v2.0/ports?tenant_id=2cba3e0f0e5b4099934ec10d61cd2668&device_id=4df45dd0-4b13-4127-8b76-2d258f87dbd6 HTTP/1.1" status: 200 len: 4928 time: 0.0421400
2026-04-10 15:06:46.440 9 INFO neutron.wsgi [None req-479ad4dd-aa1f-41ff-85bb-ee7b6bc71fd7 e382d57a1dc8476e98df76a84f9e55ef 2cba3e0f0e5b4099934ec10d61cd2668 - - default default] 199.204.45.132 "GET /v2.0/subnets/03c201d7-f2e8-4d58-bdc7-1458675ccdee HTTP/1.1" status: 200 len: 848 time: 0.0339382
2026-04-10 15:06:46.515 10 INFO neutron.wsgi [req-e7607624-6605-4991-b7c5-78ca326136e4 req-d4964caa-bd68-4b10-b5d1-81fd9bb855d1 5f5eaa5b8b5b47518a420b0611bcc752 a776d20284c64aff9ed08d1326d110cc - - a72e8f6bda1a45148bc0c7161d785101 a72e8f6bda1a45148bc0c7161d785101] 199.204.45.132 "GET /v2.0/networks?id=c4000211-d446-457e-94b1-030b7aeef528 HTTP/1.1" status: 200 len: 1003 time: 0.0659995
2026-04-10 15:06:46.527 9 INFO neutron.wsgi [None req-8c6569c3-a23c-43e4-9df6-63df85ba05c8 e382d57a1dc8476e98df76a84f9e55ef 2cba3e0f0e5b4099934ec10d61cd2668 - - default default] 199.204.45.132 "GET /v2.0/extensions/security-group HTTP/1.1" status: 200 len: 369 time: 0.0072961
2026-04-10 15:06:46.536 9 INFO neutron.wsgi [None req-199660e6-0574-49ea-b310-ae85b6fcd5d2 e382d57a1dc8476e98df76a84f9e55ef 2cba3e0f0e5b4099934ec10d61cd2668 - - default default] 199.204.45.132 "GET /v2.0/extensions/dns-integration HTTP/1.1" status: 200 len: 371 time: 0.0039148
2026-04-10 15:06:46.546 9 INFO neutron.wsgi [None req-f66a6102-c487-4ae5-a06e-2f421b523ed5 e382d57a1dc8476e98df76a84f9e55ef 2cba3e0f0e5b4099934ec10d61cd2668 - - default default] 199.204.45.132 "GET /v2.0/extensions/qos HTTP/1.1" status: 200 len: 365 time: 0.0045047
2026-04-10 15:06:46.551 10 INFO neutron.wsgi [req-e7607624-6605-4991-b7c5-78ca326136e4 req-4202d155-4815-488f-b1cf-bc9359893daa 5f5eaa5b8b5b47518a420b0611bcc752 a776d20284c64aff9ed08d1326d110cc - - a72e8f6bda1a45148bc0c7161d785101 a72e8f6bda1a45148bc0c7161d785101] 199.204.45.132 "GET /v2.0/floatingips?fixed_ip_address=10.2.2.101&port_id=2eedb0c2-5e03-4e5d-9c5b-cccb2ca2ece4 HTTP/1.1" status: 200 len: 217 time: 0.0299585
2026-04-10 15:06:46.555 9 INFO neutron.wsgi [None req-374da290-091d-4846-898b-ed30fa1cd9a5 e382d57a1dc8476e98df76a84f9e55ef 2cba3e0f0e5b4099934ec10d61cd2668 - - default default] 199.204.45.132 "GET /v2.0/extensions/allowed-address-pairs HTTP/1.1" status: 200 len: 383 time: 0.0047286
2026-04-10 15:06:46.593 10 INFO neutron.wsgi [req-e7607624-6605-4991-b7c5-78ca326136e4 req-43c07de1-5e4b-4c1c-8c36-8315ae150ca8 5f5eaa5b8b5b47518a420b0611bcc752 a776d20284c64aff9ed08d1326d110cc - - a72e8f6bda1a45148bc0c7161d785101 a72e8f6bda1a45148bc0c7161d785101] 199.204.45.132 "GET /v2.0/subnets?id=03c201d7-f2e8-4d58-bdc7-1458675ccdee HTTP/1.1" status: 200 len: 851 time: 0.0350533
2026-04-10 15:06:46.594 9 INFO neutron.wsgi [None req-db6582c6-efc3-4f0b-8c59-e725e64eccc9 e382d57a1dc8476e98df76a84f9e55ef 2cba3e0f0e5b4099934ec10d61cd2668 - - default default] 199.204.45.132 "GET /v2.0/subnets/1019e215-5f80-4ab5-aa40-c6897d7bbed0 HTTP/1.1" status: 200 len: 851 time: 0.0304677
2026-04-10 15:06:46.634 9 INFO neutron.wsgi [None req-3f1db092-077e-4d01-9489-bddd596ada3d e382d57a1dc8476e98df76a84f9e55ef 2cba3e0f0e5b4099934ec10d61cd2668 - - default default] 199.204.45.132 "GET /v2.0/ports/b658b617-827b-4e0a-9219-734ec8c68148 HTTP/1.1" status: 200 len: 1340 time: 0.0325878
2026-04-10 15:06:46.634 10 INFO neutron.wsgi [req-e7607624-6605-4991-b7c5-78ca326136e4 req-97a2973d-c5c0-48fe-bac7-6481faa3c279 5f5eaa5b8b5b47518a420b0611bcc752 a776d20284c64aff9ed08d1326d110cc - - a72e8f6bda1a45148bc0c7161d785101 a72e8f6bda1a45148bc0c7161d785101] 199.204.45.132 "GET /v2.0/ports?network_id=c4000211-d446-457e-94b1-030b7aeef528&device_owner=network%3Adhcp HTTP/1.1" status: 200 len: 210 time: 0.0328095
2026-04-10 15:06:46.666 9 INFO neutron.wsgi [None req-f42ff9e1-e2b0-4c4f-91a3-8c7ceab66cf0 e382d57a1dc8476e98df76a84f9e55ef 2cba3e0f0e5b4099934ec10d61cd2668 - - default default] 199.204.45.132 "GET /v2.0/ports/a6f7a038-005a-409a-95e8-667090f9954a HTTP/1.1" status: 200 len: 1471 time: 0.0274196
2026-04-10 15:06:46.709 10 INFO neutron.wsgi [req-e7607624-6605-4991-b7c5-78ca326136e4 req-c51dfadd-91a8-48a7-a826-a4792f69f2f5 5f5eaa5b8b5b47518a420b0611bcc752 a776d20284c64aff9ed08d1326d110cc - - a72e8f6bda1a45148bc0c7161d785101 a72e8f6bda1a45148bc0c7161d785101] 199.204.45.132 "GET /v2.0/networks/c4000211-d446-457e-94b1-030b7aeef528?fields=segments HTTP/1.1" status: 200 len: 212 time: 0.0670846
2026-04-10 15:06:46.715 9 INFO neutron.wsgi [None req-e9a1ab53-1c4c-41c6-a01d-c7b6acfc5330 e382d57a1dc8476e98df76a84f9e55ef 2cba3e0f0e5b4099934ec10d61cd2668 - - default default] 199.204.45.132 "GET /v2.0/subnets/1019e215-5f80-4ab5-aa40-c6897d7bbed0 HTTP/1.1" status: 200 len: 851 time: 0.0409932
2026-04-10 15:06:46.793 10 INFO neutron.wsgi [req-e7607624-6605-4991-b7c5-78ca326136e4 req-23c80edb-58a0-4f5b-a221-253b8641d6d7 5f5eaa5b8b5b47518a420b0611bcc752 a776d20284c64aff9ed08d1326d110cc - - a72e8f6bda1a45148bc0c7161d785101 a72e8f6bda1a45148bc0c7161d785101] 199.204.45.132 "GET /v2.0/networks/c4000211-d446-457e-94b1-030b7aeef528?fields=provider%3Aphysical_network&fields=provider%3Anetwork_type HTTP/1.1" status: 200 len: 277 time: 0.0754125
2026-04-10 15:06:46.796 9 INFO neutron.wsgi [None req-87b47c14-51b5-4350-ab5c-e616df3a72ef e382d57a1dc8476e98df76a84f9e55ef 2cba3e0f0e5b4099934ec10d61cd2668 - - default default] 199.204.45.132 "GET /v2.0/networks/2249a769-66bd-4c62-80de-1f985ec64204 HTTP/1.1" status: 200 len: 1001 time: 0.0728557
2026-04-10 15:06:46.832 9 INFO neutron.wsgi [None req-18177331-77b5-43f9-ba3e-fcba00142497 e382d57a1dc8476e98df76a84f9e55ef 2cba3e0f0e5b4099934ec10d61cd2668 - - default default] 199.204.45.132 "GET /v2.0/ports/b658b617-827b-4e0a-9219-734ec8c68148 HTTP/1.1" status: 200 len: 1340 time: 0.0294089
2026-04-10 15:06:46.879 9 INFO neutron.wsgi [None req-dbc24373-24c3-4b98-998f-7590977d68f2 e382d57a1dc8476e98df76a84f9e55ef 2cba3e0f0e5b4099934ec10d61cd2668 - - default default] 199.204.45.132 "GET /v2.0/subnets/1019e215-5f80-4ab5-aa40-c6897d7bbed0 HTTP/1.1" status: 200 len: 851 time: 0.0395801
2026-04-10 15:06:46.977 9 INFO neutron.wsgi [-] 10.0.0.106 "GET / HTTP/1.1" status: 200 len: 247 time: 0.0016012
2026-04-10 15:06:46.978 10 INFO neutron.wsgi [-] 10.0.0.106 "GET / HTTP/1.1" status: 200 len: 247 time: 0.0023580
2026-04-10 15:06:55.975 10 INFO neutron.wsgi [None req-56b374ac-68d8-4e87-993e-4e26320cd94e e382d57a1dc8476e98df76a84f9e55ef 2cba3e0f0e5b4099934ec10d61cd2668 - - default default] 199.204.45.132 "GET /v2.0/extensions/security-group HTTP/1.1" status: 200 len: 369 time: 0.0076222
2026-04-10 15:06:55.988 10 INFO neutron.wsgi [None req-e4bc4688-a416-4fbd-a1ff-f1edaf4913c9 e382d57a1dc8476e98df76a84f9e55ef 2cba3e0f0e5b4099934ec10d61cd2668 - - default default] 199.204.45.132 "GET /v2.0/extensions/dns-integration HTTP/1.1" status: 200 len: 371 time: 0.0059140
2026-04-10 15:06:55.997 10 INFO neutron.wsgi [None req-1196d4a6-4cd3-40ea-9029-5d4039e029dc e382d57a1dc8476e98df76a84f9e55ef 2cba3e0f0e5b4099934ec10d61cd2668 - - default default] 199.204.45.132 "GET /v2.0/extensions/qos HTTP/1.1" status: 200 len: 365 time: 0.0046711
2026-04-10 15:06:56.006 10 INFO neutron.wsgi [None req-99b5af19-9481-4e86-90b0-1ae6c0698cb5 e382d57a1dc8476e98df76a84f9e55ef 2cba3e0f0e5b4099934ec10d61cd2668 - - default default] 199.204.45.132 "GET /v2.0/extensions/allowed-address-pairs HTTP/1.1" status: 200 len: 383 time: 0.0055783
2026-04-10 15:06:56.057 10 INFO neutron.wsgi [None req-bcc36211-05f9-4be3-97d9-ab05f7938309 e382d57a1dc8476e98df76a84f9e55ef 2cba3e0f0e5b4099934ec10d61cd2668 - - default default] 199.204.45.132 "GET /v2.0/subnets/e51dcfae-4ee8-4df0-adc6-908eef817a17 HTTP/1.1" status: 200 len: 848 time: 0.0453746
2026-04-10 15:06:56.097 10 INFO neutron.wsgi [None req-3293a579-04c5-4915-9786-1ef6df95d0e9 e382d57a1dc8476e98df76a84f9e55ef 2cba3e0f0e5b4099934ec10d61cd2668 - - default default] 199.204.45.132 "GET /v2.0/ports?device_id=4df45dd0-4b13-4127-8b76-2d258f87dbd6 HTTP/1.1" status: 200 len: 4928 time: 0.0344319
2026-04-10 15:06:56.224 10 INFO neutron.wsgi [None req-cfcccb5a-b930-435b-8579-c9ccec3b02a5 e382d57a1dc8476e98df76a84f9e55ef 2cba3e0f0e5b4099934ec10d61cd2668 - - default default] 199.204.45.132 "GET /v2.0/extensions/security-group HTTP/1.1" status: 200 len: 369 time: 0.0061700
2026-04-10 15:06:56.231 10 INFO neutron.wsgi [None req-d7c1ecbd-e6c7-4d31-ada7-a3fe484f16ab e382d57a1dc8476e98df76a84f9e55ef 2cba3e0f0e5b4099934ec10d61cd2668 - - default default] 199.204.45.132 "GET /v2.0/extensions/dns-integration HTTP/1.1" status: 200 len: 371 time: 0.0046427
2026-04-10 15:06:56.240 10 INFO neutron.wsgi [None req-81b31a93-56e4-4ac0-8eeb-4eba3c05306f e382d57a1dc8476e98df76a84f9e55ef 2cba3e0f0e5b4099934ec10d61cd2668 - - default default] 199.204.45.132 "GET /v2.0/extensions/qos HTTP/1.1" status: 200 len: 365 time: 0.0051968
2026-04-10 15:06:56.250 10 INFO neutron.wsgi [None req-d9e50640-be53-4e4e-8519-3a996a04bb83 e382d57a1dc8476e98df76a84f9e55ef 2cba3e0f0e5b4099934ec10d61cd2668 - - default default] 199.204.45.132 "GET /v2.0/extensions/allowed-address-pairs HTTP/1.1" status: 200 len: 383 time: 0.0069141
2026-04-10 15:06:56.286 10 INFO neutron.wsgi [None req-61486b2f-27ab-4092-b154-e08a6f21d36b e382d57a1dc8476e98df76a84f9e55ef 2cba3e0f0e5b4099934ec10d61cd2668 - - default default] 199.204.45.132 "GET /v2.0/ports/2eedb0c2-5e03-4e5d-9c5b-cccb2ca2ece4 HTTP/1.1" status: 200 len: 1358 time: 0.0313509
2026-04-10 15:06:56.632 10 INFO neutron.db.ovn_revision_numbers_db [None req-e89f18b9-93ac-472f-a6cf-928f5192781e e382d57a1dc8476e98df76a84f9e55ef 2cba3e0f0e5b4099934ec10d61cd2668 - - - -] Successfully bumped revision number for resource 2eedb0c2-5e03-4e5d-9c5b-cccb2ca2ece4 (type: ports) to 6
2026-04-10 15:06:56.641 10 INFO neutron.wsgi [None req-e89f18b9-93ac-472f-a6cf-928f5192781e e382d57a1dc8476e98df76a84f9e55ef 2cba3e0f0e5b4099934ec10d61cd2668 - - - -] 199.204.45.132 "PUT /v2.0/ports/2eedb0c2-5e03-4e5d-9c5b-cccb2ca2ece4 HTTP/1.1" status: 200 len: 1154 time: 0.3487251 /var/lib/openstack/lib/python3.10/site-packages/pycadf/identifier.py:71: UserWarning: Invalid uuid: neutron. To ensure interoperability, identifiers should be a valid uuid. warnings.warn(('Invalid uuid: %s. To ensure interoperability, '
2026-04-10 15:06:56.692 10 INFO neutron.notifiers.nova [-] Nova event matching ['req-6597d888-a584-42a9-b30b-82e8eadfcbcf'] response: {'name': 'network-changed', 'server_uuid': '4df45dd0-4b13-4127-8b76-2d258f87dbd6', 'tag': '2eedb0c2-5e03-4e5d-9c5b-cccb2ca2ece4', 'status': 'completed', 'code': 200}
2026-04-10 15:06:56.723 10 INFO neutron.wsgi [None req-c95dd4d2-f0c1-4c05-9c42-bfafbcbcd669 e382d57a1dc8476e98df76a84f9e55ef 2cba3e0f0e5b4099934ec10d61cd2668 - - default default] 199.204.45.132 "GET /v2.0/networks/c4000211-d446-457e-94b1-030b7aeef528 HTTP/1.1" status: 200 len: 1000 time: 0.0753241
2026-04-10 15:06:56.771 10 INFO neutron.wsgi [req-d4964f34-6fbb-4497-8896-7d5e4432f608 req-c7813c3c-8c09-4192-b9e1-290991f45275 5f5eaa5b8b5b47518a420b0611bcc752 a776d20284c64aff9ed08d1326d110cc - - a72e8f6bda1a45148bc0c7161d785101 a72e8f6bda1a45148bc0c7161d785101] 199.204.45.132 "GET /v2.0/ports?tenant_id=2cba3e0f0e5b4099934ec10d61cd2668&device_id=4df45dd0-4b13-4127-8b76-2d258f87dbd6 HTTP/1.1" status: 200 len: 4753 time: 0.0662403
2026-04-10 15:06:56.779 10 INFO neutron.wsgi [None req-4d31e14a-053d-4b14-a7d1-46c937ad22fc e382d57a1dc8476e98df76a84f9e55ef 2cba3e0f0e5b4099934ec10d61cd2668 - - default default] 199.204.45.132 "GET /v2.0/ports?device_id=4df45dd0-4b13-4127-8b76-2d258f87dbd6 HTTP/1.1" status: 200 len: 4753 time: 0.0485463
2026-04-10 15:06:56.836 10 INFO neutron.wsgi [req-d4964f34-6fbb-4497-8896-7d5e4432f608 req-0b911829-aaf5-40ce-b277-f4cddd909dfa 5f5eaa5b8b5b47518a420b0611bcc752 a776d20284c64aff9ed08d1326d110cc - - a72e8f6bda1a45148bc0c7161d785101 a72e8f6bda1a45148bc0c7161d785101] 199.204.45.132 "GET /v2.0/networks?id=c4000211-d446-457e-94b1-030b7aeef528 HTTP/1.1" status: 200 len: 1003 time: 0.0563192
2026-04-10 15:06:57.171 10 INFO neutron.plugins.ml2.drivers.ovn.mech_driver.mech_driver [None req-7db40a3b-b51b-47c6-86fc-78675a44e990 - - - - - -] OVN reports status down for port: 2eedb0c2-5e03-4e5d-9c5b-cccb2ca2ece4
2026-04-10 15:06:57.176 10 INFO neutron.wsgi [None req-64002e31-4aa7-45bb-8c90-4e1332a85fbf e382d57a1dc8476e98df76a84f9e55ef 2cba3e0f0e5b4099934ec10d61cd2668 - - default default] 199.204.45.132 "GET /v2.0/ports?device_id=4df45dd0-4b13-4127-8b76-2d258f87dbd6 HTTP/1.1" status: 200 len: 4753 time: 0.3227139
2026-04-10 15:06:57.200 10 INFO neutron.wsgi [req-d4964f34-6fbb-4497-8896-7d5e4432f608 req-db2267e9-c05e-4771-836c-8e2477d4c0c9 5f5eaa5b8b5b47518a420b0611bcc752 a776d20284c64aff9ed08d1326d110cc - - a72e8f6bda1a45148bc0c7161d785101 a72e8f6bda1a45148bc0c7161d785101] 199.204.45.132 "GET /v2.0/networks/c4000211-d446-457e-94b1-030b7aeef528?fields=segments HTTP/1.1" status: 200 len: 212 time: 0.3557863
2026-04-10 15:06:57.207 9 INFO neutron.wsgi [req-d508c262-bd1f-47e9-9397-b550ccc22060 req-2faea2bd-45f7-4704-b165-aad4af12692a 5f5eaa5b8b5b47518a420b0611bcc752 a776d20284c64aff9ed08d1326d110cc - - a72e8f6bda1a45148bc0c7161d785101 a72e8f6bda1a45148bc0c7161d785101] 199.204.45.132 "GET /v2.0/ports/2eedb0c2-5e03-4e5d-9c5b-cccb2ca2ece4 HTTP/1.1" status: 200 len: 1182 time: 0.0343320
2026-04-10 15:06:57.292 10 INFO neutron.wsgi [req-d4964f34-6fbb-4497-8896-7d5e4432f608 req-d3529e8b-41bc-4ba8-acd9-b9c769cf3ef7 5f5eaa5b8b5b47518a420b0611bcc752 a776d20284c64aff9ed08d1326d110cc - - a72e8f6bda1a45148bc0c7161d785101 a72e8f6bda1a45148bc0c7161d785101] 199.204.45.132 "GET /v2.0/networks/c4000211-d446-457e-94b1-030b7aeef528?fields=provider%3Aphysical_network&fields=provider%3Anetwork_type HTTP/1.1" status: 200 len: 277 time: 0.0798700
2026-04-10 15:06:57.416 10 INFO neutron.db.ovn_revision_numbers_db [None req-7db40a3b-b51b-47c6-86fc-78675a44e990 - - - - - -] Successfully bumped revision number for resource 2eedb0c2-5e03-4e5d-9c5b-cccb2ca2ece4 (type: ports) to 7
2026-04-10 15:06:57.469 9 INFO neutron.wsgi [None req-88be57da-0c83-444a-a958-38dbbf389ae8 e382d57a1dc8476e98df76a84f9e55ef 2cba3e0f0e5b4099934ec10d61cd2668 - - - -] 199.204.45.132 "DELETE /v2.0/ports/2eedb0c2-5e03-4e5d-9c5b-cccb2ca2ece4 HTTP/1.1" status: 204 len: 173 time: 0.2563293
2026-04-10 15:06:57.504 9 INFO neutron.notifiers.nova [-] Nova event matching ['req-bf690d32-d413-4a33-b31d-964e39831a78'] response: {'server_uuid': '4df45dd0-4b13-4127-8b76-2d258f87dbd6', 'name': 'network-vif-deleted', 'tag': '2eedb0c2-5e03-4e5d-9c5b-cccb2ca2ece4', 'status': 'completed', 'code': 200}
2026-04-10 15:06:57.584 9 INFO neutron.wsgi [req-d508c262-bd1f-47e9-9397-b550ccc22060 req-e4ee08ae-2884-4ef9-b381-b5df83a54934 5f5eaa5b8b5b47518a420b0611bcc752 a776d20284c64aff9ed08d1326d110cc - - a72e8f6bda1a45148bc0c7161d785101 a72e8f6bda1a45148bc0c7161d785101] 199.204.45.132 "GET /v2.0/ports?tenant_id=2cba3e0f0e5b4099934ec10d61cd2668&device_id=4df45dd0-4b13-4127-8b76-2d258f87dbd6 HTTP/1.1" status: 200 len: 3778 time: 0.0584884
2026-04-10 15:06:57.670 9 INFO neutron.wsgi [req-d508c262-bd1f-47e9-9397-b550ccc22060 req-6b4d6ce3-6228-4b02-ae2a-1b4679b9616e 5f5eaa5b8b5b47518a420b0611bcc752 a776d20284c64aff9ed08d1326d110cc - - a72e8f6bda1a45148bc0c7161d785101 a72e8f6bda1a45148bc0c7161d785101] 199.204.45.132 "GET /v2.0/networks?id=27ac7115-49dd-49b9-ba33-253663bc47b8&id=2249a769-66bd-4c62-80de-1f985ec64204&id=b1279347-e0e1-4906-b81d-77cf3d6d2ff0&id=c4000211-d446-457e-94b1-030b7aeef528 HTTP/1.1" status: 200 len: 3309 time: 0.0748334
2026-04-10 15:06:57.707 9 INFO neutron.wsgi [req-d508c262-bd1f-47e9-9397-b550ccc22060 req-3cbf0b3b-713e-4bf2-b8a3-1b0639b37db0 5f5eaa5b8b5b47518a420b0611bcc752 a776d20284c64aff9ed08d1326d110cc - - a72e8f6bda1a45148bc0c7161d785101 a72e8f6bda1a45148bc0c7161d785101] 199.204.45.132 "GET /v2.0/floatingips?fixed_ip_address=172.24.2.151&port_id=8cb033e2-bb09-4989-8f12-e66eb51e2e16 HTTP/1.1" status: 200 len: 217 time: 0.0319731
2026-04-10 15:06:57.753 9 INFO neutron.wsgi [req-d508c262-bd1f-47e9-9397-b550ccc22060 req-c0696037-01d4-4613-b5bb-0fca0a4651c1 5f5eaa5b8b5b47518a420b0611bcc752 a776d20284c64aff9ed08d1326d110cc - - a72e8f6bda1a45148bc0c7161d785101 a72e8f6bda1a45148bc0c7161d785101] 199.204.45.132 "GET /v2.0/subnets?id=be036e5f-894a-4358-9fe5-c3c9ffb25e9a HTTP/1.1" status: 200 len: 829 time: 0.0392439
2026-04-10 15:06:57.799 9 INFO neutron.wsgi [req-d508c262-bd1f-47e9-9397-b550ccc22060 req-6445a255-1c97-4257-a484-4f7efb284a31 5f5eaa5b8b5b47518a420b0611bcc752 a776d20284c64aff9ed08d1326d110cc - - a72e8f6bda1a45148bc0c7161d785101 a72e8f6bda1a45148bc0c7161d785101] 199.204.45.132 "GET /v2.0/ports?network_id=27ac7115-49dd-49b9-ba33-253663bc47b8&device_owner=network%3Adhcp HTTP/1.1" status: 200 len: 210 time: 0.0377510
2026-04-10 15:06:57.879 9 INFO neutron.wsgi [req-d508c262-bd1f-47e9-9397-b550ccc22060 req-eadf7510-aad8-443a-a726-0a100730c308 5f5eaa5b8b5b47518a420b0611bcc752 a776d20284c64aff9ed08d1326d110cc - - a72e8f6bda1a45148bc0c7161d785101 a72e8f6bda1a45148bc0c7161d785101] 199.204.45.132 "GET /v2.0/networks/27ac7115-49dd-49b9-ba33-253663bc47b8?fields=segments HTTP/1.1" status: 200 len: 212 time: 0.0726669
2026-04-10 15:06:57.966 9 INFO neutron.wsgi [req-d508c262-bd1f-47e9-9397-b550ccc22060 req-6a515808-9d58-45ae-9687-6719aadd8b80 5f5eaa5b8b5b47518a420b0611bcc752 a776d20284c64aff9ed08d1326d110cc - - a72e8f6bda1a45148bc0c7161d785101 a72e8f6bda1a45148bc0c7161d785101] 199.204.45.132 "GET /v2.0/networks/27ac7115-49dd-49b9-ba33-253663bc47b8?fields=provider%3Aphysical_network&fields=provider%3Anetwork_type HTTP/1.1" status: 200 len: 277 time: 0.0807319
2026-04-10 15:06:58.005 9 INFO neutron.wsgi [req-d508c262-bd1f-47e9-9397-b550ccc22060 req-f66f9d2c-0acb-4390-9ce2-2b2b7f9bd483 5f5eaa5b8b5b47518a420b0611bcc752 a776d20284c64aff9ed08d1326d110cc - - a72e8f6bda1a45148bc0c7161d785101 a72e8f6bda1a45148bc0c7161d785101] 199.204.45.132 "GET /v2.0/floatingips?fixed_ip_address=10.1.1.148&port_id=a6f7a038-005a-409a-95e8-667090f9954a HTTP/1.1" status: 200 len: 217 time: 0.0329480
2026-04-10 15:06:58.039 9 INFO neutron.wsgi [req-d508c262-bd1f-47e9-9397-b550ccc22060 req-834e7bee-a5b7-4271-8ac6-b0322b106b2e 5f5eaa5b8b5b47518a420b0611bcc752 a776d20284c64aff9ed08d1326d110cc - - a72e8f6bda1a45148bc0c7161d785101 a72e8f6bda1a45148bc0c7161d785101] 199.204.45.132 "GET /v2.0/subnets?id=1019e215-5f80-4ab5-aa40-c6897d7bbed0 HTTP/1.1" status: 200 len: 854 time: 0.0278690
2026-04-10 15:06:58.069 9 INFO neutron.wsgi [req-d508c262-bd1f-47e9-9397-b550ccc22060 req-4bdb8d17-999f-4925-a290-92148dbd3894 5f5eaa5b8b5b47518a420b0611bcc752 a776d20284c64aff9ed08d1326d110cc - - a72e8f6bda1a45148bc0c7161d785101 a72e8f6bda1a45148bc0c7161d785101] 199.204.45.132 "GET /v2.0/ports?network_id=2249a769-66bd-4c62-80de-1f985ec64204&device_owner=network%3Adhcp HTTP/1.1" status: 200 len: 210 time: 0.0212266
2026-04-10 15:06:58.135 9 INFO neutron.wsgi [req-d508c262-bd1f-47e9-9397-b550ccc22060 req-20459c39-1946-451a-8010-c324cc2c6cc0 5f5eaa5b8b5b47518a420b0611bcc752 a776d20284c64aff9ed08d1326d110cc - - a72e8f6bda1a45148bc0c7161d785101 a72e8f6bda1a45148bc0c7161d785101] 199.204.45.132 "GET /v2.0/networks/2249a769-66bd-4c62-80de-1f985ec64204?fields=segments HTTP/1.1" status: 200 len: 212 time: 0.0577109
2026-04-10 15:06:58.219 10 INFO neutron.wsgi [None req-aaabd76d-ee1f-48a9-8dd3-ff9dae0f569f e382d57a1dc8476e98df76a84f9e55ef 2cba3e0f0e5b4099934ec10d61cd2668 - - default default] 199.204.45.132 "GET /v2.0/ports?device_id=4df45dd0-4b13-4127-8b76-2d258f87dbd6 HTTP/1.1" status: 200 len: 3778 time: 0.0354993
2026-04-10 15:06:58.225 9 INFO neutron.wsgi [req-d508c262-bd1f-47e9-9397-b550ccc22060 req-9b3015fa-33fd-4227-9ae9-81eead29bac1 5f5eaa5b8b5b47518a420b0611bcc752 a776d20284c64aff9ed08d1326d110cc - - a72e8f6bda1a45148bc0c7161d785101 a72e8f6bda1a45148bc0c7161d785101] 199.204.45.132 "GET /v2.0/networks/2249a769-66bd-4c62-80de-1f985ec64204?fields=provider%3Aphysical_network&fields=provider%3Anetwork_type HTTP/1.1" status: 200 len: 277 time: 0.0829284
2026-04-10 15:06:58.241 10 INFO neutron.pecan_wsgi.hooks.translation [None req-4fc38970-1e13-4bfb-ae80-6cd70b28a0ba e382d57a1dc8476e98df76a84f9e55ef 2cba3e0f0e5b4099934ec10d61cd2668 - - - -] DELETE failed (client error): The resource could not be found.
2026-04-10 15:06:58.244 10 INFO neutron.wsgi [None req-4fc38970-1e13-4bfb-ae80-6cd70b28a0ba e382d57a1dc8476e98df76a84f9e55ef 2cba3e0f0e5b4099934ec10d61cd2668 - - - -] 199.204.45.132 "DELETE /v2.0/ports/2eedb0c2-5e03-4e5d-9c5b-cccb2ca2ece4 HTTP/1.1" status: 404 len: 338 time: 0.0188019
2026-04-10 15:06:58.266 9 INFO neutron.wsgi [req-d508c262-bd1f-47e9-9397-b550ccc22060 req-fd44d614-1edf-45eb-9bd0-beafa5a6cebe 5f5eaa5b8b5b47518a420b0611bcc752 a776d20284c64aff9ed08d1326d110cc - - a72e8f6bda1a45148bc0c7161d785101 a72e8f6bda1a45148bc0c7161d785101] 199.204.45.132 "GET /v2.0/floatingips?fixed_ip_address=10.2.1.82&port_id=4996a97b-4955-4de2-8a8c-988343f0ce48 HTTP/1.1" status: 200 len: 217 time: 0.0317438
2026-04-10 15:06:58.309 9 INFO neutron.wsgi [req-d508c262-bd1f-47e9-9397-b550ccc22060 req-2b2686e1-5b69-4f62-8d42-65f945f0dff3 5f5eaa5b8b5b47518a420b0611bcc752 a776d20284c64aff9ed08d1326d110cc - - a72e8f6bda1a45148bc0c7161d785101 a72e8f6bda1a45148bc0c7161d785101] 199.204.45.132 "GET /v2.0/subnets?id=e51dcfae-4ee8-4df0-adc6-908eef817a17 HTTP/1.1" status: 200 len: 851 time: 0.0366776
2026-04-10 15:06:58.330 10 INFO neutron.wsgi [None req-32c1145f-5fc7-41f6-8f05-00af8d7954df e382d57a1dc8476e98df76a84f9e55ef 2cba3e0f0e5b4099934ec10d61cd2668 - - default default] 199.204.45.132 "GET /v2.0/extensions/security-group HTTP/1.1" status: 200 len: 369 time: 0.0086520
2026-04-10 15:06:58.339 10 INFO neutron.wsgi [None req-d0aad52a-6440-4786-976a-6ea30b8d4a3e e382d57a1dc8476e98df76a84f9e55ef 2cba3e0f0e5b4099934ec10d61cd2668 - - default default] 199.204.45.132 "GET /v2.0/extensions/dns-integration HTTP/1.1" status: 200 len: 371 time: 0.0053489
2026-04-10 15:06:58.345 9 INFO neutron.wsgi [req-d508c262-bd1f-47e9-9397-b550ccc22060 req-a1e29880-fde2-4265-be24-12849fb06b5b 5f5eaa5b8b5b47518a420b0611bcc752 a776d20284c64aff9ed08d1326d110cc - - a72e8f6bda1a45148bc0c7161d785101 a72e8f6bda1a45148bc0c7161d785101] 199.204.45.132 "GET /v2.0/ports?network_id=b1279347-e0e1-4906-b81d-77cf3d6d2ff0&device_owner=network%3Adhcp HTTP/1.1" status: 200 len: 210 time: 0.0309818
2026-04-10 15:06:58.347 10 INFO neutron.wsgi [None req-e999078e-a6d0-4708-a516-ee07fe996b50 e382d57a1dc8476e98df76a84f9e55ef 2cba3e0f0e5b4099934ec10d61cd2668 - - default default] 199.204.45.132 "GET /v2.0/extensions/qos HTTP/1.1" status: 200 len: 365 time: 0.0047379
2026-04-10 15:06:58.357 10 INFO neutron.wsgi [None req-b55f1bc7-0357-4a19-9926-4b301bb8076a e382d57a1dc8476e98df76a84f9e55ef 2cba3e0f0e5b4099934ec10d61cd2668 - - default default] 199.204.45.132 "GET /v2.0/extensions/allowed-address-pairs HTTP/1.1" status: 200 len: 383 time: 0.0051062
2026-04-10 15:06:58.403 10 INFO neutron.wsgi [None req-080b638f-5840-436b-bef8-b848781675e5 e382d57a1dc8476e98df76a84f9e55ef 2cba3e0f0e5b4099934ec10d61cd2668 - - default default] 199.204.45.132 "GET /v2.0/subnets/1019e215-5f80-4ab5-aa40-c6897d7bbed0 HTTP/1.1" status: 200 len: 851 time: 0.0403607
2026-04-10 15:06:58.418 9 INFO neutron.wsgi [req-d508c262-bd1f-47e9-9397-b550ccc22060 req-3033cbe8-4ff6-4cec-93be-259589417af1 5f5eaa5b8b5b47518a420b0611bcc752 a776d20284c64aff9ed08d1326d110cc - - a72e8f6bda1a45148bc0c7161d785101 a72e8f6bda1a45148bc0c7161d785101] 199.204.45.132 "GET /v2.0/networks/b1279347-e0e1-4906-b81d-77cf3d6d2ff0?fields=segments HTTP/1.1" status: 200 len: 212 time: 0.0635855
2026-04-10 15:06:58.441 10 INFO neutron.wsgi [None req-db576c5e-3dc0-48c0-8aa5-dfa7f688ce4c e382d57a1dc8476e98df76a84f9e55ef 2cba3e0f0e5b4099934ec10d61cd2668 - - default default] 199.204.45.132 "GET /v2.0/ports/b658b617-827b-4e0a-9219-734ec8c68148 HTTP/1.1" status: 200 len: 1340 time: 0.0325336
2026-04-10 15:06:58.472 10 INFO neutron.wsgi [None req-edfe9284-1ce4-40a0-b063-0b515930fd19 e382d57a1dc8476e98df76a84f9e55ef 2cba3e0f0e5b4099934ec10d61cd2668 - - default default] 199.204.45.132 "GET /v2.0/ports/a6f7a038-005a-409a-95e8-667090f9954a HTTP/1.1" status: 200 len: 1471 time: 0.0255923
2026-04-10 15:06:58.480 9 INFO neutron.wsgi [req-d508c262-bd1f-47e9-9397-b550ccc22060 req-dc0a9b58-cae1-47ce-953f-f07638cfd693 5f5eaa5b8b5b47518a420b0611bcc752 a776d20284c64aff9ed08d1326d110cc - - a72e8f6bda1a45148bc0c7161d785101 a72e8f6bda1a45148bc0c7161d785101] 199.204.45.132 "GET /v2.0/networks/b1279347-e0e1-4906-b81d-77cf3d6d2ff0?fields=provider%3Aphysical_network&fields=provider%3Anetwork_type HTTP/1.1" status: 200 len: 277 time: 0.0563564
2026-04-10 15:06:58.512 10 INFO neutron.wsgi [None req-32380385-01bc-4890-8246-92d25a743ebd e382d57a1dc8476e98df76a84f9e55ef 2cba3e0f0e5b4099934ec10d61cd2668 - - default default] 199.204.45.132 "GET /v2.0/subnets/1019e215-5f80-4ab5-aa40-c6897d7bbed0 HTTP/1.1" status: 200 len: 851 time: 0.0329654
2026-04-10 15:06:58.570 10 INFO neutron.wsgi [None req-f150897f-5a29-4a21-bb94-e2ebfdcb1098 e382d57a1dc8476e98df76a84f9e55ef 2cba3e0f0e5b4099934ec10d61cd2668 - - default default] 199.204.45.132 "GET /v2.0/networks/2249a769-66bd-4c62-80de-1f985ec64204 HTTP/1.1" status: 200 len: 1001 time: 0.0501387
2026-04-10 15:06:58.601 10 INFO neutron.wsgi [None req-3f1066fc-be00-47e5-b97f-bfb8ace2effc e382d57a1dc8476e98df76a84f9e55ef 2cba3e0f0e5b4099934ec10d61cd2668 - - default default] 199.204.45.132 "GET /v2.0/ports/b658b617-827b-4e0a-9219-734ec8c68148 HTTP/1.1" status: 200 len: 1340 time: 0.0236597
2026-04-10 15:06:58.639 10 INFO neutron.wsgi [None req-489410cf-e5fa-42ba-a2d2-b801e379f682 e382d57a1dc8476e98df76a84f9e55ef 2cba3e0f0e5b4099934ec10d61cd2668 - - default default] 199.204.45.132 "GET /v2.0/subnets/1019e215-5f80-4ab5-aa40-c6897d7bbed0 HTTP/1.1" status: 200 len: 851 time: 0.0307155
2026-04-10 15:06:58.727 10 INFO neutron.notifiers.nova [-] Nova event matching ['req-b275f93c-acf8-4d6f-aafa-06e4438cf04f'] response: {'server_uuid': '4df45dd0-4b13-4127-8b76-2d258f87dbd6', 'name': 'network-vif-unplugged', 'status': 'completed', 'tag': '2eedb0c2-5e03-4e5d-9c5b-cccb2ca2ece4', 'code': 200}
2026-04-10 15:06:58.727 10 INFO neutron.notifiers.nova [-] Nova event matching ['req-b275f93c-acf8-4d6f-aafa-06e4438cf04f'] response: {'server_uuid': '4df45dd0-4b13-4127-8b76-2d258f87dbd6', 'name': 'network-vif-plugged', 'status': 'completed', 'tag': '2eedb0c2-5e03-4e5d-9c5b-cccb2ca2ece4', 'code': 200}
2026-04-10 15:07:01.592 9 INFO neutron.wsgi [None req-0131ca21-cf20-4291-8e07-021d5d34142d e382d57a1dc8476e98df76a84f9e55ef 2cba3e0f0e5b4099934ec10d61cd2668 - - default default] 199.204.45.132 "GET /v2.0/extensions/security-group HTTP/1.1" status: 200 len: 369 time: 0.0060875
2026-04-10 15:07:01.599 9 INFO neutron.wsgi [None req-49f47be0-f285-4219-add9-7b22bb68a4bb e382d57a1dc8476e98df76a84f9e55ef 2cba3e0f0e5b4099934ec10d61cd2668 - - default default] 199.204.45.132 "GET /v2.0/extensions/dns-integration HTTP/1.1" status: 200 len: 371 time: 0.0041814
2026-04-10 15:07:01.608 9 INFO neutron.wsgi [None req-657bbb90-9373-4aa3-a78d-ff24a66707f2 e382d57a1dc8476e98df76a84f9e55ef 2cba3e0f0e5b4099934ec10d61cd2668 - - default default] 199.204.45.132 "GET /v2.0/extensions/qos HTTP/1.1" status: 200 len: 365 time: 0.0051067
2026-04-10 15:07:01.621 9 INFO neutron.wsgi [None req-198912b7-56d3-4a1c-aad6-3424a1324e8b e382d57a1dc8476e98df76a84f9e55ef 2cba3e0f0e5b4099934ec10d61cd2668 - - default default] 199.204.45.132 "GET /v2.0/extensions/allowed-address-pairs HTTP/1.1" status: 200 len: 383 time: 0.0087724
2026-04-10 15:07:01.667 9 INFO neutron.wsgi [None req-e8c3f963-97a5-436d-a135-2c34cf9222af e382d57a1dc8476e98df76a84f9e55ef 2cba3e0f0e5b4099934ec10d61cd2668 - - default default] 199.204.45.132 "GET /v2.0/ports?device_id=4df45dd0-4b13-4127-8b76-2d258f87dbd6 HTTP/1.1" status: 200 len: 3778 time: 0.0372036
2026-04-10 15:07:01.817 9 INFO neutron.wsgi [None req-3bfc57bc-5f2d-4238-a0ca-5e71a62b66ab e382d57a1dc8476e98df76a84f9e55ef 2cba3e0f0e5b4099934ec10d61cd2668 - - default default] 199.204.45.132 "GET /v2.0/extensions/security-group HTTP/1.1" status: 200 len: 369 time: 0.0076821
2026-04-10 15:07:01.826 9 INFO neutron.wsgi [None req-92212786-cd88-4351-ba29-16885b1d4b8b e382d57a1dc8476e98df76a84f9e55ef 2cba3e0f0e5b4099934ec10d61cd2668 - - default default] 199.204.45.132 "GET /v2.0/extensions/dns-integration HTTP/1.1" status: 200 len: 371 time: 0.0047507
2026-04-10 15:07:01.834 9 INFO neutron.wsgi [None req-9dcae590-ff5f-4844-823c-6850170e35c3 e382d57a1dc8476e98df76a84f9e55ef 2cba3e0f0e5b4099934ec10d61cd2668 - - default default] 199.204.45.132 "GET /v2.0/extensions/qos HTTP/1.1" status: 200 len: 365 time: 0.0039573
2026-04-10 15:07:01.843 9 INFO neutron.wsgi [None req-b7e7c2c6-4490-42e2-b3ca-096692e0c3bb e382d57a1dc8476e98df76a84f9e55ef 2cba3e0f0e5b4099934ec10d61cd2668 - - default default] 199.204.45.132 "GET /v2.0/extensions/allowed-address-pairs HTTP/1.1" status: 200 len: 383 time: 0.0044160
2026-04-10 15:07:01.893 9 INFO neutron.wsgi [None req-15d49bd7-a99a-458f-9beb-d1c65c06c3ef e382d57a1dc8476e98df76a84f9e55ef 2cba3e0f0e5b4099934ec10d61cd2668 - - default default] 199.204.45.132 "GET /v2.0/ports/4996a97b-4955-4de2-8a8c-988343f0ce48 HTTP/1.1" status: 200 len: 1354 time: 0.0439658
2026-04-10 15:07:01.976 9 INFO neutron.wsgi [-] 10.0.0.106 "GET / HTTP/1.1" status: 200 len: 247 time: 0.0012853
2026-04-10 15:07:01.977 9 INFO neutron.wsgi [-] 10.0.0.106 "GET / HTTP/1.1" status: 200 len: 247 time: 0.0009363
2026-04-10 15:07:02.258 9 INFO neutron.db.ovn_revision_numbers_db [None req-b176055a-5297-4b2d-8807-357de0c955b6 e382d57a1dc8476e98df76a84f9e55ef 2cba3e0f0e5b4099934ec10d61cd2668 - - - -] Successfully bumped revision number for resource 4996a97b-4955-4de2-8a8c-988343f0ce48 (type: ports) to 6
2026-04-10 15:07:02.267 9 INFO neutron.wsgi [None req-b176055a-5297-4b2d-8807-357de0c955b6 e382d57a1dc8476e98df76a84f9e55ef 2cba3e0f0e5b4099934ec10d61cd2668 - - - -] 199.204.45.132 "PUT /v2.0/ports/4996a97b-4955-4de2-8a8c-988343f0ce48 HTTP/1.1" status: 200 len: 1154 time: 0.3688164 /var/lib/openstack/lib/python3.10/site-packages/pycadf/identifier.py:71: UserWarning: Invalid uuid: neutron. To ensure interoperability, identifiers should be a valid uuid. warnings.warn(('Invalid uuid: %s. To ensure interoperability, '
2026-04-10 15:07:02.315 9 INFO neutron.notifiers.nova [-] Nova event matching ['req-5d9fbbea-0ea7-4838-9843-dbdd990234bb'] response: {'name': 'network-changed', 'server_uuid': '4df45dd0-4b13-4127-8b76-2d258f87dbd6', 'tag': '4996a97b-4955-4de2-8a8c-988343f0ce48', 'status': 'completed', 'code': 200}
2026-04-10 15:07:02.339 9 INFO neutron.wsgi [None req-64be890d-141a-41da-b06d-a7c99c493c60 e382d57a1dc8476e98df76a84f9e55ef 2cba3e0f0e5b4099934ec10d61cd2668 - - default default] 199.204.45.132 "GET /v2.0/networks/b1279347-e0e1-4906-b81d-77cf3d6d2ff0 HTTP/1.1" status: 200 len: 1000 time: 0.0650482
2026-04-10 15:07:02.369 9 INFO neutron.wsgi [req-214a6630-4ccd-445e-bba0-fd1474a4c338 req-3edbf971-84e2-4863-bc56-bc10b711d70f 5f5eaa5b8b5b47518a420b0611bcc752 a776d20284c64aff9ed08d1326d110cc - - a72e8f6bda1a45148bc0c7161d785101 a72e8f6bda1a45148bc0c7161d785101] 199.204.45.132 "GET /v2.0/ports?tenant_id=2cba3e0f0e5b4099934ec10d61cd2668&device_id=4df45dd0-4b13-4127-8b76-2d258f87dbd6 HTTP/1.1" status: 200 len: 3607 time: 0.0410235
2026-04-10 15:07:02.377 9 INFO neutron.wsgi [None req-f8975190-38d8-4ddb-b6fd-d0d7220a613b e382d57a1dc8476e98df76a84f9e55ef 2cba3e0f0e5b4099934ec10d61cd2668 - - default default] 199.204.45.132 "GET /v2.0/ports?device_id=4df45dd0-4b13-4127-8b76-2d258f87dbd6 HTTP/1.1" status: 200 len: 3607 time: 0.0289338
2026-04-10 15:07:02.432 9 INFO neutron.wsgi [req-214a6630-4ccd-445e-bba0-fd1474a4c338 req-37233bd8-c334-43ea-b3ea-83f73c263a28 5f5eaa5b8b5b47518a420b0611bcc752 a776d20284c64aff9ed08d1326d110cc - - a72e8f6bda1a45148bc0c7161d785101 a72e8f6bda1a45148bc0c7161d785101] 199.204.45.132 "GET /v2.0/networks?id=b1279347-e0e1-4906-b81d-77cf3d6d2ff0 HTTP/1.1" status: 200 len: 1003 time: 0.0548685
2026-04-10 15:07:02.483 9 INFO neutron.wsgi [None req-67287bce-a45d-4615-8863-e972927bc7ae e382d57a1dc8476e98df76a84f9e55ef 2cba3e0f0e5b4099934ec10d61cd2668 - - default default] 199.204.45.132 "GET /v2.0/ports?device_id=4df45dd0-4b13-4127-8b76-2d258f87dbd6 HTTP/1.1" status: 200 len: 3607 time: 0.0462346
2026-04-10 15:07:02.514 9 INFO neutron.wsgi [req-214a6630-4ccd-445e-bba0-fd1474a4c338 req-402925a9-2ccb-4812-bf91-bc68165ab13c 5f5eaa5b8b5b47518a420b0611bcc752 a776d20284c64aff9ed08d1326d110cc - - a72e8f6bda1a45148bc0c7161d785101 a72e8f6bda1a45148bc0c7161d785101] 199.204.45.132 "GET /v2.0/networks/b1279347-e0e1-4906-b81d-77cf3d6d2ff0?fields=segments HTTP/1.1" status: 200 len: 212 time: 0.0763023
2026-04-10 15:07:02.571 9 INFO neutron.wsgi [req-214a6630-4ccd-445e-bba0-fd1474a4c338 req-6a0f35e3-c3f8-44e2-8d0f-111b7a0c170e 5f5eaa5b8b5b47518a420b0611bcc752 a776d20284c64aff9ed08d1326d110cc - - a72e8f6bda1a45148bc0c7161d785101 a72e8f6bda1a45148bc0c7161d785101] 199.204.45.132 "GET /v2.0/networks/b1279347-e0e1-4906-b81d-77cf3d6d2ff0?fields=provider%3Aphysical_network&fields=provider%3Anetwork_type HTTP/1.1" status: 200 len: 277 time: 0.0522356
2026-04-10 15:07:02.736 10 INFO neutron.plugins.ml2.drivers.ovn.mech_driver.mech_driver [None req-7db40a3b-b51b-47c6-86fc-78675a44e990 - - - - - -] OVN reports status down for port: 4996a97b-4955-4de2-8a8c-988343f0ce48
2026-04-10 15:07:02.815 9 INFO neutron.wsgi [req-78f04a7e-83d7-4380-8bd9-c9aa72201ee4 req-a1ad6860-20d5-40cf-bb16-db623d643996 5f5eaa5b8b5b47518a420b0611bcc752 a776d20284c64aff9ed08d1326d110cc - - a72e8f6bda1a45148bc0c7161d785101 a72e8f6bda1a45148bc0c7161d785101] 199.204.45.132 "GET /v2.0/ports/4996a97b-4955-4de2-8a8c-988343f0ce48 HTTP/1.1" status: 200 len: 1182 time: 0.0402038
2026-04-10 15:07:02.898 10 INFO neutron.notifiers.nova [-] Nova event matching ['req-d1b2866f-25bb-4dcd-9bc9-81aeb5cc6e92'] response: {'server_uuid': '4df45dd0-4b13-4127-8b76-2d258f87dbd6', 'name': 'network-vif-unplugged', 'status': 'completed', 'tag': '4996a97b-4955-4de2-8a8c-988343f0ce48', 'code': 200}
2026-04-10 15:07:03.010 10 INFO neutron.db.ovn_revision_numbers_db [None req-7db40a3b-b51b-47c6-86fc-78675a44e990 - - - - - -] Successfully bumped revision number for resource 4996a97b-4955-4de2-8a8c-988343f0ce48 (type: ports) to 7
