2026-04-10 15:02:02.119 9 INFO neutron.db.ovn_revision_numbers_db [None req-fc39dab3-ae56-4bc2-bb11-5bff6d27869a f503fedc488c4d3ebe5f72f0ebc43d8e 4108a0f764cc4a8eb1e3b0a7b34c1875 - - - -] Successfully bumped revision number for resource d5badedb-0e1f-441b-b1d9-c4cf86c9c8f0 (type: networks) to 2
2026-04-10 15:02:02.122 9 INFO neutron.wsgi [None req-fc39dab3-ae56-4bc2-bb11-5bff6d27869a f503fedc488c4d3ebe5f72f0ebc43d8e 4108a0f764cc4a8eb1e3b0a7b34c1875 - - - -] 10.0.0.208 "PUT /v2.0/networks/d5badedb-0e1f-441b-b1d9-c4cf86c9c8f0 HTTP/1.1" status: 200 len: 792 time: 0.1549320
2026-04-10 15:02:02.369 9 WARNING neutron.scheduler.dhcp_agent_scheduler [None req-6174bd5f-f571-4a24-8a7b-6ac057786fee f503fedc488c4d3ebe5f72f0ebc43d8e 4108a0f764cc4a8eb1e3b0a7b34c1875 - - - -] No more DHCP agents
2026-04-10 15:02:02.372 9 WARNING neutron.api.rpc.agentnotifiers.dhcp_rpc_agent_api [None req-6174bd5f-f571-4a24-8a7b-6ac057786fee f503fedc488c4d3ebe5f72f0ebc43d8e 4108a0f764cc4a8eb1e3b0a7b34c1875 - - - -] Unable to schedule network d5badedb-0e1f-441b-b1d9-c4cf86c9c8f0: no agents available; will retry on subsequent port and subnet creation events.
2026-04-10 15:02:02.443 10 INFO neutron.wsgi [None req-59348093-cc84-4dfc-87f3-4ea875c34cb8 69d5cd866e144485803fea7449f41f4c 9699fcc5c19f4519a747bda1331cd129 - - default default] 10.0.0.208 "GET /v2.0/ports/cf80bef8-9612-4b7b-9ad0-83ef07464dd5 HTTP/1.1" status: 200 len: 1147 time: 0.0345533
2026-04-10 15:02:02.521 9 INFO neutron.wsgi [req-9ae14c9b-2223-497e-ad14-3837c09ae013 req-cec448c3-63aa-4173-bfb1-457d43bc104a 7c0f3167286246bc993dbcf493207b84 f91464c4500748e89ae786ad335092d0 - - default default] 10.0.0.190 "GET /v2.0/ports?device_id=e11a8f9a-23f4-413b-b6a6-b9e773c586f7 HTTP/1.1" status: 200 len: 1170 time: 0.1108623
2026-04-10 15:02:02.566 9 INFO neutron.wsgi [req-9ae14c9b-2223-497e-ad14-3837c09ae013 req-e00395b3-8d8f-475c-adf4-55904f2a8232 7c0f3167286246bc993dbcf493207b84 f91464c4500748e89ae786ad335092d0 - - default default] 10.0.0.190 "GET /v2.0/security-groups?id=4789a51b-f0e5-40ff-a87c-7c47c2825834&fields=id&fields=name HTTP/1.1" status: 200 len: 313 time: 0.0354977
2026-04-10 15:02:02.707 10 INFO neutron.wsgi [req-e23f504c-5d2d-4e97-aa90-391ab1b5bc1e req-bf70d4e6-df2c-4c6d-9a24-847cffda40e8 7c0f3167286246bc993dbcf493207b84 f91464c4500748e89ae786ad335092d0 - - default default] 10.0.0.190 "GET /v2.0/ports?device_id=e11a8f9a-23f4-413b-b6a6-b9e773c586f7 HTTP/1.1" status: 200 len: 1170 time: 0.0852273
2026-04-10 15:02:02.754 10 INFO neutron.wsgi [req-e23f504c-5d2d-4e97-aa90-391ab1b5bc1e req-0cd41d03-a51c-4ccf-aca1-e8eaf47a1af3 7c0f3167286246bc993dbcf493207b84 f91464c4500748e89ae786ad335092d0 - - default default] 10.0.0.190 "GET /v2.0/security-groups?id=4789a51b-f0e5-40ff-a87c-7c47c2825834&fields=id&fields=name HTTP/1.1" status: 200 len: 313 time: 0.0386734
2026-04-10 15:02:02.891 9 INFO neutron.db.ovn_revision_numbers_db [None req-6174bd5f-f571-4a24-8a7b-6ac057786fee f503fedc488c4d3ebe5f72f0ebc43d8e 4108a0f764cc4a8eb1e3b0a7b34c1875 - - - -] Successfully bumped revision number for resource 832fc41c-7e74-4f7d-b834-c387070576d6 (type: ports) to 2
2026-04-10 15:02:02.895 9 WARNING neutron.plugins.ml2.drivers.ovn.mech_driver.ovsdb.ovn_client [None req-cea678a5-dc94-4109-a3f7-c8ed0fe94008 - - - - - -] No hosting information found for port d5aa5ca5-7da9-47d5-a105-24809c7a3632: RuntimeError: No hosting information found for port d5aa5ca5-7da9-47d5-a105-24809c7a3632
2026-04-10 15:02:02.896 9 INFO neutron.plugins.ml2.drivers.ovn.mech_driver.mech_driver [None req-cea678a5-dc94-4109-a3f7-c8ed0fe94008 - - - - - -] OVN reports status up for port: cf80bef8-9612-4b7b-9ad0-83ef07464dd5
2026-04-10 15:02:02.903 9 INFO neutron.plugins.ml2.plugin [None req-cea678a5-dc94-4109-a3f7-c8ed0fe94008 - - - - - -] Attempt 1 to provision port cf80bef8-9612-4b7b-9ad0-83ef07464dd5
2026-04-10 15:02:02.930 9 INFO neutron.db.ovn_revision_numbers_db [None req-6174bd5f-f571-4a24-8a7b-6ac057786fee f503fedc488c4d3ebe5f72f0ebc43d8e 4108a0f764cc4a8eb1e3b0a7b34c1875 - - - -] Successfully bumped revision number for resource 63512e2e-1a6c-4ea7-88ef-8d13d1eb46ff (type: subnets) to 0
2026-04-10 15:02:02.994 9 INFO neutron.wsgi [None req-6174bd5f-f571-4a24-8a7b-6ac057786fee f503fedc488c4d3ebe5f72f0ebc43d8e 4108a0f764cc4a8eb1e3b0a7b34c1875 - - - -] 10.0.0.208 "POST /v2.0/subnets HTTP/1.1" status: 201 len: 801 time: 0.8672333
2026-04-10 15:02:03.129 9 INFO neutron.wsgi [req-57f040c9-5f66-425b-bcfa-5a623144bd81 req-43630a5a-c2da-40df-aa1d-d6e3205f3a8f 5f5eaa5b8b5b47518a420b0611bcc752 a776d20284c64aff9ed08d1326d110cc - - a72e8f6bda1a45148bc0c7161d785101 a72e8f6bda1a45148bc0c7161d785101] 199.204.45.132 "GET /v2.0/ports?tenant_id=f91464c4500748e89ae786ad335092d0&device_id=e11a8f9a-23f4-413b-b6a6-b9e773c586f7 HTTP/1.1" status: 200 len: 1361 time: 0.0318065
2026-04-10 15:02:03.135 10 INFO neutron.wsgi [req-13f71641-e197-42d5-a615-214e105f8e8b req-9c4a8c81-ef13-4d5a-b405-82ee604eb468 7c0f3167286246bc993dbcf493207b84 f91464c4500748e89ae786ad335092d0 - - default default] 10.0.0.190 "GET /v2.0/ports?device_id=e11a8f9a-23f4-413b-b6a6-b9e773c586f7 HTTP/1.1" status: 200 len: 1170 time: 0.0715916
2026-04-10 15:02:03.205 10 INFO neutron.wsgi [req-13f71641-e197-42d5-a615-214e105f8e8b req-c3b363f7-e524-4481-884c-a1213b08e0c6 7c0f3167286246bc993dbcf493207b84 f91464c4500748e89ae786ad335092d0 - - default default] 10.0.0.190 "GET /v2.0/security-groups?id=4789a51b-f0e5-40ff-a87c-7c47c2825834&fields=id&fields=name HTTP/1.1" status: 200 len: 313 time: 0.0598047
2026-04-10 15:02:03.225 9 INFO neutron.wsgi [req-57f040c9-5f66-425b-bcfa-5a623144bd81 req-c5fe5c0d-50dc-4ac8-b9d8-6af79e60fce4 5f5eaa5b8b5b47518a420b0611bcc752 a776d20284c64aff9ed08d1326d110cc - - a72e8f6bda1a45148bc0c7161d785101 a72e8f6bda1a45148bc0c7161d785101] 199.204.45.132 "GET /v2.0/networks?id=9b6015f6-63ee-43a3-bc72-d18c4f9d91f0 HTTP/1.1" status: 200 len: 974 time: 0.0889034
2026-04-10 15:02:03.226 9 INFO neutron.db.ovn_revision_numbers_db [None req-cea678a5-dc94-4109-a3f7-c8ed0fe94008 - - - - - -] Successfully bumped revision number for resource cf80bef8-9612-4b7b-9ad0-83ef07464dd5 (type: ports) to 3
2026-04-10 15:02:03.296 9 INFO neutron.wsgi [req-57f040c9-5f66-425b-bcfa-5a623144bd81 req-201961c4-52f8-458f-819c-db72f02436e8 5f5eaa5b8b5b47518a420b0611bcc752 a776d20284c64aff9ed08d1326d110cc - - a72e8f6bda1a45148bc0c7161d785101 a72e8f6bda1a45148bc0c7161d785101] 199.204.45.132 "GET /v2.0/floatingips?fixed_ip_address=10.100.0.5&port_id=394264a0-6808-4e28-bc07-45e3dd86be83 HTTP/1.1" status: 200 len: 1059 time: 0.0627484
2026-04-10 15:02:03.356 9 INFO neutron.wsgi [req-57f040c9-5f66-425b-bcfa-5a623144bd81 req-a0dea4c5-e98c-4842-b11c-15d1c680765b 5f5eaa5b8b5b47518a420b0611bcc752 a776d20284c64aff9ed08d1326d110cc - - a72e8f6bda1a45148bc0c7161d785101 a72e8f6bda1a45148bc0c7161d785101] 199.204.45.132 "GET /v2.0/subnets?id=5ead6f1f-7d0e-40aa-bf2d-a57597a6df84 HTTP/1.1" status: 200 len: 869 time: 0.0515423
2026-04-10 15:02:03.385 9 INFO neutron.wsgi [req-57f040c9-5f66-425b-bcfa-5a623144bd81 req-d20c7e93-5e9b-4640-94ae-9a60430f4e29 5f5eaa5b8b5b47518a420b0611bcc752 a776d20284c64aff9ed08d1326d110cc - - a72e8f6bda1a45148bc0c7161d785101 a72e8f6bda1a45148bc0c7161d785101] 199.204.45.132 "GET /v2.0/ports?network_id=9b6015f6-63ee-43a3-bc72-d18c4f9d91f0&device_owner=network%3Adhcp HTTP/1.1" status: 200 len: 210 time: 0.0228529
2026-04-10 15:02:03.386 9 INFO neutron.db.ovn_revision_numbers_db [None req-cea678a5-dc94-4109-a3f7-c8ed0fe94008 - - - - - -] Successfully bumped revision number for resource cf80bef8-9612-4b7b-9ad0-83ef07464dd5 (type: router_ports) to 3
2026-04-10 15:02:03.390 10 INFO neutron.db.ovn_revision_numbers_db [None req-ca82d255-a3cb-4a4b-855f-30c7dd57132f f503fedc488c4d3ebe5f72f0ebc43d8e 4108a0f764cc4a8eb1e3b0a7b34c1875 - - - -] Successfully bumped revision number for resource 63512e2e-1a6c-4ea7-88ef-8d13d1eb46ff (type: subnets) to 1
2026-04-10 15:02:03.394 10 INFO neutron.wsgi [None req-ca82d255-a3cb-4a4b-855f-30c7dd57132f f503fedc488c4d3ebe5f72f0ebc43d8e 4108a0f764cc4a8eb1e3b0a7b34c1875 - - - -] 10.0.0.208 "PUT /v2.0/subnets/63512e2e-1a6c-4ea7-88ef-8d13d1eb46ff HTTP/1.1" status: 200 len: 806 time: 0.3924704
2026-04-10 15:02:03.476 9 INFO neutron.wsgi [req-57f040c9-5f66-425b-bcfa-5a623144bd81 req-77d2eebc-d4fd-4a75-9edc-07d48c4b4c00 5f5eaa5b8b5b47518a420b0611bcc752 a776d20284c64aff9ed08d1326d110cc - - a72e8f6bda1a45148bc0c7161d785101 a72e8f6bda1a45148bc0c7161d785101] 199.204.45.132 "GET /v2.0/networks/9b6015f6-63ee-43a3-bc72-d18c4f9d91f0?fields=segments HTTP/1.1" status: 200 len: 212 time: 0.0790298
2026-04-10 15:02:03.553 9 INFO neutron.wsgi [None req-ecd01032-ef28-40f9-b8b9-e8ac0ba56e7c 69d5cd866e144485803fea7449f41f4c 9699fcc5c19f4519a747bda1331cd129 - - default default] 10.0.0.208 "GET /v2.0/ports/cf80bef8-9612-4b7b-9ad0-83ef07464dd5 HTTP/1.1" status: 200 len: 1149 time: 0.1032424
2026-04-10 15:02:03.556 9 INFO neutron.wsgi [req-57f040c9-5f66-425b-bcfa-5a623144bd81 req-b1aeb27f-7bd8-43ba-a795-51fb3d71b2f9 5f5eaa5b8b5b47518a420b0611bcc752 a776d20284c64aff9ed08d1326d110cc - - a72e8f6bda1a45148bc0c7161d785101 a72e8f6bda1a45148bc0c7161d785101] 199.204.45.132 "GET /v2.0/networks/9b6015f6-63ee-43a3-bc72-d18c4f9d91f0?fields=provider%3Aphysical_network&fields=provider%3Anetwork_type HTTP/1.1" status: 200 len: 277 time: 0.0711820
2026-04-10 15:02:04.069 10 INFO neutron.services.segments.plugin [-] Segment 6579560f-58ad-4baa-a2d1-924444e437f0 resource provider aggregate not found
2026-04-10 15:02:04.096 10 INFO neutron.services.segments.plugin [-] Segment 6579560f-58ad-4baa-a2d1-924444e437f0 resource provider aggregate not found
2026-04-10 15:02:04.102 10 INFO neutron.services.segments.plugin [-] Segment 6579560f-58ad-4baa-a2d1-924444e437f0 resource provider not found; error: Placement Client Error (4xx): {"errors": [{"status": 404, "title": "Not Found", "detail": "The resource could not be found.\n\n No resource provider with uuid 6579560f-58ad-4baa-a2d1-924444e437f0 found for delete ", "request_id": "req-d81932bb-4362-4d27-a025-f37a41784737"}]}
2026-04-10 15:02:04.121 10 INFO neutron.services.segments.plugin [-] Segment 6579560f-58ad-4baa-a2d1-924444e437f0 resource provider not found; error: Placement Client Error (4xx): {"errors": [{"status": 404, "title": "Not Found", "detail": "The resource could not be found.\n\n No resource provider with uuid 6579560f-58ad-4baa-a2d1-924444e437f0 found for delete ", "request_id": "req-c58d21b0-ea01-4a06-8b6d-7e9944fbc899"}]}
2026-04-10 15:02:04.139 10 INFO neutron.wsgi [None req-696ffd5f-42d9-4fcd-8219-628fe5d377d1 f503fedc488c4d3ebe5f72f0ebc43d8e 4108a0f764cc4a8eb1e3b0a7b34c1875 - - - -] 10.0.0.208 "DELETE /v2.0/networks/d5badedb-0e1f-441b-b1d9-c4cf86c9c8f0 HTTP/1.1" status: 204 len: 168 time: 0.7389157
2026-04-10 15:02:04.176 9 INFO neutron.pecan_wsgi.hooks.translation [None req-e4d8d763-f5c2-4f69-bd76-9adad3308b75 f503fedc488c4d3ebe5f72f0ebc43d8e 4108a0f764cc4a8eb1e3b0a7b34c1875 - - - -] DELETE failed (client error): The resource could not be found.
2026-04-10 15:02:04.179 9 INFO neutron.wsgi [None req-e4d8d763-f5c2-4f69-bd76-9adad3308b75 f503fedc488c4d3ebe5f72f0ebc43d8e 4108a0f764cc4a8eb1e3b0a7b34c1875 - - - -] 10.0.0.208 "DELETE /v2.0/networks/d5badedb-0e1f-441b-b1d9-c4cf86c9c8f0 HTTP/1.1" status: 404 len: 339 time: 0.0310216
2026-04-10 15:02:04.357 9 INFO neutron.wsgi [req-3db88962-48dd-41e4-be71-3f0361a07129 req-ee029edf-e699-447a-b7f9-0e9abe761901 7c0f3167286246bc993dbcf493207b84 f91464c4500748e89ae786ad335092d0 - - default default] 10.0.0.190 "GET /v2.0/ports?device_id=e11a8f9a-23f4-413b-b6a6-b9e773c586f7 HTTP/1.1" status: 200 len: 1170 time: 0.0731571
2026-04-10 15:02:04.362 9 INFO neutron.wsgi [None req-8af86f60-1041-44b9-97eb-8143238773c4 f503fedc488c4d3ebe5f72f0ebc43d8e 4108a0f764cc4a8eb1e3b0a7b34c1875 - - default default] 10.0.0.208 "GET /v2.0/networks?router%3Aexternal=True HTTP/1.1" status: 200 len: 845 time: 0.1744258 /var/lib/openstack/lib/python3.10/site-packages/pycadf/identifier.py:71: UserWarning: Invalid uuid: neutron. To ensure interoperability, identifiers should be a valid uuid. warnings.warn(('Invalid uuid: %s. To ensure interoperability, '
2026-04-10 15:02:04.410 9 INFO neutron.wsgi [None req-4f35e28b-ba24-4f1d-9d1e-6069f0e5be53 69d5cd866e144485803fea7449f41f4c 9699fcc5c19f4519a747bda1331cd129 - - - -] 10.0.0.208 "PUT /v2.0/routers/b58784dc-91f9-4e6e-af62-4bbef854d533/remove_router_interface HTTP/1.1" status: 200 len: 503 time: 0.8526495
2026-04-10 15:02:04.418 10 INFO neutron.wsgi [None req-1140409d-b42d-4f7c-b062-1d4b2f91b69b f503fedc488c4d3ebe5f72f0ebc43d8e 4108a0f764cc4a8eb1e3b0a7b34c1875 - - default default] 10.0.0.208 "GET /v2.0/subnets?network_id=890fb310-6b42-4a79-a46a-55281d1e97d5 HTTP/1.1" status: 200 len: 820 time: 0.0493491
2026-04-10 15:02:04.433 10 INFO neutron.wsgi [None req-2ce67712-1190-468a-a805-bcbcab3d0750 f503fedc488c4d3ebe5f72f0ebc43d8e 4108a0f764cc4a8eb1e3b0a7b34c1875 - - default default] 10.0.0.208 "GET /v2.0/extensions HTTP/1.1" status: 200 len: 16520 time: 0.0083678
2026-04-10 15:02:04.452 9 INFO neutron.wsgi [req-3db88962-48dd-41e4-be71-3f0361a07129 req-24de3dc1-6b40-49bc-bab2-2258dcc1dfee 7c0f3167286246bc993dbcf493207b84 f91464c4500748e89ae786ad335092d0 - - default default] 10.0.0.190 "GET /v2.0/security-groups?id=4789a51b-f0e5-40ff-a87c-7c47c2825834&fields=id&fields=name HTTP/1.1" status: 200 len: 313 time: 0.0656178
2026-04-10 15:02:04.521 9 INFO neutron.wsgi [None req-d20b5e1e-5d93-435c-9447-3ab20a38e2b7 69d5cd866e144485803fea7449f41f4c 9699fcc5c19f4519a747bda1331cd129 - - default default] 10.0.0.208 "GET /v2.0/ports/d5aa5ca5-7da9-47d5-a105-24809c7a3632 HTTP/1.1" status: 200 len: 1141 time: 0.1047487
2026-04-10 15:02:04.533 10 INFO neutron.wsgi [None req-fe445573-11c7-4b89-b960-a1fac5d03f3b f503fedc488c4d3ebe5f72f0ebc43d8e 4108a0f764cc4a8eb1e3b0a7b34c1875 - - default default] 10.0.0.208 "GET /v2.0/networks HTTP/1.1" status: 200 len: 1503 time: 0.0969186
2026-04-10 15:02:04.633 10 INFO neutron.wsgi [None req-76fab3e4-2946-4a90-a9d6-077b2922ef6d f503fedc488c4d3ebe5f72f0ebc43d8e 4108a0f764cc4a8eb1e3b0a7b34c1875 - - default default] 10.0.0.208 "GET /v2.0/subnets HTTP/1.1" status: 200 len: 1428 time: 0.0940235
2026-04-10 15:02:04.703 10 INFO neutron.wsgi [None req-e2bb2fcf-8d87-4979-b7c0-b28b3deb3b2b f503fedc488c4d3ebe5f72f0ebc43d8e 4108a0f764cc4a8eb1e3b0a7b34c1875 - - default default] 10.0.0.208 "GET /v2.0/networks/b6c47a68-a162-4959-b791-d33fe1c4ee0a HTTP/1.1" status: 200 len: 862 time: 0.0638378
2026-04-10 15:02:04.737 10 INFO neutron.wsgi [None req-640a01e7-c7ec-45d8-948c-107c3eb9eaf0 f503fedc488c4d3ebe5f72f0ebc43d8e 4108a0f764cc4a8eb1e3b0a7b34c1875 - - default default] 10.0.0.208 "GET /v2.0/subnets/1f1644a1-85bb-4574-8ef9-90c87b00b211 HTTP/1.1" status: 200 len: 811 time: 0.0279536
2026-04-10 15:02:04.758 10 INFO neutron.pecan_wsgi.hooks.translation [None req-559351bd-c423-4d24-ad36-8d409ea1e3d3 f503fedc488c4d3ebe5f72f0ebc43d8e 4108a0f764cc4a8eb1e3b0a7b34c1875 - - - -] DELETE failed (client error): The resource could not be found.
2026-04-10 15:02:04.760 10 INFO neutron.wsgi [None req-559351bd-c423-4d24-ad36-8d409ea1e3d3 f503fedc488c4d3ebe5f72f0ebc43d8e 4108a0f764cc4a8eb1e3b0a7b34c1875 - - - -] 10.0.0.208 "DELETE /v2.0/subnets/63512e2e-1a6c-4ea7-88ef-8d13d1eb46ff HTTP/1.1" status: 404 len: 337 time: 0.0162485
2026-04-10 15:02:04.775 10 INFO neutron.pecan_wsgi.hooks.translation [None req-cdb9ce33-b16a-4ef6-ad6b-aca88060e0c3 f503fedc488c4d3ebe5f72f0ebc43d8e 4108a0f764cc4a8eb1e3b0a7b34c1875 - - - -] DELETE failed (client error): The resource could not be found.
2026-04-10 15:02:04.778 10 INFO neutron.wsgi [None req-cdb9ce33-b16a-4ef6-ad6b-aca88060e0c3 f503fedc488c4d3ebe5f72f0ebc43d8e 4108a0f764cc4a8eb1e3b0a7b34c1875 - - - -] 10.0.0.208 "DELETE /v2.0/networks/d5badedb-0e1f-441b-b1d9-c4cf86c9c8f0 HTTP/1.1" status: 404 len: 339 time: 0.0130911
2026-04-10 15:02:05.022 10 INFO neutron.wsgi [None req-e10af81f-7c51-4a81-bf32-dae7d80b800b f503fedc488c4d3ebe5f72f0ebc43d8e 4108a0f764cc4a8eb1e3b0a7b34c1875 - - - -] 10.0.0.208 "DELETE /v2.0/subnets/1f1644a1-85bb-4574-8ef9-90c87b00b211 HTTP/1.1" status: 204 len: 168 time: 0.2367101
2026-04-10 15:02:05.553 10 INFO neutron.wsgi [None req-f6a6e89b-a7ea-449e-af31-5891578466d2 f503fedc488c4d3ebe5f72f0ebc43d8e 4108a0f764cc4a8eb1e3b0a7b34c1875 - - - -] 10.0.0.208 "DELETE /v2.0/networks/b6c47a68-a162-4959-b791-d33fe1c4ee0a HTTP/1.1" status: 204 len: 168 time: 0.5231225 /var/lib/openstack/lib/python3.10/site-packages/pycadf/identifier.py:71: UserWarning: Invalid uuid: neutron. To ensure interoperability, identifiers should be a valid uuid. warnings.warn(('Invalid uuid: %s. To ensure interoperability, '
2026-04-10 15:02:05.574 9 INFO neutron.wsgi [None req-464029ae-a36b-4d0f-ae09-0557c27dfba1 69d5cd866e144485803fea7449f41f4c 9699fcc5c19f4519a747bda1331cd129 - - - -] 10.0.0.208 "PUT /v2.0/routers/b58784dc-91f9-4e6e-af62-4bbef854d533/remove_router_interface HTTP/1.1" status: 200 len: 503 time: 1.0465868
2026-04-10 15:02:05.598 10 INFO neutron.wsgi [req-85c1992f-6cce-4a7c-865a-f666f30d5e39 req-13b073ca-e1b9-4faa-ba5d-ffa1af329ac3 7c0f3167286246bc993dbcf493207b84 f91464c4500748e89ae786ad335092d0 - - default default] 10.0.0.190 "GET /v2.0/ports?device_id=e11a8f9a-23f4-413b-b6a6-b9e773c586f7 HTTP/1.1" status: 200 len: 1170 time: 0.0485904
2026-04-10 15:02:05.609 9 INFO neutron.wsgi [None req-a9fef344-56ba-4005-9bca-05da45608990 69d5cd866e144485803fea7449f41f4c 9699fcc5c19f4519a747bda1331cd129 - - default default] 10.0.0.208 "GET /v2.0/ports?device_id=b58784dc-91f9-4e6e-af62-4bbef854d533 HTTP/1.1" status: 200 len: 205 time: 0.0296991
2026-04-10 15:02:05.678 9 INFO neutron.db.ovn_revision_numbers_db [None req-c82c137b-e94a-42a4-9a3b-19ebdf366e49 e382d57a1dc8476e98df76a84f9e55ef 2cba3e0f0e5b4099934ec10d61cd2668 - - default default] Successfully bumped revision number for resource e3ea6ae6-4533-4520-b5a1-0997c5fd8036 (type: security_groups) to 1
2026-04-10 15:02:05.683 10 INFO neutron.wsgi [req-85c1992f-6cce-4a7c-865a-f666f30d5e39 req-ba76571f-b849-4cc8-ab0c-a3d439cb68b0 7c0f3167286246bc993dbcf493207b84 f91464c4500748e89ae786ad335092d0 - - default default] 10.0.0.190 "GET /v2.0/security-groups?id=4789a51b-f0e5-40ff-a87c-7c47c2825834&fields=id&fields=name HTTP/1.1" status: 200 len: 313 time: 0.0787511
2026-04-10 15:02:05.701 9 INFO neutron.wsgi [None req-c82c137b-e94a-42a4-9a3b-19ebdf366e49 e382d57a1dc8476e98df76a84f9e55ef 2cba3e0f0e5b4099934ec10d61cd2668 - - default default] 10.0.0.208 "GET /v2.0/security-groups?tenant_id=3642a3b3cc1045aebcd5f5497c8e2041&name=default HTTP/1.1" status: 200 len: 2996 time: 0.3954513
2026-04-10 15:02:05.863 10 INFO neutron.wsgi [None req-c6444145-2f00-4959-a874-131c5699831d 69d5cd866e144485803fea7449f41f4c 9699fcc5c19f4519a747bda1331cd129 - - - -] 10.0.0.208 "DELETE /v2.0/routers/b58784dc-91f9-4e6e-af62-4bbef854d533 HTTP/1.1" status: 204 len: 168 time: 0.2493212
2026-04-10 15:02:05.975 9 INFO neutron.wsgi [None req-f973c374-b5c8-469b-8936-ec5c8b397759 e382d57a1dc8476e98df76a84f9e55ef 2cba3e0f0e5b4099934ec10d61cd2668 - - - -] 10.0.0.208 "DELETE /v2.0/security-groups/e3ea6ae6-4533-4520-b5a1-0997c5fd8036 HTTP/1.1" status: 204 len: 168 time: 0.2648408
2026-04-10 15:02:06.105 9 INFO neutron.wsgi [None req-b54f9d6d-d773-4937-aca3-52481ec95eb2 69d5cd866e144485803fea7449f41f4c 9699fcc5c19f4519a747bda1331cd129 - - - -] 10.0.0.208 "DELETE /v2.0/subnets/61214e9f-f80b-4bcb-b743-75c048cf8a86 HTTP/1.1" status: 204 len: 168 time: 0.2373219
2026-04-10 15:02:06.135 10 INFO neutron.services.segments.plugin [-] Segment da39de71-6754-4a69-b208-852e859d72f9 resource provider aggregate not found
2026-04-10 15:02:06.167 10 INFO neutron.services.segments.plugin [-] Segment da39de71-6754-4a69-b208-852e859d72f9 resource provider not found; error: Placement Client Error (4xx): {"errors": [{"status": 404, "title": "Not Found", "detail": "The resource could not be found.\n\n No resource provider with uuid da39de71-6754-4a69-b208-852e859d72f9 found for delete ", "request_id": "req-57a97713-7233-4ce5-ba30-3cef105e3a09"}]}
2026-04-10 15:02:06.172 10 INFO neutron.services.segments.plugin [-] Segment da39de71-6754-4a69-b208-852e859d72f9 resource provider aggregate not found
2026-04-10 15:02:06.199 10 INFO neutron.services.segments.plugin [-] Segment da39de71-6754-4a69-b208-852e859d72f9 resource provider not found; error: Placement Client Error (4xx): {"errors": [{"status": 404, "title": "Not Found", "detail": "The resource could not be found.\n\n No resource provider with uuid da39de71-6754-4a69-b208-852e859d72f9 found for delete ", "request_id": "req-5e69be0a-8c9a-435a-a332-39274a2a8f85"}]}
2026-04-10 15:02:06.390 10 INFO neutron.db.ovn_revision_numbers_db [None req-70093fa1-42a5-406f-bab5-860cb43408af e382d57a1dc8476e98df76a84f9e55ef 2cba3e0f0e5b4099934ec10d61cd2668 - - default default] Successfully bumped revision number for resource 6f778517-9688-45ce-b522-adae1cb7fd70 (type: security_groups) to 1
2026-04-10 15:02:06.404 9 INFO neutron.wsgi [None req-6dbd7eae-f1d9-4aa8-93dd-ac2c2f00b546 69d5cd866e144485803fea7449f41f4c 9699fcc5c19f4519a747bda1331cd129 - - - -] 10.0.0.208 "DELETE /v2.0/subnets/e1a5852e-14ef-49f9-81e9-2606d763fd64 HTTP/1.1" status: 204 len: 168 time: 0.2910419
2026-04-10 15:02:06.417 10 INFO neutron.wsgi [None req-70093fa1-42a5-406f-bab5-860cb43408af e382d57a1dc8476e98df76a84f9e55ef 2cba3e0f0e5b4099934ec10d61cd2668 - - default default] 10.0.0.208 "GET /v2.0/security-groups?tenant_id=a080d742e25c43a4a4e78052e427820b&name=default HTTP/1.1" status: 200 len: 2996 time: 0.1414554
2026-04-10 15:02:06.420 10 INFO neutron.wsgi [None req-2759ef0f-9c0c-4a61-b28d-73cadddcafa1 e382d57a1dc8476e98df76a84f9e55ef 2cba3e0f0e5b4099934ec10d61cd2668 - - default default] 10.0.0.208 "GET /v2.0/security-groups?tenant_id=4108a0f764cc4a8eb1e3b0a7b34c1875&name=default HTTP/1.1" status: 200 len: 2996 time: 0.2657013
2026-04-10 15:02:06.616 10 INFO neutron.wsgi [None req-90a103d8-df72-4e44-ab0e-2fb4619ff311 e382d57a1dc8476e98df76a84f9e55ef 2cba3e0f0e5b4099934ec10d61cd2668 - - - -] 10.0.0.208 "DELETE /v2.0/security-groups/6f778517-9688-45ce-b522-adae1cb7fd70 HTTP/1.1" status: 204 len: 168 time: 0.1926627
2026-04-10 15:02:06.748 9 INFO neutron.wsgi [None req-8df7e5ef-5931-4349-bd32-cc0c18b2c586 e382d57a1dc8476e98df76a84f9e55ef 2cba3e0f0e5b4099934ec10d61cd2668 - - - -] 10.0.0.208 "DELETE /v2.0/security-groups/d97e400c-f666-48e4-973d-4107bec7acb4 HTTP/1.1" status: 204 len: 168 time: 0.3241608
2026-04-10 15:02:06.868 9 INFO neutron.services.segments.plugin [-] Segment 8874f110-e3de-4118-ab7b-14cd24424342 resource provider aggregate not found
2026-04-10 15:02:06.886 9 INFO neutron.services.segments.plugin [-] Segment 8874f110-e3de-4118-ab7b-14cd24424342 resource provider not found; error: Placement Client Error (4xx): {"errors": [{"status": 404, "title": "Not Found", "detail": "The resource could not be found.\n\n No resource provider with uuid 8874f110-e3de-4118-ab7b-14cd24424342 found for delete ", "request_id": "req-780e4ba9-48b6-4548-8daa-a37e5befd6d2"}]}
2026-04-10 15:02:06.887 9 INFO neutron.services.segments.plugin [-] Segment 8874f110-e3de-4118-ab7b-14cd24424342 resource provider aggregate not found
2026-04-10 15:02:06.907 9 INFO neutron.services.segments.plugin [-] Segment 8874f110-e3de-4118-ab7b-14cd24424342 resource provider not found; error: Placement Client Error (4xx): {"errors": [{"status": 404, "title": "Not Found", "detail": "The resource could not be found.\n\n No resource provider with uuid 8874f110-e3de-4118-ab7b-14cd24424342 found for delete ", "request_id": "req-87bf30d2-c2a7-47aa-8dac-eed530ff12cc"}]}
2026-04-10 15:02:06.921 9 INFO neutron.wsgi [None req-687cfa01-ccce-4e07-936c-74715e479b56 69d5cd866e144485803fea7449f41f4c 9699fcc5c19f4519a747bda1331cd129 - - - -] 10.0.0.208 "DELETE /v2.0/networks/97df9511-4d53-4571-9bcb-5ca7bf156759 HTTP/1.1" status: 204 len: 168 time: 0.5099421
2026-04-10 15:02:07.350 9 INFO neutron.wsgi [None req-f85bd653-2d72-471a-b6a2-ad88468aa616 69d5cd866e144485803fea7449f41f4c 9699fcc5c19f4519a747bda1331cd129 - - - -] 10.0.0.208 "DELETE /v2.0/networks/0b5f73d6-09cb-4d1e-8c48-6671fba8247c HTTP/1.1" status: 204 len: 168 time: 0.4189293
2026-04-10 15:02:07.457 10 INFO neutron.db.segments_db [None req-4c94354c-71d5-4828-b104-6b00556b5c0b 69d5cd866e144485803fea7449f41f4c 9699fcc5c19f4519a747bda1331cd129 - - - -] Added segment f0a9a676-e598-44e6-a1b5-b3a963a79082 of type geneve for network 1cd51434-11b2-4fef-8047-1652e37bc1da
2026-04-10 15:02:07.591 10 INFO neutron.db.ovn_revision_numbers_db [None req-4c94354c-71d5-4828-b104-6b00556b5c0b 69d5cd866e144485803fea7449f41f4c 9699fcc5c19f4519a747bda1331cd129 - - - -] Successfully bumped revision number for resource 1cd51434-11b2-4fef-8047-1652e37bc1da (type: networks) to 1
2026-04-10 15:02:07.780 10 WARNING neutron.scheduler.dhcp_agent_scheduler [None req-4c94354c-71d5-4828-b104-6b00556b5c0b 69d5cd866e144485803fea7449f41f4c 9699fcc5c19f4519a747bda1331cd129 - - - -] No more DHCP agents
2026-04-10 15:02:07.781 10 WARNING neutron.api.rpc.agentnotifiers.dhcp_rpc_agent_api [None req-4c94354c-71d5-4828-b104-6b00556b5c0b 69d5cd866e144485803fea7449f41f4c 9699fcc5c19f4519a747bda1331cd129 - - - -] Unable to schedule network 1cd51434-11b2-4fef-8047-1652e37bc1da: no agents available; will retry on subsequent port and subnet creation events.
2026-04-10 15:02:07.850 10 INFO neutron.db.ovn_revision_numbers_db [None req-4c94354c-71d5-4828-b104-6b00556b5c0b 69d5cd866e144485803fea7449f41f4c 9699fcc5c19f4519a747bda1331cd129 - - - -] Successfully bumped revision number for resource 48966f00-00d2-4198-bb2f-da7653ed510c (type: ports) to 1
2026-04-10 15:02:07.870 10 INFO neutron.wsgi [None req-4c94354c-71d5-4828-b104-6b00556b5c0b 69d5cd866e144485803fea7449f41f4c 9699fcc5c19f4519a747bda1331cd129 - - - -] 10.0.0.208 "POST /v2.0/networks HTTP/1.1" status: 201 len: 833 time: 0.5087736
2026-04-10 15:02:08.050 9 WARNING neutron.plugins.ml2.drivers.ovn.mech_driver.ovsdb.ovn_client [None req-cea678a5-dc94-4109-a3f7-c8ed0fe94008 - - - - - -] No port found with ID cf80bef8-9612-4b7b-9ad0-83ef07464dd5: RuntimeError: No port found with ID cf80bef8-9612-4b7b-9ad0-83ef07464dd5
2026-04-10 15:02:08.051 9 INFO neutron.plugins.ml2.drivers.ovn.mech_driver.mech_driver [None req-cea678a5-dc94-4109-a3f7-c8ed0fe94008 - - - - - -] OVN reports status down for port: 394264a0-6808-4e28-bc07-45e3dd86be83
2026-04-10 15:02:08.191 9 INFO neutron.notifiers.nova [-] Nova event matching ['req-112816fd-0c38-4684-9ece-7996f3c77c56'] response: {'server_uuid': 'e11a8f9a-23f4-413b-b6a6-b9e773c586f7', 'name': 'network-vif-unplugged', 'status': 'completed', 'tag': '394264a0-6808-4e28-bc07-45e3dd86be83', 'code': 200}
2026-04-10 15:02:08.315 9 INFO neutron.db.ovn_revision_numbers_db [None req-cea678a5-dc94-4109-a3f7-c8ed0fe94008 - - - - - -] Successfully bumped revision number for resource 394264a0-6808-4e28-bc07-45e3dd86be83 (type: ports) to 5
2026-04-10 15:02:08.331 9 INFO neutron.plugins.ml2.drivers.ovn.mech_driver.mech_driver [None req-cea678a5-dc94-4109-a3f7-c8ed0fe94008 - - - - - -] OVN reports status up for port: 394264a0-6808-4e28-bc07-45e3dd86be83
2026-04-10 15:02:08.354 10 WARNING neutron.scheduler.dhcp_agent_scheduler [None req-c1194e55-0c95-4715-84f2-d74e4432e443 69d5cd866e144485803fea7449f41f4c 9699fcc5c19f4519a747bda1331cd129 - - - -] No more DHCP agents
2026-04-10 15:02:08.356 10 WARNING neutron.api.rpc.agentnotifiers.dhcp_rpc_agent_api [None req-c1194e55-0c95-4715-84f2-d74e4432e443 69d5cd866e144485803fea7449f41f4c 9699fcc5c19f4519a747bda1331cd129 - - - -] Unable to schedule network 1cd51434-11b2-4fef-8047-1652e37bc1da: no agents available; will retry on subsequent port and subnet creation events.
2026-04-10 15:02:08.360 9 INFO neutron.plugins.ml2.plugin [None req-cea678a5-dc94-4109-a3f7-c8ed0fe94008 - - - - - -] Attempt 1 to provision port 394264a0-6808-4e28-bc07-45e3dd86be83
2026-04-10 15:02:08.370 10 INFO neutron.db.ovn_revision_numbers_db [None req-c1194e55-0c95-4715-84f2-d74e4432e443 69d5cd866e144485803fea7449f41f4c 9699fcc5c19f4519a747bda1331cd129 - - - -] Successfully bumped revision number for resource eb9b3623-2879-4cc9-91a4-5b52f239288e (type: subnets) to 0
2026-04-10 15:02:08.387 10 INFO neutron.wsgi [None req-c1194e55-0c95-4715-84f2-d74e4432e443 69d5cd866e144485803fea7449f41f4c 9699fcc5c19f4519a747bda1331cd129 - - - -] 10.0.0.208 "POST /v2.0/subnets HTTP/1.1" status: 201 len: 821 time: 0.5114024 /var/lib/openstack/lib/python3.10/site-packages/pycadf/identifier.py:71: UserWarning: Invalid uuid: neutron. To ensure interoperability, identifiers should be a valid uuid. warnings.warn(('Invalid uuid: %s. To ensure interoperability, '
2026-04-10 15:02:08.572 10 INFO neutron.wsgi [-] 10.0.0.208 "GET / HTTP/1.1" status: 200 len: 279 time: 0.0027428
2026-04-10 15:02:08.684 9 INFO neutron.db.ovn_revision_numbers_db [None req-0103f64b-9744-4853-b066-f760b87c78bc 69d5cd866e144485803fea7449f41f4c 9699fcc5c19f4519a747bda1331cd129 - - - -] Successfully bumped revision number for resource f6e76adf-952b-44a9-92b0-138444e842fd (type: routers) to 1
2026-04-10 15:02:08.694 10 INFO neutron.wsgi [None req-0caf86d3-7576-4147-bf2e-950f0b6acc2c 161952817cdf418aafb51b029599c994 08453c876f1a452e9957713551ce0ef4 - - default default] 10.0.0.208 "GET /v2.0/ HTTP/1.1" status: 200 len: 826 time: 0.1166337
2026-04-10 15:02:08.723 9 INFO neutron.wsgi [None req-0103f64b-9744-4853-b066-f760b87c78bc 69d5cd866e144485803fea7449f41f4c 9699fcc5c19f4519a747bda1331cd129 - - - -] 10.0.0.208 "POST /v2.0/routers HTTP/1.1" status: 201 len: 691 time: 0.3305306
2026-04-10 15:02:08.794 9 INFO neutron.db.ovn_revision_numbers_db [None req-cea678a5-dc94-4109-a3f7-c8ed0fe94008 - - - - - -] Successfully bumped revision number for resource 394264a0-6808-4e28-bc07-45e3dd86be83 (type: ports) to 6
2026-04-10 15:02:08.928 9 INFO neutron.services.segments.plugin [-] Segment 43d203b0-011b-4544-8126-991aae1b0b0e resource provider aggregate not found
2026-04-10 15:02:08.946 9 INFO neutron.services.segments.plugin [-] Segment 43d203b0-011b-4544-8126-991aae1b0b0e resource provider aggregate not found
2026-04-10 15:02:08.953 9 INFO neutron.services.segments.plugin [-] Segment 43d203b0-011b-4544-8126-991aae1b0b0e resource provider not found; error: Placement Client Error (4xx): {"errors": [{"status": 404, "title": "Not Found", "detail": "The resource could not be found.\n\n No resource provider with uuid 43d203b0-011b-4544-8126-991aae1b0b0e found for delete ", "request_id": "req-159b349c-5647-49a9-bdd6-67e10984ca5d"}]}
2026-04-10 15:02:08.971 9 INFO neutron.services.segments.plugin [-] Segment 43d203b0-011b-4544-8126-991aae1b0b0e resource provider not found; error: Placement Client Error (4xx): {"errors": [{"status": 404, "title": "Not Found", "detail": "The resource could not be found.\n\n No resource provider with uuid 43d203b0-011b-4544-8126-991aae1b0b0e found for delete ", "request_id": "req-c30ef100-b2b4-4585-89fe-82d522ba0b35"}]}
2026-04-10 15:02:09.166 9 WARNING neutron.scheduler.dhcp_agent_scheduler [None req-179881a5-0815-4359-ac67-e20350f1f825 69d5cd866e144485803fea7449f41f4c 9699fcc5c19f4519a747bda1331cd129 - - - -] No more DHCP agents
2026-04-10 15:02:09.168 9 WARNING neutron.api.rpc.agentnotifiers.dhcp_rpc_agent_api [None req-179881a5-0815-4359-ac67-e20350f1f825 69d5cd866e144485803fea7449f41f4c 9699fcc5c19f4519a747bda1331cd129 - - - -] Unable to schedule network 1cd51434-11b2-4fef-8047-1652e37bc1da: no agents available; will retry on subsequent port and subnet creation events.
2026-04-10 15:02:09.265 9 INFO neutron.db.ovn_revision_numbers_db [None req-179881a5-0815-4359-ac67-e20350f1f825 69d5cd866e144485803fea7449f41f4c 9699fcc5c19f4519a747bda1331cd129 - - - -] Successfully bumped revision number for resource e3f5c2f1-2189-4c3e-8508-1fb33d0aeab7 (type: ports) to 1
2026-04-10 15:02:09.292 9 INFO neutron.wsgi [None req-179881a5-0815-4359-ac67-e20350f1f825 69d5cd866e144485803fea7449f41f4c 9699fcc5c19f4519a747bda1331cd129 - - - -] 10.0.0.208 "POST /v2.0/ports HTTP/1.1" status: 201 len: 1162 time: 0.5630443 /var/lib/openstack/lib/python3.10/site-packages/pycadf/identifier.py:71: UserWarning: Invalid uuid: neutron. To ensure interoperability, identifiers should be a valid uuid. warnings.warn(('Invalid uuid: %s. To ensure interoperability, '
2026-04-10 15:02:09.508 10 INFO neutron.db.ovn_revision_numbers_db [None req-552b1e40-e4ac-4ff4-bdcb-9e7af9c79bf5 e382d57a1dc8476e98df76a84f9e55ef 2cba3e0f0e5b4099934ec10d61cd2668 - - default default] Successfully bumped revision number for resource 35058df5-58a9-41e2-8825-ab315f102aad (type: security_groups) to 1
2026-04-10 15:02:09.528 10 INFO neutron.wsgi [None req-552b1e40-e4ac-4ff4-bdcb-9e7af9c79bf5 e382d57a1dc8476e98df76a84f9e55ef 2cba3e0f0e5b4099934ec10d61cd2668 - - default default] 10.0.0.208 "GET /v2.0/security-groups?tenant_id=08453c876f1a452e9957713551ce0ef4&name=default HTTP/1.1" status: 200 len: 2996 time: 0.2496741
2026-04-10 15:02:09.713 10 INFO neutron.wsgi [None req-37fed440-3c17-46b9-b797-d7fb65b8443b e382d57a1dc8476e98df76a84f9e55ef 2cba3e0f0e5b4099934ec10d61cd2668 - - - -] 10.0.0.208 "DELETE /v2.0/security-groups/35058df5-58a9-41e2-8825-ab315f102aad HTTP/1.1" status: 204 len: 168 time: 0.1792207
2026-04-10 15:02:09.734 10 INFO neutron.plugins.ml2.drivers.ovn.mech_driver.mech_driver [None req-7db40a3b-b51b-47c6-86fc-78675a44e990 - - - - - -] OVN reports status up for port: e3f5c2f1-2189-4c3e-8508-1fb33d0aeab7
2026-04-10 15:02:09.739 9 INFO neutron.db.ovn_revision_numbers_db [None req-c2596aad-470c-4830-afaa-8df357e75ee7 69d5cd866e144485803fea7449f41f4c 9699fcc5c19f4519a747bda1331cd129 - - default default] Successfully bumped revision number for resource e3f5c2f1-2189-4c3e-8508-1fb33d0aeab7 (type: router_ports) to 2
2026-04-10 15:02:09.741 10 INFO neutron.plugins.ml2.plugin [None req-7db40a3b-b51b-47c6-86fc-78675a44e990 - - - - - -] Attempt 1 to provision port e3f5c2f1-2189-4c3e-8508-1fb33d0aeab7
2026-04-10 15:02:09.888 9 INFO neutron.db.ovn_revision_numbers_db [None req-c2596aad-470c-4830-afaa-8df357e75ee7 69d5cd866e144485803fea7449f41f4c 9699fcc5c19f4519a747bda1331cd129 - - default default] Successfully bumped revision number for resource e3f5c2f1-2189-4c3e-8508-1fb33d0aeab7 (type: ports) to 2
2026-04-10 15:02:09.982 10 INFO neutron.db.ovn_revision_numbers_db [None req-7db40a3b-b51b-47c6-86fc-78675a44e990 - - - - - -] Successfully bumped revision number for resource e3f5c2f1-2189-4c3e-8508-1fb33d0aeab7 (type: ports) to 3
2026-04-10 15:02:10.092 10 INFO neutron.db.ovn_revision_numbers_db [None req-7db40a3b-b51b-47c6-86fc-78675a44e990 - - - - - -] Successfully bumped revision number for resource e3f5c2f1-2189-4c3e-8508-1fb33d0aeab7 (type: router_ports) to 3
2026-04-10 15:02:10.485 9 INFO neutron.notifiers.nova [-] Nova event matching ['req-18b0d331-3723-43c4-abca-185aa9d1da7e'] response: {'server_uuid': 'e11a8f9a-23f4-413b-b6a6-b9e773c586f7', 'name': 'network-vif-plugged', 'status': 'completed', 'tag': '394264a0-6808-4e28-bc07-45e3dd86be83', 'code': 200}
2026-04-10 15:02:10.485 9 INFO neutron.notifiers.nova [-] Nova event matching ['req-18b0d331-3723-43c4-abca-185aa9d1da7e'] response: {'server_uuid': 'e11a8f9a-23f4-413b-b6a6-b9e773c586f7', 'name': 'network-vif-plugged', 'status': 'completed', 'tag': '394264a0-6808-4e28-bc07-45e3dd86be83', 'code': 200}
2026-04-10 15:02:10.485 9 INFO neutron.notifiers.nova [-] Nova event matching ['req-18b0d331-3723-43c4-abca-185aa9d1da7e'] response: {'server_uuid': 'e11a8f9a-23f4-413b-b6a6-b9e773c586f7', 'name': 'network-vif-plugged', 'status': 'completed', 'tag': '394264a0-6808-4e28-bc07-45e3dd86be83', 'code': 200}
2026-04-10 15:02:10.755 9 INFO neutron.db.ovn_revision_numbers_db [None req-c2596aad-470c-4830-afaa-8df357e75ee7 69d5cd866e144485803fea7449f41f4c 9699fcc5c19f4519a747bda1331cd129 - - default default] Successfully bumped revision number for resource e3f5c2f1-2189-4c3e-8508-1fb33d0aeab7 (type: ports) to 4
2026-04-10 15:02:10.823 9 WARNING neutron.scheduler.dhcp_agent_scheduler [None req-c2596aad-470c-4830-afaa-8df357e75ee7 69d5cd866e144485803fea7449f41f4c 9699fcc5c19f4519a747bda1331cd129 - - default default] No more DHCP agents
2026-04-10 15:02:10.825 9 WARNING neutron.api.rpc.agentnotifiers.dhcp_rpc_agent_api [None req-c2596aad-470c-4830-afaa-8df357e75ee7 69d5cd866e144485803fea7449f41f4c 9699fcc5c19f4519a747bda1331cd129 - - default default] Unable to schedule network 1cd51434-11b2-4fef-8047-1652e37bc1da: no agents available; will retry on subsequent port and subnet creation events.
2026-04-10 15:02:11.012 9 INFO neutron.db.ovn_revision_numbers_db [None req-c2596aad-470c-4830-afaa-8df357e75ee7 69d5cd866e144485803fea7449f41f4c 9699fcc5c19f4519a747bda1331cd129 - - - -] Successfully bumped revision number for resource e3f5c2f1-2189-4c3e-8508-1fb33d0aeab7 (type: router_ports) to 4
2026-04-10 15:02:11.016 9 INFO neutron.wsgi [None req-c2596aad-470c-4830-afaa-8df357e75ee7 69d5cd866e144485803fea7449f41f4c 9699fcc5c19f4519a747bda1331cd129 - - - -] 10.0.0.208 "PUT /v2.0/routers/f6e76adf-952b-44a9-92b0-138444e842fd/add_router_interface HTTP/1.1" status: 200 len: 503 time: 1.7171481 /var/lib/openstack/lib/python3.10/site-packages/pycadf/identifier.py:71: UserWarning: Invalid uuid: neutron. To ensure interoperability, identifiers should be a valid uuid. warnings.warn(('Invalid uuid: %s. To ensure interoperability, '
2026-04-10 15:02:11.106 9 INFO neutron.wsgi [None req-397945ef-e2f0-4f77-869f-760d483bd213 69d5cd866e144485803fea7449f41f4c 9699fcc5c19f4519a747bda1331cd129 - - default default] 10.0.0.208 "GET /v2.0/ports/e3f5c2f1-2189-4c3e-8508-1fb33d0aeab7 HTTP/1.1" status: 200 len: 1220 time: 0.0856025
2026-04-10 15:02:11.793 9 INFO neutron.wsgi [None req-dd377401-a955-4d60-9bdf-49576952d6b7 69d5cd866e144485803fea7449f41f4c 9699fcc5c19f4519a747bda1331cd129 - - - -] 10.0.0.208 "PUT /v2.0/routers/f6e76adf-952b-44a9-92b0-138444e842fd/remove_router_interface HTTP/1.1" status: 200 len: 503 time: 0.6813319 /var/lib/openstack/lib/python3.10/site-packages/pycadf/identifier.py:71: UserWarning: Invalid uuid: neutron. To ensure interoperability, identifiers should be a valid uuid. warnings.warn(('Invalid uuid: %s. To ensure interoperability, '
2026-04-10 15:02:11.869 9 INFO neutron.api.v2.resource [None req-2abee54c-636f-4b86-a637-1227694588bb 69d5cd866e144485803fea7449f41f4c 9699fcc5c19f4519a747bda1331cd129 - - default default] remove_router_interface failed (client error): The resource could not be found.
2026-04-10 15:02:11.871 9 INFO neutron.wsgi [None req-2abee54c-636f-4b86-a637-1227694588bb 69d5cd866e144485803fea7449f41f4c 9699fcc5c19f4519a747bda1331cd129 - - default default] 10.0.0.208 "PUT /v2.0/routers/f6e76adf-952b-44a9-92b0-138444e842fd/remove_router_interface HTTP/1.1" status: 404 len: 398 time: 0.0721095
2026-04-10 15:02:11.898 9 INFO neutron.wsgi [None req-7003db66-ee1d-42dd-8509-d604f3a8f3d2 69d5cd866e144485803fea7449f41f4c 9699fcc5c19f4519a747bda1331cd129 - - default default] 10.0.0.208 "GET /v2.0/ports?device_id=f6e76adf-952b-44a9-92b0-138444e842fd HTTP/1.1" status: 200 len: 205 time: 0.0228362
2026-04-10 15:02:12.165 9 INFO neutron.wsgi [None req-a51d1684-dfb5-45c8-990e-aeeab753e49a 69d5cd866e144485803fea7449f41f4c 9699fcc5c19f4519a747bda1331cd129 - - - -] 10.0.0.208 "DELETE /v2.0/routers/f6e76adf-952b-44a9-92b0-138444e842fd HTTP/1.1" status: 204 len: 168 time: 0.2619152
2026-04-10 15:02:12.379 9 INFO neutron.wsgi [None req-ef317f87-e971-4e93-aaac-6751bd8b00d0 69d5cd866e144485803fea7449f41f4c 9699fcc5c19f4519a747bda1331cd129 - - - -] 10.0.0.208 "DELETE /v2.0/subnets/eb9b3623-2879-4cc9-91a4-5b52f239288e HTTP/1.1" status: 204 len: 168 time: 0.2079644 /var/lib/openstack/lib/python3.10/site-packages/pycadf/identifier.py:71: UserWarning: Invalid uuid: neutron. To ensure interoperability, identifiers should be a valid uuid. warnings.warn(('Invalid uuid: %s. To ensure interoperability, '
2026-04-10 15:02:12.743 10 INFO neutron.services.segments.plugin [-] Segment f0a9a676-e598-44e6-a1b5-b3a963a79082 resource provider aggregate not found
2026-04-10 15:02:12.750 10 INFO neutron.services.segments.plugin [-] Segment f0a9a676-e598-44e6-a1b5-b3a963a79082 resource provider aggregate not found
2026-04-10 15:02:12.777 10 INFO neutron.services.segments.plugin [-] Segment f0a9a676-e598-44e6-a1b5-b3a963a79082 resource provider not found; error: Placement Client Error (4xx): {"errors": [{"status": 404, "title": "Not Found", "detail": "The resource could not be found.\n\n No resource provider with uuid f0a9a676-e598-44e6-a1b5-b3a963a79082 found for delete ", "request_id": "req-32aabb11-b29c-438b-bfaa-7c9a5cb39940"}]}
2026-04-10 15:02:12.779 10 INFO neutron.services.segments.plugin [-] Segment f0a9a676-e598-44e6-a1b5-b3a963a79082 resource provider not found; error: Placement Client Error (4xx): {"errors": [{"status": 404, "title": "Not Found", "detail": "The resource could not be found.\n\n No resource provider with uuid f0a9a676-e598-44e6-a1b5-b3a963a79082 found for delete ", "request_id": "req-f6e48690-a34e-4429-9c8b-5aa4d062109c"}]}
2026-04-10 15:02:12.821 10 INFO neutron.wsgi [None req-eed68aea-980d-4ee9-a28e-8bcd3377da1e 69d5cd866e144485803fea7449f41f4c 9699fcc5c19f4519a747bda1331cd129 - - - -] 10.0.0.208 "DELETE /v2.0/networks/1cd51434-11b2-4fef-8047-1652e37bc1da HTTP/1.1" status: 204 len: 168 time: 0.4376011
2026-04-10 15:02:12.925 9 INFO neutron.db.segments_db [None req-5ee87b7f-a5dc-473d-9da3-d820471a06a7 69d5cd866e144485803fea7449f41f4c 9699fcc5c19f4519a747bda1331cd129 - - - -] Added segment e664e518-7910-46fc-8831-46674beee9c9 of type geneve for network b4a7aea9-6999-456d-b545-24a53d8e2342
2026-04-10 15:02:13.062 9 INFO neutron.db.ovn_revision_numbers_db [None req-5ee87b7f-a5dc-473d-9da3-d820471a06a7 69d5cd866e144485803fea7449f41f4c 9699fcc5c19f4519a747bda1331cd129 - - - -] Successfully bumped revision number for resource b4a7aea9-6999-456d-b545-24a53d8e2342 (type: networks) to 1
2026-04-10 15:02:13.251 10 INFO neutron.db.ovn_revision_numbers_db [None req-cddb33fe-8656-4765-bf5c-bd90c388fc85 e382d57a1dc8476e98df76a84f9e55ef 2cba3e0f0e5b4099934ec10d61cd2668 - - default default] Successfully bumped revision number for resource 263bb005-db8b-4337-b5e8-3e89b5fac843 (type: security_groups) to 1
2026-04-10 15:02:13.276 10 INFO neutron.wsgi [None req-cddb33fe-8656-4765-bf5c-bd90c388fc85 e382d57a1dc8476e98df76a84f9e55ef 2cba3e0f0e5b4099934ec10d61cd2668 - - default default] 10.0.0.208 "GET /v2.0/security-groups?tenant_id=b343e12f96d24222ab5979de32b6f333&name=default HTTP/1.1" status: 200 len: 2996 time: 0.3099756
2026-04-10 15:02:13.282 9 WARNING neutron.scheduler.dhcp_agent_scheduler [None req-5ee87b7f-a5dc-473d-9da3-d820471a06a7 69d5cd866e144485803fea7449f41f4c 9699fcc5c19f4519a747bda1331cd129 - - - -] No more DHCP agents
2026-04-10 15:02:13.285 9 WARNING neutron.api.rpc.agentnotifiers.dhcp_rpc_agent_api [None req-5ee87b7f-a5dc-473d-9da3-d820471a06a7 69d5cd866e144485803fea7449f41f4c 9699fcc5c19f4519a747bda1331cd129 - - - -] Unable to schedule network b4a7aea9-6999-456d-b545-24a53d8e2342: no agents available; will retry on subsequent port and subnet creation events.
2026-04-10 15:02:13.353 9 INFO neutron.db.ovn_revision_numbers_db [None req-5ee87b7f-a5dc-473d-9da3-d820471a06a7 69d5cd866e144485803fea7449f41f4c 9699fcc5c19f4519a747bda1331cd129 - - - -] Successfully bumped revision number for resource dc92ff35-8cad-4492-98c7-8e4b31d04280 (type: ports) to 1
2026-04-10 15:02:13.378 9 INFO neutron.wsgi [None req-5ee87b7f-a5dc-473d-9da3-d820471a06a7 69d5cd866e144485803fea7449f41f4c 9699fcc5c19f4519a747bda1331cd129 - - - -] 10.0.0.208 "POST /v2.0/networks HTTP/1.1" status: 201 len: 833 time: 0.5475907
2026-04-10 15:02:13.459 10 INFO neutron.wsgi [None req-2e379bd6-8d8b-43a2-bdee-e3ca044063f5 e382d57a1dc8476e98df76a84f9e55ef 2cba3e0f0e5b4099934ec10d61cd2668 - - - -] 10.0.0.208 "DELETE /v2.0/security-groups/263bb005-db8b-4337-b5e8-3e89b5fac843 HTTP/1.1" status: 204 len: 168 time: 0.1776114
2026-04-10 15:02:13.659 9 WARNING neutron.scheduler.dhcp_agent_scheduler [None req-df48188e-3f4e-4542-9959-7aa42e02b672 69d5cd866e144485803fea7449f41f4c 9699fcc5c19f4519a747bda1331cd129 - - - -] No more DHCP agents
2026-04-10 15:02:13.662 9 WARNING neutron.api.rpc.agentnotifiers.dhcp_rpc_agent_api [None req-df48188e-3f4e-4542-9959-7aa42e02b672 69d5cd866e144485803fea7449f41f4c 9699fcc5c19f4519a747bda1331cd129 - - - -] Unable to schedule network b4a7aea9-6999-456d-b545-24a53d8e2342: no agents available; will retry on subsequent port and subnet creation events.
2026-04-10 15:02:13.679 9 INFO neutron.db.ovn_revision_numbers_db [None req-df48188e-3f4e-4542-9959-7aa42e02b672 69d5cd866e144485803fea7449f41f4c 9699fcc5c19f4519a747bda1331cd129 - - - -] Successfully bumped revision number for resource 45624658-dd95-497f-9c46-456bd202896e (type: subnets) to 0
2026-04-10 15:02:13.692 9 INFO neutron.wsgi [None req-df48188e-3f4e-4542-9959-7aa42e02b672 69d5cd866e144485803fea7449f41f4c 9699fcc5c19f4519a747bda1331cd129 - - - -] 10.0.0.208 "POST /v2.0/subnets HTTP/1.1" status: 201 len: 821 time: 0.3079803
2026-04-10 15:02:13.886 9 INFO neutron.db.ovn_revision_numbers_db [None req-bcfc7541-27d1-4d20-b2eb-1e1fc643751b 69d5cd866e144485803fea7449f41f4c 9699fcc5c19f4519a747bda1331cd129 - - - -] Successfully bumped revision number for resource ed2c9cac-0aa0-4f72-8191-0b8b5237aede (type: routers) to 1
2026-04-10 15:02:13.903 9 INFO neutron.wsgi [None req-bcfc7541-27d1-4d20-b2eb-1e1fc643751b 69d5cd866e144485803fea7449f41f4c 9699fcc5c19f4519a747bda1331cd129 - - - -] 10.0.0.208 "POST /v2.0/routers HTTP/1.1" status: 201 len: 690 time: 0.2063060
2026-04-10 15:02:14.441 15 INFO neutron.plugins.ml2.drivers.ovn.mech_driver.ovsdb.maintenance [None req-97a1f7aa-100b-4e06-9c82-812c07854363 - - - - - -] Maintenance task: Synchronization finished (took 0.19 seconds)
2026-04-10 15:02:14.689 9 WARNING neutron.scheduler.dhcp_agent_scheduler [None req-ac66f81a-a7c8-4abc-b1bb-68ea91ff4cf9 69d5cd866e144485803fea7449f41f4c 9699fcc5c19f4519a747bda1331cd129 - - default default] No more DHCP agents
2026-04-10 15:02:14.691 9 WARNING neutron.api.rpc.agentnotifiers.dhcp_rpc_agent_api [None req-ac66f81a-a7c8-4abc-b1bb-68ea91ff4cf9 69d5cd866e144485803fea7449f41f4c 9699fcc5c19f4519a747bda1331cd129 - - default default] Unable to schedule network b4a7aea9-6999-456d-b545-24a53d8e2342: no agents available; will retry on subsequent port and subnet creation events.
2026-04-10 15:02:14.782 9 INFO neutron.db.ovn_revision_numbers_db [None req-ac66f81a-a7c8-4abc-b1bb-68ea91ff4cf9 69d5cd866e144485803fea7449f41f4c 9699fcc5c19f4519a747bda1331cd129 - - default default] Successfully bumped revision number for resource 011967b0-6582-4713-8aff-a728869552ac (type: ports) to 1
2026-04-10 15:02:14.955 10 WARNING neutron.plugins.ml2.drivers.ovn.mech_driver.ovsdb.ovn_client [None req-7db40a3b-b51b-47c6-86fc-78675a44e990 - - - - - -] No port found with ID e3f5c2f1-2189-4c3e-8508-1fb33d0aeab7: RuntimeError: No port found with ID e3f5c2f1-2189-4c3e-8508-1fb33d0aeab7
2026-04-10 15:02:15.188 10 INFO neutron.plugins.ml2.drivers.ovn.mech_driver.mech_driver [None req-7db40a3b-b51b-47c6-86fc-78675a44e990 - - - - - -] OVN reports status up for port: 011967b0-6582-4713-8aff-a728869552ac
2026-04-10 15:02:15.195 9 INFO neutron.db.ovn_revision_numbers_db [None req-ac66f81a-a7c8-4abc-b1bb-68ea91ff4cf9 69d5cd866e144485803fea7449f41f4c 9699fcc5c19f4519a747bda1331cd129 - - default default] Successfully bumped revision number for resource 011967b0-6582-4713-8aff-a728869552ac (type: router_ports) to 2
2026-04-10 15:02:15.196 10 INFO neutron.plugins.ml2.plugin [None req-7db40a3b-b51b-47c6-86fc-78675a44e990 - - - - - -] Attempt 1 to provision port 011967b0-6582-4713-8aff-a728869552ac
2026-04-10 15:02:15.301 9 INFO neutron.db.ovn_revision_numbers_db [None req-ac66f81a-a7c8-4abc-b1bb-68ea91ff4cf9 69d5cd866e144485803fea7449f41f4c 9699fcc5c19f4519a747bda1331cd129 - - default default] Successfully bumped revision number for resource 011967b0-6582-4713-8aff-a728869552ac (type: ports) to 2
2026-04-10 15:02:15.367 9 WARNING neutron.scheduler.dhcp_agent_scheduler [None req-ac66f81a-a7c8-4abc-b1bb-68ea91ff4cf9 69d5cd866e144485803fea7449f41f4c 9699fcc5c19f4519a747bda1331cd129 - - default default] No more DHCP agents
2026-04-10 15:02:15.368 9 WARNING neutron.api.rpc.agentnotifiers.dhcp_rpc_agent_api [None req-ac66f81a-a7c8-4abc-b1bb-68ea91ff4cf9 69d5cd866e144485803fea7449f41f4c 9699fcc5c19f4519a747bda1331cd129 - - default default] Unable to schedule network b4a7aea9-6999-456d-b545-24a53d8e2342: no agents available; will retry on subsequent port and subnet creation events.
2026-04-10 15:02:15.470 10 INFO neutron.db.ovn_revision_numbers_db [None req-7db40a3b-b51b-47c6-86fc-78675a44e990 - - - - - -] Successfully bumped revision number for resource 011967b0-6582-4713-8aff-a728869552ac (type: ports) to 3
2026-04-10 15:02:15.566 9 INFO neutron.db.ovn_revision_numbers_db [None req-ac66f81a-a7c8-4abc-b1bb-68ea91ff4cf9 69d5cd866e144485803fea7449f41f4c 9699fcc5c19f4519a747bda1331cd129 - - - -] Successfully bumped revision number for resource 011967b0-6582-4713-8aff-a728869552ac (type: router_ports) to 3
2026-04-10 15:02:15.570 9 INFO neutron.wsgi [None req-ac66f81a-a7c8-4abc-b1bb-68ea91ff4cf9 69d5cd866e144485803fea7449f41f4c 9699fcc5c19f4519a747bda1331cd129 - - - -] 10.0.0.208 "PUT /v2.0/routers/ed2c9cac-0aa0-4f72-8191-0b8b5237aede/add_router_interface HTTP/1.1" status: 200 len: 503 time: 1.6604331
2026-04-10 15:02:15.703 10 INFO neutron.wsgi [None req-d5e744d0-83ea-4c3b-a6c5-15aec771be86 69d5cd866e144485803fea7449f41f4c 9699fcc5c19f4519a747bda1331cd129 - - default default] 10.0.0.208 "GET /v2.0/ports/011967b0-6582-4713-8aff-a728869552ac HTTP/1.1" status: 200 len: 1141 time: 0.1260977
2026-04-10 15:02:15.740 10 INFO neutron.wsgi [None req-af3088a4-4ebc-4161-baa1-0c254a4c15a7 69d5cd866e144485803fea7449f41f4c 9699fcc5c19f4519a747bda1331cd129 - - default default] 10.0.0.208 "GET /v2.0/ports/011967b0-6582-4713-8aff-a728869552ac HTTP/1.1" status: 200 len: 1141 time: 0.0321839
