2026-04-10 15:04:20.505 9 INFO neutron.db.ovn_revision_numbers_db [None req-2a1b60f0-1b1f-4190-9dd7-5a5b4065bb1e e382d57a1dc8476e98df76a84f9e55ef 2cba3e0f0e5b4099934ec10d61cd2668 - - default default] Successfully bumped revision number for resource 714a926f-03de-4efa-a777-eac947b6ef34 (type: security_groups) to 1
2026-04-10 15:04:20.525 9 INFO neutron.wsgi [None req-2a1b60f0-1b1f-4190-9dd7-5a5b4065bb1e e382d57a1dc8476e98df76a84f9e55ef 2cba3e0f0e5b4099934ec10d61cd2668 - - default default] 10.0.0.208 "GET /v2.0/security-groups?tenant_id=5611067a373c4ded97772eaaf5282c8e&name=default HTTP/1.1" status: 200 len: 3000 time: 0.1146381
2026-04-10 15:04:20.740 9 INFO neutron.wsgi [None req-11313e80-86a0-4fa5-b421-ec65d7a7b25a e382d57a1dc8476e98df76a84f9e55ef 2cba3e0f0e5b4099934ec10d61cd2668 - - - -] 10.0.0.208 "DELETE /v2.0/security-groups/714a926f-03de-4efa-a777-eac947b6ef34 HTTP/1.1" status: 204 len: 168 time: 0.2067966
2026-04-10 15:04:22.352 9 INFO neutron.db.ovn_revision_numbers_db [None req-b9304413-9c56-484c-b048-22c33c85bfca 036c0be88bd947918c03d3a66348b418 363a37219c8d41a78aa3f68817e0a1b2 - - - -] Successfully bumped revision number for resource d0c5bd28-4dc1-4d6c-ac96-3cb8feac7310 (type: security_groups) to 1
2026-04-10 15:04:22.418 9 INFO neutron.db.segments_db [None req-b9304413-9c56-484c-b048-22c33c85bfca 036c0be88bd947918c03d3a66348b418 363a37219c8d41a78aa3f68817e0a1b2 - - - -] Added segment c937a0d3-39b9-4660-bb3b-169553a57db7 of type geneve for network 8292e137-715b-4103-9c13-9d3c4d2a5cee
2026-04-10 15:04:22.427 9 INFO neutron.db.ovn_revision_numbers_db [None req-c232c41b-e28c-430b-aa0c-9826cab0e579 d8d3ed22743a4b7d999f2513f48d6d26 f67b5a89835a44489c37fc8b3e9a8fa1 - - - -] Successfully bumped revision number for resource 86808437-5759-419b-8144-822f0e8339f3 (type: security_groups) to 1
2026-04-10 15:04:22.505 9 INFO neutron.db.segments_db [None req-c232c41b-e28c-430b-aa0c-9826cab0e579 d8d3ed22743a4b7d999f2513f48d6d26 f67b5a89835a44489c37fc8b3e9a8fa1 - - - -] Added segment 0673a18a-fd2b-4676-af72-5793ab9352a4 of type geneve for network 2e3a8d21-f758-4488-93cd-dbc878d01e14
2026-04-10 15:04:22.584 9 INFO neutron.db.ovn_revision_numbers_db [None req-b9304413-9c56-484c-b048-22c33c85bfca 036c0be88bd947918c03d3a66348b418 363a37219c8d41a78aa3f68817e0a1b2 - - - -] Successfully bumped revision number for resource 8292e137-715b-4103-9c13-9d3c4d2a5cee (type: networks) to 1
2026-04-10 15:04:22.708 9 INFO neutron.db.ovn_revision_numbers_db [None req-c232c41b-e28c-430b-aa0c-9826cab0e579 d8d3ed22743a4b7d999f2513f48d6d26 f67b5a89835a44489c37fc8b3e9a8fa1 - - - -] Successfully bumped revision number for resource 2e3a8d21-f758-4488-93cd-dbc878d01e14 (type: networks) to 1
2026-04-10 15:04:22.849 9 WARNING neutron.scheduler.dhcp_agent_scheduler [None req-b9304413-9c56-484c-b048-22c33c85bfca 036c0be88bd947918c03d3a66348b418 363a37219c8d41a78aa3f68817e0a1b2 - - - -] No more DHCP agents
2026-04-10 15:04:22.853 9 WARNING neutron.api.rpc.agentnotifiers.dhcp_rpc_agent_api [None req-b9304413-9c56-484c-b048-22c33c85bfca 036c0be88bd947918c03d3a66348b418 363a37219c8d41a78aa3f68817e0a1b2 - - - -] Unable to schedule network 8292e137-715b-4103-9c13-9d3c4d2a5cee: no agents available; will retry on subsequent port and subnet creation events.
2026-04-10 15:04:22.937 9 INFO neutron.db.ovn_revision_numbers_db [None req-b9304413-9c56-484c-b048-22c33c85bfca 036c0be88bd947918c03d3a66348b418 363a37219c8d41a78aa3f68817e0a1b2 - - - -] Successfully bumped revision number for resource 4ad0543a-2444-4357-9ab4-edd523d0a2ca (type: ports) to 1
2026-04-10 15:04:22.939 9 WARNING neutron.scheduler.dhcp_agent_scheduler [None req-c232c41b-e28c-430b-aa0c-9826cab0e579 d8d3ed22743a4b7d999f2513f48d6d26 f67b5a89835a44489c37fc8b3e9a8fa1 - - - -] No more DHCP agents
2026-04-10 15:04:22.942 9 WARNING neutron.api.rpc.agentnotifiers.dhcp_rpc_agent_api [None req-c232c41b-e28c-430b-aa0c-9826cab0e579 d8d3ed22743a4b7d999f2513f48d6d26 f67b5a89835a44489c37fc8b3e9a8fa1 - - - -] Unable to schedule network 2e3a8d21-f758-4488-93cd-dbc878d01e14: no agents available; will retry on subsequent port and subnet creation events.
2026-04-10 15:04:23.165 9 INFO neutron.wsgi [None req-b9304413-9c56-484c-b048-22c33c85bfca 036c0be88bd947918c03d3a66348b418 363a37219c8d41a78aa3f68817e0a1b2 - - - -] 10.0.0.208 "POST /v2.0/networks HTTP/1.1" status: 201 len: 831 time: 1.1655400
2026-04-10 15:04:23.202 9 INFO neutron.db.ovn_revision_numbers_db [None req-c232c41b-e28c-430b-aa0c-9826cab0e579 d8d3ed22743a4b7d999f2513f48d6d26 f67b5a89835a44489c37fc8b3e9a8fa1 - - - -] Successfully bumped revision number for resource 67f93de4-67cb-470e-9cd9-78c64492827d (type: ports) to 1
2026-04-10 15:04:23.237 9 INFO neutron.wsgi [None req-c232c41b-e28c-430b-aa0c-9826cab0e579 d8d3ed22743a4b7d999f2513f48d6d26 f67b5a89835a44489c37fc8b3e9a8fa1 - - - -] 10.0.0.208 "POST /v2.0/networks HTTP/1.1" status: 201 len: 830 time: 1.0720484
2026-04-10 15:04:23.254 10 INFO neutron.wsgi [None req-f980f9d2-97d4-4a40-94fc-66d72396a723 036c0be88bd947918c03d3a66348b418 363a37219c8d41a78aa3f68817e0a1b2 - - - -] 10.0.0.208 "PUT /v2.0/networks/8292e137-715b-4103-9c13-9d3c4d2a5cee/tags HTTP/1.1" status: 200 len: 218 time: 0.0811417
2026-04-10 15:04:23.305 9 INFO neutron.wsgi [None req-8432246f-7862-47a4-aa10-6ae32339f7bc 036c0be88bd947918c03d3a66348b418 363a37219c8d41a78aa3f68817e0a1b2 - - default default] 10.0.0.208 "GET /v2.0/networks/8292e137-715b-4103-9c13-9d3c4d2a5cee/tags HTTP/1.1" status: 200 len: 218 time: 0.0469832
2026-04-10 15:04:23.333 9 INFO neutron.db.segments_db [None req-29aefe0b-f9c7-4e3d-97d1-8f55ad77d413 d8d3ed22743a4b7d999f2513f48d6d26 f67b5a89835a44489c37fc8b3e9a8fa1 - - - -] Added segment a1f98150-fe83-4f49-8c35-5370b8705304 of type geneve for network 2f97c1a7-6701-4fe1-8af7-07e235655554
2026-04-10 15:04:23.380 9 INFO neutron.wsgi [None req-18720337-0157-4f77-9719-1420bb623f95 036c0be88bd947918c03d3a66348b418 363a37219c8d41a78aa3f68817e0a1b2 - - - -] 10.0.0.208 "PUT /v2.0/networks/8292e137-715b-4103-9c13-9d3c4d2a5cee/tags/green HTTP/1.1" status: 201 len: 201 time: 0.0688770
2026-04-10 15:04:23.427 10 INFO neutron.wsgi [None req-6fbe706c-ad75-4a66-b7a2-9a4d548513fd 036c0be88bd947918c03d3a66348b418 363a37219c8d41a78aa3f68817e0a1b2 - - default default] 10.0.0.208 "GET /v2.0/networks/8292e137-715b-4103-9c13-9d3c4d2a5cee/tags HTTP/1.1" status: 200 len: 227 time: 0.0410807
2026-04-10 15:04:23.461 9 INFO neutron.db.ovn_revision_numbers_db [None req-29aefe0b-f9c7-4e3d-97d1-8f55ad77d413 d8d3ed22743a4b7d999f2513f48d6d26 f67b5a89835a44489c37fc8b3e9a8fa1 - - - -] Successfully bumped revision number for resource 2f97c1a7-6701-4fe1-8af7-07e235655554 (type: networks) to 1
2026-04-10 15:04:23.472 10 INFO neutron.wsgi [None req-99a40194-95b9-419f-8568-fbcecbc4e6bb 036c0be88bd947918c03d3a66348b418 363a37219c8d41a78aa3f68817e0a1b2 - - - -] 10.0.0.208 "PUT /v2.0/networks/8292e137-715b-4103-9c13-9d3c4d2a5cee/tags/red HTTP/1.1" status: 201 len: 201 time: 0.0407016
2026-04-10 15:04:23.520 9 INFO neutron.wsgi [None req-d2fb5cdb-41f4-4224-9ccf-52a4c800e2d2 036c0be88bd947918c03d3a66348b418 363a37219c8d41a78aa3f68817e0a1b2 - - default default] 10.0.0.208 "GET /v2.0/networks/8292e137-715b-4103-9c13-9d3c4d2a5cee/tags HTTP/1.1" status: 200 len: 227 time: 0.0430479
2026-04-10 15:04:23.611 9 INFO neutron.wsgi [None req-d4bc456c-975d-43ad-8b6d-26a3d0feafbd 036c0be88bd947918c03d3a66348b418 363a37219c8d41a78aa3f68817e0a1b2 - - - -] 10.0.0.208 "PUT /v2.0/networks/8292e137-715b-4103-9c13-9d3c4d2a5cee/tags/black.or.white HTTP/1.1" status: 201 len: 201 time: 0.0857697
2026-04-10 15:04:23.670 9 WARNING neutron.scheduler.dhcp_agent_scheduler [None req-29aefe0b-f9c7-4e3d-97d1-8f55ad77d413 d8d3ed22743a4b7d999f2513f48d6d26 f67b5a89835a44489c37fc8b3e9a8fa1 - - - -] No more DHCP agents
2026-04-10 15:04:23.673 9 WARNING neutron.api.rpc.agentnotifiers.dhcp_rpc_agent_api [None req-29aefe0b-f9c7-4e3d-97d1-8f55ad77d413 d8d3ed22743a4b7d999f2513f48d6d26 f67b5a89835a44489c37fc8b3e9a8fa1 - - - -] Unable to schedule network 2f97c1a7-6701-4fe1-8af7-07e235655554: no agents available; will retry on subsequent port and subnet creation events.
2026-04-10 15:04:23.677 10 INFO neutron.wsgi [None req-16025801-7e8d-4d1a-b6c7-c93de060e284 036c0be88bd947918c03d3a66348b418 363a37219c8d41a78aa3f68817e0a1b2 - - default default] 10.0.0.208 "GET /v2.0/networks/8292e137-715b-4103-9c13-9d3c4d2a5cee/tags HTTP/1.1" status: 200 len: 245 time: 0.0610330
2026-04-10 15:04:23.724 9 INFO neutron.db.ovn_revision_numbers_db [None req-29aefe0b-f9c7-4e3d-97d1-8f55ad77d413 d8d3ed22743a4b7d999f2513f48d6d26 f67b5a89835a44489c37fc8b3e9a8fa1 - - - -] Successfully bumped revision number for resource d1bb82d4-ce3b-45ad-a9e8-00e867bfe291 (type: ports) to 1
2026-04-10 15:04:23.740 9 INFO neutron.wsgi [None req-29aefe0b-f9c7-4e3d-97d1-8f55ad77d413 d8d3ed22743a4b7d999f2513f48d6d26 f67b5a89835a44489c37fc8b3e9a8fa1 - - - -] 10.0.0.208 "POST /v2.0/networks HTTP/1.1" status: 201 len: 830 time: 0.4989281
2026-04-10 15:04:23.774 10 INFO neutron.wsgi [None req-146b13d3-1df8-4a78-a05b-3dc9a04895a7 036c0be88bd947918c03d3a66348b418 363a37219c8d41a78aa3f68817e0a1b2 - - - -] 10.0.0.208 "PUT /v2.0/networks/8292e137-715b-4103-9c13-9d3c4d2a5cee/tags HTTP/1.1" status: 200 len: 230 time: 0.0904715
2026-04-10 15:04:23.809 9 INFO neutron.wsgi [None req-0198facb-4e08-4409-8bc6-3ae1f5d225d2 036c0be88bd947918c03d3a66348b418 363a37219c8d41a78aa3f68817e0a1b2 - - default default] 10.0.0.208 "GET /v2.0/networks/8292e137-715b-4103-9c13-9d3c4d2a5cee/tags HTTP/1.1" status: 200 len: 230 time: 0.0306721
2026-04-10 15:04:23.821 10 INFO neutron.wsgi [None req-a0548056-0557-4c80-893a-24ed8a4d4ea1 d8d3ed22743a4b7d999f2513f48d6d26 f67b5a89835a44489c37fc8b3e9a8fa1 - - - -] 10.0.0.208 "PUT /v2.0/networks/2e3a8d21-f758-4488-93cd-dbc878d01e14/tags HTTP/1.1" status: 200 len: 218 time: 0.0752759
2026-04-10 15:04:23.859 9 INFO neutron.wsgi [None req-2e8f12a5-8cd8-484f-b491-74e07b73f4b1 036c0be88bd947918c03d3a66348b418 363a37219c8d41a78aa3f68817e0a1b2 - - default default] 10.0.0.208 "GET /v2.0/networks/8292e137-715b-4103-9c13-9d3c4d2a5cee/tags/red HTTP/1.1" status: 204 len: 168 time: 0.0455072
2026-04-10 15:04:23.870 10 INFO neutron.wsgi [None req-464748f1-adad-4128-8a10-0031ab12a52e d8d3ed22743a4b7d999f2513f48d6d26 f67b5a89835a44489c37fc8b3e9a8fa1 - - default default] 10.0.0.208 "GET /v2.0/networks/2e3a8d21-f758-4488-93cd-dbc878d01e14/tags HTTP/1.1" status: 200 len: 218 time: 0.0450764
2026-04-10 15:04:23.903 9 INFO neutron.api.v2.resource [None req-beb6e712-ba19-45bd-95b1-79992e6877b9 036c0be88bd947918c03d3a66348b418 363a37219c8d41a78aa3f68817e0a1b2 - - default default] show failed (client error): The resource could not be found.
2026-04-10 15:04:23.905 9 INFO neutron.wsgi [None req-beb6e712-ba19-45bd-95b1-79992e6877b9 036c0be88bd947918c03d3a66348b418 363a37219c8d41a78aa3f68817e0a1b2 - - default default] 10.0.0.208 "GET /v2.0/networks/8292e137-715b-4103-9c13-9d3c4d2a5cee/tags/green HTTP/1.1" status: 404 len: 299 time: 0.0412188
2026-04-10 15:04:23.937 10 INFO neutron.wsgi [None req-ccd8ab65-88e9-4364-831e-b302029b2cea d8d3ed22743a4b7d999f2513f48d6d26 f67b5a89835a44489c37fc8b3e9a8fa1 - - - -] 10.0.0.208 "PUT /v2.0/networks/2f97c1a7-6701-4fe1-8af7-07e235655554/tags HTTP/1.1" status: 200 len: 210 time: 0.0629809
2026-04-10 15:04:23.954 9 INFO neutron.wsgi [None req-0a2c5f6f-67f7-4554-96af-2d9beb1101b3 036c0be88bd947918c03d3a66348b418 363a37219c8d41a78aa3f68817e0a1b2 - - - -] 10.0.0.208 "DELETE /v2.0/networks/8292e137-715b-4103-9c13-9d3c4d2a5cee/tags/red HTTP/1.1" status: 204 len: 168 time: 0.0438774
2026-04-10 15:04:24.003 10 INFO neutron.wsgi [None req-9cdb4402-2fdc-4a06-a4d4-c01b861184bb d8d3ed22743a4b7d999f2513f48d6d26 f67b5a89835a44489c37fc8b3e9a8fa1 - - default default] 10.0.0.208 "GET /v2.0/networks/2f97c1a7-6701-4fe1-8af7-07e235655554/tags HTTP/1.1" status: 200 len: 210 time: 0.0620441
2026-04-10 15:04:24.006 9 INFO neutron.wsgi [None req-1fc59e5e-9aad-484e-ad16-f162f86e22f1 036c0be88bd947918c03d3a66348b418 363a37219c8d41a78aa3f68817e0a1b2 - - default default] 10.0.0.208 "GET /v2.0/networks/8292e137-715b-4103-9c13-9d3c4d2a5cee/tags HTTP/1.1" status: 200 len: 223 time: 0.0473289
2026-04-10 15:04:24.051 10 INFO neutron.wsgi [None req-0786251f-4375-4319-9e3b-c7cceabefba3 d8d3ed22743a4b7d999f2513f48d6d26 f67b5a89835a44489c37fc8b3e9a8fa1 - - - -] 10.0.0.208 "PUT /v2.0/networks/2f97c1a7-6701-4fe1-8af7-07e235655554/tags HTTP/1.1" status: 200 len: 205 time: 0.0440934
2026-04-10 15:04:24.053 9 INFO neutron.api.v2.resource [None req-cd0130bf-51ad-430f-acb4-b6a90c420c16 036c0be88bd947918c03d3a66348b418 363a37219c8d41a78aa3f68817e0a1b2 - - - -] delete failed (client error): The resource could not be found.
2026-04-10 15:04:24.054 9 INFO neutron.wsgi [None req-cd0130bf-51ad-430f-acb4-b6a90c420c16 036c0be88bd947918c03d3a66348b418 363a37219c8d41a78aa3f68817e0a1b2 - - - -] 10.0.0.208 "DELETE /v2.0/networks/8292e137-715b-4103-9c13-9d3c4d2a5cee/tags/green HTTP/1.1" status: 404 len: 299 time: 0.0430777
2026-04-10 15:04:24.097 10 INFO neutron.wsgi [None req-fce40aa8-2378-401a-b3f3-60cea0e3164e d8d3ed22743a4b7d999f2513f48d6d26 f67b5a89835a44489c37fc8b3e9a8fa1 - - default default] 10.0.0.208 "GET /v2.0/networks/2f97c1a7-6701-4fe1-8af7-07e235655554/tags HTTP/1.1" status: 200 len: 205 time: 0.0426064
2026-04-10 15:04:24.109 9 INFO neutron.wsgi [None req-b04f0546-d6df-41c1-a869-3fa897affd18 036c0be88bd947918c03d3a66348b418 363a37219c8d41a78aa3f68817e0a1b2 - - - -] 10.0.0.208 "DELETE /v2.0/networks/8292e137-715b-4103-9c13-9d3c4d2a5cee/tags HTTP/1.1" status: 204 len: 168 time: 0.0491648
2026-04-10 15:04:24.143 9 INFO neutron.wsgi [None req-495700ba-f8f8-4a41-85bd-b94ef5a9d43f d8d3ed22743a4b7d999f2513f48d6d26 f67b5a89835a44489c37fc8b3e9a8fa1 - - default default] 10.0.0.208 "GET /v2.0/networks/2e3a8d21-f758-4488-93cd-dbc878d01e14/tags HTTP/1.1" status: 200 len: 218 time: 0.0401790
2026-04-10 15:04:24.157 10 INFO neutron.wsgi [None req-fa5da594-f6ba-45b1-bcd3-70e5312a52fb 036c0be88bd947918c03d3a66348b418 363a37219c8d41a78aa3f68817e0a1b2 - - default default] 10.0.0.208 "GET /v2.0/networks/8292e137-715b-4103-9c13-9d3c4d2a5cee/tags HTTP/1.1" status: 200 len: 205 time: 0.0435667
2026-04-10 15:04:24.506 9 INFO neutron.services.segments.plugin [-] Segment 0673a18a-fd2b-4676-af72-5793ab9352a4 resource provider aggregate not found
2026-04-10 15:04:24.511 9 INFO neutron.services.segments.plugin [-] Segment 0673a18a-fd2b-4676-af72-5793ab9352a4 resource provider aggregate not found
2026-04-10 15:04:24.529 9 INFO neutron.services.segments.plugin [-] Segment 0673a18a-fd2b-4676-af72-5793ab9352a4 resource provider not found; error: Placement Client Error (4xx): {"errors": [{"status": 404, "title": "Not Found", "detail": "The resource could not be found.\n\n No resource provider with uuid 0673a18a-fd2b-4676-af72-5793ab9352a4 found for delete ", "request_id": "req-3655e70c-b494-4d23-9f7e-57b311853d0f"}]}
2026-04-10 15:04:24.529 9 INFO neutron.services.segments.plugin [-] Segment 0673a18a-fd2b-4676-af72-5793ab9352a4 resource provider not found; error: Placement Client Error (4xx): {"errors": [{"status": 404, "title": "Not Found", "detail": "The resource could not be found.\n\n No resource provider with uuid 0673a18a-fd2b-4676-af72-5793ab9352a4 found for delete ", "request_id": "req-6c666641-d8c0-482d-89e8-e41f2af720cc"}]}
2026-04-10 15:04:24.537 10 INFO neutron.services.segments.plugin [-] Segment c937a0d3-39b9-4660-bb3b-169553a57db7 resource provider aggregate not found
2026-04-10 15:04:24.546 10 INFO neutron.services.segments.plugin [-] Segment c937a0d3-39b9-4660-bb3b-169553a57db7 resource provider aggregate not found
2026-04-10 15:04:24.556 9 INFO neutron.wsgi [None req-28871987-b81e-4a03-9fd2-c3c5fabe3cf1 d8d3ed22743a4b7d999f2513f48d6d26 f67b5a89835a44489c37fc8b3e9a8fa1 - - - -] 10.0.0.208 "DELETE /v2.0/networks/2e3a8d21-f758-4488-93cd-dbc878d01e14 HTTP/1.1" status: 204 len: 168 time: 0.3905563
2026-04-10 15:04:24.562 10 INFO neutron.services.segments.plugin [-] Segment c937a0d3-39b9-4660-bb3b-169553a57db7 resource provider not found; error: Placement Client Error (4xx): {"errors": [{"status": 404, "title": "Not Found", "detail": "The resource could not be found.\n\n No resource provider with uuid c937a0d3-39b9-4660-bb3b-169553a57db7 found for delete ", "request_id": "req-edd4b599-0d21-4565-a6e3-48d14534495c"}]}
2026-04-10 15:04:24.584 10 INFO neutron.services.segments.plugin [-] Segment c937a0d3-39b9-4660-bb3b-169553a57db7 resource provider not found; error: Placement Client Error (4xx): {"errors": [{"status": 404, "title": "Not Found", "detail": "The resource could not be found.\n\n No resource provider with uuid c937a0d3-39b9-4660-bb3b-169553a57db7 found for delete ", "request_id": "req-18f541de-d01a-4019-aba4-406b1dcc9f0c"}]}
2026-04-10 15:04:24.646 10 INFO neutron.wsgi [None req-d1e90dbb-0a60-48dd-8014-7b1e7a1f02d8 036c0be88bd947918c03d3a66348b418 363a37219c8d41a78aa3f68817e0a1b2 - - - -] 10.0.0.208 "DELETE /v2.0/networks/8292e137-715b-4103-9c13-9d3c4d2a5cee HTTP/1.1" status: 204 len: 168 time: 0.4832096
2026-04-10 15:04:24.996 10 INFO neutron.wsgi [None req-64fda497-68dc-4672-8323-2181a54fc4d0 d8d3ed22743a4b7d999f2513f48d6d26 f67b5a89835a44489c37fc8b3e9a8fa1 - - - -] 10.0.0.208 "DELETE /v2.0/networks/2f97c1a7-6701-4fe1-8af7-07e235655554 HTTP/1.1" status: 204 len: 168 time: 0.4334280
2026-04-10 15:04:25.542 10 INFO neutron.db.ovn_revision_numbers_db [None req-557db522-dcf0-477d-888c-5622313f6069 e382d57a1dc8476e98df76a84f9e55ef 2cba3e0f0e5b4099934ec10d61cd2668 - - default default] Successfully bumped revision number for resource 497f25c8-0f01-4660-8dd9-823ffb0d7fa4 (type: security_groups) to 1
2026-04-10 15:04:25.568 10 INFO neutron.wsgi [None req-557db522-dcf0-477d-888c-5622313f6069 e382d57a1dc8476e98df76a84f9e55ef 2cba3e0f0e5b4099934ec10d61cd2668 - - default default] 10.0.0.208 "GET /v2.0/security-groups?tenant_id=4766922407ba4b7bad1af078b46cb74a&name=default HTTP/1.1" status: 200 len: 3000 time: 0.3149755
2026-04-10 15:04:25.778 10 INFO neutron.wsgi [None req-428e2085-770e-40dc-9823-469d42a3719f e382d57a1dc8476e98df76a84f9e55ef 2cba3e0f0e5b4099934ec10d61cd2668 - - - -] 10.0.0.208 "DELETE /v2.0/security-groups/497f25c8-0f01-4660-8dd9-823ffb0d7fa4 HTTP/1.1" status: 204 len: 168 time: 0.2060144
2026-04-10 15:04:25.852 9 INFO neutron.db.ovn_revision_numbers_db [None req-186df9fc-70d1-4c3d-b1e8-c29636915e0a e382d57a1dc8476e98df76a84f9e55ef 2cba3e0f0e5b4099934ec10d61cd2668 - - default default] Successfully bumped revision number for resource b520efbf-6b1f-4339-89d0-34202dbd0502 (type: security_groups) to 1
2026-04-10 15:04:25.882 9 INFO neutron.wsgi [None req-186df9fc-70d1-4c3d-b1e8-c29636915e0a e382d57a1dc8476e98df76a84f9e55ef 2cba3e0f0e5b4099934ec10d61cd2668 - - default default] 10.0.0.208 "GET /v2.0/security-groups?tenant_id=faa91b9b8261496895752b2c0f7925fb&name=default HTTP/1.1" status: 200 len: 3000 time: 0.2336187
2026-04-10 15:04:25.967 9 INFO neutron.wsgi [None req-487bf743-97b8-4c1d-9c59-d49621b4679b e382d57a1dc8476e98df76a84f9e55ef 2cba3e0f0e5b4099934ec10d61cd2668 - - default default] 10.0.0.208 "GET /v2.0/security-groups?tenant_id=363a37219c8d41a78aa3f68817e0a1b2&name=default HTTP/1.1" status: 200 len: 3000 time: 0.0410733
2026-04-10 15:04:26.165 9 INFO neutron.wsgi [None req-71b79528-12ee-46f9-ac33-3d5af0eeea7c e382d57a1dc8476e98df76a84f9e55ef 2cba3e0f0e5b4099934ec10d61cd2668 - - - -] 10.0.0.208 "DELETE /v2.0/security-groups/b520efbf-6b1f-4339-89d0-34202dbd0502 HTTP/1.1" status: 204 len: 168 time: 0.2777767
2026-04-10 15:04:26.193 9 INFO neutron.wsgi [None req-2e12ff76-bd54-4cc5-b4d3-4f86e2e89c74 e382d57a1dc8476e98df76a84f9e55ef 2cba3e0f0e5b4099934ec10d61cd2668 - - - -] 10.0.0.208 "DELETE /v2.0/security-groups/d0c5bd28-4dc1-4d6c-ac96-3cb8feac7310 HTTP/1.1" status: 204 len: 168 time: 0.2197802
2026-04-10 15:04:26.394 9 INFO neutron.wsgi [None req-a87ed5b9-ac55-46bc-ab07-5c71384b03db e382d57a1dc8476e98df76a84f9e55ef 2cba3e0f0e5b4099934ec10d61cd2668 - - default default] 10.0.0.208 "GET /v2.0/security-groups?tenant_id=f67b5a89835a44489c37fc8b3e9a8fa1&name=default HTTP/1.1" status: 200 len: 3000 time: 0.0290589
2026-04-10 15:04:26.589 9 INFO neutron.wsgi [None req-b86db545-0ffb-42ed-9ebb-b5faab9285b8 e382d57a1dc8476e98df76a84f9e55ef 2cba3e0f0e5b4099934ec10d61cd2668 - - - -] 10.0.0.208 "DELETE /v2.0/security-groups/86808437-5759-419b-8144-822f0e8339f3 HTTP/1.1" status: 204 len: 168 time: 0.1897473
2026-04-10 15:04:26.593 10 INFO neutron.services.segments.plugin [-] Segment a1f98150-fe83-4f49-8c35-5370b8705304 resource provider aggregate not found
2026-04-10 15:04:26.604 10 INFO neutron.services.segments.plugin [-] Segment a1f98150-fe83-4f49-8c35-5370b8705304 resource provider aggregate not found
2026-04-10 15:04:26.614 10 INFO neutron.services.segments.plugin [-] Segment a1f98150-fe83-4f49-8c35-5370b8705304 resource provider not found; error: Placement Client Error (4xx): {"errors": [{"status": 404, "title": "Not Found", "detail": "The resource could not be found.\n\n No resource provider with uuid a1f98150-fe83-4f49-8c35-5370b8705304 found for delete ", "request_id": "req-1e704d3f-5437-4932-9eff-f4f145af07da"}]}
2026-04-10 15:04:26.619 10 INFO neutron.services.segments.plugin [-] Segment a1f98150-fe83-4f49-8c35-5370b8705304 resource provider not found; error: Placement Client Error (4xx): {"errors": [{"status": 404, "title": "Not Found", "detail": "The resource could not be found.\n\n No resource provider with uuid a1f98150-fe83-4f49-8c35-5370b8705304 found for delete ", "request_id": "req-d934ab90-bf9c-4500-b113-de6c5b16c789"}]}
2026-04-10 15:04:29.792 9 INFO neutron.db.ovn_revision_numbers_db [None req-ed64db53-9820-4282-91c2-7473ed93d253 aa5d62c061394ed69dab502290bbdc55 1453c87af1854ff2bf19cdfd42145745 - - - -] Successfully bumped revision number for resource 2b939dbd-18d3-49a1-9dd4-ddc3a646a2e8 (type: security_groups) to 1
2026-04-10 15:04:29.794 10 INFO neutron.wsgi [None req-f91b5b23-496b-44f8-bc3e-ce3f4b87adcf 2f27425a663a4f41a494a1e19a521251 f4097b83fa9c4bff9933ac440d8f8f84 - - - -] 10.0.0.208 "POST /v2.0/qos/policies HTTP/1.1" status: 201 len: 558 time: 0.0908191
2026-04-10 15:04:29.831 9 INFO neutron.wsgi [None req-5a992bff-d52b-4460-98d0-2dc3815e6d80 2f27425a663a4f41a494a1e19a521251 f4097b83fa9c4bff9933ac440d8f8f84 - - - -] 10.0.0.208 "PUT /v2.0/policies/f61e5250-ed8d-42ed-9466-c1ed095e14df/tags HTTP/1.1" status: 200 len: 218 time: 0.0313621
2026-04-10 15:04:29.851 9 INFO neutron.wsgi [None req-5feb394b-70a7-495e-a43a-a7383c7dd0ab 2f27425a663a4f41a494a1e19a521251 f4097b83fa9c4bff9933ac440d8f8f84 - - default default] 10.0.0.208 "GET /v2.0/policies/f61e5250-ed8d-42ed-9466-c1ed095e14df/tags HTTP/1.1" status: 200 len: 218 time: 0.0163870
2026-04-10 15:04:29.853 9 INFO neutron.db.segments_db [None req-ed64db53-9820-4282-91c2-7473ed93d253 aa5d62c061394ed69dab502290bbdc55 1453c87af1854ff2bf19cdfd42145745 - - - -] Added segment ba7bb91e-80cc-4296-ba3e-94b8e77ddaa3 of type geneve for network 2249a769-66bd-4c62-80de-1f985ec64204
2026-04-10 15:04:29.886 10 INFO neutron.wsgi [None req-d168f267-39b3-423d-a89a-89e0433b6a74 2f27425a663a4f41a494a1e19a521251 f4097b83fa9c4bff9933ac440d8f8f84 - - - -] 10.0.0.208 "PUT /v2.0/policies/f61e5250-ed8d-42ed-9466-c1ed095e14df/tags/green HTTP/1.1" status: 201 len: 201 time: 0.0300803
2026-04-10 15:04:29.903 10 INFO neutron.wsgi [None req-feb46cea-f31b-4a40-b131-4e245d05279b 2f27425a663a4f41a494a1e19a521251 f4097b83fa9c4bff9933ac440d8f8f84 - - default default] 10.0.0.208 "GET /v2.0/policies/f61e5250-ed8d-42ed-9466-c1ed095e14df/tags HTTP/1.1" status: 200 len: 227 time: 0.0120797
2026-04-10 15:04:29.923 10 INFO neutron.wsgi [None req-8c8215be-e61f-43b8-9886-d2eb017bf6ce 2f27425a663a4f41a494a1e19a521251 f4097b83fa9c4bff9933ac440d8f8f84 - - - -] 10.0.0.208 "PUT /v2.0/policies/f61e5250-ed8d-42ed-9466-c1ed095e14df/tags/red HTTP/1.1" status: 201 len: 201 time: 0.0131853
2026-04-10 15:04:29.939 9 INFO neutron.wsgi [None req-06a18e87-1e0e-4742-9210-8ead5f364d5f 2f27425a663a4f41a494a1e19a521251 f4097b83fa9c4bff9933ac440d8f8f84 - - default default] 10.0.0.208 "GET /v2.0/policies/f61e5250-ed8d-42ed-9466-c1ed095e14df/tags HTTP/1.1" status: 200 len: 227 time: 0.0114648
2026-04-10 15:04:29.972 10 INFO neutron.wsgi [None req-d3eb0f32-9423-4b65-8d47-655f3c2b9848 2f27425a663a4f41a494a1e19a521251 f4097b83fa9c4bff9933ac440d8f8f84 - - - -] 10.0.0.208 "PUT /v2.0/policies/f61e5250-ed8d-42ed-9466-c1ed095e14df/tags/black.or.white HTTP/1.1" status: 201 len: 201 time: 0.0274796
2026-04-10 15:04:29.982 9 INFO neutron.db.ovn_revision_numbers_db [None req-ed64db53-9820-4282-91c2-7473ed93d253 aa5d62c061394ed69dab502290bbdc55 1453c87af1854ff2bf19cdfd42145745 - - - -] Successfully bumped revision number for resource 2249a769-66bd-4c62-80de-1f985ec64204 (type: networks) to 1
2026-04-10 15:04:29.992 10 INFO neutron.wsgi [None req-5dc8a8ef-ffc4-4cd5-92ee-ecece5b0d6a7 2f27425a663a4f41a494a1e19a521251 f4097b83fa9c4bff9933ac440d8f8f84 - - default default] 10.0.0.208 "GET /v2.0/policies/f61e5250-ed8d-42ed-9466-c1ed095e14df/tags HTTP/1.1" status: 200 len: 245 time: 0.0152013
2026-04-10 15:04:30.020 10 INFO neutron.wsgi [None req-be5209e9-a2a6-4e89-af34-58511c3fcee5 2f27425a663a4f41a494a1e19a521251 f4097b83fa9c4bff9933ac440d8f8f84 - - - -] 10.0.0.208 "PUT /v2.0/policies/f61e5250-ed8d-42ed-9466-c1ed095e14df/tags HTTP/1.1" status: 200 len: 230 time: 0.0228720
2026-04-10 15:04:30.036 10 INFO neutron.wsgi [None req-29a5e3b6-e76b-438c-b9ca-b9c0d373f0a4 2f27425a663a4f41a494a1e19a521251 f4097b83fa9c4bff9933ac440d8f8f84 - - default default] 10.0.0.208 "GET /v2.0/policies/f61e5250-ed8d-42ed-9466-c1ed095e14df/tags HTTP/1.1" status: 200 len: 230 time: 0.0117056
2026-04-10 15:04:30.057 10 INFO neutron.wsgi [None req-5670514b-8d5f-42bf-8a8b-1a9eb31728f3 2f27425a663a4f41a494a1e19a521251 f4097b83fa9c4bff9933ac440d8f8f84 - - default default] 10.0.0.208 "GET /v2.0/policies/f61e5250-ed8d-42ed-9466-c1ed095e14df/tags/red HTTP/1.1" status: 204 len: 168 time: 0.0172246
2026-04-10 15:04:30.072 10 INFO neutron.api.v2.resource [None req-d93016d1-c01c-480b-9fd5-edb793658ff0 2f27425a663a4f41a494a1e19a521251 f4097b83fa9c4bff9933ac440d8f8f84 - - default default] show failed (client error): The resource could not be found.
2026-04-10 15:04:30.073 10 INFO neutron.wsgi [None req-d93016d1-c01c-480b-9fd5-edb793658ff0 2f27425a663a4f41a494a1e19a521251 f4097b83fa9c4bff9933ac440d8f8f84 - - default default] 10.0.0.208 "GET /v2.0/policies/f61e5250-ed8d-42ed-9466-c1ed095e14df/tags/green HTTP/1.1" status: 404 len: 299 time: 0.0113854
2026-04-10 15:04:30.099 10 INFO neutron.wsgi [None req-dd0e8445-d6c9-4d1b-9d71-05e8dd0ea9d8 2f27425a663a4f41a494a1e19a521251 f4097b83fa9c4bff9933ac440d8f8f84 - - - -] 10.0.0.208 "DELETE /v2.0/policies/f61e5250-ed8d-42ed-9466-c1ed095e14df/tags/red HTTP/1.1" status: 204 len: 168 time: 0.0218177
2026-04-10 15:04:30.121 9 INFO neutron.wsgi [None req-d2bf20af-5094-4767-90b0-6953b520a361 2f27425a663a4f41a494a1e19a521251 f4097b83fa9c4bff9933ac440d8f8f84 - - default default] 10.0.0.208 "GET /v2.0/policies/f61e5250-ed8d-42ed-9466-c1ed095e14df/tags HTTP/1.1" status: 200 len: 223 time: 0.0174186
2026-04-10 15:04:30.148 10 INFO neutron.api.v2.resource [None req-6309b8c9-19a0-4fe2-acca-c92ce2b09b76 2f27425a663a4f41a494a1e19a521251 f4097b83fa9c4bff9933ac440d8f8f84 - - - -] delete failed (client error): The resource could not be found.
2026-04-10 15:04:30.150 10 INFO neutron.wsgi [None req-6309b8c9-19a0-4fe2-acca-c92ce2b09b76 2f27425a663a4f41a494a1e19a521251 f4097b83fa9c4bff9933ac440d8f8f84 - - - -] 10.0.0.208 "DELETE /v2.0/policies/f61e5250-ed8d-42ed-9466-c1ed095e14df/tags/green HTTP/1.1" status: 404 len: 299 time: 0.0243819
2026-04-10 15:04:30.177 9 WARNING neutron.scheduler.dhcp_agent_scheduler [None req-ed64db53-9820-4282-91c2-7473ed93d253 aa5d62c061394ed69dab502290bbdc55 1453c87af1854ff2bf19cdfd42145745 - - - -] No more DHCP agents
2026-04-10 15:04:30.179 10 INFO neutron.wsgi [None req-8c9d3e68-b411-414c-9b02-f566b91ab2eb 2f27425a663a4f41a494a1e19a521251 f4097b83fa9c4bff9933ac440d8f8f84 - - - -] 10.0.0.208 "DELETE /v2.0/policies/f61e5250-ed8d-42ed-9466-c1ed095e14df/tags HTTP/1.1" status: 204 len: 168 time: 0.0243354
2026-04-10 15:04:30.181 9 WARNING neutron.api.rpc.agentnotifiers.dhcp_rpc_agent_api [None req-ed64db53-9820-4282-91c2-7473ed93d253 aa5d62c061394ed69dab502290bbdc55 1453c87af1854ff2bf19cdfd42145745 - - - -] Unable to schedule network 2249a769-66bd-4c62-80de-1f985ec64204: no agents available; will retry on subsequent port and subnet creation events.
2026-04-10 15:04:30.195 10 INFO neutron.wsgi [None req-c4081881-013c-4349-93ec-3d36042adf03 2f27425a663a4f41a494a1e19a521251 f4097b83fa9c4bff9933ac440d8f8f84 - - default default] 10.0.0.208 "GET /v2.0/policies/f61e5250-ed8d-42ed-9466-c1ed095e14df/tags HTTP/1.1" status: 200 len: 205 time: 0.0115893
2026-04-10 15:04:30.256 9 INFO neutron.db.ovn_revision_numbers_db [None req-ed64db53-9820-4282-91c2-7473ed93d253 aa5d62c061394ed69dab502290bbdc55 1453c87af1854ff2bf19cdfd42145745 - - - -] Successfully bumped revision number for resource e65ad16b-4a9d-4c3c-8da7-b0ab6379684e (type: ports) to 1
2026-04-10 15:04:30.259 10 INFO neutron.wsgi [None req-bfb382ba-bc71-4b27-ae41-e080cc8773dd 2f27425a663a4f41a494a1e19a521251 f4097b83fa9c4bff9933ac440d8f8f84 - - - -] 10.0.0.208 "DELETE /v2.0/qos/policies/f61e5250-ed8d-42ed-9466-c1ed095e14df HTTP/1.1" status: 204 len: 168 time: 0.0565100
2026-04-10 15:04:30.280 9 INFO neutron.wsgi [None req-ed64db53-9820-4282-91c2-7473ed93d253 aa5d62c061394ed69dab502290bbdc55 1453c87af1854ff2bf19cdfd42145745 - - - -] 10.0.0.208 "POST /v2.0/networks HTTP/1.1" status: 201 len: 839 time: 0.7449994
2026-04-10 15:04:30.562 9 WARNING neutron.scheduler.dhcp_agent_scheduler [None req-5b50de72-89f7-45b3-80dd-a1bdc28e36dd aa5d62c061394ed69dab502290bbdc55 1453c87af1854ff2bf19cdfd42145745 - - - -] No more DHCP agents
2026-04-10 15:04:30.569 9 WARNING neutron.api.rpc.agentnotifiers.dhcp_rpc_agent_api [None req-5b50de72-89f7-45b3-80dd-a1bdc28e36dd aa5d62c061394ed69dab502290bbdc55 1453c87af1854ff2bf19cdfd42145745 - - - -] Unable to schedule network 2249a769-66bd-4c62-80de-1f985ec64204: no agents available; will retry on subsequent port and subnet creation events.
2026-04-10 15:04:31.043 9 INFO neutron.db.ovn_revision_numbers_db [None req-5b50de72-89f7-45b3-80dd-a1bdc28e36dd aa5d62c061394ed69dab502290bbdc55 1453c87af1854ff2bf19cdfd42145745 - - - -] Successfully bumped revision number for resource e65ad16b-4a9d-4c3c-8da7-b0ab6379684e (type: ports) to 2
2026-04-10 15:04:31.057 9 INFO neutron.db.ovn_revision_numbers_db [None req-5b50de72-89f7-45b3-80dd-a1bdc28e36dd aa5d62c061394ed69dab502290bbdc55 1453c87af1854ff2bf19cdfd42145745 - - - -] Successfully bumped revision number for resource 1019e215-5f80-4ab5-aa40-c6897d7bbed0 (type: subnets) to 0
2026-04-10 15:04:31.071 9 INFO neutron.wsgi [None req-5b50de72-89f7-45b3-80dd-a1bdc28e36dd aa5d62c061394ed69dab502290bbdc55 1453c87af1854ff2bf19cdfd42145745 - - - -] 10.0.0.208 "POST /v2.0/subnets HTTP/1.1" status: 201 len: 833 time: 0.7847922
2026-04-10 15:04:31.175 9 INFO neutron.db.ovn_revision_numbers_db [None req-6492515b-a5c5-4ee7-bb6b-48d1e59e5c47 e382d57a1dc8476e98df76a84f9e55ef 2cba3e0f0e5b4099934ec10d61cd2668 - - default default] Successfully bumped revision number for resource 76f0068a-2ea7-4ff0-818e-c2e856a2edac (type: security_groups) to 1
2026-04-10 15:04:31.198 9 INFO neutron.wsgi [None req-6492515b-a5c5-4ee7-bb6b-48d1e59e5c47 e382d57a1dc8476e98df76a84f9e55ef 2cba3e0f0e5b4099934ec10d61cd2668 - - default default] 10.0.0.208 "GET /v2.0/security-groups?tenant_id=b8a5b3429bb84d96911d4652f5e4a7f1&name=default HTTP/1.1" status: 200 len: 3000 time: 0.2168381
2026-04-10 15:04:31.240 9 INFO neutron.wsgi [None req-363fbeae-8361-4ab7-8844-b11f69408891 90c775ef1a134979bf8214d7c83c9c63 8e7d27f7e8884a2bb803118f527033ac - - default default] 10.0.0.208 "GET /v2.0/subnetpools?name=shared-default-subnetpool-v6 HTTP/1.1" status: 200 len: 212 time: 0.1632493
2026-04-10 15:04:31.393 9 INFO neutron.wsgi [None req-d7de7c0e-68e0-4f29-9532-0893f6dfe78b e382d57a1dc8476e98df76a84f9e55ef 2cba3e0f0e5b4099934ec10d61cd2668 - - - -] 10.0.0.208 "DELETE /v2.0/security-groups/76f0068a-2ea7-4ff0-818e-c2e856a2edac HTTP/1.1" status: 204 len: 168 time: 0.1910379
2026-04-10 15:04:31.564 10 WARNING neutron.scheduler.dhcp_agent_scheduler [None req-9a56a9d8-5109-4eb0-b4b5-1f100de4cdd4 aa5d62c061394ed69dab502290bbdc55 1453c87af1854ff2bf19cdfd42145745 - - - -] No more DHCP agents
2026-04-10 15:04:31.566 10 WARNING neutron.api.rpc.agentnotifiers.dhcp_rpc_agent_api [None req-9a56a9d8-5109-4eb0-b4b5-1f100de4cdd4 aa5d62c061394ed69dab502290bbdc55 1453c87af1854ff2bf19cdfd42145745 - - - -] Unable to schedule network 2249a769-66bd-4c62-80de-1f985ec64204: no agents available; will retry on subsequent port and subnet creation events.
2026-04-10 15:04:31.570 9 INFO neutron.db.ovn_revision_numbers_db [None req-9f24d53e-9bd9-49bd-85ac-8bbf3eae5864 e382d57a1dc8476e98df76a84f9e55ef 2cba3e0f0e5b4099934ec10d61cd2668 - - default default] Successfully bumped revision number for resource 7d88c3cb-5645-469f-a092-0d62fc68b0ac (type: security_groups) to 1
2026-04-10 15:04:31.577 10 INFO neutron.db.ovn_revision_numbers_db [None req-9a56a9d8-5109-4eb0-b4b5-1f100de4cdd4 aa5d62c061394ed69dab502290bbdc55 1453c87af1854ff2bf19cdfd42145745 - - - -] Successfully bumped revision number for resource 881b42e4-edd9-4563-8d0c-bf29b9938983 (type: subnets) to 0
2026-04-10 15:04:31.590 10 INFO neutron.wsgi [None req-9a56a9d8-5109-4eb0-b4b5-1f100de4cdd4 aa5d62c061394ed69dab502290bbdc55 1453c87af1854ff2bf19cdfd42145745 - - - -] 10.0.0.208 "POST /v2.0/subnets HTTP/1.1" status: 201 len: 906 time: 0.3433020
2026-04-10 15:04:31.593 9 INFO neutron.wsgi [None req-9f24d53e-9bd9-49bd-85ac-8bbf3eae5864 e382d57a1dc8476e98df76a84f9e55ef 2cba3e0f0e5b4099934ec10d61cd2668 - - default default] 10.0.0.208 "GET /v2.0/security-groups?tenant_id=f4097b83fa9c4bff9933ac440d8f8f84&name=default HTTP/1.1" status: 200 len: 3000 time: 0.1147861
2026-04-10 15:04:31.662 10 INFO neutron.db.segments_db [None req-e68a8f94-ea34-4661-872f-0280aed71973 aa5d62c061394ed69dab502290bbdc55 1453c87af1854ff2bf19cdfd42145745 - - - -] Added segment 740ad0a8-c1fe-4a91-a6ed-4defc9d5be41 of type geneve for network b1279347-e0e1-4906-b81d-77cf3d6d2ff0
2026-04-10 15:04:31.787 10 INFO neutron.db.ovn_revision_numbers_db [None req-e68a8f94-ea34-4661-872f-0280aed71973 aa5d62c061394ed69dab502290bbdc55 1453c87af1854ff2bf19cdfd42145745 - - - -] Successfully bumped revision number for resource b1279347-e0e1-4906-b81d-77cf3d6d2ff0 (type: networks) to 1
2026-04-10 15:04:31.796 9 INFO neutron.wsgi [None req-315243dc-658a-457d-aa2b-d140ed9ac1f0 e382d57a1dc8476e98df76a84f9e55ef 2cba3e0f0e5b4099934ec10d61cd2668 - - - -] 10.0.0.208 "DELETE /v2.0/security-groups/7d88c3cb-5645-469f-a092-0d62fc68b0ac HTTP/1.1" status: 204 len: 168 time: 0.1979144
2026-04-10 15:04:31.979 9 INFO neutron.wsgi [-] 10.0.0.106 "GET / HTTP/1.1" status: 200 len: 247 time: 0.0027900
2026-04-10 15:04:31.982 9 INFO neutron.wsgi [-] 10.0.0.106 "GET / HTTP/1.1" status: 200 len: 247 time: 0.0022888
2026-04-10 15:04:31.994 10 WARNING neutron.scheduler.dhcp_agent_scheduler [None req-e68a8f94-ea34-4661-872f-0280aed71973 aa5d62c061394ed69dab502290bbdc55 1453c87af1854ff2bf19cdfd42145745 - - - -] No more DHCP agents
2026-04-10 15:04:31.996 10 WARNING neutron.api.rpc.agentnotifiers.dhcp_rpc_agent_api [None req-e68a8f94-ea34-4661-872f-0280aed71973 aa5d62c061394ed69dab502290bbdc55 1453c87af1854ff2bf19cdfd42145745 - - - -] Unable to schedule network b1279347-e0e1-4906-b81d-77cf3d6d2ff0: no agents available; will retry on subsequent port and subnet creation events.
2026-04-10 15:04:32.059 10 INFO neutron.db.ovn_revision_numbers_db [None req-e68a8f94-ea34-4661-872f-0280aed71973 aa5d62c061394ed69dab502290bbdc55 1453c87af1854ff2bf19cdfd42145745 - - - -] Successfully bumped revision number for resource 267d761e-5ae4-423a-893e-5aa233393b64 (type: ports) to 1
2026-04-10 15:04:32.083 10 INFO neutron.wsgi [None req-e68a8f94-ea34-4661-872f-0280aed71973 aa5d62c061394ed69dab502290bbdc55 1453c87af1854ff2bf19cdfd42145745 - - - -] 10.0.0.208 "POST /v2.0/networks HTTP/1.1" status: 201 len: 837 time: 0.4870696
2026-04-10 15:04:32.353 10 WARNING neutron.scheduler.dhcp_agent_scheduler [None req-81aeeb3e-ba6e-4d4a-871d-55dc086633fa aa5d62c061394ed69dab502290bbdc55 1453c87af1854ff2bf19cdfd42145745 - - - -] No more DHCP agents
2026-04-10 15:04:32.355 10 WARNING neutron.api.rpc.agentnotifiers.dhcp_rpc_agent_api [None req-81aeeb3e-ba6e-4d4a-871d-55dc086633fa aa5d62c061394ed69dab502290bbdc55 1453c87af1854ff2bf19cdfd42145745 - - - -] Unable to schedule network b1279347-e0e1-4906-b81d-77cf3d6d2ff0: no agents available; will retry on subsequent port and subnet creation events.
2026-04-10 15:04:32.783 10 INFO neutron.db.ovn_revision_numbers_db [None req-81aeeb3e-ba6e-4d4a-871d-55dc086633fa aa5d62c061394ed69dab502290bbdc55 1453c87af1854ff2bf19cdfd42145745 - - - -] Successfully bumped revision number for resource 267d761e-5ae4-423a-893e-5aa233393b64 (type: ports) to 2
2026-04-10 15:04:32.796 10 INFO neutron.db.ovn_revision_numbers_db [None req-81aeeb3e-ba6e-4d4a-871d-55dc086633fa aa5d62c061394ed69dab502290bbdc55 1453c87af1854ff2bf19cdfd42145745 - - - -] Successfully bumped revision number for resource e51dcfae-4ee8-4df0-adc6-908eef817a17 (type: subnets) to 0
2026-04-10 15:04:32.812 10 INFO neutron.wsgi [None req-81aeeb3e-ba6e-4d4a-871d-55dc086633fa aa5d62c061394ed69dab502290bbdc55 1453c87af1854ff2bf19cdfd42145745 - - - -] 10.0.0.208 "POST /v2.0/subnets HTTP/1.1" status: 201 len: 830 time: 0.7237177
2026-04-10 15:04:33.082 10 WARNING neutron.scheduler.dhcp_agent_scheduler [None req-9535e05e-ba9f-4584-908e-16d49f6b8632 aa5d62c061394ed69dab502290bbdc55 1453c87af1854ff2bf19cdfd42145745 - - - -] No more DHCP agents
2026-04-10 15:04:33.083 10 WARNING neutron.api.rpc.agentnotifiers.dhcp_rpc_agent_api [None req-9535e05e-ba9f-4584-908e-16d49f6b8632 aa5d62c061394ed69dab502290bbdc55 1453c87af1854ff2bf19cdfd42145745 - - - -] Unable to schedule network b1279347-e0e1-4906-b81d-77cf3d6d2ff0: no agents available; will retry on subsequent port and subnet creation events.
2026-04-10 15:04:33.096 10 INFO neutron.db.ovn_revision_numbers_db [None req-9535e05e-ba9f-4584-908e-16d49f6b8632 aa5d62c061394ed69dab502290bbdc55 1453c87af1854ff2bf19cdfd42145745 - - - -] Successfully bumped revision number for resource 7439cac4-87f6-4eb5-96bf-f5d00d6d7c4e (type: subnets) to 0
2026-04-10 15:04:33.112 10 INFO neutron.wsgi [None req-9535e05e-ba9f-4584-908e-16d49f6b8632 aa5d62c061394ed69dab502290bbdc55 1453c87af1854ff2bf19cdfd42145745 - - - -] 10.0.0.208 "POST /v2.0/subnets HTTP/1.1" status: 201 len: 901 time: 0.2937806
2026-04-10 15:04:33.208 10 INFO neutron.db.segments_db [None req-c478b0ee-b450-4076-b290-ef954e674c05 aa5d62c061394ed69dab502290bbdc55 1453c87af1854ff2bf19cdfd42145745 - - - -] Added segment cc5c9657-51e0-4263-9556-4a0b5fda2168 of type geneve for network c4000211-d446-457e-94b1-030b7aeef528
2026-04-10 15:04:33.324 10 INFO neutron.db.ovn_revision_numbers_db [None req-c478b0ee-b450-4076-b290-ef954e674c05 aa5d62c061394ed69dab502290bbdc55 1453c87af1854ff2bf19cdfd42145745 - - - -] Successfully bumped revision number for resource c4000211-d446-457e-94b1-030b7aeef528 (type: networks) to 1
2026-04-10 15:04:33.506 10 WARNING neutron.scheduler.dhcp_agent_scheduler [None req-c478b0ee-b450-4076-b290-ef954e674c05 aa5d62c061394ed69dab502290bbdc55 1453c87af1854ff2bf19cdfd42145745 - - - -] No more DHCP agents
2026-04-10 15:04:33.508 10 WARNING neutron.api.rpc.agentnotifiers.dhcp_rpc_agent_api [None req-c478b0ee-b450-4076-b290-ef954e674c05 aa5d62c061394ed69dab502290bbdc55 1453c87af1854ff2bf19cdfd42145745 - - - -] Unable to schedule network c4000211-d446-457e-94b1-030b7aeef528: no agents available; will retry on subsequent port and subnet creation events.
2026-04-10 15:04:33.563 10 INFO neutron.db.ovn_revision_numbers_db [None req-c478b0ee-b450-4076-b290-ef954e674c05 aa5d62c061394ed69dab502290bbdc55 1453c87af1854ff2bf19cdfd42145745 - - - -] Successfully bumped revision number for resource 679b008d-0b04-4513-aebb-62bf6b61f7dd (type: ports) to 1
2026-04-10 15:04:33.579 10 INFO neutron.wsgi [None req-c478b0ee-b450-4076-b290-ef954e674c05 aa5d62c061394ed69dab502290bbdc55 1453c87af1854ff2bf19cdfd42145745 - - - -] 10.0.0.208 "POST /v2.0/networks HTTP/1.1" status: 201 len: 837 time: 0.4619288
2026-04-10 15:04:33.826 10 WARNING neutron.scheduler.dhcp_agent_scheduler [None req-57035008-c459-49cd-b220-c2701152bf29 aa5d62c061394ed69dab502290bbdc55 1453c87af1854ff2bf19cdfd42145745 - - - -] No more DHCP agents
2026-04-10 15:04:33.828 10 WARNING neutron.api.rpc.agentnotifiers.dhcp_rpc_agent_api [None req-57035008-c459-49cd-b220-c2701152bf29 aa5d62c061394ed69dab502290bbdc55 1453c87af1854ff2bf19cdfd42145745 - - - -] Unable to schedule network c4000211-d446-457e-94b1-030b7aeef528: no agents available; will retry on subsequent port and subnet creation events.
2026-04-10 15:04:34.262 10 INFO neutron.db.ovn_revision_numbers_db [None req-57035008-c459-49cd-b220-c2701152bf29 aa5d62c061394ed69dab502290bbdc55 1453c87af1854ff2bf19cdfd42145745 - - - -] Successfully bumped revision number for resource 679b008d-0b04-4513-aebb-62bf6b61f7dd (type: ports) to 2
2026-04-10 15:04:34.274 10 INFO neutron.db.ovn_revision_numbers_db [None req-57035008-c459-49cd-b220-c2701152bf29 aa5d62c061394ed69dab502290bbdc55 1453c87af1854ff2bf19cdfd42145745 - - - -] Successfully bumped revision number for resource 03c201d7-f2e8-4d58-bdc7-1458675ccdee (type: subnets) to 0
2026-04-10 15:04:34.289 10 INFO neutron.wsgi [None req-57035008-c459-49cd-b220-c2701152bf29 aa5d62c061394ed69dab502290bbdc55 1453c87af1854ff2bf19cdfd42145745 - - - -] 10.0.0.208 "POST /v2.0/subnets HTTP/1.1" status: 201 len: 830 time: 0.7041066
2026-04-10 15:04:34.562 10 WARNING neutron.scheduler.dhcp_agent_scheduler [None req-1d7131ab-a440-4325-8f4e-378c0d69bf6e aa5d62c061394ed69dab502290bbdc55 1453c87af1854ff2bf19cdfd42145745 - - - -] No more DHCP agents
2026-04-10 15:04:34.564 10 WARNING neutron.api.rpc.agentnotifiers.dhcp_rpc_agent_api [None req-1d7131ab-a440-4325-8f4e-378c0d69bf6e aa5d62c061394ed69dab502290bbdc55 1453c87af1854ff2bf19cdfd42145745 - - - -] Unable to schedule network c4000211-d446-457e-94b1-030b7aeef528: no agents available; will retry on subsequent port and subnet creation events.
2026-04-10 15:04:34.577 10 INFO neutron.db.ovn_revision_numbers_db [None req-1d7131ab-a440-4325-8f4e-378c0d69bf6e aa5d62c061394ed69dab502290bbdc55 1453c87af1854ff2bf19cdfd42145745 - - - -] Successfully bumped revision number for resource d0f8f176-62f9-4212-b2f4-af2744074d87 (type: subnets) to 0
2026-04-10 15:04:34.596 10 INFO neutron.wsgi [None req-1d7131ab-a440-4325-8f4e-378c0d69bf6e aa5d62c061394ed69dab502290bbdc55 1453c87af1854ff2bf19cdfd42145745 - - - -] 10.0.0.208 "POST /v2.0/subnets HTTP/1.1" status: 201 len: 905 time: 0.3002672
2026-04-10 15:04:35.053 9 INFO neutron.wsgi [None req-7af628c5-3edf-405b-8bb6-1f46601037e3 6675ebb1d1594588a33a47c37cf5ff40 7a91ed9d560e4a72bacb4116c6737b54 - - - -] 10.0.0.208 "POST /v2.0/subnetpools HTTP/1.1" status: 201 len: 715 time: 0.2124796
2026-04-10 15:04:35.089 9 INFO neutron.wsgi [None req-777e8f59-e7cf-43ba-a764-02edba2020f4 6675ebb1d1594588a33a47c37cf5ff40 7a91ed9d560e4a72bacb4116c6737b54 - - - -] 10.0.0.208 "PUT /v2.0/subnetpools/265caf74-ba8a-481e-97a6-8e61559a8341/tags HTTP/1.1" status: 200 len: 218 time: 0.0293834
2026-04-10 15:04:35.136 10 INFO neutron.wsgi [None req-d499e556-8709-414b-acdb-2a700e24bc5b 6675ebb1d1594588a33a47c37cf5ff40 7a91ed9d560e4a72bacb4116c6737b54 - - default default] 10.0.0.208 "GET /v2.0/subnetpools/265caf74-ba8a-481e-97a6-8e61559a8341/tags HTTP/1.1" status: 200 len: 218 time: 0.0410273
2026-04-10 15:04:35.188 10 INFO neutron.wsgi [None req-71df08b3-b257-4809-983b-41526551e70a 6675ebb1d1594588a33a47c37cf5ff40 7a91ed9d560e4a72bacb4116c6737b54 - - - -] 10.0.0.208 "PUT /v2.0/subnetpools/265caf74-ba8a-481e-97a6-8e61559a8341/tags/green HTTP/1.1" status: 201 len: 201 time: 0.0467250
2026-04-10 15:04:35.220 9 INFO neutron.wsgi [None req-ae760c5c-7c54-4944-a836-d2152a1506dd 6675ebb1d1594588a33a47c37cf5ff40 7a91ed9d560e4a72bacb4116c6737b54 - - default default] 10.0.0.208 "GET /v2.0/subnetpools/265caf74-ba8a-481e-97a6-8e61559a8341/tags HTTP/1.1" status: 200 len: 227 time: 0.0215495
2026-04-10 15:04:35.244 9 INFO neutron.wsgi [None req-307821cc-f9bd-4831-b87f-74d286bb9b8d 6675ebb1d1594588a33a47c37cf5ff40 7a91ed9d560e4a72bacb4116c6737b54 - - - -] 10.0.0.208 "PUT /v2.0/subnetpools/265caf74-ba8a-481e-97a6-8e61559a8341/tags/red HTTP/1.1" status: 201 len: 201 time: 0.0181036
2026-04-10 15:04:35.268 9 INFO neutron.wsgi [None req-1d62f872-4c07-4157-a19e-11669b0b047a 6675ebb1d1594588a33a47c37cf5ff40 7a91ed9d560e4a72bacb4116c6737b54 - - default default] 10.0.0.208 "GET /v2.0/subnetpools/265caf74-ba8a-481e-97a6-8e61559a8341/tags HTTP/1.1" status: 200 len: 227 time: 0.0180483
2026-04-10 15:04:35.305 9 INFO neutron.wsgi [None req-1e399a76-f329-4d5a-8641-23ce2e21094f 6675ebb1d1594588a33a47c37cf5ff40 7a91ed9d560e4a72bacb4116c6737b54 - - - -] 10.0.0.208 "PUT /v2.0/subnetpools/265caf74-ba8a-481e-97a6-8e61559a8341/tags/black.or.white HTTP/1.1" status: 201 len: 201 time: 0.0311370
2026-04-10 15:04:35.326 9 INFO neutron.wsgi [None req-c5168741-a9f9-4738-a5ed-6b501d73a367 6675ebb1d1594588a33a47c37cf5ff40 7a91ed9d560e4a72bacb4116c6737b54 - - default default] 10.0.0.208 "GET /v2.0/subnetpools/265caf74-ba8a-481e-97a6-8e61559a8341/tags HTTP/1.1" status: 200 len: 245 time: 0.0160332
2026-04-10 15:04:35.359 9 INFO neutron.wsgi [None req-25c5483b-cfc3-43a3-ba09-1f9522bd5b51 6675ebb1d1594588a33a47c37cf5ff40 7a91ed9d560e4a72bacb4116c6737b54 - - - -] 10.0.0.208 "PUT /v2.0/subnetpools/265caf74-ba8a-481e-97a6-8e61559a8341/tags HTTP/1.1" status: 200 len: 230 time: 0.0287719
2026-04-10 15:04:35.382 10 WARNING neutron.scheduler.dhcp_agent_scheduler [None req-39188d7d-bccd-4919-a010-adc373138966 aa5d62c061394ed69dab502290bbdc55 1453c87af1854ff2bf19cdfd42145745 - - - -] No more DHCP agents
2026-04-10 15:04:35.384 10 WARNING neutron.api.rpc.agentnotifiers.dhcp_rpc_agent_api [None req-39188d7d-bccd-4919-a010-adc373138966 aa5d62c061394ed69dab502290bbdc55 1453c87af1854ff2bf19cdfd42145745 - - - -] Unable to schedule network 890fb310-6b42-4a79-a46a-55281d1e97d5: no agents available; will retry on subsequent port and subnet creation events.
2026-04-10 15:04:35.387 9 INFO neutron.wsgi [None req-36eddf30-6c62-4dc1-bcd9-0ebd92a2a895 6675ebb1d1594588a33a47c37cf5ff40 7a91ed9d560e4a72bacb4116c6737b54 - - default default] 10.0.0.208 "GET /v2.0/subnetpools/265caf74-ba8a-481e-97a6-8e61559a8341/tags HTTP/1.1" status: 200 len: 230 time: 0.0224829
2026-04-10 15:04:35.408 9 INFO neutron.wsgi [None req-e454cf18-90c0-4c77-84f1-d3344376c63c 6675ebb1d1594588a33a47c37cf5ff40 7a91ed9d560e4a72bacb4116c6737b54 - - default default] 10.0.0.208 "GET /v2.0/subnetpools/265caf74-ba8a-481e-97a6-8e61559a8341/tags/red HTTP/1.1" status: 204 len: 168 time: 0.0168447
2026-04-10 15:04:35.431 9 INFO neutron.api.v2.resource [None req-3aa95e54-6efb-47eb-974f-260cf7d9c3de 6675ebb1d1594588a33a47c37cf5ff40 7a91ed9d560e4a72bacb4116c6737b54 - - default default] show failed (client error): The resource could not be found.
2026-04-10 15:04:35.433 9 INFO neutron.wsgi [None req-3aa95e54-6efb-47eb-974f-260cf7d9c3de 6675ebb1d1594588a33a47c37cf5ff40 7a91ed9d560e4a72bacb4116c6737b54 - - default default] 10.0.0.208 "GET /v2.0/subnetpools/265caf74-ba8a-481e-97a6-8e61559a8341/tags/green HTTP/1.1" status: 404 len: 299 time: 0.0202982
2026-04-10 15:04:35.469 9 INFO neutron.wsgi [None req-6248116c-954e-4acb-8971-6022a50b8d7a 6675ebb1d1594588a33a47c37cf5ff40 7a91ed9d560e4a72bacb4116c6737b54 - - - -] 10.0.0.208 "DELETE /v2.0/subnetpools/265caf74-ba8a-481e-97a6-8e61559a8341/tags/red HTTP/1.1" status: 204 len: 168 time: 0.0291693
2026-04-10 15:04:35.494 9 INFO neutron.wsgi [None req-7cb0357a-5fe8-4db3-9033-cb7b8cdd5572 6675ebb1d1594588a33a47c37cf5ff40 7a91ed9d560e4a72bacb4116c6737b54 - - default default] 10.0.0.208 "GET /v2.0/subnetpools/265caf74-ba8a-481e-97a6-8e61559a8341/tags HTTP/1.1" status: 200 len: 223 time: 0.0177524
2026-04-10 15:04:35.523 10 INFO neutron.db.ovn_revision_numbers_db [None req-39188d7d-bccd-4919-a010-adc373138966 aa5d62c061394ed69dab502290bbdc55 1453c87af1854ff2bf19cdfd42145745 - - - -] Successfully bumped revision number for resource 4848cb9d-9bd9-4f24-aae6-819c262f6f21 (type: ports) to 1
2026-04-10 15:04:35.525 9 INFO neutron.api.v2.resource [None req-38ae54fb-aeb5-4df5-9cf6-2488ccde6f90 6675ebb1d1594588a33a47c37cf5ff40 7a91ed9d560e4a72bacb4116c6737b54 - - - -] delete failed (client error): The resource could not be found.
2026-04-10 15:04:35.526 9 INFO neutron.wsgi [None req-38ae54fb-aeb5-4df5-9cf6-2488ccde6f90 6675ebb1d1594588a33a47c37cf5ff40 7a91ed9d560e4a72bacb4116c6737b54 - - - -] 10.0.0.208 "DELETE /v2.0/subnetpools/265caf74-ba8a-481e-97a6-8e61559a8341/tags/green HTTP/1.1" status: 404 len: 299 time: 0.0264068
2026-04-10 15:04:35.561 9 INFO neutron.wsgi [None req-0a461878-dbdb-4448-b739-d9a70c9fa012 6675ebb1d1594588a33a47c37cf5ff40 7a91ed9d560e4a72bacb4116c6737b54 - - - -] 10.0.0.208 "DELETE /v2.0/subnetpools/265caf74-ba8a-481e-97a6-8e61559a8341/tags HTTP/1.1" status: 204 len: 168 time: 0.0303240
2026-04-10 15:04:35.584 9 INFO neutron.wsgi [None req-7f9458f8-99cc-4e0f-a18e-4e921323b146 6675ebb1d1594588a33a47c37cf5ff40 7a91ed9d560e4a72bacb4116c6737b54 - - default default] 10.0.0.208 "GET /v2.0/subnetpools/265caf74-ba8a-481e-97a6-8e61559a8341/tags HTTP/1.1" status: 200 len: 205 time: 0.0168619
2026-04-10 15:04:35.645 9 INFO neutron.wsgi [None req-4687ad0d-910d-4466-b8b2-e979b6dedf9d 6675ebb1d1594588a33a47c37cf5ff40 7a91ed9d560e4a72bacb4116c6737b54 - - - -] 10.0.0.208 "DELETE /v2.0/subnetpools/265caf74-ba8a-481e-97a6-8e61559a8341 HTTP/1.1" status: 204 len: 168 time: 0.0538614
