2026-04-10 15:00:21.225 9 INFO neutron.db.ovn_revision_numbers_db [None req-64956633-6739-4db7-99aa-1e9869cb67fe e094895e20d74e2dbc25333662cfeb4d 4b8c372101f24c088ba588bec024b737 - - - -] Successfully bumped revision number for resource 6490e64c-374c-49fe-a365-fb1cbcfc4632 (type: security_group_rules) to 0
2026-04-10 15:00:21.291 9 INFO neutron.wsgi [None req-64956633-6739-4db7-99aa-1e9869cb67fe e094895e20d74e2dbc25333662cfeb4d 4b8c372101f24c088ba588bec024b737 - - - -] 10.0.0.190 "POST /v2.0/security-group-rules HTTP/1.1" status: 201 len: 786 time: 0.3340595
2026-04-10 15:00:21.314 10 INFO neutron.db.ovn_revision_numbers_db [None req-7d56e61e-7bd9-4eb3-bc92-d60108a454fc 3f40f973128e4065aa00df093340081c af31275850e04310a38f6ec1ab75bc10 - - - -] Successfully bumped revision number for resource 351df9cb-c41b-49e0-9080-6cb4c039b14f (type: floatingips) to 0
2026-04-10 15:00:21.340 10 INFO neutron.wsgi [None req-7d56e61e-7bd9-4eb3-bc92-d60108a454fc 3f40f973128e4065aa00df093340081c af31275850e04310a38f6ec1ab75bc10 - - - -] 10.0.0.208 "POST /v2.0/floatingips HTTP/1.1" status: 201 len: 751 time: 0.6917660
2026-04-10 15:00:21.376 9 INFO neutron.db.ovn_revision_numbers_db [None req-b1e4ae3f-5f16-406d-bfa6-f85cf68c4d2f - - - - - -] Successfully bumped revision number for resource 6f801764-b4ee-4408-a7c6-4fb6763f23e2 (type: ports) to 2
2026-04-10 15:00:21.436 10 INFO neutron.db.ovn_revision_numbers_db [None req-9eebdc7a-1fe3-4039-8645-95745db44c29 e094895e20d74e2dbc25333662cfeb4d 4b8c372101f24c088ba588bec024b737 - - - -] Successfully bumped revision number for resource 2e3ada32-832c-48ca-96f6-47ef8419a5c2 (type: security_groups) to 1
2026-04-10 15:00:21.458 10 INFO neutron.wsgi [None req-9eebdc7a-1fe3-4039-8645-95745db44c29 e094895e20d74e2dbc25333662cfeb4d 4b8c372101f24c088ba588bec024b737 - - - -] 10.0.0.190 "POST /v2.0/security-groups HTTP/1.1" status: 201 len: 1826 time: 0.1362524
2026-04-10 15:00:21.514 10 INFO neutron.db.ovn_revision_numbers_db [None req-f423ff35-ffd5-4491-8da5-468c4f1eca39 e382d57a1dc8476e98df76a84f9e55ef 2cba3e0f0e5b4099934ec10d61cd2668 - - default default] Successfully bumped revision number for resource f55ceccb-5044-497d-b535-4d79160d945b (type: security_groups) to 1
2026-04-10 15:00:21.542 10 INFO neutron.wsgi [None req-f423ff35-ffd5-4491-8da5-468c4f1eca39 e382d57a1dc8476e98df76a84f9e55ef 2cba3e0f0e5b4099934ec10d61cd2668 - - default default] 10.0.0.208 "GET /v2.0/security-groups?tenant_id=078d0cd15c024513af2233eb66aa4c51&name=default HTTP/1.1" status: 200 len: 2996 time: 0.2557235
2026-04-10 15:00:21.548 9 INFO neutron.wsgi [req-63889ca5-d969-4850-91b3-ea154a43601d req-8c4759d6-3775-41ac-8fbc-a5a11f81d3eb e094895e20d74e2dbc25333662cfeb4d 4b8c372101f24c088ba588bec024b737 - - default default] 10.0.0.190 "GET /v2.0/security-groups/2e3ada32-832c-48ca-96f6-47ef8419a5c2 HTTP/1.1" status: 200 len: 1821 time: 0.0590734
2026-04-10 15:00:21.717 10 INFO neutron.wsgi [None req-25109992-2439-485c-a577-7abfe921d567 e382d57a1dc8476e98df76a84f9e55ef 2cba3e0f0e5b4099934ec10d61cd2668 - - - -] 10.0.0.208 "DELETE /v2.0/security-groups/f55ceccb-5044-497d-b535-4d79160d945b HTTP/1.1" status: 204 len: 168 time: 0.1712940
2026-04-10 15:00:21.813 9 INFO neutron.db.ovn_revision_numbers_db [None req-b1e4ae3f-5f16-406d-bfa6-f85cf68c4d2f - - - - - -] Successfully bumped revision number for resource 6f801764-b4ee-4408-a7c6-4fb6763f23e2 (type: ports) to 4
2026-04-10 15:00:21.846 10 INFO neutron.wsgi [req-c8068080-80bc-4d97-ac2b-cf7f418e1de8 req-e0f25b87-97f4-4504-bbba-7271114a3f8f 3f40f973128e4065aa00df093340081c af31275850e04310a38f6ec1ab75bc10 - - default default] 10.0.0.190 "GET /v2.0/security-groups?name=tempest-securitygroup--2073976830&fields=id&tenant_id=af31275850e04310a38f6ec1ab75bc10 HTTP/1.1" status: 200 len: 267 time: 0.0365715
2026-04-10 15:00:21.885 9 INFO neutron.db.ovn_revision_numbers_db [None req-f5e89c65-0833-4953-91d3-a77ac285a3cd e382d57a1dc8476e98df76a84f9e55ef 2cba3e0f0e5b4099934ec10d61cd2668 - - default default] Successfully bumped revision number for resource f2ee307f-db5c-4c51-8692-00d846153cff (type: router_ports) to 2
2026-04-10 15:00:21.902 9 INFO neutron.db.ovn_revision_numbers_db [None req-73cda0f0-e34f-4f21-8f80-6b6e2e6b973a e094895e20d74e2dbc25333662cfeb4d 4b8c372101f24c088ba588bec024b737 - - - -] Successfully bumped revision number for resource 02fc9a51-c2d2-48b8-ab43-10f2699511cb (type: security_group_rules) to 0
2026-04-10 15:00:21.972 9 INFO neutron.wsgi [None req-73cda0f0-e34f-4f21-8f80-6b6e2e6b973a e094895e20d74e2dbc25333662cfeb4d 4b8c372101f24c088ba588bec024b737 - - - -] 10.0.0.190 "POST /v2.0/security-group-rules HTTP/1.1" status: 201 len: 786 time: 0.4166789
2026-04-10 15:00:22.083 9 INFO neutron.wsgi [req-facb044a-035f-43f2-a620-b6f40722c973 req-dde611db-77b7-4f11-add7-a006999ee87a e094895e20d74e2dbc25333662cfeb4d 4b8c372101f24c088ba588bec024b737 - - default default] 10.0.0.190 "GET /v2.0/security-groups/2e3ada32-832c-48ca-96f6-47ef8419a5c2 HTTP/1.1" status: 200 len: 2414 time: 0.0803146
2026-04-10 15:00:22.085 10 INFO neutron.wsgi [req-c8068080-80bc-4d97-ac2b-cf7f418e1de8 req-a919d9a6-8498-451f-a88a-ca8977192e9c 3f40f973128e4065aa00df093340081c af31275850e04310a38f6ec1ab75bc10 - - default default] 10.0.0.190 "GET /v2.0/networks?id=039c3a75-0697-4fae-915a-e710f0386f39 HTTP/1.1" status: 200 len: 874 time: 0.2317462
2026-04-10 15:00:22.101 10 INFO neutron.wsgi [req-c8068080-80bc-4d97-ac2b-cf7f418e1de8 req-6be5d24c-bd6d-425a-afd1-a27fcf88b01a 3f40f973128e4065aa00df093340081c af31275850e04310a38f6ec1ab75bc10 - - default default] 10.0.0.190 "GET /v2.0/quotas/af31275850e04310a38f6ec1ab75bc10 HTTP/1.1" status: 200 len: 386 time: 0.0102146
2026-04-10 15:00:22.119 9 INFO neutron.db.ovn_revision_numbers_db [None req-f5e89c65-0833-4953-91d3-a77ac285a3cd e382d57a1dc8476e98df76a84f9e55ef 2cba3e0f0e5b4099934ec10d61cd2668 - - default default] Successfully bumped revision number for resource f2ee307f-db5c-4c51-8692-00d846153cff (type: ports) to 2
2026-04-10 15:00:22.180 9 INFO neutron.db.ovn_revision_numbers_db [None req-b1e4ae3f-5f16-406d-bfa6-f85cf68c4d2f - - - - - -] Successfully bumped revision number for resource 6f801764-b4ee-4408-a7c6-4fb6763f23e2 (type: router_ports) to 4
2026-04-10 15:00:22.216 10 INFO neutron.wsgi [req-c8068080-80bc-4d97-ac2b-cf7f418e1de8 req-3333bc9d-8169-49eb-95b8-66c026d68fef 3f40f973128e4065aa00df093340081c af31275850e04310a38f6ec1ab75bc10 - - default default] 10.0.0.190 "GET /v2.0/ports?tenant_id=af31275850e04310a38f6ec1ab75bc10&fields=id HTTP/1.1" status: 200 len: 302 time: 0.1059978
2026-04-10 15:00:22.217 9 WARNING neutron.scheduler.dhcp_agent_scheduler [None req-f5e89c65-0833-4953-91d3-a77ac285a3cd e382d57a1dc8476e98df76a84f9e55ef 2cba3e0f0e5b4099934ec10d61cd2668 - - default default] No more DHCP agents
2026-04-10 15:00:22.219 9 WARNING neutron.api.rpc.agentnotifiers.dhcp_rpc_agent_api [None req-f5e89c65-0833-4953-91d3-a77ac285a3cd e382d57a1dc8476e98df76a84f9e55ef 2cba3e0f0e5b4099934ec10d61cd2668 - - default default] Unable to schedule network 98661b37-9e06-4080-a52c-712830e9da8d: no agents available; will retry on subsequent port and subnet creation events.
2026-04-10 15:00:22.305 9 INFO neutron.db.ovn_revision_numbers_db [None req-31e589a4-5714-42d9-8f2a-1f5203b721b8 e094895e20d74e2dbc25333662cfeb4d 4b8c372101f24c088ba588bec024b737 - - - -] Successfully bumped revision number for resource ff3c97c5-1ada-49b1-bc9e-86c6178bfedc (type: security_group_rules) to 0
2026-04-10 15:00:22.331 9 INFO neutron.wsgi [None req-31e589a4-5714-42d9-8f2a-1f5203b721b8 e094895e20d74e2dbc25333662cfeb4d 4b8c372101f24c088ba588bec024b737 - - - -] 10.0.0.190 "POST /v2.0/security-group-rules HTTP/1.1" status: 201 len: 791 time: 0.2361150
2026-04-10 15:00:22.402 9 INFO neutron.wsgi [req-839d9660-77a1-4703-848e-cca41626fe41 req-c9656cd6-6384-4843-bc04-e5524a4689df e094895e20d74e2dbc25333662cfeb4d 4b8c372101f24c088ba588bec024b737 - - default default] 10.0.0.190 "GET /v2.0/security-groups/2e3ada32-832c-48ca-96f6-47ef8419a5c2 HTTP/1.1" status: 200 len: 3012 time: 0.0449154
2026-04-10 15:00:22.446 9 INFO neutron.wsgi [req-c51aef91-3dbd-4d00-a3f2-d8c22badd00b req-f8270983-0185-49d0-a784-3bb50887f3c4 e094895e20d74e2dbc25333662cfeb4d 4b8c372101f24c088ba588bec024b737 - - default default] 10.0.0.190 "GET /v2.0/security-group-rules/ff3c97c5-1ada-49b1-bc9e-86c6178bfedc HTTP/1.1" status: 200 len: 783 time: 0.0138881
2026-04-10 15:00:22.491 9 INFO neutron.wsgi [req-c51aef91-3dbd-4d00-a3f2-d8c22badd00b req-42c37d01-1a51-41d4-8752-4effb8e08619 e094895e20d74e2dbc25333662cfeb4d 4b8c372101f24c088ba588bec024b737 - - default default] 10.0.0.190 "GET /v2.0/security-groups/2e3ada32-832c-48ca-96f6-47ef8419a5c2 HTTP/1.1" status: 200 len: 3012 time: 0.0398886
2026-04-10 15:00:22.743 10 INFO neutron.wsgi [req-c8068080-80bc-4d97-ac2b-cf7f418e1de8 req-4500346f-9055-4fca-9378-afe4ed4edc59 5f5eaa5b8b5b47518a420b0611bcc752 a776d20284c64aff9ed08d1326d110cc - - a72e8f6bda1a45148bc0c7161d785101 a72e8f6bda1a45148bc0c7161d785101] 10.0.0.190 "GET /v2.0/extensions HTTP/1.1" status: 200 len: 16525 time: 0.1424093
2026-04-10 15:00:22.776 9 INFO neutron.wsgi [None req-003f9f3b-fbaa-40ba-85ae-092c07c7238c e094895e20d74e2dbc25333662cfeb4d 4b8c372101f24c088ba588bec024b737 - - - -] 10.0.0.190 "DELETE /v2.0/security-group-rules/ff3c97c5-1ada-49b1-bc9e-86c6178bfedc HTTP/1.1" status: 204 len: 173 time: 0.2780366
2026-04-10 15:00:22.800 10 INFO neutron.wsgi [req-c8068080-80bc-4d97-ac2b-cf7f418e1de8 req-5509a679-5639-40fa-a0d1-22cd887e8157 5f5eaa5b8b5b47518a420b0611bcc752 a776d20284c64aff9ed08d1326d110cc - - a72e8f6bda1a45148bc0c7161d785101 a72e8f6bda1a45148bc0c7161d785101] 10.0.0.190 "GET /v2.0/networks/039c3a75-0697-4fae-915a-e710f0386f39?fields=segments HTTP/1.1" status: 200 len: 212 time: 0.0471973
2026-04-10 15:00:22.835 9 INFO neutron.wsgi [req-0a3c8ef1-48ae-4651-9678-f0632bf9b566 req-f012e3fa-ab9a-4cb2-abb7-b07acbf631dc e094895e20d74e2dbc25333662cfeb4d 4b8c372101f24c088ba588bec024b737 - - default default] 10.0.0.190 "GET /v2.0/security-groups/2e3ada32-832c-48ca-96f6-47ef8419a5c2 HTTP/1.1" status: 200 len: 2414 time: 0.0354218
2026-04-10 15:00:22.885 10 INFO neutron.wsgi [req-c8068080-80bc-4d97-ac2b-cf7f418e1de8 req-a825fe9c-770e-4854-8aaf-dff420a015b4 5f5eaa5b8b5b47518a420b0611bcc752 a776d20284c64aff9ed08d1326d110cc - - a72e8f6bda1a45148bc0c7161d785101 a72e8f6bda1a45148bc0c7161d785101] 10.0.0.190 "GET /v2.0/networks/039c3a75-0697-4fae-915a-e710f0386f39?fields=provider%3Aphysical_network&fields=provider%3Anetwork_type HTTP/1.1" status: 200 len: 277 time: 0.0782959
2026-04-10 15:00:23.013 9 INFO neutron.wsgi [None req-9db0faf8-3118-447a-9964-93d770ccf626 e094895e20d74e2dbc25333662cfeb4d 4b8c372101f24c088ba588bec024b737 - - - -] 10.0.0.190 "DELETE /v2.0/security-groups/2e3ada32-832c-48ca-96f6-47ef8419a5c2 HTTP/1.1" status: 204 len: 173 time: 0.1726770
2026-04-10 15:00:23.053 9 INFO neutron.db.ovn_revision_numbers_db [None req-f5e89c65-0833-4953-91d3-a77ac285a3cd e382d57a1dc8476e98df76a84f9e55ef 2cba3e0f0e5b4099934ec10d61cd2668 - - - -] Successfully bumped revision number for resource f2ee307f-db5c-4c51-8692-00d846153cff (type: router_ports) to 2
2026-04-10 15:00:23.055 9 INFO neutron.wsgi [None req-f5e89c65-0833-4953-91d3-a77ac285a3cd e382d57a1dc8476e98df76a84f9e55ef 2cba3e0f0e5b4099934ec10d61cd2668 - - - -] 10.0.0.208 "PUT /v2.0/routers/3e509fb0-094d-41ec-a89d-dc63985354e3/add_router_interface HTTP/1.1" status: 200 len: 503 time: 2.9739470
2026-04-10 15:00:23.062 9 INFO neutron.wsgi [req-1aa5132c-30f9-4cd0-941a-157f8a04459d req-5ef91024-82a3-4e76-8f49-1da25c42b142 e094895e20d74e2dbc25333662cfeb4d 4b8c372101f24c088ba588bec024b737 - - default default] 10.0.0.190 "GET /v2.0/security-groups/c3e5d087-40a7-439f-bc94-7e69730dcbef HTTP/1.1" status: 200 len: 2412 time: 0.0291090
2026-04-10 15:00:23.138 10 INFO neutron.wsgi [req-efe6baf3-412e-4ffb-b39d-187de95c1d0c req-f701f663-1c74-4a4f-bd5b-f9b04e6e92d5 3f40f973128e4065aa00df093340081c af31275850e04310a38f6ec1ab75bc10 - - default default] 10.0.0.190 "GET /v2.0/ports?device_id=7c29e2be-f1e7-49ce-858f-f1887ffd69f8 HTTP/1.1" status: 200 len: 210 time: 0.0396266
2026-04-10 15:00:23.186 9 INFO neutron.wsgi [None req-b7709536-25c2-41ab-a272-1a7385fc0dbb e094895e20d74e2dbc25333662cfeb4d 4b8c372101f24c088ba588bec024b737 - - - -] 10.0.0.190 "DELETE /v2.0/security-groups/c3e5d087-40a7-439f-bc94-7e69730dcbef HTTP/1.1" status: 204 len: 173 time: 0.1182981
2026-04-10 15:00:23.613 10 INFO neutron.db.ovn_revision_numbers_db [None req-0340de6b-c03b-4177-a9df-e61de0cde461 c2b7dc68ad8049dfae780a37ab4558d9 acad05b039954ce08d50c77d92872336 - - - -] Successfully bumped revision number for resource 0c6cec43-a21a-4518-ae10-65ccbb22ae84 (type: security_groups) to 1
2026-04-10 15:00:23.680 10 INFO neutron.db.ovn_revision_numbers_db [None req-e807db70-8bc9-4c18-a758-7613c24eb73f 4793c5cce5b54c708cf0f52adcb30021 f39d6b033b8b41198edba77c5aa96124 - - - -] Successfully bumped revision number for resource a8a47f5e-1084-43d7-83fc-812ce6ac7526 (type: security_groups) to 1
2026-04-10 15:00:23.681 10 INFO neutron.db.segments_db [None req-0340de6b-c03b-4177-a9df-e61de0cde461 c2b7dc68ad8049dfae780a37ab4558d9 acad05b039954ce08d50c77d92872336 - - - -] Added segment 9d27a7c5-3b1b-4fbe-b446-824f3975d601 of type geneve for network 0f556d3a-6462-4589-bad5-cafc063e0396
2026-04-10 15:00:23.712 10 INFO neutron.wsgi [None req-e807db70-8bc9-4c18-a758-7613c24eb73f 4793c5cce5b54c708cf0f52adcb30021 f39d6b033b8b41198edba77c5aa96124 - - - -] 10.0.0.208 "POST /v2.0/security-groups HTTP/1.1" status: 201 len: 1796 time: 0.1333168
2026-04-10 15:00:23.873 10 INFO neutron.db.segments_db [None req-0340de6b-c03b-4177-a9df-e61de0cde461 c2b7dc68ad8049dfae780a37ab4558d9 acad05b039954ce08d50c77d92872336 - - - -] Added segment 6d2cdedc-3851-422c-906e-faf256ede8ec of type geneve for network 91c87fc0-eb8a-4656-8c23-15776e7bdd8b
2026-04-10 15:00:23.980 10 INFO neutron.db.ovn_revision_numbers_db [None req-05e9fd15-c8e9-4361-a967-1cacd5ca350b 4793c5cce5b54c708cf0f52adcb30021 f39d6b033b8b41198edba77c5aa96124 - - - -] Successfully bumped revision number for resource 777e5d33-edc4-48e5-9c77-1097cb5edeb9 (type: security_group_rules) to 0
2026-04-10 15:00:24.049 10 INFO neutron.wsgi [None req-05e9fd15-c8e9-4361-a967-1cacd5ca350b 4793c5cce5b54c708cf0f52adcb30021 f39d6b033b8b41198edba77c5aa96124 - - - -] 10.0.0.208 "POST /v2.0/security-group-rules HTTP/1.1" status: 201 len: 764 time: 0.3306384
2026-04-10 15:00:24.114 10 INFO neutron.db.ovn_revision_numbers_db [None req-0340de6b-c03b-4177-a9df-e61de0cde461 c2b7dc68ad8049dfae780a37ab4558d9 acad05b039954ce08d50c77d92872336 - - - -] Successfully bumped revision number for resource 0f556d3a-6462-4589-bad5-cafc063e0396 (type: networks) to 1
2026-04-10 15:00:24.293 9 INFO neutron.wsgi [req-9c5c6715-de32-4bf7-af2e-563b041cada9 req-71f30c27-6856-4832-be3d-f6a2199dcb55 3f40f973128e4065aa00df093340081c af31275850e04310a38f6ec1ab75bc10 - - default default] 10.0.0.190 "GET /v2.0/ports?device_id=7c29e2be-f1e7-49ce-858f-f1887ffd69f8 HTTP/1.1" status: 200 len: 210 time: 0.0342586
2026-04-10 15:00:24.316 10 INFO neutron.db.ovn_revision_numbers_db [None req-8baa444d-e3ed-42c4-add2-2a17edc3d2ad 4793c5cce5b54c708cf0f52adcb30021 f39d6b033b8b41198edba77c5aa96124 - - - -] Successfully bumped revision number for resource 3f8b8264-dc75-4335-b6b2-f0d1712705f0 (type: security_group_rules) to 0
2026-04-10 15:00:24.353 10 INFO neutron.wsgi [None req-8baa444d-e3ed-42c4-add2-2a17edc3d2ad 4793c5cce5b54c708cf0f52adcb30021 f39d6b033b8b41198edba77c5aa96124 - - - -] 10.0.0.208 "POST /v2.0/security-group-rules HTTP/1.1" status: 201 len: 769 time: 0.2938659
2026-04-10 15:00:24.383 10 WARNING neutron.scheduler.dhcp_agent_scheduler [None req-0340de6b-c03b-4177-a9df-e61de0cde461 c2b7dc68ad8049dfae780a37ab4558d9 acad05b039954ce08d50c77d92872336 - - - -] No more DHCP agents
2026-04-10 15:00:24.387 10 WARNING neutron.api.rpc.agentnotifiers.dhcp_rpc_agent_api [None req-0340de6b-c03b-4177-a9df-e61de0cde461 c2b7dc68ad8049dfae780a37ab4558d9 acad05b039954ce08d50c77d92872336 - - - -] Unable to schedule network 0f556d3a-6462-4589-bad5-cafc063e0396: no agents available; will retry on subsequent port and subnet creation events.
2026-04-10 15:00:24.482 10 INFO neutron.db.ovn_revision_numbers_db [None req-0340de6b-c03b-4177-a9df-e61de0cde461 c2b7dc68ad8049dfae780a37ab4558d9 acad05b039954ce08d50c77d92872336 - - - -] Successfully bumped revision number for resource c79f2534-08b2-4a8e-9f0f-ecbdbc48350f (type: ports) to 1
2026-04-10 15:00:24.514 9 INFO neutron.wsgi [None req-f452f1c0-0bdb-4fb2-b50b-654ebef2c3b7 e382d57a1dc8476e98df76a84f9e55ef 2cba3e0f0e5b4099934ec10d61cd2668 - - - -] 10.0.0.208 "PUT /v2.0/routers/540f541d-5e1a-4898-a73e-497b396fe08a/remove_router_interface HTTP/1.1" status: 200 len: 503 time: 1.3209212 /var/lib/openstack/lib/python3.10/site-packages/pycadf/identifier.py:71: UserWarning: Invalid uuid: neutron. To ensure interoperability, identifiers should be a valid uuid. warnings.warn(('Invalid uuid: %s. To ensure interoperability, '
2026-04-10 15:00:24.543 10 INFO neutron.db.ovn_revision_numbers_db [None req-0340de6b-c03b-4177-a9df-e61de0cde461 c2b7dc68ad8049dfae780a37ab4558d9 acad05b039954ce08d50c77d92872336 - - - -] Successfully bumped revision number for resource 91c87fc0-eb8a-4656-8c23-15776e7bdd8b (type: networks) to 1
2026-04-10 15:00:24.722 9 WARNING neutron.plugins.ml2.drivers.ovn.mech_driver.ovsdb.ovn_client [None req-cea678a5-dc94-4109-a3f7-c8ed0fe94008 - - - - - -] No port found with ID caa5aeff-97a8-4241-a820-1536e2e10e60: RuntimeError: No port found with ID caa5aeff-97a8-4241-a820-1536e2e10e60
2026-04-10 15:00:24.723 9 INFO neutron.plugins.ml2.drivers.ovn.mech_driver.mech_driver [None req-cea678a5-dc94-4109-a3f7-c8ed0fe94008 - - - - - -] OVN reports status up for port: 71f6e5e9-b5c8-4f4f-82c4-2cc281a0e31a
2026-04-10 15:00:24.730 9 INFO neutron.plugins.ml2.plugin [None req-cea678a5-dc94-4109-a3f7-c8ed0fe94008 - - - - - -] Attempt 1 to provision port 71f6e5e9-b5c8-4f4f-82c4-2cc281a0e31a
2026-04-10 15:00:24.883 10 INFO neutron.wsgi [req-c8068080-80bc-4d97-ac2b-cf7f418e1de8 req-bc3cbc43-4193-4fbb-b25b-f9e291943a55 3f40f973128e4065aa00df093340081c af31275850e04310a38f6ec1ab75bc10 - - default default] 199.204.45.132 "GET /v2.0/networks?id=039c3a75-0697-4fae-915a-e710f0386f39 HTTP/1.1" status: 200 len: 874 time: 0.3214889
2026-04-10 15:00:24.918 10 WARNING neutron.scheduler.dhcp_agent_scheduler [None req-7c3eeeae-333a-49a5-9716-02a7a3ed8b6d 4793c5cce5b54c708cf0f52adcb30021 f39d6b033b8b41198edba77c5aa96124 - - - -] No more DHCP agents
2026-04-10 15:00:24.922 10 WARNING neutron.api.rpc.agentnotifiers.dhcp_rpc_agent_api [None req-7c3eeeae-333a-49a5-9716-02a7a3ed8b6d 4793c5cce5b54c708cf0f52adcb30021 f39d6b033b8b41198edba77c5aa96124 - - - -] Unable to schedule network 890fb310-6b42-4a79-a46a-55281d1e97d5: no agents available; will retry on subsequent port and subnet creation events.
2026-04-10 15:00:24.979 10 WARNING neutron.scheduler.dhcp_agent_scheduler [None req-0340de6b-c03b-4177-a9df-e61de0cde461 c2b7dc68ad8049dfae780a37ab4558d9 acad05b039954ce08d50c77d92872336 - - - -] No more DHCP agents
2026-04-10 15:00:24.986 10 WARNING neutron.api.rpc.agentnotifiers.dhcp_rpc_agent_api [None req-0340de6b-c03b-4177-a9df-e61de0cde461 c2b7dc68ad8049dfae780a37ab4558d9 acad05b039954ce08d50c77d92872336 - - - -] Unable to schedule network 91c87fc0-eb8a-4656-8c23-15776e7bdd8b: no agents available; will retry on subsequent port and subnet creation events.
2026-04-10 15:00:25.042 10 INFO neutron.wsgi [req-c8068080-80bc-4d97-ac2b-cf7f418e1de8 req-1a4bebb9-7ec2-4fa3-80b8-ac1bbfb4356e 3f40f973128e4065aa00df093340081c af31275850e04310a38f6ec1ab75bc10 - - default default] 199.204.45.132 "GET /v2.0/security-groups?fields=id&fields=name&tenant_id=af31275850e04310a38f6ec1ab75bc10 HTTP/1.1" status: 200 len: 380 time: 0.1319175
2026-04-10 15:00:25.157 10 INFO neutron.db.ovn_revision_numbers_db [None req-0340de6b-c03b-4177-a9df-e61de0cde461 c2b7dc68ad8049dfae780a37ab4558d9 acad05b039954ce08d50c77d92872336 - - - -] Successfully bumped revision number for resource 2bea8ad5-1bcb-4b94-9d11-997305f65c1e (type: ports) to 1
2026-04-10 15:00:25.216 10 INFO neutron.wsgi [None req-0340de6b-c03b-4177-a9df-e61de0cde461 c2b7dc68ad8049dfae780a37ab4558d9 acad05b039954ce08d50c77d92872336 - - - -] 10.0.0.208 "POST /v2.0/networks HTTP/1.1" status: 201 len: 1445 time: 1.8276677
2026-04-10 15:00:25.280 9 INFO neutron.db.ovn_revision_numbers_db [None req-cea678a5-dc94-4109-a3f7-c8ed0fe94008 - - - - - -] Successfully bumped revision number for resource 71f6e5e9-b5c8-4f4f-82c4-2cc281a0e31a (type: ports) to 3
2026-04-10 15:00:25.392 9 INFO neutron.wsgi [None req-b28349eb-27b3-4117-92d0-0ac827e77ed0 c2b7dc68ad8049dfae780a37ab4558d9 acad05b039954ce08d50c77d92872336 - - default default] 10.0.0.208 "GET /v2.0/networks HTTP/1.1" status: 200 len: 2051 time: 0.1623147
2026-04-10 15:00:25.458 10 INFO neutron.wsgi [req-7f2d4ed8-312a-42fb-aab4-33bb3bbea175 req-b7e6222a-731d-4902-a532-2dcaaa710e8d 3f40f973128e4065aa00df093340081c af31275850e04310a38f6ec1ab75bc10 - - default default] 10.0.0.190 "GET /v2.0/ports?device_id=7c29e2be-f1e7-49ce-858f-f1887ffd69f8 HTTP/1.1" status: 200 len: 210 time: 0.0430002
2026-04-10 15:00:25.530 9 INFO neutron.wsgi [None req-0123ccbc-6511-45ca-8894-320550bc4a97 e382d57a1dc8476e98df76a84f9e55ef 2cba3e0f0e5b4099934ec10d61cd2668 - - - -] 10.0.0.208 "DELETE /v2.0/routers/540f541d-5e1a-4898-a73e-497b396fe08a HTTP/1.1" status: 204 len: 168 time: 1.0110347
2026-04-10 15:00:25.531 9 INFO neutron.db.ovn_revision_numbers_db [None req-cea678a5-dc94-4109-a3f7-c8ed0fe94008 - - - - - -] Successfully bumped revision number for resource 71f6e5e9-b5c8-4f4f-82c4-2cc281a0e31a (type: router_ports) to 3
2026-04-10 15:00:25.620 10 INFO neutron.db.ovn_revision_numbers_db [None req-7c3eeeae-333a-49a5-9716-02a7a3ed8b6d 4793c5cce5b54c708cf0f52adcb30021 f39d6b033b8b41198edba77c5aa96124 - - - -] Successfully bumped revision number for resource 12035f61-c9c6-4eef-9fa0-3a1304f28dc1 (type: floatingips) to 0
2026-04-10 15:00:25.654 10 INFO neutron.wsgi [None req-7c3eeeae-333a-49a5-9716-02a7a3ed8b6d 4793c5cce5b54c708cf0f52adcb30021 f39d6b033b8b41198edba77c5aa96124 - - - -] 10.0.0.208 "POST /v2.0/floatingips HTTP/1.1" status: 201 len: 751 time: 1.2961550
2026-04-10 15:00:26.000 10 WARNING neutron.scheduler.dhcp_agent_scheduler [None req-a3e2c9c3-b5ee-4310-aff2-97438f02ac48 3f40f973128e4065aa00df093340081c af31275850e04310a38f6ec1ab75bc10 - - - -] No more DHCP agents
2026-04-10 15:00:26.006 10 WARNING neutron.api.rpc.agentnotifiers.dhcp_rpc_agent_api [None req-a3e2c9c3-b5ee-4310-aff2-97438f02ac48 3f40f973128e4065aa00df093340081c af31275850e04310a38f6ec1ab75bc10 - - - -] Unable to schedule network 039c3a75-0697-4fae-915a-e710f0386f39: no agents available; will retry on subsequent port and subnet creation events.
2026-04-10 15:00:26.116 10 INFO neutron.wsgi [None req-8125111d-ea70-4201-9d81-66adf2d71a29 e382d57a1dc8476e98df76a84f9e55ef 2cba3e0f0e5b4099934ec10d61cd2668 - - - -] 10.0.0.208 "DELETE /v2.0/subnets/514e6bf2-4663-4946-bfca-802c66509981 HTTP/1.1" status: 204 len: 168 time: 0.5733833
2026-04-10 15:00:26.206 10 INFO neutron.db.ovn_revision_numbers_db [None req-a3e2c9c3-b5ee-4310-aff2-97438f02ac48 3f40f973128e4065aa00df093340081c af31275850e04310a38f6ec1ab75bc10 - - - -] Successfully bumped revision number for resource 4749308e-bdf9-4e7c-9526-d9faaa2c1bcf (type: ports) to 1
2026-04-10 15:00:26.212 9 INFO neutron.wsgi [req-610e33ed-1eb2-4535-b840-c8eb90164074 req-a89f9aee-345c-416a-bf02-0e0a1e5508a2 4793c5cce5b54c708cf0f52adcb30021 f39d6b033b8b41198edba77c5aa96124 - - default default] 10.0.0.190 "GET /v2.0/security-groups?name=tempest-securitygroup--730698208&fields=id&tenant_id=f39d6b033b8b41198edba77c5aa96124 HTTP/1.1" status: 200 len: 267 time: 0.0565741
2026-04-10 15:00:26.259 10 INFO neutron.wsgi [None req-a3e2c9c3-b5ee-4310-aff2-97438f02ac48 3f40f973128e4065aa00df093340081c af31275850e04310a38f6ec1ab75bc10 - - - -] 199.204.45.132 "POST /v2.0/ports HTTP/1.1" status: 201 len: 1158 time: 1.2107127 /var/lib/openstack/lib/python3.10/site-packages/pycadf/identifier.py:71: UserWarning: Invalid uuid: neutron. To ensure interoperability, identifiers should be a valid uuid. warnings.warn(('Invalid uuid: %s. To ensure interoperability, '
2026-04-10 15:00:26.277 10 INFO neutron.wsgi [req-c8068080-80bc-4d97-ac2b-cf7f418e1de8 req-74dfe464-35ad-4810-87bf-31cbdf679da4 3f40f973128e4065aa00df093340081c af31275850e04310a38f6ec1ab75bc10 - - default default] 199.204.45.132 "GET /v2.0/extensions HTTP/1.1" status: 200 len: 16525 time: 0.0118606
2026-04-10 15:00:26.386 10 INFO neutron.wsgi [None req-fd7e8437-8146-4e16-b316-81007cddb7d0 c2b7dc68ad8049dfae780a37ab4558d9 acad05b039954ce08d50c77d92872336 - - - -] 10.0.0.208 "DELETE /v2.0/networks/0f556d3a-6462-4589-bad5-cafc063e0396 HTTP/1.1" status: 204 len: 168 time: 0.9847410
2026-04-10 15:00:26.391 9 INFO neutron.wsgi [req-610e33ed-1eb2-4535-b840-c8eb90164074 req-c7ce674f-c9b7-4a01-9c17-dc2f7b31b4f6 4793c5cce5b54c708cf0f52adcb30021 f39d6b033b8b41198edba77c5aa96124 - - default default] 10.0.0.190 "GET /v2.0/networks?id=98661b37-9e06-4080-a52c-712830e9da8d HTTP/1.1" status: 200 len: 881 time: 0.1637392
2026-04-10 15:00:26.416 9 INFO neutron.wsgi [req-610e33ed-1eb2-4535-b840-c8eb90164074 req-c5f0ca20-66a5-462c-8c07-6c81d0a27621 4793c5cce5b54c708cf0f52adcb30021 f39d6b033b8b41198edba77c5aa96124 - - default default] 10.0.0.190 "GET /v2.0/quotas/f39d6b033b8b41198edba77c5aa96124 HTTP/1.1" status: 200 len: 386 time: 0.0187488
2026-04-10 15:00:26.589 10 INFO neutron.wsgi [req-f5d98cfb-c725-4104-b8f2-046d74956012 req-9f38edc2-ff38-4603-8a69-8a4f5393fbc4 3f40f973128e4065aa00df093340081c af31275850e04310a38f6ec1ab75bc10 - - default default] 10.0.0.190 "GET /v2.0/ports?device_id=7c29e2be-f1e7-49ce-858f-f1887ffd69f8 HTTP/1.1" status: 200 len: 1156 time: 0.0482481
2026-04-10 15:00:26.657 10 INFO neutron.wsgi [req-f5d98cfb-c725-4104-b8f2-046d74956012 req-4d5c0402-01dc-48b8-aea0-20fbf01731b0 3f40f973128e4065aa00df093340081c af31275850e04310a38f6ec1ab75bc10 - - default default] 10.0.0.190 "GET /v2.0/security-groups?id=f07712ba-9617-427a-bc95-53f91b6012f8&fields=id&fields=name HTTP/1.1" status: 200 len: 313 time: 0.0604033
2026-04-10 15:00:26.678 9 INFO neutron.wsgi [req-610e33ed-1eb2-4535-b840-c8eb90164074 req-04fcf318-6875-4269-b740-164c3acc8823 4793c5cce5b54c708cf0f52adcb30021 f39d6b033b8b41198edba77c5aa96124 - - default default] 10.0.0.190 "GET /v2.0/ports?tenant_id=f39d6b033b8b41198edba77c5aa96124&fields=id HTTP/1.1" status: 200 len: 302 time: 0.2442245
2026-04-10 15:00:26.679 10 INFO neutron.services.segments.plugin [-] Segment 9d27a7c5-3b1b-4fbe-b446-824f3975d601 resource provider aggregate not found
2026-04-10 15:00:26.700 10 INFO neutron.services.segments.plugin [-] Segment 9d27a7c5-3b1b-4fbe-b446-824f3975d601 resource provider not found; error: Placement Client Error (4xx): {"errors": [{"status": 404, "title": "Not Found", "detail": "The resource could not be found.\n\n No resource provider with uuid 9d27a7c5-3b1b-4fbe-b446-824f3975d601 found for delete ", "request_id": "req-d04e9fbf-fa41-4e7a-8e7d-6263d9d67f6a"}]}
2026-04-10 15:00:26.720 10 INFO neutron.services.segments.plugin [-] Segment 9d27a7c5-3b1b-4fbe-b446-824f3975d601 resource provider aggregate not found
2026-04-10 15:00:26.754 10 INFO neutron.services.segments.plugin [-] Segment 9d27a7c5-3b1b-4fbe-b446-824f3975d601 resource provider not found; error: Placement Client Error (4xx): {"errors": [{"status": 404, "title": "Not Found", "detail": "The resource could not be found.\n\n No resource provider with uuid 9d27a7c5-3b1b-4fbe-b446-824f3975d601 found for delete ", "request_id": "req-9d57fb6d-5a38-4cfe-bec6-53e35beec5c5"}]}
2026-04-10 15:00:26.849 9 INFO neutron.wsgi [None req-354b3639-6c8f-4d04-b2b1-a35ce685b77e e382d57a1dc8476e98df76a84f9e55ef 2cba3e0f0e5b4099934ec10d61cd2668 - - - -] 10.0.0.208 "DELETE /v2.0/networks/412adba5-3377-4655-bf29-58c3bc8d5209 HTTP/1.1" status: 204 len: 168 time: 0.7243490
2026-04-10 15:00:26.917 10 INFO neutron.wsgi [None req-0ac62a70-d178-403d-88ed-560435123f20 c2b7dc68ad8049dfae780a37ab4558d9 acad05b039954ce08d50c77d92872336 - - - -] 10.0.0.208 "DELETE /v2.0/networks/91c87fc0-eb8a-4656-8c23-15776e7bdd8b HTTP/1.1" status: 204 len: 168 time: 0.5240631
2026-04-10 15:00:26.990 9 INFO neutron.wsgi [None req-6caf953c-92ed-427a-ba62-b2f7421730d2 c2b7dc68ad8049dfae780a37ab4558d9 acad05b039954ce08d50c77d92872336 - - default default] 10.0.0.208 "GET /v2.0/networks HTTP/1.1" status: 200 len: 845 time: 0.0653758
2026-04-10 15:00:27.017 9 INFO neutron.wsgi [None req-3e0bc9cc-123e-4729-9fa1-a2b0854ac0d0 e382d57a1dc8476e98df76a84f9e55ef 2cba3e0f0e5b4099934ec10d61cd2668 - - default default] 10.0.0.208 "GET /v2.0/security-groups?tenant_id=4b8c372101f24c088ba588bec024b737&name=default HTTP/1.1" status: 200 len: 2992 time: 0.0376165 /var/lib/openstack/lib/python3.10/site-packages/pycadf/identifier.py:71: UserWarning: Invalid uuid: neutron. To ensure interoperability, identifiers should be a valid uuid. warnings.warn(('Invalid uuid: %s. To ensure interoperability, '
2026-04-10 15:00:27.086 9 INFO neutron.db.segments_db [None req-482d1567-df0c-4903-ba69-b6456d31a1c9 c2b7dc68ad8049dfae780a37ab4558d9 acad05b039954ce08d50c77d92872336 - - - -] Added segment ed4272b6-b981-4e61-9835-be3735d726b9 of type geneve for network 6a91c582-de59-4cab-98de-7fb20bfeb328
2026-04-10 15:00:27.088 10 INFO neutron.db.ovn_revision_numbers_db [None req-7506a927-48cc-4289-a3b6-934fa7c339ca 5f5eaa5b8b5b47518a420b0611bcc752 a776d20284c64aff9ed08d1326d110cc - - - -] Successfully bumped revision number for resource 4749308e-bdf9-4e7c-9526-d9faaa2c1bcf (type: ports) to 2
2026-04-10 15:00:27.119 9 INFO neutron.wsgi [req-610e33ed-1eb2-4535-b840-c8eb90164074 req-0284caaf-e30e-4a71-9033-8eed07cdf577 5f5eaa5b8b5b47518a420b0611bcc752 a776d20284c64aff9ed08d1326d110cc - - a72e8f6bda1a45148bc0c7161d785101 a72e8f6bda1a45148bc0c7161d785101] 10.0.0.190 "GET /v2.0/extensions HTTP/1.1" status: 200 len: 16525 time: 0.0484459
2026-04-10 15:00:27.208 9 INFO neutron.services.segments.plugin [-] Segment e546049e-a7c9-43f5-bd78-b43eb62abb2c resource provider aggregate not found
2026-04-10 15:00:27.223 9 INFO neutron.services.segments.plugin [-] Segment e546049e-a7c9-43f5-bd78-b43eb62abb2c resource provider not found; error: Placement Client Error (4xx): {"errors": [{"status": 404, "title": "Not Found", "detail": "The resource could not be found.\n\n No resource provider with uuid e546049e-a7c9-43f5-bd78-b43eb62abb2c found for delete ", "request_id": "req-c0e0061d-7597-4c23-bc83-e97a5a7895ea"}]}
2026-04-10 15:00:27.244 9 INFO neutron.wsgi [req-610e33ed-1eb2-4535-b840-c8eb90164074 req-e7e12c22-af6e-4f74-a17d-37350dc971b6 5f5eaa5b8b5b47518a420b0611bcc752 a776d20284c64aff9ed08d1326d110cc - - a72e8f6bda1a45148bc0c7161d785101 a72e8f6bda1a45148bc0c7161d785101] 10.0.0.190 "GET /v2.0/networks/98661b37-9e06-4080-a52c-712830e9da8d?fields=segments HTTP/1.1" status: 200 len: 212 time: 0.1041613
2026-04-10 15:00:27.272 9 INFO neutron.db.ovn_revision_numbers_db [None req-482d1567-df0c-4903-ba69-b6456d31a1c9 c2b7dc68ad8049dfae780a37ab4558d9 acad05b039954ce08d50c77d92872336 - - - -] Successfully bumped revision number for resource 6a91c582-de59-4cab-98de-7fb20bfeb328 (type: networks) to 1
2026-04-10 15:00:27.274 9 INFO neutron.services.segments.plugin [-] Segment e546049e-a7c9-43f5-bd78-b43eb62abb2c resource provider aggregate not found
2026-04-10 15:00:27.284 10 INFO neutron.wsgi [None req-a15ef70e-ef35-4f38-8fd9-6a93c55ff2dc e382d57a1dc8476e98df76a84f9e55ef 2cba3e0f0e5b4099934ec10d61cd2668 - - - -] 10.0.0.208 "DELETE /v2.0/security-groups/2b753f04-0d4f-471a-86e8-3b5e107bf99b HTTP/1.1" status: 204 len: 168 time: 0.2613332
2026-04-10 15:00:27.288 10 INFO neutron.db.ovn_revision_numbers_db [None req-7506a927-48cc-4289-a3b6-934fa7c339ca 5f5eaa5b8b5b47518a420b0611bcc752 a776d20284c64aff9ed08d1326d110cc - - - -] Successfully bumped revision number for resource 4749308e-bdf9-4e7c-9526-d9faaa2c1bcf (type: ports) to 2
2026-04-10 15:00:27.300 10 INFO neutron.wsgi [None req-7506a927-48cc-4289-a3b6-934fa7c339ca 5f5eaa5b8b5b47518a420b0611bcc752 a776d20284c64aff9ed08d1326d110cc - - - -] 199.204.45.132 "PUT /v2.0/ports/4749308e-bdf9-4e7c-9526-d9faaa2c1bcf HTTP/1.1" status: 200 len: 1328 time: 0.7201214
2026-04-10 15:00:27.302 9 INFO neutron.services.segments.plugin [-] Segment e546049e-a7c9-43f5-bd78-b43eb62abb2c resource provider not found; error: Placement Client Error (4xx): {"errors": [{"status": 404, "title": "Not Found", "detail": "The resource could not be found.\n\n No resource provider with uuid e546049e-a7c9-43f5-bd78-b43eb62abb2c found for delete ", "request_id": "req-a2fad30e-0607-42ae-a2fc-e4ca815e9b6b"}]} /var/lib/openstack/lib/python3.10/site-packages/pycadf/identifier.py:71: UserWarning: Invalid uuid: neutron. To ensure interoperability, identifiers should be a valid uuid. warnings.warn(('Invalid uuid: %s. To ensure interoperability, '
2026-04-10 15:00:27.367 9 INFO neutron.wsgi [req-610e33ed-1eb2-4535-b840-c8eb90164074 req-0117ca6f-4c0e-4100-a44d-c367a62fde19 5f5eaa5b8b5b47518a420b0611bcc752 a776d20284c64aff9ed08d1326d110cc - - a72e8f6bda1a45148bc0c7161d785101 a72e8f6bda1a45148bc0c7161d785101] 10.0.0.190 "GET /v2.0/networks/98661b37-9e06-4080-a52c-712830e9da8d?fields=provider%3Aphysical_network&fields=provider%3Anetwork_type HTTP/1.1" status: 200 len: 277 time: 0.1130161
2026-04-10 15:00:27.393 10 INFO neutron.wsgi [req-c8068080-80bc-4d97-ac2b-cf7f418e1de8 req-c3e6aae8-0ca1-4f3e-b735-02435b7e4cf8 5f5eaa5b8b5b47518a420b0611bcc752 a776d20284c64aff9ed08d1326d110cc - - a72e8f6bda1a45148bc0c7161d785101 a72e8f6bda1a45148bc0c7161d785101] 199.204.45.132 "GET /v2.0/ports?tenant_id=af31275850e04310a38f6ec1ab75bc10&device_id=7c29e2be-f1e7-49ce-858f-f1887ffd69f8 HTTP/1.1" status: 200 len: 1359 time: 0.0485792
2026-04-10 15:00:27.433 10 INFO neutron.wsgi [req-c8068080-80bc-4d97-ac2b-cf7f418e1de8 req-d28ceb0c-f791-4369-abda-4d304e9c59b2 5f5eaa5b8b5b47518a420b0611bcc752 a776d20284c64aff9ed08d1326d110cc - - a72e8f6bda1a45148bc0c7161d785101 a72e8f6bda1a45148bc0c7161d785101] 199.204.45.132 "GET /v2.0/floatingips?fixed_ip_address=10.100.0.3&port_id=4749308e-bdf9-4e7c-9526-d9faaa2c1bcf HTTP/1.1" status: 200 len: 217 time: 0.0333631
2026-04-10 15:00:27.483 10 INFO neutron.wsgi [req-c8068080-80bc-4d97-ac2b-cf7f418e1de8 req-4d424fb1-5408-4317-ad37-1d14196b6ab6 5f5eaa5b8b5b47518a420b0611bcc752 a776d20284c64aff9ed08d1326d110cc - - a72e8f6bda1a45148bc0c7161d785101 a72e8f6bda1a45148bc0c7161d785101] 199.204.45.132 "GET /v2.0/subnets?id=47a76b94-59dc-4070-a061-908671b84381 HTTP/1.1" status: 200 len: 868 time: 0.0383387
2026-04-10 15:00:27.558 9 WARNING neutron.scheduler.dhcp_agent_scheduler [None req-482d1567-df0c-4903-ba69-b6456d31a1c9 c2b7dc68ad8049dfae780a37ab4558d9 acad05b039954ce08d50c77d92872336 - - - -] No more DHCP agents
2026-04-10 15:00:27.561 9 WARNING neutron.api.rpc.agentnotifiers.dhcp_rpc_agent_api [None req-482d1567-df0c-4903-ba69-b6456d31a1c9 c2b7dc68ad8049dfae780a37ab4558d9 acad05b039954ce08d50c77d92872336 - - - -] Unable to schedule network 6a91c582-de59-4cab-98de-7fb20bfeb328: no agents available; will retry on subsequent port and subnet creation events.
2026-04-10 15:00:27.643 9 INFO neutron.db.ovn_revision_numbers_db [None req-482d1567-df0c-4903-ba69-b6456d31a1c9 c2b7dc68ad8049dfae780a37ab4558d9 acad05b039954ce08d50c77d92872336 - - - -] Successfully bumped revision number for resource 718fe4f9-7528-4b6f-b711-238f69796fd0 (type: ports) to 1
2026-04-10 15:00:27.674 9 INFO neutron.wsgi [None req-482d1567-df0c-4903-ba69-b6456d31a1c9 c2b7dc68ad8049dfae780a37ab4558d9 acad05b039954ce08d50c77d92872336 - - - -] 10.0.0.208 "POST /v2.0/networks HTTP/1.1" status: 201 len: 852 time: 0.6776075
2026-04-10 15:00:27.676 10 INFO neutron.wsgi [req-c8068080-80bc-4d97-ac2b-cf7f418e1de8 req-e55a922d-78e3-44cd-a624-594b2b865136 5f5eaa5b8b5b47518a420b0611bcc752 a776d20284c64aff9ed08d1326d110cc - - a72e8f6bda1a45148bc0c7161d785101 a72e8f6bda1a45148bc0c7161d785101] 199.204.45.132 "GET /v2.0/ports?network_id=039c3a75-0697-4fae-915a-e710f0386f39&device_owner=network%3Adhcp HTTP/1.1" status: 200 len: 210 time: 0.1866710
2026-04-10 15:00:27.678 10 INFO neutron.wsgi [req-8a8976b1-cf0c-4cbe-aa2e-3ce3aab0553f req-6427dabf-cbce-411b-bed5-eaeeb07a367c 4793c5cce5b54c708cf0f52adcb30021 f39d6b033b8b41198edba77c5aa96124 - - default default] 10.0.0.190 "GET /v2.0/ports?device_id=8b783dee-c5c0-4ac4-ba56-354510df1cdf HTTP/1.1" status: 200 len: 210 time: 0.0296531
2026-04-10 15:00:27.791 10 INFO neutron.wsgi [req-c8068080-80bc-4d97-ac2b-cf7f418e1de8 req-775c94d7-ad68-4a2b-a647-3fa65473c34c 5f5eaa5b8b5b47518a420b0611bcc752 a776d20284c64aff9ed08d1326d110cc - - a72e8f6bda1a45148bc0c7161d785101 a72e8f6bda1a45148bc0c7161d785101] 199.204.45.132 "GET /v2.0/networks/039c3a75-0697-4fae-915a-e710f0386f39?fields=segments HTTP/1.1" status: 200 len: 212 time: 0.0988054
2026-04-10 15:00:27.842 10 INFO neutron.db.segments_db [None req-a0751124-e7e4-434e-abaa-2984f432754c c2b7dc68ad8049dfae780a37ab4558d9 acad05b039954ce08d50c77d92872336 - - - -] Added segment 9317e4d8-d2ec-4aae-bc33-887aba97f0ee of type geneve for network c5f7075e-f505-48a2-b852-0fee371b1f66
2026-04-10 15:00:27.857 9 INFO neutron.wsgi [req-9b641060-328b-4137-a271-c41af80fc95b req-fb8d37af-d354-493c-ae0b-2a6a20735d56 3f40f973128e4065aa00df093340081c af31275850e04310a38f6ec1ab75bc10 - - default default] 10.0.0.190 "GET /v2.0/ports?device_id=7c29e2be-f1e7-49ce-858f-f1887ffd69f8 HTTP/1.1" status: 200 len: 1168 time: 0.1282382
2026-04-10 15:00:27.899 9 INFO neutron.wsgi [req-9b641060-328b-4137-a271-c41af80fc95b req-a355fd8c-e616-4990-95e4-94d9fa6ca4a6 3f40f973128e4065aa00df093340081c af31275850e04310a38f6ec1ab75bc10 - - default default] 10.0.0.190 "GET /v2.0/security-groups?id=f07712ba-9617-427a-bc95-53f91b6012f8&fields=id&fields=name HTTP/1.1" status: 200 len: 313 time: 0.0337274
2026-04-10 15:00:27.900 10 INFO neutron.wsgi [req-c8068080-80bc-4d97-ac2b-cf7f418e1de8 req-b1f5c559-a985-4cdf-8c55-713b373af411 5f5eaa5b8b5b47518a420b0611bcc752 a776d20284c64aff9ed08d1326d110cc - - a72e8f6bda1a45148bc0c7161d785101 a72e8f6bda1a45148bc0c7161d785101] 199.204.45.132 "GET /v2.0/networks/039c3a75-0697-4fae-915a-e710f0386f39?fields=provider%3Aphysical_network&fields=provider%3Anetwork_type HTTP/1.1" status: 200 len: 277 time: 0.1035450
2026-04-10 15:00:27.940 10 INFO neutron.notifiers.nova [-] Nova event matching ['req-e44c6f39-dc7d-457a-bc0f-9b47ab10270e'] response: {'name': 'network-changed', 'server_uuid': '7c29e2be-f1e7-49ce-858f-f1887ffd69f8', 'tag': '4749308e-bdf9-4e7c-9526-d9faaa2c1bcf', 'status': 'completed', 'code': 200}
2026-04-10 15:00:27.987 10 INFO neutron.db.ovn_revision_numbers_db [None req-a0751124-e7e4-434e-abaa-2984f432754c c2b7dc68ad8049dfae780a37ab4558d9 acad05b039954ce08d50c77d92872336 - - - -] Successfully bumped revision number for resource c5f7075e-f505-48a2-b852-0fee371b1f66 (type: networks) to 1
2026-04-10 15:00:28.038 10 INFO neutron.wsgi [req-81d5aed0-0110-464e-a232-1d2db2e0099c req-2143b500-b784-4b5c-ba8b-474b558875ce 5f5eaa5b8b5b47518a420b0611bcc752 a776d20284c64aff9ed08d1326d110cc - - a72e8f6bda1a45148bc0c7161d785101 a72e8f6bda1a45148bc0c7161d785101] 199.204.45.132 "GET /v2.0/ports?tenant_id=af31275850e04310a38f6ec1ab75bc10&device_id=7c29e2be-f1e7-49ce-858f-f1887ffd69f8 HTTP/1.1" status: 200 len: 1359 time: 0.0348790
2026-04-10 15:00:28.147 10 INFO neutron.wsgi [req-81d5aed0-0110-464e-a232-1d2db2e0099c req-f9d45a6f-dcb8-4b06-b611-266615bf8340 5f5eaa5b8b5b47518a420b0611bcc752 a776d20284c64aff9ed08d1326d110cc - - a72e8f6bda1a45148bc0c7161d785101 a72e8f6bda1a45148bc0c7161d785101] 199.204.45.132 "GET /v2.0/networks?id=039c3a75-0697-4fae-915a-e710f0386f39 HTTP/1.1" status: 200 len: 973 time: 0.0922143
2026-04-10 15:00:28.193 10 INFO neutron.wsgi [req-81d5aed0-0110-464e-a232-1d2db2e0099c req-535deda8-2ec0-4a66-922f-e6af4eca99dd 5f5eaa5b8b5b47518a420b0611bcc752 a776d20284c64aff9ed08d1326d110cc - - a72e8f6bda1a45148bc0c7161d785101 a72e8f6bda1a45148bc0c7161d785101] 199.204.45.132 "GET /v2.0/floatingips?fixed_ip_address=10.100.0.3&port_id=4749308e-bdf9-4e7c-9526-d9faaa2c1bcf HTTP/1.1" status: 200 len: 217 time: 0.0247619
2026-04-10 15:00:28.248 10 WARNING neutron.scheduler.dhcp_agent_scheduler [None req-a0751124-e7e4-434e-abaa-2984f432754c c2b7dc68ad8049dfae780a37ab4558d9 acad05b039954ce08d50c77d92872336 - - - -] No more DHCP agents
2026-04-10 15:00:28.254 10 WARNING neutron.api.rpc.agentnotifiers.dhcp_rpc_agent_api [None req-a0751124-e7e4-434e-abaa-2984f432754c c2b7dc68ad8049dfae780a37ab4558d9 acad05b039954ce08d50c77d92872336 - - - -] Unable to schedule network c5f7075e-f505-48a2-b852-0fee371b1f66: no agents available; will retry on subsequent port and subnet creation events.
2026-04-10 15:00:28.262 10 INFO neutron.wsgi [req-81d5aed0-0110-464e-a232-1d2db2e0099c req-9cf5ac5c-1543-4182-9565-6966eec585d0 5f5eaa5b8b5b47518a420b0611bcc752 a776d20284c64aff9ed08d1326d110cc - - a72e8f6bda1a45148bc0c7161d785101 a72e8f6bda1a45148bc0c7161d785101] 199.204.45.132 "GET /v2.0/subnets?id=47a76b94-59dc-4070-a061-908671b84381 HTTP/1.1" status: 200 len: 868 time: 0.0547996
2026-04-10 15:00:28.344 10 INFO neutron.db.ovn_revision_numbers_db [None req-a0751124-e7e4-434e-abaa-2984f432754c c2b7dc68ad8049dfae780a37ab4558d9 acad05b039954ce08d50c77d92872336 - - - -] Successfully bumped revision number for resource ff6f9ba6-bfa5-44ab-8a8b-3b0c45ea8f0a (type: ports) to 1
2026-04-10 15:00:28.386 10 INFO neutron.wsgi [None req-a0751124-e7e4-434e-abaa-2984f432754c c2b7dc68ad8049dfae780a37ab4558d9 acad05b039954ce08d50c77d92872336 - - - -] 10.0.0.208 "POST /v2.0/networks HTTP/1.1" status: 201 len: 853 time: 0.7012453
2026-04-10 15:00:28.388 10 INFO neutron.wsgi [req-81d5aed0-0110-464e-a232-1d2db2e0099c req-20da0545-f5a0-4398-920d-410b8840842b 5f5eaa5b8b5b47518a420b0611bcc752 a776d20284c64aff9ed08d1326d110cc - - a72e8f6bda1a45148bc0c7161d785101 a72e8f6bda1a45148bc0c7161d785101] 199.204.45.132 "GET /v2.0/ports?network_id=039c3a75-0697-4fae-915a-e710f0386f39&device_owner=network%3Adhcp HTTP/1.1" status: 200 len: 210 time: 0.0304403
2026-04-10 15:00:28.508 10 INFO neutron.wsgi [req-81d5aed0-0110-464e-a232-1d2db2e0099c req-6d96d42c-1625-4a5b-9523-a2477f1c6685 5f5eaa5b8b5b47518a420b0611bcc752 a776d20284c64aff9ed08d1326d110cc - - a72e8f6bda1a45148bc0c7161d785101 a72e8f6bda1a45148bc0c7161d785101] 199.204.45.132 "GET /v2.0/networks/039c3a75-0697-4fae-915a-e710f0386f39?fields=segments HTTP/1.1" status: 200 len: 212 time: 0.0603416
2026-04-10 15:00:28.597 10 INFO neutron.wsgi [req-81d5aed0-0110-464e-a232-1d2db2e0099c req-47609630-1e77-4b82-abb7-b228e3310076 5f5eaa5b8b5b47518a420b0611bcc752 a776d20284c64aff9ed08d1326d110cc - - a72e8f6bda1a45148bc0c7161d785101 a72e8f6bda1a45148bc0c7161d785101] 199.204.45.132 "GET /v2.0/networks/039c3a75-0697-4fae-915a-e710f0386f39?fields=provider%3Aphysical_network&fields=provider%3Anetwork_type HTTP/1.1" status: 200 len: 277 time: 0.0800879
2026-04-10 15:00:28.749 10 INFO neutron.services.segments.plugin [-] Segment 6d2cdedc-3851-422c-906e-faf256ede8ec resource provider aggregate not found
2026-04-10 15:00:28.785 9 INFO neutron.wsgi [req-17c2adeb-058c-4865-9219-9698e94f6383 req-fa36ce61-ba0d-455d-900e-de2b3d654cb0 4793c5cce5b54c708cf0f52adcb30021 f39d6b033b8b41198edba77c5aa96124 - - default default] 10.0.0.190 "GET /v2.0/ports?device_id=8b783dee-c5c0-4ac4-ba56-354510df1cdf HTTP/1.1" status: 200 len: 210 time: 0.0347004
2026-04-10 15:00:28.787 10 INFO neutron.services.segments.plugin [-] Segment 6d2cdedc-3851-422c-906e-faf256ede8ec resource provider not found; error: Placement Client Error (4xx): {"errors": [{"status": 404, "title": "Not Found", "detail": "The resource could not be found.\n\n No resource provider with uuid 6d2cdedc-3851-422c-906e-faf256ede8ec found for delete ", "request_id": "req-2b8d6b7b-d233-4f90-b4e9-12597c1718c0"}]}
2026-04-10 15:00:28.790 10 INFO neutron.wsgi [req-610e33ed-1eb2-4535-b840-c8eb90164074 req-e5f12486-576e-4552-9938-e4f4180bd619 4793c5cce5b54c708cf0f52adcb30021 f39d6b033b8b41198edba77c5aa96124 - - default default] 199.204.45.132 "GET /v2.0/networks?id=98661b37-9e06-4080-a52c-712830e9da8d HTTP/1.1" status: 200 len: 881 time: 0.1289847
2026-04-10 15:00:28.809 10 INFO neutron.services.segments.plugin [-] Segment 6d2cdedc-3851-422c-906e-faf256ede8ec resource provider aggregate not found
2026-04-10 15:00:28.833 10 INFO neutron.services.segments.plugin [-] Segment 6d2cdedc-3851-422c-906e-faf256ede8ec resource provider not found; error: Placement Client Error (4xx): {"errors": [{"status": 404, "title": "Not Found", "detail": "The resource could not be found.\n\n No resource provider with uuid 6d2cdedc-3851-422c-906e-faf256ede8ec found for delete ", "request_id": "req-f94adeef-af20-48d6-8b18-5a787a52c9a0"}]}
2026-04-10 15:00:28.860 10 INFO neutron.wsgi [req-610e33ed-1eb2-4535-b840-c8eb90164074 req-13141143-60cd-4318-9501-158725de8731 4793c5cce5b54c708cf0f52adcb30021 f39d6b033b8b41198edba77c5aa96124 - - default default] 199.204.45.132 "GET /v2.0/security-groups?fields=id&fields=name&tenant_id=f39d6b033b8b41198edba77c5aa96124 HTTP/1.1" status: 200 len: 379 time: 0.0627394 /var/lib/openstack/lib/python3.10/site-packages/pycadf/identifier.py:71: UserWarning: Invalid uuid: neutron. To ensure interoperability, identifiers should be a valid uuid. warnings.warn(('Invalid uuid: %s. To ensure interoperability, '
2026-04-10 15:00:29.111 10 WARNING neutron.scheduler.dhcp_agent_scheduler [None req-c363495d-73de-4aca-b516-c6828583f41b c2b7dc68ad8049dfae780a37ab4558d9 acad05b039954ce08d50c77d92872336 - - - -] No more DHCP agents
2026-04-10 15:00:29.118 10 WARNING neutron.api.rpc.agentnotifiers.dhcp_rpc_agent_api [None req-c363495d-73de-4aca-b516-c6828583f41b c2b7dc68ad8049dfae780a37ab4558d9 acad05b039954ce08d50c77d92872336 - - - -] Unable to schedule network 6a91c582-de59-4cab-98de-7fb20bfeb328: no agents available; will retry on subsequent port and subnet creation events.
2026-04-10 15:00:29.144 10 INFO neutron.wsgi [req-d06812f0-4044-4c15-aa5a-0dab66df408f req-9d89d136-45f6-4ee4-aab5-5482cb62512d 3f40f973128e4065aa00df093340081c af31275850e04310a38f6ec1ab75bc10 - - default default] 10.0.0.190 "GET /v2.0/ports?device_id=7c29e2be-f1e7-49ce-858f-f1887ffd69f8 HTTP/1.1" status: 200 len: 1168 time: 0.1469495 /var/lib/openstack/lib/python3.10/site-packages/pycadf/identifier.py:71: UserWarning: Invalid uuid: neutron. To ensure interoperability, identifiers should be a valid uuid. warnings.warn(('Invalid uuid: %s. To ensure interoperability, '
2026-04-10 15:00:29.223 10 INFO neutron.wsgi [req-d06812f0-4044-4c15-aa5a-0dab66df408f req-7a5a78e3-5d05-49b5-981d-e6bc15d325be 3f40f973128e4065aa00df093340081c af31275850e04310a38f6ec1ab75bc10 - - default default] 10.0.0.190 "GET /v2.0/security-groups?id=f07712ba-9617-427a-bc95-53f91b6012f8&fields=id&fields=name HTTP/1.1" status: 200 len: 313 time: 0.0682614
2026-04-10 15:00:29.232 10 INFO neutron.db.ovn_revision_numbers_db [None req-c363495d-73de-4aca-b516-c6828583f41b c2b7dc68ad8049dfae780a37ab4558d9 acad05b039954ce08d50c77d92872336 - - - -] Successfully bumped revision number for resource 369ba3bb-f5ca-4710-bb80-dda8a134acbd (type: ports) to 1
2026-04-10 15:00:29.295 10 WARNING neutron.scheduler.dhcp_agent_scheduler [None req-c363495d-73de-4aca-b516-c6828583f41b c2b7dc68ad8049dfae780a37ab4558d9 acad05b039954ce08d50c77d92872336 - - - -] No more DHCP agents
2026-04-10 15:00:29.297 10 WARNING neutron.api.rpc.agentnotifiers.dhcp_rpc_agent_api [None req-c363495d-73de-4aca-b516-c6828583f41b c2b7dc68ad8049dfae780a37ab4558d9 acad05b039954ce08d50c77d92872336 - - - -] Unable to schedule network c5f7075e-f505-48a2-b852-0fee371b1f66: no agents available; will retry on subsequent port and subnet creation events.
2026-04-10 15:00:29.352 10 WARNING neutron.scheduler.dhcp_agent_scheduler [None req-831816df-c7e5-45e2-b8a2-32497be173c5 4793c5cce5b54c708cf0f52adcb30021 f39d6b033b8b41198edba77c5aa96124 - - - -] No more DHCP agents
2026-04-10 15:00:29.354 10 WARNING neutron.api.rpc.agentnotifiers.dhcp_rpc_agent_api [None req-831816df-c7e5-45e2-b8a2-32497be173c5 4793c5cce5b54c708cf0f52adcb30021 f39d6b033b8b41198edba77c5aa96124 - - - -] Unable to schedule network 98661b37-9e06-4080-a52c-712830e9da8d: no agents available; will retry on subsequent port and subnet creation events.
2026-04-10 15:00:29.410 10 INFO neutron.db.ovn_revision_numbers_db [None req-c363495d-73de-4aca-b516-c6828583f41b c2b7dc68ad8049dfae780a37ab4558d9 acad05b039954ce08d50c77d92872336 - - - -] Successfully bumped revision number for resource dfdbab45-e6cc-491e-a88a-c5b2e066081c (type: ports) to 1
2026-04-10 15:00:29.418 9 INFO neutron.db.ovn_revision_numbers_db [None req-eef7838b-1280-4852-8282-3028031625f9 e382d57a1dc8476e98df76a84f9e55ef 2cba3e0f0e5b4099934ec10d61cd2668 - - - -] Successfully bumped revision number for resource 2bc35c01-e437-4387-9eae-7502b5a32afd (type: security_groups) to 1
2026-04-10 15:00:29.441 10 INFO neutron.wsgi [None req-c363495d-73de-4aca-b516-c6828583f41b c2b7dc68ad8049dfae780a37ab4558d9 acad05b039954ce08d50c77d92872336 - - - -] 10.0.0.208 "POST /v2.0/ports HTTP/1.1" status: 201 len: 1706 time: 1.0502071
2026-04-10 15:00:29.512 9 INFO neutron.db.segments_db [None req-eef7838b-1280-4852-8282-3028031625f9 e382d57a1dc8476e98df76a84f9e55ef 2cba3e0f0e5b4099934ec10d61cd2668 - - - -] Added segment 9e55b840-f13e-4ae7-b606-cf2d6e422fc2 of type geneve for network d42b1817-1a37-417c-8929-e8a55c3dbe09
2026-04-10 15:00:29.515 10 INFO neutron.db.ovn_revision_numbers_db [None req-831816df-c7e5-45e2-b8a2-32497be173c5 4793c5cce5b54c708cf0f52adcb30021 f39d6b033b8b41198edba77c5aa96124 - - - -] Successfully bumped revision number for resource 2f08eb85-9296-4bff-ac39-8424c2553214 (type: ports) to 1
