2026-04-10 15:01:03.799 10 INFO neutron.wsgi [req-0e0b6f6a-0bbe-40dd-abf9-9cdc797a3c8c req-4cd954f8-630f-407f-bf6c-dfd767963dbe df59e04f96ed49f281f48dca6f3e603f 63a0ac3b9bfa46d9af43d9dfc0a57f83 - - default default] 10.0.0.190 "GET /v2.0/security-groups?id=ca796d2e-9811-4113-9961-bbb3f705ad04&fields=id&fields=name HTTP/1.1" status: 200 len: 312 time: 0.0435660
2026-04-10 15:01:03.980 10 INFO neutron.wsgi [None req-985e2bbd-63d0-42ea-ab22-e84c1695624b de9d6a224d59404e99cf678f09c61618 cb8954e2dbb54a1da91b01613af00327 - - - -] 10.0.0.208 "DELETE /v2.0/ports/90e80856-50ab-47a3-84f3-7ee624a0c62e HTTP/1.1" status: 204 len: 168 time: 0.3167748
2026-04-10 15:01:04.003 10 INFO neutron.pecan_wsgi.hooks.translation [None req-9aff70dd-55d6-4fa8-8aa3-43be7454c3ef de9d6a224d59404e99cf678f09c61618 cb8954e2dbb54a1da91b01613af00327 - - default default] GET failed (client error): The resource could not be found.
2026-04-10 15:01:04.005 10 INFO neutron.wsgi [None req-9aff70dd-55d6-4fa8-8aa3-43be7454c3ef de9d6a224d59404e99cf678f09c61618 cb8954e2dbb54a1da91b01613af00327 - - default default] 10.0.0.208 "GET /v2.0/ports/90e80856-50ab-47a3-84f3-7ee624a0c62e HTTP/1.1" status: 404 len: 333 time: 0.0202224
2026-04-10 15:01:04.143 9 INFO neutron.services.segments.plugin [-] Segment 1be97e2a-198a-4a2b-8e5e-07df2ea7aea9 resource provider aggregate not found
2026-04-10 15:01:04.158 9 INFO neutron.services.segments.plugin [-] Segment 1be97e2a-198a-4a2b-8e5e-07df2ea7aea9 resource provider aggregate not found
2026-04-10 15:01:04.173 9 INFO neutron.services.segments.plugin [-] Segment 1be97e2a-198a-4a2b-8e5e-07df2ea7aea9 resource provider not found; error: Placement Client Error (4xx): {"errors": [{"status": 404, "title": "Not Found", "detail": "The resource could not be found.\n\n No resource provider with uuid 1be97e2a-198a-4a2b-8e5e-07df2ea7aea9 found for delete ", "request_id": "req-454a3693-97cd-4cc2-95a5-9d96ccfa4cbb"}]}
2026-04-10 15:01:04.179 10 INFO neutron.wsgi [None req-ad3b1d17-9edc-4443-b7db-5fc892e5093e de9d6a224d59404e99cf678f09c61618 cb8954e2dbb54a1da91b01613af00327 - - - -] 10.0.0.208 "DELETE /v2.0/subnets/3648b89c-9a29-43c9-938a-6e2925e7953c HTTP/1.1" status: 204 len: 168 time: 0.1705632
2026-04-10 15:01:04.185 9 INFO neutron.services.segments.plugin [-] Segment 1be97e2a-198a-4a2b-8e5e-07df2ea7aea9 resource provider not found; error: Placement Client Error (4xx): {"errors": [{"status": 404, "title": "Not Found", "detail": "The resource could not be found.\n\n No resource provider with uuid 1be97e2a-198a-4a2b-8e5e-07df2ea7aea9 found for delete ", "request_id": "req-d4280658-3eb6-48e8-b3bd-31b859adabcd"}]}
2026-04-10 15:01:04.215 9 INFO neutron.wsgi [None req-28a456d1-92c4-4406-ac30-a68f5cb1ed3b e382d57a1dc8476e98df76a84f9e55ef 2cba3e0f0e5b4099934ec10d61cd2668 - - - -] 10.0.0.208 "DELETE /v2.0/networks/98661b37-9e06-4080-a52c-712830e9da8d HTTP/1.1" status: 204 len: 168 time: 0.5582175
2026-04-10 15:01:04.320 10 INFO neutron.notifiers.nova [-] Nova event matching ['req-53086e08-42f8-471c-985f-ee4417e3c0b7'] response: {'server_uuid': '4595a594-c5f0-4598-8c16-5227dfad47ec', 'name': 'network-vif-plugged', 'status': 'completed', 'tag': 'f033f7c6-788d-4e80-a3c1-a81c215ac1ef', 'code': 200}
2026-04-10 15:01:04.321 10 INFO neutron.notifiers.nova [-] Nova event matching ['req-53086e08-42f8-471c-985f-ee4417e3c0b7'] response: {'server_uuid': 'dc27e9f9-e42f-4ad2-8680-94a76c717d09', 'name': 'network-vif-plugged', 'status': 'completed', 'tag': '344d8e58-a02c-4904-9fae-4d44c9825d45', 'code': 200}
2026-04-10 15:01:04.321 10 INFO neutron.notifiers.nova [-] Nova event matching ['req-53086e08-42f8-471c-985f-ee4417e3c0b7'] response: {'server_uuid': '4595a594-c5f0-4598-8c16-5227dfad47ec', 'name': 'network-vif-deleted', 'tag': 'f033f7c6-788d-4e80-a3c1-a81c215ac1ef', 'status': 'completed', 'code': 200}
2026-04-10 15:01:04.321 10 INFO neutron.notifiers.nova [-] Nova event matching ['req-53086e08-42f8-471c-985f-ee4417e3c0b7'] response: {'server_uuid': 'dc27e9f9-e42f-4ad2-8680-94a76c717d09', 'name': 'network-vif-plugged', 'status': 'completed', 'tag': '344d8e58-a02c-4904-9fae-4d44c9825d45', 'code': 200}
2026-04-10 15:01:04.455 10 INFO neutron.wsgi [None req-c559442c-b618-4e21-ba5a-f9b4cfede795 e382d57a1dc8476e98df76a84f9e55ef 2cba3e0f0e5b4099934ec10d61cd2668 - - default default] 10.0.0.208 "GET /v2.0/security-groups?tenant_id=f39d6b033b8b41198edba77c5aa96124&name=default HTTP/1.1" status: 200 len: 2992 time: 0.0355558
2026-04-10 15:01:04.482 9 INFO neutron.wsgi [None req-10e08ca3-c98f-46b0-9649-70663870a8b5 e382d57a1dc8476e98df76a84f9e55ef 2cba3e0f0e5b4099934ec10d61cd2668 - - - -] 10.0.0.208 "PUT /v2.0/routers/b6066b1d-ab6d-462a-a0d6-3e402f57e11e/remove_router_interface HTTP/1.1" status: 200 len: 503 time: 1.5154555 /var/lib/openstack/lib/python3.10/site-packages/pycadf/identifier.py:71: UserWarning: Invalid uuid: neutron. To ensure interoperability, identifiers should be a valid uuid. warnings.warn(('Invalid uuid: %s. To ensure interoperability, '
2026-04-10 15:01:04.592 10 INFO neutron.services.segments.plugin [-] Segment cccbfaa7-fdd1-4537-b557-2db87b363fbc resource provider aggregate not found
2026-04-10 15:01:04.600 10 INFO neutron.services.segments.plugin [-] Segment cccbfaa7-fdd1-4537-b557-2db87b363fbc resource provider aggregate not found
2026-04-10 15:01:04.636 10 INFO neutron.services.segments.plugin [-] Segment cccbfaa7-fdd1-4537-b557-2db87b363fbc resource provider not found; error: Placement Client Error (4xx): {"errors": [{"status": 404, "title": "Not Found", "detail": "The resource could not be found.\n\n No resource provider with uuid cccbfaa7-fdd1-4537-b557-2db87b363fbc found for delete ", "request_id": "req-20b566f7-0da4-40e1-a697-52b7a20c7b88"}]}
2026-04-10 15:01:04.638 10 INFO neutron.services.segments.plugin [-] Segment cccbfaa7-fdd1-4537-b557-2db87b363fbc resource provider not found; error: Placement Client Error (4xx): {"errors": [{"status": 404, "title": "Not Found", "detail": "The resource could not be found.\n\n No resource provider with uuid cccbfaa7-fdd1-4537-b557-2db87b363fbc found for delete ", "request_id": "req-b378b61e-c782-4255-8945-d9dce389f088"}]}
2026-04-10 15:01:04.672 10 INFO neutron.wsgi [None req-ac54c17c-9e3a-4dc3-8d50-1c9b84f53acb de9d6a224d59404e99cf678f09c61618 cb8954e2dbb54a1da91b01613af00327 - - - -] 10.0.0.208 "DELETE /v2.0/networks/84b8c31a-212e-44e6-b821-ad68de66773c HTTP/1.1" status: 204 len: 168 time: 0.4812381
2026-04-10 15:01:04.844 10 INFO neutron.wsgi [None req-e9aaec86-cc95-407a-80a2-b81633957247 e382d57a1dc8476e98df76a84f9e55ef 2cba3e0f0e5b4099934ec10d61cd2668 - - - -] 10.0.0.208 "DELETE /v2.0/security-groups/de45a78a-0f11-4a20-9e51-10b2c14ad2bc HTTP/1.1" status: 204 len: 168 time: 0.3803821
2026-04-10 15:01:04.933 10 INFO neutron.wsgi [req-ffc54104-0fb2-4f91-8743-85980428d3bc req-ef3c7720-155c-4ff8-a12d-142c1b077746 df59e04f96ed49f281f48dca6f3e603f 63a0ac3b9bfa46d9af43d9dfc0a57f83 - - default default] 10.0.0.190 "GET /v2.0/ports?device_id=dc27e9f9-e42f-4ad2-8680-94a76c717d09 HTTP/1.1" status: 200 len: 1174 time: 0.0456009 /var/lib/openstack/lib/python3.10/site-packages/pycadf/identifier.py:71: UserWarning: Invalid uuid: neutron. To ensure interoperability, identifiers should be a valid uuid. warnings.warn(('Invalid uuid: %s. To ensure interoperability, '
2026-04-10 15:01:04.993 10 WARNING neutron.scheduler.dhcp_agent_scheduler [None req-0f91ca17-0cc8-4daf-82d4-d0a888ec8b9a de9d6a224d59404e99cf678f09c61618 cb8954e2dbb54a1da91b01613af00327 - - - -] No more DHCP agents
2026-04-10 15:01:04.998 10 INFO neutron.wsgi [req-ffc54104-0fb2-4f91-8743-85980428d3bc req-46e1e131-4d92-4c8d-b643-e2fa7f0add64 df59e04f96ed49f281f48dca6f3e603f 63a0ac3b9bfa46d9af43d9dfc0a57f83 - - default default] 10.0.0.190 "GET /v2.0/security-groups?id=ca796d2e-9811-4113-9961-bbb3f705ad04&fields=id&fields=name HTTP/1.1" status: 200 len: 312 time: 0.0561991
2026-04-10 15:01:05.001 10 WARNING neutron.api.rpc.agentnotifiers.dhcp_rpc_agent_api [None req-0f91ca17-0cc8-4daf-82d4-d0a888ec8b9a de9d6a224d59404e99cf678f09c61618 cb8954e2dbb54a1da91b01613af00327 - - - -] Unable to schedule network 145fce7d-99bc-4b3d-a23f-4655fa918fe9: no agents available; will retry on subsequent port and subnet creation events.
2026-04-10 15:01:05.083 10 INFO neutron.db.ovn_revision_numbers_db [None req-0f91ca17-0cc8-4daf-82d4-d0a888ec8b9a de9d6a224d59404e99cf678f09c61618 cb8954e2dbb54a1da91b01613af00327 - - - -] Successfully bumped revision number for resource dd1c4bac-1329-4e3c-a150-fd68c6ca30fc (type: ports) to 1
2026-04-10 15:01:05.103 10 INFO neutron.wsgi [None req-0f91ca17-0cc8-4daf-82d4-d0a888ec8b9a de9d6a224d59404e99cf678f09c61618 cb8954e2dbb54a1da91b01613af00327 - - - -] 10.0.0.208 "POST /v2.0/ports HTTP/1.1" status: 201 len: 978 time: 0.4207315 /var/lib/openstack/lib/python3.10/site-packages/pycadf/identifier.py:71: UserWarning: Invalid uuid: neutron. To ensure interoperability, identifiers should be a valid uuid. warnings.warn(('Invalid uuid: %s. To ensure interoperability, '
2026-04-10 15:01:05.132 9 INFO neutron.wsgi [req-41486f1a-1542-4dc0-aa15-83bf24b63e26 req-b0546e31-f740-446a-9360-3f54b05b8339 df59e04f96ed49f281f48dca6f3e603f 63a0ac3b9bfa46d9af43d9dfc0a57f83 - - default default] 10.0.0.190 "GET /v2.0/ports?device_id=dc27e9f9-e42f-4ad2-8680-94a76c717d09 HTTP/1.1" status: 200 len: 1174 time: 0.0511489
2026-04-10 15:01:05.343 9 INFO neutron.wsgi [None req-8f221779-3193-4b7f-9b4c-d283e5626d68 e382d57a1dc8476e98df76a84f9e55ef 2cba3e0f0e5b4099934ec10d61cd2668 - - - -] 10.0.0.208 "DELETE /v2.0/routers/b6066b1d-ab6d-462a-a0d6-3e402f57e11e HTTP/1.1" status: 204 len: 168 time: 0.8556480
2026-04-10 15:01:05.437 9 INFO neutron.db.l3_db [None req-63dc201e-2eb9-470a-ad17-b61d5d2bdf39 df59e04f96ed49f281f48dca6f3e603f 63a0ac3b9bfa46d9af43d9dfc0a57f83 - - - -] Floating IP 27572da6-4497-4f6b-8eee-d868186a0f77 associated. External IP: 10.96.250.214, port: 344d8e58-a02c-4904-9fae-4d44c9825d45.
2026-04-10 15:01:05.640 9 INFO neutron.wsgi [None req-8b1b06ee-6731-48d9-bba7-4da560716f21 e382d57a1dc8476e98df76a84f9e55ef 2cba3e0f0e5b4099934ec10d61cd2668 - - - -] 10.0.0.208 "DELETE /v2.0/subnets/1112b266-f88d-4411-b846-e2e60c761e31 HTTP/1.1" status: 204 len: 168 time: 0.2919450
2026-04-10 15:01:05.651 9 INFO neutron.db.ovn_revision_numbers_db [None req-63dc201e-2eb9-470a-ad17-b61d5d2bdf39 df59e04f96ed49f281f48dca6f3e603f 63a0ac3b9bfa46d9af43d9dfc0a57f83 - - - -] Successfully bumped revision number for resource 27572da6-4497-4f6b-8eee-d868186a0f77 (type: floatingips) to 1 /var/lib/openstack/lib/python3.10/site-packages/pycadf/identifier.py:71: UserWarning: Invalid uuid: neutron. To ensure interoperability, identifiers should be a valid uuid. warnings.warn(('Invalid uuid: %s. To ensure interoperability, '
2026-04-10 15:01:05.659 10 INFO neutron.db.ovn_revision_numbers_db [None req-d9aa5650-3536-42cd-b222-58404a24bf5f de9d6a224d59404e99cf678f09c61618 cb8954e2dbb54a1da91b01613af00327 - - - -] Successfully bumped revision number for resource dd1c4bac-1329-4e3c-a150-fd68c6ca30fc (type: ports) to 2
2026-04-10 15:01:05.677 10 INFO neutron.wsgi [None req-d9aa5650-3536-42cd-b222-58404a24bf5f de9d6a224d59404e99cf678f09c61618 cb8954e2dbb54a1da91b01613af00327 - - - -] 10.0.0.208 "PUT /v2.0/ports/dd1c4bac-1329-4e3c-a150-fd68c6ca30fc HTTP/1.1" status: 200 len: 946 time: 0.5699906 /var/lib/openstack/lib/python3.10/site-packages/pycadf/identifier.py:71: UserWarning: Invalid uuid: neutron. To ensure interoperability, identifiers should be a valid uuid. warnings.warn(('Invalid uuid: %s. To ensure interoperability, '
2026-04-10 15:01:05.778 9 INFO neutron.db.ovn_revision_numbers_db [None req-63dc201e-2eb9-470a-ad17-b61d5d2bdf39 df59e04f96ed49f281f48dca6f3e603f 63a0ac3b9bfa46d9af43d9dfc0a57f83 - - - -] Successfully bumped revision number for resource 27572da6-4497-4f6b-8eee-d868186a0f77 (type: floatingips) to 2
2026-04-10 15:01:05.814 9 INFO neutron.wsgi [None req-63dc201e-2eb9-470a-ad17-b61d5d2bdf39 df59e04f96ed49f281f48dca6f3e603f 63a0ac3b9bfa46d9af43d9dfc0a57f83 - - - -] 10.0.0.208 "PUT /v2.0/floatingips/27572da6-4497-4f6b-8eee-d868186a0f77 HTTP/1.1" status: 200 len: 1050 time: 0.6702571
2026-04-10 15:01:05.873 9 INFO neutron.notifiers.nova [-] Nova event matching ['req-2280e79f-39c2-4cdc-805f-62520ba5b21d'] response: {'name': 'network-changed', 'server_uuid': 'dc27e9f9-e42f-4ad2-8680-94a76c717d09', 'tag': '344d8e58-a02c-4904-9fae-4d44c9825d45', 'status': 'completed', 'code': 200}
2026-04-10 15:01:05.915 10 INFO neutron.wsgi [req-7f80a347-46b3-48c3-9b15-297bff78275b req-3afd70bb-dfc3-42f5-8e21-4482c3a76af1 df59e04f96ed49f281f48dca6f3e603f 63a0ac3b9bfa46d9af43d9dfc0a57f83 - - default default] 10.0.0.190 "GET /v2.0/ports?device_id=dc27e9f9-e42f-4ad2-8680-94a76c717d09 HTTP/1.1" status: 200 len: 1174 time: 0.0464211
2026-04-10 15:01:05.950 9 INFO neutron.wsgi [req-2192ff5f-5f14-422e-a806-17182e34865f req-f760fc34-75f0-4960-bb29-6eb0911e11e3 5f5eaa5b8b5b47518a420b0611bcc752 a776d20284c64aff9ed08d1326d110cc - - a72e8f6bda1a45148bc0c7161d785101 a72e8f6bda1a45148bc0c7161d785101] 199.204.45.132 "GET /v2.0/ports?tenant_id=63a0ac3b9bfa46d9af43d9dfc0a57f83&device_id=dc27e9f9-e42f-4ad2-8680-94a76c717d09 HTTP/1.1" status: 200 len: 1365 time: 0.0455544
2026-04-10 15:01:05.977 10 INFO neutron.wsgi [req-7f80a347-46b3-48c3-9b15-297bff78275b req-260185a7-5348-4b46-8c00-d0ab85cde62f df59e04f96ed49f281f48dca6f3e603f 63a0ac3b9bfa46d9af43d9dfc0a57f83 - - default default] 10.0.0.190 "GET /v2.0/security-groups?id=ca796d2e-9811-4113-9961-bbb3f705ad04&fields=id&fields=name HTTP/1.1" status: 200 len: 312 time: 0.0548947
2026-04-10 15:01:06.041 9 INFO neutron.wsgi [req-2192ff5f-5f14-422e-a806-17182e34865f req-4b393637-35f6-4fba-a2f3-c3bf54ed22a4 5f5eaa5b8b5b47518a420b0611bcc752 a776d20284c64aff9ed08d1326d110cc - - a72e8f6bda1a45148bc0c7161d785101 a72e8f6bda1a45148bc0c7161d785101] 199.204.45.132 "GET /v2.0/networks?id=d6468b5c-bf67-412a-8cd6-974201494a48 HTTP/1.1" status: 200 len: 978 time: 0.0808220
2026-04-10 15:01:06.088 9 INFO neutron.wsgi [None req-a0519638-26c3-48be-8e12-4652d117d7af de9d6a224d59404e99cf678f09c61618 cb8954e2dbb54a1da91b01613af00327 - - - -] 10.0.0.208 "DELETE /v2.0/ports/dd1c4bac-1329-4e3c-a150-fd68c6ca30fc HTTP/1.1" status: 204 len: 168 time: 0.4044516
2026-04-10 15:01:06.123 10 INFO neutron.wsgi [None req-326fa90d-e72b-4209-bcdd-15eb5a640af3 e382d57a1dc8476e98df76a84f9e55ef 2cba3e0f0e5b4099934ec10d61cd2668 - - - -] 10.0.0.208 "DELETE /v2.0/networks/9a4dd97f-4ed1-4795-b0c7-148835760ddf HTTP/1.1" status: 204 len: 168 time: 0.4748411
2026-04-10 15:01:06.123 9 INFO neutron.wsgi [req-2192ff5f-5f14-422e-a806-17182e34865f req-a83dd8e4-4874-468f-aedc-78e32ea9fb45 5f5eaa5b8b5b47518a420b0611bcc752 a776d20284c64aff9ed08d1326d110cc - - a72e8f6bda1a45148bc0c7161d785101 a72e8f6bda1a45148bc0c7161d785101] 199.204.45.132 "GET /v2.0/floatingips?fixed_ip_address=10.100.0.11&port_id=344d8e58-a02c-4904-9fae-4d44c9825d45 HTTP/1.1" status: 200 len: 1060 time: 0.0769401
2026-04-10 15:01:06.172 9 INFO neutron.wsgi [req-2192ff5f-5f14-422e-a806-17182e34865f req-03d9594f-0711-46d5-999a-8c2bbec92404 5f5eaa5b8b5b47518a420b0611bcc752 a776d20284c64aff9ed08d1326d110cc - - a72e8f6bda1a45148bc0c7161d785101 a72e8f6bda1a45148bc0c7161d785101] 199.204.45.132 "GET /v2.0/subnets?id=77e789ee-25ef-4e9e-b688-6e7105f62431 HTTP/1.1" status: 200 len: 873 time: 0.0422399
2026-04-10 15:01:06.195 10 INFO neutron.wsgi [None req-ff9739fc-eb04-4eb9-931d-ad636c7fe430 de9d6a224d59404e99cf678f09c61618 cb8954e2dbb54a1da91b01613af00327 - - default default] 10.0.0.208 "GET /v2.0/ports HTTP/1.1" status: 200 len: 1733 time: 0.1013839
2026-04-10 15:01:06.204 9 INFO neutron.wsgi [req-2192ff5f-5f14-422e-a806-17182e34865f req-e81cb87f-e86a-4c48-91c0-016b35278a8c 5f5eaa5b8b5b47518a420b0611bcc752 a776d20284c64aff9ed08d1326d110cc - - a72e8f6bda1a45148bc0c7161d785101 a72e8f6bda1a45148bc0c7161d785101] 199.204.45.132 "GET /v2.0/ports?network_id=d6468b5c-bf67-412a-8cd6-974201494a48&device_owner=network%3Adhcp HTTP/1.1" status: 200 len: 210 time: 0.0269318
2026-04-10 15:01:06.223 10 INFO neutron.pecan_wsgi.hooks.translation [None req-c9ea6503-6191-4ce8-8f64-423d2c91b8ec de9d6a224d59404e99cf678f09c61618 cb8954e2dbb54a1da91b01613af00327 - - default default] GET failed (client error): The resource could not be found.
2026-04-10 15:01:06.225 10 INFO neutron.wsgi [None req-c9ea6503-6191-4ce8-8f64-423d2c91b8ec de9d6a224d59404e99cf678f09c61618 cb8954e2dbb54a1da91b01613af00327 - - default default] 10.0.0.208 "GET /v2.0/ports/dd1c4bac-1329-4e3c-a150-fd68c6ca30fc HTTP/1.1" status: 404 len: 333 time: 0.0243661
2026-04-10 15:01:06.274 10 INFO neutron.wsgi [None req-309fb8a6-6df9-4e33-9664-6a5ac4064d60 de9d6a224d59404e99cf678f09c61618 cb8954e2dbb54a1da91b01613af00327 - - default default] 10.0.0.208 "GET /v2.0/ports HTTP/1.1" status: 200 len: 1733 time: 0.0450230
2026-04-10 15:01:06.301 9 INFO neutron.wsgi [req-2192ff5f-5f14-422e-a806-17182e34865f req-8fa74aa6-d62e-4d56-87f7-126d7dc2305e 5f5eaa5b8b5b47518a420b0611bcc752 a776d20284c64aff9ed08d1326d110cc - - a72e8f6bda1a45148bc0c7161d785101 a72e8f6bda1a45148bc0c7161d785101] 199.204.45.132 "GET /v2.0/networks/d6468b5c-bf67-412a-8cd6-974201494a48?fields=segments HTTP/1.1" status: 200 len: 212 time: 0.0891628
2026-04-10 15:01:06.319 10 INFO neutron.plugins.ml2.drivers.ovn.mech_driver.mech_driver [None req-7db40a3b-b51b-47c6-86fc-78675a44e990 - - - - - -] OVN reports status down for port: 344d8e58-a02c-4904-9fae-4d44c9825d45
2026-04-10 15:01:06.330 9 INFO neutron.wsgi [None req-814e36d6-510d-4588-8b50-0671cd240462 e382d57a1dc8476e98df76a84f9e55ef 2cba3e0f0e5b4099934ec10d61cd2668 - - default default] 10.0.0.208 "GET /v2.0/security-groups?tenant_id=237dc5c8e26148119d7f6fc851ff55a1&name=default HTTP/1.1" status: 200 len: 2996 time: 0.0565741
2026-04-10 15:01:06.368 10 INFO neutron.wsgi [None req-ec25d3b9-b79d-47ee-a61c-6ce6e36b3fe5 de9d6a224d59404e99cf678f09c61618 cb8954e2dbb54a1da91b01613af00327 - - default default] 10.0.0.208 "GET /v2.0/ports/11f3ac3c-8e87-49c3-a0fe-a8eb4dd5e977 HTTP/1.1" status: 200 len: 973 time: 0.0782712
2026-04-10 15:01:06.396 10 INFO neutron.pecan_wsgi.hooks.translation [None req-f085fcb7-a980-4fa4-bfa6-2e0bce9983e5 de9d6a224d59404e99cf678f09c61618 cb8954e2dbb54a1da91b01613af00327 - - - -] DELETE failed (client error): The resource could not be found.
2026-04-10 15:01:06.399 10 INFO neutron.wsgi [None req-f085fcb7-a980-4fa4-bfa6-2e0bce9983e5 de9d6a224d59404e99cf678f09c61618 cb8954e2dbb54a1da91b01613af00327 - - - -] 10.0.0.208 "DELETE /v2.0/ports/90e80856-50ab-47a3-84f3-7ee624a0c62e HTTP/1.1" status: 404 len: 333 time: 0.0223298
2026-04-10 15:01:06.418 9 INFO neutron.wsgi [req-48f66b46-8a3b-4a5f-b9a1-579021d75a55 req-5796d447-32db-48dd-9b00-50e613f25fc9 df59e04f96ed49f281f48dca6f3e603f 63a0ac3b9bfa46d9af43d9dfc0a57f83 - - default default] 10.0.0.190 "GET /v2.0/ports?device_id=dc27e9f9-e42f-4ad2-8680-94a76c717d09 HTTP/1.1" status: 200 len: 1174 time: 0.1499510
2026-04-10 15:01:06.421 9 INFO neutron.wsgi [req-2192ff5f-5f14-422e-a806-17182e34865f req-5c52d50a-2a9f-4647-a529-b892f35785fe 5f5eaa5b8b5b47518a420b0611bcc752 a776d20284c64aff9ed08d1326d110cc - - a72e8f6bda1a45148bc0c7161d785101 a72e8f6bda1a45148bc0c7161d785101] 199.204.45.132 "GET /v2.0/networks/d6468b5c-bf67-412a-8cd6-974201494a48?fields=provider%3Aphysical_network&fields=provider%3Anetwork_type HTTP/1.1" status: 200 len: 277 time: 0.1040790
2026-04-10 15:01:06.452 10 INFO neutron.pecan_wsgi.hooks.translation [None req-6adc0fc1-60e8-44ae-a7da-c0d93a091d2b de9d6a224d59404e99cf678f09c61618 cb8954e2dbb54a1da91b01613af00327 - - - -] DELETE failed (client error): The resource could not be found.
2026-04-10 15:01:06.455 10 INFO neutron.wsgi [None req-6adc0fc1-60e8-44ae-a7da-c0d93a091d2b de9d6a224d59404e99cf678f09c61618 cb8954e2dbb54a1da91b01613af00327 - - - -] 10.0.0.208 "DELETE /v2.0/subnets/3648b89c-9a29-43c9-938a-6e2925e7953c HTTP/1.1" status: 404 len: 337 time: 0.0367112
2026-04-10 15:01:06.474 9 INFO neutron.wsgi [req-48f66b46-8a3b-4a5f-b9a1-579021d75a55 req-0fee875c-434a-4993-9798-00c2114b6d64 df59e04f96ed49f281f48dca6f3e603f 63a0ac3b9bfa46d9af43d9dfc0a57f83 - - default default] 10.0.0.190 "GET /v2.0/security-groups?id=ca796d2e-9811-4113-9961-bbb3f705ad04&fields=id&fields=name HTTP/1.1" status: 200 len: 312 time: 0.0491452
2026-04-10 15:01:06.487 9 INFO neutron.pecan_wsgi.hooks.translation [None req-28e6543d-85ea-459e-8641-a83c9c02f8a0 de9d6a224d59404e99cf678f09c61618 cb8954e2dbb54a1da91b01613af00327 - - - -] DELETE failed (client error): The resource could not be found.
2026-04-10 15:01:06.490 9 INFO neutron.wsgi [None req-28e6543d-85ea-459e-8641-a83c9c02f8a0 de9d6a224d59404e99cf678f09c61618 cb8954e2dbb54a1da91b01613af00327 - - - -] 10.0.0.208 "DELETE /v2.0/subnets/24958782-b50e-4850-99e8-c47089315cc8 HTTP/1.1" status: 404 len: 337 time: 0.0264196
2026-04-10 15:01:06.522 10 INFO neutron.notifiers.nova [-] Nova event matching ['req-dce08a3f-53d0-485a-ba36-fb418da06b62'] response: {'server_uuid': 'dc27e9f9-e42f-4ad2-8680-94a76c717d09', 'name': 'network-vif-unplugged', 'status': 'completed', 'tag': '344d8e58-a02c-4904-9fae-4d44c9825d45', 'code': 200}
2026-04-10 15:01:06.630 9 INFO neutron.wsgi [req-aadd24d5-9c1a-4808-bd97-617fbf4e1f75 req-61327180-6e50-47a0-964b-b5755d6b3c7b df59e04f96ed49f281f48dca6f3e603f 63a0ac3b9bfa46d9af43d9dfc0a57f83 - - default default] 199.204.45.132 "GET /v2.0/ports?device_id=dc27e9f9-e42f-4ad2-8680-94a76c717d09 HTTP/1.1" status: 200 len: 1172 time: 0.0568788
2026-04-10 15:01:06.663 10 INFO neutron.services.segments.plugin [-] Segment d108b7b5-b9cf-4c86-bd73-5efbe332a1f4 resource provider aggregate not found
2026-04-10 15:01:06.668 10 INFO neutron.services.segments.plugin [-] Segment d108b7b5-b9cf-4c86-bd73-5efbe332a1f4 resource provider aggregate not found
2026-04-10 15:01:06.690 10 INFO neutron.services.segments.plugin [-] Segment d108b7b5-b9cf-4c86-bd73-5efbe332a1f4 resource provider not found; error: Placement Client Error (4xx): {"errors": [{"status": 404, "title": "Not Found", "detail": "The resource could not be found.\n\n No resource provider with uuid d108b7b5-b9cf-4c86-bd73-5efbe332a1f4 found for delete ", "request_id": "req-736f5e0b-d8a6-4047-90d9-aa9322b79b8e"}]}
2026-04-10 15:01:06.691 10 INFO neutron.services.segments.plugin [-] Segment d108b7b5-b9cf-4c86-bd73-5efbe332a1f4 resource provider not found; error: Placement Client Error (4xx): {"errors": [{"status": 404, "title": "Not Found", "detail": "The resource could not be found.\n\n No resource provider with uuid d108b7b5-b9cf-4c86-bd73-5efbe332a1f4 found for delete ", "request_id": "req-401603a3-5c6e-4f27-a993-2874ddc8db2e"}]}
2026-04-10 15:01:06.722 10 INFO neutron.wsgi [None req-e1e8e366-cd59-4f2f-9ada-ff6df30929d1 e382d57a1dc8476e98df76a84f9e55ef 2cba3e0f0e5b4099934ec10d61cd2668 - - - -] 10.0.0.208 "DELETE /v2.0/security-groups/9bb8e6d8-6b1d-43c7-ab14-edbbb38cad64 HTTP/1.1" status: 204 len: 168 time: 0.3837445
2026-04-10 15:01:06.739 10 INFO neutron.db.ovn_revision_numbers_db [None req-7db40a3b-b51b-47c6-86fc-78675a44e990 - - - - - -] Successfully bumped revision number for resource 344d8e58-a02c-4904-9fae-4d44c9825d45 (type: ports) to 5 /var/lib/openstack/lib/python3.10/site-packages/pycadf/identifier.py:71: UserWarning: Invalid uuid: neutron. To ensure interoperability, identifiers should be a valid uuid. warnings.warn(('Invalid uuid: %s. To ensure interoperability, '
2026-04-10 15:01:07.059 9 INFO neutron.wsgi [None req-32e61651-d321-46dd-95af-c895cb6f92f5 de9d6a224d59404e99cf678f09c61618 cb8954e2dbb54a1da91b01613af00327 - - - -] 10.0.0.208 "DELETE /v2.0/ports/11f3ac3c-8e87-49c3-a0fe-a8eb4dd5e977 HTTP/1.1" status: 204 len: 168 time: 0.5635445
2026-04-10 15:01:07.140 10 INFO neutron.db.ovn_revision_numbers_db [None req-d68c619f-282a-438d-a964-0abc8f75cc55 e382d57a1dc8476e98df76a84f9e55ef 2cba3e0f0e5b4099934ec10d61cd2668 - - - -] Successfully bumped revision number for resource 11fa0183-b164-4392-a839-e3a904627539 (type: security_groups) to 1
2026-04-10 15:01:07.195 10 INFO neutron.db.segments_db [None req-d68c619f-282a-438d-a964-0abc8f75cc55 e382d57a1dc8476e98df76a84f9e55ef 2cba3e0f0e5b4099934ec10d61cd2668 - - - -] Added segment 00ad8274-be83-4bda-8804-30a52c87f749 of type geneve for network 9dac2cc8-2ef7-4497-87b5-022c30b5a47b
2026-04-10 15:01:07.337 10 INFO neutron.db.ovn_revision_numbers_db [None req-d68c619f-282a-438d-a964-0abc8f75cc55 e382d57a1dc8476e98df76a84f9e55ef 2cba3e0f0e5b4099934ec10d61cd2668 - - - -] Successfully bumped revision number for resource 9dac2cc8-2ef7-4497-87b5-022c30b5a47b (type: networks) to 1
2026-04-10 15:01:07.351 9 INFO neutron.db.l3_db [None req-cd365439-f91a-49e3-bfec-52763d78c0e5 df59e04f96ed49f281f48dca6f3e603f 63a0ac3b9bfa46d9af43d9dfc0a57f83 - - - -] Floating IP 27572da6-4497-4f6b-8eee-d868186a0f77 disassociated. External IP: 10.96.250.214, port: 344d8e58-a02c-4904-9fae-4d44c9825d45.
2026-04-10 15:01:07.531 10 WARNING neutron.scheduler.dhcp_agent_scheduler [None req-d68c619f-282a-438d-a964-0abc8f75cc55 e382d57a1dc8476e98df76a84f9e55ef 2cba3e0f0e5b4099934ec10d61cd2668 - - - -] No more DHCP agents
2026-04-10 15:01:07.532 10 WARNING neutron.api.rpc.agentnotifiers.dhcp_rpc_agent_api [None req-d68c619f-282a-438d-a964-0abc8f75cc55 e382d57a1dc8476e98df76a84f9e55ef 2cba3e0f0e5b4099934ec10d61cd2668 - - - -] Unable to schedule network 9dac2cc8-2ef7-4497-87b5-022c30b5a47b: no agents available; will retry on subsequent port and subnet creation events. /var/lib/openstack/lib/python3.10/site-packages/pycadf/identifier.py:71: UserWarning: Invalid uuid: neutron. To ensure interoperability, identifiers should be a valid uuid. warnings.warn(('Invalid uuid: %s. To ensure interoperability, '
2026-04-10 15:01:07.622 10 INFO neutron.db.ovn_revision_numbers_db [None req-d68c619f-282a-438d-a964-0abc8f75cc55 e382d57a1dc8476e98df76a84f9e55ef 2cba3e0f0e5b4099934ec10d61cd2668 - - - -] Successfully bumped revision number for resource 6367c29a-efc2-4e5b-8376-eabf6778739e (type: ports) to 1
2026-04-10 15:01:07.632 9 INFO neutron.wsgi [req-8e692e67-e15b-47a3-96ef-9ae9d9922dca req-245b454d-137b-4f0f-ac1f-cf0772a1b6c9 df59e04f96ed49f281f48dca6f3e603f 63a0ac3b9bfa46d9af43d9dfc0a57f83 - - default default] 10.0.0.190 "GET /v2.0/ports?device_id=dc27e9f9-e42f-4ad2-8680-94a76c717d09 HTTP/1.1" status: 200 len: 1172 time: 0.0762868
2026-04-10 15:01:07.642 10 INFO neutron.wsgi [None req-d68c619f-282a-438d-a964-0abc8f75cc55 e382d57a1dc8476e98df76a84f9e55ef 2cba3e0f0e5b4099934ec10d61cd2668 - - - -] 10.0.0.208 "POST /v2.0/networks HTTP/1.1" status: 201 len: 938 time: 0.8922215
2026-04-10 15:01:07.705 9 INFO neutron.wsgi [req-8e692e67-e15b-47a3-96ef-9ae9d9922dca req-0fe42177-7952-46fe-9875-124bc8e39c8b df59e04f96ed49f281f48dca6f3e603f 63a0ac3b9bfa46d9af43d9dfc0a57f83 - - default default] 10.0.0.190 "GET /v2.0/security-groups?id=ca796d2e-9811-4113-9961-bbb3f705ad04&fields=id&fields=name HTTP/1.1" status: 200 len: 312 time: 0.0651183
2026-04-10 15:01:07.712 9 INFO neutron.wsgi [None req-cd365439-f91a-49e3-bfec-52763d78c0e5 df59e04f96ed49f281f48dca6f3e603f 63a0ac3b9bfa46d9af43d9dfc0a57f83 - - - -] 199.204.45.132 "DELETE /v2.0/ports/344d8e58-a02c-4904-9fae-4d44c9825d45 HTTP/1.1" status: 204 len: 173 time: 1.0645409
2026-04-10 15:01:07.713 9 INFO neutron.services.segments.plugin [-] Segment d91e70fe-9cbd-4b1b-b125-d009d85eb95d resource provider aggregate not found
2026-04-10 15:01:07.723 9 INFO neutron.services.segments.plugin [-] Segment d91e70fe-9cbd-4b1b-b125-d009d85eb95d resource provider aggregate not found
2026-04-10 15:01:07.743 9 INFO neutron.services.segments.plugin [-] Segment d91e70fe-9cbd-4b1b-b125-d009d85eb95d resource provider not found; error: Placement Client Error (4xx): {"errors": [{"status": 404, "title": "Not Found", "detail": "The resource could not be found.\n\n No resource provider with uuid d91e70fe-9cbd-4b1b-b125-d009d85eb95d found for delete ", "request_id": "req-646c5186-7b05-449f-9add-82623af07be8"}]}
2026-04-10 15:01:07.744 9 INFO neutron.services.segments.plugin [-] Segment d91e70fe-9cbd-4b1b-b125-d009d85eb95d resource provider not found; error: Placement Client Error (4xx): {"errors": [{"status": 404, "title": "Not Found", "detail": "The resource could not be found.\n\n No resource provider with uuid d91e70fe-9cbd-4b1b-b125-d009d85eb95d found for delete ", "request_id": "req-2ce35f4c-20a7-482b-a762-836e7a649408"}]}
2026-04-10 15:01:07.780 9 INFO neutron.wsgi [None req-019cfdae-8ecb-4d94-9ed4-06b60675f73f de9d6a224d59404e99cf678f09c61618 cb8954e2dbb54a1da91b01613af00327 - - - -] 10.0.0.208 "DELETE /v2.0/networks/145fce7d-99bc-4b3d-a23f-4655fa918fe9 HTTP/1.1" status: 204 len: 168 time: 0.7160070
2026-04-10 15:01:07.822 10 WARNING neutron.scheduler.dhcp_agent_scheduler [None req-186359e1-259e-45a8-b365-be888505c0f5 e382d57a1dc8476e98df76a84f9e55ef 2cba3e0f0e5b4099934ec10d61cd2668 - - - -] No more DHCP agents
2026-04-10 15:01:07.823 10 WARNING neutron.api.rpc.agentnotifiers.dhcp_rpc_agent_api [None req-186359e1-259e-45a8-b365-be888505c0f5 e382d57a1dc8476e98df76a84f9e55ef 2cba3e0f0e5b4099934ec10d61cd2668 - - - -] Unable to schedule network 9dac2cc8-2ef7-4497-87b5-022c30b5a47b: no agents available; will retry on subsequent port and subnet creation events.
2026-04-10 15:01:07.935 9 INFO neutron.notifiers.nova [-] Nova event matching ['req-5f60d3ae-d0c1-404d-9eb0-3754e54c8691'] response: {'server_uuid': 'dc27e9f9-e42f-4ad2-8680-94a76c717d09', 'name': 'network-vif-deleted', 'tag': '344d8e58-a02c-4904-9fae-4d44c9825d45', 'status': 'completed', 'code': 200}
2026-04-10 15:01:08.360 10 INFO neutron.db.ovn_revision_numbers_db [None req-186359e1-259e-45a8-b365-be888505c0f5 e382d57a1dc8476e98df76a84f9e55ef 2cba3e0f0e5b4099934ec10d61cd2668 - - - -] Successfully bumped revision number for resource 6367c29a-efc2-4e5b-8376-eabf6778739e (type: ports) to 2
2026-04-10 15:01:08.376 10 INFO neutron.db.ovn_revision_numbers_db [None req-186359e1-259e-45a8-b365-be888505c0f5 e382d57a1dc8476e98df76a84f9e55ef 2cba3e0f0e5b4099934ec10d61cd2668 - - - -] Successfully bumped revision number for resource b7ef2b4e-c640-4b01-8830-a0217032e763 (type: subnets) to 0
2026-04-10 15:01:08.404 10 INFO neutron.wsgi [None req-186359e1-259e-45a8-b365-be888505c0f5 e382d57a1dc8476e98df76a84f9e55ef 2cba3e0f0e5b4099934ec10d61cd2668 - - - -] 10.0.0.208 "POST /v2.0/subnets HTTP/1.1" status: 201 len: 858 time: 0.7551558
2026-04-10 15:01:08.457 9 INFO neutron.wsgi [None req-111594bf-74b2-4a6d-b50b-9e25a12e12f9 e382d57a1dc8476e98df76a84f9e55ef 2cba3e0f0e5b4099934ec10d61cd2668 - - default default] 10.0.0.208 "GET /v2.0/security-groups?tenant_id=cb8954e2dbb54a1da91b01613af00327&name=default HTTP/1.1" status: 200 len: 2996 time: 0.1944010
2026-04-10 15:01:08.555 10 INFO neutron.notifiers.nova [-] Nova event matching ['req-1a28dac9-49b0-4071-a195-6c97d6e61aef'] response: {'server_uuid': 'dc27e9f9-e42f-4ad2-8680-94a76c717d09', 'name': 'network-vif-plugged', 'status': 'completed', 'tag': '344d8e58-a02c-4904-9fae-4d44c9825d45', 'code': 200}
2026-04-10 15:01:08.815 10 INFO neutron.wsgi [None req-6e027b6a-3947-49a3-9556-9c863bde07b1 e382d57a1dc8476e98df76a84f9e55ef 2cba3e0f0e5b4099934ec10d61cd2668 - - - -] 10.0.0.208 "DELETE /v2.0/security-groups/ed386ae1-aab5-48e2-b00e-edb9909f634f HTTP/1.1" status: 204 len: 168 time: 0.3527532
2026-04-10 15:01:08.945 9 INFO neutron.wsgi [None req-98374efd-267a-4108-ad57-39c8aa38e0ed df59e04f96ed49f281f48dca6f3e603f 63a0ac3b9bfa46d9af43d9dfc0a57f83 - - - -] 10.0.0.208 "DELETE /v2.0/security-groups/ca796d2e-9811-4113-9961-bbb3f705ad04 HTTP/1.1" status: 204 len: 168 time: 0.1222384
2026-04-10 15:01:08.961 9 INFO neutron.api.v2.resource [None req-d9e4b07e-47db-4bce-9cc1-4682321b60fe df59e04f96ed49f281f48dca6f3e603f 63a0ac3b9bfa46d9af43d9dfc0a57f83 - - default default] show failed (client error): The resource could not be found.
2026-04-10 15:01:08.962 9 INFO neutron.wsgi [None req-d9e4b07e-47db-4bce-9cc1-4682321b60fe df59e04f96ed49f281f48dca6f3e603f 63a0ac3b9bfa46d9af43d9dfc0a57f83 - - default default] 10.0.0.208 "GET /v2.0/security-groups/ca796d2e-9811-4113-9961-bbb3f705ad04 HTTP/1.1" status: 404 len: 347 time: 0.0125432
2026-04-10 15:01:08.969 10 WARNING neutron.scheduler.dhcp_agent_scheduler [None req-e499292c-cecd-48ee-83bf-b452c7777148 e382d57a1dc8476e98df76a84f9e55ef 2cba3e0f0e5b4099934ec10d61cd2668 - - - -] No more DHCP agents
2026-04-10 15:01:08.972 10 WARNING neutron.api.rpc.agentnotifiers.dhcp_rpc_agent_api [None req-e499292c-cecd-48ee-83bf-b452c7777148 e382d57a1dc8476e98df76a84f9e55ef 2cba3e0f0e5b4099934ec10d61cd2668 - - - -] Unable to schedule network 890fb310-6b42-4a79-a46a-55281d1e97d5: no agents available; will retry on subsequent port and subnet creation events.
2026-04-10 15:01:09.137 10 INFO neutron.db.ovn_revision_numbers_db [None req-e499292c-cecd-48ee-83bf-b452c7777148 e382d57a1dc8476e98df76a84f9e55ef 2cba3e0f0e5b4099934ec10d61cd2668 - - - -] Successfully bumped revision number for resource 91cbc026-91eb-4219-9890-fc71ded07d5b (type: ports) to 1
2026-04-10 15:01:09.364 9 INFO neutron.wsgi [None req-5178cabb-0351-4561-9276-bcc386e2f700 df59e04f96ed49f281f48dca6f3e603f 63a0ac3b9bfa46d9af43d9dfc0a57f83 - - - -] 10.0.0.208 "DELETE /v2.0/floatingips/27572da6-4497-4f6b-8eee-d868186a0f77 HTTP/1.1" status: 204 len: 168 time: 0.3968670
2026-04-10 15:01:10.093 10 INFO neutron.plugins.ml2.drivers.ovn.mech_driver.mech_driver [None req-7db40a3b-b51b-47c6-86fc-78675a44e990 - - - - - -] OVN reports status up for port: 91cbc026-91eb-4219-9890-fc71ded07d5b
2026-04-10 15:01:10.110 10 INFO neutron.plugins.ml2.plugin [None req-7db40a3b-b51b-47c6-86fc-78675a44e990 - - - - - -] Attempt 1 to provision port 91cbc026-91eb-4219-9890-fc71ded07d5b
2026-04-10 15:01:10.112 9 INFO neutron.plugins.ml2.drivers.ovn.mech_driver.ovsdb.ovsdb_monitor [None req-b1e4ae3f-5f16-406d-bfa6-f85cf68c4d2f - - - - - -] Router dd316dad-d092-4085-9dee-cef0dff76c57 is bound to host instance
2026-04-10 15:01:10.129 10 INFO neutron.db.ovn_revision_numbers_db [None req-e499292c-cecd-48ee-83bf-b452c7777148 e382d57a1dc8476e98df76a84f9e55ef 2cba3e0f0e5b4099934ec10d61cd2668 - - - -] Successfully bumped revision number for resource 91cbc026-91eb-4219-9890-fc71ded07d5b (type: router_ports) to 1
2026-04-10 15:01:10.230 10 INFO neutron.db.ovn_revision_numbers_db [None req-e499292c-cecd-48ee-83bf-b452c7777148 e382d57a1dc8476e98df76a84f9e55ef 2cba3e0f0e5b4099934ec10d61cd2668 - - - -] Successfully bumped revision number for resource dd316dad-d092-4085-9dee-cef0dff76c57 (type: routers) to 3
2026-04-10 15:01:10.244 10 INFO neutron.wsgi [None req-e499292c-cecd-48ee-83bf-b452c7777148 e382d57a1dc8476e98df76a84f9e55ef 2cba3e0f0e5b4099934ec10d61cd2668 - - - -] 10.0.0.208 "POST /v2.0/routers HTTP/1.1" status: 201 len: 869 time: 1.8351634
2026-04-10 15:01:10.703 9 INFO neutron.wsgi [None req-25d3aada-102b-4976-9f5c-dd07f5f0de97 e382d57a1dc8476e98df76a84f9e55ef 2cba3e0f0e5b4099934ec10d61cd2668 - - - -] 10.0.0.208 "PUT /v2.0/routers/5e22040a-f17f-4557-81a2-d1c69a2cce0e/remove_router_interface HTTP/1.1" status: 200 len: 503 time: 1.3328977 /var/lib/openstack/lib/python3.10/site-packages/pycadf/identifier.py:71: UserWarning: Invalid uuid: neutron. To ensure interoperability, identifiers should be a valid uuid. warnings.warn(('Invalid uuid: %s. To ensure interoperability, '
2026-04-10 15:01:10.718 10 WARNING neutron.scheduler.dhcp_agent_scheduler [None req-6df0d8f1-0fbf-4998-b45f-027b7129db76 e382d57a1dc8476e98df76a84f9e55ef 2cba3e0f0e5b4099934ec10d61cd2668 - - default default] No more DHCP agents
2026-04-10 15:01:10.722 10 WARNING neutron.api.rpc.agentnotifiers.dhcp_rpc_agent_api [None req-6df0d8f1-0fbf-4998-b45f-027b7129db76 e382d57a1dc8476e98df76a84f9e55ef 2cba3e0f0e5b4099934ec10d61cd2668 - - default default] Unable to schedule network 9dac2cc8-2ef7-4497-87b5-022c30b5a47b: no agents available; will retry on subsequent port and subnet creation events.
2026-04-10 15:01:10.775 10 INFO neutron.db.ovn_revision_numbers_db [None req-eda9bbf8-193e-42c8-93ae-d65e8f4afb29 6a2a8d4942894062a3236e89ddbff2b5 3ac26f800ee746c38330ded65b1706d1 - - - -] Successfully bumped revision number for resource dfc60432-5ec3-48ee-aff7-b36cee0b1a66 (type: security_groups) to 1
2026-04-10 15:01:10.841 10 INFO neutron.db.segments_db [None req-eda9bbf8-193e-42c8-93ae-d65e8f4afb29 6a2a8d4942894062a3236e89ddbff2b5 3ac26f800ee746c38330ded65b1706d1 - - - -] Added segment ee4e1354-acdf-40ea-be0c-235e78dfea9c of type geneve for network 51675417-64c9-4ed4-90e9-cb6dcb38a955
2026-04-10 15:01:10.895 10 INFO neutron.db.ovn_revision_numbers_db [None req-6df0d8f1-0fbf-4998-b45f-027b7129db76 e382d57a1dc8476e98df76a84f9e55ef 2cba3e0f0e5b4099934ec10d61cd2668 - - default default] Successfully bumped revision number for resource 076e9b4f-0450-4b7c-8a22-6d2d0fe78494 (type: ports) to 1
2026-04-10 15:01:11.012 10 INFO neutron.db.ovn_revision_numbers_db [None req-eda9bbf8-193e-42c8-93ae-d65e8f4afb29 6a2a8d4942894062a3236e89ddbff2b5 3ac26f800ee746c38330ded65b1706d1 - - - -] Successfully bumped revision number for resource 51675417-64c9-4ed4-90e9-cb6dcb38a955 (type: networks) to 1
2026-04-10 15:01:11.068 9 INFO neutron.db.ovn_revision_numbers_db [None req-b1e4ae3f-5f16-406d-bfa6-f85cf68c4d2f - - - - - -] Successfully bumped revision number for resource 91cbc026-91eb-4219-9890-fc71ded07d5b (type: ports) to 1
2026-04-10 15:01:11.309 10 WARNING neutron.scheduler.dhcp_agent_scheduler [None req-eda9bbf8-193e-42c8-93ae-d65e8f4afb29 6a2a8d4942894062a3236e89ddbff2b5 3ac26f800ee746c38330ded65b1706d1 - - - -] No more DHCP agents
2026-04-10 15:01:11.322 10 WARNING neutron.api.rpc.agentnotifiers.dhcp_rpc_agent_api [None req-eda9bbf8-193e-42c8-93ae-d65e8f4afb29 6a2a8d4942894062a3236e89ddbff2b5 3ac26f800ee746c38330ded65b1706d1 - - - -] Unable to schedule network 51675417-64c9-4ed4-90e9-cb6dcb38a955: no agents available; will retry on subsequent port and subnet creation events.
2026-04-10 15:01:11.418 10 INFO neutron.db.ovn_revision_numbers_db [None req-eda9bbf8-193e-42c8-93ae-d65e8f4afb29 6a2a8d4942894062a3236e89ddbff2b5 3ac26f800ee746c38330ded65b1706d1 - - - -] Successfully bumped revision number for resource 01cf3e60-b297-4fdc-b5fc-ad1ace202f3f (type: ports) to 1
2026-04-10 15:01:11.457 10 INFO neutron.wsgi [None req-eda9bbf8-193e-42c8-93ae-d65e8f4afb29 6a2a8d4942894062a3236e89ddbff2b5 3ac26f800ee746c38330ded65b1706d1 - - - -] 10.0.0.208 "POST /v2.0/networks HTTP/1.1" status: 201 len: 843 time: 1.0112944
2026-04-10 15:01:11.479 9 INFO neutron.db.ovn_revision_numbers_db [None req-b1e4ae3f-5f16-406d-bfa6-f85cf68c4d2f - - - - - -] Successfully bumped revision number for resource 91cbc026-91eb-4219-9890-fc71ded07d5b (type: router_ports) to 3
2026-04-10 15:01:11.508 9 INFO neutron.plugins.ml2.drivers.ovn.mech_driver.mech_driver [None req-cea678a5-dc94-4109-a3f7-c8ed0fe94008 - - - - - -] OVN reports status up for port: 076e9b4f-0450-4b7c-8a22-6d2d0fe78494
2026-04-10 15:01:11.508 10 INFO neutron.db.ovn_revision_numbers_db [None req-6df0d8f1-0fbf-4998-b45f-027b7129db76 e382d57a1dc8476e98df76a84f9e55ef 2cba3e0f0e5b4099934ec10d61cd2668 - - default default] Successfully bumped revision number for resource 076e9b4f-0450-4b7c-8a22-6d2d0fe78494 (type: router_ports) to 2
2026-04-10 15:01:11.527 9 INFO neutron.plugins.ml2.plugin [None req-cea678a5-dc94-4109-a3f7-c8ed0fe94008 - - - - - -] Attempt 1 to provision port 076e9b4f-0450-4b7c-8a22-6d2d0fe78494
2026-04-10 15:01:11.532 9 INFO neutron.wsgi [None req-17edae25-7a63-4496-9c8f-c6b38cbab7fc e382d57a1dc8476e98df76a84f9e55ef 2cba3e0f0e5b4099934ec10d61cd2668 - - - -] 10.0.0.208 "DELETE /v2.0/routers/5e22040a-f17f-4557-81a2-d1c69a2cce0e HTTP/1.1" status: 204 len: 168 time: 0.8221097
2026-04-10 15:01:11.714 10 INFO neutron.db.ovn_revision_numbers_db [None req-6df0d8f1-0fbf-4998-b45f-027b7129db76 e382d57a1dc8476e98df76a84f9e55ef 2cba3e0f0e5b4099934ec10d61cd2668 - - default default] Successfully bumped revision number for resource 076e9b4f-0450-4b7c-8a22-6d2d0fe78494 (type: ports) to 2
2026-04-10 15:01:11.739 9 INFO neutron.db.ovn_revision_numbers_db [None req-b1e4ae3f-5f16-406d-bfa6-f85cf68c4d2f - - - - - -] Successfully bumped revision number for resource 91cbc026-91eb-4219-9890-fc71ded07d5b (type: ports) to 2
2026-04-10 15:01:11.789 10 INFO neutron.wsgi [None req-d3d0e025-efc2-4b7e-bbcc-0fd39b528c7e e382d57a1dc8476e98df76a84f9e55ef 2cba3e0f0e5b4099934ec10d61cd2668 - - - -] 10.0.0.208 "DELETE /v2.0/subnets/77e789ee-25ef-4e9e-b688-6e7105f62431 HTTP/1.1" status: 204 len: 168 time: 0.2522757
2026-04-10 15:01:11.794 10 WARNING neutron.scheduler.dhcp_agent_scheduler [None req-6df0d8f1-0fbf-4998-b45f-027b7129db76 e382d57a1dc8476e98df76a84f9e55ef 2cba3e0f0e5b4099934ec10d61cd2668 - - default default] No more DHCP agents
2026-04-10 15:01:11.795 10 WARNING neutron.api.rpc.agentnotifiers.dhcp_rpc_agent_api [None req-6df0d8f1-0fbf-4998-b45f-027b7129db76 e382d57a1dc8476e98df76a84f9e55ef 2cba3e0f0e5b4099934ec10d61cd2668 - - default default] Unable to schedule network 9dac2cc8-2ef7-4497-87b5-022c30b5a47b: no agents available; will retry on subsequent port and subnet creation events.
2026-04-10 15:01:12.061 9 WARNING neutron.scheduler.dhcp_agent_scheduler [None req-7de67e7e-ff41-405f-9673-fde7e71b5bfc 6a2a8d4942894062a3236e89ddbff2b5 3ac26f800ee746c38330ded65b1706d1 - - - -] No more DHCP agents
2026-04-10 15:01:12.069 9 WARNING neutron.api.rpc.agentnotifiers.dhcp_rpc_agent_api [None req-7de67e7e-ff41-405f-9673-fde7e71b5bfc 6a2a8d4942894062a3236e89ddbff2b5 3ac26f800ee746c38330ded65b1706d1 - - - -] Unable to schedule network 51675417-64c9-4ed4-90e9-cb6dcb38a955: no agents available; will retry on subsequent port and subnet creation events.
2026-04-10 15:01:12.180 9 INFO neutron.db.ovn_revision_numbers_db [None req-cea678a5-dc94-4109-a3f7-c8ed0fe94008 - - - - - -] Successfully bumped revision number for resource 076e9b4f-0450-4b7c-8a22-6d2d0fe78494 (type: ports) to 3
2026-04-10 15:01:12.198 9 INFO neutron.db.ovn_revision_numbers_db [None req-7de67e7e-ff41-405f-9673-fde7e71b5bfc 6a2a8d4942894062a3236e89ddbff2b5 3ac26f800ee746c38330ded65b1706d1 - - - -] Successfully bumped revision number for resource e5f6400b-a1a5-4462-9045-bdfecac8a886 (type: ports) to 1
2026-04-10 15:01:12.271 9 INFO neutron.wsgi [None req-7de67e7e-ff41-405f-9673-fde7e71b5bfc 6a2a8d4942894062a3236e89ddbff2b5 3ac26f800ee746c38330ded65b1706d1 - - - -] 10.0.0.208 "POST /v2.0/ports HTTP/1.1" status: 201 len: 973 time: 0.8040831 /var/lib/openstack/lib/python3.10/site-packages/pycadf/identifier.py:71: UserWarning: Invalid uuid: neutron. To ensure interoperability, identifiers should be a valid uuid. warnings.warn(('Invalid uuid: %s. To ensure interoperability, '
2026-04-10 15:01:12.359 9 INFO neutron.db.ovn_revision_numbers_db [None req-cea678a5-dc94-4109-a3f7-c8ed0fe94008 - - - - - -] Successfully bumped revision number for resource 076e9b4f-0450-4b7c-8a22-6d2d0fe78494 (type: router_ports) to 3
2026-04-10 15:01:12.407 9 INFO neutron.db.ovn_revision_numbers_db [None req-b1e4ae3f-5f16-406d-bfa6-f85cf68c4d2f - - - - - -] Successfully bumped revision number for resource 91cbc026-91eb-4219-9890-fc71ded07d5b (type: ports) to 4
2026-04-10 15:01:12.413 9 INFO neutron.db.segments_db [None req-ca5297a1-c0e8-46c8-a2e3-3add636a8af7 6a2a8d4942894062a3236e89ddbff2b5 3ac26f800ee746c38330ded65b1706d1 - - - -] Added segment bea8daf2-3a08-498e-a89d-426742d5b821 of type geneve for network 2ecb5d51-943a-4584-9154-1cfd4b6e8f4d
2026-04-10 15:01:12.603 10 INFO neutron.services.segments.plugin [-] Segment f7b8f1bd-5fde-4af5-b2f3-a0951f65f34f resource provider aggregate not found
2026-04-10 15:01:12.610 10 INFO neutron.services.segments.plugin [-] Segment f7b8f1bd-5fde-4af5-b2f3-a0951f65f34f resource provider aggregate not found
2026-04-10 15:01:12.628 10 INFO neutron.services.segments.plugin [-] Segment f7b8f1bd-5fde-4af5-b2f3-a0951f65f34f resource provider not found; error: Placement Client Error (4xx): {"errors": [{"status": 404, "title": "Not Found", "detail": "The resource could not be found.\n\n No resource provider with uuid f7b8f1bd-5fde-4af5-b2f3-a0951f65f34f found for delete ", "request_id": "req-026cdd1c-42a0-468e-8fef-5ba3f135b909"}]}
2026-04-10 15:01:12.629 10 INFO neutron.services.segments.plugin [-] Segment f7b8f1bd-5fde-4af5-b2f3-a0951f65f34f resource provider not found; error: Placement Client Error (4xx): {"errors": [{"status": 404, "title": "Not Found", "detail": "The resource could not be found.\n\n No resource provider with uuid f7b8f1bd-5fde-4af5-b2f3-a0951f65f34f found for delete ", "request_id": "req-f3693b35-aade-4b78-aa91-d01a152c7ecc"}]}
2026-04-10 15:01:12.651 9 INFO neutron.db.ovn_revision_numbers_db [None req-ca5297a1-c0e8-46c8-a2e3-3add636a8af7 6a2a8d4942894062a3236e89ddbff2b5 3ac26f800ee746c38330ded65b1706d1 - - - -] Successfully bumped revision number for resource 2ecb5d51-943a-4584-9154-1cfd4b6e8f4d (type: networks) to 1
2026-04-10 15:01:12.670 10 INFO neutron.wsgi [None req-eb1aa8e3-a89c-4b50-a7ec-5b72aa4c889c e382d57a1dc8476e98df76a84f9e55ef 2cba3e0f0e5b4099934ec10d61cd2668 - - - -] 10.0.0.208 "DELETE /v2.0/networks/d6468b5c-bf67-412a-8cd6-974201494a48 HTTP/1.1" status: 204 len: 168 time: 0.8726270
2026-04-10 15:01:12.693 10 INFO neutron.db.ovn_revision_numbers_db [None req-6df0d8f1-0fbf-4998-b45f-027b7129db76 e382d57a1dc8476e98df76a84f9e55ef 2cba3e0f0e5b4099934ec10d61cd2668 - - - -] Successfully bumped revision number for resource 076e9b4f-0450-4b7c-8a22-6d2d0fe78494 (type: router_ports) to 3
2026-04-10 15:01:12.696 10 INFO neutron.wsgi [None req-6df0d8f1-0fbf-4998-b45f-027b7129db76 e382d57a1dc8476e98df76a84f9e55ef 2cba3e0f0e5b4099934ec10d61cd2668 - - - -] 10.0.0.208 "PUT /v2.0/routers/dd316dad-d092-4085-9dee-cef0dff76c57/add_router_interface HTTP/1.1" status: 200 len: 503 time: 2.4412611
2026-04-10 15:01:12.799 9 INFO neutron.db.ovn_revision_numbers_db [None req-b1e4ae3f-5f16-406d-bfa6-f85cf68c4d2f - - - - - -] Successfully bumped revision number for resource 91cbc026-91eb-4219-9890-fc71ded07d5b (type: router_ports) to 4
2026-04-10 15:01:12.870 9 WARNING neutron.scheduler.dhcp_agent_scheduler [None req-ca5297a1-c0e8-46c8-a2e3-3add636a8af7 6a2a8d4942894062a3236e89ddbff2b5 3ac26f800ee746c38330ded65b1706d1 - - - -] No more DHCP agents
2026-04-10 15:01:12.873 9 WARNING neutron.api.rpc.agentnotifiers.dhcp_rpc_agent_api [None req-ca5297a1-c0e8-46c8-a2e3-3add636a8af7 6a2a8d4942894062a3236e89ddbff2b5 3ac26f800ee746c38330ded65b1706d1 - - - -] Unable to schedule network 2ecb5d51-943a-4584-9154-1cfd4b6e8f4d: no agents available; will retry on subsequent port and subnet creation events.
2026-04-10 15:01:12.934 9 INFO neutron.wsgi [None req-0db19dd1-acd2-4d03-b6aa-2c5bfd6b227b e382d57a1dc8476e98df76a84f9e55ef 2cba3e0f0e5b4099934ec10d61cd2668 - - default default] 10.0.0.208 "GET /v2.0/security-groups?tenant_id=63a0ac3b9bfa46d9af43d9dfc0a57f83&name=default HTTP/1.1" status: 200 len: 2996 time: 0.0442352
2026-04-10 15:01:12.951 9 INFO neutron.db.ovn_revision_numbers_db [None req-ca5297a1-c0e8-46c8-a2e3-3add636a8af7 6a2a8d4942894062a3236e89ddbff2b5 3ac26f800ee746c38330ded65b1706d1 - - - -] Successfully bumped revision number for resource 1eeeba34-d613-4de9-b1c1-7773c351aafd (type: ports) to 1
2026-04-10 15:01:12.979 9 INFO neutron.wsgi [None req-ca5297a1-c0e8-46c8-a2e3-3add636a8af7 6a2a8d4942894062a3236e89ddbff2b5 3ac26f800ee746c38330ded65b1706d1 - - - -] 10.0.0.208 "POST /v2.0/networks HTTP/1.1" status: 201 len: 831 time: 0.6908774
2026-04-10 15:01:13.239 10 INFO neutron.wsgi [None req-e214e94f-e217-4854-86d6-075421ec5f7e e382d57a1dc8476e98df76a84f9e55ef 2cba3e0f0e5b4099934ec10d61cd2668 - - - -] 10.0.0.208 "DELETE /v2.0/security-groups/df484709-3b47-46a2-b820-7942664572f6 HTTP/1.1" status: 204 len: 168 time: 0.2951400
2026-04-10 15:01:13.273 10 WARNING neutron.scheduler.dhcp_agent_scheduler [None req-032d883f-abfa-4677-9bd3-1562b02801a4 6a2a8d4942894062a3236e89ddbff2b5 3ac26f800ee746c38330ded65b1706d1 - - - -] No more DHCP agents
2026-04-10 15:01:13.275 10 WARNING neutron.api.rpc.agentnotifiers.dhcp_rpc_agent_api [None req-032d883f-abfa-4677-9bd3-1562b02801a4 6a2a8d4942894062a3236e89ddbff2b5 3ac26f800ee746c38330ded65b1706d1 - - - -] Unable to schedule network 2ecb5d51-943a-4584-9154-1cfd4b6e8f4d: no agents available; will retry on subsequent port and subnet creation events.
2026-04-10 15:01:13.397 9 INFO neutron.db.ovn_revision_numbers_db [None req-c6c55f24-735a-4a29-91b8-7ec4b1afc9be 80a96d3edcdf4186bce27c29387d2e95 0018d8441b904b429b7b8813058d6d4f - - - -] Successfully bumped revision number for resource 5547d3f0-fc0e-4152-b3d7-5bf4f718c6df (type: security_groups) to 1
2026-04-10 15:01:13.422 9 INFO neutron.wsgi [None req-c6c55f24-735a-4a29-91b8-7ec4b1afc9be 80a96d3edcdf4186bce27c29387d2e95 0018d8441b904b429b7b8813058d6d4f - - - -] 10.0.0.208 "POST /v2.0/security-groups HTTP/1.1" status: 201 len: 1797 time: 0.1198046
2026-04-10 15:01:13.544 9 INFO neutron.db.ovn_revision_numbers_db [None req-226c63e1-08e9-4bf3-8723-80773edff0a5 80a96d3edcdf4186bce27c29387d2e95 0018d8441b904b429b7b8813058d6d4f - - - -] Successfully bumped revision number for resource 755d6c61-bc33-42c7-a7a1-6d7dac85f545 (type: security_group_rules) to 0
2026-04-10 15:01:13.571 9 INFO neutron.wsgi [None req-226c63e1-08e9-4bf3-8723-80773edff0a5 80a96d3edcdf4186bce27c29387d2e95 0018d8441b904b429b7b8813058d6d4f - - - -] 10.0.0.208 "POST /v2.0/security-group-rules HTTP/1.1" status: 201 len: 764 time: 0.1439533
2026-04-10 15:01:13.690 9 INFO neutron.db.ovn_revision_numbers_db [None req-e4c15ade-f94f-48e6-a481-1f7296d81874 80a96d3edcdf4186bce27c29387d2e95 0018d8441b904b429b7b8813058d6d4f - - - -] Successfully bumped revision number for resource ea199fdd-7b63-493d-b027-61b5f545570f (type: security_group_rules) to 0
2026-04-10 15:01:13.709 10 INFO neutron.db.ovn_revision_numbers_db [None req-300cae7f-5b6a-46f9-9370-7e4ed2b55a54 e382d57a1dc8476e98df76a84f9e55ef 2cba3e0f0e5b4099934ec10d61cd2668 - - default default] Successfully bumped revision number for resource 49aa88c2-e4f8-4a39-b575-030c378ba085 (type: security_groups) to 1
